2025-12-12 19:31:33.490 66104 INFO tempest.lib.common.rest_client [req-10263a6e-4a75-45d2-8cfd-617af29b296e req-10263a6e-4a75-45d2-8cfd-617af29b296e ] Request (ListServersNegativeTestJSON:setUpClass): 200 GET http://10.180.1.21/compute/v2.1/servers/3a60b719-9db7-436e-9908-25f6a233c465 5.635s
2025-12-12 19:31:33.693 66101 INFO tempest.lib.common.rest_client [req-0c5f4e35-44ed-4313-a513-1c6c2ec30a73 req-0c5f4e35-44ed-4313-a513-1c6c2ec30a73 ] Request (QuotasSecurityGroupAdminNegativeTest:tearDownClass): 200 GET http://10.180.1.21/networking/v2.0/security-groups?tenant_id=d2b87c04bd394eeaa5b96244f48e2efd&name=default 0.546s
2025-12-12 19:31:34.300 66135 INFO tempest.lib.common.rest_client [req-b2cbd95c-c7ec-42ab-ae3f-1c13d581b51f req-b2cbd95c-c7ec-42ab-ae3f-1c13d581b51f ] Request (ServersTestBootFromVolume:setUpClass): 200 GET http://10.180.1.21/compute/v2.1/servers/5a8d4357-4b44-4a19-b1da-42d188c38adc 6.356s
2025-12-12 19:31:34.439 66101 INFO tempest.lib.common.rest_client [req-15d649d5-16d5-45e1-9bc1-9036b9545d12 req-15d649d5-16d5-45e1-9bc1-9036b9545d12 ] Request (QuotasSecurityGroupAdminNegativeTest:tearDownClass): 204 DELETE http://10.180.1.21/networking/v2.0/security-groups/dcf4026c-1051-4658-8a8f-a21db7e4e456 0.745s
2025-12-12 19:31:34.471 66105 INFO tempest.lib.common.rest_client [req-40c1f485-42a4-46ea-96df-50a706bc6e57 req-40c1f485-42a4-46ea-96df-50a706bc6e57 ] Request (VolumesAdminNegativeTest:setUpClass): 201 POST http://10.180.1.21/networking/v2.0/routers 1.305s
2025-12-12 19:31:34.496 66073 INFO tempest.lib.common.rest_client [req-810392fb-308b-4461-9433-1992680c8b6d req-810392fb-308b-4461-9433-1992680c8b6d ] Request (ServersAdmin275Test:test_rebuild_update_server_275): 200 GET http://10.180.1.21/compute/v2.1/servers/3b933684-ac19-44b0-a49d-6af45501e166 6.538s
2025-12-12 19:31:34.530 66101 INFO tempest.lib.common.rest_client [req-44810f43-bbf9-424a-bf3a-e987976a0cf4 req-44810f43-bbf9-424a-bf3a-e987976a0cf4 ] Request (QuotasSecurityGroupAdminNegativeTest:tearDownClass): 204 DELETE http://10.180.1.21/identity/v3/projects/d2b87c04bd394eeaa5b96244f48e2efd 0.090s
2025-12-12 19:31:34.531 66101 INFO tempest.lib.common.dynamic_creds [-] Deleting project and security group for project: 8fb6b57fd18c45c592ffc416095583b0
2025-12-12 19:31:34.692 66125 INFO tempest.lib.common.rest_client [req-36828e27-b100-49cc-98c2-ad0b25ca6572 req-36828e27-b100-49cc-98c2-ad0b25ca6572 ] Request (ServerGroupTestJSON:test_create_server_with_scheduler_hint_group): 202 POST http://10.180.1.21/compute/v2.1/servers 6.907s
2025-12-12 19:31:35.569 66105 INFO tempest.lib.common.rest_client [req-14c63826-7c2c-430a-84fd-4ce12dd7d9d5 req-14c63826-7c2c-430a-84fd-4ce12dd7d9d5 ] Request (VolumesAdminNegativeTest:setUpClass): 200 PUT http://10.180.1.21/networking/v2.0/routers/1ccd7d8c-4d3f-4747-a6da-c85d7bde5f11/add_router_interface 1.097s
2025-12-12 19:31:35.569 66105 INFO tempest.lib.common.dynamic_creds [-] Created isolated network resources for: credentials: Credentials: {'domain_id': 'default', 'domain_name': 'Default', 'username': 'tempest-VolumesAdminNegativeTest-2004477850-project-member', 'project_domain_id': 'default', 'project_domain_name': 'Default', 'project_id': '33d7ed4a125d4cc2ae93fbe4085f66d7', 'project_name': 'tempest-VolumesAdminNegativeTest-2004477850', 'tenant_id': '33d7ed4a125d4cc2ae93fbe4085f66d7', 'tenant_name': 'tempest-VolumesAdminNegativeTest-2004477850', 'user_domain_id': 'default', 'user_domain_name': 'Default', 'user_id': '3e8b52b61d684e98a02a512f0390c72e', 'system': None}, Network: {'id': 'f9d993c3-5487-4b97-89c3-5f30cdf9c387', 'name': 'tempest-VolumesAdminNegativeTest-133871862-network', 'tenant_id': '33d7ed4a125d4cc2ae93fbe4085f66d7', 'project_id': '33d7ed4a125d4cc2ae93fbe4085f66d7', 'admin_state_up': True, 'mtu': 8950, 'status': 'ACTIVE', 'subnets': [], 'shared': False, 'port_security_enabled': True, 'router:external': False, 'provider:network_type': 'vlan', 'provider:physical_network': 'default', 'provider:segmentation_id': 363, 'availability_zone_hints': [], 'availability_zones': [], 'ipv4_address_scope': None, 'ipv6_address_scope': None, 'description': '', 'tags': [], 'created_at': '2025-12-12T19:31:32Z', 'updated_at': '2025-12-12T19:31:32Z', 'revision_number': 1}, Subnet: {'id': '825c2e67-89fd-4f30-b9bc-1bcacfc08533', 'name': 'tempest-VolumesAdminNegativeTest-133871862-subnet', 'tenant_id': '33d7ed4a125d4cc2ae93fbe4085f66d7', 'network_id': 'f9d993c3-5487-4b97-89c3-5f30cdf9c387', 'ip_version': 4, 'subnetpool_id': None, 'enable_dhcp': True, 'ipv6_ra_mode': None, 'ipv6_address_mode': None, 'gateway_ip': '192.168.128.1', 'cidr': '192.168.128.0/28', 'allocation_pools': [{'start': '192.168.128.2', 'end': '192.168.128.14'}], 'host_routes': [], 'dns_nameservers': [], 'description': '', 'router:external': False, 'service_types': [], 'tags': [], 'created_at': '2025-12-12T19:31:33Z', 'updated_at': '2025-12-12T19:31:33Z', 'revision_number': 0, 'project_id': '33d7ed4a125d4cc2ae93fbe4085f66d7'}, Router: {'id': '1ccd7d8c-4d3f-4747-a6da-c85d7bde5f11', 'name': 'tempest-VolumesAdminNegativeTest-133871862-router', 'tenant_id': '33d7ed4a125d4cc2ae93fbe4085f66d7', 'admin_state_up': True, 'status': 'ACTIVE', 'external_gateway_info': {'network_id': '75540bca-3cc6-4e2c-a8d3-4f7162ec8f23', 'external_fixed_ips': [{'subnet_id': 'd8a813df-3603-4e25-814f-5f5046c615d1', 'ip_address': '10.180.180.168'}], 'enable_snat': True}, 'description': '', 'availability_zones': [], 'distributed': False, 'ha': False, 'availability_zone_hints': [], 'routes': [], 'flavor_id': None, 'tags': [], 'created_at': '2025-12-12T19:31:33Z', 'updated_at': '2025-12-12T19:31:34Z', 'revision_number': 2, 'project_id': '33d7ed4a125d4cc2ae93fbe4085f66d7'}
2025-12-12 19:31:35.658 66105 INFO tempest.lib.common.rest_client [req-18cbe659-7c02-44b3-a404-7ba23327bdfc req-18cbe659-7c02-44b3-a404-7ba23327bdfc ] Request (VolumesAdminNegativeTest:setUpClass): 201 POST http://10.180.1.21/identity/v3/auth/tokens 0.085s
2025-12-12 19:31:35.685 66101 INFO tempest.lib.common.rest_client [req-4b315659-ec77-45aa-b79b-0df01bee2b2d req-4b315659-ec77-45aa-b79b-0df01bee2b2d ] Request (QuotasSecurityGroupAdminNegativeTest:tearDownClass): 200 GET http://10.180.1.21/networking/v2.0/security-groups?tenant_id=8fb6b57fd18c45c592ffc416095583b0&name=default 1.154s
2025-12-12 19:31:35.707 66087 INFO tempest.lib.common.rest_client [req-87d5dba9-ddea-4d8b-b5aa-b5fb9365610a req-87d5dba9-ddea-4d8b-b5aa-b5fb9365610a ] Request (ServerDiagnosticsTest:test_get_server_diagnostics): 200 GET http://10.180.1.21/compute/v2.1/servers/de5cad99-1dbc-4435-98b4-987e24ba8c3c 7.691s
2025-12-12 19:31:35.715 66087 INFO tempest.common.waiters [-] State transition "BUILD/None" ==> "BUILD/networking" after 21 second wait
2025-12-12 19:31:35.733 66105 INFO tempest.lib.common.rest_client [req-2e1394d8-9e19-4daf-867e-816a1077e33a req-2e1394d8-9e19-4daf-867e-816a1077e33a ] Request (VolumesAdminNegativeTest:setUpClass): 201 POST http://10.180.1.21/identity/v3/projects 0.074s
2025-12-12 19:31:35.739 66085 INFO tempest.lib.common.rest_client [req-17c1d0f1-65af-4430-8de5-5a295012c525 req-17c1d0f1-65af-4430-8de5-5a295012c525 ] Request (ServersWithSpecificFlavorTestJSON:test_verify_created_server_ephemeral_disk): 200 GET http://10.180.1.21/compute/v2.1/servers/fd481728-3ef0-4a96-affd-ab2dd3f596bb 7.708s
2025-12-12 19:31:35.837 66105 INFO tempest.lib.common.rest_client [req-68c3429d-6959-40c0-8db4-58105625a379 req-68c3429d-6959-40c0-8db4-58105625a379 ] Request (VolumesAdminNegativeTest:setUpClass): 201 POST http://10.180.1.21/identity/v3/users 0.103s
2025-12-12 19:31:35.863 66105 INFO tempest.lib.common.rest_client [req-b5e86d84-274f-4485-a767-1f9910a74e8a req-b5e86d84-274f-4485-a767-1f9910a74e8a ] Request (VolumesAdminNegativeTest:setUpClass): 200 GET http://10.180.1.21/identity/v3/roles 0.025s
2025-12-12 19:31:35.899 66105 INFO tempest.lib.common.rest_client [req-d0ac7ea2-3d75-4e5f-a1ef-4b3a53f1b155 req-d0ac7ea2-3d75-4e5f-a1ef-4b3a53f1b155 ] Request (VolumesAdminNegativeTest:setUpClass): 204 PUT http://10.180.1.21/identity/v3/projects/28f789e960d343d78c97f40c72195f60/users/54884c5c2c8645ba999e50faed0313da/roles/d0417ab64a064acb8ea16363d89c25ab 0.035s
2025-12-12 19:31:35.902 66101 INFO tempest.lib.common.rest_client [req-b930beb5-2b1c-4b6b-af9b-299c6f247d44 req-b930beb5-2b1c-4b6b-af9b-299c6f247d44 ] Request (QuotasSecurityGroupAdminNegativeTest:tearDownClass): 204 DELETE http://10.180.1.21/networking/v2.0/security-groups/f7c0d974-a83c-4fef-adf4-fede5acdfb32 0.217s
2025-12-12 19:31:35.973 66105 INFO tempest.lib.common.rest_client [req-19deae03-842d-4d93-8cf2-3f21186f5445 req-19deae03-842d-4d93-8cf2-3f21186f5445 ] Request (VolumesAdminNegativeTest:setUpClass): 200 GET http://10.180.1.21/identity/v3/roles 0.074s
2025-12-12 19:31:35.998 66105 INFO tempest.lib.common.rest_client [req-889269d5-b8ac-40bb-9a56-7191cd1e348e req-889269d5-b8ac-40bb-9a56-7191cd1e348e ] Request (VolumesAdminNegativeTest:setUpClass): 204 PUT http://10.180.1.21/identity/v3/projects/28f789e960d343d78c97f40c72195f60/users/54884c5c2c8645ba999e50faed0313da/roles/d0417ab64a064acb8ea16363d89c25ab 0.024s
2025-12-12 19:31:35.999 66105 INFO tempest.lib.common.dynamic_creds [-] Dynamic test user 54884c5c2c8645ba999e50faed0313da is created with scope project and roles: ['admin']
2025-12-12 19:31:35.999 66105 INFO tempest.lib.common.dynamic_creds [-] Acquired dynamic creds: credentials: Credentials: {'domain_id': 'default', 'domain_name': 'Default', 'username': 'tempest-VolumesAdminNegativeTest-959106844-project-admin', 'project_domain_id': 'default', 'project_domain_name': 'Default', 'project_id': '28f789e960d343d78c97f40c72195f60', 'project_name': 'tempest-VolumesAdminNegativeTest-959106844', 'tenant_id': '28f789e960d343d78c97f40c72195f60', 'tenant_name': 'tempest-VolumesAdminNegativeTest-959106844', 'user_domain_id': 'default', 'user_domain_name': 'Default', 'user_id': '54884c5c2c8645ba999e50faed0313da', 'system': None}, Network: None, Subnet: None, Router: None
2025-12-12 19:31:36.009 66117 INFO tempest.lib.common.rest_client [req-f2d53b30-398e-4ed7-8588-1b67558f796d req-f2d53b30-398e-4ed7-8588-1b67558f796d ] Request (TenantUsagesTestJSON:setUpClass): 200 GET http://10.180.1.21/compute/v2.1/servers/7748c23f-9ea9-4172-8ab7-187678272bb3 7.889s
2025-12-12 19:31:36.031 66101 INFO tempest.lib.common.rest_client [req-4d194a35-b55e-4466-ac1f-c999dfaf884e req-4d194a35-b55e-4466-ac1f-c999dfaf884e ] Request (QuotasSecurityGroupAdminNegativeTest:tearDownClass): 204 DELETE http://10.180.1.21/identity/v3/projects/8fb6b57fd18c45c592ffc416095583b0 0.128s
2025-12-12 19:31:36.110 66101 INFO tempest.lib.common.rest_client [req-70ee8c07-248c-4827-adf0-142443e0b766 req-70ee8c07-248c-4827-adf0-142443e0b766 ] Request (AZV2TestJSON:setUpClass): 201 POST http://10.180.1.21/identity/v3/auth/tokens 0.077s
2025-12-12 19:31:36.155 66101 INFO tempest.lib.common.rest_client [req-069dfbeb-e6ca-4128-9966-52303a290bec req-069dfbeb-e6ca-4128-9966-52303a290bec ] Request (AZV2TestJSON:setUpClass): 201 POST http://10.180.1.21/identity/v3/auth/tokens 0.040s
2025-12-12 19:31:36.192 66101 INFO tempest.lib.common.rest_client [req-1c22d145-c576-43c5-9f21-09194d0a71fc req-1c22d145-c576-43c5-9f21-09194d0a71fc ] Request (AZV2TestJSON:setUpClass): 200 GET http://10.180.1.21/identity/v3/domains?name=Default 0.036s
2025-12-12 19:31:36.236 66101 INFO tempest.lib.common.rest_client [req-42360a04-abe5-4ee1-bbfa-97d06a7ce30f req-42360a04-abe5-4ee1-bbfa-97d06a7ce30f ] Request (AZV2TestJSON:setUpClass): 201 POST http://10.180.1.21/identity/v3/projects 0.044s
2025-12-12 19:31:36.307 66101 INFO tempest.lib.common.rest_client [req-1135b97e-cd31-4da9-bee7-7a4650c729cb req-1135b97e-cd31-4da9-bee7-7a4650c729cb ] Request (AZV2TestJSON:setUpClass): 201 POST http://10.180.1.21/identity/v3/users 0.071s
2025-12-12 19:31:36.323 66105 INFO tempest.lib.common.rest_client [req-518808e4-ce6d-4b68-8b71-ea902e190aea req-518808e4-ce6d-4b68-8b71-ea902e190aea ] Request (VolumesAdminNegativeTest:setUpClass): 201 POST http://10.180.1.21/networking/v2.0/networks 0.324s
2025-12-12 19:31:36.327 66101 INFO tempest.lib.common.rest_client [req-11113eb3-09b4-4199-ad63-cccaaf6af3a8 req-11113eb3-09b4-4199-ad63-cccaaf6af3a8 ] Request (AZV2TestJSON:setUpClass): 200 GET http://10.180.1.21/identity/v3/roles 0.019s
2025-12-12 19:31:36.371 66101 INFO tempest.lib.common.rest_client [req-989e8cbd-55b6-47a1-bf1f-ce68426e3e67 req-989e8cbd-55b6-47a1-bf1f-ce68426e3e67 ] Request (AZV2TestJSON:setUpClass): 204 PUT http://10.180.1.21/identity/v3/projects/3bc9243b9d4b427ab443a70a1e6ca40a/users/f79e3b6880da4f6f8e1d1f6eb2bed401/roles/e7e85ae9d7ea4bf3a732f294b69863ce 0.043s
2025-12-12 19:31:36.371 66101 INFO tempest.lib.common.dynamic_creds [-] Dynamic test user f79e3b6880da4f6f8e1d1f6eb2bed401 is created with scope project and roles: ['member']
2025-12-12 19:31:36.372 66101 INFO tempest.lib.common.dynamic_creds [-] Acquired dynamic creds: credentials: Credentials: {'domain_id': 'default', 'domain_name': 'Default', 'username': 'tempest-AZV2TestJSON-2136390159-project-member', 'project_domain_id': 'default', 'project_domain_name': 'Default', 'project_id': '3bc9243b9d4b427ab443a70a1e6ca40a', 'project_name': 'tempest-AZV2TestJSON-2136390159', 'tenant_id': '3bc9243b9d4b427ab443a70a1e6ca40a', 'tenant_name': 'tempest-AZV2TestJSON-2136390159', 'user_domain_id': 'default', 'user_domain_name': 'Default', 'user_id': 'f79e3b6880da4f6f8e1d1f6eb2bed401', 'system': None}, Network: None, Subnet: None, Router: None
2025-12-12 19:31:36.372 66101 INFO tempest.lib.common.dynamic_creds [-] Created isolated network resources for: credentials: Credentials: {'domain_id': 'default', 'domain_name': 'Default', 'username': 'tempest-AZV2TestJSON-2136390159-project-member', 'project_domain_id': 'default', 'project_domain_name': 'Default', 'project_id': '3bc9243b9d4b427ab443a70a1e6ca40a', 'project_name': 'tempest-AZV2TestJSON-2136390159', 'tenant_id': '3bc9243b9d4b427ab443a70a1e6ca40a', 'tenant_name': 'tempest-AZV2TestJSON-2136390159', 'user_domain_id': 'default', 'user_domain_name': 'Default', 'user_id': 'f79e3b6880da4f6f8e1d1f6eb2bed401', 'system': None}, Network: None, Subnet: None, Router: None
2025-12-12 19:31:36.458 66077 INFO tempest.lib.common.rest_client [req-62eec9d9-0625-45e1-a47b-f18c15435a00 req-62eec9d9-0625-45e1-a47b-f18c15435a00 ] Request (ServersAdminNegativeTestJSON:setUpClass): 200 GET http://10.180.1.21/compute/v2.1/servers/ee676e3b-3326-46a3-940d-ebbb8b108991 8.325s
2025-12-12 19:31:36.471 66101 INFO tempest.lib.common.rest_client [req-6c12773a-2df2-450d-b55c-5f663d5125e6 req-6c12773a-2df2-450d-b55c-5f663d5125e6 ] Request (AZV2TestJSON:setUpClass): 201 POST http://10.180.1.21/identity/v3/auth/tokens 0.095s
2025-12-12 19:31:36.478 66077 INFO tempest.common.waiters [-] State transition "BUILD/spawning" ==> "ACTIVE/None" after 25 second wait
2025-12-12 19:31:36.481 66083 INFO tempest.lib.common.rest_client [req-2e623ba7-ea6b-4e74-b5d9-25e0261094ed req-2e623ba7-ea6b-4e74-b5d9-25e0261094ed ] Request (HostsAdminNegativeTestJSON:test_update_nonexistent_host): 404 PUT http://10.180.1.21/compute/v2.1/os-hosts/nonexistent_hostname 8.308s
2025-12-12 19:31:36.484 66123 INFO tempest.lib.common.rest_client [req-ebb0a2da-d516-4664-96f4-1183d841d98f req-ebb0a2da-d516-4664-96f4-1183d841d98f ] Request (SecurityGroupRulesNegativeTestJSON:test_create_security_group_rule_with_invalid_port_range): 200 POST http://10.180.1.21/compute/v2.1/os-security-groups 8.321s
2025-12-12 19:31:36.521 66107 INFO tempest.lib.common.rest_client [req-d676ac18-27a6-422c-8bec-7e4ed637df7a req-d676ac18-27a6-422c-8bec-7e4ed637df7a ] Request (FlavorsAdminTestJSON:_run_cleanups): 202 DELETE http://10.180.1.21/compute/v2.1/flavors/64459b09-8923-41a9-bf6d-e53583a99bd6 8.326s
2025-12-12 19:31:36.616 66083 INFO tempest.lib.common.rest_client [req-ba1f2237-1d32-40fd-b008-81f288e4ac32 req-ba1f2237-1d32-40fd-b008-81f288e4ac32 ] Request (HostsAdminNegativeTestJSON:tearDownClass): 204 DELETE http://10.180.1.21/identity/v3/users/763e9110677e40278629b9d107ea91e1 0.134s
2025-12-12 19:31:36.680 66105 INFO tempest.lib.common.rest_client [req-8ab74805-ccd6-417d-867c-24fb8644bd55 req-8ab74805-ccd6-417d-867c-24fb8644bd55 ] Request (VolumesAdminNegativeTest:setUpClass): 201 POST http://10.180.1.21/networking/v2.0/subnets 0.356s
2025-12-12 19:31:36.774 66083 INFO tempest.lib.common.rest_client [req-08784194-2882-4245-b7cf-f777d671650b req-08784194-2882-4245-b7cf-f777d671650b ] Request (HostsAdminNegativeTestJSON:tearDownClass): 204 DELETE http://10.180.1.21/identity/v3/users/ecb3fc7648904f6bb1f36af5df428960 0.157s
2025-12-12 19:31:36.774 66083 INFO tempest.lib.common.dynamic_creds [-] Deleting project and security group for project: b811b07725cb401585994984240abcb2
2025-12-12 19:31:36.889 66083 INFO tempest.lib.common.rest_client [req-b8757290-2474-402c-8bc5-f32ff70e8f1f req-b8757290-2474-402c-8bc5-f32ff70e8f1f ] Request (HostsAdminNegativeTestJSON:tearDownClass): 201 POST http://10.180.1.21/identity/v3/auth/tokens 0.113s
2025-12-12 19:31:37.205 66131 INFO tempest.lib.common.rest_client [req-4240f7e0-4ab1-4718-b82f-a2d7b6caacae req-4240f7e0-4ab1-4718-b82f-a2d7b6caacae ] Request (ImagesTestJSON:test_create_image_from_stopped_server): 202 POST http://10.180.1.21/compute/v2.1/servers/8e9c27f6-e9fa-4ed0-b6ae-3b5df52d1c44/action 8.822s
2025-12-12 19:31:37.575 66105 INFO tempest.lib.common.rest_client [req-d949d58c-e39c-4373-a187-e471f8dad4e5 req-d949d58c-e39c-4373-a187-e471f8dad4e5 ] Request (VolumesAdminNegativeTest:setUpClass): 201 POST http://10.180.1.21/networking/v2.0/routers 0.894s
2025-12-12 19:31:37.612 66075 INFO tempest.lib.common.rest_client [req-639eeb4d-feec-474d-ae15-f47687ceedb0 req-639eeb4d-feec-474d-ae15-f47687ceedb0 ] Request (MigrationsAdminTest:test_list_migrations_in_flavor_resize_situation): 200 GET http://10.180.1.21/compute/v2.1/servers/0e064341-4e4a-407b-8c26-3eb04b409029 9.276s
2025-12-12 19:31:37.655 66097 INFO tempest.lib.common.rest_client [req-dac9e3df-0ec0-4426-82b5-d71d4c15934b req-dac9e3df-0ec0-4426-82b5-d71d4c15934b ] Request (FlavorsV2TestJSON:test_list_flavors): 200 GET http://10.180.1.21/compute/v2.1/flavors/42 8.590s
2025-12-12 19:31:37.896 66083 INFO tempest.lib.common.rest_client [req-cd859a4d-cc65-442b-b640-1e14ca100158 req-cd859a4d-cc65-442b-b640-1e14ca100158 ] Request (HostsAdminNegativeTestJSON:tearDownClass): 200 GET http://10.180.1.21/networking/v2.0/security-groups?tenant_id=b811b07725cb401585994984240abcb2&name=default 1.006s
2025-12-12 19:31:37.986 66093 INFO tempest.lib.common.rest_client [req-f5dfd9cc-a880-4805-94b8-0f1e55522af9 req-f5dfd9cc-a880-4805-94b8-0f1e55522af9 ] Request (DeleteServersAdminTestJSON:test_admin_delete_servers_of_others): 200 GET http://10.180.1.21/compute/v2.1/servers/bb64fc41-19d7-49dc-a17a-9dd74730130f 8.982s
2025-12-12 19:31:38.348 66133 INFO tempest.lib.common.rest_client [req-85621f43-4afb-4828-b86c-95b03335ecb4 req-85621f43-4afb-4828-b86c-95b03335ecb4 ] Request (ListServerFiltersTestJSON:setUpClass): 200 GET http://10.180.1.21/compute/v2.1/servers/04ffdf80-c54c-4587-9bb4-d520dc440501 8.300s
2025-12-12 19:31:38.356 66133 INFO tempest.common.waiters [-] State transition "BUILD/None" ==> "BUILD/networking" after 23 second wait
2025-12-12 19:31:38.446 66083 INFO tempest.lib.common.rest_client [req-c5020cfe-cf6b-4ba5-8788-3ed25bf10a33 req-c5020cfe-cf6b-4ba5-8788-3ed25bf10a33 ] Request (HostsAdminNegativeTestJSON:tearDownClass): 204 DELETE http://10.180.1.21/networking/v2.0/security-groups/947333e9-8076-4001-9841-774cec0d2b4a 0.549s
2025-12-12 19:31:38.548 66083 INFO tempest.lib.common.rest_client [req-24c6b213-99ba-46a3-bf3e-af87a05538a6 req-24c6b213-99ba-46a3-bf3e-af87a05538a6 ] Request (HostsAdminNegativeTestJSON:tearDownClass): 204 DELETE http://10.180.1.21/identity/v3/projects/b811b07725cb401585994984240abcb2 0.102s
2025-12-12 19:31:38.548 66083 INFO tempest.lib.common.dynamic_creds [-] Deleting project and security group for project: 508b07d0459540a68f56a9425d8d4360
2025-12-12 19:31:38.724 66111 INFO tempest.lib.common.rest_client [req-6243a2e3-8177-4b94-85bd-96e275a2c158 req-6243a2e3-8177-4b94-85bd-96e275a2c158 ] Request (ServerDiagnosticsV248Test:test_get_server_diagnostics): 200 GET http://10.180.1.21/compute/v2.1/servers/4d4dc88b-0d6c-430c-ab4f-c81a56e4657b 8.535s
2025-12-12 19:31:38.737 66111 INFO tempest.common.waiters [-] State transition "BUILD/spawning" ==> "ACTIVE/None" after 26 second wait
2025-12-12 19:31:38.742 66095 INFO tempest.lib.common.rest_client [req-6988b3d4-d373-436d-84c5-19145d39731b req-6988b3d4-d373-436d-84c5-19145d39731b ] Request (HypervisorAdminNegativeUnderV252Test:test_search_nonexistent_hypervisor): 404 GET http://10.180.1.21/compute/v2.1/os-hypervisors/nonexistent_hypervisor_name/search 8.099s
2025-12-12 19:31:38.777 66129 INFO tempest.lib.common.rest_client [req-cedc36ea-d726-439b-b7c9-b6b32b3c1e9e req-cedc36ea-d726-439b-b7c9-b6b32b3c1e9e ] Request (AggregatesAdminNegativeTestJSON:test_aggregate_create_with_existent_aggregate_name): 200 POST http://10.180.1.21/compute/v2.1/os-aggregates 8.120s
2025-12-12 19:31:38.943 66105 INFO tempest.lib.common.rest_client [req-8ed865ec-1e0c-46d0-aa54-8134b8a3be4f req-8ed865ec-1e0c-46d0-aa54-8134b8a3be4f ] Request (VolumesAdminNegativeTest:setUpClass): 200 PUT http://10.180.1.21/networking/v2.0/routers/3281e449-98e9-459e-97e1-99fd614fcc8f/add_router_interface 1.367s
2025-12-12 19:31:38.943 66105 INFO tempest.lib.common.dynamic_creds [-] Created isolated network resources for: credentials: Credentials: {'domain_id': 'default', 'domain_name': 'Default', 'username': 'tempest-VolumesAdminNegativeTest-959106844-project-admin', 'project_domain_id': 'default', 'project_domain_name': 'Default', 'project_id': '28f789e960d343d78c97f40c72195f60', 'project_name': 'tempest-VolumesAdminNegativeTest-959106844', 'tenant_id': '28f789e960d343d78c97f40c72195f60', 'tenant_name': 'tempest-VolumesAdminNegativeTest-959106844', 'user_domain_id': 'default', 'user_domain_name': 'Default', 'user_id': '54884c5c2c8645ba999e50faed0313da', 'system': None}, Network: {'id': 'a92e3133-e4fa-4cb0-a713-291adbb574ca', 'name': 'tempest-VolumesAdminNegativeTest-738464618-network', 'tenant_id': '28f789e960d343d78c97f40c72195f60', 'project_id': '28f789e960d343d78c97f40c72195f60', 'admin_state_up': True, 'mtu': 8950, 'status': 'ACTIVE', 'subnets': [], 'shared': False, 'port_security_enabled': True, 'router:external': False, 'provider:network_type': 'vlan', 'provider:physical_network': 'default', 'provider:segmentation_id': 994, 'availability_zone_hints': [], 'availability_zones': [], 'ipv4_address_scope': None, 'ipv6_address_scope': None, 'description': '', 'tags': [], 'created_at': '2025-12-12T19:31:36Z', 'updated_at': '2025-12-12T19:31:36Z', 'revision_number': 1}, Subnet: {'id': '365817f6-f55f-467d-b7cd-6197f5b90779', 'name': 'tempest-VolumesAdminNegativeTest-738464618-subnet', 'tenant_id': '28f789e960d343d78c97f40c72195f60', 'network_id': 'a92e3133-e4fa-4cb0-a713-291adbb574ca', 'ip_version': 4, 'subnetpool_id': None, 'enable_dhcp': True, 'ipv6_ra_mode': None, 'ipv6_address_mode': None, 'gateway_ip': '192.168.128.1', 'cidr': '192.168.128.0/28', 'allocation_pools': [{'start': '192.168.128.2', 'end': '192.168.128.14'}], 'host_routes': [], 'dns_nameservers': [], 'description': '', 'router:external': False, 'service_types': [], 'tags': [], 'created_at': '2025-12-12T19:31:36Z', 'updated_at': '2025-12-12T19:31:36Z', 'revision_number': 0, 'project_id': '28f789e960d343d78c97f40c72195f60'}, Router: {'id': '3281e449-98e9-459e-97e1-99fd614fcc8f', 'name': 'tempest-VolumesAdminNegativeTest-738464618-router', 'tenant_id': '28f789e960d343d78c97f40c72195f60', 'admin_state_up': True, 'status': 'ACTIVE', 'external_gateway_info': {'network_id': '75540bca-3cc6-4e2c-a8d3-4f7162ec8f23', 'external_fixed_ips': [{'subnet_id': 'd8a813df-3603-4e25-814f-5f5046c615d1', 'ip_address': '10.180.180.164'}], 'enable_snat': True}, 'description': '', 'availability_zones': [], 'distributed': False, 'ha': False, 'availability_zone_hints': [], 'routes': [], 'flavor_id': None, 'tags': [], 'created_at': '2025-12-12T19:31:36Z', 'updated_at': '2025-12-12T19:31:37Z', 'revision_number': 2, 'project_id': '28f789e960d343d78c97f40c72195f60'}
2025-12-12 19:31:38.960 66121 INFO tempest.lib.common.rest_client [req-98b2e870-90bb-426f-819d-3ce2f82f46df req-98b2e870-90bb-426f-819d-3ce2f82f46df ] Request (FlavorsAccessNegativeTestJSON:test_flavor_non_admin_remove): 200 POST http://10.180.1.21/compute/v2.1/flavors/229668928/action 8.279s
2025-12-12 19:31:39.029 66105 INFO tempest.lib.common.rest_client [req-9cd78f47-d056-431f-adf6-a0282a29d245 req-9cd78f47-d056-431f-adf6-a0282a29d245 ] Request (VolumesAdminNegativeTest:setUpClass): 201 POST http://10.180.1.21/identity/v3/auth/tokens 0.083s
2025-12-12 19:31:39.069 66113 INFO tempest.lib.common.rest_client [req-872bedc0-beb4-4161-95b5-c25bcc92a892 req-872bedc0-beb4-4161-95b5-c25bcc92a892 ] Request (QuotasAdminTestV236:test_get_updated_quotas): 200 GET http://10.180.1.21/compute/v2.1/os-quota-sets/44f53c03fa91461a92804b4aa444348a/detail 8.291s
2025-12-12 19:31:39.107 66113 INFO tempest.lib.common.rest_client [req-e40d5b5f-6650-42f5-8c4c-e2755b1a63e2 req-e40d5b5f-6650-42f5-8c4c-e2755b1a63e2 ] Request (QuotasAdminTestV236:test_get_updated_quotas): 200 GET http://10.180.1.21/identity/v3/domains?name=Default 0.028s
2025-12-12 19:31:39.120 66105 INFO tempest.lib.common.rest_client [req-f68261a4-e777-430e-9a28-e6ab5debd1d9 req-f68261a4-e777-430e-9a28-e6ab5debd1d9 ] Request (VolumesAdminNegativeTest:setUpClass): 201 POST http://10.180.1.21/identity/v3/projects 0.090s
2025-12-12 19:31:39.146 66083 INFO tempest.lib.common.rest_client [req-9e2466c0-7047-4715-9ec7-3f7aace970e7 req-9e2466c0-7047-4715-9ec7-3f7aace970e7 ] Request (HostsAdminNegativeTestJSON:tearDownClass): 200 GET http://10.180.1.21/networking/v2.0/security-groups?tenant_id=508b07d0459540a68f56a9425d8d4360&name=default 0.598s
2025-12-12 19:31:39.190 66113 INFO tempest.lib.common.rest_client [req-8c56ec76-c423-4b02-8517-ffd5b8c85908 req-8c56ec76-c423-4b02-8517-ffd5b8c85908 ] Request (QuotasAdminTestV236:test_get_updated_quotas): 201 POST http://10.180.1.21/identity/v3/users 0.082s
2025-12-12 19:31:39.191 66105 INFO tempest.lib.common.rest_client [req-7b935ad4-a072-4262-a98a-a38195545dc9 req-7b935ad4-a072-4262-a98a-a38195545dc9 ] Request (VolumesAdminNegativeTest:setUpClass): 201 POST http://10.180.1.21/identity/v3/users 0.070s
2025-12-12 19:31:39.218 66113 INFO tempest.lib.common.rest_client [req-10145427-0cc3-4baf-a58b-cfe9e7e37921 req-10145427-0cc3-4baf-a58b-cfe9e7e37921 ] Request (QuotasAdminTestV236:test_get_updated_quotas): 200 GET http://10.180.1.21/identity/v3/domains?name=Default 0.027s
2025-12-12 19:31:39.220 66105 INFO tempest.lib.common.rest_client [req-6f304647-093a-4970-94aa-93cc69cee848 req-6f304647-093a-4970-94aa-93cc69cee848 ] Request (VolumesAdminNegativeTest:setUpClass): 200 GET http://10.180.1.21/identity/v3/roles 0.029s
2025-12-12 19:31:39.247 66105 INFO tempest.lib.common.rest_client [req-9037365f-edb8-49e6-89c0-513783a04459 req-9037365f-edb8-49e6-89c0-513783a04459 ] Request (VolumesAdminNegativeTest:setUpClass): 204 PUT http://10.180.1.21/identity/v3/projects/d60eb08f4afc4c94a46a691be9e75c7f/users/71c2717d62d14ad2b838b70a481d988f/roles/d0417ab64a064acb8ea16363d89c25ab 0.026s
2025-12-12 19:31:39.316 66105 INFO tempest.lib.common.rest_client [req-1468f73d-3ad8-4307-b6d0-eff225d9b8b0 req-1468f73d-3ad8-4307-b6d0-eff225d9b8b0 ] Request (VolumesAdminNegativeTest:setUpClass): 200 GET http://10.180.1.21/identity/v3/roles 0.069s
2025-12-12 19:31:39.348 66105 INFO tempest.lib.common.rest_client [req-c63503ce-4422-4ab9-a149-028208474ca5 req-c63503ce-4422-4ab9-a149-028208474ca5 ] Request (VolumesAdminNegativeTest:setUpClass): 204 PUT http://10.180.1.21/identity/v3/projects/d60eb08f4afc4c94a46a691be9e75c7f/users/71c2717d62d14ad2b838b70a481d988f/roles/2fd667524439412791798a8c20685f85 0.030s
2025-12-12 19:31:39.348 66105 INFO tempest.lib.common.dynamic_creds [-] Dynamic test user 71c2717d62d14ad2b838b70a481d988f is created with scope project and roles: ['admin', 'service']
2025-12-12 19:31:39.348 66105 INFO tempest.lib.common.dynamic_creds [-] Acquired dynamic creds: credentials: Credentials: {'domain_id': 'default', 'domain_name': 'Default', 'username': 'tempest-VolumesAdminNegativeTest-1034990966-project', 'project_domain_id': 'default', 'project_domain_name': 'Default', 'project_id': 'd60eb08f4afc4c94a46a691be9e75c7f', 'project_name': 'tempest-VolumesAdminNegativeTest-1034990966', 'tenant_id': 'd60eb08f4afc4c94a46a691be9e75c7f', 'tenant_name': 'tempest-VolumesAdminNegativeTest-1034990966', 'user_domain_id': 'default', 'user_domain_name': 'Default', 'user_id': '71c2717d62d14ad2b838b70a481d988f', 'system': None}, Network: None, Subnet: None, Router: None
2025-12-12 19:31:39.484 66083 INFO tempest.lib.common.rest_client [req-be198ff7-1f21-4f1f-a1eb-ba5aad5ad979 req-be198ff7-1f21-4f1f-a1eb-ba5aad5ad979 ] Request (HostsAdminNegativeTestJSON:tearDownClass): 204 DELETE http://10.180.1.21/networking/v2.0/security-groups/ede282ed-97c4-4fe8-8f73-451773cf22e5 0.337s
2025-12-12 19:31:39.635 66083 INFO tempest.lib.common.rest_client [req-809b0c36-fc5c-4f57-8af3-9274ef3c383c req-809b0c36-fc5c-4f57-8af3-9274ef3c383c ] Request (HostsAdminNegativeTestJSON:tearDownClass): 204 DELETE http://10.180.1.21/identity/v3/projects/508b07d0459540a68f56a9425d8d4360 0.150s
2025-12-12 19:31:39.715 66083 INFO tempest.lib.common.rest_client [req-f0126436-ec2a-4ad3-99f8-f99952048edc req-f0126436-ec2a-4ad3-99f8-f99952048edc ] Request (QuotasAdminTestJSON:setUpClass): 201 POST http://10.180.1.21/identity/v3/auth/tokens 0.078s
2025-12-12 19:31:39.769 66083 INFO tempest.lib.common.rest_client [req-754d6d6b-2749-4733-85a2-81025f3c2bdf req-754d6d6b-2749-4733-85a2-81025f3c2bdf ] Request (QuotasAdminTestJSON:setUpClass): 201 POST http://10.180.1.21/identity/v3/auth/tokens 0.049s
2025-12-12 19:31:39.802 66083 INFO tempest.lib.common.rest_client [req-c51a9261-01da-4467-8aec-bd3a5e6a2c99 req-c51a9261-01da-4467-8aec-bd3a5e6a2c99 ] Request (QuotasAdminTestJSON:setUpClass): 200 GET http://10.180.1.21/identity/v3/domains?name=Default 0.032s
2025-12-12 19:31:39.850 66083 INFO tempest.lib.common.rest_client [req-a02b0c1b-e773-4160-9e6a-57afce3c074d req-a02b0c1b-e773-4160-9e6a-57afce3c074d ] Request (QuotasAdminTestJSON:setUpClass): 201 POST http://10.180.1.21/identity/v3/projects 0.048s
2025-12-12 19:31:39.947 66083 INFO tempest.lib.common.rest_client [req-36911f4b-8786-439a-93a3-dacbaf24943f req-36911f4b-8786-439a-93a3-dacbaf24943f ] Request (QuotasAdminTestJSON:setUpClass): 201 POST http://10.180.1.21/identity/v3/users 0.096s
2025-12-12 19:31:39.970 66083 INFO tempest.lib.common.rest_client [req-65242a3f-15ca-409b-a54c-b9f6f524e720 req-65242a3f-15ca-409b-a54c-b9f6f524e720 ] Request (QuotasAdminTestJSON:setUpClass): 200 GET http://10.180.1.21/identity/v3/roles 0.022s
2025-12-12 19:31:39.970 66099 WARNING tempest.lib.common.ssh [-] Failed to establish authenticated ssh connection to cirros@10.180.180.187 ([Errno None] Unable to connect to port 22 on 10.180.180.187). Number attempts: 3. Retry after 4 seconds.: paramiko.ssh_exception.NoValidConnectionsError: [Errno None] Unable to connect to port 22 on 10.180.180.187
2025-12-12 19:31:40.003 66083 INFO tempest.lib.common.rest_client [req-9c9b02c1-3e11-4bd9-a070-b2e608d3053e req-9c9b02c1-3e11-4bd9-a070-b2e608d3053e ] Request (QuotasAdminTestJSON:setUpClass): 204 PUT http://10.180.1.21/identity/v3/projects/672cee92d3094df9b0224dedcd641a9c/users/79d5130e270643af81859f3f2368a6cc/roles/e7e85ae9d7ea4bf3a732f294b69863ce 0.030s
2025-12-12 19:31:40.004 66083 INFO tempest.lib.common.dynamic_creds [-] Dynamic test user 79d5130e270643af81859f3f2368a6cc is created with scope project and roles: ['member']
2025-12-12 19:31:40.004 66083 INFO tempest.lib.common.dynamic_creds [-] Acquired dynamic creds: credentials: Credentials: {'domain_id': 'default', 'domain_name': 'Default', 'username': 'tempest-QuotasAdminTestJSON-632776176-project-member', 'project_domain_id': 'default', 'project_domain_name': 'Default', 'project_id': '672cee92d3094df9b0224dedcd641a9c', 'project_name': 'tempest-QuotasAdminTestJSON-632776176', 'tenant_id': '672cee92d3094df9b0224dedcd641a9c', 'tenant_name': 'tempest-QuotasAdminTestJSON-632776176', 'user_domain_id': 'default', 'user_domain_name': 'Default', 'user_id': '79d5130e270643af81859f3f2368a6cc', 'system': None}, Network: None, Subnet: None, Router: None
2025-12-12 19:31:40.004 66083 INFO tempest.lib.common.dynamic_creds [-] Created isolated network resources for: credentials: Credentials: {'domain_id': 'default', 'domain_name': 'Default', 'username': 'tempest-QuotasAdminTestJSON-632776176-project-member', 'project_domain_id': 'default', 'project_domain_name': 'Default', 'project_id': '672cee92d3094df9b0224dedcd641a9c', 'project_name': 'tempest-QuotasAdminTestJSON-632776176', 'tenant_id': '672cee92d3094df9b0224dedcd641a9c', 'tenant_name': 'tempest-QuotasAdminTestJSON-632776176', 'user_domain_id': 'default', 'user_domain_name': 'Default', 'user_id': '79d5130e270643af81859f3f2368a6cc', 'system': None}, Network: None, Subnet: None, Router: None
2025-12-12 19:31:40.120 66083 INFO tempest.lib.common.rest_client [req-0f3ca2cb-202a-44f8-a9c1-cc7c0fc04907 req-0f3ca2cb-202a-44f8-a9c1-cc7c0fc04907 ] Request (QuotasAdminTestJSON:setUpClass): 201 POST http://10.180.1.21/identity/v3/auth/tokens 0.111s
2025-12-12 19:31:40.136 66105 INFO tempest.lib.common.rest_client [req-12f8365b-d8c5-48f5-adc7-f87bb5251a87 req-12f8365b-d8c5-48f5-adc7-f87bb5251a87 ] Request (VolumesAdminNegativeTest:setUpClass): 201 POST http://10.180.1.21/networking/v2.0/networks 0.788s
2025-12-12 19:31:40.199 66083 INFO tempest.lib.common.rest_client [req-13e2aaaf-2924-4e70-86a8-721187cb8390 req-13e2aaaf-2924-4e70-86a8-721187cb8390 ] Request (QuotasAdminTestJSON:setUpClass): 201 POST http://10.180.1.21/identity/v3/projects 0.079s
2025-12-12 19:31:40.239 66079 INFO tempest.lib.common.rest_client [req-7781df45-bae6-43f5-b422-bf7bae330512 req-7781df45-bae6-43f5-b422-bf7bae330512 ] Request (VolumesAssistedSnapshotsTest:test_volume_assisted_snapshot_create_delete): 200 GET http://10.180.1.21/compute/v2.1/servers/aa2716a9-2cf8-4e51-800d-1c8f98b2cf05 8.930s
2025-12-12 19:31:40.249 66079 INFO tempest.common.waiters [-] State transition "BUILD/None" ==> "BUILD/spawning" after 27 second wait
2025-12-12 19:31:40.303 66083 INFO tempest.lib.common.rest_client [req-592d7ff9-63fd-4e95-91ff-233918aaaa7a req-592d7ff9-63fd-4e95-91ff-233918aaaa7a ] Request (QuotasAdminTestJSON:setUpClass): 201 POST http://10.180.1.21/identity/v3/users 0.102s
2025-12-12 19:31:40.329 66083 INFO tempest.lib.common.rest_client [req-3b04c847-53ab-4aa1-ae4a-f546b66b41ca req-3b04c847-53ab-4aa1-ae4a-f546b66b41ca ] Request (QuotasAdminTestJSON:setUpClass): 200 GET http://10.180.1.21/identity/v3/roles 0.025s
2025-12-12 19:31:40.369 66083 INFO tempest.lib.common.rest_client [req-57c40ef3-d731-467f-a46a-7142423e272a req-57c40ef3-d731-467f-a46a-7142423e272a ] Request (QuotasAdminTestJSON:setUpClass): 204 PUT http://10.180.1.21/identity/v3/projects/3175c3b07f36497c82231b17129093f7/users/8efbbd6bae1447b0a4956bc633d46e2c/roles/d0417ab64a064acb8ea16363d89c25ab 0.039s
2025-12-12 19:31:40.442 66083 INFO tempest.lib.common.rest_client [req-f868b516-2c19-4771-b4fc-deb6145345cb req-f868b516-2c19-4771-b4fc-deb6145345cb ] Request (QuotasAdminTestJSON:setUpClass): 200 GET http://10.180.1.21/identity/v3/roles 0.072s
2025-12-12 19:31:40.468 66083 INFO tempest.lib.common.rest_client [req-a48bbabb-0922-4ca0-83d9-84c62c68effc req-a48bbabb-0922-4ca0-83d9-84c62c68effc ] Request (QuotasAdminTestJSON:setUpClass): 204 PUT http://10.180.1.21/identity/v3/projects/3175c3b07f36497c82231b17129093f7/users/8efbbd6bae1447b0a4956bc633d46e2c/roles/d0417ab64a064acb8ea16363d89c25ab 0.025s
2025-12-12 19:31:40.468 66083 INFO tempest.lib.common.dynamic_creds [-] Dynamic test user 8efbbd6bae1447b0a4956bc633d46e2c is created with scope project and roles: ['admin']
2025-12-12 19:31:40.469 66083 INFO tempest.lib.common.dynamic_creds [-] Acquired dynamic creds: credentials: Credentials: {'domain_id': 'default', 'domain_name': 'Default', 'username': 'tempest-QuotasAdminTestJSON-1144659613-project-admin', 'project_domain_id': 'default', 'project_domain_name': 'Default', 'project_id': '3175c3b07f36497c82231b17129093f7', 'project_name': 'tempest-QuotasAdminTestJSON-1144659613', 'tenant_id': '3175c3b07f36497c82231b17129093f7', 'tenant_name': 'tempest-QuotasAdminTestJSON-1144659613', 'user_domain_id': 'default', 'user_domain_name': 'Default', 'user_id': '8efbbd6bae1447b0a4956bc633d46e2c', 'system': None}, Network: None, Subnet: None, Router: None
2025-12-12 19:31:40.469 66083 INFO tempest.lib.common.dynamic_creds [-] Created isolated network resources for: credentials: Credentials: {'domain_id': 'default', 'domain_name': 'Default', 'username': 'tempest-QuotasAdminTestJSON-1144659613-project-admin', 'project_domain_id': 'default', 'project_domain_name': 'Default', 'project_id': '3175c3b07f36497c82231b17129093f7', 'project_name': 'tempest-QuotasAdminTestJSON-1144659613', 'tenant_id': '3175c3b07f36497c82231b17129093f7', 'tenant_name': 'tempest-QuotasAdminTestJSON-1144659613', 'user_domain_id': 'default', 'user_domain_name': 'Default', 'user_id': '8efbbd6bae1447b0a4956bc633d46e2c', 'system': None}, Network: None, Subnet: None, Router: None
2025-12-12 19:31:40.540 66105 INFO tempest.lib.common.rest_client [req-5b3b8a15-860b-486d-86cb-180cc65df89a req-5b3b8a15-860b-486d-86cb-180cc65df89a ] Request (VolumesAdminNegativeTest:setUpClass): 201 POST http://10.180.1.21/networking/v2.0/subnets 0.403s
2025-12-12 19:31:40.580 66083 INFO tempest.lib.common.rest_client [req-5fd15fe8-db69-4148-b99d-48b9d59d77b2 req-5fd15fe8-db69-4148-b99d-48b9d59d77b2 ] Request (QuotasAdminTestJSON:setUpClass): 201 POST http://10.180.1.21/identity/v3/auth/tokens 0.105s
2025-12-12 19:31:40.581 66083 WARNING tempest.lib.common.rest_client [-] Deprecated: "tenant_id" property is deprecated for removal, use "project_id" instead
2025-12-12 19:31:40.871 66081 INFO tempest.lib.common.rest_client [req-53f6a802-33ac-4772-875c-a89d06137651 req-53f6a802-33ac-4772-875c-a89d06137651 ] Request (ServersAdminTestJSON:setUpClass): 200 GET http://10.180.1.21/compute/v2.1/servers/274ab469-61a9-4b7e-852c-074c871e3abf 9.469s
2025-12-12 19:31:41.054 66127 INFO tempest.lib.common.rest_client [req-fb0f14b3-fd50-4c8d-a984-877b235dcb32 req-fb0f14b3-fd50-4c8d-a984-877b235dcb32 ] Request (FloatingIPsAssociationTestJSON:setUpClass): 202 POST http://10.180.1.21/compute/v2.1/servers 10.487s
2025-12-12 19:31:41.291 66119 INFO tempest.lib.common.rest_client [req-efa812b8-b008-4879-b549-6ccf454f374f req-efa812b8-b008-4879-b549-6ccf454f374f ] Request (ServersListShow298Test:test_list_show_update_rebuild_server_298): 202 POST http://10.180.1.21/compute/v2.1/servers 8.939s
2025-12-12 19:31:41.389 66137 INFO tempest.lib.common.rest_client [req-099e98fc-fadc-41a3-8cb0-e8317121cbbe req-099e98fc-fadc-41a3-8cb0-e8317121cbbe ] Request (ValidationResourcesFixture:setUp): 200 POST http://10.180.1.21/compute/v2.1/os-keypairs 8.348s
2025-12-12 19:31:41.734 66105 INFO tempest.lib.common.rest_client [req-7150d224-9008-45c2-a4f0-1909e6eb0c98 req-7150d224-9008-45c2-a4f0-1909e6eb0c98 ] Request (VolumesAdminNegativeTest:setUpClass): 201 POST http://10.180.1.21/networking/v2.0/routers 1.193s
2025-12-12 19:31:41.986 66137 INFO tempest.lib.common.rest_client [req-d15f556b-748a-41f7-9bcf-16e4f0805fbe req-d15f556b-748a-41f7-9bcf-16e4f0805fbe ] Request (ValidationResourcesFixture:setUp): 201 POST http://10.180.1.21/networking/v2.0/security-groups 0.595s
2025-12-12 19:31:42.788 66137 INFO tempest.lib.common.rest_client [req-26e059e2-d92a-4718-a71a-4b6d256b66d2 req-26e059e2-d92a-4718-a71a-4b6d256b66d2 ] Request (ValidationResourcesFixture:setUp): 201 POST http://10.180.1.21/networking/v2.0/security-group-rules 0.802s
2025-12-12 19:31:42.833 66091 INFO tempest.lib.common.rest_client [req-45ce8387-4196-436b-bff3-41c87ee0cdd5 req-45ce8387-4196-436b-bff3-41c87ee0cdd5 ] Request (MultipleCreateTestJSON:test_multiple_create): 200 GET http://10.180.1.21/compute/v2.1/servers/21730277-cef6-4bfe-9f67-de71f6f615ff 9.500s
2025-12-12 19:31:42.840 66091 INFO tempest.common.waiters [-] State transition "BUILD/spawning" ==> "ACTIVE/None" after 28 second wait
2025-12-12 19:31:42.900 66105 INFO tempest.lib.common.rest_client [req-b41c2305-4e86-4ddb-94fb-dde7b8b21fcd req-b41c2305-4e86-4ddb-94fb-dde7b8b21fcd ] Request (VolumesAdminNegativeTest:setUpClass): 200 PUT http://10.180.1.21/networking/v2.0/routers/df74667f-5e0e-4981-9743-45d8157a622c/add_router_interface 1.166s
2025-12-12 19:31:42.900 66105 INFO tempest.lib.common.dynamic_creds [-] Created isolated network resources for: credentials: Credentials: {'domain_id': 'default', 'domain_name': 'Default', 'username': 'tempest-VolumesAdminNegativeTest-1034990966-project', 'project_domain_id': 'default', 'project_domain_name': 'Default', 'project_id': 'd60eb08f4afc4c94a46a691be9e75c7f', 'project_name': 'tempest-VolumesAdminNegativeTest-1034990966', 'tenant_id': 'd60eb08f4afc4c94a46a691be9e75c7f', 'tenant_name': 'tempest-VolumesAdminNegativeTest-1034990966', 'user_domain_id': 'default', 'user_domain_name': 'Default', 'user_id': '71c2717d62d14ad2b838b70a481d988f', 'system': None}, Network: {'id': '6df2d78e-84d3-4b77-82f2-16924a71f194', 'name': 'tempest-VolumesAdminNegativeTest-975595685-network', 'tenant_id': 'd60eb08f4afc4c94a46a691be9e75c7f', 'project_id': 'd60eb08f4afc4c94a46a691be9e75c7f', 'admin_state_up': True, 'mtu': 8950, 'status': 'ACTIVE', 'subnets': [], 'shared': False, 'port_security_enabled': True, 'router:external': False, 'provider:network_type': 'vlan', 'provider:physical_network': 'default', 'provider:segmentation_id': 87, 'availability_zone_hints': [], 'availability_zones': [], 'ipv4_address_scope': None, 'ipv6_address_scope': None, 'description': '', 'tags': [], 'created_at': '2025-12-12T19:31:40Z', 'updated_at': '2025-12-12T19:31:40Z', 'revision_number': 1}, Subnet: {'id': '3bea78f2-b2ac-47e9-bbb0-8ea6332f87a0', 'name': 'tempest-VolumesAdminNegativeTest-975595685-subnet', 'tenant_id': 'd60eb08f4afc4c94a46a691be9e75c7f', 'network_id': '6df2d78e-84d3-4b77-82f2-16924a71f194', 'ip_version': 4, 'subnetpool_id': None, 'enable_dhcp': True, 'ipv6_ra_mode': None, 'ipv6_address_mode': None, 'gateway_ip': '192.168.128.1', 'cidr': '192.168.128.0/28', 'allocation_pools': [{'start': '192.168.128.2', 'end': '192.168.128.14'}], 'host_routes': [], 'dns_nameservers': [], 'description': '', 'router:external': False, 'service_types': [], 'tags': [], 'created_at': '2025-12-12T19:31:40Z', 'updated_at': '2025-12-12T19:31:40Z', 'revision_number': 0, 'project_id': 'd60eb08f4afc4c94a46a691be9e75c7f'}, Router: {'id': 'df74667f-5e0e-4981-9743-45d8157a622c', 'name': 'tempest-VolumesAdminNegativeTest-975595685-router', 'tenant_id': 'd60eb08f4afc4c94a46a691be9e75c7f', 'admin_state_up': True, 'status': 'ACTIVE', 'external_gateway_info': {'network_id': '75540bca-3cc6-4e2c-a8d3-4f7162ec8f23', 'external_fixed_ips': [{'subnet_id': 'd8a813df-3603-4e25-814f-5f5046c615d1', 'ip_address': '10.180.180.194'}], 'enable_snat': True}, 'description': '', 'availability_zones': [], 'distributed': False, 'ha': False, 'availability_zone_hints': [], 'routes': [], 'flavor_id': None, 'tags': [], 'created_at': '2025-12-12T19:31:40Z', 'updated_at': '2025-12-12T19:31:41Z', 'revision_number': 2, 'project_id': 'd60eb08f4afc4c94a46a691be9e75c7f'}
2025-12-12 19:31:43.017 66137 INFO tempest.lib.common.rest_client [req-aed06932-8add-40d7-a57e-7bf5a59373ff req-aed06932-8add-40d7-a57e-7bf5a59373ff ] Request (ValidationResourcesFixture:setUp): 201 POST http://10.180.1.21/networking/v2.0/security-group-rules 0.228s
2025-12-12 19:31:43.026 66105 INFO tempest.lib.common.rest_client [req-4a0928c7-8094-41f9-9993-2967e148d353 req-4a0928c7-8094-41f9-9993-2967e148d353 ] Request (VolumesAdminNegativeTest:setUpClass): 201 POST http://10.180.1.21/identity/v3/auth/tokens 0.122s
2025-12-12 19:31:43.066 66104 INFO tempest.lib.common.rest_client [req-69855f82-a98e-4ca9-ae90-47d683e8c2e6 req-69855f82-a98e-4ca9-ae90-47d683e8c2e6 ] Request (ListServersNegativeTestJSON:setUpClass): 200 GET http://10.180.1.21/compute/v2.1/servers/3a60b719-9db7-436e-9908-25f6a233c465 8.564s
2025-12-12 19:31:43.076 66104 INFO tempest.common.waiters [-] State transition "BUILD/scheduling" ==> "BUILD/None" after 23 second wait
2025-12-12 19:31:43.092 66105 INFO tempest.lib.common.rest_client [req-7f7cd443-69c7-4bb4-b260-738da60dd0aa req-7f7cd443-69c7-4bb4-b260-738da60dd0aa ] Request (VolumesAdminNegativeTest:test_update_attached_volume_with_nonexistent_volume_in_uri): 201 POST http://10.180.1.21/identity/v3/auth/tokens 0.060s
2025-12-12 19:31:43.092 66105 INFO tempest.lib.common.fixed_network [-] (VolumesAdminNegativeTest:test_update_attached_volume_with_nonexistent_volume_in_uri) Found network {'id': 'f9d993c3-5487-4b97-89c3-5f30cdf9c387', 'name': 'tempest-VolumesAdminNegativeTest-133871862-network', 'tenant_id': '33d7ed4a125d4cc2ae93fbe4085f66d7', 'project_id': '33d7ed4a125d4cc2ae93fbe4085f66d7', 'admin_state_up': True, 'mtu': 8950, 'status': 'ACTIVE', 'subnets': [], 'shared': False, 'port_security_enabled': True, 'router:external': False, 'provider:network_type': 'vlan', 'provider:physical_network': 'default', 'provider:segmentation_id': 363, 'availability_zone_hints': [], 'availability_zones': [], 'ipv4_address_scope': None, 'ipv6_address_scope': None, 'description': '', 'tags': [], 'created_at': '2025-12-12T19:31:32Z', 'updated_at': '2025-12-12T19:31:32Z', 'revision_number': 1} available for tenant
2025-12-12 19:31:43.269 66125 INFO tempest.lib.common.rest_client [req-b73bf4a6-297e-439f-8752-d72a53ae429c req-b73bf4a6-297e-439f-8752-d72a53ae429c ] Request (ServerGroupTestJSON:test_create_server_with_scheduler_hint_group): 200 GET http://10.180.1.21/compute/v2.1/servers/c2929727-a7ea-4f63-997d-474c29a305fc 8.574s
2025-12-12 19:31:43.383 66135 INFO tempest.lib.common.rest_client [req-39e731ea-7547-45ea-9f41-14f9fa093cb0 req-39e731ea-7547-45ea-9f41-14f9fa093cb0 ] Request (ServersTestBootFromVolume:setUpClass): 200 GET http://10.180.1.21/compute/v2.1/servers/5a8d4357-4b44-4a19-b1da-42d188c38adc 8.072s
2025-12-12 19:31:43.482 66137 INFO tempest.lib.common.rest_client [req-cc3e9840-b8a9-42cf-bfcd-4a1ddeec7529 req-cc3e9840-b8a9-42cf-bfcd-4a1ddeec7529 ] Request (ValidationResourcesFixture:setUp): 201 POST http://10.180.1.21/networking/v2.0/floatingips 0.465s
2025-12-12 19:31:43.515 66073 INFO tempest.lib.common.rest_client [req-4c91aff2-5ce9-4e92-92de-f0737180b94b req-4c91aff2-5ce9-4e92-92de-f0737180b94b ] Request (ServersAdmin275Test:test_rebuild_update_server_275): 200 GET http://10.180.1.21/compute/v2.1/servers/3b933684-ac19-44b0-a49d-6af45501e166 8.002s
2025-12-12 19:31:43.529 66073 INFO tempest.common.waiters [-] State transition "BUILD/scheduling" ==> "BUILD/None" after 20 second wait
2025-12-12 19:31:43.532 66137 INFO tempest.lib.common.rest_client [req-708d6c93-e278-4f54-afb4-4a11e2fe213c req-708d6c93-e278-4f54-afb4-4a11e2fe213c ] Request (AttachInterfacesTestJSON:test_create_list_show_delete_interfaces_by_fixed_ip): 201 POST http://10.180.1.21/identity/v3/auth/tokens 0.046s
2025-12-12 19:31:43.532 66137 INFO tempest.lib.common.fixed_network [-] (AttachInterfacesTestJSON:test_create_list_show_delete_interfaces_by_fixed_ip) Found network {'id': '51a66448-0f72-4266-8868-856b48be839f', 'name': 'tempest-AttachInterfacesTestJSON-155658961-network', 'tenant_id': 'd46ccb00794f458b85da4a93879139ee', 'project_id': 'd46ccb00794f458b85da4a93879139ee', 'admin_state_up': True, 'mtu': 8950, 'status': 'ACTIVE', 'subnets': [], 'shared': False, 'port_security_enabled': True, 'router:external': False, 'provider:network_type': 'vlan', 'provider:physical_network': 'default', 'provider:segmentation_id': 304, 'availability_zone_hints': [], 'availability_zones': [], 'ipv4_address_scope': None, 'ipv6_address_scope': None, 'description': '', 'tags': [], 'created_at': '2025-12-12T19:31:28Z', 'updated_at': '2025-12-12T19:31:28Z', 'revision_number': 1} available for tenant
2025-12-12 19:31:43.623 66101 INFO tempest.lib.common.rest_client [req-5b8d90d9-a85b-48bb-a7a4-bc4972055905 req-5b8d90d9-a85b-48bb-a7a4-bc4972055905 ] Request (AZV2TestJSON:test_get_availability_zone_list_with_non_admin_user): 200 GET http://10.180.1.21/compute/v2.1/os-availability-zone 7.151s
2025-12-12 19:31:43.638 66089 INFO tempest.lib.common.rest_client [req-bb345b26-9f49-4e52-904f-99ccc71299ac req-bb345b26-9f49-4e52-904f-99ccc71299ac ] Request (AttachInterfacesV270Test:test_create_get_list_interfaces): 202 POST http://10.180.1.21/compute/v2.1/servers 11.800s
2025-12-12 19:31:43.676 66123 INFO tempest.lib.common.rest_client [req-2ba25252-135c-4e97-8602-2871043c7ad0 req-2ba25252-135c-4e97-8602-2871043c7ad0 ] Request (SecurityGroupRulesNegativeTestJSON:test_create_security_group_rule_with_invalid_port_range): 400 POST http://10.180.1.21/compute/v2.1/os-security-group-rules 7.189s
2025-12-12 19:31:43.712 66107 INFO tempest.lib.common.rest_client [req-72617064-0e8d-4537-a9f5-ce438236a9d6 req-72617064-0e8d-4537-a9f5-ce438236a9d6 ] Request (FlavorsAdminTestJSON:_run_cleanups): 200 GET http://10.180.1.21/compute/v2.1/flavors/detail 7.191s
2025-12-12 19:31:43.743 66077 INFO tempest.lib.common.rest_client [req-ea15a589-ab0b-4986-95bf-0a70eea715dd req-ea15a589-ab0b-4986-95bf-0a70eea715dd ] Request (ServersAdminNegativeTestJSON:test_migrate_non_existent_server): 404 POST http://10.180.1.21/compute/v2.1/servers/80081520-bb7d-47ec-a98b-aa472ab999ab/action 7.257s
2025-12-12 19:31:43.853 66077 INFO tempest.lib.common.rest_client [req-00bc5776-2635-4640-8531-6b6f1c7eb4c4 req-00bc5776-2635-4640-8531-6b6f1c7eb4c4 ] Request (ServersAdminNegativeTestJSON:test_migrate_server_invalid_state): 201 POST http://10.180.1.21/identity/v3/auth/tokens 0.103s
