2025-12-12 19:31:43.853 66077 INFO tempest.lib.common.fixed_network [-] (ServersAdminNegativeTestJSON:test_migrate_server_invalid_state) Found network None available for tenant
2025-12-12 19:31:43.887 66085 INFO tempest.lib.common.rest_client [req-5cf268fd-04fe-443a-97ca-c46eb9dbfa45 req-5cf268fd-04fe-443a-97ca-c46eb9dbfa45 ] Request (ServersWithSpecificFlavorTestJSON:test_verify_created_server_ephemeral_disk): 200 GET http://10.180.1.21/compute/v2.1/servers/fd481728-3ef0-4a96-affd-ab2dd3f596bb 7.137s
2025-12-12 19:31:43.887 66101 INFO tempest.lib.common.rest_client [req-eaa72e22-528f-42b2-a58a-10c88d971280 req-eaa72e22-528f-42b2-a58a-10c88d971280 ] Request (AZV2TestJSON:tearDownClass): 204 DELETE http://10.180.1.21/identity/v3/users/f79e3b6880da4f6f8e1d1f6eb2bed401 0.262s
2025-12-12 19:31:43.888 66101 INFO tempest.lib.common.dynamic_creds [-] Deleting project and security group for project: 3bc9243b9d4b427ab443a70a1e6ca40a
2025-12-12 19:31:43.902 66087 INFO tempest.lib.common.rest_client [req-12fe9c0c-d670-4e41-981b-43baff8e70af req-12fe9c0c-d670-4e41-981b-43baff8e70af ] Request (ServerDiagnosticsTest:test_get_server_diagnostics): 200 GET http://10.180.1.21/compute/v2.1/servers/de5cad99-1dbc-4435-98b4-987e24ba8c3c 7.185s
2025-12-12 19:31:43.909 66087 INFO tempest.common.waiters [-] State transition "BUILD/networking" ==> "BUILD/spawning" after 29 second wait
2025-12-12 19:31:43.953 66131 INFO tempest.lib.common.rest_client [req-005c1940-e3cd-457b-8879-f8dd61e04652 req-005c1940-e3cd-457b-8879-f8dd61e04652 ] Request (ImagesTestJSON:test_create_image_from_stopped_server): 200 GET http://10.180.1.21/compute/v2.1/images/699731f0-c4b1-40f5-9f6e-780cb60b3ce3 6.746s
2025-12-12 19:31:43.969 66117 INFO tempest.lib.common.rest_client [req-b05eb2b8-b3a5-4e6c-b6a8-9e0589eec432 req-b05eb2b8-b3a5-4e6c-b6a8-9e0589eec432 ] Request (TenantUsagesTestJSON:setUpClass): 200 GET http://10.180.1.21/compute/v2.1/servers/7748c23f-9ea9-4172-8ab7-187678272bb3 6.948s
2025-12-12 19:31:43.971 66097 INFO tempest.lib.common.rest_client [req-93a3d8d8-f1f3-4032-9c22-02ded6c5fe06 req-93a3d8d8-f1f3-4032-9c22-02ded6c5fe06 ] Request (FlavorsV2TestJSON:test_list_flavors_detailed_filter_by_min_disk): 200 GET http://10.180.1.21/compute/v2.1/flavors/42 6.312s
2025-12-12 19:31:43.980 66117 INFO tempest.common.waiters [-] State transition "BUILD/scheduling" ==> "BUILD/None" after 22 second wait
2025-12-12 19:31:43.992 66101 INFO tempest.lib.common.rest_client [req-f1ac1234-d438-43ab-b616-0719deef2184 req-f1ac1234-d438-43ab-b616-0719deef2184 ] Request (AZV2TestJSON:tearDownClass): 201 POST http://10.180.1.21/identity/v3/auth/tokens 0.104s
2025-12-12 19:31:44.111 66075 INFO tempest.lib.common.rest_client [req-3f80fcf4-9bea-4ae9-b3b3-9abc38df67d7 req-3f80fcf4-9bea-4ae9-b3b3-9abc38df67d7 ] Request (MigrationsAdminTest:test_list_migrations_in_flavor_resize_situation): 200 GET http://10.180.1.21/compute/v2.1/servers/0e064341-4e4a-407b-8c26-3eb04b409029 5.488s
2025-12-12 19:31:44.134 66095 INFO tempest.lib.common.rest_client [req-d59c8bb1-eb59-4070-a081-1b234aa9185f req-d59c8bb1-eb59-4070-a081-1b234aa9185f ] Request (HypervisorAdminNegativeUnderV252Test:test_show_servers_with_non_admin_user): 200 GET http://10.180.1.21/compute/v2.1/os-hypervisors 5.391s
2025-12-12 19:31:44.146 66129 INFO tempest.lib.common.rest_client [req-4d89b1d6-59c1-4cfe-9540-640ca0428a3e req-4d89b1d6-59c1-4cfe-9540-640ca0428a3e ] Request (AggregatesAdminNegativeTestJSON:test_aggregate_create_with_existent_aggregate_name): 409 POST http://10.180.1.21/compute/v2.1/os-aggregates 5.367s
2025-12-12 19:31:44.153 66121 INFO tempest.lib.common.rest_client [req-db7dadee-18dc-4f0b-a430-0aaefef44a64 req-db7dadee-18dc-4f0b-a430-0aaefef44a64 ] Request (FlavorsAccessNegativeTestJSON:test_flavor_non_admin_remove): 403 POST http://10.180.1.21/compute/v2.1/flavors/229668928/action 5.191s
2025-12-12 19:31:44.180 66093 INFO tempest.lib.common.rest_client [req-34024940-f523-4a74-94fc-4b683ffa7c0b req-34024940-f523-4a74-94fc-4b683ffa7c0b ] Request (DeleteServersAdminTestJSON:test_admin_delete_servers_of_others): 404 GET http://10.180.1.21/compute/v2.1/servers/bb64fc41-19d7-49dc-a17a-9dd74730130f 5.187s
2025-12-12 19:31:44.237 66101 INFO tempest.lib.common.rest_client [req-bcbcb243-33ef-4404-bb66-d7626dc76a35 req-bcbcb243-33ef-4404-bb66-d7626dc76a35 ] Request (AZV2TestJSON:tearDownClass): 200 GET http://10.180.1.21/networking/v2.0/security-groups?tenant_id=3bc9243b9d4b427ab443a70a1e6ca40a&name=default 0.242s
2025-12-12 19:31:44.283 66093 INFO tempest.lib.common.rest_client [req-9bb82ba4-4bb9-48ab-81e8-ad46110ad598 req-9bb82ba4-4bb9-48ab-81e8-ad46110ad598 ] Request (DeleteServersAdminTestJSON:test_delete_server_while_in_error_state): 201 POST http://10.180.1.21/identity/v3/auth/tokens 0.092s
2025-12-12 19:31:44.283 66093 INFO tempest.lib.common.fixed_network [-] (DeleteServersAdminTestJSON:test_delete_server_while_in_error_state) Found network None available for tenant
2025-12-12 19:31:44.376 66101 INFO tempest.lib.common.rest_client [req-c0d1bd93-55fb-4df5-96b7-18927d0db602 req-c0d1bd93-55fb-4df5-96b7-18927d0db602 ] Request (AZV2TestJSON:tearDownClass): 204 DELETE http://10.180.1.21/networking/v2.0/security-groups/95513a74-dd0a-4237-ac30-844478780cfd 0.139s
2025-12-12 19:31:44.419 66113 INFO tempest.lib.common.rest_client [req-0fe0dada-d0f5-4c2a-b5ec-73eeb5d52842 req-0fe0dada-d0f5-4c2a-b5ec-73eeb5d52842 ] Request (QuotasAdminTestV236:test_get_updated_quotas): 200 PUT http://10.180.1.21/compute/v2.1/os-quota-sets/44f53c03fa91461a92804b4aa444348a?user_id=a4064401b3334a938e2054bb1fdc4500 5.201s
2025-12-12 19:31:44.469 66101 INFO tempest.lib.common.rest_client [req-89b74edf-e4ca-4de1-b395-3aec1c067662 req-89b74edf-e4ca-4de1-b395-3aec1c067662 ] Request (AZV2TestJSON:tearDownClass): 204 DELETE http://10.180.1.21/identity/v3/projects/3bc9243b9d4b427ab443a70a1e6ca40a 0.092s
2025-12-12 19:31:44.477 66099 WARNING tempest.lib.common.ssh [-] Failed to establish authenticated ssh connection to cirros@10.180.180.187 ([Errno None] Unable to connect to port 22 on 10.180.180.187). Number attempts: 4. Retry after 5 seconds.: paramiko.ssh_exception.NoValidConnectionsError: [Errno None] Unable to connect to port 22 on 10.180.180.187
2025-12-12 19:31:44.543 66133 INFO tempest.lib.common.rest_client [req-dce48160-b481-490b-a383-c373d79eb897 req-dce48160-b481-490b-a383-c373d79eb897 ] Request (ListServerFiltersTestJSON:setUpClass): 200 GET http://10.180.1.21/compute/v2.1/servers/04ffdf80-c54c-4587-9bb4-d520dc440501 5.185s
2025-12-12 19:31:44.554 66101 INFO tempest.lib.common.rest_client [req-d2c58c57-cb9f-4b72-ac21-4e137f65417f req-d2c58c57-cb9f-4b72-ac21-4e137f65417f ] Request (ServerActionsTestOtherB:setUpClass): 201 POST http://10.180.1.21/identity/v3/auth/tokens 0.083s
2025-12-12 19:31:44.555 66133 INFO tempest.common.waiters [-] State transition "BUILD/networking" ==> "BUILD/spawning" after 29 second wait
2025-12-12 19:31:44.607 66101 INFO tempest.lib.common.rest_client [req-5fe27826-54a6-47c6-a74b-384aa55057ff req-5fe27826-54a6-47c6-a74b-384aa55057ff ] Request (ServerActionsTestOtherB:setUpClass): 201 POST http://10.180.1.21/identity/v3/auth/tokens 0.051s
2025-12-12 19:31:44.637 66101 INFO tempest.lib.common.rest_client [req-2406dcae-57df-43fe-8a8d-2dc5228410c3 req-2406dcae-57df-43fe-8a8d-2dc5228410c3 ] Request (ServerActionsTestOtherB:setUpClass): 200 GET http://10.180.1.21/identity/v3/domains?name=Default 0.029s
2025-12-12 19:31:44.649 66127 INFO tempest.lib.common.rest_client [req-d32b9396-5aea-4260-8126-835ba078b203 req-d32b9396-5aea-4260-8126-835ba078b203 ] Request (FloatingIPsAssociationTestJSON:setUpClass): 200 GET http://10.180.1.21/compute/v2.1/servers/d7905c4f-1ba3-43b3-b4b3-aebacd2f9cc3 3.593s
2025-12-12 19:31:44.675 66101 INFO tempest.lib.common.rest_client [req-bdb5acc5-e3b5-4c2c-aebb-f9df92b070c1 req-bdb5acc5-e3b5-4c2c-aebb-f9df92b070c1 ] Request (ServerActionsTestOtherB:setUpClass): 201 POST http://10.180.1.21/identity/v3/projects 0.037s
2025-12-12 19:31:44.716 66111 INFO tempest.lib.common.rest_client [req-252fca3b-d488-4d9b-bee5-2db98c37e592 req-252fca3b-d488-4d9b-bee5-2db98c37e592 ] Request (ServerDiagnosticsV248Test:test_get_server_diagnostics): 200 GET http://10.180.1.21/compute/v2.1/servers/4d4dc88b-0d6c-430c-ab4f-c81a56e4657b/diagnostics 5.979s
2025-12-12 19:31:44.747 66101 INFO tempest.lib.common.rest_client [req-12f2f102-d9ac-45e5-b4da-63984c40c5e1 req-12f2f102-d9ac-45e5-b4da-63984c40c5e1 ] Request (ServerActionsTestOtherB:setUpClass): 201 POST http://10.180.1.21/identity/v3/users 0.071s
2025-12-12 19:31:44.769 66079 INFO tempest.lib.common.rest_client [req-3633a39c-10c3-4da1-9be2-01d3346f9d11 req-3633a39c-10c3-4da1-9be2-01d3346f9d11 ] Request (VolumesAssistedSnapshotsTest:test_volume_assisted_snapshot_create_delete): 200 GET http://10.180.1.21/compute/v2.1/servers/aa2716a9-2cf8-4e51-800d-1c8f98b2cf05 3.518s
2025-12-12 19:31:44.781 66101 INFO tempest.lib.common.rest_client [req-9072f8dc-957a-4532-bd9c-c0e9fdfd1e90 req-9072f8dc-957a-4532-bd9c-c0e9fdfd1e90 ] Request (ServerActionsTestOtherB:setUpClass): 200 GET http://10.180.1.21/identity/v3/roles 0.033s
2025-12-12 19:31:44.826 66119 INFO tempest.lib.common.rest_client [req-df58ec99-fcc9-4b86-a415-d2b065d839fb req-df58ec99-fcc9-4b86-a415-d2b065d839fb ] Request (ServersListShow298Test:test_list_show_update_rebuild_server_298): 200 GET http://10.180.1.21/compute/v2.1/servers/ddd36db0-28ad-4582-994b-7eef8b08ed46 3.532s
2025-12-12 19:31:44.831 66101 INFO tempest.lib.common.rest_client [req-6aa2be7e-4983-4a5d-81e5-70334d66779b req-6aa2be7e-4983-4a5d-81e5-70334d66779b ] Request (ServerActionsTestOtherB:setUpClass): 204 PUT http://10.180.1.21/identity/v3/projects/4eece77569624f90bf64e5c51974173f/users/b251fcbd04044fcda192bc3febac1a90/roles/e7e85ae9d7ea4bf3a732f294b69863ce 0.049s
2025-12-12 19:31:44.832 66101 INFO tempest.lib.common.dynamic_creds [-] Dynamic test user b251fcbd04044fcda192bc3febac1a90 is created with scope project and roles: ['member']
2025-12-12 19:31:44.832 66101 INFO tempest.lib.common.dynamic_creds [-] Acquired dynamic creds: credentials: Credentials: {'domain_id': 'default', 'domain_name': 'Default', 'username': 'tempest-ServerActionsTestOtherB-491183096-project-member', 'project_domain_id': 'default', 'project_domain_name': 'Default', 'project_id': '4eece77569624f90bf64e5c51974173f', 'project_name': 'tempest-ServerActionsTestOtherB-491183096', 'tenant_id': '4eece77569624f90bf64e5c51974173f', 'tenant_name': 'tempest-ServerActionsTestOtherB-491183096', 'user_domain_id': 'default', 'user_domain_name': 'Default', 'user_id': 'b251fcbd04044fcda192bc3febac1a90', 'system': None}, Network: None, Subnet: None, Router: None
2025-12-12 19:31:44.844 66081 INFO tempest.lib.common.rest_client [req-7e8e317e-0b5f-4cef-9b55-5340c977cd36 req-7e8e317e-0b5f-4cef-9b55-5340c977cd36 ] Request (ServersAdminTestJSON:setUpClass): 200 GET http://10.180.1.21/compute/v2.1/servers/274ab469-61a9-4b7e-852c-074c871e3abf 2.963s
2025-12-12 19:31:44.924 66101 INFO tempest.lib.common.rest_client [req-cb55a187-c985-495f-bdc4-59c095e0de9a req-cb55a187-c985-495f-bdc4-59c095e0de9a ] Request (ServerActionsTestOtherB:setUpClass): 201 POST http://10.180.1.21/identity/v3/auth/tokens 0.091s
2025-12-12 19:31:44.987 66091 INFO tempest.lib.common.rest_client [req-96153b0c-2e21-4cb3-8f9e-e74c9b626eef req-96153b0c-2e21-4cb3-8f9e-e74c9b626eef ] Request (MultipleCreateTestJSON:test_multiple_create): 200 GET http://10.180.1.21/compute/v2.1/servers/8493ba52-b950-4727-970a-19b1797b2ca1 2.146s
2025-12-12 19:31:45.244 66101 INFO tempest.lib.common.rest_client [req-8c188c6a-abb8-419a-8c08-e77c1cbf6d1d req-8c188c6a-abb8-419a-8c08-e77c1cbf6d1d ] Request (ServerActionsTestOtherB:setUpClass): 201 POST http://10.180.1.21/networking/v2.0/networks 0.320s
2025-12-12 19:31:45.756 66101 INFO tempest.lib.common.rest_client [req-5bfe190b-9342-4efd-a97d-3220968b285a req-5bfe190b-9342-4efd-a97d-3220968b285a ] Request (ServerActionsTestOtherB:setUpClass): 201 POST http://10.180.1.21/networking/v2.0/subnets 0.512s
2025-12-12 19:31:45.914 66105 INFO tempest.lib.common.rest_client [req-e9359f40-01a5-4a39-b7b9-47a0a48e2ede req-e9359f40-01a5-4a39-b7b9-47a0a48e2ede ] Request (VolumesAdminNegativeTest:test_update_attached_volume_with_nonexistent_volume_in_uri): 202 POST http://10.180.1.21/compute/v2.1/servers 2.821s
2025-12-12 19:31:45.997 66089 INFO tempest.lib.common.rest_client [req-448be7ca-5e00-4f36-983d-312af27c7f62 req-448be7ca-5e00-4f36-983d-312af27c7f62 ] Request (AttachInterfacesV270Test:test_create_get_list_interfaces): 200 GET http://10.180.1.21/compute/v2.1/servers/c977257e-dce0-4ecc-b42b-0f6ebab38797 2.356s
2025-12-12 19:31:45.998 66137 INFO tempest.lib.common.rest_client [req-60511481-93fa-4f8b-817d-01a577f85a26 req-60511481-93fa-4f8b-817d-01a577f85a26 ] Request (AttachInterfacesTestJSON:test_create_list_show_delete_interfaces_by_fixed_ip): 202 POST http://10.180.1.21/compute/v2.1/servers 2.465s
2025-12-12 19:31:46.018 66107 INFO tempest.lib.common.rest_client [req-1a777cba-2bf0-48ba-98e4-377f291b43ed req-1a777cba-2bf0-48ba-98e4-377f291b43ed ] Request (FlavorsAdminTestJSON:test_create_list_flavor_without_extra_data): 200 POST http://10.180.1.21/compute/v2.1/flavors 2.296s
2025-12-12 19:31:46.248 66123 INFO tempest.lib.common.rest_client [req-86392205-7454-4036-b379-09f2b9b905ee req-86392205-7454-4036-b379-09f2b9b905ee ] Request (SecurityGroupRulesNegativeTestJSON:test_create_security_group_rule_with_invalid_to_port): 200 POST http://10.180.1.21/compute/v2.1/os-security-groups 2.569s
2025-12-12 19:31:46.285 66097 INFO tempest.lib.common.rest_client [req-f6c294de-a763-4d83-966b-3eb45ee4f96c req-f6c294de-a763-4d83-966b-3eb45ee4f96c ] Request (FlavorsV2TestJSON:test_list_flavors_detailed_filter_by_min_disk): 200 GET http://10.180.1.21/compute/v2.1/flavors/detail?minDisk=2 2.312s
2025-12-12 19:31:46.788 66101 INFO tempest.lib.common.rest_client [req-006a96f5-d87a-4e44-b557-22f1c6f28827 req-006a96f5-d87a-4e44-b557-22f1c6f28827 ] Request (ServerActionsTestOtherB:setUpClass): 201 POST http://10.180.1.21/networking/v2.0/routers 1.031s
2025-12-12 19:31:46.815 66104 INFO tempest.lib.common.rest_client [req-f8ba2bab-2c66-4d3b-8bb3-e97510c54aed req-f8ba2bab-2c66-4d3b-8bb3-e97510c54aed ] Request (ListServersNegativeTestJSON:setUpClass): 200 GET http://10.180.1.21/compute/v2.1/servers/3a60b719-9db7-436e-9908-25f6a233c465 2.738s
2025-12-12 19:31:46.821 66095 INFO tempest.lib.common.rest_client [req-50375bc9-56b5-4a21-94b5-d6c7099cc458 req-50375bc9-56b5-4a21-94b5-d6c7099cc458 ] Request (HypervisorAdminNegativeUnderV252Test:test_show_servers_with_non_admin_user): 403 GET http://10.180.1.21/compute/v2.1/os-hypervisors/1/servers 2.685s
2025-12-12 19:31:46.844 66129 INFO tempest.lib.common.rest_client [req-9720e91a-61cd-4daa-a0bd-317186ea0ec8 req-9720e91a-61cd-4daa-a0bd-317186ea0ec8 ] Request (AggregatesAdminNegativeTestJSON:_run_cleanups): 200 DELETE http://10.180.1.21/compute/v2.1/os-aggregates/4 2.696s
2025-12-12 19:31:47.006 66121 INFO tempest.lib.common.rest_client [req-9ee7bea0-67f1-43c1-a856-57352a6c126e req-9ee7bea0-67f1-43c1-a856-57352a6c126e ] Request (FlavorsAccessNegativeTestJSON:_run_cleanups): 200 POST http://10.180.1.21/compute/v2.1/flavors/229668928/action 2.852s
2025-12-12 19:31:47.263 66125 INFO tempest.lib.common.rest_client [req-3558931e-cfd2-4b3a-a7c9-4c58f11fc794 req-3558931e-cfd2-4b3a-a7c9-4c58f11fc794 ] Request (ServerGroupTestJSON:test_create_server_with_scheduler_hint_group): 200 GET http://10.180.1.21/compute/v2.1/servers/c2929727-a7ea-4f63-997d-474c29a305fc 2.982s
2025-12-12 19:31:47.396 66077 INFO tempest.lib.common.rest_client [req-f3878371-4599-418c-a420-84e54e420a24 req-f3878371-4599-418c-a420-84e54e420a24 ] Request (ServersAdminNegativeTestJSON:test_migrate_server_invalid_state): 202 POST http://10.180.1.21/compute/v2.1/servers 3.542s
2025-12-12 19:31:47.649 66135 INFO tempest.lib.common.rest_client [req-440c92e4-3179-4963-9baf-6deca4df89f0 req-440c92e4-3179-4963-9baf-6deca4df89f0 ] Request (ServersTestBootFromVolume:setUpClass): 200 GET http://10.180.1.21/compute/v2.1/servers/5a8d4357-4b44-4a19-b1da-42d188c38adc 3.257s
2025-12-12 19:31:47.797 66113 INFO tempest.lib.common.rest_client [req-49a9545e-2a03-47b5-9525-4fa9fdee8405 req-49a9545e-2a03-47b5-9525-4fa9fdee8405 ] Request (QuotasAdminTestV236:test_get_updated_quotas): 200 GET http://10.180.1.21/compute/v2.1/os-quota-sets/44f53c03fa91461a92804b4aa444348a?user_id=a4064401b3334a938e2054bb1fdc4500 3.376s
2025-12-12 19:31:47.894 66101 INFO tempest.lib.common.rest_client [req-c48e2e0a-76bd-498d-a886-c54ff929f8bc req-c48e2e0a-76bd-498d-a886-c54ff929f8bc ] Request (ServerActionsTestOtherB:setUpClass): 200 PUT http://10.180.1.21/networking/v2.0/routers/13ed8fd1-1ac5-4eef-9d6b-53385c04e695/add_router_interface 1.105s
2025-12-12 19:31:47.894 66101 INFO tempest.lib.common.dynamic_creds [-] Created isolated network resources for: credentials: Credentials: {'domain_id': 'default', 'domain_name': 'Default', 'username': 'tempest-ServerActionsTestOtherB-491183096-project-member', 'project_domain_id': 'default', 'project_domain_name': 'Default', 'project_id': '4eece77569624f90bf64e5c51974173f', 'project_name': 'tempest-ServerActionsTestOtherB-491183096', 'tenant_id': '4eece77569624f90bf64e5c51974173f', 'tenant_name': 'tempest-ServerActionsTestOtherB-491183096', 'user_domain_id': 'default', 'user_domain_name': 'Default', 'user_id': 'b251fcbd04044fcda192bc3febac1a90', 'system': None}, Network: {'id': '0d0f561d-ac41-4ef5-9926-c707409799f7', 'name': 'tempest-ServerActionsTestOtherB-1134321217-network', 'tenant_id': '4eece77569624f90bf64e5c51974173f', 'project_id': '4eece77569624f90bf64e5c51974173f', 'admin_state_up': True, 'mtu': 8950, 'status': 'ACTIVE', 'subnets': [], 'shared': False, 'port_security_enabled': True, 'router:external': False, 'provider:network_type': 'vlan', 'provider:physical_network': 'default', 'provider:segmentation_id': 215, 'availability_zone_hints': [], 'availability_zones': [], 'ipv4_address_scope': None, 'ipv6_address_scope': None, 'description': '', 'tags': [], 'created_at': '2025-12-12T19:31:45Z', 'updated_at': '2025-12-12T19:31:45Z', 'revision_number': 1}, Subnet: {'id': 'e94f691a-841f-46ff-80a9-5ed0e70b47fe', 'name': 'tempest-ServerActionsTestOtherB-1134321217-subnet', 'tenant_id': '4eece77569624f90bf64e5c51974173f', 'network_id': '0d0f561d-ac41-4ef5-9926-c707409799f7', 'ip_version': 4, 'subnetpool_id': None, 'enable_dhcp': True, 'ipv6_ra_mode': None, 'ipv6_address_mode': None, 'gateway_ip': '192.168.128.1', 'cidr': '192.168.128.0/28', 'allocation_pools': [{'start': '192.168.128.2', 'end': '192.168.128.14'}], 'host_routes': [], 'dns_nameservers': [], 'description': '', 'router:external': False, 'service_types': [], 'tags': [], 'created_at': '2025-12-12T19:31:45Z', 'updated_at': '2025-12-12T19:31:45Z', 'revision_number': 0, 'project_id': '4eece77569624f90bf64e5c51974173f'}, Router: {'id': '13ed8fd1-1ac5-4eef-9d6b-53385c04e695', 'name': 'tempest-ServerActionsTestOtherB-1134321217-router', 'tenant_id': '4eece77569624f90bf64e5c51974173f', 'admin_state_up': True, 'status': 'ACTIVE', 'external_gateway_info': {'network_id': '75540bca-3cc6-4e2c-a8d3-4f7162ec8f23', 'external_fixed_ips': [{'subnet_id': 'd8a813df-3603-4e25-814f-5f5046c615d1', 'ip_address': '10.180.180.203'}], 'enable_snat': True}, 'description': '', 'availability_zones': [], 'distributed': False, 'ha': False, 'availability_zone_hints': [], 'routes': [], 'flavor_id': None, 'tags': [], 'created_at': '2025-12-12T19:31:45Z', 'updated_at': '2025-12-12T19:31:46Z', 'revision_number': 2, 'project_id': '4eece77569624f90bf64e5c51974173f'}
2025-12-12 19:31:47.930 66113 INFO tempest.lib.common.rest_client [req-38752b2b-cf2b-4e48-8801-5b4f0679e68a req-38752b2b-cf2b-4e48-8801-5b4f0679e68a ] Request (QuotasAdminTestV236:_run_cleanups): 204 DELETE http://10.180.1.21/identity/v3/users/a4064401b3334a938e2054bb1fdc4500 0.131s
2025-12-12 19:31:47.996 66101 INFO tempest.lib.common.rest_client [req-d838ddc3-fa0e-413b-9110-4e560b8b2cc7 req-d838ddc3-fa0e-413b-9110-4e560b8b2cc7 ] Request (ServerActionsTestOtherB:setUpClass): 201 POST http://10.180.1.21/identity/v3/auth/tokens 0.096s
2025-12-12 19:31:48.040 66073 INFO tempest.lib.common.rest_client [req-dd271a99-7fbf-4a24-8035-95cc29fe398c req-dd271a99-7fbf-4a24-8035-95cc29fe398c ] Request (ServersAdmin275Test:test_rebuild_update_server_275): 200 GET http://10.180.1.21/compute/v2.1/servers/3b933684-ac19-44b0-a49d-6af45501e166 3.510s
2025-12-12 19:31:48.059 66113 INFO tempest.lib.common.rest_client [req-e25fb55f-6554-47a4-b6e2-3aca104f01c7 req-e25fb55f-6554-47a4-b6e2-3aca104f01c7 ] Request (QuotasAdminTestV236:_run_cleanups): 204 DELETE http://10.180.1.21/identity/v3/projects/44f53c03fa91461a92804b4aa444348a 0.129s
2025-12-12 19:31:48.132 66083 INFO tempest.lib.common.rest_client [req-39cf92f9-65e2-4fea-8048-d843e9b46bc9 req-39cf92f9-65e2-4fea-8048-d843e9b46bc9 ] Request (QuotasAdminTestJSON:test_delete_quota): 200 GET http://10.180.1.21/identity/v3/domains?name=Default 0.068s
2025-12-12 19:31:48.166 66083 INFO tempest.lib.common.rest_client [req-5cb88fc2-7ae5-4af4-a015-8f05707d1b12 req-5cb88fc2-7ae5-4af4-a015-8f05707d1b12 ] Request (QuotasAdminTestJSON:test_delete_quota): 201 POST http://10.180.1.21/identity/v3/projects 0.033s
2025-12-12 19:31:48.194 66113 INFO tempest.lib.common.rest_client [req-76c91c97-d2db-4f09-b501-70d631e69ef7 req-76c91c97-d2db-4f09-b501-70d631e69ef7 ] Request (QuotasAdminTestV236:tearDownClass): 204 DELETE http://10.180.1.21/identity/v3/users/17b33147df104f23b6e8645261b1f991 0.132s
2025-12-12 19:31:48.256 66083 INFO tempest.lib.common.rest_client [req-1c2048df-93f3-4cff-a131-b8c04dae94d8 req-1c2048df-93f3-4cff-a131-b8c04dae94d8 ] Request (QuotasAdminTestJSON:test_delete_quota): 200 GET http://10.180.1.21/identity/v3/domains?name=Default 0.089s
2025-12-12 19:31:48.291 66113 INFO tempest.lib.common.rest_client [req-798ffc89-66d0-4877-b046-34154cc6fb3d req-798ffc89-66d0-4877-b046-34154cc6fb3d ] Request (QuotasAdminTestV236:tearDownClass): 204 DELETE http://10.180.1.21/identity/v3/users/9223793b8fc94722960b50efd62ca4d7 0.097s
2025-12-12 19:31:48.291 66113 INFO tempest.lib.common.dynamic_creds [-] Deleting project and security group for project: bec5aff6ff4d49219d3bebf9025c50bd
2025-12-12 19:31:48.357 66113 INFO tempest.lib.common.rest_client [req-122b0ab5-f1e3-43dc-a2c7-ace18ab00893 req-122b0ab5-f1e3-43dc-a2c7-ace18ab00893 ] Request (QuotasAdminTestV236:tearDownClass): 201 POST http://10.180.1.21/identity/v3/auth/tokens 0.065s
2025-12-12 19:31:48.469 66085 INFO tempest.lib.common.rest_client [req-26af399f-c578-44c4-8511-c4049ee8e2b0 req-26af399f-c578-44c4-8511-c4049ee8e2b0 ] Request (ServersWithSpecificFlavorTestJSON:test_verify_created_server_ephemeral_disk): 200 GET http://10.180.1.21/compute/v2.1/servers/fd481728-3ef0-4a96-affd-ab2dd3f596bb 3.572s
2025-12-12 19:31:48.662 66093 INFO tempest.lib.common.rest_client [req-5dd7a34f-2002-4a12-9099-b0b630d2774d req-5dd7a34f-2002-4a12-9099-b0b630d2774d ] Request (DeleteServersAdminTestJSON:test_delete_server_while_in_error_state): 202 POST http://10.180.1.21/compute/v2.1/servers 4.376s
2025-12-12 19:31:48.708 66131 INFO tempest.lib.common.rest_client [req-607e5d8e-1974-488e-b666-3b2767d9a9dd req-607e5d8e-1974-488e-b666-3b2767d9a9dd ] Request (ImagesTestJSON:test_create_image_from_stopped_server): 200 GET http://10.180.1.21/compute/v2.1/images/699731f0-c4b1-40f5-9f6e-780cb60b3ce3 3.751s
2025-12-12 19:31:48.727 66113 INFO tempest.lib.common.rest_client [req-08c6c5ed-bfd0-44ae-a11b-5b2aac98289c req-08c6c5ed-bfd0-44ae-a11b-5b2aac98289c ] Request (QuotasAdminTestV236:tearDownClass): 200 GET http://10.180.1.21/networking/v2.0/security-groups?tenant_id=bec5aff6ff4d49219d3bebf9025c50bd&name=default 0.370s
2025-12-12 19:31:48.997 66113 INFO tempest.lib.common.rest_client [req-4db8e454-5f0a-4420-8b8b-4b926afa3214 req-4db8e454-5f0a-4420-8b8b-4b926afa3214 ] Request (QuotasAdminTestV236:tearDownClass): 204 DELETE http://10.180.1.21/networking/v2.0/security-groups/b334153c-9a51-4d5f-bed6-588e3e488569 0.269s
2025-12-12 19:31:49.026 66117 INFO tempest.lib.common.rest_client [req-bb293759-ce8b-41e6-8560-fc37d5b91030 req-bb293759-ce8b-41e6-8560-fc37d5b91030 ] Request (TenantUsagesTestJSON:setUpClass): 200 GET http://10.180.1.21/compute/v2.1/servers/7748c23f-9ea9-4172-8ab7-187678272bb3 4.044s
2025-12-12 19:31:49.055 66087 INFO tempest.lib.common.rest_client [req-a0e5e829-afc6-48bd-b81d-e3bd630102b6 req-a0e5e829-afc6-48bd-b81d-e3bd630102b6 ] Request (ServerDiagnosticsTest:test_get_server_diagnostics): 200 GET http://10.180.1.21/compute/v2.1/servers/de5cad99-1dbc-4435-98b4-987e24ba8c3c 4.145s
2025-12-12 19:31:49.096 66113 INFO tempest.lib.common.rest_client [req-cd7b8b23-4482-42d7-85a0-3990f8503e64 req-cd7b8b23-4482-42d7-85a0-3990f8503e64 ] Request (QuotasAdminTestV236:tearDownClass): 204 DELETE http://10.180.1.21/identity/v3/projects/bec5aff6ff4d49219d3bebf9025c50bd 0.098s
2025-12-12 19:31:49.096 66113 INFO tempest.lib.common.dynamic_creds [-] Deleting project and security group for project: 9428e9aa17984bc5abdd635b7304c4c8
2025-12-12 19:31:49.171 66091 INFO tempest.lib.common.rest_client [req-4b216162-e1e7-4270-8d1f-482978b0681a req-4b216162-e1e7-4270-8d1f-482978b0681a ] Request (MultipleCreateTestJSON:_run_cleanups): 204 DELETE http://10.180.1.21/compute/v2.1/servers/8493ba52-b950-4727-970a-19b1797b2ca1 4.176s
2025-12-12 19:31:49.202 66113 INFO tempest.lib.common.rest_client [req-d4916f08-f72b-4ff8-997f-2cb5cd345c60 req-d4916f08-f72b-4ff8-997f-2cb5cd345c60 ] Request (QuotasAdminTestV236:tearDownClass): 200 GET http://10.180.1.21/networking/v2.0/security-groups?tenant_id=9428e9aa17984bc5abdd635b7304c4c8&name=default 0.106s
2025-12-12 19:31:49.360 66113 INFO tempest.lib.common.rest_client [req-f7836e38-481d-4626-b5d7-9603b55eb5b0 req-f7836e38-481d-4626-b5d7-9603b55eb5b0 ] Request (QuotasAdminTestV236:tearDownClass): 204 DELETE http://10.180.1.21/networking/v2.0/security-groups/1ec39c1e-dc34-459b-9715-ef98873c8c08 0.157s
2025-12-12 19:31:49.361 66075 INFO tempest.lib.common.rest_client [req-716114fd-4484-4e3c-911c-584afd4c355d req-716114fd-4484-4e3c-911c-584afd4c355d ] Request (MigrationsAdminTest:test_list_migrations_in_flavor_resize_situation): 200 GET http://10.180.1.21/compute/v2.1/servers/0e064341-4e4a-407b-8c26-3eb04b409029 4.240s
2025-12-12 19:31:49.368 66075 INFO tempest.common.waiters [-] State transition "RESIZE/resize_prep" ==> "RESIZE/resize_migrating" after 25 second wait
2025-12-12 19:31:49.383 66133 INFO tempest.lib.common.rest_client [req-f7ec4c94-1717-47b5-ab55-f5d1223bded6 req-f7ec4c94-1717-47b5-ab55-f5d1223bded6 ] Request (ListServerFiltersTestJSON:setUpClass): 200 GET http://10.180.1.21/compute/v2.1/servers/04ffdf80-c54c-4587-9bb4-d520dc440501 3.827s
2025-12-12 19:31:49.420 66127 INFO tempest.lib.common.rest_client [req-7d61818b-e7d4-461a-b177-e4d33166c23e req-7d61818b-e7d4-461a-b177-e4d33166c23e ] Request (FloatingIPsAssociationTestJSON:setUpClass): 200 GET http://10.180.1.21/compute/v2.1/servers/d7905c4f-1ba3-43b3-b4b3-aebacd2f9cc3 3.762s
2025-12-12 19:31:49.490 66113 INFO tempest.lib.common.rest_client [req-620d5023-44f6-4920-ac64-0e461b519055 req-620d5023-44f6-4920-ac64-0e461b519055 ] Request (QuotasAdminTestV236:tearDownClass): 204 DELETE http://10.180.1.21/identity/v3/projects/9428e9aa17984bc5abdd635b7304c4c8 0.130s
2025-12-12 19:31:49.501 66119 INFO tempest.lib.common.rest_client [req-8bb73e01-2f72-4314-94cb-cb0d3ec14958 req-8bb73e01-2f72-4314-94cb-cb0d3ec14958 ] Request (ServersListShow298Test:test_list_show_update_rebuild_server_298): 200 GET http://10.180.1.21/compute/v2.1/servers/ddd36db0-28ad-4582-994b-7eef8b08ed46 3.657s
2025-12-12 19:31:49.514 66079 INFO tempest.lib.common.rest_client [req-d4e55bd3-0c18-4188-a604-bf325b093d4a req-d4e55bd3-0c18-4188-a604-bf325b093d4a ] Request (VolumesAssistedSnapshotsTest:test_volume_assisted_snapshot_create_delete): 200 GET http://10.180.1.21/compute/v2.1/servers/aa2716a9-2cf8-4e51-800d-1c8f98b2cf05 3.732s
2025-12-12 19:31:49.524 66079 INFO tempest.common.waiters [-] State transition "BUILD/spawning" ==> "ACTIVE/None" after 36 second wait
2025-12-12 19:31:49.559 66113 INFO tempest.lib.common.rest_client [req-75a094e6-0a16-4488-9458-e431329aaa40 req-75a094e6-0a16-4488-9458-e431329aaa40 ] Request (SecurityGroupsNegativeTestJSON:setUpClass): 201 POST http://10.180.1.21/identity/v3/auth/tokens 0.067s
2025-12-12 19:31:49.588 66081 INFO tempest.lib.common.rest_client [req-80a4973a-cae9-4ea6-be62-e2b6ecadf94f req-80a4973a-cae9-4ea6-be62-e2b6ecadf94f ] Request (ServersAdminTestJSON:setUpClass): 200 GET http://10.180.1.21/compute/v2.1/servers/274ab469-61a9-4b7e-852c-074c871e3abf 3.730s
2025-12-12 19:31:49.602 66081 INFO tempest.common.waiters [-] State transition "BUILD/scheduling" ==> "BUILD/None" after 26 second wait
2025-12-12 19:31:49.606 66105 INFO tempest.lib.common.rest_client [req-5fe0fe23-935e-4ad9-99e8-4ecbb35280bb req-5fe0fe23-935e-4ad9-99e8-4ecbb35280bb ] Request (VolumesAdminNegativeTest:test_update_attached_volume_with_nonexistent_volume_in_uri): 200 GET http://10.180.1.21/compute/v2.1/servers/30b17a17-229c-4ca7-9ae6-c67ccdcd3963 3.689s
2025-12-12 19:31:49.612 66113 INFO tempest.lib.common.rest_client [req-1670f8b5-0c2c-465d-b9e8-0fa7bb6d1cd6 req-1670f8b5-0c2c-465d-b9e8-0fa7bb6d1cd6 ] Request (SecurityGroupsNegativeTestJSON:setUpClass): 201 POST http://10.180.1.21/identity/v3/auth/tokens 0.049s
2025-12-12 19:31:49.653 66113 INFO tempest.lib.common.rest_client [req-f9d00b47-4210-44d0-8c41-e4c66ff6ab65 req-f9d00b47-4210-44d0-8c41-e4c66ff6ab65 ] Request (SecurityGroupsNegativeTestJSON:setUpClass): 200 GET http://10.180.1.21/identity/v3/domains?name=Default 0.039s
2025-12-12 19:31:49.663 66107 INFO tempest.lib.common.rest_client [req-54c18b8f-47b0-4625-9408-63cbee451740 req-54c18b8f-47b0-4625-9408-63cbee451740 ] Request (FlavorsAdminTestJSON:test_create_list_flavor_without_extra_data): 200 GET http://10.180.1.21/compute/v2.1/flavors/816555696 3.642s
2025-12-12 19:31:49.681 66137 INFO tempest.lib.common.rest_client [req-8b3fac08-74e5-46e5-8474-ced776036f84 req-8b3fac08-74e5-46e5-8474-ced776036f84 ] Request (AttachInterfacesTestJSON:test_create_list_show_delete_interfaces_by_fixed_ip): 200 GET http://10.180.1.21/compute/v2.1/servers/49bcab1f-7b64-4999-abff-37771c58a271 3.679s
2025-12-12 19:31:49.691 66113 INFO tempest.lib.common.rest_client [req-b7ed407e-ac90-4264-a547-884ef69ef028 req-b7ed407e-ac90-4264-a547-884ef69ef028 ] Request (SecurityGroupsNegativeTestJSON:setUpClass): 201 POST http://10.180.1.21/identity/v3/projects 0.038s
2025-12-12 19:31:49.694 66097 INFO tempest.lib.common.rest_client [req-d7f769bc-ce80-480b-aa11-482e42b937ea req-d7f769bc-ce80-480b-aa11-482e42b937ea ] Request (FlavorsV2TestJSON:test_list_flavors_detailed_filter_by_min_ram): 200 GET http://10.180.1.21/compute/v2.1/flavors/42 3.402s
2025-12-12 19:31:49.704 66123 INFO tempest.lib.common.rest_client [req-cdbd7bde-5ba7-4405-9a84-87bd47824e8e req-cdbd7bde-5ba7-4405-9a84-87bd47824e8e ] Request (SecurityGroupRulesNegativeTestJSON:test_create_security_group_rule_with_invalid_to_port): 400 POST http://10.180.1.21/compute/v2.1/os-security-group-rules 3.451s
2025-12-12 19:31:49.715 66095 INFO tempest.lib.common.rest_client [req-c84020b1-0ba3-40fc-b6cf-c77c4dbad333 req-c84020b1-0ba3-40fc-b6cf-c77c4dbad333 ] Request (HypervisorAdminNegativeUnderV252Test:test_show_servers_with_nonexistent_hypervisor): 404 GET http://10.180.1.21/compute/v2.1/os-hypervisors/0db068a5-f166-45c5-a3d6-37be7948a700/servers 2.892s
2025-12-12 19:31:49.737 66121 INFO tempest.lib.common.rest_client [req-2db7815a-18d2-4218-ba57-b7553573130d req-2db7815a-18d2-4218-ba57-b7553573130d ] Request (FlavorsAccessNegativeTestJSON:_run_cleanups): 202 DELETE http://10.180.1.21/compute/v2.1/flavors/229668928 2.730s
2025-12-12 19:31:49.741 66129 INFO tempest.lib.common.rest_client [req-e2eecdea-fbea-4f04-86a6-6ebe1abe6ff6 req-e2eecdea-fbea-4f04-86a6-6ebe1abe6ff6 ] Request (AggregatesAdminNegativeTestJSON:test_aggregate_delete_as_user): 200 POST http://10.180.1.21/compute/v2.1/os-aggregates 2.896s
2025-12-12 19:31:49.795 66113 INFO tempest.lib.common.rest_client [req-64c3522d-d62b-40b4-8e89-4e2cddfe2618 req-64c3522d-d62b-40b4-8e89-4e2cddfe2618 ] Request (SecurityGroupsNegativeTestJSON:setUpClass): 201 POST http://10.180.1.21/identity/v3/users 0.104s
2025-12-12 19:31:49.829 66113 INFO tempest.lib.common.rest_client [req-762405ce-829e-48ec-9c09-aa59c2d6b146 req-762405ce-829e-48ec-9c09-aa59c2d6b146 ] Request (SecurityGroupsNegativeTestJSON:setUpClass): 200 GET http://10.180.1.21/identity/v3/roles 0.033s
2025-12-12 19:31:49.844 66089 INFO tempest.lib.common.rest_client [req-b48f44f0-19ae-4794-8215-00598805f511 req-b48f44f0-19ae-4794-8215-00598805f511 ] Request (AttachInterfacesV270Test:test_create_get_list_interfaces): 200 GET http://10.180.1.21/compute/v2.1/servers/c977257e-dce0-4ecc-b42b-0f6ebab38797 2.831s
2025-12-12 19:31:49.874 66077 INFO tempest.lib.common.rest_client [req-ae79abd6-0c73-4c2b-b844-68701d3e5393 req-ae79abd6-0c73-4c2b-b844-68701d3e5393 ] Request (ServersAdminNegativeTestJSON:test_migrate_server_invalid_state): 200 GET http://10.180.1.21/compute/v2.1/servers/423af936-a383-4652-8887-9c8b8f507909 2.476s
2025-12-12 19:31:49.876 66113 INFO tempest.lib.common.rest_client [req-59bf6f61-192b-43f6-afba-a5de33fdca5a req-59bf6f61-192b-43f6-afba-a5de33fdca5a ] Request (SecurityGroupsNegativeTestJSON:setUpClass): 204 PUT http://10.180.1.21/identity/v3/projects/b3d0eefc01f94794a09257c28c516d9a/users/55999ccb640044bda09c9400b5c8f27b/roles/e7e85ae9d7ea4bf3a732f294b69863ce 0.047s
2025-12-12 19:31:49.877 66113 INFO tempest.lib.common.dynamic_creds [-] Dynamic test user 55999ccb640044bda09c9400b5c8f27b is created with scope project and roles: ['member']
2025-12-12 19:31:49.877 66113 INFO tempest.lib.common.dynamic_creds [-] Acquired dynamic creds: credentials: Credentials: {'domain_id': 'default', 'domain_name': 'Default', 'username': 'tempest-SecurityGroupsNegativeTestJSON-1450488552-project-member', 'project_domain_id': 'default', 'project_domain_name': 'Default', 'project_id': 'b3d0eefc01f94794a09257c28c516d9a', 'project_name': 'tempest-SecurityGroupsNegativeTestJSON-1450488552', 'tenant_id': 'b3d0eefc01f94794a09257c28c516d9a', 'tenant_name': 'tempest-SecurityGroupsNegativeTestJSON-1450488552', 'user_domain_id': 'default', 'user_domain_name': 'Default', 'user_id': '55999ccb640044bda09c9400b5c8f27b', 'system': None}, Network: None, Subnet: None, Router: None
2025-12-12 19:31:49.905 66095 INFO tempest.lib.common.rest_client [req-dd0560c1-39d0-4c9f-be00-8f22fd738917 req-dd0560c1-39d0-4c9f-be00-8f22fd738917 ] Request (HypervisorAdminNegativeUnderV252Test:tearDownClass): 204 DELETE http://10.180.1.21/identity/v3/users/5236cb0419674e019b2532750207281c 0.189s
2025-12-12 19:31:49.976 66113 INFO tempest.lib.common.rest_client [req-d607e8c2-fa49-4e43-a4d8-decfa31d1aec req-d607e8c2-fa49-4e43-a4d8-decfa31d1aec ] Request (SecurityGroupsNegativeTestJSON:setUpClass): 201 POST http://10.180.1.21/identity/v3/auth/tokens 0.098s
2025-12-12 19:31:49.986 66099 WARNING tempest.lib.common.ssh [-] Failed to establish authenticated ssh connection to cirros@10.180.180.187 ([Errno None] Unable to connect to port 22 on 10.180.180.187). Number attempts: 5. Retry after 6 seconds.: paramiko.ssh_exception.NoValidConnectionsError: [Errno None] Unable to connect to port 22 on 10.180.180.187
2025-12-12 19:31:50.014 66104 INFO tempest.lib.common.rest_client [req-3595c44b-b6b5-4da4-a9b7-e38fd1e6cf94 req-3595c44b-b6b5-4da4-a9b7-e38fd1e6cf94 ] Request (ListServersNegativeTestJSON:setUpClass): 200 GET http://10.180.1.21/compute/v2.1/servers/3a60b719-9db7-436e-9908-25f6a233c465 2.185s
2025-12-12 19:31:50.022 66104 INFO tempest.common.waiters [-] State transition "BUILD/None" ==> "BUILD/spawning" after 30 second wait
2025-12-12 19:31:50.053 66095 INFO tempest.lib.common.rest_client [req-94ed1a84-b30f-4988-ab13-1599df615064 req-94ed1a84-b30f-4988-ab13-1599df615064 ] Request (HypervisorAdminNegativeUnderV252Test:tearDownClass): 204 DELETE http://10.180.1.21/identity/v3/users/31cdb12ad7e7416594a226e1765aa41e 0.147s
2025-12-12 19:31:50.053 66095 INFO tempest.lib.common.dynamic_creds [-] Deleting project and security group for project: 23f2db3a0add4a86a6ffed8643801140
2025-12-12 19:31:50.119 66101 INFO tempest.lib.common.rest_client [req-25b7624d-6258-4900-ba17-5b0b99e34d9f req-25b7624d-6258-4900-ba17-5b0b99e34d9f ] Request (ServerActionsTestOtherB:setUpClass): 200 POST http://10.180.1.21/compute/v2.1/os-keypairs 2.122s
2025-12-12 19:31:50.267 66095 INFO tempest.lib.common.rest_client [req-f3ffa62a-393a-498c-a1eb-0a1a7de7e425 req-f3ffa62a-393a-498c-a1eb-0a1a7de7e425 ] Request (HypervisorAdminNegativeUnderV252Test:tearDownClass): 201 POST http://10.180.1.21/identity/v3/auth/tokens 0.213s
2025-12-12 19:31:50.313 66083 INFO tempest.lib.common.rest_client [req-55633c56-00d6-4a19-8340-f631eb0301c6 req-55633c56-00d6-4a19-8340-f631eb0301c6 ] Request (QuotasAdminTestJSON:test_delete_quota): 200 GET http://10.180.1.21/compute/v2.1/os-quota-sets/e029f8b51cc7453a8aa760e55aa77857 2.057s
2025-12-12 19:31:50.569 66113 INFO tempest.lib.common.rest_client [req-7641a91a-3317-4965-aac6-914e086add2a req-7641a91a-3317-4965-aac6-914e086add2a ] Request (SecurityGroupsNegativeTestJSON:setUpClass): 201 POST http://10.180.1.21/networking/v2.0/networks 0.592s
2025-12-12 19:31:50.699 66101 INFO tempest.lib.common.rest_client [req-7487397b-f4ab-477e-8036-f46c295ba235 req-7487397b-f4ab-477e-8036-f46c295ba235 ] Request (ServerActionsTestOtherB:setUpClass): 201 POST http://10.180.1.21/networking/v2.0/security-groups 0.578s
2025-12-12 19:31:50.749 66125 INFO tempest.lib.common.rest_client [req-4e48951e-346b-411d-b478-a14016e03c43 req-4e48951e-346b-411d-b478-a14016e03c43 ] Request (ServerGroupTestJSON:test_create_server_with_scheduler_hint_group): 200 GET http://10.180.1.21/compute/v2.1/servers/c2929727-a7ea-4f63-997d-474c29a305fc 2.477s
2025-12-12 19:31:50.961 66095 INFO tempest.lib.common.rest_client [req-3b1d935c-6f67-4bd3-82fb-478d7e87ce4b req-3b1d935c-6f67-4bd3-82fb-478d7e87ce4b ] Request (HypervisorAdminNegativeUnderV252Test:tearDownClass): 200 GET http://10.180.1.21/networking/v2.0/security-groups?tenant_id=23f2db3a0add4a86a6ffed8643801140&name=default 0.693s
2025-12-12 19:31:51.012 66135 INFO tempest.lib.common.rest_client [req-e5ea43f4-3237-442a-ba0c-1bbcf90c1b05 req-e5ea43f4-3237-442a-ba0c-1bbcf90c1b05 ] Request (ServersTestBootFromVolume:setUpClass): 200 GET http://10.180.1.21/compute/v2.1/servers/5a8d4357-4b44-4a19-b1da-42d188c38adc 2.354s
2025-12-12 19:31:51.210 66113 INFO tempest.lib.common.rest_client [req-b158c9ad-edee-4c55-aa69-46c28d67a814 req-b158c9ad-edee-4c55-aa69-46c28d67a814 ] Request (SecurityGroupsNegativeTestJSON:setUpClass): 201 POST http://10.180.1.21/networking/v2.0/subnets 0.640s
2025-12-12 19:31:51.374 66101 INFO tempest.lib.common.rest_client [req-1e956326-ab5e-492d-8de0-46db0ffb3422 req-1e956326-ab5e-492d-8de0-46db0ffb3422 ] Request (ServerActionsTestOtherB:setUpClass): 201 POST http://10.180.1.21/networking/v2.0/security-group-rules 0.674s
2025-12-12 19:31:51.471 66093 INFO tempest.lib.common.rest_client [req-09e154e9-eff9-4464-800f-4e02e710e2a2 req-09e154e9-eff9-4464-800f-4e02e710e2a2 ] Request (DeleteServersAdminTestJSON:test_delete_server_while_in_error_state): 200 GET http://10.180.1.21/compute/v2.1/servers/815f056b-2d88-40dd-9ef7-a891ec8d92cf 2.806s
2025-12-12 19:31:51.540 66095 INFO tempest.lib.common.rest_client [req-8b5392f8-9a86-4b47-b558-88677824bbb3 req-8b5392f8-9a86-4b47-b558-88677824bbb3 ] Request (HypervisorAdminNegativeUnderV252Test:tearDownClass): 204 DELETE http://10.180.1.21/networking/v2.0/security-groups/e19e50c4-409b-4eb6-bc9c-c6bb0ea07232 0.579s
2025-12-12 19:31:51.563 66091 INFO tempest.lib.common.rest_client [req-64ef4520-b00a-42b8-937b-fbfc7c9b2298 req-64ef4520-b00a-42b8-937b-fbfc7c9b2298 ] Request (MultipleCreateTestJSON:_run_cleanups): 204 DELETE http://10.180.1.21/compute/v2.1/servers/21730277-cef6-4bfe-9f67-de71f6f615ff 2.391s
2025-12-12 19:31:51.586 66073 INFO tempest.lib.common.rest_client [req-3cfa6038-abdb-45e8-8729-92f768a171b4 req-3cfa6038-abdb-45e8-8729-92f768a171b4 ] Request (ServersAdmin275Test:test_rebuild_update_server_275): 200 GET http://10.180.1.21/compute/v2.1/servers/3b933684-ac19-44b0-a49d-6af45501e166 2.533s
2025-12-12 19:31:51.638 66095 INFO tempest.lib.common.rest_client [req-3c31a491-660f-4daf-b1bf-3a47e27cc5ca req-3c31a491-660f-4daf-b1bf-3a47e27cc5ca ] Request (HypervisorAdminNegativeUnderV252Test:tearDownClass): 204 DELETE http://10.180.1.21/identity/v3/projects/23f2db3a0add4a86a6ffed8643801140 0.097s
2025-12-12 19:31:51.638 66095 INFO tempest.lib.common.dynamic_creds [-] Deleting project and security group for project: 855ed087261d425592f4afc5f0b8b9ee
2025-12-12 19:31:51.852 66101 INFO tempest.lib.common.rest_client [req-08bd5890-4659-45d0-8317-7ebdb8a56383 req-08bd5890-4659-45d0-8317-7ebdb8a56383 ] Request (ServerActionsTestOtherB:setUpClass): 201 POST http://10.180.1.21/networking/v2.0/security-group-rules 0.477s
2025-12-12 19:31:51.929 66085 INFO tempest.lib.common.rest_client [req-515e0963-ba2e-44a8-baf3-fab9c334a2db req-515e0963-ba2e-44a8-baf3-fab9c334a2db ] Request (ServersWithSpecificFlavorTestJSON:test_verify_created_server_ephemeral_disk): 200 GET http://10.180.1.21/compute/v2.1/servers/fd481728-3ef0-4a96-affd-ab2dd3f596bb 2.449s
2025-12-12 19:31:51.937 66085 INFO tempest.common.waiters [-] State transition "BUILD/scheduling" ==> "BUILD/None" after 28 second wait
2025-12-12 19:31:51.958 66079 INFO tempest.lib.common.rest_client [req-22cdbbf1-3fd6-4b21-b2c5-05c24d485730 req-22cdbbf1-3fd6-4b21-b2c5-05c24d485730 ] Request (VolumesAssistedSnapshotsTest:test_volume_assisted_snapshot_create_delete): 200 GET http://10.180.1.21/compute/v2.1/servers/aa2716a9-2cf8-4e51-800d-1c8f98b2cf05/os-interface 2.434s
2025-12-12 19:31:51.987 66097 INFO tempest.lib.common.rest_client [req-24915213-e141-4a72-8a11-f200a7093df6 req-24915213-e141-4a72-8a11-f200a7093df6 ] Request (FlavorsV2TestJSON:test_list_flavors_detailed_filter_by_min_ram): 200 GET http://10.180.1.21/compute/v2.1/flavors/detail?minRam=193 2.291s
2025-12-12 19:31:52.060 66095 INFO tempest.lib.common.rest_client [req-02fa98fd-ee7f-43af-b71c-c290ab431f86 req-02fa98fd-ee7f-43af-b71c-c290ab431f86 ] Request (HypervisorAdminNegativeUnderV252Test:tearDownClass): 200 GET http://10.180.1.21/networking/v2.0/security-groups?tenant_id=855ed087261d425592f4afc5f0b8b9ee&name=default 0.422s
2025-12-12 19:31:52.077 66107 INFO tempest.lib.common.rest_client [req-8c405642-7b82-47eb-8038-5de445d934f7 req-8c405642-7b82-47eb-8038-5de445d934f7 ] Request (FlavorsAdminTestJSON:test_create_list_flavor_without_extra_data): 200 GET http://10.180.1.21/compute/v2.1/flavors/detail 2.411s
2025-12-12 19:31:52.121 66131 INFO tempest.lib.common.rest_client [req-02066a67-e917-427f-8685-b97b16d16f2c req-02066a67-e917-427f-8685-b97b16d16f2c ] Request (ImagesTestJSON:test_create_image_from_stopped_server): 200 GET http://10.180.1.21/compute/v2.1/images/699731f0-c4b1-40f5-9f6e-780cb60b3ce3 2.403s
2025-12-12 19:31:52.142 66121 INFO tempest.lib.common.rest_client [req-f792047d-e86a-4fe5-8b2f-cfa609867499 req-f792047d-e86a-4fe5-8b2f-cfa609867499 ] Request (FlavorsAccessNegativeTestJSON:_run_cleanups): 200 GET http://10.180.1.21/compute/v2.1/flavors/detail 2.404s
2025-12-12 19:31:52.148 66129 INFO tempest.lib.common.rest_client [req-493823a2-a4f3-4b5c-9a22-9a3f314c5fa7 req-493823a2-a4f3-4b5c-9a22-9a3f314c5fa7 ] Request (AggregatesAdminNegativeTestJSON:test_aggregate_delete_as_user): 403 DELETE http://10.180.1.21/compute/v2.1/os-aggregates/5 2.405s
2025-12-12 19:31:52.364 66113 INFO tempest.lib.common.rest_client [req-935759d3-3403-4064-8e86-5515d3b42b8e req-935759d3-3403-4064-8e86-5515d3b42b8e ] Request (SecurityGroupsNegativeTestJSON:setUpClass): 201 POST http://10.180.1.21/networking/v2.0/routers 1.154s
2025-12-12 19:31:52.670 66101 INFO tempest.lib.common.rest_client [req-21a59997-d387-4dd4-8abb-1486d04ee593 req-21a59997-d387-4dd4-8abb-1486d04ee593 ] Request (ServerActionsTestOtherB:setUpClass): 201 POST http://10.180.1.21/networking/v2.0/floatingips 0.818s
2025-12-12 19:31:52.688 66123 INFO tempest.lib.common.rest_client [req-4f8805d8-1c5e-4e7e-bf6c-ff35c290ae01 req-4f8805d8-1c5e-4e7e-bf6c-ff35c290ae01 ] Request (SecurityGroupRulesNegativeTestJSON:test_create_security_group_rule_with_non_existent_id): 404 POST http://10.180.1.21/compute/v2.1/os-security-group-rules 2.982s
2025-12-12 19:31:52.771 66101 INFO tempest.lib.common.rest_client [req-b901a3b5-3aae-406c-b603-8c5535cba61b req-b901a3b5-3aae-406c-b603-8c5535cba61b ] Request (ServerActionsTestOtherB:setUpClass): 201 POST http://10.180.1.21/identity/v3/auth/tokens 0.095s
2025-12-12 19:31:52.771 66101 INFO tempest.lib.common.fixed_network [-] (ServerActionsTestOtherB:setUpClass) Found network {'id': '0d0f561d-ac41-4ef5-9926-c707409799f7', 'name': 'tempest-ServerActionsTestOtherB-1134321217-network', 'tenant_id': '4eece77569624f90bf64e5c51974173f', 'project_id': '4eece77569624f90bf64e5c51974173f', 'admin_state_up': True, 'mtu': 8950, 'status': 'ACTIVE', 'subnets': [], 'shared': False, 'port_security_enabled': True, 'router:external': False, 'provider:network_type': 'vlan', 'provider:physical_network': 'default', 'provider:segmentation_id': 215, 'availability_zone_hints': [], 'availability_zones': [], 'ipv4_address_scope': None, 'ipv6_address_scope': None, 'description': '', 'tags': [], 'created_at': '2025-12-12T19:31:45Z', 'updated_at': '2025-12-12T19:31:45Z', 'revision_number': 1} available for tenant
2025-12-12 19:31:52.842 66095 INFO tempest.lib.common.rest_client [req-1569ec2c-e652-49ae-94b8-4cd7c272ca21 req-1569ec2c-e652-49ae-94b8-4cd7c272ca21 ] Request (HypervisorAdminNegativeUnderV252Test:tearDownClass): 204 DELETE http://10.180.1.21/networking/v2.0/security-groups/fe3fb1c5-4496-4e56-8578-296584881c88 0.781s
2025-12-12 19:31:52.877 66117 INFO tempest.lib.common.rest_client [req-acc1c942-1e42-444a-b562-b6e5a5771bc8 req-acc1c942-1e42-444a-b562-b6e5a5771bc8 ] Request (TenantUsagesTestJSON:setUpClass): 200 GET http://10.180.1.21/compute/v2.1/servers/7748c23f-9ea9-4172-8ab7-187678272bb3 2.841s
2025-12-12 19:31:53.006 66095 INFO tempest.lib.common.rest_client [req-6fb36675-5574-4cbc-87c0-de5261030bf4 req-6fb36675-5574-4cbc-87c0-de5261030bf4 ] Request (HypervisorAdminNegativeUnderV252Test:tearDownClass): 204 DELETE http://10.180.1.21/identity/v3/projects/855ed087261d425592f4afc5f0b8b9ee 0.163s
2025-12-12 19:31:53.034 66079 INFO tempest.lib.common.rest_client [req-1eb62b45-ab1b-453f-b6d8-be0e0f5e2de2 req-1eb62b45-ab1b-453f-b6d8-be0e0f5e2de2 ] Request (VolumesAssistedSnapshotsTest:test_volume_assisted_snapshot_create_delete): 200 PUT http://10.180.1.21/networking/v2.0/floatingips/6cbba5a8-7f67-43d5-847d-5a3b152c64f3 1.073s
2025-12-12 19:31:53.036 66079 INFO tempest.lib.common.ssh [-] Creating ssh connection to '10.180.180.234:22' as 'cirros' with public key authentication
2025-12-12 19:31:53.093 66095 INFO tempest.lib.common.rest_client [req-0c9a9ec6-a87c-4aad-8590-a403a6bb7b34 req-0c9a9ec6-a87c-4aad-8590-a403a6bb7b34 ] Request (ServerExternalEventsTest:setUpClass): 201 POST http://10.180.1.21/identity/v3/auth/tokens 0.085s
2025-12-12 19:31:53.103 66083 INFO tempest.lib.common.rest_client [req-43909aa2-a955-4fac-847b-1fa792b8d8b2 req-43909aa2-a955-4fac-847b-1fa792b8d8b2 ] Request (QuotasAdminTestJSON:test_delete_quota): 200 PUT http://10.180.1.21/compute/v2.1/os-quota-sets/e029f8b51cc7453a8aa760e55aa77857 2.785s
2025-12-12 19:31:53.153 66095 INFO tempest.lib.common.rest_client [req-f0a73c40-1580-4c74-8a46-7374539e15b9 req-f0a73c40-1580-4c74-8a46-7374539e15b9 ] Request (ServerExternalEventsTest:setUpClass): 201 POST http://10.180.1.21/identity/v3/auth/tokens 0.056s
2025-12-12 19:31:53.184 66095 INFO tempest.lib.common.rest_client [req-0a1f7bf6-d229-4395-8c1c-95267f3e3294 req-0a1f7bf6-d229-4395-8c1c-95267f3e3294 ] Request (ServerExternalEventsTest:setUpClass): 200 GET http://10.180.1.21/identity/v3/domains?name=Default 0.031s
2025-12-12 19:31:53.227 66095 INFO tempest.lib.common.rest_client [req-b44ce0f1-9b24-4309-8b15-4fa79682e69d req-b44ce0f1-9b24-4309-8b15-4fa79682e69d ] Request (ServerExternalEventsTest:setUpClass): 201 POST http://10.180.1.21/identity/v3/projects 0.042s
2025-12-12 19:31:53.315 66095 INFO tempest.lib.common.rest_client [req-d57bbd38-8106-4cad-bdfd-4e50a203a6e3 req-d57bbd38-8106-4cad-bdfd-4e50a203a6e3 ] Request (ServerExternalEventsTest:setUpClass): 201 POST http://10.180.1.21/identity/v3/users 0.087s
2025-12-12 19:31:53.344 66095 INFO tempest.lib.common.rest_client [req-ddc75eef-81d5-47d1-9a81-bb7060f0079a req-ddc75eef-81d5-47d1-9a81-bb7060f0079a ] Request (ServerExternalEventsTest:setUpClass): 200 GET http://10.180.1.21/identity/v3/roles 0.029s
2025-12-12 19:31:53.387 66095 INFO tempest.lib.common.rest_client [req-82c20f50-065e-41cc-a1c8-497797f13894 req-82c20f50-065e-41cc-a1c8-497797f13894 ] Request (ServerExternalEventsTest:setUpClass): 204 PUT http://10.180.1.21/identity/v3/projects/fddc635807d54dc0a5b4f2f732ba6962/users/350d7f349eff4bcebe467567649678e0/roles/e7e85ae9d7ea4bf3a732f294b69863ce 0.042s
2025-12-12 19:31:53.387 66095 INFO tempest.lib.common.dynamic_creds [-] Dynamic test user 350d7f349eff4bcebe467567649678e0 is created with scope project and roles: ['member']
