2025-12-12 19:33:32.668 66073 INFO tempest.lib.common.rest_client [req-fbdb8bb3-8d42-4903-8b16-a553b675bee6 req-fbdb8bb3-8d42-4903-8b16-a553b675bee6 ] Request (ServerRescueTestJSONUnderV235:setUpClass): 201 POST http://10.180.1.21/identity/v3/auth/tokens 0.045s
2025-12-12 19:33:32.670 66073 INFO tempest.lib.common.fixed_network [-] (ServerRescueTestJSONUnderV235:setUpClass) Found network {'id': '2266eb6e-4c8f-4a3f-85d3-0c06022c0d5e', 'name': 'tempest-ServerRescueTestJSONUnderV235-716412627-network', 'tenant_id': '92c1cedbc08545d58fc7172ac95e2c23', 'project_id': '92c1cedbc08545d58fc7172ac95e2c23', 'admin_state_up': True, 'mtu': 8950, 'status': 'ACTIVE', 'subnets': [], 'shared': False, 'port_security_enabled': True, 'router:external': False, 'provider:network_type': 'vlan', 'provider:physical_network': 'default', 'provider:segmentation_id': 960, 'availability_zone_hints': [], 'availability_zones': [], 'ipv4_address_scope': None, 'ipv6_address_scope': None, 'description': '', 'tags': [], 'created_at': '2025-12-12T19:33:30Z', 'updated_at': '2025-12-12T19:33:30Z', 'revision_number': 1} available for tenant
2025-12-12 19:33:32.939 66075 INFO tempest.lib.common.rest_client [req-a0fd3d27-5222-43a6-907f-24aca6580024 req-a0fd3d27-5222-43a6-907f-24aca6580024 ] Request (MigrationsAdminTest:test_resize_server_revert_deleted_flavor): 200 GET http://10.180.1.21/compute/v2.1/servers/76249623-6f83-46a3-b8c5-c001111aa698 1.953s
2025-12-12 19:33:32.952 66083 INFO tempest.lib.common.rest_client [req-378996c9-12ea-4cec-bbcb-61e9cdab7704 req-378996c9-12ea-4cec-bbcb-61e9cdab7704 ] Request (ServersAaction247Test:test_create_backup): 200 GET http://10.180.1.21/compute/v2.1/servers/ad48cadd-9bb6-4191-a68a-5c8fdaeebd44 1.869s
2025-12-12 19:33:33.075 66089 INFO tempest.lib.common.rest_client [req-64dcc8b8-0f5b-433a-bade-511a3483b276 req-64dcc8b8-0f5b-433a-bade-511a3483b276 ] Request (ServersV294TestFqdnHostnames:setUpClass): 200 PUT http://10.180.1.21/networking/v2.0/routers/43f504e2-795f-45b2-a2e3-8770a6c98e6b/add_router_interface 0.946s
2025-12-12 19:33:33.076 66089 INFO tempest.lib.common.dynamic_creds [-] Created isolated network resources for: credentials: Credentials: {'domain_id': 'default', 'domain_name': 'Default', 'username': 'tempest-ServersV294TestFqdnHostnames-819811677-project-member', 'project_domain_id': 'default', 'project_domain_name': 'Default', 'project_id': 'b8855e0d30be40b49e32a3eb0b6eef30', 'project_name': 'tempest-ServersV294TestFqdnHostnames-819811677', 'tenant_id': 'b8855e0d30be40b49e32a3eb0b6eef30', 'tenant_name': 'tempest-ServersV294TestFqdnHostnames-819811677', 'user_domain_id': 'default', 'user_domain_name': 'Default', 'user_id': 'da2b0e957e104e8ebf5f2f8589768082', 'system': None}, Network: {'id': '00391368-0b6f-45a0-9510-7b6ac2ab47ca', 'name': 'tempest-ServersV294TestFqdnHostnames-611600830-network', 'tenant_id': 'b8855e0d30be40b49e32a3eb0b6eef30', 'project_id': 'b8855e0d30be40b49e32a3eb0b6eef30', 'admin_state_up': True, 'mtu': 8950, 'status': 'ACTIVE', 'subnets': [], 'shared': False, 'port_security_enabled': True, 'router:external': False, 'provider:network_type': 'vlan', 'provider:physical_network': 'default', 'provider:segmentation_id': 64, 'availability_zone_hints': [], 'availability_zones': [], 'ipv4_address_scope': None, 'ipv6_address_scope': None, 'description': '', 'tags': [], 'created_at': '2025-12-12T19:33:30Z', 'updated_at': '2025-12-12T19:33:30Z', 'revision_number': 1}, Subnet: {'id': '424a32d4-2d1c-4ded-a3f5-706b7a5de665', 'name': 'tempest-ServersV294TestFqdnHostnames-611600830-subnet', 'tenant_id': 'b8855e0d30be40b49e32a3eb0b6eef30', 'network_id': '00391368-0b6f-45a0-9510-7b6ac2ab47ca', 'ip_version': 4, 'subnetpool_id': None, 'enable_dhcp': True, 'ipv6_ra_mode': None, 'ipv6_address_mode': None, 'gateway_ip': '192.168.128.1', 'cidr': '192.168.128.0/28', 'allocation_pools': [{'start': '192.168.128.2', 'end': '192.168.128.14'}], 'host_routes': [], 'dns_nameservers': [], 'description': '', 'router:external': False, 'service_types': [], 'tags': [], 'created_at': '2025-12-12T19:33:30Z', 'updated_at': '2025-12-12T19:33:30Z', 'revision_number': 0, 'project_id': 'b8855e0d30be40b49e32a3eb0b6eef30'}, Router: {'id': '43f504e2-795f-45b2-a2e3-8770a6c98e6b', 'name': 'tempest-ServersV294TestFqdnHostnames-611600830-router', 'tenant_id': 'b8855e0d30be40b49e32a3eb0b6eef30', 'admin_state_up': True, 'status': 'ACTIVE', 'external_gateway_info': {'network_id': '75540bca-3cc6-4e2c-a8d3-4f7162ec8f23', 'external_fixed_ips': [{'subnet_id': 'd8a813df-3603-4e25-814f-5f5046c615d1', 'ip_address': '10.180.180.225'}], 'enable_snat': True}, 'description': '', 'availability_zones': [], 'distributed': False, 'ha': False, 'availability_zone_hints': [], 'routes': [], 'flavor_id': None, 'tags': [], 'created_at': '2025-12-12T19:33:31Z', 'updated_at': '2025-12-12T19:33:31Z', 'revision_number': 2, 'project_id': 'b8855e0d30be40b49e32a3eb0b6eef30'}
2025-12-12 19:33:33.128 66129 INFO tempest.lib.common.rest_client [req-769e5528-f2d5-49d6-a44e-60c607522fc2 req-769e5528-f2d5-49d6-a44e-60c607522fc2 ] Request (ServerRescueNegativeTestJSON:setUpClass): 200 GET http://10.180.1.21/compute/v2.1/servers/9fc0c9ee-9dc7-4059-b8d2-a5db965e00c2 1.961s
2025-12-12 19:33:33.182 66121 INFO tempest.lib.common.rest_client [req-2c0cbeed-855d-4182-b633-6ad91386865a req-2c0cbeed-855d-4182-b633-6ad91386865a ] Request (ServerAddressesNegativeTestJSON:setUpClass): 200 GET http://10.180.1.21/compute/v2.1/servers/00746508-d0d6-4dfa-9026-772398d004ee 2.030s
2025-12-12 19:33:33.191 66121 INFO tempest.common.waiters [-] State transition "BUILD/None" ==> "BUILD/networking" after 67 second wait
2025-12-12 19:33:33.193 66089 INFO tempest.lib.common.rest_client [req-e9c9d924-41d5-4f78-be91-35555825f65e req-e9c9d924-41d5-4f78-be91-35555825f65e ] Request (ServersV294TestFqdnHostnames:setUpClass): 201 POST http://10.180.1.21/identity/v3/auth/tokens 0.112s
2025-12-12 19:33:33.222 66081 INFO tempest.lib.common.rest_client [req-944ca85b-126d-41b0-8291-53ae8e3e4071 req-944ca85b-126d-41b0-8291-53ae8e3e4071 ] Request (ServersAdminTestJSON:test_create_server_with_scheduling_hint): 200 GET http://10.180.1.21/compute/v2.1/servers/c108f2a5-031b-47ee-9a5b-d62c2f42c26b 2.003s
2025-12-12 19:33:33.267 66113 INFO tempest.lib.common.rest_client [req-fcf582f9-18d3-4e9a-a5d1-1ddbf98583ec req-fcf582f9-18d3-4e9a-a5d1-1ddbf98583ec ] Request (AttachVolumeNegativeTest:test_attach_attached_volume_to_different_server): 200 GET http://10.180.1.21/compute/v2.1/servers/895797e4-2941-44cd-aab1-67afa4fac02d 2.027s
2025-12-12 19:33:33.317 66123 INFO tempest.lib.common.rest_client [req-9f104491-7711-4908-88e4-0fd135ed8455 req-9f104491-7711-4908-88e4-0fd135ed8455 ] Request (ServersListShow296Test:tearDownClass): 200 GET http://10.180.1.21/compute/v2.1/servers/83573c2b-9448-456f-8fd2-b19661dd6cc4 1.982s
2025-12-12 19:33:33.332 66123 INFO tempest.common.waiters [-] State transition "ACTIVE/deleting" ==> "DELETED/None" after 7 second wait
2025-12-12 19:33:33.355 66093 INFO tempest.lib.common.rest_client [req-81f3c2eb-7c5b-46ce-be7c-8d51e3b216bd req-81f3c2eb-7c5b-46ce-be7c-8d51e3b216bd ] Request (DeleteServersAdminTestJSON:test_delete_server_while_in_error_state): 200 GET http://10.180.1.21/compute/v2.1/servers/815f056b-2d88-40dd-9ef7-a891ec8d92cf 2.016s
2025-12-12 19:33:33.382 66111 INFO tempest.lib.common.rest_client [req-c1eae239-92c6-46b2-aac6-8c251357cc9d req-c1eae239-92c6-46b2-aac6-8c251357cc9d ] Request (SecurityGroupsTestJSON:test_list_security_groups_by_server): 200 GET http://10.180.1.21/compute/v2.1/servers/bc2c12e0-0d06-432f-b42f-be468e3b6ee4 1.981s
2025-12-12 19:33:33.433 66095 INFO tempest.lib.common.rest_client [req-0b2dec87-cf63-48a0-b7a1-98fcd5f81c9a req-0b2dec87-cf63-48a0-b7a1-98fcd5f81c9a ] Request (ServerExternalEventsTest:tearDownClass): 200 GET http://10.180.1.21/compute/v2.1/servers/96acc5f8-b411-408e-929d-d1035cfd50db 2.012s
2025-12-12 19:33:33.456 66105 INFO tempest.lib.common.rest_client [req-34992b06-b8c2-414f-abb0-77e595acf3f6 req-34992b06-b8c2-414f-abb0-77e595acf3f6 ] Request (VolumesAdminNegativeTest:tearDownClass): 200 GET http://10.180.1.21/compute/v2.1/servers/30b17a17-229c-4ca7-9ae6-c67ccdcd3963 1.970s
2025-12-12 19:33:33.488 66099 INFO tempest.lib.common.rest_client [req-509d7835-ea68-4506-a4f7-3eee58b96cf8 req-509d7835-ea68-4506-a4f7-3eee58b96cf8 ] Request (InstanceActionsNegativeTestJSON:setUpClass): 200 GET http://10.180.1.21/compute/v2.1/servers/1bd26aef-995e-43b6-af9f-077e878c8c44 1.980s
2025-12-12 19:33:33.528 66085 INFO tempest.lib.common.rest_client [req-1555dabd-225a-49a5-9f32-b0d5aa5b220a req-1555dabd-225a-49a5-9f32-b0d5aa5b220a ] Request (ServersWithSpecificFlavorTestJSON:test_verify_created_server_ephemeral_disk): 200 GET http://10.180.1.21/compute/v2.1/servers/6c8db442-daaa-4eca-ae24-b9d4afaf3a71 1.869s
2025-12-12 19:33:33.564 66119 INFO tempest.lib.common.rest_client [req-1670d82b-962a-4c37-b0ca-b8851080b11c req-1670d82b-962a-4c37-b0ca-b8851080b11c ] Request (ServersListShow298Test:tearDownClass): 200 GET http://10.180.1.21/compute/v2.1/servers/ddd36db0-28ad-4582-994b-7eef8b08ed46 1.878s
2025-12-12 19:33:33.586 66087 INFO tempest.lib.common.rest_client [req-76a42d84-3294-4125-a088-954e1b2a8d5e req-76a42d84-3294-4125-a088-954e1b2a8d5e ] Request (ServerDiagnosticsNegativeTest:test_get_server_diagnostics_by_non_admin): 200 GET http://10.180.1.21/compute/v2.1/servers/0d6f14c5-5770-476f-a186-4cf1b2d4fbe8 1.772s
2025-12-12 19:33:33.626 66117 INFO tempest.lib.common.rest_client [req-ff91c231-7fac-4ea4-88a0-19411f7286f6 req-ff91c231-7fac-4ea4-88a0-19411f7286f6 ] Request (DeleteServersTestJSON:test_delete_active_server): 200 GET http://10.180.1.21/compute/v2.1/servers/621b899a-e9ec-4fc0-a574-4a08cecff6d9 1.801s
2025-12-12 19:33:33.663 66135 INFO tempest.lib.common.rest_client [req-b7cbe10d-7016-4f30-b524-ecd9c7189cfa req-b7cbe10d-7016-4f30-b524-ecd9c7189cfa ] Request (ServersTestBootFromVolume:tearDownClass): 200 GET http://10.180.1.21/compute/v2.1/servers/5a8d4357-4b44-4a19-b1da-42d188c38adc 1.581s
2025-12-12 19:33:33.667 66131 INFO tempest.lib.common.rest_client [req-547e7504-7fb7-4500-8d42-c8cccc70e35f req-547e7504-7fb7-4500-8d42-c8cccc70e35f ] Request (ImagesTestJSON:test_create_image_from_suspended_server): 200 GET http://10.180.1.21/compute/v2.1/images/249aae9c-fa0a-456d-bd7e-ad65ba07d625 1.103s
2025-12-12 19:33:33.700 66131 INFO tempest.lib.common.rest_client [req-9ce39bc5-755c-49da-bed5-38daf6e332ef req-9ce39bc5-755c-49da-bed5-38daf6e332ef ] Request (ImagesTestJSON:test_create_image_from_suspended_server): 200 GET http://10.180.1.21/image/v2/images/249aae9c-fa0a-456d-bd7e-ad65ba07d625/tasks 0.025s
2025-12-12 19:33:33.760 66127 INFO tempest.lib.common.rest_client [req-52ba1ce0-f1c7-465b-84d6-f3af130d53a0 req-52ba1ce0-f1c7-465b-84d6-f3af130d53a0 ] Request (FloatingIPsAssociationTestJSON:test_associate_already_associated_floating_ip): 200 GET http://10.180.1.21/compute/v2.1/servers/65aaa2eb-3ca5-4c2b-92f9-b524366c10dd 1.135s
2025-12-12 19:33:33.790 66091 INFO tempest.lib.common.rest_client [req-513cba45-20c1-4b73-a120-11c3fbcbd63c req-513cba45-20c1-4b73-a120-11c3fbcbd63c ] Request (MultipleCreateTestJSON:test_multiple_create_with_reservation_return): 200 GET http://10.180.1.21/compute/v2.1/servers/ca67d1a4-d304-4d06-a436-f257b60ca080 1.188s
2025-12-12 19:33:33.879 66104 INFO tempest.lib.common.rest_client [req-44751656-3ff3-4ba4-b385-53e8ea3b71fc req-44751656-3ff3-4ba4-b385-53e8ea3b71fc ] Request (ListServersNegativeTestJSON:tearDownClass): 200 GET http://10.180.1.21/compute/v2.1/servers/f5151062-57b1-4e4e-93f4-aab0e7f504d4 0.717s
2025-12-12 19:33:33.981 66133 INFO tempest.lib.common.rest_client [req-9a97d626-4fce-4e5d-bbc7-be4bdd34e306 req-9a97d626-4fce-4e5d-bbc7-be4bdd34e306 ] Request (ListServerFiltersTestJSON:tearDownClass): 200 GET http://10.180.1.21/compute/v2.1/servers/04ffdf80-c54c-4587-9bb4-d520dc440501 0.799s
2025-12-12 19:33:34.055 66089 INFO tempest.lib.common.rest_client [req-789c51a4-9701-4ace-9015-19b30f8828c8 req-789c51a4-9701-4ace-9015-19b30f8828c8 ] Request (ServersV294TestFqdnHostnames:setUpClass): 201 POST http://10.180.1.21/compute/v2.1/os-keypairs 0.860s
2025-12-12 19:33:34.545 66089 INFO tempest.lib.common.rest_client [req-f8a4d613-774f-4573-9bc9-4bf4325b5a61 req-f8a4d613-774f-4573-9bc9-4bf4325b5a61 ] Request (ServersV294TestFqdnHostnames:setUpClass): 201 POST http://10.180.1.21/networking/v2.0/security-groups 0.488s
2025-12-12 19:33:34.546 66125 INFO tempest.lib.common.rest_client [req-593a5d2e-7922-4e27-856f-8b9449926981 req-593a5d2e-7922-4e27-856f-8b9449926981 ] Request (ServersNegativeTestMultiTenantJSON:setUpClass): 200 GET http://10.180.1.21/compute/v2.1/servers/018c8ac5-66c4-4a9a-ab45-85e84f92b4fe 1.044s
2025-12-12 19:33:34.625 66077 INFO tempest.lib.common.rest_client [req-15c7de12-c1ee-4ae0-99c5-c4ad6fcf292c req-15c7de12-c1ee-4ae0-99c5-c4ad6fcf292c ] Request (ServersAdminNegativeTestJSON:tearDownClass): 200 GET http://10.180.1.21/compute/v2.1/servers/423af936-a383-4652-8887-9c8b8f507909 1.084s
2025-12-12 19:33:34.648 66089 INFO tempest.lib.common.rest_client [req-74161310-500e-4ca5-8d37-1b1f45091416 req-74161310-500e-4ca5-8d37-1b1f45091416 ] Request (ServersV294TestFqdnHostnames:setUpClass): 201 POST http://10.180.1.21/networking/v2.0/security-group-rules 0.101s
2025-12-12 19:33:34.730 66097 INFO tempest.lib.common.rest_client [req-905c3f2a-74e9-4317-bd2a-738cbf74709e req-905c3f2a-74e9-4317-bd2a-738cbf74709e ] Request (ServersListShow2100Test:test_list_show_rebuild_update_server_2100): 200 GET http://10.180.1.21/compute/v2.1/servers/3827eed1-b7a1-4922-a4de-f0c038cb8566 1.060s
2025-12-12 19:33:34.764 66089 INFO tempest.lib.common.rest_client [req-7c5cdfeb-438a-4e3f-9cf5-1a7bd740af4b req-7c5cdfeb-438a-4e3f-9cf5-1a7bd740af4b ] Request (ServersV294TestFqdnHostnames:setUpClass): 201 POST http://10.180.1.21/networking/v2.0/security-group-rules 0.115s
2025-12-12 19:33:34.797 66073 INFO tempest.lib.common.rest_client [req-81594943-9858-4765-a371-42f9ef0cbec9 req-81594943-9858-4765-a371-42f9ef0cbec9 ] Request (ServerRescueTestJSONUnderV235:setUpClass): 202 POST http://10.180.1.21/compute/v2.1/servers 2.126s
2025-12-12 19:33:34.857 66131 INFO tempest.lib.common.rest_client [req-fe394d92-a56a-4931-a757-3adce9488674 req-fe394d92-a56a-4931-a757-3adce9488674 ] Request (ImagesTestJSON:_run_cleanups): 204 DELETE http://10.180.1.21/compute/v2.1/images/249aae9c-fa0a-456d-bd7e-ad65ba07d625 1.156s
2025-12-12 19:33:34.884 66075 INFO tempest.lib.common.rest_client [req-079635b5-d9b3-4bb6-b282-7e6cdf66e04c req-079635b5-d9b3-4bb6-b282-7e6cdf66e04c ] Request (MigrationsAdminTest:test_resize_server_revert_deleted_flavor): 200 GET http://10.180.1.21/compute/v2.1/servers/76249623-6f83-46a3-b8c5-c001111aa698 0.937s
2025-12-12 19:33:34.957 66083 INFO tempest.lib.common.rest_client [req-83fe549e-9a75-436d-82dd-9066478b8338 req-83fe549e-9a75-436d-82dd-9066478b8338 ] Request (ServersAaction247Test:test_create_backup): 200 GET http://10.180.1.21/compute/v2.1/servers/ad48cadd-9bb6-4191-a68a-5c8fdaeebd44 0.994s
2025-12-12 19:33:34.986 66129 INFO tempest.lib.common.rest_client [req-386e97bf-490a-4c7f-b182-d804ff36a78e req-386e97bf-490a-4c7f-b182-d804ff36a78e ] Request (ServerRescueNegativeTestJSON:setUpClass): 200 GET http://10.180.1.21/compute/v2.1/servers/9fc0c9ee-9dc7-4059-b8d2-a5db965e00c2 0.840s
2025-12-12 19:33:35.090 66081 INFO tempest.lib.common.rest_client [req-850a42a8-cdb0-4569-9795-f63c12fb2494 req-850a42a8-cdb0-4569-9795-f63c12fb2494 ] Request (ServersAdminTestJSON:test_create_server_with_scheduling_hint): 200 GET http://10.180.1.21/compute/v2.1/servers/c108f2a5-031b-47ee-9a5b-d62c2f42c26b 0.852s
2025-12-12 19:33:35.099 66081 INFO tempest.common.waiters [-] State transition "BUILD/None" ==> "BUILD/networking" after 69 second wait
2025-12-12 19:33:35.165 66121 INFO tempest.lib.common.rest_client [req-0e80d0e9-0567-4b48-8c08-c1d51eb96d24 req-0e80d0e9-0567-4b48-8c08-c1d51eb96d24 ] Request (ServerAddressesNegativeTestJSON:setUpClass): 200 GET http://10.180.1.21/compute/v2.1/servers/00746508-d0d6-4dfa-9026-772398d004ee 0.973s
2025-12-12 19:33:35.174 66121 INFO tempest.common.waiters [-] State transition "BUILD/networking" ==> "BUILD/spawning" after 69 second wait
2025-12-12 19:33:35.178 66113 INFO tempest.lib.common.rest_client [req-e5446476-7dec-4750-bc8e-a0bef92bc2de req-e5446476-7dec-4750-bc8e-a0bef92bc2de ] Request (AttachVolumeNegativeTest:test_attach_attached_volume_to_different_server): 200 GET http://10.180.1.21/compute/v2.1/servers/895797e4-2941-44cd-aab1-67afa4fac02d 0.901s
2025-12-12 19:33:35.261 66123 INFO tempest.lib.common.rest_client [req-0f4a9933-c4b9-4d34-886b-6366255f9b5a req-0f4a9933-c4b9-4d34-886b-6366255f9b5a ] Request (ServersListShow296Test:tearDownClass): 200 GET http://10.180.1.21/compute/v2.1/servers/83573c2b-9448-456f-8fd2-b19661dd6cc4 0.929s
2025-12-12 19:33:35.277 66093 INFO tempest.lib.common.rest_client [req-ddf5130e-cfbe-4b9c-8056-a905d120b98b req-ddf5130e-cfbe-4b9c-8056-a905d120b98b ] Request (DeleteServersAdminTestJSON:test_delete_server_while_in_error_state): 200 GET http://10.180.1.21/compute/v2.1/servers/815f056b-2d88-40dd-9ef7-a891ec8d92cf 0.914s
2025-12-12 19:33:35.306 66089 INFO tempest.lib.common.rest_client [req-e0d07fbd-955f-4e07-89c4-ee95de8deda7 req-e0d07fbd-955f-4e07-89c4-ee95de8deda7 ] Request (ServersV294TestFqdnHostnames:setUpClass): 201 POST http://10.180.1.21/networking/v2.0/floatingips 0.541s
2025-12-12 19:33:35.324 66111 INFO tempest.lib.common.rest_client [req-501e1dc2-918a-4a04-92b6-1f6bd4d7f438 req-501e1dc2-918a-4a04-92b6-1f6bd4d7f438 ] Request (SecurityGroupsTestJSON:test_list_security_groups_by_server): 200 GET http://10.180.1.21/compute/v2.1/servers/bc2c12e0-0d06-432f-b42f-be468e3b6ee4 0.930s
2025-12-12 19:33:35.348 66105 INFO tempest.lib.common.rest_client [req-ad904421-0a4d-4479-9730-b1e0f9068e45 req-ad904421-0a4d-4479-9730-b1e0f9068e45 ] Request (VolumesAdminNegativeTest:tearDownClass): 404 GET http://10.180.1.21/compute/v2.1/servers/30b17a17-229c-4ca7-9ae6-c67ccdcd3963 0.881s
2025-12-12 19:33:35.357 66089 INFO tempest.lib.common.rest_client [req-b108f1e9-ac0d-4c03-9ee3-6cf979c25227 req-b108f1e9-ac0d-4c03-9ee3-6cf979c25227 ] Request (ServersV294TestFqdnHostnames:setUpClass): 201 POST http://10.180.1.21/identity/v3/auth/tokens 0.046s
2025-12-12 19:33:35.358 66089 INFO tempest.lib.common.fixed_network [-] (ServersV294TestFqdnHostnames:setUpClass) Found network {'id': '00391368-0b6f-45a0-9510-7b6ac2ab47ca', 'name': 'tempest-ServersV294TestFqdnHostnames-611600830-network', 'tenant_id': 'b8855e0d30be40b49e32a3eb0b6eef30', 'project_id': 'b8855e0d30be40b49e32a3eb0b6eef30', 'admin_state_up': True, 'mtu': 8950, 'status': 'ACTIVE', 'subnets': [], 'shared': False, 'port_security_enabled': True, 'router:external': False, 'provider:network_type': 'vlan', 'provider:physical_network': 'default', 'provider:segmentation_id': 64, 'availability_zone_hints': [], 'availability_zones': [], 'ipv4_address_scope': None, 'ipv6_address_scope': None, 'description': '', 'tags': [], 'created_at': '2025-12-12T19:33:30Z', 'updated_at': '2025-12-12T19:33:30Z', 'revision_number': 1} available for tenant
2025-12-12 19:33:35.393 66095 INFO tempest.lib.common.rest_client [req-2324bbe0-aafe-45b4-905b-3ca706370bb0 req-2324bbe0-aafe-45b4-905b-3ca706370bb0 ] Request (ServerExternalEventsTest:tearDownClass): 200 GET http://10.180.1.21/compute/v2.1/servers/96acc5f8-b411-408e-929d-d1035cfd50db 0.947s
2025-12-12 19:33:35.426 66099 INFO tempest.lib.common.rest_client [req-dfb26833-6320-495a-aabb-ccc2ceeaac15 req-dfb26833-6320-495a-aabb-ccc2ceeaac15 ] Request (InstanceActionsNegativeTestJSON:setUpClass): 200 GET http://10.180.1.21/compute/v2.1/servers/1bd26aef-995e-43b6-af9f-077e878c8c44 0.929s
2025-12-12 19:33:35.453 66119 INFO tempest.lib.common.rest_client [req-7f28d1ca-c342-45e2-bb49-df68e9a37e86 req-7f28d1ca-c342-45e2-bb49-df68e9a37e86 ] Request (ServersListShow298Test:tearDownClass): 404 GET http://10.180.1.21/compute/v2.1/servers/ddd36db0-28ad-4582-994b-7eef8b08ed46 0.871s
2025-12-12 19:33:35.506 66085 INFO tempest.lib.common.rest_client [req-389d78bb-0138-4afd-9f2e-0d1971832aa5 req-389d78bb-0138-4afd-9f2e-0d1971832aa5 ] Request (ServersWithSpecificFlavorTestJSON:test_verify_created_server_ephemeral_disk): 200 GET http://10.180.1.21/compute/v2.1/servers/6c8db442-daaa-4eca-ae24-b9d4afaf3a71 0.969s
2025-12-12 19:33:35.573 66119 INFO tempest.lib.common.rest_client [req-28966918-065f-4f32-bb72-11f63854ece1 req-28966918-065f-4f32-bb72-11f63854ece1 ] Request (ServersListShow298Test:tearDownClass): 204 DELETE http://10.180.1.21/identity/v3/users/950f1dcdc1b54612b3b68d7fd8da0a67 0.119s
2025-12-12 19:33:35.573 66119 INFO tempest.lib.common.dynamic_creds [-] Deleting project and security group for project: 3a57ef04f09c44358dcaeccd41aee0f3
2025-12-12 19:33:35.638 66119 INFO tempest.lib.common.rest_client [req-eda44651-bc77-4a19-995a-1738095370d6 req-eda44651-bc77-4a19-995a-1738095370d6 ] Request (ServersListShow298Test:tearDownClass): 201 POST http://10.180.1.21/identity/v3/auth/tokens 0.065s
2025-12-12 19:33:35.766 66087 INFO tempest.lib.common.rest_client [req-2be2961f-886a-4ab3-b697-7a3c7b2ff210 req-2be2961f-886a-4ab3-b697-7a3c7b2ff210 ] Request (ServerDiagnosticsNegativeTest:test_get_server_diagnostics_by_non_admin): 200 GET http://10.180.1.21/compute/v2.1/servers/0d6f14c5-5770-476f-a186-4cf1b2d4fbe8 1.172s
2025-12-12 19:33:35.814 66117 INFO tempest.lib.common.rest_client [req-4502927f-edb9-40f2-9cc5-16710e14117d req-4502927f-edb9-40f2-9cc5-16710e14117d ] Request (DeleteServersTestJSON:test_delete_active_server): 200 GET http://10.180.1.21/compute/v2.1/servers/621b899a-e9ec-4fc0-a574-4a08cecff6d9 1.176s
2025-12-12 19:33:36.018 66119 INFO tempest.lib.common.rest_client [req-f342c5ad-0382-49a4-880b-499785977eb4 req-f342c5ad-0382-49a4-880b-499785977eb4 ] Request (ServersListShow298Test:tearDownClass): 200 GET http://10.180.1.21/networking/v2.0/security-groups?tenant_id=3a57ef04f09c44358dcaeccd41aee0f3&name=default 0.379s
2025-12-12 19:33:36.171 66105 INFO tempest.lib.common.rest_client [req-295cf62b-78eb-4b4c-a138-70f4dec913c2 req-295cf62b-78eb-4b4c-a138-70f4dec913c2 ] Request (VolumesAdminNegativeTest:tearDownClass): 200 PUT http://10.180.1.21/networking/v2.0/routers/1ccd7d8c-4d3f-4747-a6da-c85d7bde5f11/remove_router_interface 0.822s
2025-12-12 19:33:36.224 66135 INFO tempest.lib.common.rest_client [req-4150f3be-fd41-4a9b-9a7e-e5480a60732b req-4150f3be-fd41-4a9b-9a7e-e5480a60732b ] Request (ServersTestBootFromVolume:tearDownClass): 200 GET http://10.180.1.21/compute/v2.1/servers/5a8d4357-4b44-4a19-b1da-42d188c38adc 1.552s
2025-12-12 19:33:36.233 66127 INFO tempest.lib.common.rest_client [req-ae3c4263-c35a-425d-ba81-a38fdd868ec7 req-ae3c4263-c35a-425d-ba81-a38fdd868ec7 ] Request (FloatingIPsAssociationTestJSON:test_associate_already_associated_floating_ip): 200 GET http://10.180.1.21/compute/v2.1/servers/65aaa2eb-3ca5-4c2b-92f9-b524366c10dd 1.463s
2025-12-12 19:33:36.332 66119 INFO tempest.lib.common.rest_client [req-60e0b882-9c0a-44d7-813d-e8047a02232f req-60e0b882-9c0a-44d7-813d-e8047a02232f ] Request (ServersListShow298Test:tearDownClass): 204 DELETE http://10.180.1.21/networking/v2.0/security-groups/29fdc8bd-4df1-4e88-980f-5560f9f578d7 0.314s
2025-12-12 19:33:36.417 66119 INFO tempest.lib.common.rest_client [req-7933b952-3043-4148-8056-cd0710e906e3 req-7933b952-3043-4148-8056-cd0710e906e3 ] Request (ServersListShow298Test:tearDownClass): 204 DELETE http://10.180.1.21/identity/v3/projects/3a57ef04f09c44358dcaeccd41aee0f3 0.083s
2025-12-12 19:33:36.688 66105 INFO tempest.lib.common.rest_client [req-a09ac98f-3298-4b07-9865-c0d79eb8fc9e req-a09ac98f-3298-4b07-9865-c0d79eb8fc9e ] Request (VolumesAdminNegativeTest:tearDownClass): 204 DELETE http://10.180.1.21/networking/v2.0/routers/1ccd7d8c-4d3f-4747-a6da-c85d7bde5f11 0.517s
2025-12-12 19:33:36.771 66073 INFO tempest.lib.common.rest_client [req-21638fc9-b402-4966-8f68-ccdd2ebd9809 req-21638fc9-b402-4966-8f68-ccdd2ebd9809 ] Request (ServerRescueTestJSONUnderV235:setUpClass): 200 GET http://10.180.1.21/compute/v2.1/servers/3cbbe146-be3a-43d5-867d-4d669884758c 1.972s
2025-12-12 19:33:36.882 66131 INFO tempest.lib.common.rest_client [req-1640464d-fd11-4b5f-b0e0-f0de74fa607d req-1640464d-fd11-4b5f-b0e0-f0de74fa607d ] Request (ImagesTestJSON:_run_cleanups): 204 DELETE http://10.180.1.21/compute/v2.1/servers/bd839fe1-8801-4ba1-9c23-288453258b66 2.025s
2025-12-12 19:33:36.908 66104 INFO tempest.lib.common.rest_client [req-b305ecb1-a0e1-4573-a575-ced0b23583db req-b305ecb1-a0e1-4573-a575-ced0b23583db ] Request (ListServersNegativeTestJSON:tearDownClass): 404 GET http://10.180.1.21/compute/v2.1/servers/f5151062-57b1-4e4e-93f4-aab0e7f504d4 2.018s
2025-12-12 19:33:36.911 66105 INFO tempest.lib.common.rest_client [req-468915a3-f7c1-47a2-b57c-ef22aacc950c req-468915a3-f7c1-47a2-b57c-ef22aacc950c ] Request (VolumesAdminNegativeTest:tearDownClass): 204 DELETE http://10.180.1.21/networking/v2.0/subnets/825c2e67-89fd-4f30-b9bc-1bcacfc08533 0.219s
2025-12-12 19:33:36.933 66133 INFO tempest.lib.common.rest_client [req-dd39daec-2a77-4a10-94e1-7382eeb785db req-dd39daec-2a77-4a10-94e1-7382eeb785db ] Request (ListServerFiltersTestJSON:tearDownClass): 404 GET http://10.180.1.21/compute/v2.1/servers/04ffdf80-c54c-4587-9bb4-d520dc440501 1.942s
2025-12-12 19:33:36.973 66131 INFO tempest.lib.common.rest_client [req-a0bdc607-8514-45df-8174-d702ec0afe0f req-a0bdc607-8514-45df-8174-d702ec0afe0f ] Request (ImagesTestJSON:test_create_server_from_snapshot): 201 POST http://10.180.1.21/identity/v3/auth/tokens 0.086s
2025-12-12 19:33:36.973 66131 INFO tempest.lib.common.fixed_network [-] (ImagesTestJSON:test_create_server_from_snapshot) Found network {'id': 'e206b5b9-da36-4e6f-926f-914dec38fac2', 'name': 'tempest-ImagesTestJSON-1053201655-network', 'tenant_id': '39067912d091464192516c08eb576696', 'project_id': '39067912d091464192516c08eb576696', 'admin_state_up': True, 'mtu': 8950, 'status': 'ACTIVE', 'subnets': [], 'shared': False, 'port_security_enabled': True, 'router:external': False, 'provider:network_type': 'vlan', 'provider:physical_network': 'default', 'provider:segmentation_id': 306, 'availability_zone_hints': [], 'availability_zones': [], 'ipv4_address_scope': None, 'ipv6_address_scope': None, 'description': '', 'tags': [], 'created_at': '2025-12-12T19:30:46Z', 'updated_at': '2025-12-12T19:30:46Z', 'revision_number': 1} available for tenant
2025-12-12 19:33:36.999 66091 INFO tempest.lib.common.rest_client [req-62fae046-9366-436e-8e9b-fd4903ffc592 req-62fae046-9366-436e-8e9b-fd4903ffc592 ] Request (MultipleCreateTestJSON:test_multiple_create_with_reservation_return): 200 GET http://10.180.1.21/compute/v2.1/servers/ca67d1a4-d304-4d06-a436-f257b60ca080 2.199s
2025-12-12 19:33:37.006 66091 INFO tempest.common.waiters [-] State transition "BUILD/spawning" ==> "ACTIVE/None" after 18 second wait
2025-12-12 19:33:37.235 66105 INFO tempest.lib.common.rest_client [req-a2162137-895b-4e8a-8b5d-fc9b55df264a req-a2162137-895b-4e8a-8b5d-fc9b55df264a ] Request (VolumesAdminNegativeTest:tearDownClass): 204 DELETE http://10.180.1.21/networking/v2.0/networks/f9d993c3-5487-4b97-89c3-5f30cdf9c387 0.323s
2025-12-12 19:33:37.323 66125 INFO tempest.lib.common.rest_client [req-8a1ace12-69af-4788-918b-12f35179cd6f req-8a1ace12-69af-4788-918b-12f35179cd6f ] Request (ServersNegativeTestMultiTenantJSON:setUpClass): 200 GET http://10.180.1.21/compute/v2.1/servers/018c8ac5-66c4-4a9a-ab45-85e84f92b4fe 1.766s
2025-12-12 19:33:37.670 66077 INFO tempest.lib.common.rest_client [req-b929ac25-e6ec-47a3-bdae-29b336225238 req-b929ac25-e6ec-47a3-bdae-29b336225238 ] Request (ServersAdminNegativeTestJSON:tearDownClass): 200 GET http://10.180.1.21/compute/v2.1/servers/423af936-a383-4652-8887-9c8b8f507909 2.034s
2025-12-12 19:33:38.017 66105 INFO tempest.lib.common.rest_client [req-58ea5147-8937-445e-bfb7-f3a62a71fc5e req-58ea5147-8937-445e-bfb7-f3a62a71fc5e ] Request (VolumesAdminNegativeTest:tearDownClass): 200 PUT http://10.180.1.21/networking/v2.0/routers/3281e449-98e9-459e-97e1-99fd614fcc8f/remove_router_interface 0.782s
2025-12-12 19:33:38.060 66097 INFO tempest.lib.common.rest_client [req-66bf682e-9ebf-482c-9045-76d6c5f6d58c req-66bf682e-9ebf-482c-9045-76d6c5f6d58c ] Request (ServersListShow2100Test:test_list_show_rebuild_update_server_2100): 200 GET http://10.180.1.21/compute/v2.1/servers/3827eed1-b7a1-4922-a4de-f0c038cb8566 2.314s
2025-12-12 19:33:38.073 66097 INFO tempest.common.waiters [-] State transition "BUILD/spawning" ==> "ACTIVE/None" after 74 second wait
2025-12-12 19:33:38.078 66101 WARNING tempest.lib.common.ssh [-] Failed to establish authenticated ssh connection to cirros@10.180.180.160 ([Errno None] Unable to connect to port 22 on 10.180.180.160). Number attempts: 7. Retry after 8 seconds.: paramiko.ssh_exception.NoValidConnectionsError: [Errno None] Unable to connect to port 22 on 10.180.180.160
2025-12-12 19:33:38.149 66075 INFO tempest.lib.common.rest_client [req-768f300a-3df8-4aab-9674-a635007a179d req-768f300a-3df8-4aab-9674-a635007a179d ] Request (MigrationsAdminTest:test_resize_server_revert_deleted_flavor): 200 GET http://10.180.1.21/compute/v2.1/servers/76249623-6f83-46a3-b8c5-c001111aa698 2.251s
2025-12-12 19:33:38.156 66075 INFO tempest.common.waiters [-] State transition "BUILD/scheduling" ==> "BUILD/None" after 48 second wait
2025-12-12 19:33:38.222 66083 INFO tempest.lib.common.rest_client [req-c0b5c6ab-8004-4a0c-9865-498d07960696 req-c0b5c6ab-8004-4a0c-9865-498d07960696 ] Request (ServersAaction247Test:test_create_backup): 200 GET http://10.180.1.21/compute/v2.1/servers/ad48cadd-9bb6-4191-a68a-5c8fdaeebd44 2.250s
2025-12-12 19:33:38.569 66129 INFO tempest.lib.common.rest_client [req-8a1034d4-b0fd-45b7-a888-944d2ec9cc8c req-8a1034d4-b0fd-45b7-a888-944d2ec9cc8c ] Request (ServerRescueNegativeTestJSON:setUpClass): 200 GET http://10.180.1.21/compute/v2.1/servers/9fc0c9ee-9dc7-4059-b8d2-a5db965e00c2 2.571s
2025-12-12 19:33:38.579 66105 INFO tempest.lib.common.rest_client [req-ad794c24-a665-43d4-b9e7-d189147efc01 req-ad794c24-a665-43d4-b9e7-d189147efc01 ] Request (VolumesAdminNegativeTest:tearDownClass): 204 DELETE http://10.180.1.21/networking/v2.0/routers/3281e449-98e9-459e-97e1-99fd614fcc8f 0.561s
2025-12-12 19:33:38.756 66105 INFO tempest.lib.common.rest_client [req-6e4cc386-4693-4420-b042-1d51aa04ec05 req-6e4cc386-4693-4420-b042-1d51aa04ec05 ] Request (VolumesAdminNegativeTest:tearDownClass): 204 DELETE http://10.180.1.21/networking/v2.0/subnets/365817f6-f55f-467d-b7cd-6197f5b90779 0.176s
2025-12-12 19:33:38.779 66079 WARNING tempest.lib.common.ssh [-] Failed to establish authenticated ssh connection to cirros@10.180.180.234 ([Errno None] Unable to connect to port 22 on 10.180.180.234). Number attempts: 12. Retry after 13 seconds.: paramiko.ssh_exception.NoValidConnectionsError: [Errno None] Unable to connect to port 22 on 10.180.180.234
2025-12-12 19:33:38.929 66089 INFO tempest.lib.common.rest_client [req-0b112b08-1593-41b5-b38e-86e5b4d22081 req-0b112b08-1593-41b5-b38e-86e5b4d22081 ] Request (ServersV294TestFqdnHostnames:setUpClass): 202 POST http://10.180.1.21/compute/v2.1/servers 3.569s
2025-12-12 19:33:39.332 66105 INFO tempest.lib.common.rest_client [req-fc2949f3-8e7d-4193-a14f-4c303bce744d req-fc2949f3-8e7d-4193-a14f-4c303bce744d ] Request (VolumesAdminNegativeTest:tearDownClass): 204 DELETE http://10.180.1.21/networking/v2.0/networks/a92e3133-e4fa-4cb0-a713-291adbb574ca 0.576s
2025-12-12 19:33:39.383 66081 INFO tempest.lib.common.rest_client [req-500d839d-a922-45d7-b92f-df96254853a2 req-500d839d-a922-45d7-b92f-df96254853a2 ] Request (ServersAdminTestJSON:test_create_server_with_scheduling_hint): 200 GET http://10.180.1.21/compute/v2.1/servers/c108f2a5-031b-47ee-9a5b-d62c2f42c26b 3.283s
2025-12-12 19:33:39.390 66081 INFO tempest.common.waiters [-] State transition "BUILD/networking" ==> "BUILD/spawning" after 73 second wait
2025-12-12 19:33:40.150 66105 INFO tempest.lib.common.rest_client [req-77b2a505-46a4-4b33-8c59-34ea15131c49 req-77b2a505-46a4-4b33-8c59-34ea15131c49 ] Request (VolumesAdminNegativeTest:tearDownClass): 200 PUT http://10.180.1.21/networking/v2.0/routers/df74667f-5e0e-4981-9743-45d8157a622c/remove_router_interface 0.817s
2025-12-12 19:33:40.214 66121 INFO tempest.lib.common.rest_client [req-eea7be0b-61f7-45d2-91f2-27f09dee156d req-eea7be0b-61f7-45d2-91f2-27f09dee156d ] Request (ServerAddressesNegativeTestJSON:setUpClass): 200 GET http://10.180.1.21/compute/v2.1/servers/00746508-d0d6-4dfa-9026-772398d004ee 4.039s
2025-12-12 19:33:40.354 66113 INFO tempest.lib.common.rest_client [req-5fe535e2-e3a6-4622-a6eb-cf6766def84c req-5fe535e2-e3a6-4622-a6eb-cf6766def84c ] Request (AttachVolumeNegativeTest:test_attach_attached_volume_to_different_server): 200 GET http://10.180.1.21/compute/v2.1/servers/895797e4-2941-44cd-aab1-67afa4fac02d 4.163s
2025-12-12 19:33:40.366 66113 INFO tempest.common.waiters [-] State transition "BUILD/None" ==> "BUILD/spawning" after 74 second wait
2025-12-12 19:33:40.373 66123 INFO tempest.lib.common.rest_client [req-b6f64d97-2e50-496e-bebb-9b548d6f34ca req-b6f64d97-2e50-496e-bebb-9b548d6f34ca ] Request (ServersListShow296Test:tearDownClass): 200 GET http://10.180.1.21/compute/v2.1/servers/83573c2b-9448-456f-8fd2-b19661dd6cc4 4.099s
2025-12-12 19:33:40.432 66093 INFO tempest.lib.common.rest_client [req-97ca1d28-c069-4ffe-993a-ca9482dd9c93 req-97ca1d28-c069-4ffe-993a-ca9482dd9c93 ] Request (DeleteServersAdminTestJSON:test_delete_server_while_in_error_state): 200 GET http://10.180.1.21/compute/v2.1/servers/815f056b-2d88-40dd-9ef7-a891ec8d92cf 4.147s
2025-12-12 19:33:40.480 66111 INFO tempest.lib.common.rest_client [req-bcd140bb-9547-4fcf-89de-2fb69513f331 req-bcd140bb-9547-4fcf-89de-2fb69513f331 ] Request (SecurityGroupsTestJSON:test_list_security_groups_by_server): 200 GET http://10.180.1.21/compute/v2.1/servers/bc2c12e0-0d06-432f-b42f-be468e3b6ee4 4.146s
2025-12-12 19:33:40.507 66095 INFO tempest.lib.common.rest_client [req-224f07e7-c99b-4e52-a0c1-28a28b748c88 req-224f07e7-c99b-4e52-a0c1-28a28b748c88 ] Request (ServerExternalEventsTest:tearDownClass): 200 GET http://10.180.1.21/compute/v2.1/servers/96acc5f8-b411-408e-929d-d1035cfd50db 4.101s
2025-12-12 19:33:40.549 66099 INFO tempest.lib.common.rest_client [req-a4a41ee7-ab4e-4748-a7f3-ca6260365a0a req-a4a41ee7-ab4e-4748-a7f3-ca6260365a0a ] Request (InstanceActionsNegativeTestJSON:setUpClass): 200 GET http://10.180.1.21/compute/v2.1/servers/1bd26aef-995e-43b6-af9f-077e878c8c44 4.110s
2025-12-12 19:33:40.576 66085 INFO tempest.lib.common.rest_client [req-29bfc426-3451-4a35-b8af-a76baf21c05c req-29bfc426-3451-4a35-b8af-a76baf21c05c ] Request (ServersWithSpecificFlavorTestJSON:test_verify_created_server_ephemeral_disk): 200 GET http://10.180.1.21/compute/v2.1/servers/6c8db442-daaa-4eca-ae24-b9d4afaf3a71 4.056s
2025-12-12 19:33:40.624 66087 INFO tempest.lib.common.rest_client [req-0fe72f55-4008-434e-892f-8c789c208180 req-0fe72f55-4008-434e-892f-8c789c208180 ] Request (ServerDiagnosticsNegativeTest:test_get_server_diagnostics_by_non_admin): 200 GET http://10.180.1.21/compute/v2.1/servers/0d6f14c5-5770-476f-a186-4cf1b2d4fbe8 3.849s
2025-12-12 19:33:40.648 66117 INFO tempest.lib.common.rest_client [req-aff07e1a-f2ea-4e98-9d79-682014e806e4 req-aff07e1a-f2ea-4e98-9d79-682014e806e4 ] Request (DeleteServersTestJSON:test_delete_active_server): 200 GET http://10.180.1.21/compute/v2.1/servers/621b899a-e9ec-4fc0-a574-4a08cecff6d9 3.823s
2025-12-12 19:33:40.654 66104 INFO tempest.lib.common.rest_client [req-9fbf0e71-734b-4ea4-b10c-418da83baaef req-9fbf0e71-734b-4ea4-b10c-418da83baaef ] Request (ListServersNegativeTestJSON:tearDownClass): 404 GET http://10.180.1.21/compute/v2.1/servers/811c1bbd-259c-4f5e-9a61-581bfba0ec4d 3.745s
2025-12-12 19:33:40.655 66117 INFO tempest.common.waiters [-] State transition "BUILD/scheduling" ==> "BUILD/None" after 38 second wait
2025-12-12 19:33:40.716 66105 INFO tempest.lib.common.rest_client [req-aabd81f6-5fee-4234-ad3b-893ce3323def req-aabd81f6-5fee-4234-ad3b-893ce3323def ] Request (VolumesAdminNegativeTest:tearDownClass): 204 DELETE http://10.180.1.21/networking/v2.0/routers/df74667f-5e0e-4981-9743-45d8157a622c 0.566s
2025-12-12 19:33:40.787 66133 INFO tempest.lib.common.rest_client [req-d63650ad-6689-479f-81d4-98dcfe6418a3 req-d63650ad-6689-479f-81d4-98dcfe6418a3 ] Request (ListServerFiltersTestJSON:tearDownClass): 204 DELETE http://10.180.1.21/compute/v2.1/servers/cd539d8b-921b-4947-954c-8573380dbdc8 3.853s
2025-12-12 19:33:40.866 66105 INFO tempest.lib.common.rest_client [req-973778f1-2c00-4a6a-ae2c-35f33413f015 req-973778f1-2c00-4a6a-ae2c-35f33413f015 ] Request (VolumesAdminNegativeTest:tearDownClass): 204 DELETE http://10.180.1.21/networking/v2.0/subnets/3bea78f2-b2ac-47e9-bbb0-8ea6332f87a0 0.149s
2025-12-12 19:33:40.897 66091 INFO tempest.lib.common.rest_client [req-c9cc880b-42e7-4875-9b8e-55f0109d1664 req-c9cc880b-42e7-4875-9b8e-55f0109d1664 ] Request (MultipleCreateTestJSON:tearDownClass): 204 DELETE http://10.180.1.21/compute/v2.1/servers/ca67d1a4-d304-4d06-a436-f257b60ca080 3.890s
2025-12-12 19:33:41.184 66137 WARNING tempest.lib.common.ssh [-] Failed to establish authenticated ssh connection to cirros@10.180.180.161 ([Errno None] Unable to connect to port 22 on 10.180.180.161). Number attempts: 7. Retry after 8 seconds.: paramiko.ssh_exception.NoValidConnectionsError: [Errno None] Unable to connect to port 22 on 10.180.180.161
2025-12-12 19:33:41.215 66105 INFO tempest.lib.common.rest_client [req-42e8dac6-18e4-4b04-b1b7-b16112658f64 req-42e8dac6-18e4-4b04-b1b7-b16112658f64 ] Request (VolumesAdminNegativeTest:tearDownClass): 204 DELETE http://10.180.1.21/networking/v2.0/networks/6df2d78e-84d3-4b77-82f2-16924a71f194 0.349s
2025-12-12 19:33:41.240 66135 INFO tempest.lib.common.rest_client [req-520c0e02-0054-4eb0-bb74-c2d5fcd4ed2a req-520c0e02-0054-4eb0-bb74-c2d5fcd4ed2a ] Request (ServersTestBootFromVolume:tearDownClass): 200 GET http://10.180.1.21/compute/v2.1/servers/5a8d4357-4b44-4a19-b1da-42d188c38adc 4.002s
2025-12-12 19:33:41.301 66127 INFO tempest.lib.common.rest_client [req-72170287-7145-4c50-b37d-474e2cebb045 req-72170287-7145-4c50-b37d-474e2cebb045 ] Request (FloatingIPsAssociationTestJSON:test_associate_already_associated_floating_ip): 200 GET http://10.180.1.21/compute/v2.1/servers/65aaa2eb-3ca5-4c2b-92f9-b524366c10dd 4.050s
2025-12-12 19:33:41.341 66105 INFO tempest.lib.common.rest_client [req-5f05756e-ed23-4c9d-b48e-57961cdb87dd req-5f05756e-ed23-4c9d-b48e-57961cdb87dd ] Request (VolumesAdminNegativeTest:tearDownClass): 204 DELETE http://10.180.1.21/identity/v3/users/3e8b52b61d684e98a02a512f0390c72e 0.125s
2025-12-12 19:33:41.402 66073 INFO tempest.lib.common.rest_client [req-b3696506-91c8-4100-96bd-4f4048fb86f5 req-b3696506-91c8-4100-96bd-4f4048fb86f5 ] Request (ServerRescueTestJSONUnderV235:setUpClass): 200 GET http://10.180.1.21/compute/v2.1/servers/3cbbe146-be3a-43d5-867d-4d669884758c 3.622s
2025-12-12 19:33:41.470 66105 INFO tempest.lib.common.rest_client [req-dfe286ce-85c3-44bb-9b45-5990821036e1 req-dfe286ce-85c3-44bb-9b45-5990821036e1 ] Request (VolumesAdminNegativeTest:tearDownClass): 204 DELETE http://10.180.1.21/identity/v3/users/54884c5c2c8645ba999e50faed0313da 0.129s
2025-12-12 19:33:41.593 66105 INFO tempest.lib.common.rest_client [req-d7f809f9-3ede-413a-aa17-ab2bd2cb648f req-d7f809f9-3ede-413a-aa17-ab2bd2cb648f ] Request (VolumesAdminNegativeTest:tearDownClass): 204 DELETE http://10.180.1.21/identity/v3/users/71c2717d62d14ad2b838b70a481d988f 0.122s
2025-12-12 19:33:41.594 66105 INFO tempest.lib.common.dynamic_creds [-] Deleting project and security group for project: 28f789e960d343d78c97f40c72195f60
2025-12-12 19:33:41.596 66097 INFO tempest.lib.common.rest_client [req-735077c5-5dfe-46e5-946a-a13a21563645 req-735077c5-5dfe-46e5-946a-a13a21563645 ] Request (ServersListShow2100Test:test_list_show_rebuild_update_server_2100): 200 GET http://10.180.1.21/compute/v2.1/servers/detail 3.523s
2025-12-12 19:33:41.628 66105 INFO tempest.lib.common.rest_client [req-47a89b48-458f-45a2-90d1-d3385121aac6 req-47a89b48-458f-45a2-90d1-d3385121aac6 ] Request (VolumesAdminNegativeTest:tearDownClass): 200 GET http://10.180.1.21/networking/v2.0/security-groups?tenant_id=28f789e960d343d78c97f40c72195f60&name=default 0.034s
2025-12-12 19:33:41.629 66131 INFO tempest.lib.common.rest_client [req-645c8c71-cd4d-4583-8270-b88bb6120d10 req-645c8c71-cd4d-4583-8270-b88bb6120d10 ] Request (ImagesTestJSON:test_create_server_from_snapshot): 202 POST http://10.180.1.21/compute/v2.1/servers 4.654s
2025-12-12 19:33:41.656 66077 INFO tempest.lib.common.rest_client [req-1d340ea5-c2d9-4539-b0ea-076ccd7023d3 req-1d340ea5-c2d9-4539-b0ea-076ccd7023d3 ] Request (ServersAdminNegativeTestJSON:tearDownClass): 404 GET http://10.180.1.21/compute/v2.1/servers/423af936-a383-4652-8887-9c8b8f507909 2.978s
2025-12-12 19:33:41.693 66125 INFO tempest.lib.common.rest_client [req-6cbb570d-6ca8-4a7e-a7fe-1802af578a85 req-6cbb570d-6ca8-4a7e-a7fe-1802af578a85 ] Request (ServersNegativeTestMultiTenantJSON:setUpClass): 200 GET http://10.180.1.21/compute/v2.1/servers/018c8ac5-66c4-4a9a-ab45-85e84f92b4fe 3.361s
2025-12-12 19:33:41.745 66105 INFO tempest.lib.common.rest_client [req-d2f8307d-823d-4529-8073-06a789de628d req-d2f8307d-823d-4529-8073-06a789de628d ] Request (VolumesAdminNegativeTest:tearDownClass): 204 DELETE http://10.180.1.21/networking/v2.0/security-groups/d9b5d758-3959-4bb2-9c09-33bb68905a9d 0.116s
2025-12-12 19:33:41.768 66089 INFO tempest.lib.common.rest_client [req-89a26aa4-9835-45f0-962d-6960f58f9d06 req-89a26aa4-9835-45f0-962d-6960f58f9d06 ] Request (ServersV294TestFqdnHostnames:setUpClass): 200 GET http://10.180.1.21/compute/v2.1/servers/c8be64a3-1bfa-41a3-b9be-68a7e6e052e0 2.837s
2025-12-12 19:33:41.788 66075 INFO tempest.lib.common.rest_client [req-56b9e20a-aa9d-41ab-81a2-683cda3e5044 req-56b9e20a-aa9d-41ab-81a2-683cda3e5044 ] Request (MigrationsAdminTest:test_resize_server_revert_deleted_flavor): 200 GET http://10.180.1.21/compute/v2.1/servers/76249623-6f83-46a3-b8c5-c001111aa698 2.631s
2025-12-12 19:33:41.858 66083 INFO tempest.lib.common.rest_client [req-805120bf-4d8f-4878-b176-fa927ae29ccc req-805120bf-4d8f-4878-b176-fa927ae29ccc ] Request (ServersAaction247Test:test_create_backup): 200 GET http://10.180.1.21/compute/v2.1/servers/ad48cadd-9bb6-4191-a68a-5c8fdaeebd44 2.618s
2025-12-12 19:33:41.907 66129 INFO tempest.lib.common.rest_client [req-34b3b04b-f225-4264-8873-c630fba11520 req-34b3b04b-f225-4264-8873-c630fba11520 ] Request (ServerRescueNegativeTestJSON:setUpClass): 200 GET http://10.180.1.21/compute/v2.1/servers/9fc0c9ee-9dc7-4059-b8d2-a5db965e00c2 2.331s
2025-12-12 19:33:41.919 66105 INFO tempest.lib.common.rest_client [req-206d51ad-b1cf-4a72-8acc-f5da390861f8 req-206d51ad-b1cf-4a72-8acc-f5da390861f8 ] Request (VolumesAdminNegativeTest:tearDownClass): 204 DELETE http://10.180.1.21/identity/v3/projects/28f789e960d343d78c97f40c72195f60 0.173s
2025-12-12 19:33:41.919 66105 INFO tempest.lib.common.dynamic_creds [-] Deleting project and security group for project: 33d7ed4a125d4cc2ae93fbe4085f66d7
2025-12-12 19:33:41.939 66104 INFO tempest.lib.common.rest_client [req-04bf7a3e-96ef-4f1b-9f61-f2096955be65 req-04bf7a3e-96ef-4f1b-9f61-f2096955be65 ] Request (ListServersNegativeTestJSON:tearDownClass): 404 GET http://10.180.1.21/compute/v2.1/servers/3a60b719-9db7-436e-9908-25f6a233c465 1.284s
2025-12-12 19:33:41.999 66105 INFO tempest.lib.common.rest_client [req-896a0d8e-49c7-4285-bbcd-e9af07b906d0 req-896a0d8e-49c7-4285-bbcd-e9af07b906d0 ] Request (VolumesAdminNegativeTest:tearDownClass): 200 GET http://10.180.1.21/networking/v2.0/security-groups?tenant_id=33d7ed4a125d4cc2ae93fbe4085f66d7&name=default 0.079s
2025-12-12 19:33:42.329 66105 INFO tempest.lib.common.rest_client [req-8ba35c43-b9cc-4946-9079-8cb32cc08dae req-8ba35c43-b9cc-4946-9079-8cb32cc08dae ] Request (VolumesAdminNegativeTest:tearDownClass): 204 DELETE http://10.180.1.21/networking/v2.0/security-groups/20b78b38-b275-4e73-8172-e6cb57626d98 0.330s
2025-12-12 19:33:42.468 66105 INFO tempest.lib.common.rest_client [req-6df671d1-9159-4b3e-a5a6-4df2f948d74b req-6df671d1-9159-4b3e-a5a6-4df2f948d74b ] Request (VolumesAdminNegativeTest:tearDownClass): 204 DELETE http://10.180.1.21/identity/v3/projects/33d7ed4a125d4cc2ae93fbe4085f66d7 0.138s
2025-12-12 19:33:42.468 66105 INFO tempest.lib.common.dynamic_creds [-] Deleting project and security group for project: d60eb08f4afc4c94a46a691be9e75c7f
2025-12-12 19:33:42.806 66104 INFO tempest.lib.common.rest_client [req-0984d804-24dd-4792-a6aa-03a038253707 req-0984d804-24dd-4792-a6aa-03a038253707 ] Request (ListServersNegativeTestJSON:tearDownClass): 200 PUT http://10.180.1.21/networking/v2.0/routers/24c7f39b-2441-420e-8448-34b898b00a0a/remove_router_interface 0.867s
2025-12-12 19:33:42.837 66081 INFO tempest.lib.common.rest_client [req-22bd1452-e383-4136-a250-4e2f7e455e01 req-22bd1452-e383-4136-a250-4e2f7e455e01 ] Request (ServersAdminTestJSON:test_create_server_with_scheduling_hint): 200 GET http://10.180.1.21/compute/v2.1/servers/c108f2a5-031b-47ee-9a5b-d62c2f42c26b 2.446s
2025-12-12 19:33:42.931 66133 INFO tempest.lib.common.rest_client [req-4b9b1892-2796-46de-8484-a0154bbc9821 req-4b9b1892-2796-46de-8484-a0154bbc9821 ] Request (ListServerFiltersTestJSON:tearDownClass): 200 GET http://10.180.1.21/compute/v2.1/servers/cd539d8b-921b-4947-954c-8573380dbdc8 2.143s
2025-12-12 19:33:42.954 66105 INFO tempest.lib.common.rest_client [req-cf0cfd99-2f7f-423b-a331-ffb7b09f5fc7 req-cf0cfd99-2f7f-423b-a331-ffb7b09f5fc7 ] Request (VolumesAdminNegativeTest:tearDownClass): 200 GET http://10.180.1.21/networking/v2.0/security-groups?tenant_id=d60eb08f4afc4c94a46a691be9e75c7f&name=default 0.486s
2025-12-12 19:33:42.976 66091 INFO tempest.lib.common.rest_client [req-a78d739e-5974-49c3-a6f0-74e291b9e87b req-a78d739e-5974-49c3-a6f0-74e291b9e87b ] Request (MultipleCreateTestJSON:tearDownClass): 204 DELETE http://10.180.1.21/compute/v2.1/servers/02351120-8385-4403-8464-a154f3da9380 2.078s
2025-12-12 19:33:43.364 66104 INFO tempest.lib.common.rest_client [req-a00b792f-e667-4881-a76e-fce8458890ab req-a00b792f-e667-4881-a76e-fce8458890ab ] Request (ListServersNegativeTestJSON:tearDownClass): 204 DELETE http://10.180.1.21/networking/v2.0/routers/24c7f39b-2441-420e-8448-34b898b00a0a 0.558s
2025-12-12 19:33:43.487 66105 INFO tempest.lib.common.rest_client [req-6fa64c6f-e926-43ed-806a-73116b63693d req-6fa64c6f-e926-43ed-806a-73116b63693d ] Request (VolumesAdminNegativeTest:tearDownClass): 204 DELETE http://10.180.1.21/networking/v2.0/security-groups/c9b19fb4-9b34-4273-a8d3-dbe1ccf5b0e9 0.532s
2025-12-12 19:33:43.603 66105 INFO tempest.lib.common.rest_client [req-7a11fdc0-2b31-4fe1-a048-c9af3ade43ec req-7a11fdc0-2b31-4fe1-a048-c9af3ade43ec ] Request (VolumesAdminNegativeTest:tearDownClass): 204 DELETE http://10.180.1.21/identity/v3/projects/d60eb08f4afc4c94a46a691be9e75c7f 0.115s
2025-12-12 19:33:43.662 66105 INFO tempest.lib.common.rest_client [req-f9d61f64-48a0-49fa-a432-26067a00519e req-f9d61f64-48a0-49fa-a432-26067a00519e ] Request (FloatingIPsTestJSON:setUpClass): 201 POST http://10.180.1.21/identity/v3/auth/tokens 0.058s
2025-12-12 19:33:43.693 66105 INFO tempest.lib.common.rest_client [req-129c51f3-4470-4a01-a5ea-773e6c13372c req-129c51f3-4470-4a01-a5ea-773e6c13372c ] Request (FloatingIPsTestJSON:setUpClass): 201 POST http://10.180.1.21/identity/v3/auth/tokens 0.027s
2025-12-12 19:33:43.715 66104 INFO tempest.lib.common.rest_client [req-d5889e3b-609b-42df-a358-6a80c8b6d560 req-d5889e3b-609b-42df-a358-6a80c8b6d560 ] Request (ListServersNegativeTestJSON:tearDownClass): 204 DELETE http://10.180.1.21/networking/v2.0/subnets/33c38e3a-678a-449b-bd1c-457e7562475e 0.350s
2025-12-12 19:33:43.731 66105 INFO tempest.lib.common.rest_client [req-ff92655e-262d-4e1a-8ab0-614d0a3e28b6 req-ff92655e-262d-4e1a-8ab0-614d0a3e28b6 ] Request (FloatingIPsTestJSON:setUpClass): 200 GET http://10.180.1.21/identity/v3/domains?name=Default 0.038s
2025-12-12 19:33:43.759 66105 INFO tempest.lib.common.rest_client [req-899b958d-ee1b-454d-a0f9-e422de9ecf09 req-899b958d-ee1b-454d-a0f9-e422de9ecf09 ] Request (FloatingIPsTestJSON:setUpClass): 201 POST http://10.180.1.21/identity/v3/projects 0.027s
2025-12-12 19:33:43.821 66105 INFO tempest.lib.common.rest_client [req-e64c9c1d-2e5a-4247-92fa-0166e79b3896 req-e64c9c1d-2e5a-4247-92fa-0166e79b3896 ] Request (FloatingIPsTestJSON:setUpClass): 201 POST http://10.180.1.21/identity/v3/users 0.061s
2025-12-12 19:33:43.843 66105 INFO tempest.lib.common.rest_client [req-d4229998-a93f-4aef-a0c7-e2d061ac3375 req-d4229998-a93f-4aef-a0c7-e2d061ac3375 ] Request (FloatingIPsTestJSON:setUpClass): 200 GET http://10.180.1.21/identity/v3/roles 0.021s
2025-12-12 19:33:43.892 66105 INFO tempest.lib.common.rest_client [req-40e0c488-b296-43e2-8084-9875d8285b6f req-40e0c488-b296-43e2-8084-9875d8285b6f ] Request (FloatingIPsTestJSON:setUpClass): 204 PUT http://10.180.1.21/identity/v3/projects/e57bbe7ff978483f906e5e580ac5f050/users/233d1d132c42475ba20b40079e277ca0/roles/e7e85ae9d7ea4bf3a732f294b69863ce 0.049s
2025-12-12 19:33:43.893 66105 INFO tempest.lib.common.dynamic_creds [-] Dynamic test user 233d1d132c42475ba20b40079e277ca0 is created with scope project and roles: ['member']
2025-12-12 19:33:43.893 66105 INFO tempest.lib.common.dynamic_creds [-] Acquired dynamic creds: credentials: Credentials: {'domain_id': 'default', 'domain_name': 'Default', 'username': 'tempest-FloatingIPsTestJSON-1720624859-project-member', 'project_domain_id': 'default', 'project_domain_name': 'Default', 'project_id': 'e57bbe7ff978483f906e5e580ac5f050', 'project_name': 'tempest-FloatingIPsTestJSON-1720624859', 'tenant_id': 'e57bbe7ff978483f906e5e580ac5f050', 'tenant_name': 'tempest-FloatingIPsTestJSON-1720624859', 'user_domain_id': 'default', 'user_domain_name': 'Default', 'user_id': '233d1d132c42475ba20b40079e277ca0', 'system': None}, Network: None, Subnet: None, Router: None
