2025-12-12 19:31:53.387 66095 INFO tempest.lib.common.dynamic_creds [-] Acquired dynamic creds: credentials: Credentials: {'domain_id': 'default', 'domain_name': 'Default', 'username': 'tempest-ServerExternalEventsTest-1845125219-project-member', 'project_domain_id': 'default', 'project_domain_name': 'Default', 'project_id': 'fddc635807d54dc0a5b4f2f732ba6962', 'project_name': 'tempest-ServerExternalEventsTest-1845125219', 'tenant_id': 'fddc635807d54dc0a5b4f2f732ba6962', 'tenant_name': 'tempest-ServerExternalEventsTest-1845125219', 'user_domain_id': 'default', 'user_domain_name': 'Default', 'user_id': '350d7f349eff4bcebe467567649678e0', 'system': None}, Network: None, Subnet: None, Router: None
2025-12-12 19:31:53.388 66095 INFO tempest.lib.common.dynamic_creds [-] Created isolated network resources for: credentials: Credentials: {'domain_id': 'default', 'domain_name': 'Default', 'username': 'tempest-ServerExternalEventsTest-1845125219-project-member', 'project_domain_id': 'default', 'project_domain_name': 'Default', 'project_id': 'fddc635807d54dc0a5b4f2f732ba6962', 'project_name': 'tempest-ServerExternalEventsTest-1845125219', 'tenant_id': 'fddc635807d54dc0a5b4f2f732ba6962', 'tenant_name': 'tempest-ServerExternalEventsTest-1845125219', 'user_domain_id': 'default', 'user_domain_name': 'Default', 'user_id': '350d7f349eff4bcebe467567649678e0', 'system': None}, Network: None, Subnet: None, Router: None
2025-12-12 19:31:53.508 66095 INFO tempest.lib.common.rest_client [req-088423d5-4853-43a3-a5e0-f4bc96004a15 req-088423d5-4853-43a3-a5e0-f4bc96004a15 ] Request (ServerExternalEventsTest:setUpClass): 201 POST http://10.180.1.21/identity/v3/auth/tokens 0.115s
2025-12-12 19:31:53.599 66095 INFO tempest.lib.common.rest_client [req-55a6c496-346d-4038-a0f1-7415b00877a5 req-55a6c496-346d-4038-a0f1-7415b00877a5 ] Request (ServerExternalEventsTest:setUpClass): 201 POST http://10.180.1.21/identity/v3/projects 0.090s
2025-12-12 19:31:53.661 66087 INFO tempest.lib.common.rest_client [req-0b62f9fa-9513-4c63-869e-1d099f185ba6 req-0b62f9fa-9513-4c63-869e-1d099f185ba6 ] Request (ServerDiagnosticsTest:test_get_server_diagnostics): 200 GET http://10.180.1.21/compute/v2.1/servers/de5cad99-1dbc-4435-98b4-987e24ba8c3c 3.592s
2025-12-12 19:31:53.669 66087 INFO tempest.common.waiters [-] State transition "BUILD/spawning" ==> "ACTIVE/None" after 39 second wait
2025-12-12 19:31:53.673 66095 INFO tempest.lib.common.rest_client [req-7755b434-c40b-4b38-8b65-e06f38958d63 req-7755b434-c40b-4b38-8b65-e06f38958d63 ] Request (ServerExternalEventsTest:setUpClass): 201 POST http://10.180.1.21/identity/v3/users 0.072s
2025-12-12 19:31:53.703 66095 INFO tempest.lib.common.rest_client [req-005f1e7f-e8f6-4ec9-bbb7-b0df0ceceb6b req-005f1e7f-e8f6-4ec9-bbb7-b0df0ceceb6b ] Request (ServerExternalEventsTest:setUpClass): 200 GET http://10.180.1.21/identity/v3/roles 0.030s
2025-12-12 19:31:53.731 66095 INFO tempest.lib.common.rest_client [req-4fe0ce6f-b0df-4886-aced-0b323664e6a0 req-4fe0ce6f-b0df-4886-aced-0b323664e6a0 ] Request (ServerExternalEventsTest:setUpClass): 204 PUT http://10.180.1.21/identity/v3/projects/14b5000ca2c74febbcf8cc7dc0dd21f0/users/01d1a189cb3b4c2b93f9bfb0bae16767/roles/d0417ab64a064acb8ea16363d89c25ab 0.027s
2025-12-12 19:31:53.819 66095 INFO tempest.lib.common.rest_client [req-cf042ce1-b561-481a-a8dc-5c7bb859814c req-cf042ce1-b561-481a-a8dc-5c7bb859814c ] Request (ServerExternalEventsTest:setUpClass): 200 GET http://10.180.1.21/identity/v3/roles 0.087s
2025-12-12 19:31:53.840 66095 INFO tempest.lib.common.rest_client [req-0e38044b-01aa-4c52-96d5-6bf5353812f7 req-0e38044b-01aa-4c52-96d5-6bf5353812f7 ] Request (ServerExternalEventsTest:setUpClass): 204 PUT http://10.180.1.21/identity/v3/projects/14b5000ca2c74febbcf8cc7dc0dd21f0/users/01d1a189cb3b4c2b93f9bfb0bae16767/roles/d0417ab64a064acb8ea16363d89c25ab 0.020s
2025-12-12 19:31:53.840 66095 INFO tempest.lib.common.dynamic_creds [-] Dynamic test user 01d1a189cb3b4c2b93f9bfb0bae16767 is created with scope project and roles: ['admin']
2025-12-12 19:31:53.840 66095 INFO tempest.lib.common.dynamic_creds [-] Acquired dynamic creds: credentials: Credentials: {'domain_id': 'default', 'domain_name': 'Default', 'username': 'tempest-ServerExternalEventsTest-980803846-project-admin', 'project_domain_id': 'default', 'project_domain_name': 'Default', 'project_id': '14b5000ca2c74febbcf8cc7dc0dd21f0', 'project_name': 'tempest-ServerExternalEventsTest-980803846', 'tenant_id': '14b5000ca2c74febbcf8cc7dc0dd21f0', 'tenant_name': 'tempest-ServerExternalEventsTest-980803846', 'user_domain_id': 'default', 'user_domain_name': 'Default', 'user_id': '01d1a189cb3b4c2b93f9bfb0bae16767', 'system': None}, Network: None, Subnet: None, Router: None
2025-12-12 19:31:53.840 66095 INFO tempest.lib.common.dynamic_creds [-] Created isolated network resources for: credentials: Credentials: {'domain_id': 'default', 'domain_name': 'Default', 'username': 'tempest-ServerExternalEventsTest-980803846-project-admin', 'project_domain_id': 'default', 'project_domain_name': 'Default', 'project_id': '14b5000ca2c74febbcf8cc7dc0dd21f0', 'project_name': 'tempest-ServerExternalEventsTest-980803846', 'tenant_id': '14b5000ca2c74febbcf8cc7dc0dd21f0', 'tenant_name': 'tempest-ServerExternalEventsTest-980803846', 'user_domain_id': 'default', 'user_domain_name': 'Default', 'user_id': '01d1a189cb3b4c2b93f9bfb0bae16767', 'system': None}, Network: None, Subnet: None, Router: None
2025-12-12 19:31:53.924 66095 INFO tempest.lib.common.rest_client [req-0e5381f9-2e13-4269-a574-6aaa935621f5 req-0e5381f9-2e13-4269-a574-6aaa935621f5 ] Request (ServerExternalEventsTest:setUpClass): 201 POST http://10.180.1.21/identity/v3/auth/tokens 0.081s
2025-12-12 19:31:53.924 66113 INFO tempest.lib.common.rest_client [req-9478a000-0678-4674-bcd3-3fc257446294 req-9478a000-0678-4674-bcd3-3fc257446294 ] Request (SecurityGroupsNegativeTestJSON:setUpClass): 200 PUT http://10.180.1.21/networking/v2.0/routers/216a59ed-9c39-4fd4-bb2a-4e10c892eb99/add_router_interface 1.560s
2025-12-12 19:31:53.925 66113 INFO tempest.lib.common.dynamic_creds [-] Created isolated network resources for: credentials: Credentials: {'domain_id': 'default', 'domain_name': 'Default', 'username': 'tempest-SecurityGroupsNegativeTestJSON-1450488552-project-member', 'project_domain_id': 'default', 'project_domain_name': 'Default', 'project_id': 'b3d0eefc01f94794a09257c28c516d9a', 'project_name': 'tempest-SecurityGroupsNegativeTestJSON-1450488552', 'tenant_id': 'b3d0eefc01f94794a09257c28c516d9a', 'tenant_name': 'tempest-SecurityGroupsNegativeTestJSON-1450488552', 'user_domain_id': 'default', 'user_domain_name': 'Default', 'user_id': '55999ccb640044bda09c9400b5c8f27b', 'system': None}, Network: {'id': 'c31c7fdc-8390-46f1-aec9-08bc5e249b33', 'name': 'tempest-SecurityGroupsNegativeTestJSON-1691986691-network', 'tenant_id': 'b3d0eefc01f94794a09257c28c516d9a', 'project_id': 'b3d0eefc01f94794a09257c28c516d9a', 'admin_state_up': True, 'mtu': 8950, 'status': 'ACTIVE', 'subnets': [], 'shared': False, 'port_security_enabled': True, 'router:external': False, 'provider:network_type': 'vlan', 'provider:physical_network': 'default', 'provider:segmentation_id': 291, 'availability_zone_hints': [], 'availability_zones': [], 'ipv4_address_scope': None, 'ipv6_address_scope': None, 'description': '', 'tags': [], 'created_at': '2025-12-12T19:31:50Z', 'updated_at': '2025-12-12T19:31:50Z', 'revision_number': 1}, Subnet: {'id': '20c922c9-922a-4ac9-ba4d-5405c1551c44', 'name': 'tempest-SecurityGroupsNegativeTestJSON-1691986691-subnet', 'tenant_id': 'b3d0eefc01f94794a09257c28c516d9a', 'network_id': 'c31c7fdc-8390-46f1-aec9-08bc5e249b33', 'ip_version': 4, 'subnetpool_id': None, 'enable_dhcp': True, 'ipv6_ra_mode': None, 'ipv6_address_mode': None, 'gateway_ip': '192.168.128.1', 'cidr': '192.168.128.0/28', 'allocation_pools': [{'start': '192.168.128.2', 'end': '192.168.128.14'}], 'host_routes': [], 'dns_nameservers': [], 'description': '', 'router:external': False, 'service_types': [], 'tags': [], 'created_at': '2025-12-12T19:31:51Z', 'updated_at': '2025-12-12T19:31:51Z', 'revision_number': 0, 'project_id': 'b3d0eefc01f94794a09257c28c516d9a'}, Router: {'id': '216a59ed-9c39-4fd4-bb2a-4e10c892eb99', 'name': 'tempest-SecurityGroupsNegativeTestJSON-1691986691-router', 'tenant_id': 'b3d0eefc01f94794a09257c28c516d9a', 'admin_state_up': True, 'status': 'ACTIVE', 'external_gateway_info': {'network_id': '75540bca-3cc6-4e2c-a8d3-4f7162ec8f23', 'external_fixed_ips': [{'subnet_id': 'd8a813df-3603-4e25-814f-5f5046c615d1', 'ip_address': '10.180.180.216'}], 'enable_snat': True}, 'description': '', 'availability_zones': [], 'distributed': False, 'ha': False, 'availability_zone_hints': [], 'routes': [], 'flavor_id': None, 'tags': [], 'created_at': '2025-12-12T19:31:51Z', 'updated_at': '2025-12-12T19:31:52Z', 'revision_number': 2, 'project_id': 'b3d0eefc01f94794a09257c28c516d9a'}
2025-12-12 19:31:54.007 66095 INFO tempest.lib.common.rest_client [req-30a1f121-7367-4f2d-89e7-1419eb6c79d6 req-30a1f121-7367-4f2d-89e7-1419eb6c79d6 ] Request (ServerExternalEventsTest:setUpClass): 201 POST http://10.180.1.21/identity/v3/projects 0.082s
2025-12-12 19:31:54.020 66113 INFO tempest.lib.common.rest_client [req-3e864059-a677-4e5f-b438-5d34c1aa8a03 req-3e864059-a677-4e5f-b438-5d34c1aa8a03 ] Request (SecurityGroupsNegativeTestJSON:setUpClass): 201 POST http://10.180.1.21/identity/v3/auth/tokens 0.092s
2025-12-12 19:31:54.072 66095 INFO tempest.lib.common.rest_client [req-dd87b44a-dca3-4eb6-8d39-9c8b1e3aa2a8 req-dd87b44a-dca3-4eb6-8d39-9c8b1e3aa2a8 ] Request (ServerExternalEventsTest:setUpClass): 201 POST http://10.180.1.21/identity/v3/users 0.064s
2025-12-12 19:31:54.087 66075 INFO tempest.lib.common.rest_client [req-8a09470f-462a-4865-a323-5c6fad110aa1 req-8a09470f-462a-4865-a323-5c6fad110aa1 ] Request (MigrationsAdminTest:test_list_migrations_in_flavor_resize_situation): 200 GET http://10.180.1.21/compute/v2.1/servers/0e064341-4e4a-407b-8c26-3eb04b409029 3.718s
2025-12-12 19:31:54.098 66075 INFO tempest.common.waiters [-] State transition "RESIZE/resize_migrating" ==> "RESIZE/resize_migrated" after 30 second wait
2025-12-12 19:31:54.101 66095 INFO tempest.lib.common.rest_client [req-2b502915-6517-43f1-9821-8424ea5ba80b req-2b502915-6517-43f1-9821-8424ea5ba80b ] Request (ServerExternalEventsTest:setUpClass): 200 GET http://10.180.1.21/identity/v3/roles 0.028s
2025-12-12 19:31:54.135 66095 INFO tempest.lib.common.rest_client [req-fb7c01e8-15b5-415a-b61a-d9910cfd2cfb req-fb7c01e8-15b5-415a-b61a-d9910cfd2cfb ] Request (ServerExternalEventsTest:setUpClass): 204 PUT http://10.180.1.21/identity/v3/projects/357f26b9cc6a42128d79a9ec526df191/users/6c5d6976000d4a5db244d89110e66c89/roles/d0417ab64a064acb8ea16363d89c25ab 0.034s
2025-12-12 19:31:54.192 66095 INFO tempest.lib.common.rest_client [req-f1f03483-f142-4732-819d-3dc7aaeeb582 req-f1f03483-f142-4732-819d-3dc7aaeeb582 ] Request (ServerExternalEventsTest:setUpClass): 200 GET http://10.180.1.21/identity/v3/roles 0.057s
2025-12-12 19:31:54.203 66133 INFO tempest.lib.common.rest_client [req-9e257dc2-6115-4bb1-9e6c-91d7d8ad6b1d req-9e257dc2-6115-4bb1-9e6c-91d7d8ad6b1d ] Request (ListServerFiltersTestJSON:setUpClass): 200 GET http://10.180.1.21/compute/v2.1/servers/04ffdf80-c54c-4587-9bb4-d520dc440501 3.811s
2025-12-12 19:31:54.212 66133 INFO tempest.common.waiters [-] State transition "BUILD/spawning" ==> "ACTIVE/None" after 39 second wait
2025-12-12 19:31:54.219 66127 INFO tempest.lib.common.rest_client [req-0bb6c15a-4a9c-40bb-a270-77e65056e116 req-0bb6c15a-4a9c-40bb-a270-77e65056e116 ] Request (FloatingIPsAssociationTestJSON:setUpClass): 200 GET http://10.180.1.21/compute/v2.1/servers/d7905c4f-1ba3-43b3-b4b3-aebacd2f9cc3 3.790s
2025-12-12 19:31:54.219 66095 INFO tempest.lib.common.rest_client [req-e59b95a9-e45c-4de0-801b-f2db497688db req-e59b95a9-e45c-4de0-801b-f2db497688db ] Request (ServerExternalEventsTest:setUpClass): 204 PUT http://10.180.1.21/identity/v3/projects/357f26b9cc6a42128d79a9ec526df191/users/6c5d6976000d4a5db244d89110e66c89/roles/2fd667524439412791798a8c20685f85 0.026s
2025-12-12 19:31:54.219 66095 INFO tempest.lib.common.dynamic_creds [-] Dynamic test user 6c5d6976000d4a5db244d89110e66c89 is created with scope project and roles: ['admin', 'service']
2025-12-12 19:31:54.219 66095 INFO tempest.lib.common.dynamic_creds [-] Acquired dynamic creds: credentials: Credentials: {'domain_id': 'default', 'domain_name': 'Default', 'username': 'tempest-ServerExternalEventsTest-1019349750-project', 'project_domain_id': 'default', 'project_domain_name': 'Default', 'project_id': '357f26b9cc6a42128d79a9ec526df191', 'project_name': 'tempest-ServerExternalEventsTest-1019349750', 'tenant_id': '357f26b9cc6a42128d79a9ec526df191', 'tenant_name': 'tempest-ServerExternalEventsTest-1019349750', 'user_domain_id': 'default', 'user_domain_name': 'Default', 'user_id': '6c5d6976000d4a5db244d89110e66c89', 'system': None}, Network: None, Subnet: None, Router: None
2025-12-12 19:31:54.220 66095 INFO tempest.lib.common.dynamic_creds [-] Created isolated network resources for: credentials: Credentials: {'domain_id': 'default', 'domain_name': 'Default', 'username': 'tempest-ServerExternalEventsTest-1019349750-project', 'project_domain_id': 'default', 'project_domain_name': 'Default', 'project_id': '357f26b9cc6a42128d79a9ec526df191', 'project_name': 'tempest-ServerExternalEventsTest-1019349750', 'tenant_id': '357f26b9cc6a42128d79a9ec526df191', 'tenant_name': 'tempest-ServerExternalEventsTest-1019349750', 'user_domain_id': 'default', 'user_domain_name': 'Default', 'user_id': '6c5d6976000d4a5db244d89110e66c89', 'system': None}, Network: None, Subnet: None, Router: None
2025-12-12 19:31:54.233 66127 INFO tempest.common.waiters [-] State transition "BUILD/scheduling" ==> "BUILD/None" after 10 second wait
2025-12-12 19:31:54.303 66095 INFO tempest.lib.common.rest_client [req-f7faa039-5692-44e3-9f7d-1138dc2eff1c req-f7faa039-5692-44e3-9f7d-1138dc2eff1c ] Request (ServerExternalEventsTest:setUpClass): 201 POST http://10.180.1.21/identity/v3/auth/tokens 0.078s
2025-12-12 19:31:54.501 66095 INFO tempest.lib.common.rest_client [req-59b8153f-317f-4a75-b36e-5dad90fb3984 req-59b8153f-317f-4a75-b36e-5dad90fb3984 ] Request (ServerExternalEventsTest:test_create_server_external_events): 201 POST http://10.180.1.21/identity/v3/auth/tokens 0.195s
2025-12-12 19:31:54.501 66095 INFO tempest.lib.common.fixed_network [-] (ServerExternalEventsTest:test_create_server_external_events) Found network None available for tenant
2025-12-12 19:31:54.509 66081 INFO tempest.lib.common.rest_client [req-66dbee15-dab4-4d3c-9f43-5e4200b6431e req-66dbee15-dab4-4d3c-9f43-5e4200b6431e ] Request (ServersAdminTestJSON:setUpClass): 200 GET http://10.180.1.21/compute/v2.1/servers/274ab469-61a9-4b7e-852c-074c871e3abf 3.905s
2025-12-12 19:31:54.529 66119 INFO tempest.lib.common.rest_client [req-2797c047-6148-4a0b-affa-a839ebfe912b req-2797c047-6148-4a0b-affa-a839ebfe912b ] Request (ServersListShow298Test:test_list_show_update_rebuild_server_298): 200 GET http://10.180.1.21/compute/v2.1/servers/ddd36db0-28ad-4582-994b-7eef8b08ed46 4.012s
2025-12-12 19:31:54.758 66105 INFO tempest.lib.common.rest_client [req-4b4e7872-101f-43be-9f68-3ad1449b9458 req-4b4e7872-101f-43be-9f68-3ad1449b9458 ] Request (VolumesAdminNegativeTest:test_update_attached_volume_with_nonexistent_volume_in_uri): 200 GET http://10.180.1.21/compute/v2.1/servers/30b17a17-229c-4ca7-9ae6-c67ccdcd3963 4.134s
2025-12-12 19:31:54.771 66137 INFO tempest.lib.common.rest_client [req-73200fbb-622b-4420-b632-780ac70d2c35 req-73200fbb-622b-4420-b632-780ac70d2c35 ] Request (AttachInterfacesTestJSON:test_create_list_show_delete_interfaces_by_fixed_ip): 200 GET http://10.180.1.21/compute/v2.1/servers/49bcab1f-7b64-4999-abff-37771c58a271 4.082s
2025-12-12 19:31:54.853 66089 INFO tempest.lib.common.rest_client [req-86077ef5-6fd1-4eb2-88ff-67046eeac5b4 req-86077ef5-6fd1-4eb2-88ff-67046eeac5b4 ] Request (AttachInterfacesV270Test:test_create_get_list_interfaces): 200 GET http://10.180.1.21/compute/v2.1/servers/c977257e-dce0-4ecc-b42b-0f6ebab38797 3.993s
2025-12-12 19:31:54.868 66077 INFO tempest.lib.common.rest_client [req-226dc144-5422-4c9c-a2f8-2b86e7f29c33 req-226dc144-5422-4c9c-a2f8-2b86e7f29c33 ] Request (ServersAdminNegativeTestJSON:test_migrate_server_invalid_state): 200 GET http://10.180.1.21/compute/v2.1/servers/423af936-a383-4652-8887-9c8b8f507909 3.983s
2025-12-12 19:31:54.986 66091 INFO tempest.lib.common.rest_client [req-6bba8c20-4094-4085-a12a-f86cbdc5675b req-6bba8c20-4094-4085-a12a-f86cbdc5675b ] Request (MultipleCreateTestJSON:_run_cleanups): 200 GET http://10.180.1.21/compute/v2.1/servers/8493ba52-b950-4727-970a-19b1797b2ca1 3.423s
2025-12-12 19:31:55.015 66104 INFO tempest.lib.common.rest_client [req-ac87d23a-ef2f-4a89-92b2-0936ea3e32eb req-ac87d23a-ef2f-4a89-92b2-0936ea3e32eb ] Request (ListServersNegativeTestJSON:setUpClass): 200 GET http://10.180.1.21/compute/v2.1/servers/3a60b719-9db7-436e-9908-25f6a233c465 3.991s
2025-12-12 19:31:55.044 66097 INFO tempest.lib.common.rest_client [req-d8444bc9-1748-4dee-9674-91e47cebf9f2 req-d8444bc9-1748-4dee-9674-91e47cebf9f2 ] Request (FlavorsV2TestJSON:test_list_flavors_detailed_limit_results): 200 GET http://10.180.1.21/compute/v2.1/flavors/detail?limit=1 3.046s
2025-12-12 19:31:55.100 66125 INFO tempest.lib.common.rest_client [req-fe387676-12c6-48c7-800e-c10e322b93b6 req-fe387676-12c6-48c7-800e-c10e322b93b6 ] Request (ServerGroupTestJSON:test_create_server_with_scheduler_hint_group): 200 GET http://10.180.1.21/compute/v2.1/servers/c2929727-a7ea-4f63-997d-474c29a305fc 3.338s
2025-12-12 19:31:55.111 66125 INFO tempest.common.waiters [-] State transition "BUILD/scheduling" ==> "BUILD/None" after 12 second wait
2025-12-12 19:31:55.116 66135 INFO tempest.lib.common.rest_client [req-ce2e820e-8174-4ff2-9e27-06fe10c2a205 req-ce2e820e-8174-4ff2-9e27-06fe10c2a205 ] Request (ServersTestBootFromVolume:setUpClass): 200 GET http://10.180.1.21/compute/v2.1/servers/5a8d4357-4b44-4a19-b1da-42d188c38adc 3.096s
2025-12-12 19:31:55.124 66107 INFO tempest.lib.common.rest_client [req-9ba7a950-c8f1-457e-b77c-412009dc0004 req-9ba7a950-c8f1-457e-b77c-412009dc0004 ] Request (FlavorsAdminTestJSON:_run_cleanups): 202 DELETE http://10.180.1.21/compute/v2.1/flavors/816555696 3.041s
2025-12-12 19:31:55.126 66135 INFO tempest.common.waiters [-] State transition "BUILD/scheduling" ==> "BUILD/None" after 32 second wait
2025-12-12 19:31:55.141 66129 INFO tempest.lib.common.rest_client [req-b6b51689-d41f-4254-9bb4-66c80da5b7ca req-b6b51689-d41f-4254-9bb4-66c80da5b7ca ] Request (AggregatesAdminNegativeTestJSON:_run_cleanups): 200 DELETE http://10.180.1.21/compute/v2.1/os-aggregates/5 2.992s
2025-12-12 19:31:55.144 66121 INFO tempest.lib.common.rest_client [req-73823a9d-b819-4b02-a845-1533e7a4d081 req-73823a9d-b819-4b02-a845-1533e7a4d081 ] Request (FlavorsAccessNegativeTestJSON:test_remove_flavor_access_not_found): 200 POST http://10.180.1.21/compute/v2.1/flavors 2.992s
2025-12-12 19:31:55.283 66073 INFO tempest.lib.common.rest_client [req-3895b476-53fc-4428-8fec-46e60728f0d2 req-3895b476-53fc-4428-8fec-46e60728f0d2 ] Request (ServersAdmin275Test:test_rebuild_update_server_275): 200 GET http://10.180.1.21/compute/v2.1/servers/3b933684-ac19-44b0-a49d-6af45501e166 2.682s
2025-12-12 19:31:55.288 66093 INFO tempest.lib.common.rest_client [req-98e07dd5-7f88-4df2-b632-7e5a6429d8a0 req-98e07dd5-7f88-4df2-b632-7e5a6429d8a0 ] Request (DeleteServersAdminTestJSON:test_delete_server_while_in_error_state): 200 GET http://10.180.1.21/compute/v2.1/servers/815f056b-2d88-40dd-9ef7-a891ec8d92cf 2.809s
2025-12-12 19:31:55.305 66123 INFO tempest.lib.common.rest_client [req-c3c5ab2f-859b-48e0-b21e-92c9fc7a0c54 req-c3c5ab2f-859b-48e0-b21e-92c9fc7a0c54 ] Request (SecurityGroupRulesNegativeTestJSON:test_delete_security_group_rule_with_non_existent_id): 404 DELETE http://10.180.1.21/compute/v2.1/os-security-group-rules/d76e83f1-4fe8-4e5f-9118-a37bf1bfc3fc 2.616s
2025-12-12 19:31:55.420 66085 INFO tempest.lib.common.rest_client [req-a10e6851-c456-4a4d-be83-e2fd5308ca1a req-a10e6851-c456-4a4d-be83-e2fd5308ca1a ] Request (ServersWithSpecificFlavorTestJSON:test_verify_created_server_ephemeral_disk): 200 GET http://10.180.1.21/compute/v2.1/servers/fd481728-3ef0-4a96-affd-ab2dd3f596bb 2.481s
2025-12-12 19:31:55.433 66083 INFO tempest.lib.common.rest_client [req-b6cd75bc-b63f-4f55-81f4-81f1639fbe1c req-b6cd75bc-b63f-4f55-81f4-81f1639fbe1c ] Request (QuotasAdminTestJSON:test_delete_quota): 202 DELETE http://10.180.1.21/compute/v2.1/os-quota-sets/e029f8b51cc7453a8aa760e55aa77857 2.324s
2025-12-12 19:31:55.490 66131 INFO tempest.lib.common.rest_client [req-61947ee5-955c-46cd-86af-36fa416f8a3b req-61947ee5-955c-46cd-86af-36fa416f8a3b ] Request (ImagesTestJSON:test_create_image_from_stopped_server): 200 GET http://10.180.1.21/compute/v2.1/images/699731f0-c4b1-40f5-9f6e-780cb60b3ce3 2.365s
2025-12-12 19:31:56.218 66087 INFO tempest.lib.common.rest_client [req-f9784253-3c11-4245-a226-656651a2901a req-f9784253-3c11-4245-a226-656651a2901a ] Request (ServerDiagnosticsTest:test_get_server_diagnostics): 200 GET http://10.180.1.21/compute/v2.1/servers/de5cad99-1dbc-4435-98b4-987e24ba8c3c/diagnostics 2.548s
2025-12-12 19:31:56.445 66101 INFO tempest.lib.common.rest_client [req-f3171f49-8536-4923-b5cf-31399a616a07 req-f3171f49-8536-4923-b5cf-31399a616a07 ] Request (ServerActionsTestOtherB:setUpClass): 202 POST http://10.180.1.21/compute/v2.1/servers 3.673s
2025-12-12 19:31:56.496 66099 WARNING tempest.lib.common.ssh [-] Failed to establish authenticated ssh connection to cirros@10.180.180.187 ([Errno None] Unable to connect to port 22 on 10.180.180.187). Number attempts: 6. Retry after 7 seconds.: paramiko.ssh_exception.NoValidConnectionsError: [Errno None] Unable to connect to port 22 on 10.180.180.187
2025-12-12 19:31:56.544 66117 INFO tempest.lib.common.rest_client [req-7066c34b-ab00-4606-a9a4-9258d066db3e req-7066c34b-ab00-4606-a9a4-9258d066db3e ] Request (TenantUsagesTestJSON:setUpClass): 200 GET http://10.180.1.21/compute/v2.1/servers/7748c23f-9ea9-4172-8ab7-187678272bb3 2.649s
2025-12-12 19:31:56.554 66117 INFO tempest.common.waiters [-] State transition "BUILD/None" ==> "BUILD/spawning" after 35 second wait
2025-12-12 19:31:56.599 66113 INFO tempest.lib.common.rest_client [req-451e78f0-d8c5-44f4-a43e-0a3912880449 req-451e78f0-d8c5-44f4-a43e-0a3912880449 ] Request (SecurityGroupsNegativeTestJSON:test_delete_nonexistent_security_group): 404 DELETE http://10.180.1.21/compute/v2.1/os-security-groups/036787c0-93e8-4ead-abd9-e91a8f5db9a0 2.577s
2025-12-12 19:31:56.808 66133 INFO tempest.lib.common.rest_client [req-fe211a94-21fc-4bee-a922-62990483b718 req-fe211a94-21fc-4bee-a922-62990483b718 ] Request (ListServerFiltersTestJSON:setUpClass): 200 GET http://10.180.1.21/compute/v2.1/servers/703fff2d-5aec-4ed1-b987-9e1cc3a25f67 2.596s
2025-12-12 19:31:57.124 66079 WARNING tempest.lib.common.ssh [-] Failed to establish authenticated ssh connection to cirros@10.180.180.234 ([Errno None] Unable to connect to port 22 on 10.180.180.234). Number attempts: 1. Retry after 2 seconds.: paramiko.ssh_exception.NoValidConnectionsError: [Errno None] Unable to connect to port 22 on 10.180.180.234
2025-12-12 19:31:57.349 66111 INFO tempest.lib.common.rest_client [req-8873e006-42c1-4c1b-8e78-853b15a3788b req-8873e006-42c1-4c1b-8e78-853b15a3788b ] Request (ServerDiagnosticsV248Test:test_get_server_diagnostics): 200 GET http://10.180.1.21/compute/v2.1/servers/4d4dc88b-0d6c-430c-ab4f-c81a56e4657b/diagnostics 2.619s
2025-12-12 19:31:57.368 66097 INFO tempest.lib.common.rest_client [req-1b336c2a-0021-4347-a509-0758041c7ae7 req-1b336c2a-0021-4347-a509-0758041c7ae7 ] Request (FlavorsV2TestJSON:test_list_flavors_detailed_using_marker): 200 GET http://10.180.1.21/compute/v2.1/flavors/42 2.318s
2025-12-12 19:31:57.519 66075 INFO tempest.lib.common.rest_client [req-506afa1e-c09b-46bc-b391-596f5460d027 req-506afa1e-c09b-46bc-b391-596f5460d027 ] Request (MigrationsAdminTest:test_list_migrations_in_flavor_resize_situation): 200 GET http://10.180.1.21/compute/v2.1/servers/0e064341-4e4a-407b-8c26-3eb04b409029 2.419s
2025-12-12 19:31:57.527 66075 INFO tempest.common.waiters [-] State transition "RESIZE/resize_migrated" ==> "RESIZE/resize_finish" after 33 second wait
2025-12-12 19:31:57.546 66107 INFO tempest.lib.common.rest_client [req-602badce-050b-4479-b04f-2dbb94e87503 req-602badce-050b-4479-b04f-2dbb94e87503 ] Request (FlavorsAdminTestJSON:_run_cleanups): 200 GET http://10.180.1.21/compute/v2.1/flavors/detail 2.422s
2025-12-12 19:31:57.552 66095 INFO tempest.lib.common.rest_client [req-296fd45e-ee7a-4e44-912a-f3b5a22cbbf0 req-296fd45e-ee7a-4e44-912a-f3b5a22cbbf0 ] Request (ServerExternalEventsTest:test_create_server_external_events): 202 POST http://10.180.1.21/compute/v2.1/servers 3.050s
2025-12-12 19:31:57.561 66129 INFO tempest.lib.common.rest_client [req-37fd1274-e3c1-4498-af7a-4936db11e6e3 req-37fd1274-e3c1-4498-af7a-4936db11e6e3 ] Request (AggregatesAdminNegativeTestJSON:test_aggregate_delete_with_invalid_id): 404 DELETE http://10.180.1.21/compute/v2.1/os-aggregates/-1 2.418s
2025-12-12 19:31:57.631 66127 INFO tempest.lib.common.rest_client [req-c4c81dd5-18f0-4dcf-b4b2-ffc6b57bf523 req-c4c81dd5-18f0-4dcf-b4b2-ffc6b57bf523 ] Request (FloatingIPsAssociationTestJSON:setUpClass): 200 GET http://10.180.1.21/compute/v2.1/servers/d7905c4f-1ba3-43b3-b4b3-aebacd2f9cc3 2.395s
2025-12-12 19:31:57.686 66121 INFO tempest.lib.common.rest_client [req-0ef79424-fefc-4cd8-bf1d-870c83806ca6 req-0ef79424-fefc-4cd8-bf1d-870c83806ca6 ] Request (FlavorsAccessNegativeTestJSON:test_remove_flavor_access_not_found): 404 POST http://10.180.1.21/compute/v2.1/flavors/607421197/action 2.535s
2025-12-12 19:31:57.801 66123 INFO tempest.lib.common.rest_client [req-642d69bf-ae78-482c-9f9d-adee76dada74 req-642d69bf-ae78-482c-9f9d-adee76dada74 ] Request (SecurityGroupRulesNegativeTestJSON:tearDownClass): 202 DELETE http://10.180.1.21/compute/v2.1/os-security-groups/27983f37-1b9a-474f-a190-7ea158c7cce0 2.492s
2025-12-12 19:31:57.821 66083 INFO tempest.lib.common.rest_client [req-370132bf-53d4-4ae0-87a6-1c58a6633647 req-370132bf-53d4-4ae0-87a6-1c58a6633647 ] Request (QuotasAdminTestJSON:test_delete_quota): 200 GET http://10.180.1.21/compute/v2.1/os-quota-sets/e029f8b51cc7453a8aa760e55aa77857 2.387s
2025-12-12 19:31:57.900 66081 INFO tempest.lib.common.rest_client [req-4426d5b1-6d62-407e-bd5f-3f54e1ead81e req-4426d5b1-6d62-407e-bd5f-3f54e1ead81e ] Request (ServersAdminTestJSON:setUpClass): 200 GET http://10.180.1.21/compute/v2.1/servers/274ab469-61a9-4b7e-852c-074c871e3abf 2.382s
2025-12-12 19:31:57.909 66119 INFO tempest.lib.common.rest_client [req-c7524c52-a2e7-4695-b8fc-678b15de303d req-c7524c52-a2e7-4695-b8fc-678b15de303d ] Request (ServersListShow298Test:test_list_show_update_rebuild_server_298): 200 GET http://10.180.1.21/compute/v2.1/servers/ddd36db0-28ad-4582-994b-7eef8b08ed46 2.365s
2025-12-12 19:31:57.930 66083 INFO tempest.lib.common.rest_client [req-f9e7dfb8-0195-4f52-a22c-166a2e82a37c req-f9e7dfb8-0195-4f52-a22c-166a2e82a37c ] Request (QuotasAdminTestJSON:_run_cleanups): 204 DELETE http://10.180.1.21/identity/v3/projects/e029f8b51cc7453a8aa760e55aa77857 0.105s
2025-12-12 19:31:57.988 66105 INFO tempest.lib.common.rest_client [req-36b30470-8e1b-428f-8c8c-17bc3293b468 req-36b30470-8e1b-428f-8c8c-17bc3293b468 ] Request (VolumesAdminNegativeTest:test_update_attached_volume_with_nonexistent_volume_in_uri): 200 GET http://10.180.1.21/compute/v2.1/servers/30b17a17-229c-4ca7-9ae6-c67ccdcd3963 2.219s
2025-12-12 19:31:57.998 66137 INFO tempest.lib.common.rest_client [req-44455296-c632-439e-9d39-85d1759592ab req-44455296-c632-439e-9d39-85d1759592ab ] Request (AttachInterfacesTestJSON:test_create_list_show_delete_interfaces_by_fixed_ip): 200 GET http://10.180.1.21/compute/v2.1/servers/49bcab1f-7b64-4999-abff-37771c58a271 2.212s
2025-12-12 19:31:58.060 66089 INFO tempest.lib.common.rest_client [req-d65097a1-b891-40f7-aac6-a56ec5741e61 req-d65097a1-b891-40f7-aac6-a56ec5741e61 ] Request (AttachInterfacesV270Test:test_create_get_list_interfaces): 200 GET http://10.180.1.21/compute/v2.1/servers/c977257e-dce0-4ecc-b42b-0f6ebab38797 2.197s
2025-12-12 19:31:58.078 66077 INFO tempest.lib.common.rest_client [req-9c93fff5-2a8e-4e6a-b258-f95bd0b7c971 req-9c93fff5-2a8e-4e6a-b258-f95bd0b7c971 ] Request (ServersAdminNegativeTestJSON:test_migrate_server_invalid_state): 200 GET http://10.180.1.21/compute/v2.1/servers/423af936-a383-4652-8887-9c8b8f507909 2.202s
2025-12-12 19:31:58.170 66091 INFO tempest.lib.common.rest_client [req-9b63b3a1-80f4-4ff8-89c7-dcc56deae984 req-9b63b3a1-80f4-4ff8-89c7-dcc56deae984 ] Request (MultipleCreateTestJSON:_run_cleanups): 200 GET http://10.180.1.21/compute/v2.1/servers/8493ba52-b950-4727-970a-19b1797b2ca1 2.172s
2025-12-12 19:31:58.248 66104 INFO tempest.lib.common.rest_client [req-0cc36498-a875-49fd-9b76-58cd1bfa1d7f req-0cc36498-a875-49fd-9b76-58cd1bfa1d7f ] Request (ListServersNegativeTestJSON:setUpClass): 200 GET http://10.180.1.21/compute/v2.1/servers/3a60b719-9db7-436e-9908-25f6a233c465 2.226s
2025-12-12 19:31:58.255 66125 INFO tempest.lib.common.rest_client [req-e17c0ea1-e093-4da3-982d-81756beaaa9e req-e17c0ea1-e093-4da3-982d-81756beaaa9e ] Request (ServerGroupTestJSON:test_create_server_with_scheduler_hint_group): 200 GET http://10.180.1.21/compute/v2.1/servers/c2929727-a7ea-4f63-997d-474c29a305fc 2.142s
2025-12-12 19:31:58.319 66135 INFO tempest.lib.common.rest_client [req-a33a510f-83d8-4c0d-993c-b1d2f82a5e32 req-a33a510f-83d8-4c0d-993c-b1d2f82a5e32 ] Request (ServersTestBootFromVolume:setUpClass): 200 GET http://10.180.1.21/compute/v2.1/servers/5a8d4357-4b44-4a19-b1da-42d188c38adc 2.191s
2025-12-12 19:31:58.350 66087 INFO tempest.lib.common.rest_client [req-b83663a4-2303-46f3-8690-72e6256a8051 req-b83663a4-2303-46f3-8690-72e6256a8051 ] Request (ServerDiagnosticsTest:tearDownClass): 204 DELETE http://10.180.1.21/compute/v2.1/servers/de5cad99-1dbc-4435-98b4-987e24ba8c3c 2.130s
2025-12-12 19:31:58.390 66073 INFO tempest.lib.common.rest_client [req-acbe7cc1-4ca1-4b96-b425-97905cda843b req-acbe7cc1-4ca1-4b96-b425-97905cda843b ] Request (ServersAdmin275Test:test_rebuild_update_server_275): 200 GET http://10.180.1.21/compute/v2.1/servers/3b933684-ac19-44b0-a49d-6af45501e166 2.093s
2025-12-12 19:31:58.401 66073 INFO tempest.common.waiters [-] State transition "BUILD/None" ==> "BUILD/networking" after 35 second wait
2025-12-12 19:31:58.416 66093 INFO tempest.lib.common.rest_client [req-00510b28-a12d-4d78-afff-b8c4d1a53bd8 req-00510b28-a12d-4d78-afff-b8c4d1a53bd8 ] Request (DeleteServersAdminTestJSON:test_delete_server_while_in_error_state): 200 GET http://10.180.1.21/compute/v2.1/servers/815f056b-2d88-40dd-9ef7-a891ec8d92cf 2.113s
2025-12-12 19:31:58.454 66085 INFO tempest.lib.common.rest_client [req-5282e1f4-82c4-45b7-abc3-d2c74d42603b req-5282e1f4-82c4-45b7-abc3-d2c74d42603b ] Request (ServersWithSpecificFlavorTestJSON:test_verify_created_server_ephemeral_disk): 200 GET http://10.180.1.21/compute/v2.1/servers/fd481728-3ef0-4a96-affd-ab2dd3f596bb 2.024s
2025-12-12 19:31:58.491 66101 INFO tempest.lib.common.rest_client [req-ae2b7b61-1087-4b9d-9419-644eafe2fb02 req-ae2b7b61-1087-4b9d-9419-644eafe2fb02 ] Request (ServerActionsTestOtherB:setUpClass): 200 GET http://10.180.1.21/compute/v2.1/servers/608cc0ea-3f6b-4b4f-83c1-01aa50999d63 2.044s
2025-12-12 19:31:58.492 66131 INFO tempest.lib.common.rest_client [req-1da93580-2c3a-4b6a-907e-5def9a60f589 req-1da93580-2c3a-4b6a-907e-5def9a60f589 ] Request (ImagesTestJSON:test_create_image_from_stopped_server): 200 GET http://10.180.1.21/compute/v2.1/images/699731f0-c4b1-40f5-9f6e-780cb60b3ce3 1.997s
2025-12-12 19:31:58.494 66113 INFO tempest.lib.common.rest_client [req-ea53a1d8-7ae0-4d74-8acf-e1eeddea370b req-ea53a1d8-7ae0-4d74-8acf-e1eeddea370b ] Request (SecurityGroupsNegativeTestJSON:test_delete_security_group_without_passing_id): 404 DELETE http://10.180.1.21/compute/v2.1/os-security-groups/ 1.893s
2025-12-12 19:31:58.607 66133 INFO tempest.lib.common.rest_client [req-f4a0ad8d-4c67-48ed-bd7e-647db765de9a req-f4a0ad8d-4c67-48ed-bd7e-647db765de9a ] Request (ListServerFiltersTestJSON:setUpClass): 200 GET http://10.180.1.21/compute/v2.1/servers/cd539d8b-921b-4947-954c-8573380dbdc8 1.788s
2025-12-12 19:31:58.629 66111 INFO tempest.lib.common.rest_client [req-5fd4688c-49eb-401e-afbd-116789f6a402 req-5fd4688c-49eb-401e-afbd-116789f6a402 ] Request (ServerDiagnosticsV248Test:tearDownClass): 204 DELETE http://10.180.1.21/compute/v2.1/servers/4d4dc88b-0d6c-430c-ab4f-c81a56e4657b 1.270s
2025-12-12 19:31:58.654 66097 INFO tempest.lib.common.rest_client [req-8186565d-51bc-4d62-a0fe-e0b082102218 req-8186565d-51bc-4d62-a0fe-e0b082102218 ] Request (FlavorsV2TestJSON:test_list_flavors_detailed_using_marker): 200 GET http://10.180.1.21/compute/v2.1/flavors/detail?marker=42 1.283s
2025-12-12 19:31:58.672 66107 INFO tempest.lib.common.rest_client [req-53f555e9-b542-458e-a5d0-375bb0b1f1bb req-53f555e9-b542-458e-a5d0-375bb0b1f1bb ] Request (FlavorsAdminTestJSON:test_create_server_with_non_public_flavor): 200 POST http://10.180.1.21/compute/v2.1/flavors 1.116s
2025-12-12 19:31:58.738 66095 INFO tempest.lib.common.rest_client [req-41f01688-95f3-4dc9-9bd4-60338f510252 req-41f01688-95f3-4dc9-9bd4-60338f510252 ] Request (ServerExternalEventsTest:test_create_server_external_events): 200 GET http://10.180.1.21/compute/v2.1/servers/96acc5f8-b411-408e-929d-d1035cfd50db 1.182s
2025-12-12 19:31:58.765 66117 INFO tempest.lib.common.rest_client [req-c377cc71-1a58-4aea-a938-fa763a4e8eaa req-c377cc71-1a58-4aea-a938-fa763a4e8eaa ] Request (TenantUsagesTestJSON:setUpClass): 200 GET http://10.180.1.21/compute/v2.1/servers/7748c23f-9ea9-4172-8ab7-187678272bb3 1.210s
2025-12-12 19:31:58.790 66121 INFO tempest.lib.common.rest_client [req-65221e07-bafa-4373-8d69-0f9483227f35 req-65221e07-bafa-4373-8d69-0f9483227f35 ] Request (FlavorsAccessNegativeTestJSON:_run_cleanups): 202 DELETE http://10.180.1.21/compute/v2.1/flavors/607421197 1.102s
2025-12-12 19:31:58.797 66129 INFO tempest.lib.common.rest_client [req-e63dea0c-b241-4f18-8e60-3542d30e2903 req-e63dea0c-b241-4f18-8e60-3542d30e2903 ] Request (AggregatesAdminNegativeTestJSON:test_aggregate_get_details_as_user): 200 POST http://10.180.1.21/compute/v2.1/os-aggregates 1.231s
2025-12-12 19:31:58.927 66123 INFO tempest.lib.common.rest_client [req-7fbc3376-43b6-44f8-a0bb-b80fc746c54d req-7fbc3376-43b6-44f8-a0bb-b80fc746c54d ] Request (SecurityGroupRulesNegativeTestJSON:tearDownClass): 202 DELETE http://10.180.1.21/compute/v2.1/os-security-groups/1dc10742-939f-41d8-90d9-c25b8d768a48 1.125s
2025-12-12 19:31:58.946 66083 INFO tempest.lib.common.rest_client [req-29426226-7ba8-48dc-91d5-8de69be2e297 req-29426226-7ba8-48dc-91d5-8de69be2e297 ] Request (QuotasAdminTestJSON:test_get_default_quotas): 200 GET http://10.180.1.21/compute/v2.1/os-quota-sets/672cee92d3094df9b0224dedcd641a9c/defaults 1.015s
2025-12-12 19:31:58.979 66083 INFO tempest.lib.common.rest_client [req-41337da1-8d33-4009-9f73-9c7ab40eb5dc req-41337da1-8d33-4009-9f73-9c7ab40eb5dc ] Request (QuotasAdminTestJSON:test_get_updated_quotas): 200 GET http://10.180.1.21/identity/v3/domains?name=Default 0.029s
2025-12-12 19:31:58.992 66131 INFO tempest.lib.common.rest_client [req-3f510d11-e0ad-4750-b570-beb77cbe1899 req-3f510d11-e0ad-4750-b570-beb77cbe1899 ] Request (ImagesTestJSON:test_create_image_from_stopped_server): 200 GET http://10.180.1.21/compute/v2.1/images/699731f0-c4b1-40f5-9f6e-780cb60b3ce3 0.497s
2025-12-12 19:31:59.014 66083 INFO tempest.lib.common.rest_client [req-a60fd17b-2244-4565-943d-917042e38a44 req-a60fd17b-2244-4565-943d-917042e38a44 ] Request (QuotasAdminTestJSON:test_get_updated_quotas): 201 POST http://10.180.1.21/identity/v3/projects 0.034s
2025-12-12 19:31:59.038 66131 INFO tempest.lib.common.rest_client [req-2b1d550b-8529-4867-9a95-71b441e23a6d req-2b1d550b-8529-4867-9a95-71b441e23a6d ] Request (ImagesTestJSON:test_create_image_from_stopped_server): 200 GET http://10.180.1.21/image/v2/images/699731f0-c4b1-40f5-9f6e-780cb60b3ce3/tasks 0.040s
2025-12-12 19:31:59.086 66083 INFO tempest.lib.common.rest_client [req-8ea91142-b783-4ae2-926b-dc63c577f078 req-8ea91142-b783-4ae2-926b-dc63c577f078 ] Request (QuotasAdminTestJSON:test_get_updated_quotas): 200 GET http://10.180.1.21/identity/v3/domains?name=Default 0.071s
2025-12-12 19:31:59.087 66087 INFO tempest.lib.common.rest_client [req-2c2de1d2-c13e-4f17-9ef1-3d10cf92ad45 req-2c2de1d2-c13e-4f17-9ef1-3d10cf92ad45 ] Request (ServerDiagnosticsTest:tearDownClass): 200 GET http://10.180.1.21/compute/v2.1/servers/de5cad99-1dbc-4435-98b4-987e24ba8c3c 0.737s
2025-12-12 19:31:59.139 66113 INFO tempest.lib.common.rest_client [req-ab495776-c863-4f33-84c5-42f672ca9833 req-ab495776-c863-4f33-84c5-42f672ca9833 ] Request (SecurityGroupsNegativeTestJSON:test_delete_the_default_security_group): 200 GET http://10.180.1.21/compute/v2.1/os-security-groups 0.643s
2025-12-12 19:31:59.206 66075 INFO tempest.lib.common.rest_client [req-cbdf2278-376d-4de2-b864-d6db3347091f req-cbdf2278-376d-4de2-b864-d6db3347091f ] Request (MigrationsAdminTest:test_list_migrations_in_flavor_resize_situation): 200 GET http://10.180.1.21/compute/v2.1/servers/0e064341-4e4a-407b-8c26-3eb04b409029 0.678s
2025-12-12 19:31:59.284 66111 INFO tempest.lib.common.rest_client [req-45e593ed-6e75-4b4c-ba65-1da8c1f4e389 req-45e593ed-6e75-4b4c-ba65-1da8c1f4e389 ] Request (ServerDiagnosticsV248Test:tearDownClass): 200 GET http://10.180.1.21/compute/v2.1/servers/4d4dc88b-0d6c-430c-ab4f-c81a56e4657b 0.655s
2025-12-12 19:31:59.371 66127 INFO tempest.lib.common.rest_client [req-028e13d4-0005-4c3c-8d56-3f365948db5e req-028e13d4-0005-4c3c-8d56-3f365948db5e ] Request (FloatingIPsAssociationTestJSON:setUpClass): 200 GET http://10.180.1.21/compute/v2.1/servers/d7905c4f-1ba3-43b3-b4b3-aebacd2f9cc3 0.731s
2025-12-12 19:31:59.388 66097 INFO tempest.lib.common.rest_client [req-0c4f9c42-c0f0-478f-bed3-ff1438947053 req-0c4f9c42-c0f0-478f-bed3-ff1438947053 ] Request (FlavorsV2TestJSON:test_list_flavors_filter_by_min_disk): 200 GET http://10.180.1.21/compute/v2.1/flavors/42 0.729s
2025-12-12 19:31:59.404 66107 INFO tempest.lib.common.rest_client [req-69745d3a-7b9f-4234-b26b-4287a75c83d7 req-69745d3a-7b9f-4234-b26b-4287a75c83d7 ] Request (FlavorsAdminTestJSON:test_create_server_with_non_public_flavor): 400 POST http://10.180.1.21/compute/v2.1/servers 0.728s
2025-12-12 19:31:59.430 66121 INFO tempest.lib.common.rest_client [req-c51b86ce-9026-41b4-9984-455a923e97b8 req-c51b86ce-9026-41b4-9984-455a923e97b8 ] Request (FlavorsAccessNegativeTestJSON:_run_cleanups): 200 GET http://10.180.1.21/compute/v2.1/flavors/detail 0.640s
2025-12-12 19:31:59.436 66129 INFO tempest.lib.common.rest_client [req-15818d92-f81b-4169-8e9c-289d77868525 req-15818d92-f81b-4169-8e9c-289d77868525 ] Request (AggregatesAdminNegativeTestJSON:test_aggregate_get_details_as_user): 403 GET http://10.180.1.21/compute/v2.1/os-aggregates/6 0.633s
2025-12-12 19:31:59.479 66133 INFO tempest.lib.common.rest_client [req-9f0a7676-69a8-4c10-8537-c9afe4ea6b3c req-9f0a7676-69a8-4c10-8537-c9afe4ea6b3c ] Request (ListServerFiltersTestJSON:test_list_servers_detailed_filter_by_flavor): 200 GET http://10.180.1.21/compute/v2.1/servers/detail?flavor=84 0.861s
2025-12-12 19:31:59.515 66081 INFO tempest.lib.common.rest_client [req-48840f68-a896-4a6f-9a65-85ca93cd9e9a req-48840f68-a896-4a6f-9a65-85ca93cd9e9a ] Request (ServersAdminTestJSON:setUpClass): 200 GET http://10.180.1.21/compute/v2.1/servers/274ab469-61a9-4b7e-852c-074c871e3abf 0.605s
2025-12-12 19:31:59.598 66121 INFO tempest.lib.common.rest_client [req-487a4e73-1f1b-4299-9569-fbdcb77505b9 req-487a4e73-1f1b-4299-9569-fbdcb77505b9 ] Request (FlavorsAccessNegativeTestJSON:tearDownClass): 204 DELETE http://10.180.1.21/identity/v3/users/fb92b166307f40bf951ad40ee13142cd 0.156s
2025-12-12 19:31:59.611 66119 INFO tempest.lib.common.rest_client [req-97cc16ba-add2-4646-96cd-69945e5dfa19 req-97cc16ba-add2-4646-96cd-69945e5dfa19 ] Request (ServersListShow298Test:test_list_show_update_rebuild_server_298): 200 GET http://10.180.1.21/compute/v2.1/servers/ddd36db0-28ad-4582-994b-7eef8b08ed46 0.683s
2025-12-12 19:31:59.650 66123 INFO tempest.lib.common.rest_client [req-4f223b92-738f-442e-bf0f-14e624275f00 req-4f223b92-738f-442e-bf0f-14e624275f00 ] Request (SecurityGroupRulesNegativeTestJSON:tearDownClass): 202 DELETE http://10.180.1.21/compute/v2.1/os-security-groups/57892aaa-3550-4c1b-bb8f-1ed42e9662b5 0.723s
2025-12-12 19:31:59.688 66105 INFO tempest.lib.common.rest_client [req-850763cc-a209-48a5-ab09-eab9f070308a req-850763cc-a209-48a5-ab09-eab9f070308a ] Request (VolumesAdminNegativeTest:test_update_attached_volume_with_nonexistent_volume_in_uri): 200 GET http://10.180.1.21/compute/v2.1/servers/30b17a17-229c-4ca7-9ae6-c67ccdcd3963 0.690s
2025-12-12 19:31:59.719 66121 INFO tempest.lib.common.rest_client [req-37053cc9-ef2a-4b7e-a029-6e556087b009 req-37053cc9-ef2a-4b7e-a029-6e556087b009 ] Request (FlavorsAccessNegativeTestJSON:tearDownClass): 204 DELETE http://10.180.1.21/identity/v3/users/89282fca88384761a7b3fdd662691f48 0.120s
2025-12-12 19:31:59.719 66137 INFO tempest.lib.common.rest_client [req-4f12711b-6d71-4840-942d-6c9aa4df7fa8 req-4f12711b-6d71-4840-942d-6c9aa4df7fa8 ] Request (AttachInterfacesTestJSON:test_create_list_show_delete_interfaces_by_fixed_ip): 200 GET http://10.180.1.21/compute/v2.1/servers/49bcab1f-7b64-4999-abff-37771c58a271 0.710s
2025-12-12 19:31:59.802 66089 INFO tempest.lib.common.rest_client [req-5a368c82-b8f6-40e9-b7d7-58851cb7e793 req-5a368c82-b8f6-40e9-b7d7-58851cb7e793 ] Request (AttachInterfacesV270Test:test_create_get_list_interfaces): 200 GET http://10.180.1.21/compute/v2.1/servers/c977257e-dce0-4ecc-b42b-0f6ebab38797 0.726s
2025-12-12 19:31:59.860 66131 INFO tempest.lib.common.rest_client [req-76f3bcb1-98be-4d2d-b188-9d20967f56ae req-76f3bcb1-98be-4d2d-b188-9d20967f56ae ] Request (ImagesTestJSON:_run_cleanups): 204 DELETE http://10.180.1.21/compute/v2.1/images/699731f0-c4b1-40f5-9f6e-780cb60b3ce3 0.820s
2025-12-12 19:31:59.870 66121 INFO tempest.lib.common.rest_client [req-7f3e5241-c090-4078-83c1-7b44e2f8cf0d req-7f3e5241-c090-4078-83c1-7b44e2f8cf0d ] Request (FlavorsAccessNegativeTestJSON:tearDownClass): 204 DELETE http://10.180.1.21/identity/v3/users/9abc92a3774342a8a3cf7cf7130d5229 0.150s
2025-12-12 19:31:59.870 66121 INFO tempest.lib.common.dynamic_creds [-] Deleting project and security group for project: ffe9c742ab134d718ad42a608a102052
2025-12-12 19:31:59.953 66121 INFO tempest.lib.common.rest_client [req-73cc2575-4d33-4305-822f-15ebc4a50b2f req-73cc2575-4d33-4305-822f-15ebc4a50b2f ] Request (FlavorsAccessNegativeTestJSON:tearDownClass): 201 POST http://10.180.1.21/identity/v3/auth/tokens 0.081s
2025-12-12 19:31:59.969 66077 INFO tempest.lib.common.rest_client [req-5962d0bb-ec9b-4776-8e22-b1ac350a3409 req-5962d0bb-ec9b-4776-8e22-b1ac350a3409 ] Request (ServersAdminNegativeTestJSON:test_migrate_server_invalid_state): 200 GET http://10.180.1.21/compute/v2.1/servers/423af936-a383-4652-8887-9c8b8f507909 0.879s
2025-12-12 19:32:00.058 66083 INFO tempest.lib.common.rest_client [req-5f77c9b2-23cf-453b-8410-5c8de3508e1f req-5f77c9b2-23cf-453b-8410-5c8de3508e1f ] Request (QuotasAdminTestJSON:test_get_updated_quotas): 200 PUT http://10.180.1.21/compute/v2.1/os-quota-sets/57571e3df0654ffcb7ad1e067f06a243 0.971s
2025-12-12 19:32:00.067 66113 INFO tempest.lib.common.rest_client [req-63c68352-201d-48eb-8de7-a0fcc765f425 req-63c68352-201d-48eb-8de7-a0fcc765f425 ] Request (SecurityGroupsNegativeTestJSON:test_delete_the_default_security_group): 400 DELETE http://10.180.1.21/compute/v2.1/os-security-groups/ba74c86d-0c65-4d72-8346-af0df7d16dcb 0.924s
2025-12-12 19:32:00.149 66121 INFO tempest.lib.common.rest_client [req-17ea00b5-f09a-4e87-8d61-7618433acd16 req-17ea00b5-f09a-4e87-8d61-7618433acd16 ] Request (FlavorsAccessNegativeTestJSON:tearDownClass): 200 GET http://10.180.1.21/networking/v2.0/security-groups?tenant_id=ffe9c742ab134d718ad42a608a102052&name=default 0.195s
2025-12-12 19:32:00.161 66091 INFO tempest.lib.common.rest_client [req-9aad2b4d-566a-4651-924d-ea148534579a req-9aad2b4d-566a-4651-924d-ea148534579a ] Request (MultipleCreateTestJSON:_run_cleanups): 200 GET http://10.180.1.21/compute/v2.1/servers/8493ba52-b950-4727-970a-19b1797b2ca1 0.983s
2025-12-12 19:32:00.192 66079 WARNING tempest.lib.common.ssh [-] Failed to establish authenticated ssh connection to cirros@10.180.180.234 ([Errno None] Unable to connect to port 22 on 10.180.180.234). Number attempts: 2. Retry after 3 seconds.: paramiko.ssh_exception.NoValidConnectionsError: [Errno None] Unable to connect to port 22 on 10.180.180.234
2025-12-12 19:32:00.195 66104 INFO tempest.lib.common.rest_client [req-a7cc046d-d7ca-4125-b136-ad7c63b1f984 req-a7cc046d-d7ca-4125-b136-ad7c63b1f984 ] Request (ListServersNegativeTestJSON:setUpClass): 200 GET http://10.180.1.21/compute/v2.1/servers/3a60b719-9db7-436e-9908-25f6a233c465 0.936s
2025-12-12 19:32:00.228 66125 INFO tempest.lib.common.rest_client [req-1bad5863-e428-4ef3-bc46-07fe14f6e51f req-1bad5863-e428-4ef3-bc46-07fe14f6e51f ] Request (ServerGroupTestJSON:test_create_server_with_scheduler_hint_group): 200 GET http://10.180.1.21/compute/v2.1/servers/c2929727-a7ea-4f63-997d-474c29a305fc 0.954s
2025-12-12 19:32:00.248 66097 INFO tempest.lib.common.rest_client [req-3947863b-4eed-4866-9245-c1f3f273a513 req-3947863b-4eed-4866-9245-c1f3f273a513 ] Request (FlavorsV2TestJSON:test_list_flavors_filter_by_min_disk): 200 GET http://10.180.1.21/compute/v2.1/flavors?minDisk=2 0.856s
2025-12-12 19:32:00.267 66121 INFO tempest.lib.common.rest_client [req-9416da8d-cb9a-49dd-a4f0-912b804310a5 req-9416da8d-cb9a-49dd-a4f0-912b804310a5 ] Request (FlavorsAccessNegativeTestJSON:tearDownClass): 204 DELETE http://10.180.1.21/networking/v2.0/security-groups/8fc9bcac-67bc-4863-88f2-b342a916fe85 0.117s
2025-12-12 19:32:00.298 66135 INFO tempest.lib.common.rest_client [req-fdc24fd5-f465-40d5-8c17-1d312920eadd req-fdc24fd5-f465-40d5-8c17-1d312920eadd ] Request (ServersTestBootFromVolume:setUpClass): 200 GET http://10.180.1.21/compute/v2.1/servers/5a8d4357-4b44-4a19-b1da-42d188c38adc 0.967s
2025-12-12 19:32:00.314 66107 INFO tempest.lib.common.rest_client [req-1c33f44d-d4b5-48a4-99fc-3b9fba7e519f req-1c33f44d-d4b5-48a4-99fc-3b9fba7e519f ] Request (FlavorsAdminTestJSON:_run_cleanups): 202 DELETE http://10.180.1.21/compute/v2.1/flavors/489876324 0.908s
2025-12-12 19:32:00.341 66073 INFO tempest.lib.common.rest_client [req-0319fc2c-0466-4b47-acff-a8c4b3c3d7e4 req-0319fc2c-0466-4b47-acff-a8c4b3c3d7e4 ] Request (ServersAdmin275Test:test_rebuild_update_server_275): 200 GET http://10.180.1.21/compute/v2.1/servers/3b933684-ac19-44b0-a49d-6af45501e166 0.938s
2025-12-12 19:32:00.353 66073 INFO tempest.common.waiters [-] State transition "BUILD/networking" ==> "BUILD/spawning" after 37 second wait
2025-12-12 19:32:00.365 66129 INFO tempest.lib.common.rest_client [req-5a31c918-c48a-4b40-b5b8-c32087a63d17 req-5a31c918-c48a-4b40-b5b8-c32087a63d17 ] Request (AggregatesAdminNegativeTestJSON:_run_cleanups): 200 DELETE http://10.180.1.21/compute/v2.1/os-aggregates/6 0.929s
2025-12-12 19:32:00.374 66121 INFO tempest.lib.common.rest_client [req-f961d379-52e8-464f-93dc-31954b5d39bf req-f961d379-52e8-464f-93dc-31954b5d39bf ] Request (FlavorsAccessNegativeTestJSON:tearDownClass): 204 DELETE http://10.180.1.21/identity/v3/projects/ffe9c742ab134d718ad42a608a102052 0.106s
2025-12-12 19:32:00.375 66121 INFO tempest.lib.common.dynamic_creds [-] Deleting project and security group for project: 907a6bf45f9e4b319d1feb2848ccf7f8
2025-12-12 19:32:00.408 66093 INFO tempest.lib.common.rest_client [req-59ff7e76-c1d2-426f-9661-f467f943642f req-59ff7e76-c1d2-426f-9661-f467f943642f ] Request (DeleteServersAdminTestJSON:test_delete_server_while_in_error_state): 200 GET http://10.180.1.21/compute/v2.1/servers/815f056b-2d88-40dd-9ef7-a891ec8d92cf 0.983s
2025-12-12 19:32:00.444 66085 INFO tempest.lib.common.rest_client [req-e917fa0b-1d67-4fa3-9897-d2bc0476d3be req-e917fa0b-1d67-4fa3-9897-d2bc0476d3be ] Request (ServersWithSpecificFlavorTestJSON:test_verify_created_server_ephemeral_disk): 200 GET http://10.180.1.21/compute/v2.1/servers/fd481728-3ef0-4a96-affd-ab2dd3f596bb 0.980s
2025-12-12 19:32:00.504 66121 INFO tempest.lib.common.rest_client [req-440a252b-951f-4c8a-854e-7eb00a5ad61e req-440a252b-951f-4c8a-854e-7eb00a5ad61e ] Request (FlavorsAccessNegativeTestJSON:tearDownClass): 200 GET http://10.180.1.21/networking/v2.0/security-groups?tenant_id=907a6bf45f9e4b319d1feb2848ccf7f8&name=default 0.129s
2025-12-12 19:32:00.508 66101 INFO tempest.lib.common.rest_client [req-d994ac31-d8be-41b3-b3c6-9201597ee46d req-d994ac31-d8be-41b3-b3c6-9201597ee46d ] Request (ServerActionsTestOtherB:setUpClass): 200 GET http://10.180.1.21/compute/v2.1/servers/608cc0ea-3f6b-4b4f-83c1-01aa50999d63 1.008s
2025-12-12 19:32:00.587 66121 INFO tempest.lib.common.rest_client [req-5e539ad2-e71d-4126-bcf1-3c1b9d06476f req-5e539ad2-e71d-4126-bcf1-3c1b9d06476f ] Request (FlavorsAccessNegativeTestJSON:tearDownClass): 204 DELETE http://10.180.1.21/networking/v2.0/security-groups/d919108d-211a-4c1e-bfe4-7d2a7761ad33 0.082s
2025-12-12 19:32:00.629 66123 INFO tempest.lib.common.rest_client [req-594846f3-d702-4323-812a-0bcc55bdb125 req-594846f3-d702-4323-812a-0bcc55bdb125 ] Request (SecurityGroupRulesNegativeTestJSON:tearDownClass): 202 DELETE http://10.180.1.21/compute/v2.1/os-security-groups/6c5a3a38-7392-408e-ad31-b83f3a8a9389 0.978s
2025-12-12 19:32:00.703 66121 INFO tempest.lib.common.rest_client [req-0b94dc2c-19ea-460c-85cf-0d3adbdf9eab req-0b94dc2c-19ea-460c-85cf-0d3adbdf9eab ] Request (FlavorsAccessNegativeTestJSON:tearDownClass): 204 DELETE http://10.180.1.21/identity/v3/projects/907a6bf45f9e4b319d1feb2848ccf7f8 0.115s
