2025-12-12 19:32:18.512 66097 INFO tempest.lib.common.dynamic_creds [-] Dynamic test user ea236fd1301d45d989acdf349a5d7065 is created with scope project and roles: ['member']
2025-12-12 19:32:18.512 66097 INFO tempest.lib.common.dynamic_creds [-] Acquired dynamic creds: credentials: Credentials: {'domain_id': 'default', 'domain_name': 'Default', 'username': 'tempest-ServersListShow2100Test-655751442-project-member', 'project_domain_id': 'default', 'project_domain_name': 'Default', 'project_id': 'a26c136f028d44409abc385cba383c31', 'project_name': 'tempest-ServersListShow2100Test-655751442', 'tenant_id': 'a26c136f028d44409abc385cba383c31', 'tenant_name': 'tempest-ServersListShow2100Test-655751442', 'user_domain_id': 'default', 'user_domain_name': 'Default', 'user_id': 'ea236fd1301d45d989acdf349a5d7065', 'system': None}, Network: None, Subnet: None, Router: None
2025-12-12 19:32:18.512 66097 INFO tempest.lib.common.dynamic_creds [-] Created isolated network resources for: credentials: Credentials: {'domain_id': 'default', 'domain_name': 'Default', 'username': 'tempest-ServersListShow2100Test-655751442-project-member', 'project_domain_id': 'default', 'project_domain_name': 'Default', 'project_id': 'a26c136f028d44409abc385cba383c31', 'project_name': 'tempest-ServersListShow2100Test-655751442', 'tenant_id': 'a26c136f028d44409abc385cba383c31', 'tenant_name': 'tempest-ServersListShow2100Test-655751442', 'user_domain_id': 'default', 'user_domain_name': 'Default', 'user_id': 'ea236fd1301d45d989acdf349a5d7065', 'system': None}, Network: None, Subnet: None, Router: None
2025-12-12 19:32:18.514 66083 INFO tempest.lib.common.rest_client [req-9ae46180-56b5-40ea-b99c-ad85038f61fb req-9ae46180-56b5-40ea-b99c-ad85038f61fb ] Request (SecurityGroupsTestAdminJSON:setUpClass): 200 GET http://10.180.1.21/identity/v3/roles 0.036s
2025-12-12 19:32:18.553 66104 INFO tempest.lib.common.rest_client [req-1c8d1d05-a8bd-44e7-b464-7bf0901b4db0 req-1c8d1d05-a8bd-44e7-b464-7bf0901b4db0 ] Request (ListServersNegativeTestJSON:setUpClass): 200 GET http://10.180.1.21/compute/v2.1/servers/811c1bbd-259c-4f5e-9a61-581bfba0ec4d 2.416s
2025-12-12 19:32:18.566 66104 INFO tempest.common.waiters [-] State transition "ACTIVE/deleting" ==> "DELETED/None" after 3 second wait
2025-12-12 19:32:18.579 66123 INFO tempest.lib.common.rest_client [req-55384374-7db4-434e-aa7a-72b6c40e0f64 req-55384374-7db4-434e-aa7a-72b6c40e0f64 ] Request (ServersListShow296Test:test_list_show_update_rebuild_server_296): 200 GET http://10.180.1.21/compute/v2.1/servers/83573c2b-9448-456f-8fd2-b19661dd6cc4 2.415s
2025-12-12 19:32:18.612 66083 INFO tempest.lib.common.rest_client [req-0e099722-ba02-493a-bdbc-9af60fc535f6 req-0e099722-ba02-493a-bdbc-9af60fc535f6 ] Request (SecurityGroupsTestAdminJSON:setUpClass): 204 PUT http://10.180.1.21/identity/v3/projects/675d3dfa49954b00b97a471bacfeb4b3/users/3c4501e1cb8b4be5a11b2525cc9ea98d/roles/e7e85ae9d7ea4bf3a732f294b69863ce 0.097s
2025-12-12 19:32:18.612 66083 INFO tempest.lib.common.dynamic_creds [-] Dynamic test user 3c4501e1cb8b4be5a11b2525cc9ea98d is created with scope project and roles: ['member']
2025-12-12 19:32:18.613 66083 INFO tempest.lib.common.dynamic_creds [-] Acquired dynamic creds: credentials: Credentials: {'domain_id': 'default', 'domain_name': 'Default', 'username': 'tempest-SecurityGroupsTestAdminJSON-728821248-project-member', 'project_domain_id': 'default', 'project_domain_name': 'Default', 'project_id': '675d3dfa49954b00b97a471bacfeb4b3', 'project_name': 'tempest-SecurityGroupsTestAdminJSON-728821248', 'tenant_id': '675d3dfa49954b00b97a471bacfeb4b3', 'tenant_name': 'tempest-SecurityGroupsTestAdminJSON-728821248', 'user_domain_id': 'default', 'user_domain_name': 'Default', 'user_id': '3c4501e1cb8b4be5a11b2525cc9ea98d', 'system': None}, Network: None, Subnet: None, Router: None
2025-12-12 19:32:18.614 66083 INFO tempest.lib.common.dynamic_creds [-] Created isolated network resources for: credentials: Credentials: {'domain_id': 'default', 'domain_name': 'Default', 'username': 'tempest-SecurityGroupsTestAdminJSON-728821248-project-member', 'project_domain_id': 'default', 'project_domain_name': 'Default', 'project_id': '675d3dfa49954b00b97a471bacfeb4b3', 'project_name': 'tempest-SecurityGroupsTestAdminJSON-728821248', 'tenant_id': '675d3dfa49954b00b97a471bacfeb4b3', 'tenant_name': 'tempest-SecurityGroupsTestAdminJSON-728821248', 'user_domain_id': 'default', 'user_domain_name': 'Default', 'user_id': '3c4501e1cb8b4be5a11b2525cc9ea98d', 'system': None}, Network: None, Subnet: None, Router: None
2025-12-12 19:32:18.636 66097 INFO tempest.lib.common.rest_client [req-c0b8eeb4-cb9b-462d-9409-3e46041b745c req-c0b8eeb4-cb9b-462d-9409-3e46041b745c ] Request (ServersListShow2100Test:setUpClass): 201 POST http://10.180.1.21/identity/v3/auth/tokens 0.117s
2025-12-12 19:32:18.683 66137 INFO tempest.lib.common.rest_client [req-06a5225b-465f-49ec-a0c3-b2653a79b6be req-06a5225b-465f-49ec-a0c3-b2653a79b6be ] Request (AttachInterfacesTestJSON:test_create_list_show_delete_interfaces_by_fixed_ip): 200 GET http://10.180.1.21/compute/v2.1/servers/49bcab1f-7b64-4999-abff-37771c58a271 2.314s
2025-12-12 19:32:18.716 66083 INFO tempest.lib.common.rest_client [req-4d34a99c-888b-4566-8146-5e27f4613007 req-4d34a99c-888b-4566-8146-5e27f4613007 ] Request (SecurityGroupsTestAdminJSON:setUpClass): 201 POST http://10.180.1.21/identity/v3/auth/tokens 0.096s
2025-12-12 19:32:18.780 66097 INFO tempest.lib.common.rest_client [req-19787528-2977-47d6-af69-24c2aa5c87a4 req-19787528-2977-47d6-af69-24c2aa5c87a4 ] Request (ServersListShow2100Test:test_list_show_rebuild_update_server_2100): 201 POST http://10.180.1.21/identity/v3/auth/tokens 0.138s
2025-12-12 19:32:18.781 66097 INFO tempest.lib.common.fixed_network [-] (ServersListShow2100Test:test_list_show_rebuild_update_server_2100) Found network None available for tenant
2025-12-12 19:32:18.797 66109 INFO tempest.lib.common.rest_client [req-db1301be-bd49-4a7d-8110-05aee11a4669 req-db1301be-bd49-4a7d-8110-05aee11a4669 ] Request (AbsoluteLimitsNegativeTestJSON:test_max_metadata_exceed_limit): 200 GET http://10.180.1.21/compute/v2.1/limits 2.400s
2025-12-12 19:32:18.822 66089 INFO tempest.lib.common.rest_client [req-8af87a3d-82c5-45de-bf30-dad959640eae req-8af87a3d-82c5-45de-bf30-dad959640eae ] Request (AttachInterfacesV270Test:test_create_get_list_interfaces): 200 GET http://10.180.1.21/compute/v2.1/servers/c977257e-dce0-4ecc-b42b-0f6ebab38797 2.311s
2025-12-12 19:32:18.857 66109 INFO tempest.lib.common.rest_client [req-bb39e373-d85c-4936-83f4-d5befac4c53a req-bb39e373-d85c-4936-83f4-d5befac4c53a ] Request (AbsoluteLimitsNegativeTestJSON:test_max_metadata_exceed_limit): 201 POST http://10.180.1.21/identity/v3/auth/tokens 0.050s
2025-12-12 19:32:18.858 66109 INFO tempest.lib.common.fixed_network [-] (AbsoluteLimitsNegativeTestJSON:test_max_metadata_exceed_limit) Found network None available for tenant
2025-12-12 19:32:18.911 66083 INFO tempest.lib.common.rest_client [req-11258057-8d05-4faa-927e-d8cdb54de3aa req-11258057-8d05-4faa-927e-d8cdb54de3aa ] Request (SecurityGroupsTestAdminJSON:setUpClass): 201 POST http://10.180.1.21/identity/v3/projects 0.194s
2025-12-12 19:32:18.932 66077 INFO tempest.lib.common.rest_client [req-3b9f5c7f-2d36-4ba7-aa7f-23265a642578 req-3b9f5c7f-2d36-4ba7-aa7f-23265a642578 ] Request (ServersAdminNegativeTestJSON:test_migrate_server_invalid_state): 200 GET http://10.180.1.21/compute/v2.1/servers/423af936-a383-4652-8887-9c8b8f507909 2.364s
2025-12-12 19:32:19.036 66083 INFO tempest.lib.common.rest_client [req-6d8b16ad-599c-4ab7-ba01-5afca0d880d4 req-6d8b16ad-599c-4ab7-ba01-5afca0d880d4 ] Request (SecurityGroupsTestAdminJSON:setUpClass): 201 POST http://10.180.1.21/identity/v3/users 0.124s
2025-12-12 19:32:19.064 66125 INFO tempest.lib.common.rest_client [req-9bf5104d-0ebc-46ce-8020-22ff92492576 req-9bf5104d-0ebc-46ce-8020-22ff92492576 ] Request (ServerGroupTestJSON:test_create_server_with_scheduler_hint_group): 200 GET http://10.180.1.21/compute/v2.1/servers/c2929727-a7ea-4f63-997d-474c29a305fc 2.374s
2025-12-12 19:32:19.064 66083 INFO tempest.lib.common.rest_client [req-3db158a3-050d-4aec-9e4e-bdf3d861706b req-3db158a3-050d-4aec-9e4e-bdf3d861706b ] Request (SecurityGroupsTestAdminJSON:setUpClass): 200 GET http://10.180.1.21/identity/v3/roles 0.027s
2025-12-12 19:32:19.111 66083 INFO tempest.lib.common.rest_client [req-fc6f76b2-fd6e-4fef-abdb-72dfbe4d8bc6 req-fc6f76b2-fd6e-4fef-abdb-72dfbe4d8bc6 ] Request (SecurityGroupsTestAdminJSON:setUpClass): 204 PUT http://10.180.1.21/identity/v3/projects/9499779616e148a78e482db9cd1d0f28/users/08fe5ce8783a44d9a6fcfbc3542b7081/roles/d0417ab64a064acb8ea16363d89c25ab 0.044s
2025-12-12 19:32:19.189 66135 INFO tempest.lib.common.rest_client [req-70413125-ee0f-44d0-9c2d-01125da32939 req-70413125-ee0f-44d0-9c2d-01125da32939 ] Request (ServersTestBootFromVolume:setUpClass): 200 GET http://10.180.1.21/compute/v2.1/servers/5a8d4357-4b44-4a19-b1da-42d188c38adc 2.467s
2025-12-12 19:32:19.197 66083 INFO tempest.lib.common.rest_client [req-72cc7d97-9fc6-46ee-85e6-18fe0f3b2938 req-72cc7d97-9fc6-46ee-85e6-18fe0f3b2938 ] Request (SecurityGroupsTestAdminJSON:setUpClass): 200 GET http://10.180.1.21/identity/v3/roles 0.086s
2025-12-12 19:32:19.200 66135 INFO tempest.common.waiters [-] State transition "BUILD/spawning" ==> "ACTIVE/None" after 56 second wait
2025-12-12 19:32:19.224 66083 INFO tempest.lib.common.rest_client [req-1c8f2c0a-b239-48ac-a170-b06ec5a369e3 req-1c8f2c0a-b239-48ac-a170-b06ec5a369e3 ] Request (SecurityGroupsTestAdminJSON:setUpClass): 204 PUT http://10.180.1.21/identity/v3/projects/9499779616e148a78e482db9cd1d0f28/users/08fe5ce8783a44d9a6fcfbc3542b7081/roles/d0417ab64a064acb8ea16363d89c25ab 0.026s
2025-12-12 19:32:19.225 66083 INFO tempest.lib.common.dynamic_creds [-] Dynamic test user 08fe5ce8783a44d9a6fcfbc3542b7081 is created with scope project and roles: ['admin']
2025-12-12 19:32:19.225 66083 INFO tempest.lib.common.dynamic_creds [-] Acquired dynamic creds: credentials: Credentials: {'domain_id': 'default', 'domain_name': 'Default', 'username': 'tempest-SecurityGroupsTestAdminJSON-696512724-project-admin', 'project_domain_id': 'default', 'project_domain_name': 'Default', 'project_id': '9499779616e148a78e482db9cd1d0f28', 'project_name': 'tempest-SecurityGroupsTestAdminJSON-696512724', 'tenant_id': '9499779616e148a78e482db9cd1d0f28', 'tenant_name': 'tempest-SecurityGroupsTestAdminJSON-696512724', 'user_domain_id': 'default', 'user_domain_name': 'Default', 'user_id': '08fe5ce8783a44d9a6fcfbc3542b7081', 'system': None}, Network: None, Subnet: None, Router: None
2025-12-12 19:32:19.225 66083 INFO tempest.lib.common.dynamic_creds [-] Created isolated network resources for: credentials: Credentials: {'domain_id': 'default', 'domain_name': 'Default', 'username': 'tempest-SecurityGroupsTestAdminJSON-696512724-project-admin', 'project_domain_id': 'default', 'project_domain_name': 'Default', 'project_id': '9499779616e148a78e482db9cd1d0f28', 'project_name': 'tempest-SecurityGroupsTestAdminJSON-696512724', 'tenant_id': '9499779616e148a78e482db9cd1d0f28', 'tenant_name': 'tempest-SecurityGroupsTestAdminJSON-696512724', 'user_domain_id': 'default', 'user_domain_name': 'Default', 'user_id': '08fe5ce8783a44d9a6fcfbc3542b7081', 'system': None}, Network: None, Subnet: None, Router: None
2025-12-12 19:32:19.268 66085 INFO tempest.lib.common.rest_client [req-655a2892-5a6f-4b45-87bc-c5be2377a0bd req-655a2892-5a6f-4b45-87bc-c5be2377a0bd ] Request (ServersWithSpecificFlavorTestJSON:test_verify_created_server_ephemeral_disk): 200 GET http://10.180.1.21/compute/v2.1/servers/fd481728-3ef0-4a96-affd-ab2dd3f596bb/os-interface 2.495s
2025-12-12 19:32:19.288 66113 INFO tempest.lib.common.rest_client [req-bc25a03f-429e-4e02-988e-8919563b59f9 req-bc25a03f-429e-4e02-988e-8919563b59f9 ] Request (ValidationResourcesFixture:setUp): 200 POST http://10.180.1.21/compute/v2.1/os-keypairs 2.547s
2025-12-12 19:32:19.308 66121 INFO tempest.lib.common.rest_client [req-398fd370-073f-4712-8228-fcc5b302c5ed req-398fd370-073f-4712-8228-fcc5b302c5ed ] Request (ServerAddressesNegativeTestJSON:setUpClass): 200 PUT http://10.180.1.21/networking/v2.0/routers/a760c391-e1b2-443c-a676-d9468d5b6ad3/add_router_interface 1.672s
2025-12-12 19:32:19.309 66121 INFO tempest.lib.common.dynamic_creds [-] Created isolated network resources for: credentials: Credentials: {'domain_id': 'default', 'domain_name': 'Default', 'username': 'tempest-ServerAddressesNegativeTestJSON-963263679-project-member', 'project_domain_id': 'default', 'project_domain_name': 'Default', 'project_id': '0d2e9e9fe170484896239f5f9cc9dc09', 'project_name': 'tempest-ServerAddressesNegativeTestJSON-963263679', 'tenant_id': '0d2e9e9fe170484896239f5f9cc9dc09', 'tenant_name': 'tempest-ServerAddressesNegativeTestJSON-963263679', 'user_domain_id': 'default', 'user_domain_name': 'Default', 'user_id': 'a92866f437ba473c8822c381913be5ef', 'system': None}, Network: {'id': '833c6007-53da-4e80-95f8-cd5f400ba120', 'name': 'tempest-ServerAddressesNegativeTestJSON-1292797458-network', 'tenant_id': '0d2e9e9fe170484896239f5f9cc9dc09', 'project_id': '0d2e9e9fe170484896239f5f9cc9dc09', 'admin_state_up': True, 'mtu': 8950, 'status': 'ACTIVE', 'subnets': [], 'shared': False, 'port_security_enabled': True, 'router:external': False, 'provider:network_type': 'vlan', 'provider:physical_network': 'default', 'provider:segmentation_id': 281, 'availability_zone_hints': [], 'availability_zones': [], 'ipv4_address_scope': None, 'ipv6_address_scope': None, 'description': '', 'tags': [], 'created_at': '2025-12-12T19:32:16Z', 'updated_at': '2025-12-12T19:32:16Z', 'revision_number': 1}, Subnet: {'id': '562b5437-54af-43ad-ab97-a606f4b54127', 'name': 'tempest-ServerAddressesNegativeTestJSON-1292797458-subnet', 'tenant_id': '0d2e9e9fe170484896239f5f9cc9dc09', 'network_id': '833c6007-53da-4e80-95f8-cd5f400ba120', 'ip_version': 4, 'subnetpool_id': None, 'enable_dhcp': True, 'ipv6_ra_mode': None, 'ipv6_address_mode': None, 'gateway_ip': '192.168.128.1', 'cidr': '192.168.128.0/28', 'allocation_pools': [{'start': '192.168.128.2', 'end': '192.168.128.14'}], 'host_routes': [], 'dns_nameservers': [], 'description': '', 'router:external': False, 'service_types': [], 'tags': [], 'created_at': '2025-12-12T19:32:16Z', 'updated_at': '2025-12-12T19:32:16Z', 'revision_number': 0, 'project_id': '0d2e9e9fe170484896239f5f9cc9dc09'}, Router: {'id': 'a760c391-e1b2-443c-a676-d9468d5b6ad3', 'name': 'tempest-ServerAddressesNegativeTestJSON-1292797458-router', 'tenant_id': '0d2e9e9fe170484896239f5f9cc9dc09', 'admin_state_up': True, 'status': 'ACTIVE', 'external_gateway_info': {'network_id': '75540bca-3cc6-4e2c-a8d3-4f7162ec8f23', 'external_fixed_ips': [{'subnet_id': 'd8a813df-3603-4e25-814f-5f5046c615d1', 'ip_address': '10.180.180.195'}], 'enable_snat': True}, 'description': '', 'availability_zones': [], 'distributed': False, 'ha': False, 'availability_zone_hints': [], 'routes': [], 'flavor_id': None, 'tags': [], 'created_at': '2025-12-12T19:32:16Z', 'updated_at': '2025-12-12T19:32:17Z', 'revision_number': 2, 'project_id': '0d2e9e9fe170484896239f5f9cc9dc09'}
2025-12-12 19:32:19.318 66133 INFO tempest.lib.common.rest_client [req-a486c7dc-08c4-4eeb-a4c8-2c1dfe9ef7ad req-a486c7dc-08c4-4eeb-a4c8-2c1dfe9ef7ad ] Request (ListServerFiltersTestJSON:test_list_servers_filter_by_limit): 200 GET http://10.180.1.21/compute/v2.1/servers?limit=1 2.402s
2025-12-12 19:32:19.324 66083 INFO tempest.lib.common.rest_client [req-19cce16b-5715-4c83-8c79-c10cc8fbe690 req-19cce16b-5715-4c83-8c79-c10cc8fbe690 ] Request (SecurityGroupsTestAdminJSON:setUpClass): 201 POST http://10.180.1.21/identity/v3/auth/tokens 0.093s
2025-12-12 19:32:19.396 66121 INFO tempest.lib.common.rest_client [req-88598006-2308-42af-9e52-6439c4d35674 req-88598006-2308-42af-9e52-6439c4d35674 ] Request (ServerAddressesNegativeTestJSON:setUpClass): 201 POST http://10.180.1.21/identity/v3/auth/tokens 0.082s
2025-12-12 19:32:19.422 66113 INFO tempest.lib.common.rest_client [req-961533b1-d110-4455-af9a-e655401acb0c req-961533b1-d110-4455-af9a-e655401acb0c ] Request (ValidationResourcesFixture:setUp): 201 POST http://10.180.1.21/networking/v2.0/security-groups 0.132s
2025-12-12 19:32:19.441 66121 INFO tempest.lib.common.rest_client [req-db72d883-ee57-418c-8ff7-642cf9d7f0e1 req-db72d883-ee57-418c-8ff7-642cf9d7f0e1 ] Request (ServerAddressesNegativeTestJSON:setUpClass): 201 POST http://10.180.1.21/identity/v3/auth/tokens 0.039s
2025-12-12 19:32:19.441 66121 INFO tempest.lib.common.fixed_network [-] (ServerAddressesNegativeTestJSON:setUpClass) Found network {'id': '833c6007-53da-4e80-95f8-cd5f400ba120', 'name': 'tempest-ServerAddressesNegativeTestJSON-1292797458-network', 'tenant_id': '0d2e9e9fe170484896239f5f9cc9dc09', 'project_id': '0d2e9e9fe170484896239f5f9cc9dc09', 'admin_state_up': True, 'mtu': 8950, 'status': 'ACTIVE', 'subnets': [], 'shared': False, 'port_security_enabled': True, 'router:external': False, 'provider:network_type': 'vlan', 'provider:physical_network': 'default', 'provider:segmentation_id': 281, 'availability_zone_hints': [], 'availability_zones': [], 'ipv4_address_scope': None, 'ipv6_address_scope': None, 'description': '', 'tags': [], 'created_at': '2025-12-12T19:32:16Z', 'updated_at': '2025-12-12T19:32:16Z', 'revision_number': 1} available for tenant
2025-12-12 19:32:19.449 66131 INFO tempest.lib.common.rest_client [req-48051a94-080d-4abb-bbc1-1e54092d202c req-48051a94-080d-4abb-bbc1-1e54092d202c ] Request (ImagesTestJSON:test_create_image_from_suspended_server): 200 GET http://10.180.1.21/compute/v2.1/servers/bd839fe1-8801-4ba1-9c23-288453258b66 2.492s
2025-12-12 19:32:19.587 66113 INFO tempest.lib.common.rest_client [req-5cbcf36f-b696-4b5e-bc5e-a4cbeac9c7d1 req-5cbcf36f-b696-4b5e-bc5e-a4cbeac9c7d1 ] Request (ValidationResourcesFixture:setUp): 201 POST http://10.180.1.21/networking/v2.0/security-group-rules 0.163s
2025-12-12 19:32:19.622 66075 INFO tempest.lib.common.rest_client [req-3855314f-1b8d-4903-82b3-1344e6faa076 req-3855314f-1b8d-4903-82b3-1344e6faa076 ] Request (MigrationsAdminTest:test_list_migrations_in_flavor_resize_situation): 200 GET http://10.180.1.21/compute/v2.1/servers/0e064341-4e4a-407b-8c26-3eb04b409029 2.593s
2025-12-12 19:32:19.633 66093 INFO tempest.lib.common.rest_client [req-c7391ddf-7888-4cf8-ac9a-e12ede688460 req-c7391ddf-7888-4cf8-ac9a-e12ede688460 ] Request (DeleteServersAdminTestJSON:test_delete_server_while_in_error_state): 200 GET http://10.180.1.21/compute/v2.1/servers/815f056b-2d88-40dd-9ef7-a891ec8d92cf 2.209s
2025-12-12 19:32:19.644 66107 INFO tempest.lib.common.rest_client [req-4fb0db1c-0523-46aa-8c57-25cbed61ec54 req-4fb0db1c-0523-46aa-8c57-25cbed61ec54 ] Request (FlavorsAdminTestJSON:test_is_public_string_variations): 200 GET http://10.180.1.21/compute/v2.1/flavors/detail?is_public=t 2.085s
2025-12-12 19:32:19.645 66093 INFO tempest.common.waiters [-] State transition "BUILD/scheduling" ==> "BUILD/None" after 28 second wait
2025-12-12 19:32:19.718 66113 INFO tempest.lib.common.rest_client [req-d9062094-058d-4689-a9f8-4a11a5246c42 req-d9062094-058d-4689-a9f8-4a11a5246c42 ] Request (ValidationResourcesFixture:setUp): 201 POST http://10.180.1.21/networking/v2.0/security-group-rules 0.130s
2025-12-12 19:32:19.739 66101 INFO tempest.lib.common.rest_client [req-619b66f0-bf81-4ba5-a6e8-d2e21d2f010d req-619b66f0-bf81-4ba5-a6e8-d2e21d2f010d ] Request (ServerActionsTestOtherB:setUpClass): 200 GET http://10.180.1.21/compute/v2.1/servers/608cc0ea-3f6b-4b4f-83c1-01aa50999d63 2.078s
2025-12-12 19:32:19.749 66101 INFO tempest.common.waiters [-] State transition "BUILD/scheduling" ==> "BUILD/None" after 21 second wait
2025-12-12 19:32:19.751 66099 INFO tempest.lib.common.rest_client [req-dd8f3803-215e-41d8-bec9-4f360dab2676 req-dd8f3803-215e-41d8-bec9-4f360dab2676 ] Request (ServersTestJSON:test_verify_created_server_vcpus): 200 GET http://10.180.1.21/compute/v2.1/flavors/42 1.724s
2025-12-12 19:32:19.754 66099 INFO tempest.lib.common.ssh [-] Creating ssh connection to '10.180.180.187:22' as 'cirros' with public key authentication
2025-12-12 19:32:19.757 66073 INFO tempest.lib.common.rest_client [req-a5e347be-ba94-4654-ad20-48a48632e359 req-a5e347be-ba94-4654-ad20-48a48632e359 ] Request (ServersAdmin275Test:test_rebuild_update_server_275): 200 GET http://10.180.1.21/compute/v2.1/servers/3b933684-ac19-44b0-a49d-6af45501e166 1.935s
2025-12-12 19:32:19.763 66099 INFO paramiko.transport [-] Connected (version 2.0, client dropbear_2020.81)
2025-12-12 19:32:19.785 66087 INFO tempest.lib.common.rest_client [req-54b09add-8889-4464-8b55-4516c1fba4bf req-54b09add-8889-4464-8b55-4516c1fba4bf ] Request (ServerDiagnosticsTest:tearDownClass): 404 GET http://10.180.1.21/compute/v2.1/servers/de5cad99-1dbc-4435-98b4-987e24ba8c3c 1.622s
2025-12-12 19:32:19.830 66099 INFO paramiko.transport [-] Authentication (publickey) successful!
2025-12-12 19:32:19.831 66099 INFO tempest.lib.common.ssh [-] ssh connection to cirros@10.180.180.187 successfully created
2025-12-12 19:32:19.862 66085 INFO tempest.lib.common.rest_client [req-4c82db6f-ce52-40ae-beb9-450ebdb1b746 req-4c82db6f-ce52-40ae-beb9-450ebdb1b746 ] Request (ServersWithSpecificFlavorTestJSON:test_verify_created_server_ephemeral_disk): 200 PUT http://10.180.1.21/networking/v2.0/floatingips/d69793dd-c74f-4829-a31d-7e2eddba80fc 0.590s
2025-12-12 19:32:19.883 66095 INFO tempest.lib.common.rest_client [req-4a45dd7a-fd64-44e3-b256-af887a9a8c90 req-4a45dd7a-fd64-44e3-b256-af887a9a8c90 ] Request (ServerExternalEventsTest:test_create_server_external_events): 200 GET http://10.180.1.21/compute/v2.1/servers/96acc5f8-b411-408e-929d-d1035cfd50db 1.733s
2025-12-12 19:32:19.894 66095 INFO tempest.common.waiters [-] State transition "BUILD/scheduling" ==> "BUILD/None" after 21 second wait
2025-12-12 19:32:19.955 66087 INFO tempest.lib.common.rest_client [req-03e468c5-d7e9-4703-a31c-bb6864f39a04 req-03e468c5-d7e9-4703-a31c-bb6864f39a04 ] Request (ServerDiagnosticsTest:tearDownClass): 204 DELETE http://10.180.1.21/identity/v3/users/1ee9945864004543b4d5d40111e3548d 0.169s
2025-12-12 19:32:20.075 66087 INFO tempest.lib.common.rest_client [req-7b3ee307-a469-4d4d-9573-0340d98d8d2a req-7b3ee307-a469-4d4d-9573-0340d98d8d2a ] Request (ServerDiagnosticsTest:tearDownClass): 204 DELETE http://10.180.1.21/identity/v3/users/90fc3428520a46e69b9aad5d78395ec2 0.119s
2025-12-12 19:32:20.075 66087 INFO tempest.lib.common.dynamic_creds [-] Deleting project and security group for project: b4989bda36834cf0b2db8c3a768c2aad
2025-12-12 19:32:20.134 66087 INFO tempest.lib.common.rest_client [req-00f3f506-9fc4-4eef-b490-17e091379069 req-00f3f506-9fc4-4eef-b490-17e091379069 ] Request (ServerDiagnosticsTest:tearDownClass): 201 POST http://10.180.1.21/identity/v3/auth/tokens 0.059s
2025-12-12 19:32:20.211 66113 INFO tempest.lib.common.rest_client [req-107a70f2-b56e-438d-96bf-5d5cedcc8a6d req-107a70f2-b56e-438d-96bf-5d5cedcc8a6d ] Request (ValidationResourcesFixture:setUp): 201 POST http://10.180.1.21/networking/v2.0/floatingips 0.492s
2025-12-12 19:32:20.281 66113 INFO tempest.lib.common.rest_client [req-d57b6818-9ba1-42fd-97e3-3157085e9273 req-d57b6818-9ba1-42fd-97e3-3157085e9273 ] Request (AttachVolumeNegativeTest:test_attach_attached_volume_to_different_server): 201 POST http://10.180.1.21/identity/v3/auth/tokens 0.066s
2025-12-12 19:32:20.282 66113 INFO tempest.lib.common.fixed_network [-] (AttachVolumeNegativeTest:test_attach_attached_volume_to_different_server) Found network {'id': 'ad1373b5-e0ed-4ee6-a97c-af931afbab35', 'name': 'tempest-AttachVolumeNegativeTest-909418417-network', 'tenant_id': 'a090d553766847e58e3231b966c92565', 'project_id': 'a090d553766847e58e3231b966c92565', 'admin_state_up': True, 'mtu': 8950, 'status': 'ACTIVE', 'subnets': [], 'shared': False, 'port_security_enabled': True, 'router:external': False, 'provider:network_type': 'vlan', 'provider:physical_network': 'default', 'provider:segmentation_id': 932, 'availability_zone_hints': [], 'availability_zones': [], 'ipv4_address_scope': None, 'ipv6_address_scope': None, 'description': '', 'tags': [], 'created_at': '2025-12-12T19:32:14Z', 'updated_at': '2025-12-12T19:32:14Z', 'revision_number': 1} available for tenant
2025-12-12 19:32:20.389 66081 INFO tempest.lib.common.rest_client [req-4be12a49-2f0c-405d-a6ab-da6ebd3b1a4b req-4be12a49-2f0c-405d-a6ab-da6ebd3b1a4b ] Request (ServersAdminTestJSON:setUpClass): 200 GET http://10.180.1.21/compute/v2.1/servers/f2d9090c-988f-43f4-9c81-7aa718a3438a 1.942s
2025-12-12 19:32:20.420 66129 INFO tempest.lib.common.rest_client [req-896ffb9c-49db-4869-8759-e52a65a44def req-896ffb9c-49db-4869-8759-e52a65a44def ] Request (AggregatesAdminNegativeTestJSON:test_aggregate_remove_nonexistent_host): 200 POST http://10.180.1.21/compute/v2.1/os-aggregates 1.959s
2025-12-12 19:32:20.457 66087 INFO tempest.lib.common.rest_client [req-34b5e1a1-dadd-47d5-b50c-0a0f77988e60 req-34b5e1a1-dadd-47d5-b50c-0a0f77988e60 ] Request (ServerDiagnosticsTest:tearDownClass): 200 GET http://10.180.1.21/networking/v2.0/security-groups?tenant_id=b4989bda36834cf0b2db8c3a768c2aad&name=default 0.323s
2025-12-12 19:32:20.492 66081 INFO tempest.lib.common.rest_client [req-672e8115-12b8-43e4-a851-dd7eb795ebf1 req-672e8115-12b8-43e4-a851-dd7eb795ebf1 ] Request (ServersAdminTestJSON:test_create_server_with_scheduling_hint): 201 POST http://10.180.1.21/identity/v3/auth/tokens 0.084s
2025-12-12 19:32:20.492 66081 INFO tempest.lib.common.fixed_network [-] (ServersAdminTestJSON:test_create_server_with_scheduling_hint) Found network {'id': '3f7916f7-ee9c-4629-b3b3-1367de9f98ea', 'name': 'tempest-ServersAdminTestJSON-579713617-network', 'tenant_id': 'b794c99309e94c1181fc9d8eeeb84702', 'project_id': 'b794c99309e94c1181fc9d8eeeb84702', 'admin_state_up': True, 'mtu': 8950, 'status': 'ACTIVE', 'subnets': [], 'shared': False, 'port_security_enabled': True, 'router:external': False, 'provider:network_type': 'vlan', 'provider:physical_network': 'default', 'provider:segmentation_id': 398, 'availability_zone_hints': [], 'availability_zones': [], 'ipv4_address_scope': None, 'ipv6_address_scope': None, 'description': '', 'tags': [], 'created_at': '2025-12-12T19:31:09Z', 'updated_at': '2025-12-12T19:31:09Z', 'revision_number': 1} available for tenant
2025-12-12 19:32:20.576 66087 INFO tempest.lib.common.rest_client [req-9da658d0-0a95-47dc-97b1-38d4fb7732d1 req-9da658d0-0a95-47dc-97b1-38d4fb7732d1 ] Request (ServerDiagnosticsTest:tearDownClass): 204 DELETE http://10.180.1.21/networking/v2.0/security-groups/67e9a1a5-e89b-45c6-b52d-13990dcd40bd 0.118s
2025-12-12 19:32:20.653 66087 INFO tempest.lib.common.rest_client [req-01bc03a0-90ab-42e1-b207-570bbbc42bc5 req-01bc03a0-90ab-42e1-b207-570bbbc42bc5 ] Request (ServerDiagnosticsTest:tearDownClass): 204 DELETE http://10.180.1.21/identity/v3/projects/b4989bda36834cf0b2db8c3a768c2aad 0.077s
2025-12-12 19:32:20.653 66087 INFO tempest.lib.common.dynamic_creds [-] Deleting project and security group for project: 0d16e812d7bc4d3285f2930454e8a434
2025-12-12 19:32:20.700 66087 INFO tempest.lib.common.rest_client [req-2aafd0cc-ecb4-4027-a84c-f4a84864b294 req-2aafd0cc-ecb4-4027-a84c-f4a84864b294 ] Request (ServerDiagnosticsTest:tearDownClass): 200 GET http://10.180.1.21/networking/v2.0/security-groups?tenant_id=0d16e812d7bc4d3285f2930454e8a434&name=default 0.046s
2025-12-12 19:32:20.771 66091 INFO tempest.lib.common.rest_client [req-4a3033b7-02c6-495e-930c-e113b9bee69a req-4a3033b7-02c6-495e-930c-e113b9bee69a ] Request (MultipleCreateTestJSON:test_multiple_create_with_reservation_return): 202 POST http://10.180.1.21/compute/v2.1/servers 2.522s
2025-12-12 19:32:20.805 66119 INFO tempest.lib.common.rest_client [req-85e3dc1b-8429-4f7d-8b13-f335e8cd1b61 req-85e3dc1b-8429-4f7d-8b13-f335e8cd1b61 ] Request (ServersListShow298Test:test_list_show_update_rebuild_server_298): 200 GET http://10.180.1.21/compute/v2.1/servers/ddd36db0-28ad-4582-994b-7eef8b08ed46 2.265s
2025-12-12 19:32:20.825 66087 INFO tempest.lib.common.rest_client [req-f9e3c094-511d-43da-8970-3fbfab7e0286 req-f9e3c094-511d-43da-8970-3fbfab7e0286 ] Request (ServerDiagnosticsTest:tearDownClass): 204 DELETE http://10.180.1.21/networking/v2.0/security-groups/9ce9a343-b8b0-474d-86be-ec43e8ec079f 0.118s
2025-12-12 19:32:20.896 66111 INFO tempest.lib.common.rest_client [req-ba57f6e0-173e-410b-af3e-6c91068caf92 req-ba57f6e0-173e-410b-af3e-6c91068caf92 ] Request (ServerDiagnosticsV248Test:tearDownClass): 200 GET http://10.180.1.21/compute/v2.1/servers/4d4dc88b-0d6c-430c-ab4f-c81a56e4657b 2.348s
2025-12-12 19:32:20.963 66087 INFO tempest.lib.common.rest_client [req-5ecfaaa4-dbb1-4e72-8ce5-c85b3bc95410 req-5ecfaaa4-dbb1-4e72-8ce5-c85b3bc95410 ] Request (ServerDiagnosticsTest:tearDownClass): 204 DELETE http://10.180.1.21/identity/v3/projects/0d16e812d7bc4d3285f2930454e8a434 0.138s
2025-12-12 19:32:21.040 66087 INFO tempest.lib.common.rest_client [req-943c3ec9-9544-46cd-ab62-f8d25dd9d7cc req-943c3ec9-9544-46cd-ab62-f8d25dd9d7cc ] Request (ServerDiagnosticsNegativeTest:setUpClass): 201 POST http://10.180.1.21/identity/v3/auth/tokens 0.075s
2025-12-12 19:32:21.078 66087 INFO tempest.lib.common.rest_client [req-aef4af7a-8e11-400c-93b8-ebdef6b14f9d req-aef4af7a-8e11-400c-93b8-ebdef6b14f9d ] Request (ServerDiagnosticsNegativeTest:setUpClass): 201 POST http://10.180.1.21/identity/v3/auth/tokens 0.035s
2025-12-12 19:32:21.107 66087 INFO tempest.lib.common.rest_client [req-f6245393-31f6-44bf-a990-4aafe5922bac req-f6245393-31f6-44bf-a990-4aafe5922bac ] Request (ServerDiagnosticsNegativeTest:setUpClass): 200 GET http://10.180.1.21/identity/v3/domains?name=Default 0.029s
2025-12-12 19:32:21.147 66087 INFO tempest.lib.common.rest_client [req-2013aa22-9974-4849-93f4-fca85e98426e req-2013aa22-9974-4849-93f4-fca85e98426e ] Request (ServerDiagnosticsNegativeTest:setUpClass): 201 POST http://10.180.1.21/identity/v3/projects 0.038s
2025-12-12 19:32:21.160 66097 INFO tempest.lib.common.rest_client [req-b0adde83-84f2-4fa3-84bf-8f387eee1293 req-b0adde83-84f2-4fa3-84bf-8f387eee1293 ] Request (ServersListShow2100Test:test_list_show_rebuild_update_server_2100): 202 POST http://10.180.1.21/compute/v2.1/servers 2.378s
2025-12-12 19:32:21.224 66087 INFO tempest.lib.common.rest_client [req-2a11ba04-0416-4651-a47a-4ee1ae28e366 req-2a11ba04-0416-4651-a47a-4ee1ae28e366 ] Request (ServerDiagnosticsNegativeTest:setUpClass): 201 POST http://10.180.1.21/identity/v3/users 0.077s
2025-12-12 19:32:21.260 66087 INFO tempest.lib.common.rest_client [req-2e6f3fd2-9bcf-4b8d-8d33-9e8222b370ac req-2e6f3fd2-9bcf-4b8d-8d33-9e8222b370ac ] Request (ServerDiagnosticsNegativeTest:setUpClass): 200 GET http://10.180.1.21/identity/v3/roles 0.035s
2025-12-12 19:32:21.304 66087 INFO tempest.lib.common.rest_client [req-73015f93-1580-4b9f-bb17-922529ee0f6e req-73015f93-1580-4b9f-bb17-922529ee0f6e ] Request (ServerDiagnosticsNegativeTest:setUpClass): 204 PUT http://10.180.1.21/identity/v3/projects/877bbe4aeef145749b4156f8ab6f2202/users/f035cafb2b2c4cf4a778edc716ee2349/roles/e7e85ae9d7ea4bf3a732f294b69863ce 0.043s
2025-12-12 19:32:21.304 66087 INFO tempest.lib.common.dynamic_creds [-] Dynamic test user f035cafb2b2c4cf4a778edc716ee2349 is created with scope project and roles: ['member']
2025-12-12 19:32:21.304 66087 INFO tempest.lib.common.dynamic_creds [-] Acquired dynamic creds: credentials: Credentials: {'domain_id': 'default', 'domain_name': 'Default', 'username': 'tempest-ServerDiagnosticsNegativeTest-1635132145-project-member', 'project_domain_id': 'default', 'project_domain_name': 'Default', 'project_id': '877bbe4aeef145749b4156f8ab6f2202', 'project_name': 'tempest-ServerDiagnosticsNegativeTest-1635132145', 'tenant_id': '877bbe4aeef145749b4156f8ab6f2202', 'tenant_name': 'tempest-ServerDiagnosticsNegativeTest-1635132145', 'user_domain_id': 'default', 'user_domain_name': 'Default', 'user_id': 'f035cafb2b2c4cf4a778edc716ee2349', 'system': None}, Network: None, Subnet: None, Router: None
2025-12-12 19:32:21.304 66087 INFO tempest.lib.common.dynamic_creds [-] Created isolated network resources for: credentials: Credentials: {'domain_id': 'default', 'domain_name': 'Default', 'username': 'tempest-ServerDiagnosticsNegativeTest-1635132145-project-member', 'project_domain_id': 'default', 'project_domain_name': 'Default', 'project_id': '877bbe4aeef145749b4156f8ab6f2202', 'project_name': 'tempest-ServerDiagnosticsNegativeTest-1635132145', 'tenant_id': '877bbe4aeef145749b4156f8ab6f2202', 'tenant_name': 'tempest-ServerDiagnosticsNegativeTest-1635132145', 'user_domain_id': 'default', 'user_domain_name': 'Default', 'user_id': 'f035cafb2b2c4cf4a778edc716ee2349', 'system': None}, Network: None, Subnet: None, Router: None
2025-12-12 19:32:21.320 66127 INFO tempest.lib.common.rest_client [req-bdd1367c-a3b4-4a38-ab87-d1d827f9b343 req-bdd1367c-a3b4-4a38-ab87-d1d827f9b343 ] Request (FloatingIPsAssociationTestJSON:setUpClass): 200 GET http://10.180.1.21/compute/v2.1/servers/d7905c4f-1ba3-43b3-b4b3-aebacd2f9cc3 2.305s
2025-12-12 19:32:21.405 66087 INFO tempest.lib.common.rest_client [req-74282a3a-3dc8-49a7-9d3e-b4dd3fc4e732 req-74282a3a-3dc8-49a7-9d3e-b4dd3fc4e732 ] Request (ServerDiagnosticsNegativeTest:setUpClass): 201 POST http://10.180.1.21/identity/v3/auth/tokens 0.096s
2025-12-12 19:32:21.414 66135 INFO tempest.lib.common.rest_client [req-3feade25-9464-4130-aa6e-84729798d136 req-3feade25-9464-4130-aa6e-84729798d136 ] Request (ServersTestBootFromVolume:setUpClass): 200 GET http://10.180.1.21/compute/v2.1/servers/5a8d4357-4b44-4a19-b1da-42d188c38adc/os-interface 2.214s
2025-12-12 19:32:21.490 66087 INFO tempest.lib.common.rest_client [req-6156a28b-46cc-496f-b50d-1fcf32587cdf req-6156a28b-46cc-496f-b50d-1fcf32587cdf ] Request (ServerDiagnosticsNegativeTest:setUpClass): 201 POST http://10.180.1.21/identity/v3/projects 0.084s
2025-12-12 19:32:21.521 66133 INFO tempest.lib.common.rest_client [req-193e3d67-a154-43fd-8e2a-938c46b60adb req-193e3d67-a154-43fd-8e2a-938c46b60adb ] Request (ListServerFiltersTestJSON:test_list_servers_filter_by_server_name): 200 GET http://10.180.1.21/compute/v2.1/servers?name=tempest-ListServerFiltersTestJSON-instance-1570223238 2.199s
2025-12-12 19:32:21.585 66087 INFO tempest.lib.common.rest_client [req-445ca9fa-e4fa-43df-bd44-140887c21039 req-445ca9fa-e4fa-43df-bd44-140887c21039 ] Request (ServerDiagnosticsNegativeTest:setUpClass): 201 POST http://10.180.1.21/identity/v3/users 0.095s
2025-12-12 19:32:21.607 66109 INFO tempest.lib.common.rest_client [req-4d88785b-49b9-406d-b62e-9f2642c5973f req-4d88785b-49b9-406d-b62e-9f2642c5973f ] Request (AbsoluteLimitsNegativeTestJSON:test_max_metadata_exceed_limit): 403 POST http://10.180.1.21/compute/v2.1/servers 2.748s
2025-12-12 19:32:21.611 66087 INFO tempest.lib.common.rest_client [req-fab4c866-cdc6-4ac8-8489-44524d7a6b7c req-fab4c866-cdc6-4ac8-8489-44524d7a6b7c ] Request (ServerDiagnosticsNegativeTest:setUpClass): 200 GET http://10.180.1.21/identity/v3/roles 0.025s
2025-12-12 19:32:21.652 66087 INFO tempest.lib.common.rest_client [req-3f525d17-6206-4a00-8c6a-59719abaeacc req-3f525d17-6206-4a00-8c6a-59719abaeacc ] Request (ServerDiagnosticsNegativeTest:setUpClass): 204 PUT http://10.180.1.21/identity/v3/projects/c3b4d337f6e349c6b67c6f14d9d4a8e7/users/c4bec182b85b425fb3ce622d5ea045be/roles/d0417ab64a064acb8ea16363d89c25ab 0.039s
2025-12-12 19:32:21.726 66109 INFO tempest.lib.common.rest_client [req-9d716546-b88e-49ee-bf94-83f5a96f6af8 req-9d716546-b88e-49ee-bf94-83f5a96f6af8 ] Request (AbsoluteLimitsNegativeTestJSON:tearDownClass): 204 DELETE http://10.180.1.21/identity/v3/users/2c8ac239d283416b9321c12b908bda07 0.113s
2025-12-12 19:32:21.726 66109 INFO tempest.lib.common.dynamic_creds [-] Deleting project and security group for project: a1b5049d0a1349978552b8f5391b5914
2025-12-12 19:32:21.808 66087 INFO tempest.lib.common.rest_client [req-498b5230-bb66-4720-af58-bb901b145af0 req-498b5230-bb66-4720-af58-bb901b145af0 ] Request (ServerDiagnosticsNegativeTest:setUpClass): 200 GET http://10.180.1.21/identity/v3/roles 0.156s
2025-12-12 19:32:21.841 66109 INFO tempest.lib.common.rest_client [req-88956c97-a466-4637-9663-be0eacf30498 req-88956c97-a466-4637-9663-be0eacf30498 ] Request (AbsoluteLimitsNegativeTestJSON:tearDownClass): 201 POST http://10.180.1.21/identity/v3/auth/tokens 0.115s
2025-12-12 19:32:21.845 66087 INFO tempest.lib.common.rest_client [req-5cd32a6c-9fb6-4e10-9408-efe552e02c29 req-5cd32a6c-9fb6-4e10-9408-efe552e02c29 ] Request (ServerDiagnosticsNegativeTest:setUpClass): 204 PUT http://10.180.1.21/identity/v3/projects/c3b4d337f6e349c6b67c6f14d9d4a8e7/users/c4bec182b85b425fb3ce622d5ea045be/roles/d0417ab64a064acb8ea16363d89c25ab 0.036s
2025-12-12 19:32:21.846 66087 INFO tempest.lib.common.dynamic_creds [-] Dynamic test user c4bec182b85b425fb3ce622d5ea045be is created with scope project and roles: ['admin']
2025-12-12 19:32:21.846 66087 INFO tempest.lib.common.dynamic_creds [-] Acquired dynamic creds: credentials: Credentials: {'domain_id': 'default', 'domain_name': 'Default', 'username': 'tempest-ServerDiagnosticsNegativeTest-426431416-project-admin', 'project_domain_id': 'default', 'project_domain_name': 'Default', 'project_id': 'c3b4d337f6e349c6b67c6f14d9d4a8e7', 'project_name': 'tempest-ServerDiagnosticsNegativeTest-426431416', 'tenant_id': 'c3b4d337f6e349c6b67c6f14d9d4a8e7', 'tenant_name': 'tempest-ServerDiagnosticsNegativeTest-426431416', 'user_domain_id': 'default', 'user_domain_name': 'Default', 'user_id': 'c4bec182b85b425fb3ce622d5ea045be', 'system': None}, Network: None, Subnet: None, Router: None
2025-12-12 19:32:21.846 66087 INFO tempest.lib.common.dynamic_creds [-] Created isolated network resources for: credentials: Credentials: {'domain_id': 'default', 'domain_name': 'Default', 'username': 'tempest-ServerDiagnosticsNegativeTest-426431416-project-admin', 'project_domain_id': 'default', 'project_domain_name': 'Default', 'project_id': 'c3b4d337f6e349c6b67c6f14d9d4a8e7', 'project_name': 'tempest-ServerDiagnosticsNegativeTest-426431416', 'tenant_id': 'c3b4d337f6e349c6b67c6f14d9d4a8e7', 'tenant_name': 'tempest-ServerDiagnosticsNegativeTest-426431416', 'user_domain_id': 'default', 'user_domain_name': 'Default', 'user_id': 'c4bec182b85b425fb3ce622d5ea045be', 'system': None}, Network: None, Subnet: None, Router: None
2025-12-12 19:32:21.955 66083 INFO tempest.lib.common.rest_client [req-f0546840-67ac-4922-af21-20407bb201f3 req-f0546840-67ac-4922-af21-20407bb201f3 ] Request (SecurityGroupsTestAdminJSON:test_list_security_groups_list_all_tenants_filter): 200 POST http://10.180.1.21/compute/v2.1/os-security-groups 2.629s
2025-12-12 19:32:21.988 66105 INFO tempest.lib.common.rest_client [req-15b5bb04-d060-404d-9d19-4f65f331dd17 req-15b5bb04-d060-404d-9d19-4f65f331dd17 ] Request (VolumesAdminNegativeTest:test_update_attached_volume_with_nonexistent_volume_in_uri): 200 GET http://10.180.1.21/compute/v2.1/servers/30b17a17-229c-4ca7-9ae6-c67ccdcd3963 2.601s
2025-12-12 19:32:21.988 66087 INFO tempest.lib.common.rest_client [req-f1ae9de8-d41d-42cc-9c5d-72d668602427 req-f1ae9de8-d41d-42cc-9c5d-72d668602427 ] Request (ServerDiagnosticsNegativeTest:setUpClass): 201 POST http://10.180.1.21/identity/v3/auth/tokens 0.138s
2025-12-12 19:32:22.214 66087 INFO tempest.lib.common.rest_client [req-85903b51-52b2-4f6e-a437-ae5af311e784 req-85903b51-52b2-4f6e-a437-ae5af311e784 ] Request (ServerDiagnosticsNegativeTest:test_get_server_diagnostics_by_non_admin): 201 POST http://10.180.1.21/identity/v3/auth/tokens 0.217s
2025-12-12 19:32:22.214 66087 INFO tempest.lib.common.fixed_network [-] (ServerDiagnosticsNegativeTest:test_get_server_diagnostics_by_non_admin) Found network None available for tenant
2025-12-12 19:32:22.254 66109 INFO tempest.lib.common.rest_client [req-30f9653a-dcc0-4331-b1cb-9a6fa499fb30 req-30f9653a-dcc0-4331-b1cb-9a6fa499fb30 ] Request (AbsoluteLimitsNegativeTestJSON:tearDownClass): 200 GET http://10.180.1.21/networking/v2.0/security-groups?tenant_id=a1b5049d0a1349978552b8f5391b5914&name=default 0.411s
2025-12-12 19:32:22.283 66117 INFO tempest.lib.common.rest_client [req-116e2f82-0db2-48b4-aa84-16ccfd64522f req-116e2f82-0db2-48b4-aa84-16ccfd64522f ] Request (TenantUsagesTestJSON:tearDownClass): 200 GET http://10.180.1.21/compute/v2.1/servers/7748c23f-9ea9-4172-8ab7-187678272bb3 2.795s
2025-12-12 19:32:22.294 66117 INFO tempest.common.waiters [-] State transition "ACTIVE/deleting" ==> "DELETED/None" after 4 second wait
2025-12-12 19:32:22.314 66135 INFO tempest.lib.common.rest_client [req-1203a88c-540b-47ae-8e46-28c67595ebb3 req-1203a88c-540b-47ae-8e46-28c67595ebb3 ] Request (ServersTestBootFromVolume:setUpClass): 200 PUT http://10.180.1.21/networking/v2.0/floatingips/33d33199-54f6-4411-a642-df3817fe31e3 0.897s
2025-12-12 19:32:22.379 66104 INFO tempest.lib.common.rest_client [req-ff12c31c-77df-47b0-aeef-76d951004f9a req-ff12c31c-77df-47b0-aeef-76d951004f9a ] Request (ListServersNegativeTestJSON:setUpClass): 200 GET http://10.180.1.21/compute/v2.1/servers/811c1bbd-259c-4f5e-9a61-581bfba0ec4d 2.811s
2025-12-12 19:32:22.420 66109 INFO tempest.lib.common.rest_client [req-25bb22fb-3f34-4b1f-8fc9-a37fc1285a66 req-25bb22fb-3f34-4b1f-8fc9-a37fc1285a66 ] Request (AbsoluteLimitsNegativeTestJSON:tearDownClass): 204 DELETE http://10.180.1.21/networking/v2.0/security-groups/ae7014c6-ae51-4a8e-8d54-954fc8cd0cb4 0.166s
2025-12-12 19:32:22.461 66123 INFO tempest.lib.common.rest_client [req-b141d275-3225-4fba-96a6-47333388bdf5 req-b141d275-3225-4fba-96a6-47333388bdf5 ] Request (ServersListShow296Test:test_list_show_update_rebuild_server_296): 200 GET http://10.180.1.21/compute/v2.1/servers/83573c2b-9448-456f-8fd2-b19661dd6cc4 2.862s
2025-12-12 19:32:22.491 66107 INFO tempest.lib.common.rest_client [req-af794234-2ca6-4b47-8fcd-57b1d5a146ec req-af794234-2ca6-4b47-8fcd-57b1d5a146ec ] Request (FlavorsAdminTestJSON:test_is_public_string_variations): 200 GET http://10.180.1.21/compute/v2.1/flavors/detail?is_public=true 2.842s
2025-12-12 19:32:22.536 66109 INFO tempest.lib.common.rest_client [req-7f5cd948-c906-45af-a2b8-81531431c020 req-7f5cd948-c906-45af-a2b8-81531431c020 ] Request (AbsoluteLimitsNegativeTestJSON:tearDownClass): 204 DELETE http://10.180.1.21/identity/v3/projects/a1b5049d0a1349978552b8f5391b5914 0.115s
2025-12-12 19:32:22.577 66137 INFO tempest.lib.common.rest_client [req-6850e250-6d5b-492a-8f3d-21aeda5861a4 req-6850e250-6d5b-492a-8f3d-21aeda5861a4 ] Request (AttachInterfacesTestJSON:test_create_list_show_delete_interfaces_by_fixed_ip): 200 GET http://10.180.1.21/compute/v2.1/servers/49bcab1f-7b64-4999-abff-37771c58a271 2.882s
2025-12-12 19:32:22.697 66099 INFO tempest.lib.common.rest_client [req-06465b67-a5cc-4aeb-80ed-00dcc8ab79e5 req-06465b67-a5cc-4aeb-80ed-00dcc8ab79e5 ] Request (ServersTestJSON:tearDownClass): 204 DELETE http://10.180.1.21/compute/v2.1/servers/88fb7235-cd0e-49dc-9d78-3583d5d3f528 2.854s
2025-12-12 19:32:22.794 66089 INFO tempest.lib.common.rest_client [req-513ee357-edc9-46bd-b1e8-8da3f32c96b9 req-513ee357-edc9-46bd-b1e8-8da3f32c96b9 ] Request (AttachInterfacesV270Test:test_create_get_list_interfaces): 200 GET http://10.180.1.21/compute/v2.1/servers/c977257e-dce0-4ecc-b42b-0f6ebab38797 2.950s
2025-12-12 19:32:22.944 66085 INFO tempest.lib.common.rest_client [req-a061ae12-ed7a-4134-8f51-89c0566563a4 req-a061ae12-ed7a-4134-8f51-89c0566563a4 ] Request (ServersWithSpecificFlavorTestJSON:test_verify_created_server_ephemeral_disk): 200 GET http://10.180.1.21/compute/v2.1/servers/fd481728-3ef0-4a96-affd-ab2dd3f596bb 3.081s
2025-12-12 19:32:22.953 66085 INFO tempest.lib.common.ssh [-] Creating ssh connection to '10.180.180.139:22' as 'cirros' with public key authentication
2025-12-12 19:32:22.977 66079 WARNING tempest.lib.common.ssh [-] Failed to establish authenticated ssh connection to cirros@10.180.180.234 ([Errno None] Unable to connect to port 22 on 10.180.180.234). Number attempts: 5. Retry after 6 seconds.: paramiko.ssh_exception.NoValidConnectionsError: [Errno None] Unable to connect to port 22 on 10.180.180.234
2025-12-12 19:32:23.019 66077 INFO tempest.lib.common.rest_client [req-2a567716-a3cb-40dd-a04f-dff330d66270 req-2a567716-a3cb-40dd-a04f-dff330d66270 ] Request (ServersAdminNegativeTestJSON:test_migrate_server_invalid_state): 200 GET http://10.180.1.21/compute/v2.1/servers/423af936-a383-4652-8887-9c8b8f507909 3.073s
2025-12-12 19:32:23.135 66125 INFO tempest.lib.common.rest_client [req-994b897d-c2e6-4eb6-b7d5-111fdf39ecbc req-994b897d-c2e6-4eb6-b7d5-111fdf39ecbc ] Request (ServerGroupTestJSON:test_create_server_with_scheduler_hint_group): 200 GET http://10.180.1.21/compute/v2.1/servers/c2929727-a7ea-4f63-997d-474c29a305fc 3.061s
2025-12-12 19:32:23.143 66125 INFO tempest.common.waiters [-] State transition "BUILD/spawning" ==> "ACTIVE/None" after 40 second wait
2025-12-12 19:32:23.166 66121 INFO tempest.lib.common.rest_client [req-b479f246-d94b-4634-888f-dee4586c3272 req-b479f246-d94b-4634-888f-dee4586c3272 ] Request (ServerAddressesNegativeTestJSON:setUpClass): 202 POST http://10.180.1.21/compute/v2.1/servers 3.724s
2025-12-12 19:32:23.189 66129 INFO tempest.lib.common.rest_client [req-a40126fb-c3e4-40b4-8905-26442cac122e req-a40126fb-c3e4-40b4-8905-26442cac122e ] Request (AggregatesAdminNegativeTestJSON:test_aggregate_remove_nonexistent_host): 404 POST http://10.180.1.21/compute/v2.1/os-aggregates/8/action 2.767s
2025-12-12 19:32:23.250 66131 INFO tempest.lib.common.rest_client [req-012ed038-485d-4cc1-8e23-46582e9c7c71 req-012ed038-485d-4cc1-8e23-46582e9c7c71 ] Request (ImagesTestJSON:test_create_image_from_suspended_server): 200 GET http://10.180.1.21/compute/v2.1/servers/bd839fe1-8801-4ba1-9c23-288453258b66 2.788s
2025-12-12 19:32:24.199 66081 INFO tempest.lib.common.rest_client [req-04afb47c-692a-46d9-a640-68cc2c90206f req-04afb47c-692a-46d9-a640-68cc2c90206f ] Request (ServersAdminTestJSON:test_create_server_with_scheduling_hint): 202 POST http://10.180.1.21/compute/v2.1/servers 3.706s
2025-12-12 19:32:24.222 66113 INFO tempest.lib.common.rest_client [req-44e83fc7-afcc-4134-bbbb-6bc576931bb8 req-44e83fc7-afcc-4134-bbbb-6bc576931bb8 ] Request (AttachVolumeNegativeTest:test_attach_attached_volume_to_different_server): 202 POST http://10.180.1.21/compute/v2.1/servers 3.939s
2025-12-12 19:32:24.369 66093 INFO tempest.lib.common.rest_client [req-b39888cd-09f9-4d48-a1a1-0d0388d4fcaf req-b39888cd-09f9-4d48-a1a1-0d0388d4fcaf ] Request (DeleteServersAdminTestJSON:test_delete_server_while_in_error_state): 200 GET http://10.180.1.21/compute/v2.1/servers/815f056b-2d88-40dd-9ef7-a891ec8d92cf 3.722s
2025-12-12 19:32:24.392 66075 INFO tempest.lib.common.rest_client [req-bd088e66-41a4-461f-9ed5-ed2d05c646f1 req-bd088e66-41a4-461f-9ed5-ed2d05c646f1 ] Request (MigrationsAdminTest:test_list_migrations_in_flavor_resize_situation): 200 GET http://10.180.1.21/compute/v2.1/servers/0e064341-4e4a-407b-8c26-3eb04b409029 3.760s
2025-12-12 19:32:24.430 66101 INFO tempest.lib.common.rest_client [req-1a6de1d7-ee15-4b70-a75b-121abb101f2f req-1a6de1d7-ee15-4b70-a75b-121abb101f2f ] Request (ServerActionsTestOtherB:setUpClass): 200 GET http://10.180.1.21/compute/v2.1/servers/608cc0ea-3f6b-4b4f-83c1-01aa50999d63 3.680s
2025-12-12 19:32:24.453 66091 INFO tempest.lib.common.rest_client [req-c23a32cf-b970-448e-8401-c23497f39ee2 req-c23a32cf-b970-448e-8401-c23497f39ee2 ] Request (MultipleCreateTestJSON:test_multiple_create_with_reservation_return): 200 GET http://10.180.1.21/compute/v2.1/servers 3.682s
2025-12-12 19:32:24.511 66073 INFO tempest.lib.common.rest_client [req-8385ae35-cb88-4a1f-a809-793793e7f918 req-8385ae35-cb88-4a1f-a809-793793e7f918 ] Request (ServersAdmin275Test:test_rebuild_update_server_275): 200 GET http://10.180.1.21/compute/v2.1/servers/3b933684-ac19-44b0-a49d-6af45501e166 3.740s
2025-12-12 19:32:24.522 66095 INFO tempest.lib.common.rest_client [req-884bb015-a8c9-4365-9743-44389529a9f0 req-884bb015-a8c9-4365-9743-44389529a9f0 ] Request (ServerExternalEventsTest:test_create_server_external_events): 200 GET http://10.180.1.21/compute/v2.1/servers/96acc5f8-b411-408e-929d-d1035cfd50db 3.626s
2025-12-12 19:32:24.530 66073 INFO tempest.common.waiters [-] State transition "REBUILD/rebuild_spawning" ==> "ACTIVE/None" after 11 second wait
2025-12-12 19:32:24.577 66133 INFO tempest.lib.common.rest_client [req-2fbf5465-13e9-48fa-a233-c5a8ee2f78d3 req-2fbf5465-13e9-48fa-a233-c5a8ee2f78d3 ] Request (ListServerFiltersTestJSON:test_list_servers_filter_by_shutoff_status): 202 POST http://10.180.1.21/compute/v2.1/servers/703fff2d-5aec-4ed1-b987-9e1cc3a25f67/action 3.050s
2025-12-12 19:32:24.579 66097 INFO tempest.lib.common.rest_client [req-ff6e611d-53cc-4274-8707-a2b53de8cbe5 req-ff6e611d-53cc-4274-8707-a2b53de8cbe5 ] Request (ServersListShow2100Test:test_list_show_rebuild_update_server_2100): 200 GET http://10.180.1.21/compute/v2.1/servers/3827eed1-b7a1-4922-a4de-f0c038cb8566 3.416s
2025-12-12 19:32:24.646 66111 INFO tempest.lib.common.rest_client [req-2bbc8e40-7227-4bc7-8778-4e47577326d4 req-2bbc8e40-7227-4bc7-8778-4e47577326d4 ] Request (ServerDiagnosticsV248Test:tearDownClass): 200 GET http://10.180.1.21/compute/v2.1/servers/4d4dc88b-0d6c-430c-ab4f-c81a56e4657b 2.733s
2025-12-12 19:32:24.667 66119 INFO tempest.lib.common.rest_client [req-7843d1cf-84bd-48de-bdbf-da5364f842e3 req-7843d1cf-84bd-48de-bdbf-da5364f842e3 ] Request (ServersListShow298Test:test_list_show_update_rebuild_server_298): 200 GET http://10.180.1.21/compute/v2.1/servers/ddd36db0-28ad-4582-994b-7eef8b08ed46 2.846s
2025-12-12 19:32:24.678 66119 INFO tempest.common.waiters [-] State transition "BUILD/None" ==> "BUILD/spawning" after 40 second wait
2025-12-12 19:32:24.778 66083 INFO tempest.lib.common.rest_client [req-a8a02925-e496-4a33-a09a-d77c678f42f6 req-a8a02925-e496-4a33-a09a-d77c678f42f6 ] Request (SecurityGroupsTestAdminJSON:test_list_security_groups_list_all_tenants_filter): 200 POST http://10.180.1.21/compute/v2.1/os-security-groups 2.815s
