2025-12-12 19:31:28.040 66101 INFO tempest.lib.common.rest_client [req-21e819eb-6e4d-46db-841d-0365f00f6e8d req-21e819eb-6e4d-46db-841d-0365f00f6e8d ] Request (FlavorsExtraSpecsTestJSON:tearDownClass): 201 POST http://10.180.1.21/identity/v3/auth/tokens 0.066s
2025-12-12 19:31:28.042 66137 INFO tempest.lib.common.rest_client [req-e64a8dcd-b17c-468f-9b08-4f2d01b64aa4 req-e64a8dcd-b17c-468f-9b08-4f2d01b64aa4 ] Request (AttachInterfacesTestJSON:setUpClass): 201 POST http://10.180.1.21/identity/v3/users 0.093s
2025-12-12 19:31:28.064 66137 INFO tempest.lib.common.rest_client [req-346bccdd-0d55-4bbd-a6c5-d4c66bf4c9a5 req-346bccdd-0d55-4bbd-a6c5-d4c66bf4c9a5 ] Request (AttachInterfacesTestJSON:setUpClass): 200 GET http://10.180.1.21/identity/v3/roles 0.021s
2025-12-12 19:31:28.092 66137 INFO tempest.lib.common.rest_client [req-f2f751df-bc14-4ce1-bb42-a3ec02887f4d req-f2f751df-bc14-4ce1-bb42-a3ec02887f4d ] Request (AttachInterfacesTestJSON:setUpClass): 204 PUT http://10.180.1.21/identity/v3/projects/d46ccb00794f458b85da4a93879139ee/users/9b65b9194933469c908c7cc04478444b/roles/e7e85ae9d7ea4bf3a732f294b69863ce 0.027s
2025-12-12 19:31:28.092 66137 INFO tempest.lib.common.dynamic_creds [-] Dynamic test user 9b65b9194933469c908c7cc04478444b is created with scope project and roles: ['member']
2025-12-12 19:31:28.092 66137 INFO tempest.lib.common.dynamic_creds [-] Acquired dynamic creds: credentials: Credentials: {'domain_id': 'default', 'domain_name': 'Default', 'username': 'tempest-AttachInterfacesTestJSON-763311326-project-member', 'project_domain_id': 'default', 'project_domain_name': 'Default', 'project_id': 'd46ccb00794f458b85da4a93879139ee', 'project_name': 'tempest-AttachInterfacesTestJSON-763311326', 'tenant_id': 'd46ccb00794f458b85da4a93879139ee', 'tenant_name': 'tempest-AttachInterfacesTestJSON-763311326', 'user_domain_id': 'default', 'user_domain_name': 'Default', 'user_id': '9b65b9194933469c908c7cc04478444b', 'system': None}, Network: None, Subnet: None, Router: None
2025-12-12 19:31:28.098 66089 INFO tempest.lib.common.rest_client [req-5fefb85d-1e51-43a5-aa48-05611fa28f5b req-5fefb85d-1e51-43a5-aa48-05611fa28f5b ] Request (AttachInterfacesV270Test:setUpClass): 201 POST http://10.180.1.21/networking/v2.0/networks 0.517s
2025-12-12 19:31:28.140 66105 INFO tempest.lib.common.rest_client [req-a226ef5a-f430-4b72-98db-6194cf5a453e req-a226ef5a-f430-4b72-98db-6194cf5a453e ] Request (QuotaClassesAdmin257Test:tearDownClass): 204 DELETE http://10.180.1.21/networking/v2.0/security-groups/2223ce11-e09c-465a-b3a9-84e7a4f4476e 0.404s
2025-12-12 19:31:28.156 66137 INFO tempest.lib.common.rest_client [req-9e97ea45-3261-4a4f-aa8d-126e34e92fe7 req-9e97ea45-3261-4a4f-aa8d-126e34e92fe7 ] Request (AttachInterfacesTestJSON:setUpClass): 201 POST http://10.180.1.21/identity/v3/auth/tokens 0.063s
2025-12-12 19:31:28.161 66123 INFO tempest.lib.common.rest_client [req-e3ed9a0b-bdac-4fb2-b2e0-d198adeef090 req-e3ed9a0b-bdac-4fb2-b2e0-d198adeef090 ] Request (SecurityGroupRulesNegativeTestJSON:test_create_security_group_rule_with_invalid_ip_protocol): 400 POST http://10.180.1.21/compute/v2.1/os-security-group-rules 1.448s
2025-12-12 19:31:28.171 66083 INFO tempest.lib.common.rest_client [req-af461d43-6cbd-4ec9-b0b0-d05e8f9d6359 req-af461d43-6cbd-4ec9-b0b0-d05e8f9d6359 ] Request (HostsAdminNegativeTestJSON:test_update_host_without_param): 400 PUT http://10.180.1.21/compute/v2.1/os-hosts/devstack 1.450s
2025-12-12 19:31:28.190 66107 INFO tempest.lib.common.rest_client [req-25d7d37f-dc0e-41db-8abc-c55efe5eb3f8 req-25d7d37f-dc0e-41db-8abc-c55efe5eb3f8 ] Request (FlavorsAdminTestJSON:test_create_flavor_with_uuid_id): 200 POST http://10.180.1.21/compute/v2.1/flavors 1.445s
2025-12-12 19:31:28.210 66109 INFO tempest.lib.common.rest_client [req-2ac6bc1b-d6fd-4bc8-9794-7bbd4534a915 req-2ac6bc1b-d6fd-4bc8-9794-7bbd4534a915 ] Request (ImagesMetadataNegativeTestJSON:test_update_nonexistent_image_metadata): 404 POST http://10.180.1.21/compute/v2.1/images/4c8316e6-a5d9-4fb8-a8dc-e317ca05e8b9/metadata 1.443s
2025-12-12 19:31:28.255 66105 INFO tempest.lib.common.rest_client [req-e3fafdde-850c-4e56-ba52-d26cac4949d9 req-e3fafdde-850c-4e56-ba52-d26cac4949d9 ] Request (QuotaClassesAdmin257Test:tearDownClass): 204 DELETE http://10.180.1.21/identity/v3/projects/651337d97a8c4f1a84a9cf314030cb05 0.115s
2025-12-12 19:31:28.256 66105 INFO tempest.lib.common.dynamic_creds [-] Deleting project and security group for project: 6852f65c669149dcac52929da87632fb
2025-12-12 19:31:28.332 66119 INFO tempest.lib.common.rest_client [req-4767250d-48f7-4e47-a051-e0417ab53995 req-4767250d-48f7-4e47-a051-e0417ab53995 ] Request (TenantUsagesNegativeTestJSON:tearDownClass): 200 GET http://10.180.1.21/networking/v2.0/security-groups?tenant_id=c0fb2754ceee435ebb2fed82dba26d0e&name=default 0.317s
2025-12-12 19:31:28.343 66109 INFO tempest.lib.common.rest_client [req-baff26f2-1ab5-4c39-88aa-74e77b36ec23 req-baff26f2-1ab5-4c39-88aa-74e77b36ec23 ] Request (ImagesMetadataNegativeTestJSON:tearDownClass): 204 DELETE http://10.180.1.21/identity/v3/users/807345bde7914a73b92521fbdd152cd9 0.132s
2025-12-12 19:31:28.344 66109 INFO tempest.lib.common.dynamic_creds [-] Deleting project and security group for project: 268d7fa2e08b49c6b57231e59fa93f17
2025-12-12 19:31:28.371 66131 INFO tempest.lib.common.rest_client [req-3e858234-1e77-4429-a387-2283f428dd67 req-3e858234-1e77-4429-a387-2283f428dd67 ] Request (ImagesTestJSON:test_create_image_from_stopped_server): 200 GET http://10.180.1.21/compute/v2.1/servers/8e9c27f6-e9fa-4ed0-b6ae-3b5df52d1c44 1.749s
2025-12-12 19:31:28.382 66131 INFO tempest.common.waiters [-] State transition "ACTIVE/powering-off" ==> "SHUTOFF/None" after 3 second wait
2025-12-12 19:31:28.415 66109 INFO tempest.lib.common.rest_client [req-1b9a0ef8-b1a7-4067-b83e-4c67c971f9d4 req-1b9a0ef8-b1a7-4067-b83e-4c67c971f9d4 ] Request (ImagesMetadataNegativeTestJSON:tearDownClass): 201 POST http://10.180.1.21/identity/v3/auth/tokens 0.071s
2025-12-12 19:31:28.552 66101 INFO tempest.lib.common.rest_client [req-52074403-c457-4d4b-afe2-7055999f0d80 req-52074403-c457-4d4b-afe2-7055999f0d80 ] Request (FlavorsExtraSpecsTestJSON:tearDownClass): 200 GET http://10.180.1.21/networking/v2.0/security-groups?tenant_id=5fdb5454bb454c41ab26e9af0b6b5dab&name=default 0.512s
2025-12-12 19:31:28.736 66089 INFO tempest.lib.common.rest_client [req-ac65c158-bb7e-4696-b159-5395497b7d44 req-ac65c158-bb7e-4696-b159-5395497b7d44 ] Request (AttachInterfacesV270Test:setUpClass): 201 POST http://10.180.1.21/networking/v2.0/subnets 0.637s
2025-12-12 19:31:28.888 66127 INFO tempest.lib.common.rest_client [req-10b4d02e-a83f-453b-953a-014aef0133e0 req-10b4d02e-a83f-453b-953a-014aef0133e0 ] Request (FloatingIPsAssociationTestJSON:setUpClass): 201 POST http://10.180.1.21/networking/v2.0/routers 0.923s
2025-12-12 19:31:29.015 66137 INFO tempest.lib.common.rest_client [req-ebbf499a-910b-4932-a72e-9a34d5be48b9 req-ebbf499a-910b-4932-a72e-9a34d5be48b9 ] Request (AttachInterfacesTestJSON:setUpClass): 201 POST http://10.180.1.21/networking/v2.0/networks 0.859s
2025-12-12 19:31:29.022 66105 INFO tempest.lib.common.rest_client [req-2907f304-06f9-48e8-86d1-ad9cf7ba27b0 req-2907f304-06f9-48e8-86d1-ad9cf7ba27b0 ] Request (QuotaClassesAdmin257Test:tearDownClass): 200 GET http://10.180.1.21/networking/v2.0/security-groups?tenant_id=6852f65c669149dcac52929da87632fb&name=default 0.766s
2025-12-12 19:31:29.039 66133 INFO tempest.lib.common.rest_client [req-1da07339-7667-4ab2-896a-e4ad82868066 req-1da07339-7667-4ab2-896a-e4ad82868066 ] Request (ListServerFiltersTestJSON:setUpClass): 200 GET http://10.180.1.21/compute/v2.1/servers/04ffdf80-c54c-4587-9bb4-d520dc440501 1.848s
2025-12-12 19:31:29.061 66097 INFO tempest.lib.common.rest_client [req-99b09037-574c-4921-bbbd-d617bb0d5c2d req-99b09037-574c-4921-bbbd-d617bb0d5c2d ] Request (FlavorsV2TestJSON:test_list_flavors): 200 GET http://10.180.1.21/compute/v2.1/flavors 1.716s
2025-12-12 19:31:29.137 66119 INFO tempest.lib.common.rest_client [req-01e992cf-3a2b-4c11-92a2-8bc191d7a195 req-01e992cf-3a2b-4c11-92a2-8bc191d7a195 ] Request (TenantUsagesNegativeTestJSON:tearDownClass): 204 DELETE http://10.180.1.21/networking/v2.0/security-groups/534c5a07-4e1c-41bb-8893-8da207628813 0.804s
2025-12-12 19:31:29.177 66111 INFO tempest.lib.common.rest_client [req-fc097d10-394b-4119-9fff-4d3f4d404a55 req-fc097d10-394b-4119-9fff-4d3f4d404a55 ] Request (ServerDiagnosticsV248Test:test_get_server_diagnostics): 200 GET http://10.180.1.21/compute/v2.1/servers/4d4dc88b-0d6c-430c-ab4f-c81a56e4657b 1.946s
2025-12-12 19:31:29.188 66111 INFO tempest.common.waiters [-] State transition "BUILD/None" ==> "BUILD/spawning" after 17 second wait
2025-12-12 19:31:29.188 66109 INFO tempest.lib.common.rest_client [req-9f041569-c9aa-4453-a3c5-94ffa133faea req-9f041569-c9aa-4453-a3c5-94ffa133faea ] Request (ImagesMetadataNegativeTestJSON:tearDownClass): 200 GET http://10.180.1.21/networking/v2.0/security-groups?tenant_id=268d7fa2e08b49c6b57231e59fa93f17&name=default 0.772s
2025-12-12 19:31:29.227 66119 INFO tempest.lib.common.rest_client [req-9444d0b7-f040-4232-b390-32d8266aea81 req-9444d0b7-f040-4232-b390-32d8266aea81 ] Request (TenantUsagesNegativeTestJSON:tearDownClass): 204 DELETE http://10.180.1.21/identity/v3/projects/c0fb2754ceee435ebb2fed82dba26d0e 0.089s
2025-12-12 19:31:29.227 66119 INFO tempest.lib.common.dynamic_creds [-] Deleting project and security group for project: fa8c8c9b0d774a189dfbd2f768376394
2025-12-12 19:31:29.285 66101 INFO tempest.lib.common.rest_client [req-d0e8860c-a1a8-4925-a123-cf8a7168b8e3 req-d0e8860c-a1a8-4925-a123-cf8a7168b8e3 ] Request (FlavorsExtraSpecsTestJSON:tearDownClass): 204 DELETE http://10.180.1.21/networking/v2.0/security-groups/1929a78a-934b-40d5-953a-bd6821bc5fdd 0.733s
2025-12-12 19:31:29.398 66101 INFO tempest.lib.common.rest_client [req-27c39d27-b543-4805-a78d-7ecb0538032d req-27c39d27-b543-4805-a78d-7ecb0538032d ] Request (FlavorsExtraSpecsTestJSON:tearDownClass): 204 DELETE http://10.180.1.21/identity/v3/projects/5fdb5454bb454c41ab26e9af0b6b5dab 0.112s
2025-12-12 19:31:29.398 66101 INFO tempest.lib.common.dynamic_creds [-] Deleting project and security group for project: 38fb7a4c3ddf4b27a0cb361cab09a041
2025-12-12 19:31:30.046 66089 INFO tempest.lib.common.rest_client [req-f089689a-dde1-497b-9503-0ea36b6234d4 req-f089689a-dde1-497b-9503-0ea36b6234d4 ] Request (AttachInterfacesV270Test:setUpClass): 201 POST http://10.180.1.21/networking/v2.0/routers 1.309s
2025-12-12 19:31:30.253 66137 INFO tempest.lib.common.rest_client [req-dfe5212e-9234-431c-be0b-5d709d323dbd req-dfe5212e-9234-431c-be0b-5d709d323dbd ] Request (AttachInterfacesTestJSON:setUpClass): 201 POST http://10.180.1.21/networking/v2.0/subnets 1.237s
2025-12-12 19:31:30.264 66127 INFO tempest.lib.common.rest_client [req-b89cad70-7f13-4027-b673-aa31ca26436f req-b89cad70-7f13-4027-b673-aa31ca26436f ] Request (FloatingIPsAssociationTestJSON:setUpClass): 200 PUT http://10.180.1.21/networking/v2.0/routers/6431735f-94cb-4ab2-a730-c1bbf879ae7e/add_router_interface 1.375s
2025-12-12 19:31:30.264 66127 INFO tempest.lib.common.dynamic_creds [-] Created isolated network resources for: credentials: Credentials: {'domain_id': 'default', 'domain_name': 'Default', 'username': 'tempest-FloatingIPsAssociationTestJSON-1410455798-project-member', 'project_domain_id': 'default', 'project_domain_name': 'Default', 'project_id': 'aac5fe6c99f740ada3747088b2b0ad89', 'project_name': 'tempest-FloatingIPsAssociationTestJSON-1410455798', 'tenant_id': 'aac5fe6c99f740ada3747088b2b0ad89', 'tenant_name': 'tempest-FloatingIPsAssociationTestJSON-1410455798', 'user_domain_id': 'default', 'user_domain_name': 'Default', 'user_id': 'b23d26af16b54e6d9374fe28e5162d86', 'system': None}, Network: {'id': '27801f9a-9912-41cf-be65-bc9903f4952f', 'name': 'tempest-FloatingIPsAssociationTestJSON-781436951-network', 'tenant_id': 'aac5fe6c99f740ada3747088b2b0ad89', 'project_id': 'aac5fe6c99f740ada3747088b2b0ad89', 'admin_state_up': True, 'mtu': 8950, 'status': 'ACTIVE', 'subnets': [], 'shared': False, 'port_security_enabled': True, 'router:external': False, 'provider:network_type': 'vlan', 'provider:physical_network': 'default', 'provider:segmentation_id': 272, 'availability_zone_hints': [], 'availability_zones': [], 'ipv4_address_scope': None, 'ipv6_address_scope': None, 'description': '', 'tags': [], 'created_at': '2025-12-12T19:31:27Z', 'updated_at': '2025-12-12T19:31:27Z', 'revision_number': 1}, Subnet: {'id': '8d3dcc8a-7698-4f2a-920f-19c9ee904701', 'name': 'tempest-FloatingIPsAssociationTestJSON-781436951-subnet', 'tenant_id': 'aac5fe6c99f740ada3747088b2b0ad89', 'network_id': '27801f9a-9912-41cf-be65-bc9903f4952f', 'ip_version': 4, 'subnetpool_id': None, 'enable_dhcp': True, 'ipv6_ra_mode': None, 'ipv6_address_mode': None, 'gateway_ip': '192.168.128.1', 'cidr': '192.168.128.0/28', 'allocation_pools': [{'start': '192.168.128.2', 'end': '192.168.128.14'}], 'host_routes': [], 'dns_nameservers': [], 'description': '', 'router:external': False, 'service_types': [], 'tags': [], 'created_at': '2025-12-12T19:31:27Z', 'updated_at': '2025-12-12T19:31:27Z', 'revision_number': 0, 'project_id': 'aac5fe6c99f740ada3747088b2b0ad89'}, Router: {'id': '6431735f-94cb-4ab2-a730-c1bbf879ae7e', 'name': 'tempest-FloatingIPsAssociationTestJSON-781436951-router', 'tenant_id': 'aac5fe6c99f740ada3747088b2b0ad89', 'admin_state_up': True, 'status': 'ACTIVE', 'external_gateway_info': {'network_id': '75540bca-3cc6-4e2c-a8d3-4f7162ec8f23', 'external_fixed_ips': [{'subnet_id': 'd8a813df-3603-4e25-814f-5f5046c615d1', 'ip_address': '10.180.180.191'}], 'enable_snat': True}, 'description': '', 'availability_zones': [], 'distributed': False, 'ha': False, 'availability_zone_hints': [], 'routes': [], 'flavor_id': None, 'tags': [], 'created_at': '2025-12-12T19:31:28Z', 'updated_at': '2025-12-12T19:31:28Z', 'revision_number': 2, 'project_id': 'aac5fe6c99f740ada3747088b2b0ad89'}
2025-12-12 19:31:30.293 66079 INFO tempest.lib.common.rest_client [req-df701fa5-9a1a-48ec-a494-f94d4223d615 req-df701fa5-9a1a-48ec-a494-f94d4223d615 ] Request (VolumesAssistedSnapshotsTest:test_volume_assisted_snapshot_create_delete): 200 GET http://10.180.1.21/compute/v2.1/servers/aa2716a9-2cf8-4e51-800d-1c8f98b2cf05 2.853s
2025-12-12 19:31:30.309 66099 WARNING tempest.lib.common.ssh [-] Failed to establish authenticated ssh connection to cirros@10.180.180.187 ([Errno None] Unable to connect to port 22 on 10.180.180.187). Number attempts: 1. Retry after 2 seconds.: paramiko.ssh_exception.NoValidConnectionsError: [Errno None] Unable to connect to port 22 on 10.180.180.187
2025-12-12 19:31:30.367 66105 INFO tempest.lib.common.rest_client [req-f9ee4c41-d2b4-452e-9f54-55d9bfaa9e2c req-f9ee4c41-d2b4-452e-9f54-55d9bfaa9e2c ] Request (QuotaClassesAdmin257Test:tearDownClass): 204 DELETE http://10.180.1.21/networking/v2.0/security-groups/ca5512e6-31ec-416b-86e7-4d22277248f0 1.344s
2025-12-12 19:31:30.371 66109 INFO tempest.lib.common.rest_client [req-f85e14ba-b657-4923-bc8d-aee33f018515 req-f85e14ba-b657-4923-bc8d-aee33f018515 ] Request (ImagesMetadataNegativeTestJSON:tearDownClass): 204 DELETE http://10.180.1.21/networking/v2.0/security-groups/8708be1f-f5bb-45fd-b198-dc34d41e0730 1.182s
2025-12-12 19:31:30.378 66127 INFO tempest.lib.common.rest_client [req-9c5e95ec-9520-40fb-8631-2e6c545f731e req-9c5e95ec-9520-40fb-8631-2e6c545f731e ] Request (FloatingIPsAssociationTestJSON:setUpClass): 201 POST http://10.180.1.21/identity/v3/auth/tokens 0.108s
2025-12-12 19:31:30.394 66081 INFO tempest.lib.common.rest_client [req-d3aa8131-58f1-457f-96d7-5a16d9bd8a9f req-d3aa8131-58f1-457f-96d7-5a16d9bd8a9f ] Request (ServersAdminTestJSON:setUpClass): 200 GET http://10.180.1.21/compute/v2.1/servers/274ab469-61a9-4b7e-852c-074c871e3abf 2.949s
2025-12-12 19:31:30.492 66105 INFO tempest.lib.common.rest_client [req-8d886fc7-719d-4da6-8511-5796a126eb08 req-8d886fc7-719d-4da6-8511-5796a126eb08 ] Request (QuotaClassesAdmin257Test:tearDownClass): 204 DELETE http://10.180.1.21/identity/v3/projects/6852f65c669149dcac52929da87632fb 0.124s
2025-12-12 19:31:30.495 66109 INFO tempest.lib.common.rest_client [req-3b04a13b-6806-4e5c-bb54-37067a0601a6 req-3b04a13b-6806-4e5c-bb54-37067a0601a6 ] Request (ImagesMetadataNegativeTestJSON:tearDownClass): 204 DELETE http://10.180.1.21/identity/v3/projects/268d7fa2e08b49c6b57231e59fa93f17 0.124s
2025-12-12 19:31:30.517 66119 INFO tempest.lib.common.rest_client [req-6085b21f-8d19-4f0c-91cd-3ef3cef25c8d req-6085b21f-8d19-4f0c-91cd-3ef3cef25c8d ] Request (TenantUsagesNegativeTestJSON:tearDownClass): 200 GET http://10.180.1.21/networking/v2.0/security-groups?tenant_id=fa8c8c9b0d774a189dfbd2f768376394&name=default 1.290s
2025-12-12 19:31:30.564 66127 INFO tempest.lib.common.rest_client [req-0a7029af-4fb8-4cdf-b657-4d3cbbab074e req-0a7029af-4fb8-4cdf-b657-4d3cbbab074e ] Request (FloatingIPsAssociationTestJSON:setUpClass): 201 POST http://10.180.1.21/identity/v3/auth/tokens 0.182s
2025-12-12 19:31:30.565 66127 INFO tempest.lib.common.fixed_network [-] (FloatingIPsAssociationTestJSON:setUpClass) Found network {'id': '27801f9a-9912-41cf-be65-bc9903f4952f', 'name': 'tempest-FloatingIPsAssociationTestJSON-781436951-network', 'tenant_id': 'aac5fe6c99f740ada3747088b2b0ad89', 'project_id': 'aac5fe6c99f740ada3747088b2b0ad89', 'admin_state_up': True, 'mtu': 8950, 'status': 'ACTIVE', 'subnets': [], 'shared': False, 'port_security_enabled': True, 'router:external': False, 'provider:network_type': 'vlan', 'provider:physical_network': 'default', 'provider:segmentation_id': 272, 'availability_zone_hints': [], 'availability_zones': [], 'ipv4_address_scope': None, 'ipv6_address_scope': None, 'description': '', 'tags': [], 'created_at': '2025-12-12T19:31:27Z', 'updated_at': '2025-12-12T19:31:27Z', 'revision_number': 1} available for tenant
2025-12-12 19:31:30.566 66101 INFO tempest.lib.common.rest_client [req-03a4f727-8e22-4fc0-8ea9-7e72c2fd772f req-03a4f727-8e22-4fc0-8ea9-7e72c2fd772f ] Request (FlavorsExtraSpecsTestJSON:tearDownClass): 200 GET http://10.180.1.21/networking/v2.0/security-groups?tenant_id=38fb7a4c3ddf4b27a0cb361cab09a041&name=default 1.166s
2025-12-12 19:31:30.639 66105 INFO tempest.lib.common.rest_client [req-ec728421-0707-405c-8c5a-5c15c07a39b6 req-ec728421-0707-405c-8c5a-5c15c07a39b6 ] Request (VolumesAdminNegativeTest:setUpClass): 201 POST http://10.180.1.21/identity/v3/auth/tokens 0.144s
2025-12-12 19:31:30.640 66095 INFO tempest.lib.common.rest_client [req-2bc93fd6-6719-4527-a8b0-bfc4dc7ba0e6 req-2bc93fd6-6719-4527-a8b0-bfc4dc7ba0e6 ] Request (HypervisorAdminNegativeUnderV252Test:test_search_hypervisor_with_non_admin_user): 403 GET http://10.180.1.21/compute/v2.1/os-hypervisors/domain-c8.fc996f14-c53b-4953-92e3-bdfa48f5cc28/search 3.060s
2025-12-12 19:31:30.656 66129 INFO tempest.lib.common.rest_client [req-ad2bca16-1a81-4d31-a0d9-d926e5edaebe req-ad2bca16-1a81-4d31-a0d9-d926e5edaebe ] Request (AggregatesAdminNegativeTestJSON:test_aggregate_create_as_user): 403 POST http://10.180.1.21/compute/v2.1/os-aggregates 3.067s
2025-12-12 19:31:30.665 66109 INFO tempest.lib.common.rest_client [req-7a720ee8-c0a1-4ab2-85e0-1394275163c6 req-7a720ee8-c0a1-4ab2-85e0-1394275163c6 ] Request (AbsoluteLimitsNegativeTestJSON:setUpClass): 201 POST http://10.180.1.21/identity/v3/auth/tokens 0.168s
2025-12-12 19:31:30.679 66121 INFO tempest.lib.common.rest_client [req-aec21603-2094-4847-bd61-be4f754ca5bd req-aec21603-2094-4847-bd61-be4f754ca5bd ] Request (FlavorsAccessNegativeTestJSON:test_flavor_non_admin_remove): 200 POST http://10.180.1.21/compute/v2.1/flavors 3.087s
2025-12-12 19:31:30.714 66105 INFO tempest.lib.common.rest_client [req-821b71e9-b84b-4fb4-b70d-1c5f1c83df96 req-821b71e9-b84b-4fb4-b70d-1c5f1c83df96 ] Request (VolumesAdminNegativeTest:setUpClass): 201 POST http://10.180.1.21/identity/v3/auth/tokens 0.067s
2025-12-12 19:31:30.743 66109 INFO tempest.lib.common.rest_client [req-fb207397-4240-408f-bd3c-55fdbc461a9b req-fb207397-4240-408f-bd3c-55fdbc461a9b ] Request (AbsoluteLimitsNegativeTestJSON:setUpClass): 201 POST http://10.180.1.21/identity/v3/auth/tokens 0.076s
2025-12-12 19:31:30.755 66105 INFO tempest.lib.common.rest_client [req-15fb41e5-349a-4181-b6f5-127086f984d4 req-15fb41e5-349a-4181-b6f5-127086f984d4 ] Request (VolumesAdminNegativeTest:setUpClass): 200 GET http://10.180.1.21/identity/v3/domains?name=Default 0.041s
2025-12-12 19:31:30.774 66113 INFO tempest.lib.common.rest_client [req-67330076-1e3d-4d17-baae-f003011b070f req-67330076-1e3d-4d17-baae-f003011b070f ] Request (QuotasAdminTestV236:test_get_updated_quotas): 200 PUT http://10.180.1.21/compute/v2.1/os-quota-sets/44f53c03fa91461a92804b4aa444348a 3.323s
2025-12-12 19:31:30.781 66109 INFO tempest.lib.common.rest_client [req-9cc06217-eb5f-4ceb-bce2-b31209662e73 req-9cc06217-eb5f-4ceb-bce2-b31209662e73 ] Request (AbsoluteLimitsNegativeTestJSON:setUpClass): 200 GET http://10.180.1.21/identity/v3/domains?name=Default 0.038s
2025-12-12 19:31:30.790 66105 INFO tempest.lib.common.rest_client [req-85d3cf84-e32e-4334-a348-145953f20b3a req-85d3cf84-e32e-4334-a348-145953f20b3a ] Request (VolumesAdminNegativeTest:setUpClass): 201 POST http://10.180.1.21/identity/v3/projects 0.034s
2025-12-12 19:31:30.874 66105 INFO tempest.lib.common.rest_client [req-b4d620f3-4cc5-4395-9e21-f12cb926eb69 req-b4d620f3-4cc5-4395-9e21-f12cb926eb69 ] Request (VolumesAdminNegativeTest:setUpClass): 201 POST http://10.180.1.21/identity/v3/users 0.083s
2025-12-12 19:31:30.879 66109 INFO tempest.lib.common.rest_client [req-1b31b578-076d-4d3f-b1a4-90b486bd68ff req-1b31b578-076d-4d3f-b1a4-90b486bd68ff ] Request (AbsoluteLimitsNegativeTestJSON:setUpClass): 201 POST http://10.180.1.21/identity/v3/projects 0.097s
2025-12-12 19:31:30.939 66105 INFO tempest.lib.common.rest_client [req-168a4c70-5d25-44e1-b345-2fa8ccd1e192 req-168a4c70-5d25-44e1-b345-2fa8ccd1e192 ] Request (VolumesAdminNegativeTest:setUpClass): 200 GET http://10.180.1.21/identity/v3/roles 0.064s
2025-12-12 19:31:30.948 66109 INFO tempest.lib.common.rest_client [req-55fa0162-b9a4-4163-8750-d8e321ddc773 req-55fa0162-b9a4-4163-8750-d8e321ddc773 ] Request (AbsoluteLimitsNegativeTestJSON:setUpClass): 201 POST http://10.180.1.21/identity/v3/users 0.068s
2025-12-12 19:31:30.979 66105 INFO tempest.lib.common.rest_client [req-6cacf4cd-4f38-4b92-925e-36eecc397b82 req-6cacf4cd-4f38-4b92-925e-36eecc397b82 ] Request (VolumesAdminNegativeTest:setUpClass): 204 PUT http://10.180.1.21/identity/v3/projects/33d7ed4a125d4cc2ae93fbe4085f66d7/users/3e8b52b61d684e98a02a512f0390c72e/roles/e7e85ae9d7ea4bf3a732f294b69863ce 0.040s
2025-12-12 19:31:30.980 66105 INFO tempest.lib.common.dynamic_creds [-] Dynamic test user 3e8b52b61d684e98a02a512f0390c72e is created with scope project and roles: ['member']
2025-12-12 19:31:30.980 66105 INFO tempest.lib.common.dynamic_creds [-] Acquired dynamic creds: credentials: Credentials: {'domain_id': 'default', 'domain_name': 'Default', 'username': 'tempest-VolumesAdminNegativeTest-2004477850-project-member', 'project_domain_id': 'default', 'project_domain_name': 'Default', 'project_id': '33d7ed4a125d4cc2ae93fbe4085f66d7', 'project_name': 'tempest-VolumesAdminNegativeTest-2004477850', 'tenant_id': '33d7ed4a125d4cc2ae93fbe4085f66d7', 'tenant_name': 'tempest-VolumesAdminNegativeTest-2004477850', 'user_domain_id': 'default', 'user_domain_name': 'Default', 'user_id': '3e8b52b61d684e98a02a512f0390c72e', 'system': None}, Network: None, Subnet: None, Router: None
2025-12-12 19:31:30.981 66109 INFO tempest.lib.common.rest_client [req-26bb24da-75cd-4793-97f8-3746ddac0279 req-26bb24da-75cd-4793-97f8-3746ddac0279 ] Request (AbsoluteLimitsNegativeTestJSON:setUpClass): 200 GET http://10.180.1.21/identity/v3/roles 0.032s
2025-12-12 19:31:31.059 66109 INFO tempest.lib.common.rest_client [req-2980e3f6-7a4a-4a3e-ac57-52f7c506ce04 req-2980e3f6-7a4a-4a3e-ac57-52f7c506ce04 ] Request (AbsoluteLimitsNegativeTestJSON:setUpClass): 204 PUT http://10.180.1.21/identity/v3/projects/a1b5049d0a1349978552b8f5391b5914/users/2c8ac239d283416b9321c12b908bda07/roles/e7e85ae9d7ea4bf3a732f294b69863ce 0.078s
2025-12-12 19:31:31.060 66109 INFO tempest.lib.common.dynamic_creds [-] Dynamic test user 2c8ac239d283416b9321c12b908bda07 is created with scope project and roles: ['member']
2025-12-12 19:31:31.060 66109 INFO tempest.lib.common.dynamic_creds [-] Acquired dynamic creds: credentials: Credentials: {'domain_id': 'default', 'domain_name': 'Default', 'username': 'tempest-AbsoluteLimitsNegativeTestJSON-850779501-project-member', 'project_domain_id': 'default', 'project_domain_name': 'Default', 'project_id': 'a1b5049d0a1349978552b8f5391b5914', 'project_name': 'tempest-AbsoluteLimitsNegativeTestJSON-850779501', 'tenant_id': 'a1b5049d0a1349978552b8f5391b5914', 'tenant_name': 'tempest-AbsoluteLimitsNegativeTestJSON-850779501', 'user_domain_id': 'default', 'user_domain_name': 'Default', 'user_id': '2c8ac239d283416b9321c12b908bda07', 'system': None}, Network: None, Subnet: None, Router: None
2025-12-12 19:31:31.060 66109 INFO tempest.lib.common.dynamic_creds [-] Created isolated network resources for: credentials: Credentials: {'domain_id': 'default', 'domain_name': 'Default', 'username': 'tempest-AbsoluteLimitsNegativeTestJSON-850779501-project-member', 'project_domain_id': 'default', 'project_domain_name': 'Default', 'project_id': 'a1b5049d0a1349978552b8f5391b5914', 'project_name': 'tempest-AbsoluteLimitsNegativeTestJSON-850779501', 'tenant_id': 'a1b5049d0a1349978552b8f5391b5914', 'tenant_name': 'tempest-AbsoluteLimitsNegativeTestJSON-850779501', 'user_domain_id': 'default', 'user_domain_name': 'Default', 'user_id': '2c8ac239d283416b9321c12b908bda07', 'system': None}, Network: None, Subnet: None, Router: None
2025-12-12 19:31:31.066 66105 INFO tempest.lib.common.rest_client [req-463314fe-d5bf-481b-b2cd-899337560fc3 req-463314fe-d5bf-481b-b2cd-899337560fc3 ] Request (VolumesAdminNegativeTest:setUpClass): 201 POST http://10.180.1.21/identity/v3/auth/tokens 0.086s
2025-12-12 19:31:31.163 66109 INFO tempest.lib.common.rest_client [req-efd002a3-5da8-4553-a6d5-be9544cf4d49 req-efd002a3-5da8-4553-a6d5-be9544cf4d49 ] Request (AbsoluteLimitsNegativeTestJSON:setUpClass): 201 POST http://10.180.1.21/identity/v3/auth/tokens 0.095s
2025-12-12 19:31:31.422 66137 INFO tempest.lib.common.rest_client [req-963d099d-d2b5-432f-9c56-55407aae0f8f req-963d099d-d2b5-432f-9c56-55407aae0f8f ] Request (AttachInterfacesTestJSON:setUpClass): 201 POST http://10.180.1.21/networking/v2.0/routers 1.169s
2025-12-12 19:31:31.582 66119 INFO tempest.lib.common.rest_client [req-54dacc48-12a4-4488-8f26-72ef9e68dcbc req-54dacc48-12a4-4488-8f26-72ef9e68dcbc ] Request (TenantUsagesNegativeTestJSON:tearDownClass): 204 DELETE http://10.180.1.21/networking/v2.0/security-groups/971cb5b4-d2fb-4fdf-b2b9-bfc6b8249641 1.064s
2025-12-12 19:31:31.594 66089 INFO tempest.lib.common.rest_client [req-d315e494-bcdf-492c-808f-bc9cac860ef5 req-d315e494-bcdf-492c-808f-bc9cac860ef5 ] Request (AttachInterfacesV270Test:setUpClass): 200 PUT http://10.180.1.21/networking/v2.0/routers/8ca46b9d-899d-4e52-aaf3-03c3dc9347fc/add_router_interface 1.548s
2025-12-12 19:31:31.595 66089 INFO tempest.lib.common.dynamic_creds [-] Created isolated network resources for: credentials: Credentials: {'domain_id': 'default', 'domain_name': 'Default', 'username': 'tempest-AttachInterfacesV270Test-133387050-project-member', 'project_domain_id': 'default', 'project_domain_name': 'Default', 'project_id': '459cd960efb744ef91c113bb584444bd', 'project_name': 'tempest-AttachInterfacesV270Test-133387050', 'tenant_id': '459cd960efb744ef91c113bb584444bd', 'tenant_name': 'tempest-AttachInterfacesV270Test-133387050', 'user_domain_id': 'default', 'user_domain_name': 'Default', 'user_id': '2c36c238ecc6496197f29bff39511747', 'system': None}, Network: {'id': '70d88d94-31cf-4dcf-b41c-385f1939383d', 'name': 'tempest-AttachInterfacesV270Test-103265114-network', 'tenant_id': '459cd960efb744ef91c113bb584444bd', 'project_id': '459cd960efb744ef91c113bb584444bd', 'admin_state_up': True, 'mtu': 8950, 'status': 'ACTIVE', 'subnets': [], 'shared': False, 'port_security_enabled': True, 'router:external': False, 'provider:network_type': 'vlan', 'provider:physical_network': 'default', 'provider:segmentation_id': 144, 'availability_zone_hints': [], 'availability_zones': [], 'ipv4_address_scope': None, 'ipv6_address_scope': None, 'description': '', 'tags': [], 'created_at': '2025-12-12T19:31:28Z', 'updated_at': '2025-12-12T19:31:28Z', 'revision_number': 1}, Subnet: {'id': 'cf50c5f8-5944-41a1-8c12-6815b57f4e59', 'name': 'tempest-AttachInterfacesV270Test-103265114-subnet', 'tenant_id': '459cd960efb744ef91c113bb584444bd', 'network_id': '70d88d94-31cf-4dcf-b41c-385f1939383d', 'ip_version': 4, 'subnetpool_id': None, 'enable_dhcp': True, 'ipv6_ra_mode': None, 'ipv6_address_mode': None, 'gateway_ip': '192.168.128.1', 'cidr': '192.168.128.0/28', 'allocation_pools': [{'start': '192.168.128.2', 'end': '192.168.128.14'}], 'host_routes': [], 'dns_nameservers': [], 'description': '', 'router:external': False, 'service_types': [], 'tags': [], 'created_at': '2025-12-12T19:31:28Z', 'updated_at': '2025-12-12T19:31:28Z', 'revision_number': 0, 'project_id': '459cd960efb744ef91c113bb584444bd'}, Router: {'id': '8ca46b9d-899d-4e52-aaf3-03c3dc9347fc', 'name': 'tempest-AttachInterfacesV270Test-103265114-router', 'tenant_id': '459cd960efb744ef91c113bb584444bd', 'admin_state_up': True, 'status': 'ACTIVE', 'external_gateway_info': {'network_id': '75540bca-3cc6-4e2c-a8d3-4f7162ec8f23', 'external_fixed_ips': [{'subnet_id': 'd8a813df-3603-4e25-814f-5f5046c615d1', 'ip_address': '10.180.180.137'}], 'enable_snat': True}, 'description': '', 'availability_zones': [], 'distributed': False, 'ha': False, 'availability_zone_hints': [], 'routes': [], 'flavor_id': None, 'tags': [], 'created_at': '2025-12-12T19:31:29Z', 'updated_at': '2025-12-12T19:31:29Z', 'revision_number': 2, 'project_id': '459cd960efb744ef91c113bb584444bd'}
2025-12-12 19:31:31.711 66101 INFO tempest.lib.common.rest_client [req-2476fd01-8752-4585-a2f0-6bb78ad8fd86 req-2476fd01-8752-4585-a2f0-6bb78ad8fd86 ] Request (FlavorsExtraSpecsTestJSON:tearDownClass): 204 DELETE http://10.180.1.21/networking/v2.0/security-groups/d7c3ce26-34b1-468b-b18e-1837924058a1 1.144s
2025-12-12 19:31:31.719 66089 INFO tempest.lib.common.rest_client [req-ce04d3bd-b91d-481e-b2fd-4ebf92acb73d req-ce04d3bd-b91d-481e-b2fd-4ebf92acb73d ] Request (AttachInterfacesV270Test:setUpClass): 201 POST http://10.180.1.21/identity/v3/auth/tokens 0.119s
2025-12-12 19:31:31.759 66119 INFO tempest.lib.common.rest_client [req-1c657dca-0a2b-43d1-a9ae-8e969fc2c292 req-1c657dca-0a2b-43d1-a9ae-8e969fc2c292 ] Request (TenantUsagesNegativeTestJSON:tearDownClass): 204 DELETE http://10.180.1.21/identity/v3/projects/fa8c8c9b0d774a189dfbd2f768376394 0.176s
2025-12-12 19:31:31.837 66089 INFO tempest.lib.common.rest_client [req-0b9cb1ee-82e1-45fa-93f9-80a0fe874e3a req-0b9cb1ee-82e1-45fa-93f9-80a0fe874e3a ] Request (AttachInterfacesV270Test:test_create_get_list_interfaces): 201 POST http://10.180.1.21/identity/v3/auth/tokens 0.112s
2025-12-12 19:31:31.837 66089 INFO tempest.lib.common.fixed_network [-] (AttachInterfacesV270Test:test_create_get_list_interfaces) Found network {'id': '70d88d94-31cf-4dcf-b41c-385f1939383d', 'name': 'tempest-AttachInterfacesV270Test-103265114-network', 'tenant_id': '459cd960efb744ef91c113bb584444bd', 'project_id': '459cd960efb744ef91c113bb584444bd', 'admin_state_up': True, 'mtu': 8950, 'status': 'ACTIVE', 'subnets': [], 'shared': False, 'port_security_enabled': True, 'router:external': False, 'provider:network_type': 'vlan', 'provider:physical_network': 'default', 'provider:segmentation_id': 144, 'availability_zone_hints': [], 'availability_zones': [], 'ipv4_address_scope': None, 'ipv6_address_scope': None, 'description': '', 'tags': [], 'created_at': '2025-12-12T19:31:28Z', 'updated_at': '2025-12-12T19:31:28Z', 'revision_number': 1} available for tenant
2025-12-12 19:31:31.848 66101 INFO tempest.lib.common.rest_client [req-ee36c26d-e4d6-4500-8151-a337182a8a92 req-ee36c26d-e4d6-4500-8151-a337182a8a92 ] Request (FlavorsExtraSpecsTestJSON:tearDownClass): 204 DELETE http://10.180.1.21/identity/v3/projects/38fb7a4c3ddf4b27a0cb361cab09a041 0.135s
2025-12-12 19:31:31.905 66119 INFO tempest.lib.common.rest_client [req-6ae2d0b7-26a6-4ff4-a006-f74ae759a3ec req-6ae2d0b7-26a6-4ff4-a006-f74ae759a3ec ] Request (ServersListShow298Test:setUpClass): 201 POST http://10.180.1.21/identity/v3/auth/tokens 0.143s
2025-12-12 19:31:31.930 66101 INFO tempest.lib.common.rest_client [req-8a14d040-b672-43b1-b33b-b348a74513ac req-8a14d040-b672-43b1-b33b-b348a74513ac ] Request (QuotasSecurityGroupAdminNegativeTest:setUpClass): 201 POST http://10.180.1.21/identity/v3/auth/tokens 0.080s
2025-12-12 19:31:31.962 66119 INFO tempest.lib.common.rest_client [req-dd56f83b-00e1-4424-82d6-f2b149f2def9 req-dd56f83b-00e1-4424-82d6-f2b149f2def9 ] Request (ServersListShow298Test:setUpClass): 201 POST http://10.180.1.21/identity/v3/auth/tokens 0.053s
2025-12-12 19:31:31.978 66101 INFO tempest.lib.common.rest_client [req-b2bf86db-89e8-4c15-a620-cc26687e1f94 req-b2bf86db-89e8-4c15-a620-cc26687e1f94 ] Request (QuotasSecurityGroupAdminNegativeTest:setUpClass): 201 POST http://10.180.1.21/identity/v3/auth/tokens 0.044s
2025-12-12 19:31:31.989 66119 INFO tempest.lib.common.rest_client [req-6d5cccea-8ef1-443e-83c6-317bd60ae4fd req-6d5cccea-8ef1-443e-83c6-317bd60ae4fd ] Request (ServersListShow298Test:setUpClass): 200 GET http://10.180.1.21/identity/v3/domains?name=Default 0.026s
2025-12-12 19:31:32.007 66101 INFO tempest.lib.common.rest_client [req-9a1adf57-52be-436d-b1f7-20d31a6739f2 req-9a1adf57-52be-436d-b1f7-20d31a6739f2 ] Request (QuotasSecurityGroupAdminNegativeTest:setUpClass): 200 GET http://10.180.1.21/identity/v3/domains?name=Default 0.028s
2025-12-12 19:31:32.022 66119 INFO tempest.lib.common.rest_client [req-7237f547-f0db-45d1-be4c-99b57944ec2e req-7237f547-f0db-45d1-be4c-99b57944ec2e ] Request (ServersListShow298Test:setUpClass): 201 POST http://10.180.1.21/identity/v3/projects 0.032s
2025-12-12 19:31:32.037 66101 INFO tempest.lib.common.rest_client [req-9942dd91-2df6-497f-b7e0-54c03db9ec1d req-9942dd91-2df6-497f-b7e0-54c03db9ec1d ] Request (QuotasSecurityGroupAdminNegativeTest:setUpClass): 201 POST http://10.180.1.21/identity/v3/projects 0.029s
2025-12-12 19:31:32.143 66119 INFO tempest.lib.common.rest_client [req-9a6e79b0-ec48-4237-9554-a45957ff811f req-9a6e79b0-ec48-4237-9554-a45957ff811f ] Request (ServersListShow298Test:setUpClass): 201 POST http://10.180.1.21/identity/v3/users 0.120s
2025-12-12 19:31:32.144 66101 INFO tempest.lib.common.rest_client [req-ebda14d7-7629-4576-85d6-c8ffe54f786b req-ebda14d7-7629-4576-85d6-c8ffe54f786b ] Request (QuotasSecurityGroupAdminNegativeTest:setUpClass): 201 POST http://10.180.1.21/identity/v3/users 0.106s
2025-12-12 19:31:32.169 66119 INFO tempest.lib.common.rest_client [req-02b7c51a-9256-4278-8a4c-a427fad4f9d2 req-02b7c51a-9256-4278-8a4c-a427fad4f9d2 ] Request (ServersListShow298Test:setUpClass): 200 GET http://10.180.1.21/identity/v3/roles 0.026s
2025-12-12 19:31:32.171 66101 INFO tempest.lib.common.rest_client [req-4e1bd403-34c4-4152-be78-890e4e190806 req-4e1bd403-34c4-4152-be78-890e4e190806 ] Request (QuotasSecurityGroupAdminNegativeTest:setUpClass): 200 GET http://10.180.1.21/identity/v3/roles 0.027s
2025-12-12 19:31:32.203 66105 INFO tempest.lib.common.rest_client [req-7e928830-8afa-462d-8744-33b3f629e233 req-7e928830-8afa-462d-8744-33b3f629e233 ] Request (VolumesAdminNegativeTest:setUpClass): 201 POST http://10.180.1.21/networking/v2.0/networks 1.136s
2025-12-12 19:31:32.214 66101 INFO tempest.lib.common.rest_client [req-8a0ed9c7-f8eb-43b6-952a-9dccd67b8d4e req-8a0ed9c7-f8eb-43b6-952a-9dccd67b8d4e ] Request (QuotasSecurityGroupAdminNegativeTest:setUpClass): 204 PUT http://10.180.1.21/identity/v3/projects/8fb6b57fd18c45c592ffc416095583b0/users/0ba9ad3f91f44eb994b000b15781d5b8/roles/e7e85ae9d7ea4bf3a732f294b69863ce 0.042s
2025-12-12 19:31:32.214 66101 INFO tempest.lib.common.dynamic_creds [-] Dynamic test user 0ba9ad3f91f44eb994b000b15781d5b8 is created with scope project and roles: ['member']
2025-12-12 19:31:32.214 66101 INFO tempest.lib.common.dynamic_creds [-] Acquired dynamic creds: credentials: Credentials: {'domain_id': 'default', 'domain_name': 'Default', 'username': 'tempest-QuotasSecurityGroupAdminNegativeTest-1092540262-project-member', 'project_domain_id': 'default', 'project_domain_name': 'Default', 'project_id': '8fb6b57fd18c45c592ffc416095583b0', 'project_name': 'tempest-QuotasSecurityGroupAdminNegativeTest-1092540262', 'tenant_id': '8fb6b57fd18c45c592ffc416095583b0', 'tenant_name': 'tempest-QuotasSecurityGroupAdminNegativeTest-1092540262', 'user_domain_id': 'default', 'user_domain_name': 'Default', 'user_id': '0ba9ad3f91f44eb994b000b15781d5b8', 'system': None}, Network: None, Subnet: None, Router: None
2025-12-12 19:31:32.214 66101 INFO tempest.lib.common.dynamic_creds [-] Created isolated network resources for: credentials: Credentials: {'domain_id': 'default', 'domain_name': 'Default', 'username': 'tempest-QuotasSecurityGroupAdminNegativeTest-1092540262-project-member', 'project_domain_id': 'default', 'project_domain_name': 'Default', 'project_id': '8fb6b57fd18c45c592ffc416095583b0', 'project_name': 'tempest-QuotasSecurityGroupAdminNegativeTest-1092540262', 'tenant_id': '8fb6b57fd18c45c592ffc416095583b0', 'tenant_name': 'tempest-QuotasSecurityGroupAdminNegativeTest-1092540262', 'user_domain_id': 'default', 'user_domain_name': 'Default', 'user_id': '0ba9ad3f91f44eb994b000b15781d5b8', 'system': None}, Network: None, Subnet: None, Router: None
2025-12-12 19:31:32.220 66119 INFO tempest.lib.common.rest_client [req-16a726cb-e757-4bcf-9adf-ec24806bd183 req-16a726cb-e757-4bcf-9adf-ec24806bd183 ] Request (ServersListShow298Test:setUpClass): 204 PUT http://10.180.1.21/identity/v3/projects/3a57ef04f09c44358dcaeccd41aee0f3/users/950f1dcdc1b54612b3b68d7fd8da0a67/roles/e7e85ae9d7ea4bf3a732f294b69863ce 0.049s
2025-12-12 19:31:32.220 66119 INFO tempest.lib.common.dynamic_creds [-] Dynamic test user 950f1dcdc1b54612b3b68d7fd8da0a67 is created with scope project and roles: ['member']
2025-12-12 19:31:32.220 66119 INFO tempest.lib.common.dynamic_creds [-] Acquired dynamic creds: credentials: Credentials: {'domain_id': 'default', 'domain_name': 'Default', 'username': 'tempest-ServersListShow298Test-1149015439-project-member', 'project_domain_id': 'default', 'project_domain_name': 'Default', 'project_id': '3a57ef04f09c44358dcaeccd41aee0f3', 'project_name': 'tempest-ServersListShow298Test-1149015439', 'tenant_id': '3a57ef04f09c44358dcaeccd41aee0f3', 'tenant_name': 'tempest-ServersListShow298Test-1149015439', 'user_domain_id': 'default', 'user_domain_name': 'Default', 'user_id': '950f1dcdc1b54612b3b68d7fd8da0a67', 'system': None}, Network: None, Subnet: None, Router: None
2025-12-12 19:31:32.220 66119 INFO tempest.lib.common.dynamic_creds [-] Created isolated network resources for: credentials: Credentials: {'domain_id': 'default', 'domain_name': 'Default', 'username': 'tempest-ServersListShow298Test-1149015439-project-member', 'project_domain_id': 'default', 'project_domain_name': 'Default', 'project_id': '3a57ef04f09c44358dcaeccd41aee0f3', 'project_name': 'tempest-ServersListShow298Test-1149015439', 'tenant_id': '3a57ef04f09c44358dcaeccd41aee0f3', 'tenant_name': 'tempest-ServersListShow298Test-1149015439', 'user_domain_id': 'default', 'user_domain_name': 'Default', 'user_id': '950f1dcdc1b54612b3b68d7fd8da0a67', 'system': None}, Network: None, Subnet: None, Router: None
2025-12-12 19:31:32.310 66101 INFO tempest.lib.common.rest_client [req-27d0322b-c2f7-4122-9041-0b70d1b7a633 req-27d0322b-c2f7-4122-9041-0b70d1b7a633 ] Request (QuotasSecurityGroupAdminNegativeTest:setUpClass): 201 POST http://10.180.1.21/identity/v3/auth/tokens 0.091s
2025-12-12 19:31:32.312 66119 INFO tempest.lib.common.rest_client [req-74a0cf26-2e65-4585-8753-edf788230a06 req-74a0cf26-2e65-4585-8753-edf788230a06 ] Request (ServersListShow298Test:setUpClass): 201 POST http://10.180.1.21/identity/v3/auth/tokens 0.088s
2025-12-12 19:31:32.319 66091 INFO tempest.lib.common.rest_client [req-565ec5af-74a9-4375-976d-f917232b4dd7 req-565ec5af-74a9-4375-976d-f917232b4dd7 ] Request (MultipleCreateTestJSON:test_multiple_create): 200 GET http://10.180.1.21/compute/v2.1/servers/21730277-cef6-4bfe-9f67-de71f6f615ff 4.615s
2025-12-12 19:31:32.350 66119 INFO tempest.lib.common.rest_client [req-d5ddf17c-e7a9-47b0-8601-69241b9fa51a req-d5ddf17c-e7a9-47b0-8601-69241b9fa51a ] Request (ServersListShow298Test:test_list_show_update_rebuild_server_298): 201 POST http://10.180.1.21/identity/v3/auth/tokens 0.034s
2025-12-12 19:31:32.351 66119 INFO tempest.lib.common.fixed_network [-] (ServersListShow298Test:test_list_show_update_rebuild_server_298) Found network None available for tenant
2025-12-12 19:31:32.387 66101 INFO tempest.lib.common.rest_client [req-708a58cf-d3e9-4263-968c-413c12f3411b req-708a58cf-d3e9-4263-968c-413c12f3411b ] Request (QuotasSecurityGroupAdminNegativeTest:setUpClass): 201 POST http://10.180.1.21/identity/v3/projects 0.077s
2025-12-12 19:31:32.468 66101 INFO tempest.lib.common.rest_client [req-39e8750b-2b02-45f5-b960-64f9c61363fb req-39e8750b-2b02-45f5-b960-64f9c61363fb ] Request (QuotasSecurityGroupAdminNegativeTest:setUpClass): 201 POST http://10.180.1.21/identity/v3/users 0.081s
2025-12-12 19:31:32.496 66101 INFO tempest.lib.common.rest_client [req-78a404bf-fea1-4891-aebe-2223feec8d42 req-78a404bf-fea1-4891-aebe-2223feec8d42 ] Request (QuotasSecurityGroupAdminNegativeTest:setUpClass): 200 GET http://10.180.1.21/identity/v3/roles 0.027s
2025-12-12 19:31:32.545 66101 INFO tempest.lib.common.rest_client [req-9839ac52-04c1-4d5a-8192-f98b973eddb2 req-9839ac52-04c1-4d5a-8192-f98b973eddb2 ] Request (QuotasSecurityGroupAdminNegativeTest:setUpClass): 204 PUT http://10.180.1.21/identity/v3/projects/d2b87c04bd394eeaa5b96244f48e2efd/users/439edf30761b431cab5e6445e7be0733/roles/d0417ab64a064acb8ea16363d89c25ab 0.049s
2025-12-12 19:31:32.629 66101 INFO tempest.lib.common.rest_client [req-124aae59-f1eb-4056-b06f-d45a451a7681 req-124aae59-f1eb-4056-b06f-d45a451a7681 ] Request (QuotasSecurityGroupAdminNegativeTest:setUpClass): 200 GET http://10.180.1.21/identity/v3/roles 0.083s
2025-12-12 19:31:32.672 66101 INFO tempest.lib.common.rest_client [req-468ab2d1-99a3-4886-a586-7286c68636da req-468ab2d1-99a3-4886-a586-7286c68636da ] Request (QuotasSecurityGroupAdminNegativeTest:setUpClass): 204 PUT http://10.180.1.21/identity/v3/projects/d2b87c04bd394eeaa5b96244f48e2efd/users/439edf30761b431cab5e6445e7be0733/roles/d0417ab64a064acb8ea16363d89c25ab 0.042s
2025-12-12 19:31:32.672 66101 INFO tempest.lib.common.dynamic_creds [-] Dynamic test user 439edf30761b431cab5e6445e7be0733 is created with scope project and roles: ['admin']
2025-12-12 19:31:32.672 66101 INFO tempest.lib.common.dynamic_creds [-] Acquired dynamic creds: credentials: Credentials: {'domain_id': 'default', 'domain_name': 'Default', 'username': 'tempest-QuotasSecurityGroupAdminNegativeTest-756378582-project-admin', 'project_domain_id': 'default', 'project_domain_name': 'Default', 'project_id': 'd2b87c04bd394eeaa5b96244f48e2efd', 'project_name': 'tempest-QuotasSecurityGroupAdminNegativeTest-756378582', 'tenant_id': 'd2b87c04bd394eeaa5b96244f48e2efd', 'tenant_name': 'tempest-QuotasSecurityGroupAdminNegativeTest-756378582', 'user_domain_id': 'default', 'user_domain_name': 'Default', 'user_id': '439edf30761b431cab5e6445e7be0733', 'system': None}, Network: None, Subnet: None, Router: None
2025-12-12 19:31:32.673 66101 INFO tempest.lib.common.dynamic_creds [-] Created isolated network resources for: credentials: Credentials: {'domain_id': 'default', 'domain_name': 'Default', 'username': 'tempest-QuotasSecurityGroupAdminNegativeTest-756378582-project-admin', 'project_domain_id': 'default', 'project_domain_name': 'Default', 'project_id': 'd2b87c04bd394eeaa5b96244f48e2efd', 'project_name': 'tempest-QuotasSecurityGroupAdminNegativeTest-756378582', 'tenant_id': 'd2b87c04bd394eeaa5b96244f48e2efd', 'tenant_name': 'tempest-QuotasSecurityGroupAdminNegativeTest-756378582', 'user_domain_id': 'default', 'user_domain_name': 'Default', 'user_id': '439edf30761b431cab5e6445e7be0733', 'system': None}, Network: None, Subnet: None, Router: None
2025-12-12 19:31:32.808 66101 INFO tempest.lib.common.rest_client [req-db496330-738b-428a-a76c-63a0fe01bc02 req-db496330-738b-428a-a76c-63a0fe01bc02 ] Request (QuotasSecurityGroupAdminNegativeTest:setUpClass): 201 POST http://10.180.1.21/identity/v3/auth/tokens 0.130s
2025-12-12 19:31:32.811 66101 WARNING tempest.lib.common.rest_client [-] Deprecated: "tenant_id" property is deprecated for removal, use "project_id" instead
2025-12-12 19:31:32.944 66101 INFO tempest.lib.common.rest_client [req-bf13f67e-f6c0-4eb5-9254-ce0a770a2f5a req-bf13f67e-f6c0-4eb5-9254-ce0a770a2f5a ] Request (QuotasSecurityGroupAdminNegativeTest:tearDownClass): 204 DELETE http://10.180.1.21/identity/v3/users/0ba9ad3f91f44eb994b000b15781d5b8 0.128s
2025-12-12 19:31:32.947 66137 INFO tempest.lib.common.rest_client [req-e278a702-d3c9-430b-b2bf-ab28a2654943 req-e278a702-d3c9-430b-b2bf-ab28a2654943 ] Request (AttachInterfacesTestJSON:setUpClass): 200 PUT http://10.180.1.21/networking/v2.0/routers/f7c07704-e335-4135-9c58-70fc396585c8/add_router_interface 1.525s
2025-12-12 19:31:32.948 66137 INFO tempest.lib.common.dynamic_creds [-] Created isolated network resources for: credentials: Credentials: {'domain_id': 'default', 'domain_name': 'Default', 'username': 'tempest-AttachInterfacesTestJSON-763311326-project-member', 'project_domain_id': 'default', 'project_domain_name': 'Default', 'project_id': 'd46ccb00794f458b85da4a93879139ee', 'project_name': 'tempest-AttachInterfacesTestJSON-763311326', 'tenant_id': 'd46ccb00794f458b85da4a93879139ee', 'tenant_name': 'tempest-AttachInterfacesTestJSON-763311326', 'user_domain_id': 'default', 'user_domain_name': 'Default', 'user_id': '9b65b9194933469c908c7cc04478444b', 'system': None}, Network: {'id': '51a66448-0f72-4266-8868-856b48be839f', 'name': 'tempest-AttachInterfacesTestJSON-155658961-network', 'tenant_id': 'd46ccb00794f458b85da4a93879139ee', 'project_id': 'd46ccb00794f458b85da4a93879139ee', 'admin_state_up': True, 'mtu': 8950, 'status': 'ACTIVE', 'subnets': [], 'shared': False, 'port_security_enabled': True, 'router:external': False, 'provider:network_type': 'vlan', 'provider:physical_network': 'default', 'provider:segmentation_id': 304, 'availability_zone_hints': [], 'availability_zones': [], 'ipv4_address_scope': None, 'ipv6_address_scope': None, 'description': '', 'tags': [], 'created_at': '2025-12-12T19:31:28Z', 'updated_at': '2025-12-12T19:31:28Z', 'revision_number': 1}, Subnet: {'id': '991b2ad7-b6de-409b-8c3f-dddc89d39a7c', 'name': 'tempest-AttachInterfacesTestJSON-155658961-subnet', 'tenant_id': 'd46ccb00794f458b85da4a93879139ee', 'network_id': '51a66448-0f72-4266-8868-856b48be839f', 'ip_version': 4, 'subnetpool_id': None, 'enable_dhcp': True, 'ipv6_ra_mode': None, 'ipv6_address_mode': None, 'gateway_ip': '192.168.128.1', 'cidr': '192.168.128.0/28', 'allocation_pools': [{'start': '192.168.128.2', 'end': '192.168.128.14'}], 'host_routes': [], 'dns_nameservers': [], 'description': '', 'router:external': False, 'service_types': [], 'tags': [], 'created_at': '2025-12-12T19:31:30Z', 'updated_at': '2025-12-12T19:31:30Z', 'revision_number': 0, 'project_id': 'd46ccb00794f458b85da4a93879139ee'}, Router: {'id': 'f7c07704-e335-4135-9c58-70fc396585c8', 'name': 'tempest-AttachInterfacesTestJSON-155658961-router', 'tenant_id': 'd46ccb00794f458b85da4a93879139ee', 'admin_state_up': True, 'status': 'ACTIVE', 'external_gateway_info': {'network_id': '75540bca-3cc6-4e2c-a8d3-4f7162ec8f23', 'external_fixed_ips': [{'subnet_id': 'd8a813df-3603-4e25-814f-5f5046c615d1', 'ip_address': '10.180.180.192'}], 'enable_snat': True}, 'description': '', 'availability_zones': [], 'distributed': False, 'ha': False, 'availability_zone_hints': [], 'routes': [], 'flavor_id': None, 'tags': [], 'created_at': '2025-12-12T19:31:30Z', 'updated_at': '2025-12-12T19:31:31Z', 'revision_number': 2, 'project_id': 'd46ccb00794f458b85da4a93879139ee'}
2025-12-12 19:31:33.037 66137 INFO tempest.lib.common.rest_client [req-a3f6c647-ee25-44e6-b697-28791ab28902 req-a3f6c647-ee25-44e6-b697-28791ab28902 ] Request (AttachInterfacesTestJSON:setUpClass): 201 POST http://10.180.1.21/identity/v3/auth/tokens 0.083s
2025-12-12 19:31:33.073 66101 INFO tempest.lib.common.rest_client [req-30188621-f6d6-46f7-aa85-fad7210b6430 req-30188621-f6d6-46f7-aa85-fad7210b6430 ] Request (QuotasSecurityGroupAdminNegativeTest:tearDownClass): 204 DELETE http://10.180.1.21/identity/v3/users/439edf30761b431cab5e6445e7be0733 0.128s
2025-12-12 19:31:33.073 66101 INFO tempest.lib.common.dynamic_creds [-] Deleting project and security group for project: d2b87c04bd394eeaa5b96244f48e2efd
2025-12-12 19:31:33.147 66101 INFO tempest.lib.common.rest_client [req-7d1c466e-9106-4852-b0f2-d6e5820c2614 req-7d1c466e-9106-4852-b0f2-d6e5820c2614 ] Request (QuotasSecurityGroupAdminNegativeTest:tearDownClass): 201 POST http://10.180.1.21/identity/v3/auth/tokens 0.073s
2025-12-12 19:31:33.165 66105 INFO tempest.lib.common.rest_client [req-8deb6d03-bf1c-407b-952a-390942e50743 req-8deb6d03-bf1c-407b-952a-390942e50743 ] Request (VolumesAdminNegativeTest:setUpClass): 201 POST http://10.180.1.21/networking/v2.0/subnets 0.962s
2025-12-12 19:31:33.375 66099 WARNING tempest.lib.common.ssh [-] Failed to establish authenticated ssh connection to cirros@10.180.180.187 ([Errno None] Unable to connect to port 22 on 10.180.180.187). Number attempts: 2. Retry after 3 seconds.: paramiko.ssh_exception.NoValidConnectionsError: [Errno None] Unable to connect to port 22 on 10.180.180.187
