2025-12-12 19:33:52.814 66093 INFO tempest.lib.common.dynamic_creds [-] Created isolated network resources for: credentials: Credentials: {'domain_id': 'default', 'domain_name': 'Default', 'username': 'tempest-FlavorsV255TestJSON-1432882998-project-member', 'project_domain_id': 'default', 'project_domain_name': 'Default', 'project_id': '43639028939344939b57b0505bd5b17b', 'project_name': 'tempest-FlavorsV255TestJSON-1432882998', 'tenant_id': '43639028939344939b57b0505bd5b17b', 'tenant_name': 'tempest-FlavorsV255TestJSON-1432882998', 'user_domain_id': 'default', 'user_domain_name': 'Default', 'user_id': '4c916be1911c4efabdc9c24ae8252859', 'system': None}, Network: None, Subnet: None, Router: None
2025-12-12 19:33:52.901 66129 INFO tempest.lib.common.rest_client [req-5ad5dd3c-f10b-49eb-a1c6-8372dbd7d950 req-5ad5dd3c-f10b-49eb-a1c6-8372dbd7d950 ] Request (ServerRescueNegativeTestJSON:setUpClass): 200 GET http://10.180.1.21/compute/v2.1/servers/9fc0c9ee-9dc7-4059-b8d2-a5db965e00c2 2.387s
2025-12-12 19:33:52.910 66081 INFO tempest.lib.common.rest_client [req-b0e194cf-16dc-40d0-b65c-88bd21cd63e3 req-b0e194cf-16dc-40d0-b65c-88bd21cd63e3 ] Request (ServersAdminTestJSON:test_inject_network_info): 202 POST http://10.180.1.21/compute/v2.1/servers 3.088s
2025-12-12 19:33:52.911 66129 INFO tempest.common.waiters [-] State transition "BUILD/None" ==> "BUILD/spawning" after 68 second wait
2025-12-12 19:33:52.920 66093 INFO tempest.lib.common.rest_client [req-b81fb834-b23e-4cf5-a3c7-e284c60048fe req-b81fb834-b23e-4cf5-a3c7-e284c60048fe ] Request (FlavorsV255TestJSON:setUpClass): 201 POST http://10.180.1.21/identity/v3/auth/tokens 0.102s
2025-12-12 19:33:52.999 66091 INFO tempest.lib.common.rest_client [req-95541169-20b6-4bf6-81c1-112009c016de req-95541169-20b6-4bf6-81c1-112009c016de ] Request (MultipleCreateTestJSON:tearDownClass): 200 GET http://10.180.1.21/compute/v2.1/servers/ca67d1a4-d304-4d06-a436-f257b60ca080 2.460s
2025-12-12 19:33:53.010 66133 INFO tempest.lib.common.rest_client [req-85ec0da5-9f17-4793-a93c-98dc9091fb5c req-85ec0da5-9f17-4793-a93c-98dc9091fb5c ] Request (ListServerFiltersTestJSON:tearDownClass): 200 GET http://10.180.1.21/compute/v2.1/servers/cd539d8b-921b-4947-954c-8573380dbdc8 2.406s
2025-12-12 19:33:53.042 66093 INFO tempest.lib.common.rest_client [req-56da0275-141b-48b3-b6c5-444d97e55068 req-56da0275-141b-48b3-b6c5-444d97e55068 ] Request (FlavorsV255TestJSON:setUpClass): 201 POST http://10.180.1.21/identity/v3/projects 0.122s
2025-12-12 19:33:53.129 66077 INFO tempest.lib.common.rest_client [req-bd3c1a52-343f-4f97-a4f1-3a8a70bd7ec7 req-bd3c1a52-343f-4f97-a4f1-3a8a70bd7ec7 ] Request (ServersAdminNegativeTestJSON:tearDownClass): 200 GET http://10.180.1.21/compute/v2.1/servers/ee676e3b-3326-46a3-940d-ebbb8b108991 2.321s
2025-12-12 19:33:53.156 66093 INFO tempest.lib.common.rest_client [req-d1e6ac3d-a8af-4474-b47d-bef129a737b7 req-d1e6ac3d-a8af-4474-b47d-bef129a737b7 ] Request (FlavorsV255TestJSON:setUpClass): 201 POST http://10.180.1.21/identity/v3/users 0.114s
2025-12-12 19:33:53.177 66093 INFO tempest.lib.common.rest_client [req-56a894b6-a265-4350-b5c8-15d88a30b0db req-56a894b6-a265-4350-b5c8-15d88a30b0db ] Request (FlavorsV255TestJSON:setUpClass): 200 GET http://10.180.1.21/identity/v3/roles 0.020s
2025-12-12 19:33:53.207 66104 INFO tempest.lib.common.rest_client [req-75f00d23-a251-4cea-829f-7ac79eeadea1 req-75f00d23-a251-4cea-829f-7ac79eeadea1 ] Request (ServerShowV247Test:test_update_rebuild_list_server): 200 PUT http://10.180.1.21/compute/v2.1/servers/44d73b2d-2b6a-4501-9944-432da3c9330d 2.373s
2025-12-12 19:33:53.210 66093 INFO tempest.lib.common.rest_client [req-25f4aa23-8df6-4c08-ba1a-c33382933062 req-25f4aa23-8df6-4c08-ba1a-c33382933062 ] Request (FlavorsV255TestJSON:setUpClass): 204 PUT http://10.180.1.21/identity/v3/projects/15f79127e29646338f16ebefe54ee4cc/users/8c570c6ec1cb40a594c606a1c2e7a3ac/roles/d0417ab64a064acb8ea16363d89c25ab 0.032s
2025-12-12 19:33:53.265 66093 INFO tempest.lib.common.rest_client [req-b88261e1-9fc6-4486-bf41-a8add5e33417 req-b88261e1-9fc6-4486-bf41-a8add5e33417 ] Request (FlavorsV255TestJSON:setUpClass): 200 GET http://10.180.1.21/identity/v3/roles 0.054s
2025-12-12 19:33:53.286 66093 INFO tempest.lib.common.rest_client [req-6fdd1bd4-632a-4d05-9a9a-33fa122d47c6 req-6fdd1bd4-632a-4d05-9a9a-33fa122d47c6 ] Request (FlavorsV255TestJSON:setUpClass): 204 PUT http://10.180.1.21/identity/v3/projects/15f79127e29646338f16ebefe54ee4cc/users/8c570c6ec1cb40a594c606a1c2e7a3ac/roles/d0417ab64a064acb8ea16363d89c25ab 0.021s
2025-12-12 19:33:53.286 66093 INFO tempest.lib.common.dynamic_creds [-] Dynamic test user 8c570c6ec1cb40a594c606a1c2e7a3ac is created with scope project and roles: ['admin']
2025-12-12 19:33:53.286 66093 INFO tempest.lib.common.dynamic_creds [-] Acquired dynamic creds: credentials: Credentials: {'domain_id': 'default', 'domain_name': 'Default', 'username': 'tempest-FlavorsV255TestJSON-1753893017-project-admin', 'project_domain_id': 'default', 'project_domain_name': 'Default', 'project_id': '15f79127e29646338f16ebefe54ee4cc', 'project_name': 'tempest-FlavorsV255TestJSON-1753893017', 'tenant_id': '15f79127e29646338f16ebefe54ee4cc', 'tenant_name': 'tempest-FlavorsV255TestJSON-1753893017', 'user_domain_id': 'default', 'user_domain_name': 'Default', 'user_id': '8c570c6ec1cb40a594c606a1c2e7a3ac', 'system': None}, Network: None, Subnet: None, Router: None
2025-12-12 19:33:53.287 66093 INFO tempest.lib.common.dynamic_creds [-] Created isolated network resources for: credentials: Credentials: {'domain_id': 'default', 'domain_name': 'Default', 'username': 'tempest-FlavorsV255TestJSON-1753893017-project-admin', 'project_domain_id': 'default', 'project_domain_name': 'Default', 'project_id': '15f79127e29646338f16ebefe54ee4cc', 'project_name': 'tempest-FlavorsV255TestJSON-1753893017', 'tenant_id': '15f79127e29646338f16ebefe54ee4cc', 'tenant_name': 'tempest-FlavorsV255TestJSON-1753893017', 'user_domain_id': 'default', 'user_domain_name': 'Default', 'user_id': '8c570c6ec1cb40a594c606a1c2e7a3ac', 'system': None}, Network: None, Subnet: None, Router: None
2025-12-12 19:33:53.287 66123 INFO tempest.lib.common.rest_client [req-172bca2c-ea80-445d-aabb-b83f134272b4 req-172bca2c-ea80-445d-aabb-b83f134272b4 ] Request (ServersListShow296Test:tearDownClass): 200 GET http://10.180.1.21/compute/v2.1/servers/83573c2b-9448-456f-8fd2-b19661dd6cc4 2.400s
2025-12-12 19:33:53.333 66105 INFO tempest.lib.common.rest_client [req-526735b8-e55b-4153-b0fb-f34b557b7942 req-526735b8-e55b-4153-b0fb-f34b557b7942 ] Request (FloatingIPsTestJSON:test_allocate_floating_ip): 200 GET http://10.180.1.21/compute/v2.1/os-floating-ips 2.650s
2025-12-12 19:33:53.341 66111 INFO tempest.lib.common.rest_client [req-5b706992-27b2-4040-acf6-b596934897eb req-5b706992-27b2-4040-acf6-b596934897eb ] Request (SecurityGroupsTestJSON:test_list_security_groups_by_server): 200 GET http://10.180.1.21/compute/v2.1/servers/bc2c12e0-0d06-432f-b42f-be468e3b6ee4 2.394s
2025-12-12 19:33:53.358 66095 INFO tempest.lib.common.rest_client [req-264b2cc3-6d97-40c5-ae4f-09fcb2f7629a req-264b2cc3-6d97-40c5-ae4f-09fcb2f7629a ] Request (ServerExternalEventsTest:tearDownClass): 404 GET http://10.180.1.21/compute/v2.1/servers/96acc5f8-b411-408e-929d-d1035cfd50db 2.321s
2025-12-12 19:33:53.366 66093 INFO tempest.lib.common.rest_client [req-214690f0-71b2-413b-b97b-ce3202ff7822 req-214690f0-71b2-413b-b97b-ce3202ff7822 ] Request (FlavorsV255TestJSON:setUpClass): 201 POST http://10.180.1.21/identity/v3/auth/tokens 0.076s
2025-12-12 19:33:53.376 66101 INFO tempest.lib.common.rest_client [req-60df6436-a751-4cc4-8e97-74d9d78c6741 req-60df6436-a751-4cc4-8e97-74d9d78c6741 ] Request (ServerActionsTestOtherB:test_create_backup): 200 GET http://10.180.1.21/image/v2/images/5554ed4e-2d17-4d6f-946f-e0ce42b880fc 0.025s
2025-12-12 19:33:53.403 66099 INFO tempest.lib.common.rest_client [req-5dbbb93d-ab3c-460a-91f1-a4fc1e6a805c req-5dbbb93d-ab3c-460a-91f1-a4fc1e6a805c ] Request (InstanceActionsNegativeTestJSON:setUpClass): 200 GET http://10.180.1.21/compute/v2.1/servers/1bd26aef-995e-43b6-af9f-077e878c8c44 2.298s
2025-12-12 19:33:53.418 66085 INFO tempest.lib.common.rest_client [req-48f06a28-1b67-4bc4-89bc-bb3ef1253f3b req-48f06a28-1b67-4bc4-89bc-bb3ef1253f3b ] Request (ServersWithSpecificFlavorTestJSON:test_verify_created_server_ephemeral_disk): 200 GET http://10.180.1.21/compute/v2.1/servers/6c8db442-daaa-4eca-ae24-b9d4afaf3a71 2.012s
2025-12-12 19:33:53.464 66131 INFO tempest.lib.common.rest_client [req-40a02a87-585b-475c-adcb-15c2c585be94 req-40a02a87-585b-475c-adcb-15c2c585be94 ] Request (ImagesTestJSON:test_create_server_from_snapshot): 200 GET http://10.180.1.21/compute/v2.1/servers/01d86089-6b9b-4588-864e-ef91375a1eea 1.859s
2025-12-12 19:33:53.476 66095 INFO tempest.lib.common.rest_client [req-d0d369dd-9454-496f-8e7a-ad5b5ea54bc8 req-d0d369dd-9454-496f-8e7a-ad5b5ea54bc8 ] Request (ServerExternalEventsTest:tearDownClass): 204 DELETE http://10.180.1.21/identity/v3/users/350d7f349eff4bcebe467567649678e0 0.118s
2025-12-12 19:33:53.557 66087 INFO tempest.lib.common.rest_client [req-7046e0d6-3551-425a-96e1-5b343fd2b018 req-7046e0d6-3551-425a-96e1-5b343fd2b018 ] Request (ServerDiagnosticsNegativeTest:test_get_server_diagnostics_by_non_admin): 200 GET http://10.180.1.21/compute/v2.1/servers/0d6f14c5-5770-476f-a186-4cf1b2d4fbe8 1.813s
2025-12-12 19:33:53.593 66121 INFO tempest.lib.common.rest_client [req-8edb7dbe-5d52-414b-9760-0360d7dda75d req-8edb7dbe-5d52-414b-9760-0360d7dda75d ] Request (ServerAddressesNegativeTestJSON:tearDownClass): 200 GET http://10.180.1.21/compute/v2.1/servers/00746508-d0d6-4dfa-9026-772398d004ee 1.792s
2025-12-12 19:33:53.608 66095 INFO tempest.lib.common.rest_client [req-f42c511c-1993-44b7-8af2-f4d726f903b7 req-f42c511c-1993-44b7-8af2-f4d726f903b7 ] Request (ServerExternalEventsTest:tearDownClass): 204 DELETE http://10.180.1.21/identity/v3/users/01d1a189cb3b4c2b93f9bfb0bae16767 0.131s
2025-12-12 19:33:53.634 66117 INFO tempest.lib.common.rest_client [req-4e2b3623-6f17-487c-b14f-f49fbca567b8 req-4e2b3623-6f17-487c-b14f-f49fbca567b8 ] Request (DeleteServersTestJSON:test_delete_active_server): 200 GET http://10.180.1.21/compute/v2.1/servers/621b899a-e9ec-4fc0-a574-4a08cecff6d9 1.813s
2025-12-12 19:33:53.677 66135 INFO tempest.lib.common.rest_client [req-20ea62ea-70a9-4f76-8a09-1c6efc581243 req-20ea62ea-70a9-4f76-8a09-1c6efc581243 ] Request (ServersTestBootFromVolume:tearDownClass): 200 GET http://10.180.1.21/compute/v2.1/servers/5a8d4357-4b44-4a19-b1da-42d188c38adc 1.766s
2025-12-12 19:33:53.710 66095 INFO tempest.lib.common.rest_client [req-27e42f39-db20-49de-911b-44f67023951f req-27e42f39-db20-49de-911b-44f67023951f ] Request (ServerExternalEventsTest:tearDownClass): 204 DELETE http://10.180.1.21/identity/v3/users/6c5d6976000d4a5db244d89110e66c89 0.101s
2025-12-12 19:33:53.710 66095 INFO tempest.lib.common.dynamic_creds [-] Deleting project and security group for project: fddc635807d54dc0a5b4f2f732ba6962
2025-12-12 19:33:53.772 66095 INFO tempest.lib.common.rest_client [req-19fa45b6-f10e-44cd-b92d-2f7e0145cf0b req-19fa45b6-f10e-44cd-b92d-2f7e0145cf0b ] Request (ServerExternalEventsTest:tearDownClass): 201 POST http://10.180.1.21/identity/v3/auth/tokens 0.062s
2025-12-12 19:33:53.790 66073 INFO tempest.lib.common.rest_client [req-6bd14988-34cb-424c-828d-73fe88fd5b9c req-6bd14988-34cb-424c-828d-73fe88fd5b9c ] Request (ServerRescueTestJSONUnderV235:setUpClass): 200 GET http://10.180.1.21/compute/v2.1/servers/3cbbe146-be3a-43d5-867d-4d669884758c 1.078s
2025-12-12 19:33:53.845 66081 INFO tempest.lib.common.rest_client [req-dd106f61-6999-4add-8908-ec44ab0f5cc3 req-dd106f61-6999-4add-8908-ec44ab0f5cc3 ] Request (ServersAdminTestJSON:test_inject_network_info): 200 GET http://10.180.1.21/compute/v2.1/servers/cb8855b6-589d-4863-b86f-7fb4e30fb29e 0.933s
2025-12-12 19:33:53.852 66095 INFO tempest.lib.common.rest_client [req-01f52eed-edd4-4e0a-8955-2aadeeb2dece req-01f52eed-edd4-4e0a-8955-2aadeeb2dece ] Request (ServerExternalEventsTest:tearDownClass): 200 GET http://10.180.1.21/networking/v2.0/security-groups?tenant_id=fddc635807d54dc0a5b4f2f732ba6962&name=default 0.080s
2025-12-12 19:33:53.922 66104 INFO tempest.lib.common.rest_client [req-e5dc8131-0c27-4131-b657-4a22cd36f105 req-e5dc8131-0c27-4131-b657-4a22cd36f105 ] Request (ServerShowV247Test:test_update_rebuild_list_server): 200 GET http://10.180.1.21/compute/v2.1/servers/44d73b2d-2b6a-4501-9944-432da3c9330d 0.708s
2025-12-12 19:33:53.985 66095 INFO tempest.lib.common.rest_client [req-ca73a091-840d-4830-bbbe-6283fd99b63b req-ca73a091-840d-4830-bbbe-6283fd99b63b ] Request (ServerExternalEventsTest:tearDownClass): 204 DELETE http://10.180.1.21/networking/v2.0/security-groups/43093918-e964-4f7a-8dc0-570f3165dde5 0.132s
2025-12-12 19:33:54.077 66127 INFO tempest.lib.common.rest_client [req-e47f8f74-8215-4818-b67e-314d923aeb18 req-e47f8f74-8215-4818-b67e-314d923aeb18 ] Request (FloatingIPsAssociationTestJSON:test_associate_already_associated_floating_ip): 200 GET http://10.180.1.21/compute/v2.1/servers/65aaa2eb-3ca5-4c2b-92f9-b524366c10dd 0.832s
2025-12-12 19:33:54.092 66095 INFO tempest.lib.common.rest_client [req-7034db6c-d135-4b91-a766-d6541dd6904f req-7034db6c-d135-4b91-a766-d6541dd6904f ] Request (ServerExternalEventsTest:tearDownClass): 204 DELETE http://10.180.1.21/identity/v3/projects/fddc635807d54dc0a5b4f2f732ba6962 0.098s
2025-12-12 19:33:54.092 66095 INFO tempest.lib.common.dynamic_creds [-] Deleting project and security group for project: 14b5000ca2c74febbcf8cc7dc0dd21f0
2025-12-12 19:33:54.208 66095 INFO tempest.lib.common.rest_client [req-8ec11f61-6e88-4265-ba9c-e23759a31591 req-8ec11f61-6e88-4265-ba9c-e23759a31591 ] Request (ServerExternalEventsTest:tearDownClass): 200 GET http://10.180.1.21/networking/v2.0/security-groups?tenant_id=14b5000ca2c74febbcf8cc7dc0dd21f0&name=default 0.116s
2025-12-12 19:33:54.303 66095 INFO tempest.lib.common.rest_client [req-9fcce4ea-3c1a-4424-bb3d-9bb516f4570a req-9fcce4ea-3c1a-4424-bb3d-9bb516f4570a ] Request (ServerExternalEventsTest:tearDownClass): 204 DELETE http://10.180.1.21/networking/v2.0/security-groups/95f2dc38-67c0-4c52-ac32-a55403c589c9 0.094s
2025-12-12 19:33:54.397 66101 INFO tempest.lib.common.rest_client [req-e3aa3a62-b68e-49d3-bc91-04415627865e req-e3aa3a62-b68e-49d3-bc91-04415627865e ] Request (ServerActionsTestOtherB:test_create_backup): 200 GET http://10.180.1.21/image/v2/images/5554ed4e-2d17-4d6f-946f-e0ce42b880fc 0.019s
2025-12-12 19:33:54.398 66095 INFO tempest.lib.common.rest_client [req-aa292cf0-be67-4744-8bf9-b073b30184e1 req-aa292cf0-be67-4744-8bf9-b073b30184e1 ] Request (ServerExternalEventsTest:tearDownClass): 204 DELETE http://10.180.1.21/identity/v3/projects/14b5000ca2c74febbcf8cc7dc0dd21f0 0.094s
2025-12-12 19:33:54.399 66095 INFO tempest.lib.common.dynamic_creds [-] Deleting project and security group for project: 357f26b9cc6a42128d79a9ec526df191
2025-12-12 19:33:54.487 66105 INFO tempest.lib.common.rest_client [req-5890e2d0-7bd9-47b2-ad5e-9f7bee06ccb1 req-5890e2d0-7bd9-47b2-ad5e-9f7bee06ccb1 ] Request (FloatingIPsTestJSON:_run_cleanups): 202 DELETE http://10.180.1.21/compute/v2.1/os-floating-ips/766d81a2-38a4-4e13-8495-6d2aab1246a0 1.150s
2025-12-12 19:33:54.526 66095 INFO tempest.lib.common.rest_client [req-71d09a81-c7f8-47e6-92a0-5260990bbcbd req-71d09a81-c7f8-47e6-92a0-5260990bbcbd ] Request (ServerExternalEventsTest:tearDownClass): 200 GET http://10.180.1.21/networking/v2.0/security-groups?tenant_id=357f26b9cc6a42128d79a9ec526df191&name=default 0.127s
2025-12-12 19:33:54.605 66095 INFO tempest.lib.common.rest_client [req-8be5ee5d-ba86-4bdf-a79e-b432116b6e90 req-8be5ee5d-ba86-4bdf-a79e-b432116b6e90 ] Request (ServerExternalEventsTest:tearDownClass): 204 DELETE http://10.180.1.21/networking/v2.0/security-groups/72a6d5b1-39f3-41e5-b6f2-2ee57cfc066b 0.078s
2025-12-12 19:33:54.676 66093 INFO tempest.lib.common.rest_client [req-277d06ff-8f22-49a7-a630-d3b465f99b6e req-277d06ff-8f22-49a7-a630-d3b465f99b6e ] Request (FlavorsV255TestJSON:test_crud_flavor): 200 POST http://10.180.1.21/compute/v2.1/flavors 1.306s
2025-12-12 19:33:54.717 66095 INFO tempest.lib.common.rest_client [req-64bc02b8-8133-4edc-a11f-74e65ec9da59 req-64bc02b8-8133-4edc-a11f-74e65ec9da59 ] Request (ServerExternalEventsTest:tearDownClass): 204 DELETE http://10.180.1.21/identity/v3/projects/357f26b9cc6a42128d79a9ec526df191 0.111s
2025-12-12 19:33:54.752 66125 INFO tempest.lib.common.rest_client [req-6988b450-8675-4878-a489-3c6421ce455d req-6988b450-8675-4878-a489-3c6421ce455d ] Request (ServersNegativeTestMultiTenantJSON:setUpClass): 200 GET http://10.180.1.21/compute/v2.1/servers/018c8ac5-66c4-4a9a-ab45-85e84f92b4fe 1.274s
2025-12-12 19:33:54.785 66095 INFO tempest.lib.common.rest_client [req-cc27b223-d57c-4356-8711-60ee6b507117 req-cc27b223-d57c-4356-8711-60ee6b507117 ] Request (ImagesNegativeTestJSON:setUpClass): 201 POST http://10.180.1.21/identity/v3/auth/tokens 0.066s
2025-12-12 19:33:54.835 66089 INFO tempest.lib.common.rest_client [req-69612c15-ac52-4e9b-8931-37da158517fd req-69612c15-ac52-4e9b-8931-37da158517fd ] Request (ServersV294TestFqdnHostnames:setUpClass): 200 GET http://10.180.1.21/compute/v2.1/servers/c8be64a3-1bfa-41a3-b9be-68a7e6e052e0 1.271s
2025-12-12 19:33:54.840 66095 INFO tempest.lib.common.rest_client [req-6560ceda-327a-4fd1-a257-91273618cc8d req-6560ceda-327a-4fd1-a257-91273618cc8d ] Request (ImagesNegativeTestJSON:setUpClass): 201 POST http://10.180.1.21/identity/v3/auth/tokens 0.048s
2025-12-12 19:33:54.872 66095 INFO tempest.lib.common.rest_client [req-fd5bbc0a-4c5a-469d-b85d-9ab36ac07a86 req-fd5bbc0a-4c5a-469d-b85d-9ab36ac07a86 ] Request (ImagesNegativeTestJSON:setUpClass): 200 GET http://10.180.1.21/identity/v3/domains?name=Default 0.032s
2025-12-12 19:33:54.922 66095 INFO tempest.lib.common.rest_client [req-5a9932f3-d700-4bbf-8946-d2cb86f773cf req-5a9932f3-d700-4bbf-8946-d2cb86f773cf ] Request (ImagesNegativeTestJSON:setUpClass): 201 POST http://10.180.1.21/identity/v3/projects 0.049s
2025-12-12 19:33:54.987 66097 INFO tempest.lib.common.rest_client [req-79cba038-28de-4dd3-8570-5b4fa5426063 req-79cba038-28de-4dd3-8570-5b4fa5426063 ] Request (ServersListShow2100Test:test_list_show_rebuild_update_server_2100): 200 GET http://10.180.1.21/compute/v2.1/servers/3827eed1-b7a1-4922-a4de-f0c038cb8566 1.347s
2025-12-12 19:33:55.005 66097 INFO tempest.common.waiters [-] State transition "REBUILD/rebuilding" ==> "REBUILD/rebuild_spawning" after 3 second wait
2025-12-12 19:33:55.026 66095 INFO tempest.lib.common.rest_client [req-6ec1ada0-201b-457a-bb8a-ef845204e059 req-6ec1ada0-201b-457a-bb8a-ef845204e059 ] Request (ImagesNegativeTestJSON:setUpClass): 201 POST http://10.180.1.21/identity/v3/users 0.103s
2025-12-12 19:33:55.050 66095 INFO tempest.lib.common.rest_client [req-481e562a-3ec1-45e4-a215-0b9a1b11b2cc req-481e562a-3ec1-45e4-a215-0b9a1b11b2cc ] Request (ImagesNegativeTestJSON:setUpClass): 200 GET http://10.180.1.21/identity/v3/roles 0.024s
2025-12-12 19:33:55.085 66095 INFO tempest.lib.common.rest_client [req-f2d46658-8245-49e3-8374-8b880f3121ba req-f2d46658-8245-49e3-8374-8b880f3121ba ] Request (ImagesNegativeTestJSON:setUpClass): 204 PUT http://10.180.1.21/identity/v3/projects/28432176889e4680aa34fce120b47304/users/0f2d1a7cc63c43bdbedfbe0c1c5bf768/roles/e7e85ae9d7ea4bf3a732f294b69863ce 0.034s
2025-12-12 19:33:55.085 66095 INFO tempest.lib.common.dynamic_creds [-] Dynamic test user 0f2d1a7cc63c43bdbedfbe0c1c5bf768 is created with scope project and roles: ['member']
2025-12-12 19:33:55.085 66095 INFO tempest.lib.common.dynamic_creds [-] Acquired dynamic creds: credentials: Credentials: {'domain_id': 'default', 'domain_name': 'Default', 'username': 'tempest-ImagesNegativeTestJSON-1015404931-project-member', 'project_domain_id': 'default', 'project_domain_name': 'Default', 'project_id': '28432176889e4680aa34fce120b47304', 'project_name': 'tempest-ImagesNegativeTestJSON-1015404931', 'tenant_id': '28432176889e4680aa34fce120b47304', 'tenant_name': 'tempest-ImagesNegativeTestJSON-1015404931', 'user_domain_id': 'default', 'user_domain_name': 'Default', 'user_id': '0f2d1a7cc63c43bdbedfbe0c1c5bf768', 'system': None}, Network: None, Subnet: None, Router: None
2025-12-12 19:33:55.094 66075 INFO tempest.lib.common.rest_client [req-b3be0284-b359-46b5-8a8b-deeba6fff9b4 req-b3be0284-b359-46b5-8a8b-deeba6fff9b4 ] Request (MigrationsAdminTest:test_resize_server_revert_deleted_flavor): 200 GET http://10.180.1.21/compute/v2.1/servers/76249623-6f83-46a3-b8c5-c001111aa698 1.385s
2025-12-12 19:33:55.151 66095 INFO tempest.lib.common.rest_client [req-e6156952-74a8-431b-92c0-3148659e5e64 req-e6156952-74a8-431b-92c0-3148659e5e64 ] Request (ImagesNegativeTestJSON:setUpClass): 201 POST http://10.180.1.21/identity/v3/auth/tokens 0.066s
2025-12-12 19:33:55.207 66083 INFO tempest.lib.common.rest_client [req-ab27dcd2-1b13-41b9-9dba-71530bb51859 req-ab27dcd2-1b13-41b9-9dba-71530bb51859 ] Request (ServersAaction247Test:test_create_backup): 200 GET http://10.180.1.21/compute/v2.1/servers/ad48cadd-9bb6-4191-a68a-5c8fdaeebd44 1.437s
2025-12-12 19:33:55.423 66101 INFO tempest.lib.common.rest_client [req-731d4676-f506-4b37-b9c4-c8728c4bc414 req-731d4676-f506-4b37-b9c4-c8728c4bc414 ] Request (ServerActionsTestOtherB:test_create_backup): 200 GET http://10.180.1.21/image/v2/images/5554ed4e-2d17-4d6f-946f-e0ce42b880fc 0.024s
2025-12-12 19:33:55.459 66129 INFO tempest.lib.common.rest_client [req-dcf5e18a-c0e6-400f-836e-3923781f822a req-dcf5e18a-c0e6-400f-836e-3923781f822a ] Request (ServerRescueNegativeTestJSON:setUpClass): 200 GET http://10.180.1.21/compute/v2.1/servers/9fc0c9ee-9dc7-4059-b8d2-a5db965e00c2 1.547s
2025-12-12 19:33:55.530 66095 INFO tempest.lib.common.rest_client [req-c8e2eedd-0a67-4421-ace0-a73702167fe9 req-c8e2eedd-0a67-4421-ace0-a73702167fe9 ] Request (ImagesNegativeTestJSON:setUpClass): 201 POST http://10.180.1.21/networking/v2.0/networks 0.378s
2025-12-12 19:33:55.556 66091 INFO tempest.lib.common.rest_client [req-f4a88ede-eac9-442d-8862-4904550eaaf6 req-f4a88ede-eac9-442d-8862-4904550eaaf6 ] Request (MultipleCreateTestJSON:tearDownClass): 200 GET http://10.180.1.21/compute/v2.1/servers/ca67d1a4-d304-4d06-a436-f257b60ca080 1.546s
2025-12-12 19:33:55.628 66133 INFO tempest.lib.common.rest_client [req-b1ed49d0-56d6-40ff-86d8-1e3718f68ecd req-b1ed49d0-56d6-40ff-86d8-1e3718f68ecd ] Request (ListServerFiltersTestJSON:tearDownClass): 200 GET http://10.180.1.21/compute/v2.1/servers/cd539d8b-921b-4947-954c-8573380dbdc8 1.609s
2025-12-12 19:33:55.690 66077 INFO tempest.lib.common.rest_client [req-eab90c5b-b33b-4c9d-a194-2d817cf40968 req-eab90c5b-b33b-4c9d-a194-2d817cf40968 ] Request (ServersAdminNegativeTestJSON:tearDownClass): 200 GET http://10.180.1.21/compute/v2.1/servers/ee676e3b-3326-46a3-940d-ebbb8b108991 1.551s
2025-12-12 19:33:55.711 66095 INFO tempest.lib.common.rest_client [req-031955b8-8aed-489d-8b6f-b87b8c284ce2 req-031955b8-8aed-489d-8b6f-b87b8c284ce2 ] Request (ImagesNegativeTestJSON:setUpClass): 201 POST http://10.180.1.21/networking/v2.0/subnets 0.180s
2025-12-12 19:33:55.714 66113 WARNING tempest.lib.common.ssh [-] Failed to establish authenticated ssh connection to cirros@10.180.180.224 ([Errno None] Unable to connect to port 22 on 10.180.180.224). Number attempts: 1. Retry after 2 seconds.: paramiko.ssh_exception.NoValidConnectionsError: [Errno None] Unable to connect to port 22 on 10.180.180.224
2025-12-12 19:33:55.771 66123 INFO tempest.lib.common.rest_client [req-e0ea2eae-80b7-4c97-a05f-e3f40fd60322 req-e0ea2eae-80b7-4c97-a05f-e3f40fd60322 ] Request (ServersListShow296Test:tearDownClass): 200 GET http://10.180.1.21/compute/v2.1/servers/83573c2b-9448-456f-8fd2-b19661dd6cc4 1.472s
2025-12-12 19:33:55.786 66079 INFO tempest.lib.common.rest_client [req-b86f24be-1076-4ee1-9368-176430971dfc req-b86f24be-1076-4ee1-9368-176430971dfc ] Request (VolumesAssistedSnapshotsTest:test_volume_assisted_snapshot_create_delete): 200 POST http://10.180.1.21/compute/v2.1/servers/aa2716a9-2cf8-4e51-800d-1c8f98b2cf05/os-volume_attachments 3.364s
2025-12-12 19:33:55.818 66079 INFO tempest.lib.common.rest_client [req-ac01ad8c-d4f8-4559-8ea2-15cc02845b10 req-ac01ad8c-d4f8-4559-8ea2-15cc02845b10 ] Request (VolumesAssistedSnapshotsTest:test_volume_assisted_snapshot_create_delete): 200 GET http://10.180.1.21/volume/v3/volumes/b7243e8e-0979-43c1-87dc-2570fca06458 0.030s
2025-12-12 19:33:55.830 66111 INFO tempest.lib.common.rest_client [req-85cb78a7-575e-4702-bfcd-5f2d4eb7e01b req-85cb78a7-575e-4702-bfcd-5f2d4eb7e01b ] Request (SecurityGroupsTestJSON:test_list_security_groups_by_server): 200 GET http://10.180.1.21/compute/v2.1/servers/bc2c12e0-0d06-432f-b42f-be468e3b6ee4 1.480s
2025-12-12 19:33:55.849 66099 INFO tempest.lib.common.rest_client [req-4f3ebac8-72c4-4ede-b835-99b931a8f8fd req-4f3ebac8-72c4-4ede-b835-99b931a8f8fd ] Request (InstanceActionsNegativeTestJSON:setUpClass): 200 GET http://10.180.1.21/compute/v2.1/servers/1bd26aef-995e-43b6-af9f-077e878c8c44 1.436s
2025-12-12 19:33:55.914 66085 INFO tempest.lib.common.rest_client [req-4debb452-521b-4ef3-b135-e715929e3a36 req-4debb452-521b-4ef3-b135-e715929e3a36 ] Request (ServersWithSpecificFlavorTestJSON:test_verify_created_server_ephemeral_disk): 200 GET http://10.180.1.21/compute/v2.1/servers/6c8db442-daaa-4eca-ae24-b9d4afaf3a71 1.487s
2025-12-12 19:33:55.932 66131 INFO tempest.lib.common.rest_client [req-55ad9935-8615-4ca6-af03-8447a4f57858 req-55ad9935-8615-4ca6-af03-8447a4f57858 ] Request (ImagesTestJSON:test_create_server_from_snapshot): 200 GET http://10.180.1.21/compute/v2.1/servers/01d86089-6b9b-4588-864e-ef91375a1eea 1.458s
2025-12-12 19:33:56.448 66101 INFO tempest.lib.common.rest_client [req-67f6eb3a-ee2e-45a5-953a-e40a2c4d5efa req-67f6eb3a-ee2e-45a5-953a-e40a2c4d5efa ] Request (ServerActionsTestOtherB:test_create_backup): 200 GET http://10.180.1.21/image/v2/images/5554ed4e-2d17-4d6f-946f-e0ce42b880fc 0.024s
2025-12-12 19:33:56.449 66095 INFO tempest.lib.common.rest_client [req-1425fb5c-79ba-4e7e-885a-67375200717e req-1425fb5c-79ba-4e7e-885a-67375200717e ] Request (ImagesNegativeTestJSON:setUpClass): 201 POST http://10.180.1.21/networking/v2.0/routers 0.737s
2025-12-12 19:33:56.494 66087 INFO tempest.lib.common.rest_client [req-260407f8-b0a6-4b20-8c27-6b652c7e0900 req-260407f8-b0a6-4b20-8c27-6b652c7e0900 ] Request (ServerDiagnosticsNegativeTest:test_get_server_diagnostics_by_non_admin): 200 GET http://10.180.1.21/compute/v2.1/servers/0d6f14c5-5770-476f-a186-4cf1b2d4fbe8 1.926s
2025-12-12 19:33:56.505 66087 INFO tempest.common.waiters [-] State transition "BUILD/spawning" ==> "ACTIVE/None" after 89 second wait
2025-12-12 19:33:56.623 66105 INFO tempest.lib.common.rest_client [req-a7a38a0e-fd75-4ef3-b837-fbb8a452f6d2 req-a7a38a0e-fd75-4ef3-b837-fbb8a452f6d2 ] Request (FloatingIPsTestJSON:test_delete_floating_ip): 200 POST http://10.180.1.21/compute/v2.1/os-floating-ips 2.134s
2025-12-12 19:33:56.650 66121 INFO tempest.lib.common.rest_client [req-00cab574-ca9d-424f-ad45-34c8445aa574 req-00cab574-ca9d-424f-ad45-34c8445aa574 ] Request (ServerAddressesNegativeTestJSON:tearDownClass): 200 GET http://10.180.1.21/compute/v2.1/servers/00746508-d0d6-4dfa-9026-772398d004ee 2.045s
2025-12-12 19:33:56.658 66121 INFO tempest.common.waiters [-] State transition "ACTIVE/deleting" ==> "DELETED/None" after 3 second wait
2025-12-12 19:33:56.731 66117 INFO tempest.lib.common.rest_client [req-a2cc22e1-12a0-4250-b20b-0460611b2017 req-a2cc22e1-12a0-4250-b20b-0460611b2017 ] Request (DeleteServersTestJSON:test_delete_active_server): 200 GET http://10.180.1.21/compute/v2.1/servers/621b899a-e9ec-4fc0-a574-4a08cecff6d9 2.089s
2025-12-12 19:33:56.851 66135 INFO tempest.lib.common.rest_client [req-3a868271-0d3f-43b9-8f7a-40d6eb233c0d req-3a868271-0d3f-43b9-8f7a-40d6eb233c0d ] Request (ServersTestBootFromVolume:tearDownClass): 200 GET http://10.180.1.21/compute/v2.1/servers/5a8d4357-4b44-4a19-b1da-42d188c38adc 2.167s
2025-12-12 19:33:56.873 66093 INFO tempest.lib.common.rest_client [req-1b67e3ea-7271-4fc9-b1a3-e25da2613def req-1b67e3ea-7271-4fc9-b1a3-e25da2613def ] Request (FlavorsV255TestJSON:test_crud_flavor): 200 GET http://10.180.1.21/compute/v2.1/flavors/1592172621 2.195s
2025-12-12 19:33:56.879 66079 INFO tempest.lib.common.rest_client [req-ba12eae2-1d2d-476b-9756-1a8333aa3ea8 req-ba12eae2-1d2d-476b-9756-1a8333aa3ea8 ] Request (VolumesAssistedSnapshotsTest:test_volume_assisted_snapshot_create_delete): 200 GET http://10.180.1.21/volume/v3/volumes/b7243e8e-0979-43c1-87dc-2570fca06458 0.054s
2025-12-12 19:33:56.944 66073 INFO tempest.lib.common.rest_client [req-76f8d217-dfb5-4990-8aa0-dee715fc87df req-76f8d217-dfb5-4990-8aa0-dee715fc87df ] Request (ServerRescueTestJSONUnderV235:setUpClass): 200 GET http://10.180.1.21/compute/v2.1/servers/3cbbe146-be3a-43d5-867d-4d669884758c 2.144s
2025-12-12 19:33:56.970 66081 INFO tempest.lib.common.rest_client [req-52b3da71-8df4-4fb7-b04b-571d65b0c20c req-52b3da71-8df4-4fb7-b04b-571d65b0c20c ] Request (ServersAdminTestJSON:test_inject_network_info): 200 GET http://10.180.1.21/compute/v2.1/servers/cb8855b6-589d-4863-b86f-7fb4e30fb29e 2.117s
2025-12-12 19:33:57.030 66104 INFO tempest.lib.common.rest_client [req-06f3e79c-11b4-4e10-a483-d73cd92fb5ca req-06f3e79c-11b4-4e10-a483-d73cd92fb5ca ] Request (ServerShowV247Test:test_update_rebuild_list_server): 200 GET http://10.180.1.21/compute/v2.1/servers/44d73b2d-2b6a-4501-9944-432da3c9330d 2.097s
2025-12-12 19:33:57.103 66127 INFO tempest.lib.common.rest_client [req-b96eaf35-70c1-4093-89f9-173d34ea6475 req-b96eaf35-70c1-4093-89f9-173d34ea6475 ] Request (FloatingIPsAssociationTestJSON:test_associate_already_associated_floating_ip): 200 GET http://10.180.1.21/compute/v2.1/servers/65aaa2eb-3ca5-4c2b-92f9-b524366c10dd 2.004s
2025-12-12 19:33:57.120 66125 INFO tempest.lib.common.rest_client [req-89cc3617-e769-4208-bc1f-711848dc8779 req-89cc3617-e769-4208-bc1f-711848dc8779 ] Request (ServersNegativeTestMultiTenantJSON:setUpClass): 200 GET http://10.180.1.21/compute/v2.1/servers/018c8ac5-66c4-4a9a-ab45-85e84f92b4fe 1.359s
2025-12-12 19:33:57.134 66125 INFO tempest.common.waiters [-] State transition "BUILD/scheduling" ==> "BUILD/None" after 33 second wait
2025-12-12 19:33:57.185 66089 INFO tempest.lib.common.rest_client [req-efc8f2d5-7b8c-456f-8ac0-f4ae169d6617 req-efc8f2d5-7b8c-456f-8ac0-f4ae169d6617 ] Request (ServersV294TestFqdnHostnames:setUpClass): 200 GET http://10.180.1.21/compute/v2.1/servers/c8be64a3-1bfa-41a3-b9be-68a7e6e052e0 1.334s
2025-12-12 19:33:57.226 66097 INFO tempest.lib.common.rest_client [req-811b1aca-6cbf-4b76-b9a2-b30901bf1758 req-811b1aca-6cbf-4b76-b9a2-b30901bf1758 ] Request (ServersListShow2100Test:test_list_show_rebuild_update_server_2100): 200 GET http://10.180.1.21/compute/v2.1/servers/3827eed1-b7a1-4922-a4de-f0c038cb8566 1.220s
2025-12-12 19:33:57.256 66075 INFO tempest.lib.common.rest_client [req-ccfd65fe-6525-4693-bad5-83bd488d911d req-ccfd65fe-6525-4693-bad5-83bd488d911d ] Request (MigrationsAdminTest:test_resize_server_revert_deleted_flavor): 200 GET http://10.180.1.21/compute/v2.1/servers/76249623-6f83-46a3-b8c5-c001111aa698 1.154s
2025-12-12 19:33:57.291 66083 INFO tempest.lib.common.rest_client [req-9de009dd-4456-45c9-a955-525193d19ba0 req-9de009dd-4456-45c9-a955-525193d19ba0 ] Request (ServersAaction247Test:test_create_backup): 200 GET http://10.180.1.21/compute/v2.1/servers/ad48cadd-9bb6-4191-a68a-5c8fdaeebd44 1.072s
2025-12-12 19:33:57.318 66087 INFO tempest.lib.common.rest_client [req-a241d26b-ce4e-43d7-a51d-5154c65f41b8 req-a241d26b-ce4e-43d7-a51d-5154c65f41b8 ] Request (ServerDiagnosticsNegativeTest:test_get_server_diagnostics_by_non_admin): 403 GET http://10.180.1.21/compute/v2.1/servers/0d6f14c5-5770-476f-a186-4cf1b2d4fbe8/diagnostics 0.813s
2025-12-12 19:33:57.374 66129 INFO tempest.lib.common.rest_client [req-03684bb8-01e4-4279-b2f5-abee95082b60 req-03684bb8-01e4-4279-b2f5-abee95082b60 ] Request (ServerRescueNegativeTestJSON:setUpClass): 200 GET http://10.180.1.21/compute/v2.1/servers/9fc0c9ee-9dc7-4059-b8d2-a5db965e00c2 0.904s
2025-12-12 19:33:57.399 66091 INFO tempest.lib.common.rest_client [req-0935bf89-ea0a-43a9-9a21-b814306d9ce5 req-0935bf89-ea0a-43a9-9a21-b814306d9ce5 ] Request (MultipleCreateTestJSON:tearDownClass): 200 GET http://10.180.1.21/compute/v2.1/servers/ca67d1a4-d304-4d06-a436-f257b60ca080 0.833s
2025-12-12 19:33:57.471 66101 INFO tempest.lib.common.rest_client [req-2226bc46-f780-4b1d-9211-49135a04987d req-2226bc46-f780-4b1d-9211-49135a04987d ] Request (ServerActionsTestOtherB:test_create_backup): 200 GET http://10.180.1.21/image/v2/images/5554ed4e-2d17-4d6f-946f-e0ce42b880fc 0.021s
2025-12-12 19:33:57.514 66133 INFO tempest.lib.common.rest_client [req-6c7d9bcf-87b5-4d60-896d-9cb06344b5a5 req-6c7d9bcf-87b5-4d60-896d-9cb06344b5a5 ] Request (ListServerFiltersTestJSON:tearDownClass): 200 GET http://10.180.1.21/compute/v2.1/servers/cd539d8b-921b-4947-954c-8573380dbdc8 0.872s
2025-12-12 19:33:57.557 66095 INFO tempest.lib.common.rest_client [req-21fd9311-053a-460d-9f7f-beba5d9b753b req-21fd9311-053a-460d-9f7f-beba5d9b753b ] Request (ImagesNegativeTestJSON:setUpClass): 200 PUT http://10.180.1.21/networking/v2.0/routers/0dda30d7-808a-4474-a33b-48c981ee6819/add_router_interface 1.107s
2025-12-12 19:33:57.558 66095 INFO tempest.lib.common.dynamic_creds [-] Created isolated network resources for: credentials: Credentials: {'domain_id': 'default', 'domain_name': 'Default', 'username': 'tempest-ImagesNegativeTestJSON-1015404931-project-member', 'project_domain_id': 'default', 'project_domain_name': 'Default', 'project_id': '28432176889e4680aa34fce120b47304', 'project_name': 'tempest-ImagesNegativeTestJSON-1015404931', 'tenant_id': '28432176889e4680aa34fce120b47304', 'tenant_name': 'tempest-ImagesNegativeTestJSON-1015404931', 'user_domain_id': 'default', 'user_domain_name': 'Default', 'user_id': '0f2d1a7cc63c43bdbedfbe0c1c5bf768', 'system': None}, Network: {'id': '436a3921-05b0-4f20-b1a7-bbaea8c39407', 'name': 'tempest-ImagesNegativeTestJSON-344395661-network', 'tenant_id': '28432176889e4680aa34fce120b47304', 'project_id': '28432176889e4680aa34fce120b47304', 'admin_state_up': True, 'mtu': 8950, 'status': 'ACTIVE', 'subnets': [], 'shared': False, 'port_security_enabled': True, 'router:external': False, 'provider:network_type': 'vlan', 'provider:physical_network': 'default', 'provider:segmentation_id': 634, 'availability_zone_hints': [], 'availability_zones': [], 'ipv4_address_scope': None, 'ipv6_address_scope': None, 'description': '', 'tags': [], 'created_at': '2025-12-12T19:33:55Z', 'updated_at': '2025-12-12T19:33:55Z', 'revision_number': 1}, Subnet: {'id': 'dfc37496-f6db-4bdb-aaa3-5756a0f212f9', 'name': 'tempest-ImagesNegativeTestJSON-344395661-subnet', 'tenant_id': '28432176889e4680aa34fce120b47304', 'network_id': '436a3921-05b0-4f20-b1a7-bbaea8c39407', 'ip_version': 4, 'subnetpool_id': None, 'enable_dhcp': True, 'ipv6_ra_mode': None, 'ipv6_address_mode': None, 'gateway_ip': '192.168.128.1', 'cidr': '192.168.128.0/28', 'allocation_pools': [{'start': '192.168.128.2', 'end': '192.168.128.14'}], 'host_routes': [], 'dns_nameservers': [], 'description': '', 'router:external': False, 'service_types': [], 'tags': [], 'created_at': '2025-12-12T19:33:55Z', 'updated_at': '2025-12-12T19:33:55Z', 'revision_number': 0, 'project_id': '28432176889e4680aa34fce120b47304'}, Router: {'id': '0dda30d7-808a-4474-a33b-48c981ee6819', 'name': 'tempest-ImagesNegativeTestJSON-344395661-router', 'tenant_id': '28432176889e4680aa34fce120b47304', 'admin_state_up': True, 'status': 'ACTIVE', 'external_gateway_info': {'network_id': '75540bca-3cc6-4e2c-a8d3-4f7162ec8f23', 'external_fixed_ips': [{'subnet_id': 'd8a813df-3603-4e25-814f-5f5046c615d1', 'ip_address': '10.180.180.178'}], 'enable_snat': True}, 'description': '', 'availability_zones': [], 'distributed': False, 'ha': False, 'availability_zone_hints': [], 'routes': [], 'flavor_id': None, 'tags': [], 'created_at': '2025-12-12T19:33:55Z', 'updated_at': '2025-12-12T19:33:56Z', 'revision_number': 2, 'project_id': '28432176889e4680aa34fce120b47304'}
2025-12-12 19:33:57.604 66077 INFO tempest.lib.common.rest_client [req-8a656e18-47ba-4ec1-b26f-2fa199c5074a req-8a656e18-47ba-4ec1-b26f-2fa199c5074a ] Request (ServersAdminNegativeTestJSON:tearDownClass): 200 GET http://10.180.1.21/compute/v2.1/servers/ee676e3b-3326-46a3-940d-ebbb8b108991 0.905s
2025-12-12 19:33:57.678 66095 INFO tempest.lib.common.rest_client [req-ea549273-9831-4c74-9814-d89cd5c412a3 req-ea549273-9831-4c74-9814-d89cd5c412a3 ] Request (ImagesNegativeTestJSON:setUpClass): 201 POST http://10.180.1.21/identity/v3/auth/tokens 0.117s
2025-12-12 19:33:57.696 66123 INFO tempest.lib.common.rest_client [req-8421176b-4895-4c11-8010-8ad835695dbd req-8421176b-4895-4c11-8010-8ad835695dbd ] Request (ServersListShow296Test:tearDownClass): 200 GET http://10.180.1.21/compute/v2.1/servers/83573c2b-9448-456f-8fd2-b19661dd6cc4 0.915s
2025-12-12 19:33:57.725 66095 INFO tempest.lib.common.rest_client [req-7ec2f567-8846-4522-957c-3f4cdc63ff5a req-7ec2f567-8846-4522-957c-3f4cdc63ff5a ] Request (ImagesNegativeTestJSON:test_create_image_from_deleted_server): 201 POST http://10.180.1.21/identity/v3/auth/tokens 0.042s
2025-12-12 19:33:57.725 66095 INFO tempest.lib.common.fixed_network [-] (ImagesNegativeTestJSON:test_create_image_from_deleted_server) Found network {'id': '436a3921-05b0-4f20-b1a7-bbaea8c39407', 'name': 'tempest-ImagesNegativeTestJSON-344395661-network', 'tenant_id': '28432176889e4680aa34fce120b47304', 'project_id': '28432176889e4680aa34fce120b47304', 'admin_state_up': True, 'mtu': 8950, 'status': 'ACTIVE', 'subnets': [], 'shared': False, 'port_security_enabled': True, 'router:external': False, 'provider:network_type': 'vlan', 'provider:physical_network': 'default', 'provider:segmentation_id': 634, 'availability_zone_hints': [], 'availability_zones': [], 'ipv4_address_scope': None, 'ipv6_address_scope': None, 'description': '', 'tags': [], 'created_at': '2025-12-12T19:33:55Z', 'updated_at': '2025-12-12T19:33:55Z', 'revision_number': 1} available for tenant
2025-12-12 19:33:57.762 66111 INFO tempest.lib.common.rest_client [req-19e0b94b-724b-4158-bbe3-afb830870ed1 req-19e0b94b-724b-4158-bbe3-afb830870ed1 ] Request (SecurityGroupsTestJSON:test_list_security_groups_by_server): 200 GET http://10.180.1.21/compute/v2.1/servers/bc2c12e0-0d06-432f-b42f-be468e3b6ee4 0.919s
2025-12-12 19:33:57.820 66099 INFO tempest.lib.common.rest_client [req-b61167d4-36b3-4b56-bc1a-cedcb5149cc5 req-b61167d4-36b3-4b56-bc1a-cedcb5149cc5 ] Request (InstanceActionsNegativeTestJSON:setUpClass): 200 GET http://10.180.1.21/compute/v2.1/servers/1bd26aef-995e-43b6-af9f-077e878c8c44 0.961s
2025-12-12 19:33:57.846 66093 INFO tempest.lib.common.rest_client [req-7cb03070-5982-4318-be40-063fedc66c16 req-7cb03070-5982-4318-be40-063fedc66c16 ] Request (FlavorsV255TestJSON:test_crud_flavor): 200 PUT http://10.180.1.21/compute/v2.1/flavors/1592172621 0.970s
2025-12-12 19:33:57.859 66105 INFO tempest.lib.common.rest_client [req-caaf02d1-0e05-40b3-a569-4b705d53c025 req-caaf02d1-0e05-40b3-a569-4b705d53c025 ] Request (FloatingIPsTestJSON:test_delete_floating_ip): 202 DELETE http://10.180.1.21/compute/v2.1/os-floating-ips/cc690b5d-e4a9-492e-81a8-e2c74f9be8f4 1.234s
2025-12-12 19:33:57.919 66085 INFO tempest.lib.common.rest_client [req-f7adccad-5361-4b53-8a84-437432962484 req-f7adccad-5361-4b53-8a84-437432962484 ] Request (ServersWithSpecificFlavorTestJSON:test_verify_created_server_ephemeral_disk): 200 GET http://10.180.1.21/compute/v2.1/servers/6c8db442-daaa-4eca-ae24-b9d4afaf3a71 0.992s
2025-12-12 19:33:57.939 66079 INFO tempest.lib.common.rest_client [req-3f889001-e701-472c-8231-54f98af51886 req-3f889001-e701-472c-8231-54f98af51886 ] Request (VolumesAssistedSnapshotsTest:test_volume_assisted_snapshot_create_delete): 200 GET http://10.180.1.21/volume/v3/volumes/b7243e8e-0979-43c1-87dc-2570fca06458 0.044s
2025-12-12 19:33:57.948 66131 INFO tempest.lib.common.rest_client [req-f658d79c-48b9-4acb-9fc1-e7dc94445b32 req-f658d79c-48b9-4acb-9fc1-e7dc94445b32 ] Request (ImagesTestJSON:test_create_server_from_snapshot): 200 GET http://10.180.1.21/compute/v2.1/servers/01d86089-6b9b-4588-864e-ef91375a1eea 1.007s
2025-12-12 19:33:58.045 66087 INFO tempest.lib.common.rest_client [req-7b44120c-3963-45cf-8eb3-04f0d2e08d90 req-7b44120c-3963-45cf-8eb3-04f0d2e08d90 ] Request (ServerDiagnosticsNegativeTest:tearDownClass): 204 DELETE http://10.180.1.21/compute/v2.1/servers/0d6f14c5-5770-476f-a186-4cf1b2d4fbe8 0.721s
2025-12-12 19:33:58.059 66121 INFO tempest.lib.common.rest_client [req-72ee1d7f-580c-4161-8251-faeb4173619c req-72ee1d7f-580c-4161-8251-faeb4173619c ] Request (ServerAddressesNegativeTestJSON:tearDownClass): 200 GET http://10.180.1.21/compute/v2.1/servers/00746508-d0d6-4dfa-9026-772398d004ee 0.399s
2025-12-12 19:33:58.154 66117 INFO tempest.lib.common.rest_client [req-7cb5a16a-d731-4f80-a5ae-87f760311850 req-7cb5a16a-d731-4f80-a5ae-87f760311850 ] Request (DeleteServersTestJSON:test_delete_active_server): 200 GET http://10.180.1.21/compute/v2.1/servers/621b899a-e9ec-4fc0-a574-4a08cecff6d9 0.412s
2025-12-12 19:33:58.190 66093 INFO tempest.lib.common.rest_client [req-b76a5b9d-b3b0-483c-888e-8a93889971ca req-b76a5b9d-b3b0-483c-888e-8a93889971ca ] Request (FlavorsV255TestJSON:test_crud_flavor): 200 GET http://10.180.1.21/compute/v2.1/flavors/detail 0.341s
2025-12-12 19:33:58.249 66105 INFO tempest.lib.common.rest_client [req-a831569a-cd0a-45a5-8b9c-6b12c0980e39 req-a831569a-cd0a-45a5-8b9c-6b12c0980e39 ] Request (FloatingIPsTestJSON:test_delete_floating_ip): 404 GET http://10.180.1.21/compute/v2.1/os-floating-ips/cc690b5d-e4a9-492e-81a8-e2c74f9be8f4 0.389s
2025-12-12 19:33:58.381 66135 INFO tempest.lib.common.rest_client [req-1f5fadf0-9fcd-458b-bbd0-36f123e66726 req-1f5fadf0-9fcd-458b-bbd0-36f123e66726 ] Request (ServersTestBootFromVolume:tearDownClass): 200 GET http://10.180.1.21/compute/v2.1/servers/5a8d4357-4b44-4a19-b1da-42d188c38adc 0.506s
2025-12-12 19:33:58.456 66073 INFO tempest.lib.common.rest_client [req-aaf34298-23fb-41db-a822-45b8ce366685 req-aaf34298-23fb-41db-a822-45b8ce366685 ] Request (ServerRescueTestJSONUnderV235:setUpClass): 200 GET http://10.180.1.21/compute/v2.1/servers/3cbbe146-be3a-43d5-867d-4d669884758c 0.497s
2025-12-12 19:33:58.487 66101 INFO tempest.lib.common.rest_client [req-e9ebd13d-55c3-40c6-8db7-1f69c82dd069 req-e9ebd13d-55c3-40c6-8db7-1f69c82dd069 ] Request (ServerActionsTestOtherB:test_create_backup): 200 GET http://10.180.1.21/image/v2/images/5554ed4e-2d17-4d6f-946f-e0ce42b880fc 0.015s
2025-12-12 19:33:58.538 66081 INFO tempest.lib.common.rest_client [req-baa39dd7-fe2a-4151-b44c-76410fe999de req-baa39dd7-fe2a-4151-b44c-76410fe999de ] Request (ServersAdminTestJSON:test_inject_network_info): 200 GET http://10.180.1.21/compute/v2.1/servers/cb8855b6-589d-4863-b86f-7fb4e30fb29e 0.558s
2025-12-12 19:33:58.677 66087 INFO tempest.lib.common.rest_client [req-79843dcb-f22a-4670-ac05-4078c3da51db req-79843dcb-f22a-4670-ac05-4078c3da51db ] Request (ServerDiagnosticsNegativeTest:tearDownClass): 200 GET http://10.180.1.21/compute/v2.1/servers/0d6f14c5-5770-476f-a186-4cf1b2d4fbe8 0.632s
2025-12-12 19:33:58.745 66104 INFO tempest.lib.common.rest_client [req-a5cbdd83-c2b0-48b0-9cdb-6049bc8f2804 req-a5cbdd83-c2b0-48b0-9cdb-6049bc8f2804 ] Request (ServerShowV247Test:test_update_rebuild_list_server): 200 GET http://10.180.1.21/compute/v2.1/servers/44d73b2d-2b6a-4501-9944-432da3c9330d 0.700s
2025-12-12 19:33:58.875 66127 INFO tempest.lib.common.rest_client [req-c0d881af-a36d-45c2-bbb4-98e013cc455c req-c0d881af-a36d-45c2-bbb4-98e013cc455c ] Request (FloatingIPsAssociationTestJSON:test_associate_already_associated_floating_ip): 200 GET http://10.180.1.21/compute/v2.1/servers/65aaa2eb-3ca5-4c2b-92f9-b524366c10dd 0.763s
2025-12-12 19:33:58.885 66127 INFO tempest.common.waiters [-] State transition "BUILD/spawning" ==> "ACTIVE/None" after 86 second wait
2025-12-12 19:33:58.960 66125 INFO tempest.lib.common.rest_client [req-f2d60952-343f-425b-951c-531e531ff896 req-f2d60952-343f-425b-951c-531e531ff896 ] Request (ServersNegativeTestMultiTenantJSON:setUpClass): 200 GET http://10.180.1.21/compute/v2.1/servers/018c8ac5-66c4-4a9a-ab45-85e84f92b4fe 0.825s
2025-12-12 19:33:58.982 66079 INFO tempest.lib.common.rest_client [req-eff238c3-46a2-4807-9f00-d0b7cc96f3f4 req-eff238c3-46a2-4807-9f00-d0b7cc96f3f4 ] Request (VolumesAssistedSnapshotsTest:test_volume_assisted_snapshot_create_delete): 200 GET http://10.180.1.21/volume/v3/volumes/b7243e8e-0979-43c1-87dc-2570fca06458 0.035s
2025-12-12 19:33:59.040 66089 INFO tempest.lib.common.rest_client [req-3028322c-184a-43cf-b377-f7c134f8428b req-3028322c-184a-43cf-b377-f7c134f8428b ] Request (ServersV294TestFqdnHostnames:setUpClass): 200 GET http://10.180.1.21/compute/v2.1/servers/c8be64a3-1bfa-41a3-b9be-68a7e6e052e0 0.841s
2025-12-12 19:33:59.072 66093 INFO tempest.lib.common.rest_client [req-952f392e-3b9c-4b04-aa63-867e27510e0a req-952f392e-3b9c-4b04-aa63-867e27510e0a ] Request (FlavorsV255TestJSON:test_crud_flavor): 200 GET http://10.180.1.21/compute/v2.1/flavors 0.868s
2025-12-12 19:33:59.164 66097 INFO tempest.lib.common.rest_client [req-8d0c5c01-6e09-44eb-b712-bdf1fced9c9e req-8d0c5c01-6e09-44eb-b712-bdf1fced9c9e ] Request (ServersListShow2100Test:test_list_show_rebuild_update_server_2100): 200 GET http://10.180.1.21/compute/v2.1/servers/3827eed1-b7a1-4922-a4de-f0c038cb8566 0.919s
2025-12-12 19:33:59.198 66095 INFO tempest.lib.common.rest_client [req-55d74d77-063b-418b-b818-59d05c490f34 req-55d74d77-063b-418b-b818-59d05c490f34 ] Request (ImagesNegativeTestJSON:test_create_image_from_deleted_server): 202 POST http://10.180.1.21/compute/v2.1/servers 1.472s
2025-12-12 19:33:59.203 66105 INFO tempest.lib.common.rest_client [req-5e5b8ef1-3d8f-4aee-8055-a393f671b3c4 req-5e5b8ef1-3d8f-4aee-8055-a393f671b3c4 ] Request (FloatingIPsTestJSON:_run_cleanups): 404 DELETE http://10.180.1.21/compute/v2.1/os-floating-ips/cc690b5d-e4a9-492e-81a8-e2c74f9be8f4 0.953s
2025-12-12 19:33:59.284 66083 INFO tempest.lib.common.rest_client [req-5464087c-7261-44ee-ae95-28533260ae06 req-5464087c-7261-44ee-ae95-28533260ae06 ] Request (ServersAaction247Test:test_create_backup): 200 GET http://10.180.1.21/compute/v2.1/servers/ad48cadd-9bb6-4191-a68a-5c8fdaeebd44 0.981s
2025-12-12 19:33:59.313 66075 INFO tempest.lib.common.rest_client [req-593abe4e-8408-4b3b-9197-4372767b458b req-593abe4e-8408-4b3b-9197-4372767b458b ] Request (MigrationsAdminTest:test_resize_server_revert_deleted_flavor): 200 GET http://10.180.1.21/compute/v2.1/servers/76249623-6f83-46a3-b8c5-c001111aa698 1.048s
2025-12-12 19:33:59.409 66091 INFO tempest.lib.common.rest_client [req-92d1a203-7a2f-43bc-9765-b1e33ffd7bde req-92d1a203-7a2f-43bc-9765-b1e33ffd7bde ] Request (MultipleCreateTestJSON:tearDownClass): 200 GET http://10.180.1.21/compute/v2.1/servers/ca67d1a4-d304-4d06-a436-f257b60ca080 0.999s
2025-12-12 19:33:59.440 66129 INFO tempest.lib.common.rest_client [req-ec5df981-0675-4f24-9a54-55cd7244fe98 req-ec5df981-0675-4f24-9a54-55cd7244fe98 ] Request (ServerRescueNegativeTestJSON:setUpClass): 200 GET http://10.180.1.21/compute/v2.1/servers/9fc0c9ee-9dc7-4059-b8d2-a5db965e00c2 1.053s
2025-12-12 19:33:59.509 66133 INFO tempest.lib.common.rest_client [req-48b3ee34-1223-4366-9ec1-134de58e06d8 req-48b3ee34-1223-4366-9ec1-134de58e06d8 ] Request (ListServerFiltersTestJSON:tearDownClass): 200 GET http://10.180.1.21/compute/v2.1/servers/cd539d8b-921b-4947-954c-8573380dbdc8 0.987s
2025-12-12 19:33:59.519 66101 INFO tempest.lib.common.rest_client [req-761686bc-3b4c-4932-8ce9-b4363d72ad7f req-761686bc-3b4c-4932-8ce9-b4363d72ad7f ] Request (ServerActionsTestOtherB:test_create_backup): 200 GET http://10.180.1.21/image/v2/images/5554ed4e-2d17-4d6f-946f-e0ce42b880fc 0.030s
2025-12-12 19:33:59.531 66077 INFO tempest.lib.common.rest_client [req-e6e8f639-434d-4435-bc5b-c61e3fc36d2e req-e6e8f639-434d-4435-bc5b-c61e3fc36d2e ] Request (ServersAdminNegativeTestJSON:tearDownClass): 200 GET http://10.180.1.21/compute/v2.1/servers/ee676e3b-3326-46a3-940d-ebbb8b108991 0.916s
2025-12-12 19:33:59.616 66123 INFO tempest.lib.common.rest_client [req-eb1ed893-f833-479a-a9ee-b3c1685b38b8 req-eb1ed893-f833-479a-a9ee-b3c1685b38b8 ] Request (ServersListShow296Test:tearDownClass): 200 GET http://10.180.1.21/compute/v2.1/servers/83573c2b-9448-456f-8fd2-b19661dd6cc4 0.905s
2025-12-12 19:33:59.627 66111 INFO tempest.lib.common.rest_client [req-1581ad62-56af-4a67-b271-b97ca48a95f6 req-1581ad62-56af-4a67-b271-b97ca48a95f6 ] Request (SecurityGroupsTestJSON:test_list_security_groups_by_server): 200 GET http://10.180.1.21/compute/v2.1/servers/bc2c12e0-0d06-432f-b42f-be468e3b6ee4 0.858s
2025-12-12 19:33:59.687 66099 INFO tempest.lib.common.rest_client [req-400eeac0-a602-4bcb-80f1-20f2b88571f9 req-400eeac0-a602-4bcb-80f1-20f2b88571f9 ] Request (InstanceActionsNegativeTestJSON:setUpClass): 200 GET http://10.180.1.21/compute/v2.1/servers/1bd26aef-995e-43b6-af9f-077e878c8c44 0.858s
2025-12-12 19:33:59.808 66085 INFO tempest.lib.common.rest_client [req-27db1ee8-6e1d-4bd1-81ad-83c0252ff7c7 req-27db1ee8-6e1d-4bd1-81ad-83c0252ff7c7 ] Request (ServersWithSpecificFlavorTestJSON:test_verify_created_server_ephemeral_disk): 200 GET http://10.180.1.21/compute/v2.1/servers/6c8db442-daaa-4eca-ae24-b9d4afaf3a71 0.880s
2025-12-12 19:34:00.049 66079 INFO tempest.lib.common.rest_client [req-434fc8ee-b621-418b-aec4-610dab59d2d3 req-434fc8ee-b621-418b-aec4-610dab59d2d3 ] Request (VolumesAssistedSnapshotsTest:test_volume_assisted_snapshot_create_delete): 200 GET http://10.180.1.21/volume/v3/volumes/b7243e8e-0979-43c1-87dc-2570fca06458 0.059s
2025-12-12 19:34:00.134 66105 INFO tempest.lib.common.rest_client [req-8d2c3016-0e0e-4c4d-9e29-027d68daea3d req-8d2c3016-0e0e-4c4d-9e29-027d68daea3d ] Request (FloatingIPsTestJSON:tearDownClass): 200 PUT http://10.180.1.21/networking/v2.0/routers/0ac4eaf1-e38e-457e-9af3-a65fd04d2777/remove_router_interface 0.929s
