2025-12-12 19:31:08.356 66107 INFO tempest.lib.common.rest_client [req-194875ef-ea1c-4b4c-b530-cfb49cfb6374 req-194875ef-ea1c-4b4c-b530-cfb49cfb6374 ] Request (FlavorsAdminTestJSON:test_create_flavor_verify_entry_in_list_details): 200 GET http://10.180.1.21/compute/v2.1/flavors/detail 5.739s
2025-12-12 19:31:08.403 66081 INFO tempest.lib.common.rest_client [req-f4f9c08d-5f5e-4e17-844b-b2ae03b524ce req-f4f9c08d-5f5e-4e17-844b-b2ae03b524ce ] Request (ServersAdminTestJSON:setUpClass): 200 GET http://10.180.1.21/identity/v3/domains?name=Default 0.107s
2025-12-12 19:31:08.430 66104 INFO tempest.lib.common.rest_client [req-f9345089-9b02-4fe9-b41a-1d505910a19e req-f9345089-9b02-4fe9-b41a-1d505910a19e ] Request (QuotasAdminTestV257:tearDownClass): 204 DELETE http://10.180.1.21/identity/v3/users/77e95f890e974964914bc1bbfff4b553 0.138s
2025-12-12 19:31:08.431 66104 INFO tempest.lib.common.dynamic_creds [-] Deleting project and security group for project: 6776c70ec73d40c783bf9154fa987b60
2025-12-12 19:31:08.452 66091 INFO tempest.lib.common.rest_client [req-9854c11b-f610-49b4-83de-8393ff92aa0b req-9854c11b-f610-49b4-83de-8393ff92aa0b ] Request (MultipleCreateTestJSON:test_multiple_create): 202 POST http://10.180.1.21/compute/v2.1/servers 6.408s
2025-12-12 19:31:08.502 66104 INFO tempest.lib.common.rest_client [req-cb810ef4-5e77-4ee9-aef3-071d6cb50208 req-cb810ef4-5e77-4ee9-aef3-071d6cb50208 ] Request (QuotasAdminTestV257:tearDownClass): 201 POST http://10.180.1.21/identity/v3/auth/tokens 0.071s
2025-12-12 19:31:08.508 66081 INFO tempest.lib.common.rest_client [req-91b1bb75-1427-4bcf-947c-eab91f43e5eb req-91b1bb75-1427-4bcf-947c-eab91f43e5eb ] Request (ServersAdminTestJSON:setUpClass): 201 POST http://10.180.1.21/identity/v3/projects 0.104s
2025-12-12 19:31:08.599 66081 INFO tempest.lib.common.rest_client [req-003337ba-0d25-4763-b12d-8c04a88564c0 req-003337ba-0d25-4763-b12d-8c04a88564c0 ] Request (ServersAdminTestJSON:setUpClass): 201 POST http://10.180.1.21/identity/v3/users 0.091s
2025-12-12 19:31:08.630 66081 INFO tempest.lib.common.rest_client [req-9801a13e-3ad4-4652-9050-4d5714196b34 req-9801a13e-3ad4-4652-9050-4d5714196b34 ] Request (ServersAdminTestJSON:setUpClass): 200 GET http://10.180.1.21/identity/v3/roles 0.030s
2025-12-12 19:31:08.650 66135 INFO tempest.lib.common.rest_client [req-f52c1eea-358a-4416-8a61-bdb98ff40b81 req-f52c1eea-358a-4416-8a61-bdb98ff40b81 ] Request (ServersTestBootFromVolume:setUpClass): 200 GET http://10.180.1.21/volume/v3/volumes/b11cb57f-92f1-416d-b59b-70cffe1353ff 0.034s
2025-12-12 19:31:08.660 66081 INFO tempest.lib.common.rest_client [req-a73346e7-6fed-4546-ba41-0056ceeff200 req-a73346e7-6fed-4546-ba41-0056ceeff200 ] Request (ServersAdminTestJSON:setUpClass): 204 PUT http://10.180.1.21/identity/v3/projects/b794c99309e94c1181fc9d8eeeb84702/users/4b6c9cc4ac3c487693240e375a83ea19/roles/e7e85ae9d7ea4bf3a732f294b69863ce 0.029s
2025-12-12 19:31:08.660 66081 INFO tempest.lib.common.dynamic_creds [-] Dynamic test user 4b6c9cc4ac3c487693240e375a83ea19 is created with scope project and roles: ['member']
2025-12-12 19:31:08.660 66081 INFO tempest.lib.common.dynamic_creds [-] Acquired dynamic creds: credentials: Credentials: {'domain_id': 'default', 'domain_name': 'Default', 'username': 'tempest-ServersAdminTestJSON-1403998232-project-member', 'project_domain_id': 'default', 'project_domain_name': 'Default', 'project_id': 'b794c99309e94c1181fc9d8eeeb84702', 'project_name': 'tempest-ServersAdminTestJSON-1403998232', 'tenant_id': 'b794c99309e94c1181fc9d8eeeb84702', 'tenant_name': 'tempest-ServersAdminTestJSON-1403998232', 'user_domain_id': 'default', 'user_domain_name': 'Default', 'user_id': '4b6c9cc4ac3c487693240e375a83ea19', 'system': None}, Network: None, Subnet: None, Router: None
2025-12-12 19:31:08.753 66081 INFO tempest.lib.common.rest_client [req-983836ad-ccc5-4d49-ad39-a73f4393d3a6 req-983836ad-ccc5-4d49-ad39-a73f4393d3a6 ] Request (ServersAdminTestJSON:setUpClass): 201 POST http://10.180.1.21/identity/v3/auth/tokens 0.092s
2025-12-12 19:31:08.822 66111 INFO tempest.lib.common.rest_client [req-d2d75a44-1ded-480a-a8b4-89859e465e33 req-d2d75a44-1ded-480a-a8b4-89859e465e33 ] Request (ServerDiagnosticsV248Test:test_get_server_diagnostics): 202 POST http://10.180.1.21/compute/v2.1/servers 5.744s
2025-12-12 19:31:08.899 66104 INFO tempest.lib.common.rest_client [req-b27a8fa9-6de7-49d5-91c0-4c29466474ef req-b27a8fa9-6de7-49d5-91c0-4c29466474ef ] Request (QuotasAdminTestV257:tearDownClass): 200 GET http://10.180.1.21/networking/v2.0/security-groups?tenant_id=6776c70ec73d40c783bf9154fa987b60&name=default 0.397s
2025-12-12 19:31:08.977 66083 INFO tempest.lib.common.rest_client [req-625175f0-07a6-4776-a0d1-8cbc025409c9 req-625175f0-07a6-4776-a0d1-8cbc025409c9 ] Request (HostsAdminNegativeTestJSON:test_show_host_detail_with_non_admin_user): 403 GET http://10.180.1.21/compute/v2.1/os-hosts/devstack 4.416s
2025-12-12 19:31:09.013 66097 INFO tempest.lib.common.rest_client [req-05901cf3-61ef-481d-806f-bd5d690ff791 req-05901cf3-61ef-481d-806f-bd5d690ff791 ] Request (ServicesAdminNegativeV253TestJSON:test_get_service_by_invalid_params): 200 GET http://10.180.1.21/compute/v2.1/os-services 4.433s
2025-12-12 19:31:09.044 66095 INFO tempest.lib.common.rest_client [req-ceb493fe-afda-4704-9fd9-709e628fc595 req-ceb493fe-afda-4704-9fd9-709e628fc595 ] Request (FlavorsAccessTestJSON:test_flavor_access_add_remove): 200 GET http://10.180.1.21/compute/v2.1/flavors/detail 4.360s
2025-12-12 19:31:09.064 66085 INFO tempest.lib.common.rest_client [req-4aef177f-db99-4db7-95e7-9edc49d07330 req-4aef177f-db99-4db7-95e7-9edc49d07330 ] Request (ServersWithSpecificFlavorTestJSON:test_verify_created_server_ephemeral_disk): 200 POST http://10.180.1.21/compute/v2.1/flavors/2054834516/os-extra_specs 4.366s
2025-12-12 19:31:09.255 66081 INFO tempest.lib.common.rest_client [req-ce4405f3-dd57-4cd9-9110-ec22ed19a350 req-ce4405f3-dd57-4cd9-9110-ec22ed19a350 ] Request (ServersAdminTestJSON:setUpClass): 201 POST http://10.180.1.21/networking/v2.0/networks 0.502s
2025-12-12 19:31:09.374 66104 INFO tempest.lib.common.rest_client [req-6df8d947-2886-4a8d-9e3f-d0ba127b1786 req-6df8d947-2886-4a8d-9e3f-d0ba127b1786 ] Request (QuotasAdminTestV257:tearDownClass): 204 DELETE http://10.180.1.21/networking/v2.0/security-groups/e9095b0b-0e6a-444b-814a-cb2d2cdf95dc 0.475s
2025-12-12 19:31:09.444 66104 INFO tempest.lib.common.rest_client [req-4d7dc08d-dea1-4a4f-8808-8a8114ff4b9f req-4d7dc08d-dea1-4a4f-8808-8a8114ff4b9f ] Request (QuotasAdminTestV257:tearDownClass): 204 DELETE http://10.180.1.21/identity/v3/projects/6776c70ec73d40c783bf9154fa987b60 0.069s
2025-12-12 19:31:09.444 66104 INFO tempest.lib.common.dynamic_creds [-] Deleting project and security group for project: f3b292f08dc5421096d68421f9b47275
2025-12-12 19:31:09.547 66081 INFO tempest.lib.common.rest_client [req-b65fcacf-31b4-499f-b3fe-c1ed259f0b17 req-b65fcacf-31b4-499f-b3fe-c1ed259f0b17 ] Request (ServersAdminTestJSON:setUpClass): 201 POST http://10.180.1.21/networking/v2.0/subnets 0.291s
2025-12-12 19:31:09.674 66133 INFO tempest.lib.common.rest_client [req-b82a7f4d-3603-48cd-8e48-1d790e39dbfb req-b82a7f4d-3603-48cd-8e48-1d790e39dbfb ] Request (ListServerFiltersTestJSON:setUpClass): 202 POST http://10.180.1.21/compute/v2.1/servers 7.045s
2025-12-12 19:31:09.698 66135 INFO tempest.lib.common.rest_client [req-ec012084-3fcd-483d-8fb4-9ffb0e4a49ab req-ec012084-3fcd-483d-8fb4-9ffb0e4a49ab ] Request (ServersTestBootFromVolume:setUpClass): 200 GET http://10.180.1.21/volume/v3/volumes/b11cb57f-92f1-416d-b59b-70cffe1353ff 0.039s
2025-12-12 19:31:09.711 66104 INFO tempest.lib.common.rest_client [req-0b9e1745-4c22-448b-b292-423b02e1c370 req-0b9e1745-4c22-448b-b292-423b02e1c370 ] Request (QuotasAdminTestV257:tearDownClass): 200 GET http://10.180.1.21/networking/v2.0/security-groups?tenant_id=f3b292f08dc5421096d68421f9b47275&name=default 0.267s
2025-12-12 19:31:09.778 66133 INFO tempest.lib.common.rest_client [req-eb93c902-717b-49a4-9363-e60ccdbe53f1 req-eb93c902-717b-49a4-9363-e60ccdbe53f1 ] Request (ListServerFiltersTestJSON:setUpClass): 201 POST http://10.180.1.21/identity/v3/auth/tokens 0.096s
2025-12-12 19:31:09.778 66133 INFO tempest.lib.common.fixed_network [-] (ListServerFiltersTestJSON:setUpClass) Found network {'id': 'f639fd12-fb47-4b3f-9895-6facebc89726', 'name': 'tempest-ListServerFiltersTestJSON-2112264538-network', 'tenant_id': '3a680eae0e734ea8b2274b504d0a46d8', 'project_id': '3a680eae0e734ea8b2274b504d0a46d8', 'admin_state_up': True, 'mtu': 8950, 'status': 'ACTIVE', 'subnets': [], 'shared': False, 'port_security_enabled': True, 'router:external': False, 'provider:network_type': 'vlan', 'provider:physical_network': 'default', 'provider:segmentation_id': 682, 'availability_zone_hints': [], 'availability_zones': [], 'ipv4_address_scope': None, 'ipv6_address_scope': None, 'description': '', 'tags': [], 'created_at': '2025-12-12T19:30:57Z', 'updated_at': '2025-12-12T19:30:57Z', 'revision_number': 1} available for tenant
2025-12-12 19:31:09.915 66104 INFO tempest.lib.common.rest_client [req-aeb00ac1-1f89-4966-bef7-c558bb14f2bd req-aeb00ac1-1f89-4966-bef7-c558bb14f2bd ] Request (QuotasAdminTestV257:tearDownClass): 204 DELETE http://10.180.1.21/networking/v2.0/security-groups/1d8e5657-e27c-44d4-9d8b-5bef234ca26d 0.203s
2025-12-12 19:31:10.035 66104 INFO tempest.lib.common.rest_client [req-4f8ec367-3a33-41dd-8694-204302ad69b3 req-4f8ec367-3a33-41dd-8694-204302ad69b3 ] Request (QuotasAdminTestV257:tearDownClass): 204 DELETE http://10.180.1.21/identity/v3/projects/f3b292f08dc5421096d68421f9b47275 0.120s
2025-12-12 19:31:10.103 66104 INFO tempest.lib.common.rest_client [req-b8dba8d0-dff1-4b06-87cf-8d33c5289be9 req-b8dba8d0-dff1-4b06-87cf-8d33c5289be9 ] Request (ListServersNegativeTestJSON:setUpClass): 201 POST http://10.180.1.21/identity/v3/auth/tokens 0.066s
2025-12-12 19:31:10.138 66104 INFO tempest.lib.common.rest_client [req-37e43ebc-7cd0-4322-b5d8-ab6020611ea9 req-37e43ebc-7cd0-4322-b5d8-ab6020611ea9 ] Request (ListServersNegativeTestJSON:setUpClass): 201 POST http://10.180.1.21/identity/v3/auth/tokens 0.030s
2025-12-12 19:31:10.170 66104 INFO tempest.lib.common.rest_client [req-2a0e22b9-3793-4e76-9e64-264db27e6762 req-2a0e22b9-3793-4e76-9e64-264db27e6762 ] Request (ListServersNegativeTestJSON:setUpClass): 200 GET http://10.180.1.21/identity/v3/domains?name=Default 0.032s
2025-12-12 19:31:10.183 66127 INFO tempest.lib.common.rest_client [req-c40334a1-3547-4413-b210-e3584d51a1de req-c40334a1-3547-4413-b210-e3584d51a1de ] Request (QuotasAdminNegativeTest:test_create_server_when_instances_quota_is_full): 403 POST http://10.180.1.21/compute/v2.1/servers 5.416s
2025-12-12 19:31:10.212 66104 INFO tempest.lib.common.rest_client [req-79f0a884-9a72-49fd-bfa6-cba34cc0a6a3 req-79f0a884-9a72-49fd-bfa6-cba34cc0a6a3 ] Request (ListServersNegativeTestJSON:setUpClass): 201 POST http://10.180.1.21/identity/v3/projects 0.042s
2025-12-12 19:31:10.228 66075 INFO tempest.lib.common.rest_client [req-fbc37afe-539a-43d7-be09-47c61776e775 req-fbc37afe-539a-43d7-be09-47c61776e775 ] Request (MigrationsAdminTest:test_list_migrations_in_flavor_resize_situation): 200 GET http://10.180.1.21/compute/v2.1/servers/0e064341-4e4a-407b-8c26-3eb04b409029 4.695s
2025-12-12 19:31:10.290 66104 INFO tempest.lib.common.rest_client [req-aeb41730-9b8d-420f-bb9d-014895903a54 req-aeb41730-9b8d-420f-bb9d-014895903a54 ] Request (ListServersNegativeTestJSON:setUpClass): 201 POST http://10.180.1.21/identity/v3/users 0.077s
2025-12-12 19:31:10.310 66093 INFO tempest.lib.common.rest_client [req-ee32697f-349b-4f96-9963-018531e14573 req-ee32697f-349b-4f96-9963-018531e14573 ] Request (DeleteServersAdminTestJSON:test_admin_delete_servers_of_others): 200 GET http://10.180.1.21/compute/v2.1/servers/bb64fc41-19d7-49dc-a17a-9dd74730130f 4.757s
2025-12-12 19:31:10.311 66104 INFO tempest.lib.common.rest_client [req-8c4372fa-200b-4820-9958-a96d9370dd26 req-8c4372fa-200b-4820-9958-a96d9370dd26 ] Request (ListServersNegativeTestJSON:setUpClass): 200 GET http://10.180.1.21/identity/v3/roles 0.021s
2025-12-12 19:31:10.339 66104 INFO tempest.lib.common.rest_client [req-014ab6f3-d932-4bb9-ae2f-abe46df16fde req-014ab6f3-d932-4bb9-ae2f-abe46df16fde ] Request (ListServersNegativeTestJSON:setUpClass): 204 PUT http://10.180.1.21/identity/v3/projects/4d508c846ae64e2c84ee281fe59af610/users/568156063bd14e60b728431e93d2665d/roles/e7e85ae9d7ea4bf3a732f294b69863ce 0.027s
2025-12-12 19:31:10.339 66104 INFO tempest.lib.common.dynamic_creds [-] Dynamic test user 568156063bd14e60b728431e93d2665d is created with scope project and roles: ['member']
2025-12-12 19:31:10.339 66104 INFO tempest.lib.common.dynamic_creds [-] Acquired dynamic creds: credentials: Credentials: {'domain_id': 'default', 'domain_name': 'Default', 'username': 'tempest-ListServersNegativeTestJSON-1603812164-project-member', 'project_domain_id': 'default', 'project_domain_name': 'Default', 'project_id': '4d508c846ae64e2c84ee281fe59af610', 'project_name': 'tempest-ListServersNegativeTestJSON-1603812164', 'tenant_id': '4d508c846ae64e2c84ee281fe59af610', 'tenant_name': 'tempest-ListServersNegativeTestJSON-1603812164', 'user_domain_id': 'default', 'user_domain_name': 'Default', 'user_id': '568156063bd14e60b728431e93d2665d', 'system': None}, Network: None, Subnet: None, Router: None
2025-12-12 19:31:10.398 66104 INFO tempest.lib.common.rest_client [req-a404a565-e01d-49b9-82fd-919d50f05f7c req-a404a565-e01d-49b9-82fd-919d50f05f7c ] Request (ListServersNegativeTestJSON:setUpClass): 201 POST http://10.180.1.21/identity/v3/auth/tokens 0.059s
2025-12-12 19:31:10.431 66081 INFO tempest.lib.common.rest_client [req-ec00a677-f899-4c3b-9843-21d6819c4d7e req-ec00a677-f899-4c3b-9843-21d6819c4d7e ] Request (ServersAdminTestJSON:setUpClass): 201 POST http://10.180.1.21/networking/v2.0/routers 0.884s
2025-12-12 19:31:10.487 66117 INFO tempest.lib.common.rest_client [req-8211c9ff-2381-49bd-a905-9e54100bd02e req-8211c9ff-2381-49bd-a905-9e54100bd02e ] Request (HypervisorAdminV228Test:test_get_list_hypervisor_details): 200 GET http://10.180.1.21/compute/v2.1/os-hypervisors 4.212s
2025-12-12 19:31:10.695 66104 INFO tempest.lib.common.rest_client [req-039fb945-1ff7-485f-8f93-19714a47734d req-039fb945-1ff7-485f-8f93-19714a47734d ] Request (ListServersNegativeTestJSON:setUpClass): 201 POST http://10.180.1.21/networking/v2.0/networks 0.296s
2025-12-12 19:31:10.745 66135 INFO tempest.lib.common.rest_client [req-14369ede-fb5d-42d2-888b-7ea5f872f80b req-14369ede-fb5d-42d2-888b-7ea5f872f80b ] Request (ServersTestBootFromVolume:setUpClass): 200 GET http://10.180.1.21/volume/v3/volumes/b11cb57f-92f1-416d-b59b-70cffe1353ff 0.034s
2025-12-12 19:31:10.850 66123 INFO tempest.lib.common.rest_client [req-2a70b87e-2cbe-4b6f-ac2c-e8908077237f req-2a70b87e-2cbe-4b6f-ac2c-e8908077237f ] Request (SecurityGroupRulesNegativeTestJSON:test_create_security_group_rule_duplicate): 200 POST http://10.180.1.21/compute/v2.1/os-security-groups 4.457s
2025-12-12 19:31:10.859 66113 INFO tempest.lib.common.rest_client [req-972b24da-da88-4e0d-b884-e2e63ce52ba8 req-972b24da-da88-4e0d-b884-e2e63ce52ba8 ] Request (HypervisorAdminNegativeTestJSON:test_get_nonexistent_hypervisor_uptime): 404 GET http://10.180.1.21/compute/v2.1/os-hypervisors/2e6c4ffa-8b73-4732-ad3e-939c78e48924/uptime 4.088s
2025-12-12 19:31:10.877 66105 INFO tempest.lib.common.rest_client [req-ec2ee757-707d-4f9d-ab9f-9cf42404b030 req-ec2ee757-707d-4f9d-ab9f-9cf42404b030 ] Request (KeyPairsV210TestJSON:_run_cleanups): 204 DELETE http://10.180.1.21/compute/v2.1/os-keypairs/tempest-KeyPairsV210TestJSON-keypair-1040544248 4.089s
2025-12-12 19:31:10.908 66121 INFO tempest.lib.common.rest_client [req-3f11566b-55d4-44cc-a264-9e1816f71078 req-3f11566b-55d4-44cc-a264-9e1816f71078 ] Request (FlavorsAccessNegativeTestJSON:_run_cleanups): 200 GET http://10.180.1.21/compute/v2.1/flavors/detail 4.099s
2025-12-12 19:31:10.937 66137 INFO tempest.lib.common.rest_client [req-8556b45b-13f3-4c49-9e91-b0fd7675e474 req-8556b45b-13f3-4c49-9e91-b0fd7675e474 ] Request (KeyPairsV2TestJSON:_run_cleanups): 202 DELETE http://10.180.1.21/compute/v2.1/os-keypairs/tempest-keypair-935395758 4.085s
2025-12-12 19:31:10.960 66089 INFO tempest.lib.common.rest_client [req-38e7926b-eb29-4c67-9e89-72f8d33c6e9f req-38e7926b-eb29-4c67-9e89-72f8d33c6e9f ] Request (FlavorsExtraSpecsNegativeTestJSON:test_flavor_non_admin_update_specific_key): 200 POST http://10.180.1.21/compute/v2.1/flavors/1054945311/os-extra_specs 4.104s
2025-12-12 19:31:10.982 66109 INFO tempest.lib.common.rest_client [req-a9b5ee52-0d79-4f59-b72c-8081ba7621ad req-a9b5ee52-0d79-4f59-b72c-8081ba7621ad ] Request (ServicesAdminNegativeTestJSON:test_get_service_with_valid_service_and_invalid_host): 200 GET http://10.180.1.21/compute/v2.1/os-services?host=xxx&binary=nova-scheduler 4.102s
2025-12-12 19:31:11.058 66104 INFO tempest.lib.common.rest_client [req-06b407ea-201c-415c-8769-d87e9d9890d9 req-06b407ea-201c-415c-8769-d87e9d9890d9 ] Request (ListServersNegativeTestJSON:setUpClass): 201 POST http://10.180.1.21/networking/v2.0/subnets 0.362s
2025-12-12 19:31:11.554 66081 INFO tempest.lib.common.rest_client [req-fe3ed679-255f-4dce-b5cb-91e847cdef98 req-fe3ed679-255f-4dce-b5cb-91e847cdef98 ] Request (ServersAdminTestJSON:setUpClass): 200 PUT http://10.180.1.21/networking/v2.0/routers/6556765a-f595-443c-9eb6-eb7d054e021b/add_router_interface 1.122s
2025-12-12 19:31:11.557 66081 INFO tempest.lib.common.dynamic_creds [-] Created isolated network resources for: credentials: Credentials: {'domain_id': 'default', 'domain_name': 'Default', 'username': 'tempest-ServersAdminTestJSON-1403998232-project-member', 'project_domain_id': 'default', 'project_domain_name': 'Default', 'project_id': 'b794c99309e94c1181fc9d8eeeb84702', 'project_name': 'tempest-ServersAdminTestJSON-1403998232', 'tenant_id': 'b794c99309e94c1181fc9d8eeeb84702', 'tenant_name': 'tempest-ServersAdminTestJSON-1403998232', 'user_domain_id': 'default', 'user_domain_name': 'Default', 'user_id': '4b6c9cc4ac3c487693240e375a83ea19', 'system': None}, Network: {'id': '3f7916f7-ee9c-4629-b3b3-1367de9f98ea', 'name': 'tempest-ServersAdminTestJSON-579713617-network', 'tenant_id': 'b794c99309e94c1181fc9d8eeeb84702', 'project_id': 'b794c99309e94c1181fc9d8eeeb84702', 'admin_state_up': True, 'mtu': 8950, 'status': 'ACTIVE', 'subnets': [], 'shared': False, 'port_security_enabled': True, 'router:external': False, 'provider:network_type': 'vlan', 'provider:physical_network': 'default', 'provider:segmentation_id': 398, 'availability_zone_hints': [], 'availability_zones': [], 'ipv4_address_scope': None, 'ipv6_address_scope': None, 'description': '', 'tags': [], 'created_at': '2025-12-12T19:31:09Z', 'updated_at': '2025-12-12T19:31:09Z', 'revision_number': 1}, Subnet: {'id': 'd1b75cab-339c-4d04-95d5-faf4ce854918', 'name': 'tempest-ServersAdminTestJSON-579713617-subnet', 'tenant_id': 'b794c99309e94c1181fc9d8eeeb84702', 'network_id': '3f7916f7-ee9c-4629-b3b3-1367de9f98ea', 'ip_version': 4, 'subnetpool_id': None, 'enable_dhcp': True, 'ipv6_ra_mode': None, 'ipv6_address_mode': None, 'gateway_ip': '192.168.128.1', 'cidr': '192.168.128.0/28', 'allocation_pools': [{'start': '192.168.128.2', 'end': '192.168.128.14'}], 'host_routes': [], 'dns_nameservers': [], 'description': '', 'router:external': False, 'service_types': [], 'tags': [], 'created_at': '2025-12-12T19:31:09Z', 'updated_at': '2025-12-12T19:31:09Z', 'revision_number': 0, 'project_id': 'b794c99309e94c1181fc9d8eeeb84702'}, Router: {'id': '6556765a-f595-443c-9eb6-eb7d054e021b', 'name': 'tempest-ServersAdminTestJSON-579713617-router', 'tenant_id': 'b794c99309e94c1181fc9d8eeeb84702', 'admin_state_up': True, 'status': 'ACTIVE', 'external_gateway_info': {'network_id': '75540bca-3cc6-4e2c-a8d3-4f7162ec8f23', 'external_fixed_ips': [{'subnet_id': 'd8a813df-3603-4e25-814f-5f5046c615d1', 'ip_address': '10.180.180.167'}], 'enable_snat': True}, 'description': '', 'availability_zones': [], 'distributed': False, 'ha': False, 'availability_zone_hints': [], 'routes': [], 'flavor_id': None, 'tags': [], 'created_at': '2025-12-12T19:31:09Z', 'updated_at': '2025-12-12T19:31:10Z', 'revision_number': 2, 'project_id': 'b794c99309e94c1181fc9d8eeeb84702'}
2025-12-12 19:31:11.643 66131 INFO tempest.lib.common.rest_client [req-67228997-b76b-4e01-9366-c63f8473293e req-67228997-b76b-4e01-9366-c63f8473293e ] Request (ImagesTestJSON:test_create_image_from_stopped_server): 200 GET http://10.180.1.21/compute/v2.1/servers/8e9c27f6-e9fa-4ed0-b6ae-3b5df52d1c44 4.237s
2025-12-12 19:31:11.652 66081 INFO tempest.lib.common.rest_client [req-fc3b4972-f96a-44ed-bf59-f91492e48adc req-fc3b4972-f96a-44ed-bf59-f91492e48adc ] Request (ServersAdminTestJSON:setUpClass): 201 POST http://10.180.1.21/identity/v3/auth/tokens 0.091s
2025-12-12 19:31:11.654 66131 INFO tempest.common.waiters [-] State transition "BUILD/block_device_mapping" ==> "BUILD/spawning" after 11 second wait
2025-12-12 19:31:11.687 66079 INFO tempest.lib.common.rest_client [req-b8e65ecf-6b31-4881-a7b5-2f0a252ee6d8 req-b8e65ecf-6b31-4881-a7b5-2f0a252ee6d8 ] Request (VolumesAssistedSnapshotsTest:test_volume_assisted_snapshot_create_delete): 202 POST http://10.180.1.21/compute/v2.1/servers 5.632s
2025-12-12 19:31:11.717 66081 INFO tempest.lib.common.rest_client [req-3cc5aef3-e185-4dd2-8597-fbd370d64c66 req-3cc5aef3-e185-4dd2-8597-fbd370d64c66 ] Request (ServersAdminTestJSON:setUpClass): 201 POST http://10.180.1.21/identity/v3/projects 0.064s
2025-12-12 19:31:11.786 66077 INFO tempest.lib.common.rest_client [req-56d443fd-f620-4142-9658-7475de230354 req-56d443fd-f620-4142-9658-7475de230354 ] Request (ServersAdminNegativeTestJSON:setUpClass): 200 GET http://10.180.1.21/compute/v2.1/servers/ee676e3b-3326-46a3-940d-ebbb8b108991 4.294s
2025-12-12 19:31:11.804 66135 INFO tempest.lib.common.rest_client [req-9caa8cd4-3ab0-4486-9232-1e82b45f311e req-9caa8cd4-3ab0-4486-9232-1e82b45f311e ] Request (ServersTestBootFromVolume:setUpClass): 200 GET http://10.180.1.21/volume/v3/volumes/b11cb57f-92f1-416d-b59b-70cffe1353ff 0.051s
2025-12-12 19:31:11.817 66125 INFO tempest.lib.common.rest_client [req-73ed362d-8ba2-4b99-afa4-8bd755f14448 req-73ed362d-8ba2-4b99-afa4-8bd755f14448 ] Request (ServerGroupTestJSON:test_create_delete_multiple_server_groups_with_same_name_policy): 200 GET http://10.180.1.21/compute/v2.1/os-server-groups 4.114s
2025-12-12 19:31:11.835 66081 INFO tempest.lib.common.rest_client [req-1f54b6ef-6586-4371-8f41-5213b0fe952c req-1f54b6ef-6586-4371-8f41-5213b0fe952c ] Request (ServersAdminTestJSON:setUpClass): 201 POST http://10.180.1.21/identity/v3/users 0.118s
2025-12-12 19:31:11.868 66081 INFO tempest.lib.common.rest_client [req-957cf390-8a42-4285-9122-faa3df1b65b9 req-957cf390-8a42-4285-9122-faa3df1b65b9 ] Request (ServersAdminTestJSON:setUpClass): 200 GET http://10.180.1.21/identity/v3/roles 0.032s
2025-12-12 19:31:11.910 66081 INFO tempest.lib.common.rest_client [req-814e5fcc-0f93-4e8b-9c86-392d72fac08f req-814e5fcc-0f93-4e8b-9c86-392d72fac08f ] Request (ServersAdminTestJSON:setUpClass): 204 PUT http://10.180.1.21/identity/v3/projects/b9e1bc3d11194ce88660940267f5c3e0/users/a4409283e07b410cb097d2fa0004b6f9/roles/d0417ab64a064acb8ea16363d89c25ab 0.041s
2025-12-12 19:31:11.921 66104 INFO tempest.lib.common.rest_client [req-22fece99-5740-49d0-8c00-3290cbdf4010 req-22fece99-5740-49d0-8c00-3290cbdf4010 ] Request (ListServersNegativeTestJSON:setUpClass): 201 POST http://10.180.1.21/networking/v2.0/routers 0.862s
2025-12-12 19:31:11.967 66099 INFO tempest.lib.common.rest_client [req-147cdbfe-3b16-4747-82fd-d8c26ca754c7 req-147cdbfe-3b16-4747-82fd-d8c26ca754c7 ] Request (ServersTestJSON:setUpClass): 200 GET http://10.180.1.21/compute/v2.1/servers/88fb7235-cd0e-49dc-9d78-3583d5d3f528 4.193s
2025-12-12 19:31:11.972 66081 INFO tempest.lib.common.rest_client [req-5bbfe367-cec3-4c0e-806e-5e55668dca30 req-5bbfe367-cec3-4c0e-806e-5e55668dca30 ] Request (ServersAdminTestJSON:setUpClass): 200 GET http://10.180.1.21/identity/v3/roles 0.062s
2025-12-12 19:31:11.981 66099 INFO tempest.common.waiters [-] State transition "BUILD/networking" ==> "BUILD/spawning" after 5 second wait
2025-12-12 19:31:11.999 66129 INFO tempest.lib.common.rest_client [req-e741acc2-a893-4565-b08a-4ce76fe1283c req-e741acc2-a893-4565-b08a-4ce76fe1283c ] Request (AggregatesAdminNegativeTestJSON:_run_cleanups): 200 DELETE http://10.180.1.21/compute/v2.1/os-aggregates/1 3.715s
2025-12-12 19:31:12.013 66081 INFO tempest.lib.common.rest_client [req-171fd0ba-fd3c-4881-813a-97e27c6fa637 req-171fd0ba-fd3c-4881-813a-97e27c6fa637 ] Request (ServersAdminTestJSON:setUpClass): 204 PUT http://10.180.1.21/identity/v3/projects/b9e1bc3d11194ce88660940267f5c3e0/users/a4409283e07b410cb097d2fa0004b6f9/roles/d0417ab64a064acb8ea16363d89c25ab 0.040s
2025-12-12 19:31:12.013 66081 INFO tempest.lib.common.dynamic_creds [-] Dynamic test user a4409283e07b410cb097d2fa0004b6f9 is created with scope project and roles: ['admin']
2025-12-12 19:31:12.013 66081 INFO tempest.lib.common.dynamic_creds [-] Acquired dynamic creds: credentials: Credentials: {'domain_id': 'default', 'domain_name': 'Default', 'username': 'tempest-ServersAdminTestJSON-1259723601-project-admin', 'project_domain_id': 'default', 'project_domain_name': 'Default', 'project_id': 'b9e1bc3d11194ce88660940267f5c3e0', 'project_name': 'tempest-ServersAdminTestJSON-1259723601', 'tenant_id': 'b9e1bc3d11194ce88660940267f5c3e0', 'tenant_name': 'tempest-ServersAdminTestJSON-1259723601', 'user_domain_id': 'default', 'user_domain_name': 'Default', 'user_id': 'a4409283e07b410cb097d2fa0004b6f9', 'system': None}, Network: None, Subnet: None, Router: None
2025-12-12 19:31:12.031 66101 INFO tempest.lib.common.rest_client [req-b2798cf3-1962-48b4-b178-b1d21e13c37f req-b2798cf3-1962-48b4-b178-b1d21e13c37f ] Request (FlavorsExtraSpecsTestJSON:test_flavor_set_get_update_show_unset_keys): 200 POST http://10.180.1.21/compute/v2.1/flavors/1971407237/os-extra_specs 3.732s
2025-12-12 19:31:12.053 66073 INFO tempest.lib.common.rest_client [req-5b881ffc-2dc7-4e00-9614-878f1a273948 req-5b881ffc-2dc7-4e00-9614-878f1a273948 ] Request (FlavorsV261TestJSON:_run_cleanups): 202 DELETE http://10.180.1.21/compute/v2.1/flavors/2041167777 3.723s
2025-12-12 19:31:12.074 66107 INFO tempest.lib.common.rest_client [req-11927db4-530f-4269-8778-baa78052c92d req-11927db4-530f-4269-8778-baa78052c92d ] Request (FlavorsAdminTestJSON:_run_cleanups): 202 DELETE http://10.180.1.21/compute/v2.1/flavors/1005866526 3.710s
2025-12-12 19:31:12.185 66091 INFO tempest.lib.common.rest_client [req-4d8299a5-c616-4645-b4da-439df2746f86 req-4d8299a5-c616-4645-b4da-439df2746f86 ] Request (MultipleCreateTestJSON:test_multiple_create): 200 GET http://10.180.1.21/compute/v2.1/servers 3.731s
2025-12-12 19:31:12.255 66081 INFO tempest.lib.common.rest_client [req-39330f9a-212d-4063-b711-24a0093d934d req-39330f9a-212d-4063-b711-24a0093d934d ] Request (ServersAdminTestJSON:setUpClass): 201 POST http://10.180.1.21/networking/v2.0/networks 0.242s
2025-12-12 19:31:12.616 66081 INFO tempest.lib.common.rest_client [req-92e8b6d0-b2cd-4383-9b98-0f50c6e08d84 req-92e8b6d0-b2cd-4383-9b98-0f50c6e08d84 ] Request (ServersAdminTestJSON:setUpClass): 201 POST http://10.180.1.21/networking/v2.0/subnets 0.360s
2025-12-12 19:31:12.633 66087 INFO tempest.lib.common.rest_client [req-8fd7433e-ebac-43f4-aa60-6301be278066 req-8fd7433e-ebac-43f4-aa60-6301be278066 ] Request (ServerDiagnosticsTest:test_get_server_diagnostics): 202 POST http://10.180.1.21/compute/v2.1/servers 5.099s
2025-12-12 19:31:12.646 66083 INFO tempest.lib.common.rest_client [req-54e05368-9e72-495a-a5d5-5306f662855e req-54e05368-9e72-495a-a5d5-5306f662855e ] Request (HostsAdminNegativeTestJSON:test_show_host_detail_with_nonexistent_hostname): 404 GET http://10.180.1.21/compute/v2.1/os-hosts/nonexistent_hostname 3.668s
2025-12-12 19:31:12.653 66111 INFO tempest.lib.common.rest_client [req-6c59b043-9785-4459-929c-e906f94ac09c req-6c59b043-9785-4459-929c-e906f94ac09c ] Request (ServerDiagnosticsV248Test:test_get_server_diagnostics): 200 GET http://10.180.1.21/compute/v2.1/servers/4d4dc88b-0d6c-430c-ab4f-c81a56e4657b 3.829s
2025-12-12 19:31:12.681 66097 INFO tempest.lib.common.rest_client [req-cb643818-7783-4764-9512-1d571a211f30 req-cb643818-7783-4764-9512-1d571a211f30 ] Request (ServicesAdminNegativeV253TestJSON:test_get_service_by_invalid_params): 200 GET http://10.180.1.21/compute/v2.1/os-services?xxx=nova-compute 3.664s
2025-12-12 19:31:12.691 66095 INFO tempest.lib.common.rest_client [req-b4a33fb0-0d00-4d14-9315-1798df55ae51 req-b4a33fb0-0d00-4d14-9315-1798df55ae51 ] Request (FlavorsAccessTestJSON:_run_cleanups): 202 DELETE http://10.180.1.21/compute/v2.1/flavors/424228354 3.637s
2025-12-12 19:31:12.707 66085 INFO tempest.lib.common.rest_client [req-9e814fad-f2c5-465d-8de5-de2e86400818 req-9e814fad-f2c5-465d-8de5-de2e86400818 ] Request (ServersWithSpecificFlavorTestJSON:test_verify_created_server_ephemeral_disk): 200 POST http://10.180.1.21/compute/v2.1/flavors 3.641s
2025-12-12 19:31:12.843 66104 INFO tempest.lib.common.rest_client [req-cc391394-39e4-4c79-9fec-e038a18e35cc req-cc391394-39e4-4c79-9fec-e038a18e35cc ] Request (ListServersNegativeTestJSON:setUpClass): 200 PUT http://10.180.1.21/networking/v2.0/routers/24c7f39b-2441-420e-8448-34b898b00a0a/add_router_interface 0.922s
2025-12-12 19:31:12.844 66104 INFO tempest.lib.common.dynamic_creds [-] Created isolated network resources for: credentials: Credentials: {'domain_id': 'default', 'domain_name': 'Default', 'username': 'tempest-ListServersNegativeTestJSON-1603812164-project-member', 'project_domain_id': 'default', 'project_domain_name': 'Default', 'project_id': '4d508c846ae64e2c84ee281fe59af610', 'project_name': 'tempest-ListServersNegativeTestJSON-1603812164', 'tenant_id': '4d508c846ae64e2c84ee281fe59af610', 'tenant_name': 'tempest-ListServersNegativeTestJSON-1603812164', 'user_domain_id': 'default', 'user_domain_name': 'Default', 'user_id': '568156063bd14e60b728431e93d2665d', 'system': None}, Network: {'id': 'b579021f-99ae-447a-b69d-293190930add', 'name': 'tempest-ListServersNegativeTestJSON-1055463010-network', 'tenant_id': '4d508c846ae64e2c84ee281fe59af610', 'project_id': '4d508c846ae64e2c84ee281fe59af610', 'admin_state_up': True, 'mtu': 8950, 'status': 'ACTIVE', 'subnets': [], 'shared': False, 'port_security_enabled': True, 'router:external': False, 'provider:network_type': 'vlan', 'provider:physical_network': 'default', 'provider:segmentation_id': 188, 'availability_zone_hints': [], 'availability_zones': [], 'ipv4_address_scope': None, 'ipv6_address_scope': None, 'description': '', 'tags': [], 'created_at': '2025-12-12T19:31:10Z', 'updated_at': '2025-12-12T19:31:10Z', 'revision_number': 1}, Subnet: {'id': '33c38e3a-678a-449b-bd1c-457e7562475e', 'name': 'tempest-ListServersNegativeTestJSON-1055463010-subnet', 'tenant_id': '4d508c846ae64e2c84ee281fe59af610', 'network_id': 'b579021f-99ae-447a-b69d-293190930add', 'ip_version': 4, 'subnetpool_id': None, 'enable_dhcp': True, 'ipv6_ra_mode': None, 'ipv6_address_mode': None, 'gateway_ip': '192.168.128.1', 'cidr': '192.168.128.0/28', 'allocation_pools': [{'start': '192.168.128.2', 'end': '192.168.128.14'}], 'host_routes': [], 'dns_nameservers': [], 'description': '', 'router:external': False, 'service_types': [], 'tags': [], 'created_at': '2025-12-12T19:31:10Z', 'updated_at': '2025-12-12T19:31:10Z', 'revision_number': 0, 'project_id': '4d508c846ae64e2c84ee281fe59af610'}, Router: {'id': '24c7f39b-2441-420e-8448-34b898b00a0a', 'name': 'tempest-ListServersNegativeTestJSON-1055463010-router', 'tenant_id': '4d508c846ae64e2c84ee281fe59af610', 'admin_state_up': True, 'status': 'ACTIVE', 'external_gateway_info': {'network_id': '75540bca-3cc6-4e2c-a8d3-4f7162ec8f23', 'external_fixed_ips': [{'subnet_id': 'd8a813df-3603-4e25-814f-5f5046c615d1', 'ip_address': '10.180.180.246'}], 'enable_snat': True}, 'description': '', 'availability_zones': [], 'distributed': False, 'ha': False, 'availability_zone_hints': [], 'routes': [], 'flavor_id': None, 'tags': [], 'created_at': '2025-12-12T19:31:11Z', 'updated_at': '2025-12-12T19:31:11Z', 'revision_number': 2, 'project_id': '4d508c846ae64e2c84ee281fe59af610'}
2025-12-12 19:31:12.849 66135 INFO tempest.lib.common.rest_client [req-ec5d9264-3c7c-44d0-87be-275f7aeb41af req-ec5d9264-3c7c-44d0-87be-275f7aeb41af ] Request (ServersTestBootFromVolume:setUpClass): 200 GET http://10.180.1.21/volume/v3/volumes/b11cb57f-92f1-416d-b59b-70cffe1353ff 0.034s
2025-12-12 19:31:12.945 66104 INFO tempest.lib.common.rest_client [req-58763d0a-8860-489a-bffe-1bc01d3418c5 req-58763d0a-8860-489a-bffe-1bc01d3418c5 ] Request (ListServersNegativeTestJSON:setUpClass): 201 POST http://10.180.1.21/identity/v3/auth/tokens 0.094s
2025-12-12 19:31:12.959 66127 INFO tempest.lib.common.rest_client [req-8136ff22-ae71-4d66-a19f-041ea0f53d3e req-8136ff22-ae71-4d66-a19f-041ea0f53d3e ] Request (QuotasAdminNegativeTest:_run_cleanups): 200 PUT http://10.180.1.21/compute/v2.1/os-quota-sets/99000eb9dcd148afbe9ae1c8226a41a4 2.775s
2025-12-12 19:31:12.987 66104 INFO tempest.lib.common.rest_client [req-74ff3214-adba-4d12-b953-8ed143855c79 req-74ff3214-adba-4d12-b953-8ed143855c79 ] Request (ListServersNegativeTestJSON:setUpClass): 201 POST http://10.180.1.21/identity/v3/auth/tokens 0.034s
2025-12-12 19:31:12.987 66104 INFO tempest.lib.common.fixed_network [-] (ListServersNegativeTestJSON:setUpClass) Found network {'id': 'b579021f-99ae-447a-b69d-293190930add', 'name': 'tempest-ListServersNegativeTestJSON-1055463010-network', 'tenant_id': '4d508c846ae64e2c84ee281fe59af610', 'project_id': '4d508c846ae64e2c84ee281fe59af610', 'admin_state_up': True, 'mtu': 8950, 'status': 'ACTIVE', 'subnets': [], 'shared': False, 'port_security_enabled': True, 'router:external': False, 'provider:network_type': 'vlan', 'provider:physical_network': 'default', 'provider:segmentation_id': 188, 'availability_zone_hints': [], 'availability_zones': [], 'ipv4_address_scope': None, 'ipv6_address_scope': None, 'description': '', 'tags': [], 'created_at': '2025-12-12T19:31:10Z', 'updated_at': '2025-12-12T19:31:10Z', 'revision_number': 1} available for tenant
2025-12-12 19:31:12.989 66117 INFO tempest.lib.common.rest_client [req-4a23e2a0-ebd4-485e-8ad7-c9f21907751c req-4a23e2a0-ebd4-485e-8ad7-c9f21907751c ] Request (HypervisorAdminV228Test:test_get_list_hypervisor_details): 200 GET http://10.180.1.21/compute/v2.1/os-hypervisors/1 2.498s
2025-12-12 19:31:13.107 66117 INFO tempest.lib.common.rest_client [req-81588cba-46e6-42d3-a44d-998a482c1f1c req-81588cba-46e6-42d3-a44d-998a482c1f1c ] Request (HypervisorAdminV228Test:tearDownClass): 204 DELETE http://10.180.1.21/identity/v3/users/eda2ff42c09a424987ca092eee72b892 0.111s
2025-12-12 19:31:13.208 66117 INFO tempest.lib.common.rest_client [req-ae74c831-de93-4029-91aa-a1d93bbb2911 req-ae74c831-de93-4029-91aa-a1d93bbb2911 ] Request (HypervisorAdminV228Test:tearDownClass): 204 DELETE http://10.180.1.21/identity/v3/users/7df977067cd246049faffcefaa680333 0.101s
2025-12-12 19:31:13.209 66117 INFO tempest.lib.common.dynamic_creds [-] Deleting project and security group for project: 9da926a779124cc68bb616fa1b3759da
2025-12-12 19:31:13.276 66123 INFO tempest.lib.common.rest_client [req-b9378a0b-5c05-42d8-bc09-4819bcb7e905 req-b9378a0b-5c05-42d8-bc09-4819bcb7e905 ] Request (SecurityGroupRulesNegativeTestJSON:test_create_security_group_rule_duplicate): 200 POST http://10.180.1.21/compute/v2.1/os-security-group-rules 2.422s
2025-12-12 19:31:13.291 66117 INFO tempest.lib.common.rest_client [req-883c6c9a-c0bc-4294-8e74-1f8d8d9260ab req-883c6c9a-c0bc-4294-8e74-1f8d8d9260ab ] Request (HypervisorAdminV228Test:tearDownClass): 201 POST http://10.180.1.21/identity/v3/auth/tokens 0.082s
2025-12-12 19:31:13.313 66113 INFO tempest.lib.common.rest_client [req-7470f84d-57c1-473b-bce8-761fb0d4caf2 req-7470f84d-57c1-473b-bce8-761fb0d4caf2 ] Request (HypervisorAdminNegativeTestJSON:test_show_hypervisor_with_non_admin_user): 200 GET http://10.180.1.21/compute/v2.1/os-hypervisors 2.452s
2025-12-12 19:31:13.335 66105 INFO tempest.lib.common.rest_client [req-33d1c1e3-00d3-45f3-b2bc-db4ec95bba2c req-33d1c1e3-00d3-45f3-b2bc-db4ec95bba2c ] Request (KeyPairsV210TestJSON:_run_cleanups): 204 DELETE http://10.180.1.21/compute/v2.1/os-keypairs/tempest-keypair-607086269?user_id=71c22b5877e842aeaf17bb10fd2f5a16 2.457s
2025-12-12 19:31:13.350 66121 INFO tempest.lib.common.rest_client [req-76a6015d-033a-4f87-b532-468220420711 req-76a6015d-033a-4f87-b532-468220420711 ] Request (FlavorsAccessNegativeTestJSON:test_flavor_access_list_with_public_flavor): 200 POST http://10.180.1.21/compute/v2.1/flavors 2.422s
2025-12-12 19:31:13.377 66137 INFO tempest.lib.common.rest_client [req-39685de9-e4e2-4566-ba98-8d7b1f3f857f req-39685de9-e4e2-4566-ba98-8d7b1f3f857f ] Request (KeyPairsV2TestJSON:test_keypairs_create_list_delete): 200 POST http://10.180.1.21/compute/v2.1/os-keypairs 2.439s
2025-12-12 19:31:13.383 66089 INFO tempest.lib.common.rest_client [req-15105861-4b23-46bd-8c0a-0f6b6fd27bc9 req-15105861-4b23-46bd-8c0a-0f6b6fd27bc9 ] Request (FlavorsExtraSpecsNegativeTestJSON:test_flavor_non_admin_update_specific_key): 403 PUT http://10.180.1.21/compute/v2.1/flavors/1054945311/os-extra_specs/hw:numa_nodes 2.422s
2025-12-12 19:31:13.485 66117 INFO tempest.lib.common.rest_client [req-5a3c5296-dd89-4c37-8670-b8fa0acf1aef req-5a3c5296-dd89-4c37-8670-b8fa0acf1aef ] Request (HypervisorAdminV228Test:tearDownClass): 200 GET http://10.180.1.21/networking/v2.0/security-groups?tenant_id=9da926a779124cc68bb616fa1b3759da&name=default 0.194s
2025-12-12 19:31:13.519 66109 INFO tempest.lib.common.rest_client [req-b562ff20-7c62-4c29-a5cd-7a875273976a req-b562ff20-7c62-4c29-a5cd-7a875273976a ] Request (ServicesAdminNegativeTestJSON:test_list_services_with_non_admin_user): 403 GET http://10.180.1.21/compute/v2.1/os-services 2.533s
2025-12-12 19:31:13.618 66133 INFO tempest.lib.common.rest_client [req-8cc1dec8-17ac-4db3-bea9-0fb861f8b4b8 req-8cc1dec8-17ac-4db3-bea9-0fb861f8b4b8 ] Request (ListServerFiltersTestJSON:setUpClass): 202 POST http://10.180.1.21/compute/v2.1/servers 3.839s
2025-12-12 19:31:13.621 66117 INFO tempest.lib.common.rest_client [req-44d8caab-4ee2-4194-a752-0d16823e82e8 req-44d8caab-4ee2-4194-a752-0d16823e82e8 ] Request (HypervisorAdminV228Test:tearDownClass): 204 DELETE http://10.180.1.21/networking/v2.0/security-groups/3a74fe0a-bea6-43b7-b00a-72afae634928 0.135s
2025-12-12 19:31:13.633 66109 INFO tempest.lib.common.rest_client [req-569a03d5-c480-4b88-b1b9-c1a59d3cb5e0 req-569a03d5-c480-4b88-b1b9-c1a59d3cb5e0 ] Request (ServicesAdminNegativeTestJSON:tearDownClass): 204 DELETE http://10.180.1.21/identity/v3/users/7e036dfdfc184ee6a9b08337f69669ff 0.113s
2025-12-12 19:31:13.705 66075 INFO tempest.lib.common.rest_client [req-def1029b-7f85-4106-952a-82aed9ac0b86 req-def1029b-7f85-4106-952a-82aed9ac0b86 ] Request (MigrationsAdminTest:test_list_migrations_in_flavor_resize_situation): 200 GET http://10.180.1.21/compute/v2.1/servers/0e064341-4e4a-407b-8c26-3eb04b409029 2.465s
2025-12-12 19:31:13.769 66117 INFO tempest.lib.common.rest_client [req-ade10887-9c5f-40cd-a450-370e1ff1e39c req-ade10887-9c5f-40cd-a450-370e1ff1e39c ] Request (HypervisorAdminV228Test:tearDownClass): 204 DELETE http://10.180.1.21/identity/v3/projects/9da926a779124cc68bb616fa1b3759da 0.147s
2025-12-12 19:31:13.769 66117 INFO tempest.lib.common.dynamic_creds [-] Deleting project and security group for project: 59d7de6a26d145aaa754ba45119c2d2e
2025-12-12 19:31:13.812 66109 INFO tempest.lib.common.rest_client [req-afd13722-5b54-4947-9ca2-63d5d0176883 req-afd13722-5b54-4947-9ca2-63d5d0176883 ] Request (ServicesAdminNegativeTestJSON:tearDownClass): 204 DELETE http://10.180.1.21/identity/v3/users/ce9f0b47286c48ff933643667a6ea015 0.178s
2025-12-12 19:31:13.812 66109 INFO tempest.lib.common.dynamic_creds [-] Deleting project and security group for project: 2b8ec29afeaa4d89b89c53c9424b07d4
2025-12-12 19:31:13.818 66093 INFO tempest.lib.common.rest_client [req-c3fe5b84-c0aa-48bc-bb8f-3ba5cd7cb21b req-c3fe5b84-c0aa-48bc-bb8f-3ba5cd7cb21b ] Request (DeleteServersAdminTestJSON:test_admin_delete_servers_of_others): 200 GET http://10.180.1.21/compute/v2.1/servers/bb64fc41-19d7-49dc-a17a-9dd74730130f 2.498s
2025-12-12 19:31:13.849 66081 INFO tempest.lib.common.rest_client [req-d524efbf-17ff-4d40-b0ac-ca3a109ac9e4 req-d524efbf-17ff-4d40-b0ac-ca3a109ac9e4 ] Request (ServersAdminTestJSON:setUpClass): 201 POST http://10.180.1.21/networking/v2.0/routers 1.232s
2025-12-12 19:31:13.863 66125 INFO tempest.lib.common.rest_client [req-1da1dd78-5ef1-4b33-af73-13bc840f127b req-1da1dd78-5ef1-4b33-af73-13bc840f127b ] Request (ServerGroupTestJSON:test_create_delete_multiple_server_groups_with_same_name_policy): 204 DELETE http://10.180.1.21/compute/v2.1/os-server-groups/a8a6f116-ea2b-40b8-a6fe-c646f55216ec 2.043s
2025-12-12 19:31:13.881 66079 INFO tempest.lib.common.rest_client [req-27aceff5-84b5-4644-a828-df3fb2dd5314 req-27aceff5-84b5-4644-a828-df3fb2dd5314 ] Request (VolumesAssistedSnapshotsTest:test_volume_assisted_snapshot_create_delete): 200 GET http://10.180.1.21/compute/v2.1/servers/aa2716a9-2cf8-4e51-800d-1c8f98b2cf05 2.191s
2025-12-12 19:31:13.900 66135 INFO tempest.lib.common.rest_client [req-2ab10a23-fe3f-476e-9689-6d9ef5142a80 req-2ab10a23-fe3f-476e-9689-6d9ef5142a80 ] Request (ServersTestBootFromVolume:setUpClass): 200 GET http://10.180.1.21/volume/v3/volumes/b11cb57f-92f1-416d-b59b-70cffe1353ff 0.043s
2025-12-12 19:31:13.921 66129 INFO tempest.lib.common.rest_client [req-da44ff41-90d3-404e-82c4-9394bca8650c req-da44ff41-90d3-404e-82c4-9394bca8650c ] Request (AggregatesAdminNegativeTestJSON:test_aggregate_add_host_as_user): 200 POST http://10.180.1.21/compute/v2.1/os-aggregates 1.909s
2025-12-12 19:31:13.930 66109 INFO tempest.lib.common.rest_client [req-c0357595-743e-4e65-b663-d709511ad834 req-c0357595-743e-4e65-b663-d709511ad834 ] Request (ServicesAdminNegativeTestJSON:tearDownClass): 201 POST http://10.180.1.21/identity/v3/auth/tokens 0.118s
2025-12-12 19:31:13.938 66101 INFO tempest.lib.common.rest_client [req-c9a0eafe-2afe-4c04-ab96-c999e8bbb174 req-c9a0eafe-2afe-4c04-ab96-c999e8bbb174 ] Request (FlavorsExtraSpecsTestJSON:test_flavor_set_get_update_show_unset_keys): 200 GET http://10.180.1.21/compute/v2.1/flavors/1971407237/os-extra_specs 1.906s
2025-12-12 19:31:13.956 66073 INFO tempest.lib.common.rest_client [req-b8c80457-61e6-4d6f-896e-874cb655bcda req-b8c80457-61e6-4d6f-896e-874cb655bcda ] Request (FlavorsV261TestJSON:_run_cleanups): 200 GET http://10.180.1.21/compute/v2.1/flavors/detail 1.902s
2025-12-12 19:31:13.990 66107 INFO tempest.lib.common.rest_client [req-8df26ab0-4beb-44f5-b37d-45787aa81b29 req-8df26ab0-4beb-44f5-b37d-45787aa81b29 ] Request (FlavorsAdminTestJSON:_run_cleanups): 200 GET http://10.180.1.21/compute/v2.1/flavors/detail 1.915s
2025-12-12 19:31:13.989 66119 INFO tempest.lib.common.rest_client [req-7eb8762e-2438-43a2-a7aa-d7a12693dce9 req-7eb8762e-2438-43a2-a7aa-d7a12693dce9 ] Request (HostsAdminTestJSON:test_list_hosts_with_zone): 200 GET http://10.180.1.21/compute/v2.1/os-hosts 1.912s
2025-12-12 19:31:13.997 66117 INFO tempest.lib.common.rest_client [req-036df3ec-ea8e-4085-89fd-2d9f111de4ce req-036df3ec-ea8e-4085-89fd-2d9f111de4ce ] Request (HypervisorAdminV228Test:tearDownClass): 200 GET http://10.180.1.21/networking/v2.0/security-groups?tenant_id=59d7de6a26d145aaa754ba45119c2d2e&name=default 0.228s
2025-12-12 19:31:14.093 66073 INFO tempest.lib.common.rest_client [req-3de57760-0016-4020-ad9c-26652129c5f6 req-3de57760-0016-4020-ad9c-26652129c5f6 ] Request (FlavorsV261TestJSON:tearDownClass): 204 DELETE http://10.180.1.21/identity/v3/users/ea3a47a9b7c14453945bdc5cfb644e80 0.122s
2025-12-12 19:31:14.197 66073 INFO tempest.lib.common.rest_client [req-34ed3941-ae54-487e-a78e-e4b82135df1e req-34ed3941-ae54-487e-a78e-e4b82135df1e ] Request (FlavorsV261TestJSON:tearDownClass): 204 DELETE http://10.180.1.21/identity/v3/users/087569d49e9a431580e8c1bd3ab393fa 0.103s
2025-12-12 19:31:14.197 66073 INFO tempest.lib.common.dynamic_creds [-] Deleting project and security group for project: d24b2b4b93274513b505a897e363a3c7
2025-12-12 19:31:14.273 66073 INFO tempest.lib.common.rest_client [req-40605c27-724d-4347-9496-5d5b2166990a req-40605c27-724d-4347-9496-5d5b2166990a ] Request (FlavorsV261TestJSON:tearDownClass): 201 POST http://10.180.1.21/identity/v3/auth/tokens 0.075s
2025-12-12 19:31:14.308 66109 INFO tempest.lib.common.rest_client [req-d112f0f2-ef8a-4362-a571-ca12420bc333 req-d112f0f2-ef8a-4362-a571-ca12420bc333 ] Request (ServicesAdminNegativeTestJSON:tearDownClass): 200 GET http://10.180.1.21/networking/v2.0/security-groups?tenant_id=2b8ec29afeaa4d89b89c53c9424b07d4&name=default 0.376s
2025-12-12 19:31:14.402 66117 INFO tempest.lib.common.rest_client [req-f5cdf530-fe0a-4098-bfc7-3cbe3a01b2e2 req-f5cdf530-fe0a-4098-bfc7-3cbe3a01b2e2 ] Request (HypervisorAdminV228Test:tearDownClass): 204 DELETE http://10.180.1.21/networking/v2.0/security-groups/db9eea71-0988-4bdd-8230-0689a7919c00 0.404s
2025-12-12 19:31:14.474 66117 INFO tempest.lib.common.rest_client [req-b4baac82-0b1b-469e-a239-22d44e16616a req-b4baac82-0b1b-469e-a239-22d44e16616a ] Request (HypervisorAdminV228Test:tearDownClass): 204 DELETE http://10.180.1.21/identity/v3/projects/59d7de6a26d145aaa754ba45119c2d2e 0.071s
2025-12-12 19:31:14.483 66091 INFO tempest.lib.common.rest_client [req-8acd11c7-2e06-49eb-84df-e4dd671159e7 req-8acd11c7-2e06-49eb-84df-e4dd671159e7 ] Request (MultipleCreateTestJSON:test_multiple_create): 200 GET http://10.180.1.21/compute/v2.1/servers/21730277-cef6-4bfe-9f67-de71f6f615ff 2.295s
2025-12-12 19:31:14.488 66083 INFO tempest.lib.common.rest_client [req-596cbd34-7c8b-4d42-b90a-fcfbbc93d14f req-596cbd34-7c8b-4d42-b90a-fcfbbc93d14f ] Request (HostsAdminNegativeTestJSON:test_shutdown_host_with_non_admin_user): 403 GET http://10.180.1.21/compute/v2.1/os-hosts/devstack/shutdown 1.840s
2025-12-12 19:31:14.500 66087 INFO tempest.lib.common.rest_client [req-d0109212-fa0f-4887-99c0-1149fdb8c81d req-d0109212-fa0f-4887-99c0-1149fdb8c81d ] Request (ServerDiagnosticsTest:test_get_server_diagnostics): 200 GET http://10.180.1.21/compute/v2.1/servers/de5cad99-1dbc-4435-98b4-987e24ba8c3c 1.865s
2025-12-12 19:31:14.541 66097 INFO tempest.lib.common.rest_client [req-c24d6f16-36c3-418b-993d-8adb3fb2259c req-c24d6f16-36c3-418b-993d-8adb3fb2259c ] Request (ServicesAdminNegativeV253TestJSON:test_get_service_by_invalid_service_and_valid_host): 200 GET http://10.180.1.21/compute/v2.1/os-services 1.854s
2025-12-12 19:31:14.566 66095 INFO tempest.lib.common.rest_client [req-cf7aae84-4921-4dcb-9ef5-9ad4e1312afc req-cf7aae84-4921-4dcb-9ef5-9ad4e1312afc ] Request (FlavorsAccessTestJSON:_run_cleanups): 200 GET http://10.180.1.21/compute/v2.1/flavors/detail 1.874s
2025-12-12 19:31:14.579 66085 INFO tempest.lib.common.rest_client [req-f1326377-7e5a-495f-b314-4856b3ecc576 req-f1326377-7e5a-495f-b314-4856b3ecc576 ] Request (ServersWithSpecificFlavorTestJSON:test_verify_created_server_ephemeral_disk): 200 GET http://10.180.1.21/compute/v2.1/flavors/42/os-extra_specs 1.869s
2025-12-12 19:31:14.580 66117 INFO tempest.lib.common.rest_client [req-90437f9b-5ced-4a61-a6cb-e4ba0a780e67 req-90437f9b-5ced-4a61-a6cb-e4ba0a780e67 ] Request (TenantUsagesTestJSON:setUpClass): 201 POST http://10.180.1.21/identity/v3/auth/tokens 0.104s
2025-12-12 19:31:14.621 66117 INFO tempest.lib.common.rest_client [req-e0778c84-440f-43ce-b873-2efeac7413ec req-e0778c84-440f-43ce-b873-2efeac7413ec ] Request (TenantUsagesTestJSON:setUpClass): 201 POST http://10.180.1.21/identity/v3/auth/tokens 0.037s
2025-12-12 19:31:14.650 66117 INFO tempest.lib.common.rest_client [req-f0478e07-fc8b-471c-a005-b82d4a06cf8e req-f0478e07-fc8b-471c-a005-b82d4a06cf8e ] Request (TenantUsagesTestJSON:setUpClass): 200 GET http://10.180.1.21/identity/v3/domains?name=Default 0.029s
2025-12-12 19:31:14.689 66117 INFO tempest.lib.common.rest_client [req-589440dc-55c2-4942-a318-aa6ba97fa8d5 req-589440dc-55c2-4942-a318-aa6ba97fa8d5 ] Request (TenantUsagesTestJSON:setUpClass): 201 POST http://10.180.1.21/identity/v3/projects 0.038s
2025-12-12 19:31:14.726 66073 INFO tempest.lib.common.rest_client [req-c1273f4e-09cd-44f0-b465-197e5e39a427 req-c1273f4e-09cd-44f0-b465-197e5e39a427 ] Request (FlavorsV261TestJSON:tearDownClass): 200 GET http://10.180.1.21/networking/v2.0/security-groups?tenant_id=d24b2b4b93274513b505a897e363a3c7&name=default 0.453s
2025-12-12 19:31:14.769 66117 INFO tempest.lib.common.rest_client [req-c97cc93a-6911-4feb-b7cb-fd97b231470b req-c97cc93a-6911-4feb-b7cb-fd97b231470b ] Request (TenantUsagesTestJSON:setUpClass): 201 POST http://10.180.1.21/identity/v3/users 0.079s
2025-12-12 19:31:14.800 66117 INFO tempest.lib.common.rest_client [req-a0c0680a-6cd4-4470-8655-62264bd04634 req-a0c0680a-6cd4-4470-8655-62264bd04634 ] Request (TenantUsagesTestJSON:setUpClass): 200 GET http://10.180.1.21/identity/v3/roles 0.031s
2025-12-12 19:31:14.844 66117 INFO tempest.lib.common.rest_client [req-7cd9d42a-8dbd-4e9f-9955-1e7ffa81cf00 req-7cd9d42a-8dbd-4e9f-9955-1e7ffa81cf00 ] Request (TenantUsagesTestJSON:setUpClass): 204 PUT http://10.180.1.21/identity/v3/projects/a2b0d29fd55f4116acb5331831eb23e9/users/5212b8de543d494c87c78c6984a7f534/roles/e7e85ae9d7ea4bf3a732f294b69863ce 0.043s
2025-12-12 19:31:14.845 66117 INFO tempest.lib.common.dynamic_creds [-] Dynamic test user 5212b8de543d494c87c78c6984a7f534 is created with scope project and roles: ['member']
