2025-12-15 15:51:34.113 66999 INFO tempest.lib.common.rest_client [req-daf4d739-2686-42ed-a52f-23e49742db0a req-daf4d739-2686-42ed-a52f-23e49742db0a ] Request (AggregatesAdminNegativeTestJSON:tearDownClass): 200 GET http://10.180.1.21/networking/v2.0/security-groups?tenant_id=0368e9e0f6d44883b612d72eecd1fc64&name=default 0.162s
2025-12-15 15:51:34.213 67011 INFO tempest.lib.common.rest_client [req-e0458755-34b6-4f8d-a4db-700cb84ed087 req-e0458755-34b6-4f8d-a4db-700cb84ed087 ] Request (SecurityGroupsTestAdminJSON:_run_cleanups): 202 DELETE http://10.180.1.21/compute/v2.1/os-security-groups/9f0ba1d6-b223-4703-8a32-c743d9d2c96e 2.662s
2025-12-15 15:51:34.273 67023 INFO tempest.lib.common.rest_client [req-14da01d3-2bde-4679-86e6-7684bd83c8ad req-14da01d3-2bde-4679-86e6-7684bd83c8ad ] Request (ImagesOneServerNegativeTestJSON:_run_cleanups): 200 GET http://10.180.1.21/compute/v2.1/servers/0f6055b9-f5b4-48ba-9589-0af212808be7 2.409s
2025-12-15 15:51:34.281 67023 INFO tempest.common.waiters [-] State transition "BUILD/None" ==> "BUILD/networking" after 8 second wait
2025-12-15 15:51:34.300 67007 INFO tempest.lib.common.rest_client [req-0361164b-d4db-4f37-bee1-97da7ed0823f req-0361164b-d4db-4f37-bee1-97da7ed0823f ] Request (FlavorsV2TestJSON:test_list_flavors_detailed_filter_by_min_ram): 200 GET http://10.180.1.21/compute/v2.1/flavors/detail?minRam=193 1.986s
2025-12-15 15:51:34.325 67003 INFO tempest.lib.common.rest_client [req-944a4b56-9a0f-4ec3-9b0a-2ff0ecee6678 req-944a4b56-9a0f-4ec3-9b0a-2ff0ecee6678 ] Request (ListImageFiltersTestJSON:setUpClass): 200 GET http://10.180.1.21/compute/v2.1/servers/e508b1e9-cbb0-408c-98e1-d54ceaec1f1b 2.249s
2025-12-15 15:51:34.351 66999 INFO tempest.lib.common.rest_client [req-f8b05cb3-bae8-4a78-b5c8-654ada9c7db8 req-f8b05cb3-bae8-4a78-b5c8-654ada9c7db8 ] Request (AggregatesAdminNegativeTestJSON:tearDownClass): 204 DELETE http://10.180.1.21/networking/v2.0/security-groups/a98010e6-5a6d-41c8-a755-8e53bc8de71a 0.237s
2025-12-15 15:51:34.384 67009 INFO tempest.lib.common.rest_client [req-42e8e9fa-e619-4d24-87e6-df3bd776684d req-42e8e9fa-e619-4d24-87e6-df3bd776684d ] Request (ServerRescueTestJSONUnderV235:setUpClass): 200 GET http://10.180.1.21/compute/v2.1/servers/dad5ed23-71a1-4b55-856f-2484f8e62708 2.033s
2025-12-15 15:51:34.418 67031 INFO tempest.lib.common.rest_client [req-9d3d4aca-4125-4563-a703-6a623f8c7d03 req-9d3d4aca-4125-4563-a703-6a623f8c7d03 ] Request (ImagesNegativeTestJSON:tearDownClass): 404 GET http://10.180.1.21/compute/v2.1/servers/a2d567c9-09af-44e1-aad2-c8f394a09714 1.988s
2025-12-15 15:51:34.446 67001 INFO tempest.lib.common.rest_client [req-2b3e5139-4a1e-45e0-86e0-fa754c74c9d6 req-2b3e5139-4a1e-45e0-86e0-fa754c74c9d6 ] Request (VolumesSnapshotsTestJSON:_run_cleanups): 404 GET http://10.180.1.21/compute/v2.1/os-volumes/1c552b03-8241-48da-bc12-763316daa5af 2.013s
2025-12-15 15:51:34.498 66999 INFO tempest.lib.common.rest_client [req-ec6206ba-520c-4ebd-ab78-12c038e3533f req-ec6206ba-520c-4ebd-ab78-12c038e3533f ] Request (AggregatesAdminNegativeTestJSON:tearDownClass): 204 DELETE http://10.180.1.21/identity/v3/projects/0368e9e0f6d44883b612d72eecd1fc64 0.146s
2025-12-15 15:51:34.575 66999 INFO tempest.lib.common.rest_client [req-3d01991a-0252-45cf-b092-0a8ed36a8a53 req-3d01991a-0252-45cf-b092-0a8ed36a8a53 ] Request (QuotasSecurityGroupAdminNegativeTest:setUpClass): 201 POST http://10.180.1.21/identity/v3/auth/tokens 0.075s
2025-12-15 15:51:34.607 66999 INFO tempest.lib.common.rest_client [req-ed4c2505-7b30-437a-a9e8-5c66aab28b52 req-ed4c2505-7b30-437a-a9e8-5c66aab28b52 ] Request (QuotasSecurityGroupAdminNegativeTest:setUpClass): 201 POST http://10.180.1.21/identity/v3/auth/tokens 0.028s
2025-12-15 15:51:34.635 66999 INFO tempest.lib.common.rest_client [req-91ea2b0f-e938-4b23-a34a-f969f7da5d8e req-91ea2b0f-e938-4b23-a34a-f969f7da5d8e ] Request (QuotasSecurityGroupAdminNegativeTest:setUpClass): 200 GET http://10.180.1.21/identity/v3/domains?name=Default 0.027s
2025-12-15 15:51:34.670 66999 INFO tempest.lib.common.rest_client [req-4ae7e2a1-0afe-45fd-a54c-4b7eb8b18021 req-4ae7e2a1-0afe-45fd-a54c-4b7eb8b18021 ] Request (QuotasSecurityGroupAdminNegativeTest:setUpClass): 201 POST http://10.180.1.21/identity/v3/projects 0.035s
2025-12-15 15:51:34.683 67005 INFO tempest.lib.common.rest_client [req-1fe31fba-ed13-4c33-85b2-278942ecdf0d req-1fe31fba-ed13-4c33-85b2-278942ecdf0d ] Request (ListServersNegativeTestJSON:test_list_servers_detail_server_is_deleted): 200 GET http://10.180.1.21/compute/v2.1/servers/detail 2.279s
2025-12-15 15:51:34.719 67055 INFO tempest.lib.common.rest_client [req-3b2c9f4d-7df4-443c-b90d-8a5fa611577e req-3b2c9f4d-7df4-443c-b90d-8a5fa611577e ] Request (ServersListShow298Test:test_list_show_update_rebuild_server_298): 200 GET http://10.180.1.21/compute/v2.1/servers/61042df0-a727-4aa8-b2ea-bdc40899d0fc 1.777s
2025-12-15 15:51:34.736 66999 INFO tempest.lib.common.rest_client [req-efc874e9-43a6-4fd3-8bb4-f2844c766913 req-efc874e9-43a6-4fd3-8bb4-f2844c766913 ] Request (QuotasSecurityGroupAdminNegativeTest:setUpClass): 201 POST http://10.180.1.21/identity/v3/users 0.065s
2025-12-15 15:51:34.763 66999 INFO tempest.lib.common.rest_client [req-0c529bb4-75e7-436f-9c25-7e5e499fecfe req-0c529bb4-75e7-436f-9c25-7e5e499fecfe ] Request (QuotasSecurityGroupAdminNegativeTest:setUpClass): 200 GET http://10.180.1.21/identity/v3/roles 0.026s
2025-12-15 15:51:34.793 66999 INFO tempest.lib.common.rest_client [req-8c976498-5b0e-44e5-acbb-6940f80943f6 req-8c976498-5b0e-44e5-acbb-6940f80943f6 ] Request (QuotasSecurityGroupAdminNegativeTest:setUpClass): 204 PUT http://10.180.1.21/identity/v3/projects/7c1e48bd4eb94fb4b88050e521bde953/users/c59939afe7264aa9a72094e3e9ff5ff2/roles/19a6379bce744e4da729605bb4d18791 0.029s
2025-12-15 15:51:34.794 66999 INFO tempest.lib.common.dynamic_creds [-] Dynamic test user c59939afe7264aa9a72094e3e9ff5ff2 is created with scope project and roles: ['member']
2025-12-15 15:51:34.794 66999 INFO tempest.lib.common.dynamic_creds [-] Acquired dynamic creds: credentials: Credentials: {'domain_id': 'default', 'domain_name': 'Default', 'username': 'tempest-QuotasSecurityGroupAdminNegativeTest-1331308878-project-member', 'project_domain_id': 'default', 'project_domain_name': 'Default', 'project_id': '7c1e48bd4eb94fb4b88050e521bde953', 'project_name': 'tempest-QuotasSecurityGroupAdminNegativeTest-1331308878', 'tenant_id': '7c1e48bd4eb94fb4b88050e521bde953', 'tenant_name': 'tempest-QuotasSecurityGroupAdminNegativeTest-1331308878', 'user_domain_id': 'default', 'user_domain_name': 'Default', 'user_id': 'c59939afe7264aa9a72094e3e9ff5ff2', 'system': None}, Network: None, Subnet: None, Router: None
2025-12-15 15:51:34.795 66999 INFO tempest.lib.common.dynamic_creds [-] Created isolated network resources for: credentials: Credentials: {'domain_id': 'default', 'domain_name': 'Default', 'username': 'tempest-QuotasSecurityGroupAdminNegativeTest-1331308878-project-member', 'project_domain_id': 'default', 'project_domain_name': 'Default', 'project_id': '7c1e48bd4eb94fb4b88050e521bde953', 'project_name': 'tempest-QuotasSecurityGroupAdminNegativeTest-1331308878', 'tenant_id': '7c1e48bd4eb94fb4b88050e521bde953', 'tenant_name': 'tempest-QuotasSecurityGroupAdminNegativeTest-1331308878', 'user_domain_id': 'default', 'user_domain_name': 'Default', 'user_id': 'c59939afe7264aa9a72094e3e9ff5ff2', 'system': None}, Network: None, Subnet: None, Router: None
2025-12-15 15:51:34.871 66999 INFO tempest.lib.common.rest_client [req-82d24ac7-a495-48df-a43c-fefb234cce41 req-82d24ac7-a495-48df-a43c-fefb234cce41 ] Request (QuotasSecurityGroupAdminNegativeTest:setUpClass): 201 POST http://10.180.1.21/identity/v3/auth/tokens 0.072s
2025-12-15 15:51:34.892 66997 INFO tempest.lib.common.rest_client [req-4e89856d-2119-4089-bd1e-d6f4b4303d44 req-4e89856d-2119-4089-bd1e-d6f4b4303d44 ] Request (FlavorsExtraSpecsNegativeTestJSON:test_flavor_get_nonexistent_key): 404 GET http://10.180.1.21/compute/v2.1/flavors/451863224/os-extra_specs/hw:cpu_thread_policy 1.838s
2025-12-15 15:51:34.948 66999 INFO tempest.lib.common.rest_client [req-aff77a45-3b93-4685-8dd0-0442d72b7d8b req-aff77a45-3b93-4685-8dd0-0442d72b7d8b ] Request (QuotasSecurityGroupAdminNegativeTest:setUpClass): 201 POST http://10.180.1.21/identity/v3/projects 0.077s
2025-12-15 15:51:35.015 66999 INFO tempest.lib.common.rest_client [req-003c87b7-9341-4bef-8335-f94416cd26cc req-003c87b7-9341-4bef-8335-f94416cd26cc ] Request (QuotasSecurityGroupAdminNegativeTest:setUpClass): 201 POST http://10.180.1.21/identity/v3/users 0.067s
2025-12-15 15:51:35.040 66999 INFO tempest.lib.common.rest_client [req-bed3f603-9e65-4417-80d5-91f167a28569 req-bed3f603-9e65-4417-80d5-91f167a28569 ] Request (QuotasSecurityGroupAdminNegativeTest:setUpClass): 200 GET http://10.180.1.21/identity/v3/roles 0.024s
2025-12-15 15:51:35.069 66999 INFO tempest.lib.common.rest_client [req-03fae9cd-f666-4592-9da8-e656750e5cef req-03fae9cd-f666-4592-9da8-e656750e5cef ] Request (QuotasSecurityGroupAdminNegativeTest:setUpClass): 204 PUT http://10.180.1.21/identity/v3/projects/9ae24baa4c9b4e4195c8e9d8c4cd863d/users/9ab823198c794f6fb3f1bbfff1f40b88/roles/ff517ba8e8b0496287cf9af0657b1bfd 0.028s
2025-12-15 15:51:35.121 66999 INFO tempest.lib.common.rest_client [req-2e0036ba-9270-4dcf-91be-bf5eb932191d req-2e0036ba-9270-4dcf-91be-bf5eb932191d ] Request (QuotasSecurityGroupAdminNegativeTest:setUpClass): 200 GET http://10.180.1.21/identity/v3/roles 0.051s
2025-12-15 15:51:35.140 66999 INFO tempest.lib.common.rest_client [req-7676cdad-3518-430a-84fa-02e0c023fc4f req-7676cdad-3518-430a-84fa-02e0c023fc4f ] Request (QuotasSecurityGroupAdminNegativeTest:setUpClass): 204 PUT http://10.180.1.21/identity/v3/projects/9ae24baa4c9b4e4195c8e9d8c4cd863d/users/9ab823198c794f6fb3f1bbfff1f40b88/roles/ff517ba8e8b0496287cf9af0657b1bfd 0.019s
2025-12-15 15:51:35.141 66999 INFO tempest.lib.common.dynamic_creds [-] Dynamic test user 9ab823198c794f6fb3f1bbfff1f40b88 is created with scope project and roles: ['admin']
2025-12-15 15:51:35.141 66999 INFO tempest.lib.common.dynamic_creds [-] Acquired dynamic creds: credentials: Credentials: {'domain_id': 'default', 'domain_name': 'Default', 'username': 'tempest-QuotasSecurityGroupAdminNegativeTest-269996130-project-admin', 'project_domain_id': 'default', 'project_domain_name': 'Default', 'project_id': '9ae24baa4c9b4e4195c8e9d8c4cd863d', 'project_name': 'tempest-QuotasSecurityGroupAdminNegativeTest-269996130', 'tenant_id': '9ae24baa4c9b4e4195c8e9d8c4cd863d', 'tenant_name': 'tempest-QuotasSecurityGroupAdminNegativeTest-269996130', 'user_domain_id': 'default', 'user_domain_name': 'Default', 'user_id': '9ab823198c794f6fb3f1bbfff1f40b88', 'system': None}, Network: None, Subnet: None, Router: None
2025-12-15 15:51:35.141 66999 INFO tempest.lib.common.dynamic_creds [-] Created isolated network resources for: credentials: Credentials: {'domain_id': 'default', 'domain_name': 'Default', 'username': 'tempest-QuotasSecurityGroupAdminNegativeTest-269996130-project-admin', 'project_domain_id': 'default', 'project_domain_name': 'Default', 'project_id': '9ae24baa4c9b4e4195c8e9d8c4cd863d', 'project_name': 'tempest-QuotasSecurityGroupAdminNegativeTest-269996130', 'tenant_id': '9ae24baa4c9b4e4195c8e9d8c4cd863d', 'tenant_name': 'tempest-QuotasSecurityGroupAdminNegativeTest-269996130', 'user_domain_id': 'default', 'user_domain_name': 'Default', 'user_id': '9ab823198c794f6fb3f1bbfff1f40b88', 'system': None}, Network: None, Subnet: None, Router: None
2025-12-15 15:51:35.196 67031 INFO tempest.lib.common.rest_client [req-b2ea7302-6225-4e06-b790-2b4950190f80 req-b2ea7302-6225-4e06-b790-2b4950190f80 ] Request (ImagesNegativeTestJSON:tearDownClass): 200 PUT http://10.180.1.21/networking/v2.0/routers/eb854b5f-f6cf-48b9-b56d-4521445d8d17/remove_router_interface 0.777s
2025-12-15 15:51:35.222 66999 INFO tempest.lib.common.rest_client [req-dd04b4a8-703d-4ccf-998e-cdbc372c6b12 req-dd04b4a8-703d-4ccf-998e-cdbc372c6b12 ] Request (QuotasSecurityGroupAdminNegativeTest:setUpClass): 201 POST http://10.180.1.21/identity/v3/auth/tokens 0.078s
2025-12-15 15:51:35.223 66999 WARNING tempest.lib.common.rest_client [-] Deprecated: "tenant_id" property is deprecated for removal, use "project_id" instead
2025-12-15 15:51:35.228 67019 INFO tempest.lib.common.rest_client [req-e3ffc0fc-b53b-48d5-9d6e-570d58bbe9fb req-e3ffc0fc-b53b-48d5-9d6e-570d58bbe9fb ] Request (SecurityGroupsTestJSON:test_server_security_groups): 200 GET http://10.180.1.21/compute/v2.1/servers/25c7bd59-ec24-4d30-840b-3c4549dbf669 2.220s
2025-12-15 15:51:35.270 67035 INFO tempest.lib.common.rest_client [req-f1f85546-2041-48d1-9354-90bd7747ff3b req-f1f85546-2041-48d1-9354-90bd7747ff3b ] Request (DeleteServersTestJSON:test_delete_server_while_in_shutoff_state): 200 GET http://10.180.1.21/compute/v2.1/servers/3619be34-19ed-4d3d-b3ee-573126dcefbb 1.999s
2025-12-15 15:51:35.375 66999 INFO tempest.lib.common.rest_client [req-9712b9f9-179d-478c-8563-931b001a6e9e req-9712b9f9-179d-478c-8563-931b001a6e9e ] Request (QuotasSecurityGroupAdminNegativeTest:tearDownClass): 204 DELETE http://10.180.1.21/identity/v3/users/c59939afe7264aa9a72094e3e9ff5ff2 0.149s
2025-12-15 15:51:35.527 66999 INFO tempest.lib.common.rest_client [req-30820f49-c65d-4289-b1a8-e4f3c726c66e req-30820f49-c65d-4289-b1a8-e4f3c726c66e ] Request (QuotasSecurityGroupAdminNegativeTest:tearDownClass): 204 DELETE http://10.180.1.21/identity/v3/users/9ab823198c794f6fb3f1bbfff1f40b88 0.151s
2025-12-15 15:51:35.527 66999 INFO tempest.lib.common.dynamic_creds [-] Deleting project and security group for project: 9ae24baa4c9b4e4195c8e9d8c4cd863d
2025-12-15 15:51:35.601 66999 INFO tempest.lib.common.rest_client [req-b08547c8-87c4-418e-aa2a-9af69f4902ce req-b08547c8-87c4-418e-aa2a-9af69f4902ce ] Request (QuotasSecurityGroupAdminNegativeTest:tearDownClass): 201 POST http://10.180.1.21/identity/v3/auth/tokens 0.073s
2025-12-15 15:51:35.716 67031 INFO tempest.lib.common.rest_client [req-0c05e84b-cc5c-43d2-997d-f146d706a4ad req-0c05e84b-cc5c-43d2-997d-f146d706a4ad ] Request (ImagesNegativeTestJSON:tearDownClass): 204 DELETE http://10.180.1.21/networking/v2.0/routers/eb854b5f-f6cf-48b9-b56d-4521445d8d17 0.519s
2025-12-15 15:51:35.803 67037 INFO tempest.lib.common.rest_client [req-876145e2-c1a3-4e35-bfe8-759ccb67586b req-876145e2-c1a3-4e35-bfe8-759ccb67586b ] Request (ServersV294TestFqdnHostnames:setUpClass): 200 GET http://10.180.1.21/compute/v2.1/servers/b9d032da-031e-42e0-86e2-95254c1ceac1/os-interface 2.135s
2025-12-15 15:51:35.820 67045 INFO tempest.lib.common.rest_client [req-83cf74a4-07cb-4511-ab6e-84d59a81e684 req-83cf74a4-07cb-4511-ab6e-84d59a81e684 ] Request (ServerGroupTestJSON:test_create_delete_multiple_server_groups_with_same_name_policy): 200 GET http://10.180.1.21/compute/v2.1/os-server-groups 2.137s
2025-12-15 15:51:35.843 67021 INFO tempest.lib.common.rest_client [req-ea4d0fa4-4aa9-4d81-9bf3-7a5f5c700282 req-ea4d0fa4-4aa9-4d81-9bf3-7a5f5c700282 ] Request (FloatingIPsAssociationNegativeTestJSON:setUpClass): 400 POST http://10.180.1.21/compute/v2.1/servers 2.511s
2025-12-15 15:51:35.843 67021 INFO tempest.test [-] raised in FloatingIPsAssociationNegativeTestJSON.setUpClass. Invoking tearDownClass.
2025-12-15 15:51:36.008 66999 INFO tempest.lib.common.rest_client [req-e6466bfa-1a54-4b60-8f4a-8eaf0d1987f7 req-e6466bfa-1a54-4b60-8f4a-8eaf0d1987f7 ] Request (QuotasSecurityGroupAdminNegativeTest:tearDownClass): 200 GET http://10.180.1.21/networking/v2.0/security-groups?tenant_id=9ae24baa4c9b4e4195c8e9d8c4cd863d&name=default 0.406s
2025-12-15 15:51:36.122 67031 INFO tempest.lib.common.rest_client [req-b5315dc9-a603-4ceb-b729-25039215e7a4 req-b5315dc9-a603-4ceb-b729-25039215e7a4 ] Request (ImagesNegativeTestJSON:tearDownClass): 204 DELETE http://10.180.1.21/networking/v2.0/subnets/c7e46fe3-593c-41bb-bbee-48cd079089f2 0.406s
2025-12-15 15:51:36.740 67037 INFO tempest.lib.common.rest_client [req-bd5c8796-0668-4916-b576-f17bfd9ff38b req-bd5c8796-0668-4916-b576-f17bfd9ff38b ] Request (ServersV294TestFqdnHostnames:setUpClass): 200 PUT http://10.180.1.21/networking/v2.0/floatingips/320eb128-c48c-4b76-afc3-3b1390df8375 0.934s
2025-12-15 15:51:36.820 67029 INFO tempest.lib.common.rest_client [req-2bfdb17c-cf42-434e-87d5-66bf7bbc4c89 req-2bfdb17c-cf42-434e-87d5-66bf7bbc4c89 ] Request (ImagesTestJSON:test_create_server_from_snapshot): 200 GET http://10.180.1.21/compute/v2.1/servers/05882781-78be-4568-95f4-2fccc4cf4dfe 3.114s
2025-12-15 15:51:36.824 67057 INFO tempest.lib.common.rest_client [req-1938effa-ad07-4151-aa16-38ed6018e152 req-1938effa-ad07-4151-aa16-38ed6018e152 ] Request (ServersAdminNegativeTestJSON:test_reset_state_server_invalid_state): 400 POST http://10.180.1.21/compute/v2.1/servers/bc13bbe2-6e02-4d98-9e50-94f772d89ac0/action 3.089s
2025-12-15 15:51:36.830 67059 INFO tempest.lib.common.rest_client [req-88133ae4-ccb1-4f6a-a4b6-0b6a12f75f5e req-88133ae4-ccb1-4f6a-a4b6-0b6a12f75f5e ] Request (ServerMetadataNegativeTestJSON:test_server_create_metadata_key_too_long): 400 POST http://10.180.1.21/compute/v2.1/servers 2.969s
2025-12-15 15:51:36.898 67059 INFO tempest.lib.common.rest_client [req-101cc12c-61ba-4e74-96cb-932ab5241978 req-101cc12c-61ba-4e74-96cb-932ab5241978 ] Request (ServerMetadataNegativeTestJSON:test_server_create_metadata_key_too_long): 201 POST http://10.180.1.21/identity/v3/auth/tokens 0.065s
2025-12-15 15:51:36.899 67059 INFO tempest.lib.common.fixed_network [-] (ServerMetadataNegativeTestJSON:test_server_create_metadata_key_too_long) Found network {'id': 'f4333c8e-9b5a-4509-b80a-f69274d0cec4', 'name': 'tempest-ServerMetadataNegativeTestJSON-1631952192-network', 'tenant_id': 'c44198647b5c4cc692c9972a7bf347c1', 'project_id': 'c44198647b5c4cc692c9972a7bf347c1', 'admin_state_up': True, 'mtu': 8950, 'status': 'ACTIVE', 'subnets': [], 'shared': False, 'port_security_enabled': True, 'router:external': False, 'provider:network_type': 'vlan', 'provider:physical_network': 'default', 'provider:segmentation_id': 62, 'availability_zone_hints': [], 'availability_zones': [], 'ipv4_address_scope': None, 'ipv6_address_scope': None, 'description': '', 'tags': [], 'created_at': '2025-12-15T15:50:43Z', 'updated_at': '2025-12-15T15:50:43Z', 'revision_number': 1} available for tenant
2025-12-15 15:51:36.917 66999 INFO tempest.lib.common.rest_client [req-13fbe96a-9ead-42e5-a01b-6c39cbfce0b6 req-13fbe96a-9ead-42e5-a01b-6c39cbfce0b6 ] Request (QuotasSecurityGroupAdminNegativeTest:tearDownClass): 204 DELETE http://10.180.1.21/networking/v2.0/security-groups/e23851d1-7054-4d87-97d2-b6e552e0c2f7 0.908s
2025-12-15 15:51:36.996 66999 INFO tempest.lib.common.rest_client [req-a7e89426-2a05-40b4-94c2-f408eddf4d08 req-a7e89426-2a05-40b4-94c2-f408eddf4d08 ] Request (QuotasSecurityGroupAdminNegativeTest:tearDownClass): 204 DELETE http://10.180.1.21/identity/v3/projects/9ae24baa4c9b4e4195c8e9d8c4cd863d 0.078s
2025-12-15 15:51:36.997 66999 INFO tempest.lib.common.dynamic_creds [-] Deleting project and security group for project: 7c1e48bd4eb94fb4b88050e521bde953
2025-12-15 15:51:37.078 67017 INFO tempest.lib.common.rest_client [req-ad614340-4acd-4579-8f90-89537f9a9806 req-ad614340-4acd-4579-8f90-89537f9a9806 ] Request (ServersListShow2100Test:test_list_show_rebuild_update_server_2100): 202 POST http://10.180.1.21/compute/v2.1/servers 3.192s
2025-12-15 15:51:37.095 67021 INFO tempest.lib.common.rest_client [req-fe45d266-999f-4d31-b68f-777b7683e33a req-fe45d266-999f-4d31-b68f-777b7683e33a ] Request (FloatingIPsAssociationNegativeTestJSON:tearDownClass): 200 PUT http://10.180.1.21/networking/v2.0/routers/63d624ab-0fe1-4966-bed2-e641519502ef/remove_router_interface 1.251s
2025-12-15 15:51:37.103 67015 INFO tempest.lib.common.rest_client [req-d8741ea1-d093-49cd-b2ee-0a2d7c301bd3 req-d8741ea1-d093-49cd-b2ee-0a2d7c301bd3 ] Request (FlavorsAdminTestJSON:_run_cleanups): 200 GET http://10.180.1.21/compute/v2.1/flavors/detail 3.192s
2025-12-15 15:51:37.181 67051 INFO tempest.lib.common.rest_client [req-cb37a91c-4d3a-43cd-b8d2-216715cd40ee req-cb37a91c-4d3a-43cd-b8d2-216715cd40ee ] Request (MigrationsAdminTest:test_resize_server_revert_deleted_flavor): 200 GET http://10.180.1.21/compute/v2.1/servers/58fefaa4-0b17-408f-9329-78f8b5cf3fa7 3.486s
2025-12-15 15:51:37.188 67051 INFO tempest.common.waiters [-] State transition "BUILD/block_device_mapping" ==> "BUILD/spawning" after 12 second wait
2025-12-15 15:51:37.209 67031 INFO tempest.lib.common.rest_client [req-44742f32-1822-47cc-98d3-cb765d2a07d0 req-44742f32-1822-47cc-98d3-cb765d2a07d0 ] Request (ImagesNegativeTestJSON:tearDownClass): 204 DELETE http://10.180.1.21/networking/v2.0/networks/18515ee6-2926-44bf-b2bc-d5101fd6de51 1.086s
2025-12-15 15:51:37.337 66999 INFO tempest.lib.common.rest_client [req-0db8b7d7-52b1-46c0-b15d-bb7c69d6c9a0 req-0db8b7d7-52b1-46c0-b15d-bb7c69d6c9a0 ] Request (QuotasSecurityGroupAdminNegativeTest:tearDownClass): 200 GET http://10.180.1.21/networking/v2.0/security-groups?tenant_id=7c1e48bd4eb94fb4b88050e521bde953&name=default 0.339s
2025-12-15 15:51:37.369 67031 INFO tempest.lib.common.rest_client [req-849521bd-d7c8-4e47-bf0c-0337414723d9 req-849521bd-d7c8-4e47-bf0c-0337414723d9 ] Request (ImagesNegativeTestJSON:tearDownClass): 204 DELETE http://10.180.1.21/identity/v3/users/8a66322faba64e1088266a2f36ae69f3 0.160s
2025-12-15 15:51:37.370 67031 INFO tempest.lib.common.dynamic_creds [-] Deleting project and security group for project: 42e99a1d4fdb478d825190d12850ad89
2025-12-15 15:51:37.460 67039 INFO tempest.lib.common.rest_client [req-ede3e764-31be-4a3a-af64-4f49b0b1a960 req-ede3e764-31be-4a3a-af64-4f49b0b1a960 ] Request (ServerDiskConfigTestJSON:test_resize_server_from_manual_to_auto): 200 GET http://10.180.1.21/compute/v2.1/servers/047a5c42-3930-4e6a-b3a5-5dbf55d44a4f 3.490s
2025-12-15 15:51:37.476 67007 INFO tempest.lib.common.rest_client [req-dadc3de4-bb7b-4600-bd50-4c0ba8649c6c req-dadc3de4-bb7b-4600-bd50-4c0ba8649c6c ] Request (FlavorsV2TestJSON:test_list_flavors_detailed_limit_results): 200 GET http://10.180.1.21/compute/v2.1/flavors/detail?limit=1 3.169s
2025-12-15 15:51:37.500 67001 INFO tempest.lib.common.rest_client [req-f1b54b2d-af19-4a82-8cff-f79be398d368 req-f1b54b2d-af19-4a82-8cff-f79be398d368 ] Request (VolumesSnapshotsTestJSON:tearDownClass): 404 DELETE http://10.180.1.21/compute/v2.1/os-volumes/1c552b03-8241-48da-bc12-763316daa5af 3.049s
2025-12-15 15:51:37.512 67005 INFO tempest.lib.common.rest_client [req-f86daaee-5a2c-4fee-b4c7-cab9f10b7c90 req-f86daaee-5a2c-4fee-b4c7-cab9f10b7c90 ] Request (ListServersNegativeTestJSON:test_list_servers_status_non_existing): 200 GET http://10.180.1.21/compute/v2.1/servers?status=non_existing_status 2.818s
2025-12-15 15:51:37.715 67021 INFO tempest.lib.common.rest_client [req-f8bded70-264a-4d6d-8c33-3a1364d98c2a req-f8bded70-264a-4d6d-8c33-3a1364d98c2a ] Request (FloatingIPsAssociationNegativeTestJSON:tearDownClass): 204 DELETE http://10.180.1.21/networking/v2.0/routers/63d624ab-0fe1-4966-bed2-e641519502ef 0.620s
2025-12-15 15:51:37.771 67031 INFO tempest.lib.common.rest_client [req-d89f9406-9cd8-4f17-acee-5800cd068980 req-d89f9406-9cd8-4f17-acee-5800cd068980 ] Request (ImagesNegativeTestJSON:tearDownClass): 200 GET http://10.180.1.21/networking/v2.0/security-groups?tenant_id=42e99a1d4fdb478d825190d12850ad89&name=default 0.401s
2025-12-15 15:51:37.827 66999 INFO tempest.lib.common.rest_client [req-c9b1c031-2871-452e-a294-bb375edbaac7 req-c9b1c031-2871-452e-a294-bb375edbaac7 ] Request (QuotasSecurityGroupAdminNegativeTest:tearDownClass): 204 DELETE http://10.180.1.21/networking/v2.0/security-groups/431b3344-58de-4ff5-bc7c-ba616ab6ebef 0.490s
2025-12-15 15:51:37.871 67049 INFO tempest.lib.common.rest_client [req-17cea5c5-f4c7-4650-9f60-7ccd35e1d8b4 req-17cea5c5-f4c7-4650-9f60-7ccd35e1d8b4 ] Request (ServerShowV254Test:test_rebuild_server): 200 GET http://10.180.1.21/compute/v2.1/servers/d03f39a4-532b-439a-9055-19fc1e769fff 2.977s
2025-12-15 15:51:37.880 66997 INFO tempest.lib.common.rest_client [req-39052651-7e64-40e0-9c4e-8cf9410e1827 req-39052651-7e64-40e0-9c4e-8cf9410e1827 ] Request (FlavorsExtraSpecsNegativeTestJSON:test_flavor_non_admin_set_keys): 403 POST http://10.180.1.21/compute/v2.1/flavors/451863224/os-extra_specs 2.987s
2025-12-15 15:51:37.889 67049 INFO tempest.common.waiters [-] State transition "REBUILD/rebuild_spawning" ==> "ACTIVE/None" after 11 second wait
2025-12-15 15:51:37.925 67011 INFO tempest.lib.common.rest_client [req-b0882e00-2d3f-4cfb-821f-78deb26e9c23 req-b0882e00-2d3f-4cfb-821f-78deb26e9c23 ] Request (SecurityGroupsTestAdminJSON:_run_cleanups): 202 DELETE http://10.180.1.21/compute/v2.1/os-security-groups/9dcb9363-bda0-4c85-a7cc-90566fbc6b25 3.711s
2025-12-15 15:51:37.998 67021 INFO tempest.lib.common.rest_client [req-f23d9b15-0e04-4918-b66b-a0aa8baa8a23 req-f23d9b15-0e04-4918-b66b-a0aa8baa8a23 ] Request (FloatingIPsAssociationNegativeTestJSON:tearDownClass): 204 DELETE http://10.180.1.21/networking/v2.0/subnets/8df01e3f-a21d-4103-8fb5-3ba25f7e789f 0.282s
2025-12-15 15:51:38.018 66999 INFO tempest.lib.common.rest_client [req-825ea630-a8fd-4f80-b485-70be7b99544e req-825ea630-a8fd-4f80-b485-70be7b99544e ] Request (QuotasSecurityGroupAdminNegativeTest:tearDownClass): 204 DELETE http://10.180.1.21/identity/v3/projects/7c1e48bd4eb94fb4b88050e521bde953 0.190s
2025-12-15 15:51:38.037 67011 INFO tempest.lib.common.rest_client [req-578d6476-aabe-4676-b2a2-6acf939974b9 req-578d6476-aabe-4676-b2a2-6acf939974b9 ] Request (SecurityGroupsTestAdminJSON:tearDownClass): 204 DELETE http://10.180.1.21/identity/v3/users/02e7c01e721a48dcb160d7eb1a11f70e 0.110s
2025-12-15 15:51:38.087 66999 INFO tempest.lib.common.rest_client [req-85c98896-74af-4627-8549-929267cc9690 req-85c98896-74af-4627-8549-929267cc9690 ] Request (ImagesMetadataNegativeTestJSON:setUpClass): 201 POST http://10.180.1.21/identity/v3/auth/tokens 0.066s
2025-12-15 15:51:38.116 67031 INFO tempest.lib.common.rest_client [req-41a5aa62-4934-46e3-bd75-a70b3756b19b req-41a5aa62-4934-46e3-bd75-a70b3756b19b ] Request (ImagesNegativeTestJSON:tearDownClass): 204 DELETE http://10.180.1.21/networking/v2.0/security-groups/52499fef-57b1-4d84-a70b-4c95ec9d26a7 0.344s
2025-12-15 15:51:38.140 67011 INFO tempest.lib.common.rest_client [req-c438f7d6-8c85-4ab5-8f5c-ba340cd22352 req-c438f7d6-8c85-4ab5-8f5c-ba340cd22352 ] Request (SecurityGroupsTestAdminJSON:tearDownClass): 204 DELETE http://10.180.1.21/identity/v3/users/523cf375d0f04b58bcd758efc3dfb923 0.102s
2025-12-15 15:51:38.140 67011 INFO tempest.lib.common.dynamic_creds [-] Deleting project and security group for project: 5c03f414879a4e63bf54520698eb8543
2025-12-15 15:51:38.160 66999 INFO tempest.lib.common.rest_client [req-5d5bd555-f0e2-4bb0-9a04-5c9c5157023f req-5d5bd555-f0e2-4bb0-9a04-5c9c5157023f ] Request (ImagesMetadataNegativeTestJSON:setUpClass): 201 POST http://10.180.1.21/identity/v3/auth/tokens 0.069s
2025-12-15 15:51:38.234 67023 INFO tempest.lib.common.rest_client [req-7997581b-bfbf-4708-b59e-0f8bc8554369 req-7997581b-bfbf-4708-b59e-0f8bc8554369 ] Request (ImagesOneServerNegativeTestJSON:_run_cleanups): 200 GET http://10.180.1.21/compute/v2.1/servers/0f6055b9-f5b4-48ba-9589-0af212808be7 2.952s
2025-12-15 15:51:38.237 67011 INFO tempest.lib.common.rest_client [req-aea47046-2ade-4e00-ac2e-cfc2d9f909f5 req-aea47046-2ade-4e00-ac2e-cfc2d9f909f5 ] Request (SecurityGroupsTestAdminJSON:tearDownClass): 201 POST http://10.180.1.21/identity/v3/auth/tokens 0.096s
2025-12-15 15:51:38.245 67023 INFO tempest.common.waiters [-] State transition "BUILD/networking" ==> "BUILD/spawning" after 12 second wait
2025-12-15 15:51:38.265 67031 INFO tempest.lib.common.rest_client [req-7be9a06f-20d1-4085-b9ec-54816c432dcd req-7be9a06f-20d1-4085-b9ec-54816c432dcd ] Request (ImagesNegativeTestJSON:tearDownClass): 204 DELETE http://10.180.1.21/identity/v3/projects/42e99a1d4fdb478d825190d12850ad89 0.148s
2025-12-15 15:51:38.299 67031 INFO tempest.lib.common.rest_client [req-5dafee7a-78e2-4fa5-a1ce-740ad8760c45 req-5dafee7a-78e2-4fa5-a1ce-740ad8760c45 ] Request (AttachInterfacesTestJSON:setUpClass): 201 POST http://10.180.1.21/identity/v3/auth/tokens 0.032s
2025-12-15 15:51:38.303 66999 INFO tempest.lib.common.rest_client [req-c77aa4f7-31f9-4441-af5e-050732bd6a34 req-c77aa4f7-31f9-4441-af5e-050732bd6a34 ] Request (ImagesMetadataNegativeTestJSON:setUpClass): 200 GET http://10.180.1.21/identity/v3/domains?name=Default 0.142s
2025-12-15 15:51:38.330 67031 INFO tempest.lib.common.rest_client [req-47247a79-2a93-434a-a3b5-616c8a2bdf27 req-47247a79-2a93-434a-a3b5-616c8a2bdf27 ] Request (AttachInterfacesTestJSON:setUpClass): 201 POST http://10.180.1.21/identity/v3/auth/tokens 0.029s
2025-12-15 15:51:38.336 66999 INFO tempest.lib.common.rest_client [req-35491c12-738e-4260-8e52-ac3d6262d1ff req-35491c12-738e-4260-8e52-ac3d6262d1ff ] Request (ImagesMetadataNegativeTestJSON:setUpClass): 201 POST http://10.180.1.21/identity/v3/projects 0.032s
2025-12-15 15:51:38.409 67031 INFO tempest.lib.common.rest_client [req-63c97b49-bd40-4400-8bb7-d7d2e15d62b6 req-63c97b49-bd40-4400-8bb7-d7d2e15d62b6 ] Request (AttachInterfacesTestJSON:setUpClass): 200 GET http://10.180.1.21/identity/v3/domains?name=Default 0.079s
2025-12-15 15:51:38.411 67021 INFO tempest.lib.common.rest_client [req-34dd56d6-57ff-4655-83d9-6467edd340cf req-34dd56d6-57ff-4655-83d9-6467edd340cf ] Request (FloatingIPsAssociationNegativeTestJSON:tearDownClass): 204 DELETE http://10.180.1.21/networking/v2.0/networks/93051c98-5579-4276-bceb-16976c783536 0.412s
2025-12-15 15:51:38.420 66999 INFO tempest.lib.common.rest_client [req-f8a5f32f-51da-484d-8aba-b5d9b6b7523f req-f8a5f32f-51da-484d-8aba-b5d9b6b7523f ] Request (ImagesMetadataNegativeTestJSON:setUpClass): 201 POST http://10.180.1.21/identity/v3/users 0.084s
2025-12-15 15:51:38.442 67031 INFO tempest.lib.common.rest_client [req-d0d1ccdb-dab0-4451-a714-1bfb73bcf3dd req-d0d1ccdb-dab0-4451-a714-1bfb73bcf3dd ] Request (AttachInterfacesTestJSON:setUpClass): 201 POST http://10.180.1.21/identity/v3/projects 0.032s
2025-12-15 15:51:38.504 67021 INFO tempest.lib.common.rest_client [req-072679dc-0d6d-4935-a006-081ed61933fd req-072679dc-0d6d-4935-a006-081ed61933fd ] Request (FloatingIPsAssociationNegativeTestJSON:tearDownClass): 204 DELETE http://10.180.1.21/identity/v3/users/2273e5d77b80477eac881f4f525a0e20 0.092s
2025-12-15 15:51:38.505 67021 INFO tempest.lib.common.dynamic_creds [-] Deleting project and security group for project: 56c5be4f253c4c6fa8f02014bca79fbf
2025-12-15 15:51:38.523 66999 INFO tempest.lib.common.rest_client [req-12e7e8bd-42a0-41d5-a3ef-1bd7cbcdbaaf req-12e7e8bd-42a0-41d5-a3ef-1bd7cbcdbaaf ] Request (ImagesMetadataNegativeTestJSON:setUpClass): 200 GET http://10.180.1.21/identity/v3/roles 0.102s
2025-12-15 15:51:38.556 67031 INFO tempest.lib.common.rest_client [req-30e3cc02-bea2-4758-a804-49ab94029a76 req-30e3cc02-bea2-4758-a804-49ab94029a76 ] Request (AttachInterfacesTestJSON:setUpClass): 201 POST http://10.180.1.21/identity/v3/users 0.114s
2025-12-15 15:51:38.582 66999 INFO tempest.lib.common.rest_client [req-5e33b3f8-1e73-409e-b4f7-675f278a8cd6 req-5e33b3f8-1e73-409e-b4f7-675f278a8cd6 ] Request (ImagesMetadataNegativeTestJSON:setUpClass): 204 PUT http://10.180.1.21/identity/v3/projects/8d1d14a006de448b86630dd288d5bd70/users/4cf6c0f5e3444aa1b8b3aecb0f3a09dd/roles/19a6379bce744e4da729605bb4d18791 0.058s
2025-12-15 15:51:38.582 66999 INFO tempest.lib.common.dynamic_creds [-] Dynamic test user 4cf6c0f5e3444aa1b8b3aecb0f3a09dd is created with scope project and roles: ['member']
2025-12-15 15:51:38.583 66999 INFO tempest.lib.common.dynamic_creds [-] Acquired dynamic creds: credentials: Credentials: {'domain_id': 'default', 'domain_name': 'Default', 'username': 'tempest-ImagesMetadataNegativeTestJSON-1299692165-project-member', 'project_domain_id': 'default', 'project_domain_name': 'Default', 'project_id': '8d1d14a006de448b86630dd288d5bd70', 'project_name': 'tempest-ImagesMetadataNegativeTestJSON-1299692165', 'tenant_id': '8d1d14a006de448b86630dd288d5bd70', 'tenant_name': 'tempest-ImagesMetadataNegativeTestJSON-1299692165', 'user_domain_id': 'default', 'user_domain_name': 'Default', 'user_id': '4cf6c0f5e3444aa1b8b3aecb0f3a09dd', 'system': None}, Network: None, Subnet: None, Router: None
2025-12-15 15:51:38.583 66999 INFO tempest.lib.common.dynamic_creds [-] Created isolated network resources for: credentials: Credentials: {'domain_id': 'default', 'domain_name': 'Default', 'username': 'tempest-ImagesMetadataNegativeTestJSON-1299692165-project-member', 'project_domain_id': 'default', 'project_domain_name': 'Default', 'project_id': '8d1d14a006de448b86630dd288d5bd70', 'project_name': 'tempest-ImagesMetadataNegativeTestJSON-1299692165', 'tenant_id': '8d1d14a006de448b86630dd288d5bd70', 'tenant_name': 'tempest-ImagesMetadataNegativeTestJSON-1299692165', 'user_domain_id': 'default', 'user_domain_name': 'Default', 'user_id': '4cf6c0f5e3444aa1b8b3aecb0f3a09dd', 'system': None}, Network: None, Subnet: None, Router: None
2025-12-15 15:51:38.620 67011 INFO tempest.lib.common.rest_client [req-f5d48ca8-c5f2-40df-b92b-628d1f5c968b req-f5d48ca8-c5f2-40df-b92b-628d1f5c968b ] Request (SecurityGroupsTestAdminJSON:tearDownClass): 200 GET http://10.180.1.21/networking/v2.0/security-groups?tenant_id=5c03f414879a4e63bf54520698eb8543&name=default 0.383s
2025-12-15 15:51:38.629 67031 INFO tempest.lib.common.rest_client [req-227a5981-18bc-4427-8e41-7b6af62c12bc req-227a5981-18bc-4427-8e41-7b6af62c12bc ] Request (AttachInterfacesTestJSON:setUpClass): 200 GET http://10.180.1.21/identity/v3/roles 0.073s
2025-12-15 15:51:38.652 67003 INFO tempest.lib.common.rest_client [req-d46e5772-a6a9-4e5b-abce-51b16171189b req-d46e5772-a6a9-4e5b-abce-51b16171189b ] Request (ListImageFiltersTestJSON:setUpClass): 200 GET http://10.180.1.21/compute/v2.1/servers/e508b1e9-cbb0-408c-98e1-d54ceaec1f1b 3.315s
2025-12-15 15:51:38.653 66999 INFO tempest.lib.common.rest_client [req-01bcd7ac-1f2c-4910-bb84-68a24afca1b1 req-01bcd7ac-1f2c-4910-bb84-68a24afca1b1 ] Request (ImagesMetadataNegativeTestJSON:setUpClass): 201 POST http://10.180.1.21/identity/v3/auth/tokens 0.067s
2025-12-15 15:51:38.656 67031 INFO tempest.lib.common.rest_client [req-19957bed-90b0-4d6d-aa15-310e10b81e7e req-19957bed-90b0-4d6d-aa15-310e10b81e7e ] Request (AttachInterfacesTestJSON:setUpClass): 204 PUT http://10.180.1.21/identity/v3/projects/b8bf67e741634b7fb4c33a786ddb9563/users/481263a5edbc4365b6b3a7ef9adcb7e5/roles/19a6379bce744e4da729605bb4d18791 0.026s
2025-12-15 15:51:38.656 67031 INFO tempest.lib.common.dynamic_creds [-] Dynamic test user 481263a5edbc4365b6b3a7ef9adcb7e5 is created with scope project and roles: ['member']
2025-12-15 15:51:38.657 67031 INFO tempest.lib.common.dynamic_creds [-] Acquired dynamic creds: credentials: Credentials: {'domain_id': 'default', 'domain_name': 'Default', 'username': 'tempest-AttachInterfacesTestJSON-1399918532-project-member', 'project_domain_id': 'default', 'project_domain_name': 'Default', 'project_id': 'b8bf67e741634b7fb4c33a786ddb9563', 'project_name': 'tempest-AttachInterfacesTestJSON-1399918532', 'tenant_id': 'b8bf67e741634b7fb4c33a786ddb9563', 'tenant_name': 'tempest-AttachInterfacesTestJSON-1399918532', 'user_domain_id': 'default', 'user_domain_name': 'Default', 'user_id': '481263a5edbc4365b6b3a7ef9adcb7e5', 'system': None}, Network: None, Subnet: None, Router: None
2025-12-15 15:51:38.659 67003 INFO tempest.common.waiters [-] State transition "BUILD/None" ==> "BUILD/spawning" after 11 second wait
2025-12-15 15:51:38.664 67009 INFO tempest.lib.common.rest_client [req-f4766618-27e6-4e5d-8bcb-e87e45463050 req-f4766618-27e6-4e5d-8bcb-e87e45463050 ] Request (ServerRescueTestJSONUnderV235:setUpClass): 200 GET http://10.180.1.21/compute/v2.1/servers/dad5ed23-71a1-4b55-856f-2484f8e62708 3.268s
2025-12-15 15:51:38.718 67045 INFO tempest.lib.common.rest_client [req-86ede11a-cc73-4807-b26c-d0893f9ee2ec req-86ede11a-cc73-4807-b26c-d0893f9ee2ec ] Request (ServerGroupTestJSON:test_create_delete_server_group_with_affinity_policy): 200 POST http://10.180.1.21/compute/v2.1/os-server-groups 2.895s
2025-12-15 15:51:38.723 67031 INFO tempest.lib.common.rest_client [req-b735ebc9-44f8-4341-8c48-b7a10a3393e9 req-b735ebc9-44f8-4341-8c48-b7a10a3393e9 ] Request (AttachInterfacesTestJSON:setUpClass): 201 POST http://10.180.1.21/identity/v3/auth/tokens 0.066s
2025-12-15 15:51:38.781 67021 INFO tempest.lib.common.rest_client [req-4403db7a-10a4-4a3b-9821-24191b1abecb req-4403db7a-10a4-4a3b-9821-24191b1abecb ] Request (FloatingIPsAssociationNegativeTestJSON:tearDownClass): 200 GET http://10.180.1.21/networking/v2.0/security-groups?tenant_id=56c5be4f253c4c6fa8f02014bca79fbf&name=default 0.276s
2025-12-15 15:51:38.872 67011 INFO tempest.lib.common.rest_client [req-39fca021-a4e0-4b59-bc4a-fd8f5af2116c req-39fca021-a4e0-4b59-bc4a-fd8f5af2116c ] Request (SecurityGroupsTestAdminJSON:tearDownClass): 204 DELETE http://10.180.1.21/networking/v2.0/security-groups/b43aae9e-2fef-43d0-a9d7-08777cf72f97 0.251s
2025-12-15 15:51:38.908 67055 INFO tempest.lib.common.rest_client [req-913eddef-ba38-42c2-88bb-43445d0e001d req-913eddef-ba38-42c2-88bb-43445d0e001d ] Request (ServersListShow298Test:test_list_show_update_rebuild_server_298): 200 GET http://10.180.1.21/compute/v2.1/servers/61042df0-a727-4aa8-b2ea-bdc40899d0fc 3.173s
2025-12-15 15:51:38.952 67011 INFO tempest.lib.common.rest_client [req-f6e40aa8-54a4-47e9-a3c4-7d0762987484 req-f6e40aa8-54a4-47e9-a3c4-7d0762987484 ] Request (SecurityGroupsTestAdminJSON:tearDownClass): 204 DELETE http://10.180.1.21/identity/v3/projects/5c03f414879a4e63bf54520698eb8543 0.080s
2025-12-15 15:51:38.953 67011 INFO tempest.lib.common.dynamic_creds [-] Deleting project and security group for project: 244205ae0204462cbba67578d6b1a3cc
2025-12-15 15:51:39.219 67031 INFO tempest.lib.common.rest_client [req-76060d9f-a043-4619-8075-bfc52a4b7229 req-76060d9f-a043-4619-8075-bfc52a4b7229 ] Request (AttachInterfacesTestJSON:setUpClass): 201 POST http://10.180.1.21/networking/v2.0/networks 0.495s
2025-12-15 15:51:39.588 67019 INFO tempest.lib.common.rest_client [req-44c0e79c-7794-4b28-b6d5-de59512ef21c req-44c0e79c-7794-4b28-b6d5-de59512ef21c ] Request (SecurityGroupsTestJSON:test_server_security_groups): 200 GET http://10.180.1.21/compute/v2.1/servers/25c7bd59-ec24-4d30-840b-3c4549dbf669 3.353s
2025-12-15 15:51:39.596 67019 INFO tempest.common.waiters [-] State transition "BUILD/None" ==> "BUILD/networking" after 12 second wait
2025-12-15 15:51:39.602 67035 INFO tempest.lib.common.rest_client [req-1ac12aee-9ecc-42c5-af25-9282fda31f0d req-1ac12aee-9ecc-42c5-af25-9282fda31f0d ] Request (DeleteServersTestJSON:test_delete_server_while_in_shutoff_state): 200 GET http://10.180.1.21/compute/v2.1/servers/3619be34-19ed-4d3d-b3ee-573126dcefbb 3.321s
2025-12-15 15:51:39.613 67021 INFO tempest.lib.common.rest_client [req-5f7fa09f-7d67-465a-bfc3-e9c3fbaad848 req-5f7fa09f-7d67-465a-bfc3-e9c3fbaad848 ] Request (FloatingIPsAssociationNegativeTestJSON:tearDownClass): 204 DELETE http://10.180.1.21/networking/v2.0/security-groups/0951b66c-316f-4cf8-b6e5-c7e327519997 0.832s
2025-12-15 15:51:39.626 67011 INFO tempest.lib.common.rest_client [req-9828310e-527d-4cbd-8292-d3768d336534 req-9828310e-527d-4cbd-8292-d3768d336534 ] Request (SecurityGroupsTestAdminJSON:tearDownClass): 200 GET http://10.180.1.21/networking/v2.0/security-groups?tenant_id=244205ae0204462cbba67578d6b1a3cc&name=default 0.673s
2025-12-15 15:51:39.633 67057 INFO tempest.lib.common.rest_client [req-b7025eb8-e4c1-43e2-bd16-84c54d6f2ec6 req-b7025eb8-e4c1-43e2-bd16-84c54d6f2ec6 ] Request (ServersAdminNegativeTestJSON:test_reset_state_server_invalid_type): 400 POST http://10.180.1.21/compute/v2.1/servers/bc13bbe2-6e02-4d98-9e50-94f772d89ac0/action 2.805s
2025-12-15 15:51:39.641 67059 INFO tempest.lib.common.rest_client [req-7d69a6bf-c633-47d6-8905-756bc191aca2 req-7d69a6bf-c633-47d6-8905-756bc191aca2 ] Request (ServerMetadataNegativeTestJSON:test_server_create_metadata_key_too_long): 400 POST http://10.180.1.21/compute/v2.1/servers 2.741s
2025-12-15 15:51:39.718 67059 INFO tempest.lib.common.rest_client [req-913d5818-d799-449e-82f5-34dd8a2dd900 req-913d5818-d799-449e-82f5-34dd8a2dd900 ] Request (ServerMetadataNegativeTestJSON:test_server_create_metadata_key_too_long): 201 POST http://10.180.1.21/identity/v3/auth/tokens 0.073s
2025-12-15 15:51:39.718 67059 INFO tempest.lib.common.fixed_network [-] (ServerMetadataNegativeTestJSON:test_server_create_metadata_key_too_long) Found network {'id': 'f4333c8e-9b5a-4509-b80a-f69274d0cec4', 'name': 'tempest-ServerMetadataNegativeTestJSON-1631952192-network', 'tenant_id': 'c44198647b5c4cc692c9972a7bf347c1', 'project_id': 'c44198647b5c4cc692c9972a7bf347c1', 'admin_state_up': True, 'mtu': 8950, 'status': 'ACTIVE', 'subnets': [], 'shared': False, 'port_security_enabled': True, 'router:external': False, 'provider:network_type': 'vlan', 'provider:physical_network': 'default', 'provider:segmentation_id': 62, 'availability_zone_hints': [], 'availability_zones': [], 'ipv4_address_scope': None, 'ipv6_address_scope': None, 'description': '', 'tags': [], 'created_at': '2025-12-15T15:50:43Z', 'updated_at': '2025-12-15T15:50:43Z', 'revision_number': 1} available for tenant
2025-12-15 15:51:39.719 67021 INFO tempest.lib.common.rest_client [req-05780d1f-cc16-42ee-9512-f2b2676d6f18 req-05780d1f-cc16-42ee-9512-f2b2676d6f18 ] Request (FloatingIPsAssociationNegativeTestJSON:tearDownClass): 204 DELETE http://10.180.1.21/identity/v3/projects/56c5be4f253c4c6fa8f02014bca79fbf 0.105s
2025-12-15 15:51:39.781 67021 INFO tempest.lib.common.rest_client [req-d22494bb-0dfd-4d4f-a047-b7a62c342daf req-d22494bb-0dfd-4d4f-a047-b7a62c342daf ] Request (ServerShowV263Test:setUpClass): 201 POST http://10.180.1.21/identity/v3/auth/tokens 0.057s
2025-12-15 15:51:39.791 67031 INFO tempest.lib.common.rest_client [req-6979dec9-7690-43b3-96fb-275e92bdc3ae req-6979dec9-7690-43b3-96fb-275e92bdc3ae ] Request (AttachInterfacesTestJSON:setUpClass): 201 POST http://10.180.1.21/networking/v2.0/subnets 0.571s
2025-12-15 15:51:39.816 67021 INFO tempest.lib.common.rest_client [req-ea9b4c3b-ac46-4931-b9e4-9200d86d8fa3 req-ea9b4c3b-ac46-4931-b9e4-9200d86d8fa3 ] Request (ServerShowV263Test:setUpClass): 201 POST http://10.180.1.21/identity/v3/auth/tokens 0.033s
2025-12-15 15:51:39.840 67021 INFO tempest.lib.common.rest_client [req-f86375f4-c1b0-4bbe-a8ed-38c25244d2fe req-f86375f4-c1b0-4bbe-a8ed-38c25244d2fe ] Request (ServerShowV263Test:setUpClass): 200 GET http://10.180.1.21/identity/v3/domains?name=Default 0.023s
2025-12-15 15:51:39.870 67021 INFO tempest.lib.common.rest_client [req-18d37672-6ea7-48a0-8dfb-37b2c5324f51 req-18d37672-6ea7-48a0-8dfb-37b2c5324f51 ] Request (ServerShowV263Test:setUpClass): 201 POST http://10.180.1.21/identity/v3/projects 0.029s
2025-12-15 15:51:39.912 67011 INFO tempest.lib.common.rest_client [req-cd4b0266-2240-4da3-91de-a5baf9282298 req-cd4b0266-2240-4da3-91de-a5baf9282298 ] Request (SecurityGroupsTestAdminJSON:tearDownClass): 204 DELETE http://10.180.1.21/networking/v2.0/security-groups/055c7528-12a6-454e-b573-d6f0d38e5614 0.285s
2025-12-15 15:51:39.931 67021 INFO tempest.lib.common.rest_client [req-9507c27d-1a7a-43eb-bc7f-934650119de9 req-9507c27d-1a7a-43eb-bc7f-934650119de9 ] Request (ServerShowV263Test:setUpClass): 201 POST http://10.180.1.21/identity/v3/users 0.060s
2025-12-15 15:51:39.939 67037 INFO tempest.lib.common.rest_client [req-90f7ddad-d564-49aa-b61b-187d3b50a1f1 req-90f7ddad-d564-49aa-b61b-187d3b50a1f1 ] Request (ServersV294TestFqdnHostnames:setUpClass): 200 GET http://10.180.1.21/compute/v2.1/servers/b9d032da-031e-42e0-86e2-95254c1ceac1 3.198s
2025-12-15 15:51:39.949 67037 INFO tempest.api.compute.base [-] Attempting to verify tagged devices in server b9d032da-031e-42e0-86e2-95254c1ceac1 via the metadata service: http://169.254.169.254/openstack/latest/meta_data.json
2025-12-15 15:51:39.950 67037 INFO tempest.lib.common.ssh [-] Creating ssh connection to '10.180.180.209:22' as 'cirros' with public key authentication
2025-12-15 15:51:39.954 67021 INFO tempest.lib.common.rest_client [req-841d6882-5e9b-406a-9a4d-16d5f221de4f req-841d6882-5e9b-406a-9a4d-16d5f221de4f ] Request (ServerShowV263Test:setUpClass): 200 GET http://10.180.1.21/identity/v3/roles 0.023s
2025-12-15 15:51:39.956 67015 INFO tempest.lib.common.rest_client [req-0b03a728-c59e-45c7-884d-a7dab60cfa25 req-0b03a728-c59e-45c7-884d-a7dab60cfa25 ] Request (FlavorsAdminTestJSON:_run_cleanups): 202 DELETE http://10.180.1.21/compute/v2.1/flavors/1710402414 2.848s
2025-12-15 15:51:39.974 67011 INFO tempest.lib.common.rest_client [req-f5d36c26-085f-4f9c-82a0-3384760cffcf req-f5d36c26-085f-4f9c-82a0-3384760cffcf ] Request (SecurityGroupsTestAdminJSON:tearDownClass): 204 DELETE http://10.180.1.21/identity/v3/projects/244205ae0204462cbba67578d6b1a3cc 0.061s
2025-12-15 15:51:39.976 67011 INFO tempest.test [-] raised in SpiceDirectConsoleTestJSON.setUpClass. Invoking tearDownClass.
2025-12-15 15:51:39.980 67011 INFO tempest.test [-] raised in AttachVolumeMultiAttachTest.setUpClass. Invoking tearDownClass.
2025-12-15 15:51:39.984 67017 INFO tempest.lib.common.rest_client [req-1d6ff1fa-b0ec-497f-8d59-abd4cc1be8e0 req-1d6ff1fa-b0ec-497f-8d59-abd4cc1be8e0 ] Request (ServersListShow2100Test:test_list_show_rebuild_update_server_2100): 200 GET http://10.180.1.21/compute/v2.1/servers/081457ae-e152-410c-bca7-4d43b95eee10 2.904s
2025-12-15 15:51:39.999 67007 INFO tempest.lib.common.rest_client [req-c7ec0790-4a78-4e88-b04f-d9c61c654c75 req-c7ec0790-4a78-4e88-b04f-d9c61c654c75 ] Request (FlavorsV2TestJSON:test_list_flavors_detailed_using_marker): 200 GET http://10.180.1.21/compute/v2.1/flavors/42 2.519s
2025-12-15 15:51:40.037 67001 INFO tempest.lib.common.rest_client [req-22c95b5a-7081-45b3-9208-06e8df35dd3e req-22c95b5a-7081-45b3-9208-06e8df35dd3e ] Request (VolumesSnapshotsTestJSON:tearDownClass): 404 GET http://10.180.1.21/compute/v2.1/os-volumes/1c552b03-8241-48da-bc12-763316daa5af 2.536s
2025-12-15 15:51:40.057 67021 INFO tempest.lib.common.rest_client [req-5a0b07f5-97e8-4379-b96f-b4d2f3d5d3b2 req-5a0b07f5-97e8-4379-b96f-b4d2f3d5d3b2 ] Request (ServerShowV263Test:setUpClass): 204 PUT http://10.180.1.21/identity/v3/projects/c02d02bca3d34d709a3d5975f30b38cc/users/e98e1c59600648c4931ee5bbd8789db0/roles/19a6379bce744e4da729605bb4d18791 0.102s
2025-12-15 15:51:40.057 67021 INFO tempest.lib.common.dynamic_creds [-] Dynamic test user e98e1c59600648c4931ee5bbd8789db0 is created with scope project and roles: ['member']
2025-12-15 15:51:40.057 67021 INFO tempest.lib.common.dynamic_creds [-] Acquired dynamic creds: credentials: Credentials: {'domain_id': 'default', 'domain_name': 'Default', 'username': 'tempest-ServerShowV263Test-1425702391-project-member', 'project_domain_id': 'default', 'project_domain_name': 'Default', 'project_id': 'c02d02bca3d34d709a3d5975f30b38cc', 'project_name': 'tempest-ServerShowV263Test-1425702391', 'tenant_id': 'c02d02bca3d34d709a3d5975f30b38cc', 'tenant_name': 'tempest-ServerShowV263Test-1425702391', 'user_domain_id': 'default', 'user_domain_name': 'Default', 'user_id': 'e98e1c59600648c4931ee5bbd8789db0', 'system': None}, Network: None, Subnet: None, Router: None
2025-12-15 15:51:40.057 67021 INFO tempest.lib.common.dynamic_creds [-] Created isolated network resources for: credentials: Credentials: {'domain_id': 'default', 'domain_name': 'Default', 'username': 'tempest-ServerShowV263Test-1425702391-project-member', 'project_domain_id': 'default', 'project_domain_name': 'Default', 'project_id': 'c02d02bca3d34d709a3d5975f30b38cc', 'project_name': 'tempest-ServerShowV263Test-1425702391', 'tenant_id': 'c02d02bca3d34d709a3d5975f30b38cc', 'tenant_name': 'tempest-ServerShowV263Test-1425702391', 'user_domain_id': 'default', 'user_domain_name': 'Default', 'user_id': 'e98e1c59600648c4931ee5bbd8789db0', 'system': None}, Network: None, Subnet: None, Router: None
2025-12-15 15:51:40.139 67039 INFO tempest.lib.common.rest_client [req-c943d1b1-c05c-46e3-9344-0ef86fffdbd4 req-c943d1b1-c05c-46e3-9344-0ef86fffdbd4 ] Request (ServerDiskConfigTestJSON:test_resize_server_from_manual_to_auto): 202 POST http://10.180.1.21/compute/v2.1/servers/047a5c42-3930-4e6a-b3a5-5dbf55d44a4f/action 2.671s
2025-12-15 15:51:40.152 67021 INFO tempest.lib.common.rest_client [req-f56ba4bc-64b0-41ad-95d3-8e0556816004 req-f56ba4bc-64b0-41ad-95d3-8e0556816004 ] Request (ServerShowV263Test:setUpClass): 201 POST http://10.180.1.21/identity/v3/auth/tokens 0.090s
2025-12-15 15:51:40.152 67005 INFO tempest.lib.common.rest_client [req-42744e22-e138-462e-afed-ec171f6b7a60 req-42744e22-e138-462e-afed-ec171f6b7a60 ] Request (ListServersNegativeTestJSON:test_list_servers_with_a_deleted_server): 200 GET http://10.180.1.21/compute/v2.1/servers 2.636s
2025-12-15 15:51:40.174 67001 INFO tempest.lib.common.rest_client [req-67a0b8f7-3d17-471d-bd7b-2f73eaf4923d req-67a0b8f7-3d17-471d-bd7b-2f73eaf4923d ] Request (VolumesSnapshotsTestJSON:tearDownClass): 204 DELETE http://10.180.1.21/identity/v3/users/3e141d125700431c891fa27fd28f7b37 0.137s
2025-12-15 15:51:40.174 67001 INFO tempest.lib.common.dynamic_creds [-] Deleting project and security group for project: 979f0139b52d47df9982e1742810c6ad
2025-12-15 15:51:40.179 66997 INFO tempest.lib.common.rest_client [req-eeee2696-582f-409f-a623-9e2a437f5513 req-eeee2696-582f-409f-a623-9e2a437f5513 ] Request (FlavorsExtraSpecsNegativeTestJSON:test_flavor_non_admin_unset_keys): 200 POST http://10.180.1.21/compute/v2.1/flavors/451863224/os-extra_specs 2.297s
2025-12-15 15:51:40.197 67049 INFO tempest.lib.common.rest_client [req-5f39eb3d-4447-4c1d-b409-46a641c0c90b req-5f39eb3d-4447-4c1d-b409-46a641c0c90b ] Request (ServerShowV254Test:_run_cleanups): 204 DELETE http://10.180.1.21/compute/v2.1/os-keypairs/tempest-ServerShowV254Test-keypair-607440556 2.306s
