2025-12-15 15:49:33.919 67013 INFO tempest.lib.common.dynamic_creds [-] Acquired dynamic creds: credentials: Credentials: {'domain_id': 'default', 'domain_name': 'Default', 'username': 'tempest-AttachInterfacesV270Test-1113026997-project-member', 'project_domain_id': 'default', 'project_domain_name': 'Default', 'project_id': 'f0491868635d401c937c0b04ce970fab', 'project_name': 'tempest-AttachInterfacesV270Test-1113026997', 'tenant_id': 'f0491868635d401c937c0b04ce970fab', 'tenant_name': 'tempest-AttachInterfacesV270Test-1113026997', 'user_domain_id': 'default', 'user_domain_name': 'Default', 'user_id': '098ffdca98d741ad98d3297ce8119fa9', 'system': None}, Network: None, Subnet: None, Router: None
2025-12-15 15:49:33.936 67025 INFO tempest.lib.common.rest_client [req-28644af8-41f6-448f-8b8a-d08af45037bf req-28644af8-41f6-448f-8b8a-d08af45037bf ] Request (FloatingIPDetailsTestJSON:setUpClass): 201 POST http://10.180.1.21/identity/v3/auth/tokens 0.074s
2025-12-15 15:49:33.962 67013 INFO tempest.lib.common.rest_client [req-9d2731d3-1948-4e58-ac16-8f51a05a0070 req-9d2731d3-1948-4e58-ac16-8f51a05a0070 ] Request (AttachInterfacesV270Test:setUpClass): 201 POST http://10.180.1.21/identity/v3/auth/tokens 0.043s
2025-12-15 15:49:33.987 67033 INFO tempest.lib.common.rest_client [req-d1ab085d-e821-480c-937a-8c8b723b2a6d req-d1ab085d-e821-480c-937a-8c8b723b2a6d ] Request (HypervisorAdminV228Test:setUpClass): 201 POST http://10.180.1.21/identity/v3/projects 0.118s
2025-12-15 15:49:34.017 67049 INFO tempest.lib.common.rest_client [req-c9ef7481-9970-4664-88ec-09dce81ef690 req-c9ef7481-9970-4664-88ec-09dce81ef690 ] Request (SecurityGroupRulesNegativeTestJSON:test_create_security_group_rule_with_invalid_from_port): 200 POST http://10.180.1.21/compute/v2.1/os-security-groups 4.907s
2025-12-15 15:49:34.035 67001 INFO tempest.lib.common.rest_client [req-383f26d3-997a-4a29-9c76-b2363f990b8f req-383f26d3-997a-4a29-9c76-b2363f990b8f ] Request (FlavorsExtraSpecsTestJSON:test_flavor_non_admin_get_specific_key): 200 GET http://10.180.1.21/compute/v2.1/flavors/948031595/os-extra_specs/hw:numa_nodes 4.739s
2025-12-15 15:49:34.056 67033 INFO tempest.lib.common.rest_client [req-8993258a-d631-438d-acde-d0cf8d9db54b req-8993258a-d631-438d-acde-d0cf8d9db54b ] Request (HypervisorAdminV228Test:setUpClass): 201 POST http://10.180.1.21/identity/v3/users 0.069s
2025-12-15 15:49:34.066 67017 INFO tempest.lib.common.rest_client [req-3efa4c47-b1dc-4578-a2f1-3a84eb272926 req-3efa4c47-b1dc-4578-a2f1-3a84eb272926 ] Request (FlavorsAccessTestJSON:test_flavor_access_add_remove): 200 GET http://10.180.1.21/compute/v2.1/flavors/detail 4.560s
2025-12-15 15:49:34.147 67033 INFO tempest.lib.common.rest_client [req-3f265d16-db93-4b5a-8c31-151feee2d078 req-3f265d16-db93-4b5a-8c31-151feee2d078 ] Request (HypervisorAdminV228Test:setUpClass): 200 GET http://10.180.1.21/identity/v3/roles 0.090s
2025-12-15 15:49:34.161 67045 INFO tempest.lib.common.rest_client [req-f6333e56-95b8-4348-a7f8-4f8839b48b06 req-f6333e56-95b8-4348-a7f8-4f8839b48b06 ] Request (FlavorsAccessNegativeTestJSON:_run_cleanups): 200 POST http://10.180.1.21/compute/v2.1/flavors/1644781455/action 4.900s
2025-12-15 15:49:34.200 67033 INFO tempest.lib.common.rest_client [req-f55593a5-0d2f-4fef-97dc-9cb06efc252d req-f55593a5-0d2f-4fef-97dc-9cb06efc252d ] Request (HypervisorAdminV228Test:setUpClass): 204 PUT http://10.180.1.21/identity/v3/projects/6c3f11268ac74a5fb8a2010cb2bdd4c6/users/86a8455dc1614f689c28ce81efe2babd/roles/19a6379bce744e4da729605bb4d18791 0.052s
2025-12-15 15:49:34.200 67033 INFO tempest.lib.common.dynamic_creds [-] Dynamic test user 86a8455dc1614f689c28ce81efe2babd is created with scope project and roles: ['member']
2025-12-15 15:49:34.200 67033 INFO tempest.lib.common.dynamic_creds [-] Acquired dynamic creds: credentials: Credentials: {'domain_id': 'default', 'domain_name': 'Default', 'username': 'tempest-HypervisorAdminV228Test-773279388-project-member', 'project_domain_id': 'default', 'project_domain_name': 'Default', 'project_id': '6c3f11268ac74a5fb8a2010cb2bdd4c6', 'project_name': 'tempest-HypervisorAdminV228Test-773279388', 'tenant_id': '6c3f11268ac74a5fb8a2010cb2bdd4c6', 'tenant_name': 'tempest-HypervisorAdminV228Test-773279388', 'user_domain_id': 'default', 'user_domain_name': 'Default', 'user_id': '86a8455dc1614f689c28ce81efe2babd', 'system': None}, Network: None, Subnet: None, Router: None
2025-12-15 15:49:34.200 67033 INFO tempest.lib.common.dynamic_creds [-] Created isolated network resources for: credentials: Credentials: {'domain_id': 'default', 'domain_name': 'Default', 'username': 'tempest-HypervisorAdminV228Test-773279388-project-member', 'project_domain_id': 'default', 'project_domain_name': 'Default', 'project_id': '6c3f11268ac74a5fb8a2010cb2bdd4c6', 'project_name': 'tempest-HypervisorAdminV228Test-773279388', 'tenant_id': '6c3f11268ac74a5fb8a2010cb2bdd4c6', 'tenant_name': 'tempest-HypervisorAdminV228Test-773279388', 'user_domain_id': 'default', 'user_domain_name': 'Default', 'user_id': '86a8455dc1614f689c28ce81efe2babd', 'system': None}, Network: None, Subnet: None, Router: None
2025-12-15 15:49:34.302 67033 INFO tempest.lib.common.rest_client [req-0a9d86f9-2d59-4c25-82a5-64b37b884cd1 req-0a9d86f9-2d59-4c25-82a5-64b37b884cd1 ] Request (HypervisorAdminV228Test:setUpClass): 201 POST http://10.180.1.21/identity/v3/auth/tokens 0.098s
2025-12-15 15:49:34.333 67035 INFO tempest.lib.common.rest_client [req-e636952e-8154-4331-b9de-3e4d05fbcea2 req-e636952e-8154-4331-b9de-3e4d05fbcea2 ] Request (QuotasAdminTestV236:tearDownClass): 200 GET http://10.180.1.21/networking/v2.0/security-groups?tenant_id=f358133bd4f54f2587de70dd9a69805f&name=default 0.509s
2025-12-15 15:49:34.372 67033 INFO tempest.lib.common.rest_client [req-0908a788-c92c-40c4-950d-083be9cef416 req-0908a788-c92c-40c4-950d-083be9cef416 ] Request (HypervisorAdminV228Test:setUpClass): 201 POST http://10.180.1.21/identity/v3/projects 0.069s
2025-12-15 15:49:34.425 67025 INFO tempest.lib.common.rest_client [req-e9627f8d-1a33-4e30-9eb4-21effa4fea42 req-e9627f8d-1a33-4e30-9eb4-21effa4fea42 ] Request (FloatingIPDetailsTestJSON:setUpClass): 201 POST http://10.180.1.21/networking/v2.0/networks 0.489s
2025-12-15 15:49:34.447 67033 INFO tempest.lib.common.rest_client [req-e4a7372c-084b-4b74-b8d4-c3903e11fe6c req-e4a7372c-084b-4b74-b8d4-c3903e11fe6c ] Request (HypervisorAdminV228Test:setUpClass): 201 POST http://10.180.1.21/identity/v3/users 0.074s
2025-12-15 15:49:34.470 67033 INFO tempest.lib.common.rest_client [req-6094bcc9-9d33-4fda-8282-c73f1ba379dc req-6094bcc9-9d33-4fda-8282-c73f1ba379dc ] Request (HypervisorAdminV228Test:setUpClass): 200 GET http://10.180.1.21/identity/v3/roles 0.022s
2025-12-15 15:49:34.500 67033 INFO tempest.lib.common.rest_client [req-e1286d8b-b337-4347-bf58-10da3234cafa req-e1286d8b-b337-4347-bf58-10da3234cafa ] Request (HypervisorAdminV228Test:setUpClass): 204 PUT http://10.180.1.21/identity/v3/projects/4cf3d0932b4b47ca854f43696b4ec9f3/users/7701693999304a6fbe50a96b849ae9cf/roles/ff517ba8e8b0496287cf9af0657b1bfd 0.029s
2025-12-15 15:49:34.551 67033 INFO tempest.lib.common.rest_client [req-6fadb4b2-51d3-4432-910f-97e64800ad62 req-6fadb4b2-51d3-4432-910f-97e64800ad62 ] Request (HypervisorAdminV228Test:setUpClass): 200 GET http://10.180.1.21/identity/v3/roles 0.050s
2025-12-15 15:49:34.577 67033 INFO tempest.lib.common.rest_client [req-666cd7c1-2410-408b-a310-58ce6f218de4 req-666cd7c1-2410-408b-a310-58ce6f218de4 ] Request (HypervisorAdminV228Test:setUpClass): 204 PUT http://10.180.1.21/identity/v3/projects/4cf3d0932b4b47ca854f43696b4ec9f3/users/7701693999304a6fbe50a96b849ae9cf/roles/ff517ba8e8b0496287cf9af0657b1bfd 0.026s
2025-12-15 15:49:34.577 67033 INFO tempest.lib.common.dynamic_creds [-] Dynamic test user 7701693999304a6fbe50a96b849ae9cf is created with scope project and roles: ['admin']
2025-12-15 15:49:34.578 67033 INFO tempest.lib.common.dynamic_creds [-] Acquired dynamic creds: credentials: Credentials: {'domain_id': 'default', 'domain_name': 'Default', 'username': 'tempest-HypervisorAdminV228Test-634075229-project-admin', 'project_domain_id': 'default', 'project_domain_name': 'Default', 'project_id': '4cf3d0932b4b47ca854f43696b4ec9f3', 'project_name': 'tempest-HypervisorAdminV228Test-634075229', 'tenant_id': '4cf3d0932b4b47ca854f43696b4ec9f3', 'tenant_name': 'tempest-HypervisorAdminV228Test-634075229', 'user_domain_id': 'default', 'user_domain_name': 'Default', 'user_id': '7701693999304a6fbe50a96b849ae9cf', 'system': None}, Network: None, Subnet: None, Router: None
2025-12-15 15:49:34.578 67033 INFO tempest.lib.common.dynamic_creds [-] Created isolated network resources for: credentials: Credentials: {'domain_id': 'default', 'domain_name': 'Default', 'username': 'tempest-HypervisorAdminV228Test-634075229-project-admin', 'project_domain_id': 'default', 'project_domain_name': 'Default', 'project_id': '4cf3d0932b4b47ca854f43696b4ec9f3', 'project_name': 'tempest-HypervisorAdminV228Test-634075229', 'tenant_id': '4cf3d0932b4b47ca854f43696b4ec9f3', 'tenant_name': 'tempest-HypervisorAdminV228Test-634075229', 'user_domain_id': 'default', 'user_domain_name': 'Default', 'user_id': '7701693999304a6fbe50a96b849ae9cf', 'system': None}, Network: None, Subnet: None, Router: None
2025-12-15 15:49:34.661 67033 INFO tempest.lib.common.rest_client [req-7a931c2e-ee77-4ce4-99ee-6880754b8242 req-7a931c2e-ee77-4ce4-99ee-6880754b8242 ] Request (HypervisorAdminV228Test:setUpClass): 201 POST http://10.180.1.21/identity/v3/auth/tokens 0.079s
2025-12-15 15:49:34.669 67013 INFO tempest.lib.common.rest_client [req-cecb898d-d1a4-4805-a640-706f665c2989 req-cecb898d-d1a4-4805-a640-706f665c2989 ] Request (AttachInterfacesV270Test:setUpClass): 201 POST http://10.180.1.21/networking/v2.0/networks 0.706s
2025-12-15 15:49:34.794 67035 INFO tempest.lib.common.rest_client [req-0de25fae-b3aa-491a-a034-4000d0e04e15 req-0de25fae-b3aa-491a-a034-4000d0e04e15 ] Request (QuotasAdminTestV236:tearDownClass): 204 DELETE http://10.180.1.21/networking/v2.0/security-groups/67ed0442-0685-4481-8fe5-3e85c8e69cf8 0.460s
2025-12-15 15:49:34.808 67041 INFO tempest.lib.common.rest_client [req-7abc925c-2588-4f13-b3d4-b0fd2b03a0d2 req-7abc925c-2588-4f13-b3d4-b0fd2b03a0d2 ] Request (ServersTestJSON:test_create_server_specify_multibyte_character_name): 400 POST http://10.180.1.21/compute/v2.1/servers 4.144s
2025-12-15 15:49:34.809 67041 ERROR tempest.lib.decorators [-] Hints: This test was made for the bug_type 1730756. The failure could be related to https://launchpad.net/bugs/1730756: tempest.lib.exceptions.BadRequest: Bad request
2025-12-15 15:49:34.874 67041 INFO tempest.lib.common.rest_client [req-216aa389-f290-48b5-9683-d2b6f7b54bef req-216aa389-f290-48b5-9683-d2b6f7b54bef ] Request (ServersTestJSON:test_create_server_with_admin_password): 201 POST http://10.180.1.21/identity/v3/auth/tokens 0.060s
2025-12-15 15:49:34.874 67041 INFO tempest.lib.common.fixed_network [-] (ServersTestJSON:test_create_server_with_admin_password) Found network {'id': 'b6204f09-6035-4360-9da5-498dda901ff2', 'name': 'tempest-ServersTestJSON-324682247-network', 'tenant_id': 'e25db00afd9044e3940b419d37751237', 'project_id': 'e25db00afd9044e3940b419d37751237', 'admin_state_up': True, 'mtu': 8950, 'status': 'ACTIVE', 'subnets': [], 'shared': False, 'port_security_enabled': True, 'router:external': False, 'provider:network_type': 'vlan', 'provider:physical_network': 'default', 'provider:segmentation_id': 259, 'availability_zone_hints': [], 'availability_zones': [], 'ipv4_address_scope': None, 'ipv6_address_scope': None, 'description': '', 'tags': [], 'created_at': '2025-12-15T15:49:27Z', 'updated_at': '2025-12-15T15:49:27Z', 'revision_number': 1} available for tenant
2025-12-15 15:49:34.900 67035 INFO tempest.lib.common.rest_client [req-e62c4e00-ba8f-4363-a050-799237de730d req-e62c4e00-ba8f-4363-a050-799237de730d ] Request (QuotasAdminTestV236:tearDownClass): 204 DELETE http://10.180.1.21/identity/v3/projects/f358133bd4f54f2587de70dd9a69805f 0.105s
2025-12-15 15:49:34.900 67035 INFO tempest.lib.common.dynamic_creds [-] Deleting project and security group for project: 241a7906900a41298629a83f9eab0cad
2025-12-15 15:49:34.960 67025 INFO tempest.lib.common.rest_client [req-5dcc6511-e3a9-4d67-abc6-114e05731852 req-5dcc6511-e3a9-4d67-abc6-114e05731852 ] Request (FloatingIPDetailsTestJSON:setUpClass): 201 POST http://10.180.1.21/networking/v2.0/subnets 0.533s
2025-12-15 15:49:35.146 67013 INFO tempest.lib.common.rest_client [req-a17d8bde-2a09-4211-8d6d-3517ee9ec098 req-a17d8bde-2a09-4211-8d6d-3517ee9ec098 ] Request (AttachInterfacesV270Test:setUpClass): 201 POST http://10.180.1.21/networking/v2.0/subnets 0.475s
2025-12-15 15:49:35.200 67057 INFO tempest.lib.common.rest_client [req-412f2f2c-dca7-4e69-9fcc-a339eaabaae3 req-412f2f2c-dca7-4e69-9fcc-a339eaabaae3 ] Request (ServerDiagnosticsNegativeTest:test_get_server_diagnostics_by_non_admin): 200 GET http://10.180.1.21/compute/v2.1/servers/25203771-cf4d-4fc1-a1bf-f2a0200296b7 5.141s
2025-12-15 15:49:35.411 67035 INFO tempest.lib.common.rest_client [req-17cb88a9-fced-46bf-bbbd-8cf2795c87a7 req-17cb88a9-fced-46bf-bbbd-8cf2795c87a7 ] Request (QuotasAdminTestV236:tearDownClass): 200 GET http://10.180.1.21/networking/v2.0/security-groups?tenant_id=241a7906900a41298629a83f9eab0cad&name=default 0.510s
2025-12-15 15:49:36.096 67025 INFO tempest.lib.common.rest_client [req-c78e130d-fb12-42d0-b9bc-f4176f12b604 req-c78e130d-fb12-42d0-b9bc-f4176f12b604 ] Request (FloatingIPDetailsTestJSON:setUpClass): 201 POST http://10.180.1.21/networking/v2.0/routers 1.135s
2025-12-15 15:49:36.112 67037 INFO tempest.lib.common.rest_client [req-f75344b6-c215-4ddb-a0b3-0b451d2ed2c3 req-f75344b6-c215-4ddb-a0b3-0b451d2ed2c3 ] Request (VolumesAssistedSnapshotsTest:test_volume_assisted_snapshot_create_delete): 400 POST http://10.180.1.21/compute/v2.1/servers 5.342s
2025-12-15 15:49:36.138 67003 INFO tempest.lib.common.rest_client [req-4134c2ed-ef9f-4fe8-9678-0fad75054916 req-4134c2ed-ef9f-4fe8-9678-0fad75054916 ] Request (FlavorsV255TestJSON:test_crud_flavor): 200 GET http://10.180.1.21/compute/v2.1/flavors 4.956s
2025-12-15 15:49:36.145 67029 INFO tempest.lib.common.rest_client [req-67724dbc-a0bd-48b1-968f-edbe7c7a91bf req-67724dbc-a0bd-48b1-968f-edbe7c7a91bf ] Request (HypervisorAdminNegativeTestJSON:test_get_hypervisor_uptime_with_non_admin_user): 403 GET http://10.180.1.21/compute/v2.1/os-hypervisors/1/uptime 4.733s
2025-12-15 15:49:36.169 67015 INFO tempest.lib.common.rest_client [req-6e5a437b-19d8-4e49-918d-c0bd26271c57 req-6e5a437b-19d8-4e49-918d-c0bd26271c57 ] Request (FlavorsAdminTestJSON:test_create_flavor_verify_entry_in_list_details): 200 GET http://10.180.1.21/compute/v2.1/flavors/detail 4.737s
2025-12-15 15:49:36.179 67037 INFO tempest.lib.common.rest_client [req-13a32b80-1200-42c0-84a8-69e1d27b6c50 req-13a32b80-1200-42c0-84a8-69e1d27b6c50 ] Request (VolumesAssistedSnapshotsTest:_run_cleanups): 202 DELETE http://10.180.1.21/volume/v3/volumes/6434b17d-ce10-46af-bd8a-a5db04a82bbf 0.066s
2025-12-15 15:49:36.189 67043 INFO tempest.lib.common.rest_client [req-a8d973e6-269a-4d5f-b62e-4a6939af0afb req-a8d973e6-269a-4d5f-b62e-4a6939af0afb ] Request (HypervisorAdminTestJSON:test_get_hypervisor_stats): 200 GET http://10.180.1.21/compute/v2.1/os-hypervisors/statistics 4.727s
2025-12-15 15:49:36.214 67037 INFO tempest.lib.common.rest_client [req-c35a7168-0a90-496a-a625-d55de7d3fb44 req-c35a7168-0a90-496a-a625-d55de7d3fb44 ] Request (VolumesAssistedSnapshotsTest:_run_cleanups): 200 GET http://10.180.1.21/volume/v3/volumes/6434b17d-ce10-46af-bd8a-a5db04a82bbf 0.035s
2025-12-15 15:49:36.217 67027 INFO tempest.lib.common.rest_client [req-f1592d1b-f130-44ea-af78-ba2f33bc59cb req-f1592d1b-f130-44ea-af78-ba2f33bc59cb ] Request (ServicesAdminNegativeTestJSON:test_get_service_with_valid_service_and_invalid_host): 200 GET http://10.180.1.21/compute/v2.1/os-services 4.735s
2025-12-15 15:49:36.264 67035 INFO tempest.lib.common.rest_client [req-f1b306b3-b501-4590-b70d-1142d69b80be req-f1b306b3-b501-4590-b70d-1142d69b80be ] Request (QuotasAdminTestV236:tearDownClass): 204 DELETE http://10.180.1.21/networking/v2.0/security-groups/1f9a8220-55bd-4f72-a9fa-85873ce23f19 0.853s
2025-12-15 15:49:36.334 67043 INFO tempest.lib.common.rest_client [req-66644da5-ef13-4476-849a-858ae52136f4 req-66644da5-ef13-4476-849a-858ae52136f4 ] Request (HypervisorAdminTestJSON:tearDownClass): 204 DELETE http://10.180.1.21/identity/v3/users/2f05a9bde70343c5a248a586dc958c3a 0.142s
2025-12-15 15:49:36.339 66999 INFO tempest.lib.common.rest_client [req-fe0d23c7-44d9-4860-b5fc-604d61c3c4b7 req-fe0d23c7-44d9-4860-b5fc-604d61c3c4b7 ] Request (AggregatesAdminNegativeTestJSON:_run_cleanups): 200 POST http://10.180.1.21/compute/v2.1/os-aggregates/1/action 4.778s
2025-12-15 15:49:36.350 67035 INFO tempest.lib.common.rest_client [req-dfadc875-4fbf-4548-a6c4-b3da758df3a7 req-dfadc875-4fbf-4548-a6c4-b3da758df3a7 ] Request (QuotasAdminTestV236:tearDownClass): 204 DELETE http://10.180.1.21/identity/v3/projects/241a7906900a41298629a83f9eab0cad 0.085s
2025-12-15 15:49:36.410 67035 INFO tempest.lib.common.rest_client [req-ab9ad0b5-e0b0-41ca-a79d-ea3dbb3919ae req-ab9ad0b5-e0b0-41ca-a79d-ea3dbb3919ae ] Request (KeyPairsNegativeTestJSON:setUpClass): 201 POST http://10.180.1.21/identity/v3/auth/tokens 0.059s
2025-12-15 15:49:36.443 67043 INFO tempest.lib.common.rest_client [req-91ee434e-388e-4b67-993e-3f91bc0c6375 req-91ee434e-388e-4b67-993e-3f91bc0c6375 ] Request (HypervisorAdminTestJSON:tearDownClass): 204 DELETE http://10.180.1.21/identity/v3/users/61885bb6039d469e933de74259f3e0c7 0.108s
2025-12-15 15:49:36.444 67043 INFO tempest.lib.common.dynamic_creds [-] Deleting project and security group for project: 566dc32c368043fe9d9466f3579f5078
2025-12-15 15:49:36.478 67035 INFO tempest.lib.common.rest_client [req-ce4d9e6e-bfb8-4283-b05c-38bea58bd34f req-ce4d9e6e-bfb8-4283-b05c-38bea58bd34f ] Request (KeyPairsNegativeTestJSON:setUpClass): 201 POST http://10.180.1.21/identity/v3/auth/tokens 0.064s
2025-12-15 15:49:36.529 67043 INFO tempest.lib.common.rest_client [req-5ae34881-360b-4c2e-8419-26af33292f7d req-5ae34881-360b-4c2e-8419-26af33292f7d ] Request (HypervisorAdminTestJSON:tearDownClass): 201 POST http://10.180.1.21/identity/v3/auth/tokens 0.085s
2025-12-15 15:49:36.556 67035 INFO tempest.lib.common.rest_client [req-a0aab186-b7ad-4a93-92b3-e739471b9973 req-a0aab186-b7ad-4a93-92b3-e739471b9973 ] Request (KeyPairsNegativeTestJSON:setUpClass): 200 GET http://10.180.1.21/identity/v3/domains?name=Default 0.078s
2025-12-15 15:49:36.590 67035 INFO tempest.lib.common.rest_client [req-be093043-a151-4c03-8b67-2534ca34d9d1 req-be093043-a151-4c03-8b67-2534ca34d9d1 ] Request (KeyPairsNegativeTestJSON:setUpClass): 201 POST http://10.180.1.21/identity/v3/projects 0.033s
2025-12-15 15:49:36.667 67035 INFO tempest.lib.common.rest_client [req-55b6dfc6-0b1d-423a-b006-031ce374d056 req-55b6dfc6-0b1d-423a-b006-031ce374d056 ] Request (KeyPairsNegativeTestJSON:setUpClass): 201 POST http://10.180.1.21/identity/v3/users 0.076s
2025-12-15 15:49:36.700 67035 INFO tempest.lib.common.rest_client [req-097c1f60-c146-4f60-850d-87a8bed3cd58 req-097c1f60-c146-4f60-850d-87a8bed3cd58 ] Request (KeyPairsNegativeTestJSON:setUpClass): 200 GET http://10.180.1.21/identity/v3/roles 0.033s
2025-12-15 15:49:36.734 67035 INFO tempest.lib.common.rest_client [req-353a3f0f-1e95-4426-a954-4225ac077fb0 req-353a3f0f-1e95-4426-a954-4225ac077fb0 ] Request (KeyPairsNegativeTestJSON:setUpClass): 204 PUT http://10.180.1.21/identity/v3/projects/4237e7f219f8426ea4e12c76800225c2/users/94058c4d66844c45970e46c738976a76/roles/19a6379bce744e4da729605bb4d18791 0.034s
2025-12-15 15:49:36.734 67013 INFO tempest.lib.common.rest_client [req-b7e0affc-9b9a-49b2-b900-4554d6669e19 req-b7e0affc-9b9a-49b2-b900-4554d6669e19 ] Request (AttachInterfacesV270Test:setUpClass): 201 POST http://10.180.1.21/networking/v2.0/routers 1.588s
2025-12-15 15:49:36.734 67035 INFO tempest.lib.common.dynamic_creds [-] Dynamic test user 94058c4d66844c45970e46c738976a76 is created with scope project and roles: ['member']
2025-12-15 15:49:36.735 67035 INFO tempest.lib.common.dynamic_creds [-] Acquired dynamic creds: credentials: Credentials: {'domain_id': 'default', 'domain_name': 'Default', 'username': 'tempest-KeyPairsNegativeTestJSON-1941061703-project-member', 'project_domain_id': 'default', 'project_domain_name': 'Default', 'project_id': '4237e7f219f8426ea4e12c76800225c2', 'project_name': 'tempest-KeyPairsNegativeTestJSON-1941061703', 'tenant_id': '4237e7f219f8426ea4e12c76800225c2', 'tenant_name': 'tempest-KeyPairsNegativeTestJSON-1941061703', 'user_domain_id': 'default', 'user_domain_name': 'Default', 'user_id': '94058c4d66844c45970e46c738976a76', 'system': None}, Network: None, Subnet: None, Router: None
2025-12-15 15:49:36.735 67035 INFO tempest.lib.common.dynamic_creds [-] Created isolated network resources for: credentials: Credentials: {'domain_id': 'default', 'domain_name': 'Default', 'username': 'tempest-KeyPairsNegativeTestJSON-1941061703-project-member', 'project_domain_id': 'default', 'project_domain_name': 'Default', 'project_id': '4237e7f219f8426ea4e12c76800225c2', 'project_name': 'tempest-KeyPairsNegativeTestJSON-1941061703', 'tenant_id': '4237e7f219f8426ea4e12c76800225c2', 'tenant_name': 'tempest-KeyPairsNegativeTestJSON-1941061703', 'user_domain_id': 'default', 'user_domain_name': 'Default', 'user_id': '94058c4d66844c45970e46c738976a76', 'system': None}, Network: None, Subnet: None, Router: None
2025-12-15 15:49:36.825 67035 INFO tempest.lib.common.rest_client [req-2b1bfcf9-ea3e-450d-a7f7-fe23ef4e8f33 req-2b1bfcf9-ea3e-450d-a7f7-fe23ef4e8f33 ] Request (KeyPairsNegativeTestJSON:setUpClass): 201 POST http://10.180.1.21/identity/v3/auth/tokens 0.087s
2025-12-15 15:49:36.844 67009 INFO tempest.lib.common.rest_client [req-e19203f3-29ab-4a34-8f6c-0fef11ef1ea2 req-e19203f3-29ab-4a34-8f6c-0fef11ef1ea2 ] Request (SecurityGroupRulesTestJSON:test_security_group_rules_create): 200 POST http://10.180.1.21/compute/v2.1/os-security-group-rules 5.836s
2025-12-15 15:49:36.875 67021 INFO tempest.lib.common.rest_client [req-f6cd3167-0b7b-4ef0-8d40-5cbd03fa3666 req-f6cd3167-0b7b-4ef0-8d40-5cbd03fa3666 ] Request (ServersWithSpecificFlavorTestJSON:test_verify_created_server_ephemeral_disk): 200 POST http://10.180.1.21/compute/v2.1/flavors/813651681/os-extra_specs 4.827s
2025-12-15 15:49:36.903 67007 INFO tempest.lib.common.rest_client [req-7c698195-c923-4cb5-84b0-1785b38d179d req-7c698195-c923-4cb5-84b0-1785b38d179d ] Request (HypervisorAdminNegativeUnderV252Test:test_show_servers_with_non_admin_user): 200 GET http://10.180.1.21/compute/v2.1/os-hypervisors 4.843s
2025-12-15 15:49:36.920 67059 INFO tempest.lib.common.rest_client [req-695d4cea-0ebb-4e65-a251-f2b94a65150e req-695d4cea-0ebb-4e65-a251-f2b94a65150e ] Request (VolumesAdminNegativeTest:test_update_attached_volume_with_nonexistent_volume_in_uri): 200 GET http://10.180.1.21/compute/v2.1/servers/47aaed25-542b-4ceb-9adf-6a4953c8c95d 4.935s
2025-12-15 15:49:37.152 67043 INFO tempest.lib.common.rest_client [req-5c88b5a8-a932-4977-970c-fefdb1101099 req-5c88b5a8-a932-4977-970c-fefdb1101099 ] Request (HypervisorAdminTestJSON:tearDownClass): 200 GET http://10.180.1.21/networking/v2.0/security-groups?tenant_id=566dc32c368043fe9d9466f3579f5078&name=default 0.623s
2025-12-15 15:49:37.237 67037 INFO tempest.lib.common.rest_client [req-ce286801-a184-4894-9028-7309c4dfd306 req-ce286801-a184-4894-9028-7309c4dfd306 ] Request (VolumesAssistedSnapshotsTest:_run_cleanups): 404 GET http://10.180.1.21/volume/v3/volumes/6434b17d-ce10-46af-bd8a-a5db04a82bbf 0.014s
2025-12-15 15:49:37.265 67025 INFO tempest.lib.common.rest_client [req-73663b07-f135-474b-96fd-0844d5d3e65c req-73663b07-f135-474b-96fd-0844d5d3e65c ] Request (FloatingIPDetailsTestJSON:setUpClass): 200 PUT http://10.180.1.21/networking/v2.0/routers/886e4c15-efd9-4668-a892-2ae68d222597/add_router_interface 1.169s
2025-12-15 15:49:37.265 67025 INFO tempest.lib.common.dynamic_creds [-] Created isolated network resources for: credentials: Credentials: {'domain_id': 'default', 'domain_name': 'Default', 'username': 'tempest-FloatingIPDetailsTestJSON-1989931396-project-member', 'project_domain_id': 'default', 'project_domain_name': 'Default', 'project_id': 'c7d44f661a264c789c2fb7ed59480ba4', 'project_name': 'tempest-FloatingIPDetailsTestJSON-1989931396', 'tenant_id': 'c7d44f661a264c789c2fb7ed59480ba4', 'tenant_name': 'tempest-FloatingIPDetailsTestJSON-1989931396', 'user_domain_id': 'default', 'user_domain_name': 'Default', 'user_id': '83bf0ef7b34f42e4984453435429c312', 'system': None}, Network: {'id': 'c8346e9d-d021-4273-a88a-540bcdfb72a6', 'name': 'tempest-FloatingIPDetailsTestJSON-864465437-network', 'tenant_id': 'c7d44f661a264c789c2fb7ed59480ba4', 'project_id': 'c7d44f661a264c789c2fb7ed59480ba4', 'admin_state_up': True, 'mtu': 8950, 'status': 'ACTIVE', 'subnets': [], 'shared': False, 'port_security_enabled': True, 'router:external': False, 'provider:network_type': 'vlan', 'provider:physical_network': 'default', 'provider:segmentation_id': 415, 'availability_zone_hints': [], 'availability_zones': [], 'ipv4_address_scope': None, 'ipv6_address_scope': None, 'description': '', 'tags': [], 'created_at': '2025-12-15T15:49:34Z', 'updated_at': '2025-12-15T15:49:34Z', 'revision_number': 1}, Subnet: {'id': '11bc5593-f9b4-4d33-8666-043abb8e23e9', 'name': 'tempest-FloatingIPDetailsTestJSON-864465437-subnet', 'tenant_id': 'c7d44f661a264c789c2fb7ed59480ba4', 'network_id': 'c8346e9d-d021-4273-a88a-540bcdfb72a6', 'ip_version': 4, 'subnetpool_id': None, 'enable_dhcp': True, 'ipv6_ra_mode': None, 'ipv6_address_mode': None, 'gateway_ip': '192.168.128.1', 'cidr': '192.168.128.0/28', 'allocation_pools': [{'start': '192.168.128.2', 'end': '192.168.128.14'}], 'host_routes': [], 'dns_nameservers': [], 'description': '', 'router:external': False, 'service_types': [], 'tags': [], 'created_at': '2025-12-15T15:49:34Z', 'updated_at': '2025-12-15T15:49:34Z', 'revision_number': 0, 'project_id': 'c7d44f661a264c789c2fb7ed59480ba4'}, Router: {'id': '886e4c15-efd9-4668-a892-2ae68d222597', 'name': 'tempest-FloatingIPDetailsTestJSON-864465437-router', 'tenant_id': 'c7d44f661a264c789c2fb7ed59480ba4', 'admin_state_up': True, 'status': 'ACTIVE', 'external_gateway_info': {'network_id': 'aaedfc35-cc78-49d6-b544-fe44c02901ca', 'external_fixed_ips': [{'subnet_id': 'bba22501-5899-4366-8572-83d8bea4476d', 'ip_address': '10.180.180.139'}], 'enable_snat': True}, 'description': '', 'availability_zones': [], 'distributed': False, 'ha': False, 'availability_zone_hints': [], 'routes': [], 'flavor_id': None, 'tags': [], 'created_at': '2025-12-15T15:49:35Z', 'updated_at': '2025-12-15T15:49:35Z', 'revision_number': 2, 'project_id': 'c7d44f661a264c789c2fb7ed59480ba4'}
2025-12-15 15:49:37.346 66997 INFO tempest.lib.common.rest_client [req-668a9585-f46a-4d04-8cc8-6ce4b4b9fe49 req-668a9585-f46a-4d04-8cc8-6ce4b4b9fe49 ] Request (DeleteServersAdminTestJSON:test_admin_delete_servers_of_others): 200 GET http://10.180.1.21/compute/v2.1/servers/420544a8-1a02-42d5-8a9a-e3e8b6a11a0c 4.593s
2025-12-15 15:49:37.361 67031 INFO tempest.lib.common.rest_client [req-abd7d4ff-f779-4982-9c8f-8ce900ee2aa1 req-abd7d4ff-f779-4982-9c8f-8ce900ee2aa1 ] Request (ServerDiagnosticsV248Test:test_get_server_diagnostics): 200 GET http://10.180.1.21/compute/v2.1/servers/4ebc0f2b-bb79-4941-b8f2-082560c80f8b 5.206s
2025-12-15 15:49:37.375 67031 INFO tempest.common.waiters [-] State transition "BUILD/spawning" ==> "ACTIVE/None" after 13 second wait
2025-12-15 15:49:37.383 67053 INFO tempest.lib.common.rest_client [req-33259956-bfc5-449c-a029-f4921502e817 req-33259956-bfc5-449c-a029-f4921502e817 ] Request (KeyPairsV210TestJSON:_run_cleanups): 204 DELETE http://10.180.1.21/compute/v2.1/os-keypairs/tempest-KeyPairsV210TestJSON-keypair-22409613 3.778s
2025-12-15 15:49:37.390 67025 INFO tempest.lib.common.rest_client [req-b32efbe9-1124-4c75-b4cb-2c727c3c9833 req-b32efbe9-1124-4c75-b4cb-2c727c3c9833 ] Request (FloatingIPDetailsTestJSON:setUpClass): 201 POST http://10.180.1.21/identity/v3/auth/tokens 0.120s
2025-12-15 15:49:37.471 67043 INFO tempest.lib.common.rest_client [req-cf38cf16-d5ed-4194-9f95-a32c10cb13f2 req-cf38cf16-d5ed-4194-9f95-a32c10cb13f2 ] Request (HypervisorAdminTestJSON:tearDownClass): 204 DELETE http://10.180.1.21/networking/v2.0/security-groups/d7cd6402-d1c1-433c-9d7e-da129d6e2904 0.318s
2025-12-15 15:49:37.488 67039 INFO tempest.lib.common.rest_client [req-4ef67bdb-61c5-4870-8d6c-b9287cd1193e req-4ef67bdb-61c5-4870-8d6c-b9287cd1193e ] Request (ListImageFiltersNegativeTestJSON:test_get_nonexistent_image): 404 GET http://10.180.1.21/compute/v2.1/images/f6cce79f-b4d8-4003-a6d6-18632888e4dc 4.630s
2025-12-15 15:49:37.548 67051 INFO tempest.lib.common.rest_client [req-604801e0-906f-4afc-bffc-35acb4342034 req-604801e0-906f-4afc-bffc-35acb4342034 ] Request (MigrationsAdminTest:test_list_migrations_in_flavor_resize_situation): 200 GET http://10.180.1.21/compute/v2.1/servers/dfa8c73b-db57-42a9-a9a4-cf812f5b2949 3.729s
2025-12-15 15:49:37.559 67043 INFO tempest.lib.common.rest_client [req-7450335e-e0a6-43c5-aa78-f089643cf899 req-7450335e-e0a6-43c5-aa78-f089643cf899 ] Request (HypervisorAdminTestJSON:tearDownClass): 204 DELETE http://10.180.1.21/identity/v3/projects/566dc32c368043fe9d9466f3579f5078 0.088s
2025-12-15 15:49:37.560 67043 INFO tempest.lib.common.dynamic_creds [-] Deleting project and security group for project: fc4c6219d6fe436a9bcd094ad39f31c4
2025-12-15 15:49:37.563 67055 INFO tempest.lib.common.rest_client [req-37f392e0-3036-4503-b4c6-3af7a773bd72 req-37f392e0-3036-4503-b4c6-3af7a773bd72 ] Request (HostsAdminNegativeTestJSON:test_show_host_detail_with_nonexistent_hostname): 404 GET http://10.180.1.21/compute/v2.1/os-hosts/nonexistent_hostname 3.674s
2025-12-15 15:49:37.580 67039 INFO tempest.lib.common.rest_client [req-cb65d7b6-583c-4738-8dfc-9cb98a704418 req-cb65d7b6-583c-4738-8dfc-9cb98a704418 ] Request (ListImageFiltersNegativeTestJSON:tearDownClass): 204 DELETE http://10.180.1.21/identity/v3/users/4764a6dc63a344aa9f50194756fc88ef 0.091s
2025-12-15 15:49:37.581 67039 INFO tempest.lib.common.dynamic_creds [-] Deleting project and security group for project: 7af3472c03744a71995d9bd5d5dae363
2025-12-15 15:49:37.586 67019 INFO tempest.lib.common.rest_client [req-9dc8eda9-fdc2-4182-97fa-992c5dcf592f req-9dc8eda9-fdc2-4182-97fa-992c5dcf592f ] Request (FlavorsV261TestJSON:_run_cleanups): 202 DELETE http://10.180.1.21/compute/v2.1/flavors/251732353 3.697s
2025-12-15 15:49:37.651 67039 INFO tempest.lib.common.rest_client [req-50b1ee7d-af37-4cea-a8b4-73d43adcd262 req-50b1ee7d-af37-4cea-a8b4-73d43adcd262 ] Request (ListImageFiltersNegativeTestJSON:tearDownClass): 201 POST http://10.180.1.21/identity/v3/auth/tokens 0.070s
2025-12-15 15:49:37.732 67043 INFO tempest.lib.common.rest_client [req-bf2e50a2-5c74-42ac-82ab-90fe90d12cbb req-bf2e50a2-5c74-42ac-82ab-90fe90d12cbb ] Request (HypervisorAdminTestJSON:tearDownClass): 200 GET http://10.180.1.21/networking/v2.0/security-groups?tenant_id=fc4c6219d6fe436a9bcd094ad39f31c4&name=default 0.172s
2025-12-15 15:49:38.034 67013 INFO tempest.lib.common.rest_client [req-08c90ee0-bf72-4ceb-9629-88a9e475804c req-08c90ee0-bf72-4ceb-9629-88a9e475804c ] Request (AttachInterfacesV270Test:setUpClass): 200 PUT http://10.180.1.21/networking/v2.0/routers/8e0da65a-97b2-467c-b72f-74271e3bcb25/add_router_interface 1.299s
2025-12-15 15:49:38.034 67013 INFO tempest.lib.common.dynamic_creds [-] Created isolated network resources for: credentials: Credentials: {'domain_id': 'default', 'domain_name': 'Default', 'username': 'tempest-AttachInterfacesV270Test-1113026997-project-member', 'project_domain_id': 'default', 'project_domain_name': 'Default', 'project_id': 'f0491868635d401c937c0b04ce970fab', 'project_name': 'tempest-AttachInterfacesV270Test-1113026997', 'tenant_id': 'f0491868635d401c937c0b04ce970fab', 'tenant_name': 'tempest-AttachInterfacesV270Test-1113026997', 'user_domain_id': 'default', 'user_domain_name': 'Default', 'user_id': '098ffdca98d741ad98d3297ce8119fa9', 'system': None}, Network: {'id': '00459111-5ee0-438e-9656-898feb4dc9f2', 'name': 'tempest-AttachInterfacesV270Test-1375100960-network', 'tenant_id': 'f0491868635d401c937c0b04ce970fab', 'project_id': 'f0491868635d401c937c0b04ce970fab', 'admin_state_up': True, 'mtu': 8950, 'status': 'ACTIVE', 'subnets': [], 'shared': False, 'port_security_enabled': True, 'router:external': False, 'provider:network_type': 'vlan', 'provider:physical_network': 'default', 'provider:segmentation_id': 346, 'availability_zone_hints': [], 'availability_zones': [], 'ipv4_address_scope': None, 'ipv6_address_scope': None, 'description': '', 'tags': [], 'created_at': '2025-12-15T15:49:34Z', 'updated_at': '2025-12-15T15:49:34Z', 'revision_number': 1}, Subnet: {'id': '07d08afc-e64d-4d67-92f1-ee5875d66aaa', 'name': 'tempest-AttachInterfacesV270Test-1375100960-subnet', 'tenant_id': 'f0491868635d401c937c0b04ce970fab', 'network_id': '00459111-5ee0-438e-9656-898feb4dc9f2', 'ip_version': 4, 'subnetpool_id': None, 'enable_dhcp': True, 'ipv6_ra_mode': None, 'ipv6_address_mode': None, 'gateway_ip': '192.168.128.1', 'cidr': '192.168.128.0/28', 'allocation_pools': [{'start': '192.168.128.2', 'end': '192.168.128.14'}], 'host_routes': [], 'dns_nameservers': [], 'description': '', 'router:external': False, 'service_types': [], 'tags': [], 'created_at': '2025-12-15T15:49:35Z', 'updated_at': '2025-12-15T15:49:35Z', 'revision_number': 0, 'project_id': 'f0491868635d401c937c0b04ce970fab'}, Router: {'id': '8e0da65a-97b2-467c-b72f-74271e3bcb25', 'name': 'tempest-AttachInterfacesV270Test-1375100960-router', 'tenant_id': 'f0491868635d401c937c0b04ce970fab', 'admin_state_up': True, 'status': 'ACTIVE', 'external_gateway_info': {'network_id': 'aaedfc35-cc78-49d6-b544-fe44c02901ca', 'external_fixed_ips': [{'subnet_id': 'bba22501-5899-4366-8572-83d8bea4476d', 'ip_address': '10.180.180.130'}], 'enable_snat': True}, 'description': '', 'availability_zones': [], 'distributed': False, 'ha': False, 'availability_zone_hints': [], 'routes': [], 'flavor_id': None, 'tags': [], 'created_at': '2025-12-15T15:49:36Z', 'updated_at': '2025-12-15T15:49:36Z', 'revision_number': 2, 'project_id': 'f0491868635d401c937c0b04ce970fab'}
2025-12-15 15:49:38.064 67049 INFO tempest.lib.common.rest_client [req-2d490017-bd5e-4df1-a167-65f618c4dec5 req-2d490017-bd5e-4df1-a167-65f618c4dec5 ] Request (SecurityGroupRulesNegativeTestJSON:test_create_security_group_rule_with_invalid_from_port): 400 POST http://10.180.1.21/compute/v2.1/os-security-group-rules 4.043s
2025-12-15 15:49:38.086 67001 INFO tempest.lib.common.rest_client [req-4d211882-a680-4675-a472-e050c06a0a3d req-4d211882-a680-4675-a472-e050c06a0a3d ] Request (FlavorsExtraSpecsTestJSON:test_flavor_set_get_update_show_unset_keys): 200 POST http://10.180.1.21/compute/v2.1/flavors/948031595/os-extra_specs 4.048s
2025-12-15 15:49:38.103 67017 INFO tempest.lib.common.rest_client [req-925318a7-28ce-47c0-ab1c-4efddb03ecc8 req-925318a7-28ce-47c0-ab1c-4efddb03ecc8 ] Request (FlavorsAccessTestJSON:_run_cleanups): 202 DELETE http://10.180.1.21/compute/v2.1/flavors/999198267 4.030s
2025-12-15 15:49:38.124 67045 INFO tempest.lib.common.rest_client [req-c32120fa-7c14-4c83-9d47-c0307db654cd req-c32120fa-7c14-4c83-9d47-c0307db654cd ] Request (FlavorsAccessNegativeTestJSON:_run_cleanups): 202 DELETE http://10.180.1.21/compute/v2.1/flavors/1644781455 3.961s
2025-12-15 15:49:38.153 67013 INFO tempest.lib.common.rest_client [req-756f164b-e41c-42b7-b070-f789bd265158 req-756f164b-e41c-42b7-b070-f789bd265158 ] Request (AttachInterfacesV270Test:setUpClass): 201 POST http://10.180.1.21/identity/v3/auth/tokens 0.114s
2025-12-15 15:49:38.210 67013 INFO tempest.lib.common.rest_client [req-55a114b7-ec2c-4f6d-9c7d-dac6a616fb5d req-55a114b7-ec2c-4f6d-9c7d-dac6a616fb5d ] Request (AttachInterfacesV270Test:test_create_get_list_interfaces): 201 POST http://10.180.1.21/identity/v3/auth/tokens 0.053s
2025-12-15 15:49:38.211 67013 INFO tempest.lib.common.fixed_network [-] (AttachInterfacesV270Test:test_create_get_list_interfaces) Found network {'id': '00459111-5ee0-438e-9656-898feb4dc9f2', 'name': 'tempest-AttachInterfacesV270Test-1375100960-network', 'tenant_id': 'f0491868635d401c937c0b04ce970fab', 'project_id': 'f0491868635d401c937c0b04ce970fab', 'admin_state_up': True, 'mtu': 8950, 'status': 'ACTIVE', 'subnets': [], 'shared': False, 'port_security_enabled': True, 'router:external': False, 'provider:network_type': 'vlan', 'provider:physical_network': 'default', 'provider:segmentation_id': 346, 'availability_zone_hints': [], 'availability_zones': [], 'ipv4_address_scope': None, 'ipv6_address_scope': None, 'description': '', 'tags': [], 'created_at': '2025-12-15T15:49:34Z', 'updated_at': '2025-12-15T15:49:34Z', 'revision_number': 1} available for tenant
2025-12-15 15:49:38.300 67043 INFO tempest.lib.common.rest_client [req-76fa0ec4-9c4b-4173-9b4a-01852878f112 req-76fa0ec4-9c4b-4173-9b4a-01852878f112 ] Request (HypervisorAdminTestJSON:tearDownClass): 204 DELETE http://10.180.1.21/networking/v2.0/security-groups/b2fce19e-adf7-470d-8afd-cb1562238b4f 0.567s
2025-12-15 15:49:38.359 67039 INFO tempest.lib.common.rest_client [req-cda66e12-35e4-4956-a331-eb4b1a41a729 req-cda66e12-35e4-4956-a331-eb4b1a41a729 ] Request (ListImageFiltersNegativeTestJSON:tearDownClass): 200 GET http://10.180.1.21/networking/v2.0/security-groups?tenant_id=7af3472c03744a71995d9bd5d5dae363&name=default 0.707s
2025-12-15 15:49:38.386 67043 INFO tempest.lib.common.rest_client [req-e55e3689-f14c-4cd6-a1f1-d95421bf5667 req-e55e3689-f14c-4cd6-a1f1-d95421bf5667 ] Request (HypervisorAdminTestJSON:tearDownClass): 204 DELETE http://10.180.1.21/identity/v3/projects/fc4c6219d6fe436a9bcd094ad39f31c4 0.086s
2025-12-15 15:49:38.467 67043 INFO tempest.lib.common.rest_client [req-8be12b2f-a9af-43a3-9e04-b61526407c62 req-8be12b2f-a9af-43a3-9e04-b61526407c62 ] Request (ServicesAdminTestJSON:setUpClass): 201 POST http://10.180.1.21/identity/v3/auth/tokens 0.078s
2025-12-15 15:49:38.468 67005 INFO tempest.lib.common.rest_client [req-a51cce4a-de1c-4b42-bc39-6a604410cbb0 req-a51cce4a-de1c-4b42-bc39-6a604410cbb0 ] Request (FloatingIPsTestJSON:test_delete_floating_ip): 200 POST http://10.180.1.21/compute/v2.1/os-floating-ips 4.613s
2025-12-15 15:49:38.495 67039 INFO tempest.lib.common.rest_client [req-df97c16b-c5a3-493d-a0e9-c4a6970fb2a2 req-df97c16b-c5a3-493d-a0e9-c4a6970fb2a2 ] Request (ListImageFiltersNegativeTestJSON:tearDownClass): 204 DELETE http://10.180.1.21/networking/v2.0/security-groups/8396e2cc-97c8-41ce-b62e-78031c0ac2af 0.135s
2025-12-15 15:49:38.503 67023 INFO tempest.lib.common.rest_client [req-e1738f2d-4330-48e8-8e97-ed2af706125d req-e1738f2d-4330-48e8-8e97-ed2af706125d ] Request (ImagesOneServerNegativeTestJSON:setUpClass): 200 GET http://10.180.1.21/compute/v2.1/servers/d972a7e7-a04d-4244-a5b5-4aa5d57bf1e3 4.287s
2025-12-15 15:49:38.510 67023 INFO tempest.common.waiters [-] State transition "BUILD/networking" ==> "BUILD/spawning" after 11 second wait
2025-12-15 15:49:38.512 67043 INFO tempest.lib.common.rest_client [req-9907d9fd-590b-49e0-87a5-b30deab30d9e req-9907d9fd-590b-49e0-87a5-b30deab30d9e ] Request (ServicesAdminTestJSON:setUpClass): 201 POST http://10.180.1.21/identity/v3/auth/tokens 0.041s
2025-12-15 15:49:38.542 67043 INFO tempest.lib.common.rest_client [req-9f2fb8a4-c6e6-4ff2-bce4-cbdf31eb1b2f req-9f2fb8a4-c6e6-4ff2-bce4-cbdf31eb1b2f ] Request (ServicesAdminTestJSON:setUpClass): 200 GET http://10.180.1.21/identity/v3/domains?name=Default 0.028s
2025-12-15 15:49:38.591 67039 INFO tempest.lib.common.rest_client [req-2ac13a9e-f03d-461f-94d2-8f31eadca33c req-2ac13a9e-f03d-461f-94d2-8f31eadca33c ] Request (ListImageFiltersNegativeTestJSON:tearDownClass): 204 DELETE http://10.180.1.21/identity/v3/projects/7af3472c03744a71995d9bd5d5dae363 0.096s
2025-12-15 15:49:38.627 67047 INFO tempest.lib.common.rest_client [req-6e8580d4-0ada-4193-a7b3-2d44ac5dd28a req-6e8580d4-0ada-4193-a7b3-2d44ac5dd28a ] Request (ServerDiagnosticsTest:test_get_server_diagnostics): 200 GET http://10.180.1.21/compute/v2.1/servers/ccf46c5c-1c79-4672-ad9f-ea61042097d5 4.024s
2025-12-15 15:49:38.681 67043 INFO tempest.lib.common.rest_client [req-baf00fce-a11e-4374-b606-ebd4a5e2a440 req-baf00fce-a11e-4374-b606-ebd4a5e2a440 ] Request (ServicesAdminTestJSON:setUpClass): 201 POST http://10.180.1.21/identity/v3/projects 0.138s
2025-12-15 15:49:38.728 67033 INFO tempest.lib.common.rest_client [req-bd89ed81-ede4-460c-a9f5-530f15846fd1 req-bd89ed81-ede4-460c-a9f5-530f15846fd1 ] Request (HypervisorAdminV228Test:test_get_list_hypervisor_details): 200 GET http://10.180.1.21/compute/v2.1/os-hypervisors 4.066s
2025-12-15 15:49:38.738 67039 INFO tempest.lib.common.rest_client [req-494edc14-b1f6-45f9-a2e8-9a3c53ce4c5c req-494edc14-b1f6-45f9-a2e8-9a3c53ce4c5c ] Request (ServerDiskConfigTestJSON:setUpClass): 201 POST http://10.180.1.21/identity/v3/auth/tokens 0.145s
2025-12-15 15:49:38.746 67043 INFO tempest.lib.common.rest_client [req-b7a1b71c-8f95-4e0f-9779-5d2dff3aa11d req-b7a1b71c-8f95-4e0f-9779-5d2dff3aa11d ] Request (ServicesAdminTestJSON:setUpClass): 201 POST http://10.180.1.21/identity/v3/users 0.064s
2025-12-15 15:49:38.750 67003 INFO tempest.lib.common.rest_client [req-474e1b05-a583-418d-8d89-5e67e386e249 req-474e1b05-a583-418d-8d89-5e67e386e249 ] Request (FlavorsV255TestJSON:_run_cleanups): 202 DELETE http://10.180.1.21/compute/v2.1/flavors/616937755 2.607s
2025-12-15 15:49:38.756 67029 INFO tempest.lib.common.rest_client [req-84875cce-235f-43ae-b814-64e54b1c6f1f req-84875cce-235f-43ae-b814-64e54b1c6f1f ] Request (HypervisorAdminNegativeTestJSON:test_get_nonexistent_hypervisor_uptime): 404 GET http://10.180.1.21/compute/v2.1/os-hypervisors/174a79ae-0a4e-4210-9b4d-4aadf7565287/uptime 2.610s
2025-12-15 15:49:38.771 67039 INFO tempest.lib.common.rest_client [req-458652df-2258-4f5e-b744-0830af590390 req-458652df-2258-4f5e-b744-0830af590390 ] Request (ServerDiskConfigTestJSON:setUpClass): 201 POST http://10.180.1.21/identity/v3/auth/tokens 0.030s
2025-12-15 15:49:38.773 67015 INFO tempest.lib.common.rest_client [req-62299d06-aeae-49f3-897f-11f04b87b4ba req-62299d06-aeae-49f3-897f-11f04b87b4ba ] Request (FlavorsAdminTestJSON:_run_cleanups): 202 DELETE http://10.180.1.21/compute/v2.1/flavors/58937570 2.599s
2025-12-15 15:49:38.775 67043 INFO tempest.lib.common.rest_client [req-fef45668-2e68-4351-9f3e-f7a30c254c38 req-fef45668-2e68-4351-9f3e-f7a30c254c38 ] Request (ServicesAdminTestJSON:setUpClass): 200 GET http://10.180.1.21/identity/v3/roles 0.029s
2025-12-15 15:49:38.802 67039 INFO tempest.lib.common.rest_client [req-721b82e8-8ed6-4be5-962c-924a2a7241d3 req-721b82e8-8ed6-4be5-962c-924a2a7241d3 ] Request (ServerDiskConfigTestJSON:setUpClass): 200 GET http://10.180.1.21/identity/v3/domains?name=Default 0.030s
2025-12-15 15:49:38.808 67043 INFO tempest.lib.common.rest_client [req-52d56594-500e-46ba-853d-99d35aa5bafc req-52d56594-500e-46ba-853d-99d35aa5bafc ] Request (ServicesAdminTestJSON:setUpClass): 204 PUT http://10.180.1.21/identity/v3/projects/9b557dcff00f4385b3e5189384361057/users/28106d363e1f48e4bad62578c23e8a98/roles/19a6379bce744e4da729605bb4d18791 0.032s
2025-12-15 15:49:38.808 67043 INFO tempest.lib.common.dynamic_creds [-] Dynamic test user 28106d363e1f48e4bad62578c23e8a98 is created with scope project and roles: ['member']
2025-12-15 15:49:38.809 67043 INFO tempest.lib.common.dynamic_creds [-] Acquired dynamic creds: credentials: Credentials: {'domain_id': 'default', 'domain_name': 'Default', 'username': 'tempest-ServicesAdminTestJSON-1847515379-project-member', 'project_domain_id': 'default', 'project_domain_name': 'Default', 'project_id': '9b557dcff00f4385b3e5189384361057', 'project_name': 'tempest-ServicesAdminTestJSON-1847515379', 'tenant_id': '9b557dcff00f4385b3e5189384361057', 'tenant_name': 'tempest-ServicesAdminTestJSON-1847515379', 'user_domain_id': 'default', 'user_domain_name': 'Default', 'user_id': '28106d363e1f48e4bad62578c23e8a98', 'system': None}, Network: None, Subnet: None, Router: None
2025-12-15 15:49:38.809 67043 INFO tempest.lib.common.dynamic_creds [-] Created isolated network resources for: credentials: Credentials: {'domain_id': 'default', 'domain_name': 'Default', 'username': 'tempest-ServicesAdminTestJSON-1847515379-project-member', 'project_domain_id': 'default', 'project_domain_name': 'Default', 'project_id': '9b557dcff00f4385b3e5189384361057', 'project_name': 'tempest-ServicesAdminTestJSON-1847515379', 'tenant_id': '9b557dcff00f4385b3e5189384361057', 'tenant_name': 'tempest-ServicesAdminTestJSON-1847515379', 'user_domain_id': 'default', 'user_domain_name': 'Default', 'user_id': '28106d363e1f48e4bad62578c23e8a98', 'system': None}, Network: None, Subnet: None, Router: None
2025-12-15 15:49:38.877 67039 INFO tempest.lib.common.rest_client [req-5d94eb8a-4d3f-42fa-9d77-412cccf0bb2f req-5d94eb8a-4d3f-42fa-9d77-412cccf0bb2f ] Request (ServerDiskConfigTestJSON:setUpClass): 201 POST http://10.180.1.21/identity/v3/projects 0.075s
2025-12-15 15:49:38.885 67043 INFO tempest.lib.common.rest_client [req-ad6ea54f-913e-44d1-b491-02f5f1a28b0e req-ad6ea54f-913e-44d1-b491-02f5f1a28b0e ] Request (ServicesAdminTestJSON:setUpClass): 201 POST http://10.180.1.21/identity/v3/auth/tokens 0.072s
2025-12-15 15:49:38.948 67039 INFO tempest.lib.common.rest_client [req-9d7b6ab9-1746-4a31-ad5a-a089ceecbc41 req-9d7b6ab9-1746-4a31-ad5a-a089ceecbc41 ] Request (ServerDiskConfigTestJSON:setUpClass): 201 POST http://10.180.1.21/identity/v3/users 0.069s
2025-12-15 15:49:38.958 67043 INFO tempest.lib.common.rest_client [req-5ffaeec9-ec3f-4584-8def-167840466159 req-5ffaeec9-ec3f-4584-8def-167840466159 ] Request (ServicesAdminTestJSON:setUpClass): 201 POST http://10.180.1.21/identity/v3/projects 0.072s
2025-12-15 15:49:39.012 67057 INFO tempest.lib.common.rest_client [req-ed4cec82-2703-4ab3-ac87-95779a723e4e req-ed4cec82-2703-4ab3-ac87-95779a723e4e ] Request (ServerDiagnosticsNegativeTest:test_get_server_diagnostics_by_non_admin): 200 GET http://10.180.1.21/compute/v2.1/servers/25203771-cf4d-4fc1-a1bf-f2a0200296b7 2.800s
2025-12-15 15:49:39.030 67043 INFO tempest.lib.common.rest_client [req-292cccf9-95f4-4b44-b037-a4e29eef8737 req-292cccf9-95f4-4b44-b037-a4e29eef8737 ] Request (ServicesAdminTestJSON:setUpClass): 201 POST http://10.180.1.21/identity/v3/users 0.072s
2025-12-15 15:49:39.034 67039 INFO tempest.lib.common.rest_client [req-7d93a8b5-a5aa-4b07-b5b5-0ac575745f90 req-7d93a8b5-a5aa-4b07-b5b5-0ac575745f90 ] Request (ServerDiskConfigTestJSON:setUpClass): 200 GET http://10.180.1.21/identity/v3/roles 0.086s
2025-12-15 15:49:39.049 67027 INFO tempest.lib.common.rest_client [req-86360112-a9f2-4e43-a68a-46e6ebc5785a req-86360112-a9f2-4e43-a68a-46e6ebc5785a ] Request (ServicesAdminNegativeTestJSON:test_get_service_with_valid_service_and_invalid_host): 200 GET http://10.180.1.21/compute/v2.1/os-services?host=xxx&binary=nova-scheduler 2.827s
2025-12-15 15:49:39.065 67043 INFO tempest.lib.common.rest_client [req-3ca6d83c-6bf4-431c-8b9a-20d83bd452ad req-3ca6d83c-6bf4-431c-8b9a-20d83bd452ad ] Request (ServicesAdminTestJSON:setUpClass): 200 GET http://10.180.1.21/identity/v3/roles 0.034s
2025-12-15 15:49:39.075 67039 INFO tempest.lib.common.rest_client [req-7b9f736e-bffd-4b19-a6c8-170b6e3e5e9b req-7b9f736e-bffd-4b19-a6c8-170b6e3e5e9b ] Request (ServerDiskConfigTestJSON:setUpClass): 204 PUT http://10.180.1.21/identity/v3/projects/8449c95dd0f74492929e4d1d492ac9d2/users/bd1dfe5b347f4871b7d6c0fb6770e1b8/roles/19a6379bce744e4da729605bb4d18791 0.040s
2025-12-15 15:49:39.076 67039 INFO tempest.lib.common.dynamic_creds [-] Dynamic test user bd1dfe5b347f4871b7d6c0fb6770e1b8 is created with scope project and roles: ['member']
2025-12-15 15:49:39.076 67039 INFO tempest.lib.common.dynamic_creds [-] Acquired dynamic creds: credentials: Credentials: {'domain_id': 'default', 'domain_name': 'Default', 'username': 'tempest-ServerDiskConfigTestJSON-1859494360-project-member', 'project_domain_id': 'default', 'project_domain_name': 'Default', 'project_id': '8449c95dd0f74492929e4d1d492ac9d2', 'project_name': 'tempest-ServerDiskConfigTestJSON-1859494360', 'tenant_id': '8449c95dd0f74492929e4d1d492ac9d2', 'tenant_name': 'tempest-ServerDiskConfigTestJSON-1859494360', 'user_domain_id': 'default', 'user_domain_name': 'Default', 'user_id': 'bd1dfe5b347f4871b7d6c0fb6770e1b8', 'system': None}, Network: None, Subnet: None, Router: None
2025-12-15 15:49:39.081 66999 INFO tempest.lib.common.rest_client [req-e008e575-c7dc-441b-90f4-b82388d16852 req-e008e575-c7dc-441b-90f4-b82388d16852 ] Request (AggregatesAdminNegativeTestJSON:_run_cleanups): 200 DELETE http://10.180.1.21/compute/v2.1/os-aggregates/1 2.740s
2025-12-15 15:49:39.189 67043 INFO tempest.lib.common.rest_client [req-e118156c-5245-4c68-8187-cb2dbc6c8589 req-e118156c-5245-4c68-8187-cb2dbc6c8589 ] Request (ServicesAdminTestJSON:setUpClass): 204 PUT http://10.180.1.21/identity/v3/projects/6081cae4a08c4606a4649a957c5e0489/users/f8a0759d9365487c95e302fc27855f51/roles/ff517ba8e8b0496287cf9af0657b1bfd 0.123s
2025-12-15 15:49:39.189 67039 INFO tempest.lib.common.rest_client [req-2b23f6b0-bd21-401e-80da-25db7f5e2721 req-2b23f6b0-bd21-401e-80da-25db7f5e2721 ] Request (ServerDiskConfigTestJSON:setUpClass): 201 POST http://10.180.1.21/identity/v3/auth/tokens 0.113s
2025-12-15 15:49:39.285 67043 INFO tempest.lib.common.rest_client [req-aa4ab1a5-6283-4dcc-a14d-facee7a3651f req-aa4ab1a5-6283-4dcc-a14d-facee7a3651f ] Request (ServicesAdminTestJSON:setUpClass): 200 GET http://10.180.1.21/identity/v3/roles 0.095s
2025-12-15 15:49:39.326 67041 INFO tempest.lib.common.rest_client [req-e48708ba-1486-47bf-b7c3-8d7a36c1fe8c req-e48708ba-1486-47bf-b7c3-8d7a36c1fe8c ] Request (ServersTestJSON:test_create_server_with_admin_password): 202 POST http://10.180.1.21/compute/v2.1/servers 4.451s
