2025-12-15 15:50:57.256 67023 INFO tempest.lib.common.rest_client [req-a74b9f06-f742-4035-a151-4b7135c9e0ac req-a74b9f06-f742-4035-a151-4b7135c9e0ac ] Request (ImagesOneServerNegativeTestJSON:_run_cleanups): 204 DELETE http://10.180.1.21/compute/v2.1/servers/d972a7e7-a04d-4244-a5b5-4aa5d57bf1e3 1.718s
2025-12-15 15:50:57.266 67001 INFO tempest.lib.common.rest_client [req-03a0eaf4-5b64-44fe-a2c8-996ed5716c2e req-03a0eaf4-5b64-44fe-a2c8-996ed5716c2e ] Request (ServicesAdminNegativeV253TestJSON:tearDownClass): 204 DELETE http://10.180.1.21/identity/v3/users/c1b462b405814e9ea92229d4c9e978ff 0.149s
2025-12-15 15:50:57.267 67001 INFO tempest.lib.common.dynamic_creds [-] Deleting project and security group for project: d3ab89fd68b94d41b1fcb22530da4cfb
2025-12-15 15:50:57.396 67011 INFO tempest.lib.common.rest_client [req-5c84d7d9-3fa3-4216-a19f-164af14a1dd8 req-5c84d7d9-3fa3-4216-a19f-164af14a1dd8 ] Request (QuotasAdminNegativeTest:tearDownClass): 204 DELETE http://10.180.1.21/identity/v3/projects/7ea5b5c45a034a43b7ca4944e2aea400 0.182s
2025-12-15 15:50:57.490 67001 INFO tempest.lib.common.rest_client [req-5b1505cb-2ef4-4aab-8bbe-56cf08667dc7 req-5b1505cb-2ef4-4aab-8bbe-56cf08667dc7 ] Request (ServicesAdminNegativeV253TestJSON:tearDownClass): 201 POST http://10.180.1.21/identity/v3/auth/tokens 0.223s
2025-12-15 15:50:57.523 67011 INFO tempest.lib.common.rest_client [req-e0ef06ce-9c43-4749-a3e7-f20f39e05d92 req-e0ef06ce-9c43-4749-a3e7-f20f39e05d92 ] Request (SecurityGroupsTestAdminJSON:setUpClass): 201 POST http://10.180.1.21/identity/v3/auth/tokens 0.126s
2025-12-15 15:50:57.570 67045 INFO tempest.lib.common.rest_client [req-d7551ad8-e8bc-471b-991e-ed851e556be7 req-d7551ad8-e8bc-471b-991e-ed851e556be7 ] Request (FlavorsAccessNegativeTestJSON:tearDownClass): 200 GET http://10.180.1.21/networking/v2.0/security-groups?tenant_id=01ecc83703f34c2e98e28720f1c905ff&name=default 0.389s
2025-12-15 15:50:57.603 67011 INFO tempest.lib.common.rest_client [req-29751352-2859-4090-8b0e-7b3178caab67 req-29751352-2859-4090-8b0e-7b3178caab67 ] Request (SecurityGroupsTestAdminJSON:setUpClass): 201 POST http://10.180.1.21/identity/v3/auth/tokens 0.075s
2025-12-15 15:50:57.648 67011 INFO tempest.lib.common.rest_client [req-6485498c-0541-43a7-8eb1-63e7ff22182f req-6485498c-0541-43a7-8eb1-63e7ff22182f ] Request (SecurityGroupsTestAdminJSON:setUpClass): 200 GET http://10.180.1.21/identity/v3/domains?name=Default 0.044s
2025-12-15 15:50:57.651 67027 INFO tempest.lib.common.rest_client [req-edf2653c-d0bc-4384-8479-7105104c000c req-edf2653c-d0bc-4384-8479-7105104c000c ] Request (ServersTestFqdnHostnames:test_create_server_with_fqdn_name): 200 POST http://10.180.1.21/compute/v2.1/os-keypairs 2.066s
2025-12-15 15:50:57.661 67051 INFO tempest.lib.common.rest_client [req-27cea140-4a9e-42ec-a09b-a5f6105738ee req-27cea140-4a9e-42ec-a09b-a5f6105738ee ] Request (MigrationsAdminTest:test_list_migrations_in_flavor_resize_situation): 200 GET http://10.180.1.21/compute/v2.1/servers/dfa8c73b-db57-42a9-a9a4-cf812f5b2949 2.137s
2025-12-15 15:50:57.691 67011 INFO tempest.lib.common.rest_client [req-d5b6d013-e445-4499-b293-64a440e1b537 req-d5b6d013-e445-4499-b293-64a440e1b537 ] Request (SecurityGroupsTestAdminJSON:setUpClass): 201 POST http://10.180.1.21/identity/v3/projects 0.042s
2025-12-15 15:50:57.771 67011 INFO tempest.lib.common.rest_client [req-01a6fda5-cb14-4087-8932-fe161e709080 req-01a6fda5-cb14-4087-8932-fe161e709080 ] Request (SecurityGroupsTestAdminJSON:setUpClass): 201 POST http://10.180.1.21/identity/v3/users 0.080s
2025-12-15 15:50:57.792 67011 INFO tempest.lib.common.rest_client [req-b2378072-d1be-4619-b9db-7608d60cddf1 req-b2378072-d1be-4619-b9db-7608d60cddf1 ] Request (SecurityGroupsTestAdminJSON:setUpClass): 200 GET http://10.180.1.21/identity/v3/roles 0.021s
2025-12-15 15:50:57.850 67011 INFO tempest.lib.common.rest_client [req-dbb43fdf-93fc-4c2b-96e8-29a7ab0c7cde req-dbb43fdf-93fc-4c2b-96e8-29a7ab0c7cde ] Request (SecurityGroupsTestAdminJSON:setUpClass): 204 PUT http://10.180.1.21/identity/v3/projects/244205ae0204462cbba67578d6b1a3cc/users/02e7c01e721a48dcb160d7eb1a11f70e/roles/19a6379bce744e4da729605bb4d18791 0.057s
2025-12-15 15:50:57.851 67011 INFO tempest.lib.common.dynamic_creds [-] Dynamic test user 02e7c01e721a48dcb160d7eb1a11f70e is created with scope project and roles: ['member']
2025-12-15 15:50:57.851 67011 INFO tempest.lib.common.dynamic_creds [-] Acquired dynamic creds: credentials: Credentials: {'domain_id': 'default', 'domain_name': 'Default', 'username': 'tempest-SecurityGroupsTestAdminJSON-341053466-project-member', 'project_domain_id': 'default', 'project_domain_name': 'Default', 'project_id': '244205ae0204462cbba67578d6b1a3cc', 'project_name': 'tempest-SecurityGroupsTestAdminJSON-341053466', 'tenant_id': '244205ae0204462cbba67578d6b1a3cc', 'tenant_name': 'tempest-SecurityGroupsTestAdminJSON-341053466', 'user_domain_id': 'default', 'user_domain_name': 'Default', 'user_id': '02e7c01e721a48dcb160d7eb1a11f70e', 'system': None}, Network: None, Subnet: None, Router: None
2025-12-15 15:50:57.851 67011 INFO tempest.lib.common.dynamic_creds [-] Created isolated network resources for: credentials: Credentials: {'domain_id': 'default', 'domain_name': 'Default', 'username': 'tempest-SecurityGroupsTestAdminJSON-341053466-project-member', 'project_domain_id': 'default', 'project_domain_name': 'Default', 'project_id': '244205ae0204462cbba67578d6b1a3cc', 'project_name': 'tempest-SecurityGroupsTestAdminJSON-341053466', 'tenant_id': '244205ae0204462cbba67578d6b1a3cc', 'tenant_name': 'tempest-SecurityGroupsTestAdminJSON-341053466', 'user_domain_id': 'default', 'user_domain_name': 'Default', 'user_id': '02e7c01e721a48dcb160d7eb1a11f70e', 'system': None}, Network: None, Subnet: None, Router: None
2025-12-15 15:50:57.891 67001 INFO tempest.lib.common.rest_client [req-0620a4b6-1f75-4936-9231-7c7918669bc3 req-0620a4b6-1f75-4936-9231-7c7918669bc3 ] Request (ServicesAdminNegativeV253TestJSON:tearDownClass): 200 GET http://10.180.1.21/networking/v2.0/security-groups?tenant_id=d3ab89fd68b94d41b1fcb22530da4cfb&name=default 0.400s
2025-12-15 15:50:57.904 67037 INFO tempest.lib.common.rest_client [req-33f50a35-ec73-4189-b408-b7c30240bd17 req-33f50a35-ec73-4189-b408-b7c30240bd17 ] Request (ServersV294TestFqdnHostnames:setUpClass): 201 POST http://10.180.1.21/networking/v2.0/floatingips 0.689s
2025-12-15 15:50:57.945 67011 INFO tempest.lib.common.rest_client [req-c3e898f0-8403-4544-bc85-f6b3eed1ae70 req-c3e898f0-8403-4544-bc85-f6b3eed1ae70 ] Request (SecurityGroupsTestAdminJSON:setUpClass): 201 POST http://10.180.1.21/identity/v3/auth/tokens 0.091s
2025-12-15 15:50:57.989 67037 INFO tempest.lib.common.rest_client [req-c0d44a29-1b6a-47c2-a8ad-b2e274085a3b req-c0d44a29-1b6a-47c2-a8ad-b2e274085a3b ] Request (ServersV294TestFqdnHostnames:setUpClass): 201 POST http://10.180.1.21/identity/v3/auth/tokens 0.080s
2025-12-15 15:50:57.989 67037 INFO tempest.lib.common.fixed_network [-] (ServersV294TestFqdnHostnames:setUpClass) Found network {'id': '382d9765-4e05-4729-ba03-864a2036d224', 'name': 'tempest-ServersV294TestFqdnHostnames-1929151786-network', 'tenant_id': '04f038652b90481f9629847d20f93f84', 'project_id': '04f038652b90481f9629847d20f93f84', 'admin_state_up': True, 'mtu': 8950, 'status': 'ACTIVE', 'subnets': [], 'shared': False, 'port_security_enabled': True, 'router:external': False, 'provider:network_type': 'vlan', 'provider:physical_network': 'default', 'provider:segmentation_id': 244, 'availability_zone_hints': [], 'availability_zones': [], 'ipv4_address_scope': None, 'ipv6_address_scope': None, 'description': '', 'tags': [], 'created_at': '2025-12-15T15:50:51Z', 'updated_at': '2025-12-15T15:50:51Z', 'revision_number': 1} available for tenant
2025-12-15 15:50:58.003 67045 INFO tempest.lib.common.rest_client [req-8aadd4a2-2e79-41bb-bde0-eba63b634c4f req-8aadd4a2-2e79-41bb-bde0-eba63b634c4f ] Request (FlavorsAccessNegativeTestJSON:tearDownClass): 204 DELETE http://10.180.1.21/networking/v2.0/security-groups/13211d27-41d3-42b9-a576-8e2d923c371e 0.432s
2025-12-15 15:50:58.021 67027 INFO tempest.lib.common.rest_client [req-63f02198-c273-46af-830d-42b0c6536c43 req-63f02198-c273-46af-830d-42b0c6536c43 ] Request (ServersTestFqdnHostnames:test_create_server_with_fqdn_name): 201 POST http://10.180.1.21/networking/v2.0/security-groups 0.365s
2025-12-15 15:50:58.042 67011 INFO tempest.lib.common.rest_client [req-eb9a5877-eaa4-4f74-8911-930f06be42cc req-eb9a5877-eaa4-4f74-8911-930f06be42cc ] Request (SecurityGroupsTestAdminJSON:setUpClass): 201 POST http://10.180.1.21/identity/v3/projects 0.097s
2025-12-15 15:50:58.045 67021 INFO tempest.lib.common.rest_client [req-bd886354-d272-444f-affd-f952487ebdbe req-bd886354-d272-444f-affd-f952487ebdbe ] Request (TenantUsagesTestJSON:setUpClass): 200 GET http://10.180.1.21/compute/v2.1/servers/eeb2556a-4e0c-43d7-83bd-942be5d5fdd2 2.400s
2025-12-15 15:50:58.053 67021 INFO tempest.common.waiters [-] State transition "BUILD/spawning" ==> "ACTIVE/None" after 20 second wait
2025-12-15 15:50:58.103 67045 INFO tempest.lib.common.rest_client [req-dd9617d5-0069-434f-9a31-4f12f7db65b0 req-dd9617d5-0069-434f-9a31-4f12f7db65b0 ] Request (FlavorsAccessNegativeTestJSON:tearDownClass): 204 DELETE http://10.180.1.21/identity/v3/projects/01ecc83703f34c2e98e28720f1c905ff 0.099s
2025-12-15 15:50:58.103 67045 INFO tempest.lib.common.dynamic_creds [-] Deleting project and security group for project: a3670cacb36b4489ab03bfd384d9055f
2025-12-15 15:50:58.128 67001 INFO tempest.lib.common.rest_client [req-e9ccbd9c-272a-4171-9e21-55bffe6b9a28 req-e9ccbd9c-272a-4171-9e21-55bffe6b9a28 ] Request (ServicesAdminNegativeV253TestJSON:tearDownClass): 204 DELETE http://10.180.1.21/networking/v2.0/security-groups/d69c2328-0aee-4546-be81-6e0b3d888ccb 0.236s
2025-12-15 15:50:58.174 67039 INFO tempest.lib.common.rest_client [req-39f971b5-742d-4ee2-aa2a-b0d200de4528 req-39f971b5-742d-4ee2-aa2a-b0d200de4528 ] Request (ServerDiskConfigTestJSON:_run_cleanups): 204 DELETE http://10.180.1.21/compute/v2.1/servers/fe143d94-57ce-46d4-85e3-80d84af66dfc 2.429s
2025-12-15 15:50:58.192 67011 INFO tempest.lib.common.rest_client [req-55388489-dbf1-4361-9631-2b8b27e4c483 req-55388489-dbf1-4361-9631-2b8b27e4c483 ] Request (SecurityGroupsTestAdminJSON:setUpClass): 201 POST http://10.180.1.21/identity/v3/users 0.148s
2025-12-15 15:50:58.251 67039 INFO tempest.lib.common.rest_client [req-8720ea6d-6f71-4891-bfb3-79c419bfb778 req-8720ea6d-6f71-4891-bfb3-79c419bfb778 ] Request (ServerDiskConfigTestJSON:test_resize_server_from_auto_to_manual): 201 POST http://10.180.1.21/identity/v3/auth/tokens 0.066s
2025-12-15 15:50:58.251 67039 INFO tempest.lib.common.fixed_network [-] (ServerDiskConfigTestJSON:test_resize_server_from_auto_to_manual) Found network {'id': '3df6a80a-4b35-4871-9321-b0e913258005', 'name': 'tempest-ServerDiskConfigTestJSON-1939361732-network', 'tenant_id': '8449c95dd0f74492929e4d1d492ac9d2', 'project_id': '8449c95dd0f74492929e4d1d492ac9d2', 'admin_state_up': True, 'mtu': 8950, 'status': 'ACTIVE', 'subnets': [], 'shared': False, 'port_security_enabled': True, 'router:external': False, 'provider:network_type': 'vlan', 'provider:physical_network': 'default', 'provider:segmentation_id': 704, 'availability_zone_hints': [], 'availability_zones': [], 'ipv4_address_scope': None, 'ipv6_address_scope': None, 'description': '', 'tags': [], 'created_at': '2025-12-15T15:49:39Z', 'updated_at': '2025-12-15T15:49:39Z', 'revision_number': 1} available for tenant
2025-12-15 15:50:58.266 67001 INFO tempest.lib.common.rest_client [req-37a1b1ea-9c86-44aa-98aa-b73a7f5579d6 req-37a1b1ea-9c86-44aa-98aa-b73a7f5579d6 ] Request (ServicesAdminNegativeV253TestJSON:tearDownClass): 204 DELETE http://10.180.1.21/identity/v3/projects/d3ab89fd68b94d41b1fcb22530da4cfb 0.137s
2025-12-15 15:50:58.268 67001 INFO tempest.lib.common.dynamic_creds [-] Deleting project and security group for project: 2b439da8f7174111a76fddb32035fcf2
2025-12-15 15:50:58.274 67027 INFO tempest.lib.common.rest_client [req-f5743826-9fed-4eb9-aa4b-b32b41de0b15 req-f5743826-9fed-4eb9-aa4b-b32b41de0b15 ] Request (ServersTestFqdnHostnames:test_create_server_with_fqdn_name): 201 POST http://10.180.1.21/networking/v2.0/security-group-rules 0.253s
2025-12-15 15:50:58.343 67011 INFO tempest.lib.common.rest_client [req-e40fd70f-e4f9-4913-932d-19275a046c99 req-e40fd70f-e4f9-4913-932d-19275a046c99 ] Request (SecurityGroupsTestAdminJSON:setUpClass): 200 GET http://10.180.1.21/identity/v3/roles 0.150s
2025-12-15 15:50:58.402 67011 INFO tempest.lib.common.rest_client [req-f7e688d3-70a6-48df-a9c2-7b3ad34991e4 req-f7e688d3-70a6-48df-a9c2-7b3ad34991e4 ] Request (SecurityGroupsTestAdminJSON:setUpClass): 204 PUT http://10.180.1.21/identity/v3/projects/5c03f414879a4e63bf54520698eb8543/users/523cf375d0f04b58bcd758efc3dfb923/roles/ff517ba8e8b0496287cf9af0657b1bfd 0.058s
2025-12-15 15:50:58.463 67045 INFO tempest.lib.common.rest_client [req-e0622834-1828-48f6-a32f-973f4c9d543e req-e0622834-1828-48f6-a32f-973f4c9d543e ] Request (FlavorsAccessNegativeTestJSON:tearDownClass): 200 GET http://10.180.1.21/networking/v2.0/security-groups?tenant_id=a3670cacb36b4489ab03bfd384d9055f&name=default 0.359s
2025-12-15 15:50:58.473 67011 INFO tempest.lib.common.rest_client [req-38371d4f-01db-4f96-b776-0b2aa2f90275 req-38371d4f-01db-4f96-b776-0b2aa2f90275 ] Request (SecurityGroupsTestAdminJSON:setUpClass): 200 GET http://10.180.1.21/identity/v3/roles 0.069s
2025-12-15 15:50:58.497 67011 INFO tempest.lib.common.rest_client [req-795976d3-997b-4d23-88cf-52c643490806 req-795976d3-997b-4d23-88cf-52c643490806 ] Request (SecurityGroupsTestAdminJSON:setUpClass): 204 PUT http://10.180.1.21/identity/v3/projects/5c03f414879a4e63bf54520698eb8543/users/523cf375d0f04b58bcd758efc3dfb923/roles/ff517ba8e8b0496287cf9af0657b1bfd 0.024s
2025-12-15 15:50:58.498 67011 INFO tempest.lib.common.dynamic_creds [-] Dynamic test user 523cf375d0f04b58bcd758efc3dfb923 is created with scope project and roles: ['admin']
2025-12-15 15:50:58.498 67011 INFO tempest.lib.common.dynamic_creds [-] Acquired dynamic creds: credentials: Credentials: {'domain_id': 'default', 'domain_name': 'Default', 'username': 'tempest-SecurityGroupsTestAdminJSON-1372352248-project-admin', 'project_domain_id': 'default', 'project_domain_name': 'Default', 'project_id': '5c03f414879a4e63bf54520698eb8543', 'project_name': 'tempest-SecurityGroupsTestAdminJSON-1372352248', 'tenant_id': '5c03f414879a4e63bf54520698eb8543', 'tenant_name': 'tempest-SecurityGroupsTestAdminJSON-1372352248', 'user_domain_id': 'default', 'user_domain_name': 'Default', 'user_id': '523cf375d0f04b58bcd758efc3dfb923', 'system': None}, Network: None, Subnet: None, Router: None
2025-12-15 15:50:58.498 67011 INFO tempest.lib.common.dynamic_creds [-] Created isolated network resources for: credentials: Credentials: {'domain_id': 'default', 'domain_name': 'Default', 'username': 'tempest-SecurityGroupsTestAdminJSON-1372352248-project-admin', 'project_domain_id': 'default', 'project_domain_name': 'Default', 'project_id': '5c03f414879a4e63bf54520698eb8543', 'project_name': 'tempest-SecurityGroupsTestAdminJSON-1372352248', 'tenant_id': '5c03f414879a4e63bf54520698eb8543', 'tenant_name': 'tempest-SecurityGroupsTestAdminJSON-1372352248', 'user_domain_id': 'default', 'user_domain_name': 'Default', 'user_id': '523cf375d0f04b58bcd758efc3dfb923', 'system': None}, Network: None, Subnet: None, Router: None
2025-12-15 15:50:58.507 67001 INFO tempest.lib.common.rest_client [req-f9d0c164-3523-49b9-bac9-2d92b6920711 req-f9d0c164-3523-49b9-bac9-2d92b6920711 ] Request (ServicesAdminNegativeV253TestJSON:tearDownClass): 200 GET http://10.180.1.21/networking/v2.0/security-groups?tenant_id=2b439da8f7174111a76fddb32035fcf2&name=default 0.238s
2025-12-15 15:50:58.555 67027 INFO tempest.lib.common.rest_client [req-e64b3429-0969-4bb4-8d42-1979c7eea6ed req-e64b3429-0969-4bb4-8d42-1979c7eea6ed ] Request (ServersTestFqdnHostnames:test_create_server_with_fqdn_name): 201 POST http://10.180.1.21/networking/v2.0/security-group-rules 0.280s
2025-12-15 15:50:58.598 67011 INFO tempest.lib.common.rest_client [req-cbf25da9-266e-423f-9d8b-40f779914aea req-cbf25da9-266e-423f-9d8b-40f779914aea ] Request (SecurityGroupsTestAdminJSON:setUpClass): 201 POST http://10.180.1.21/identity/v3/auth/tokens 0.094s
2025-12-15 15:50:58.645 67019 INFO tempest.lib.common.rest_client [req-bb2dbe14-2ed1-4774-b60e-85726f535ad6 req-bb2dbe14-2ed1-4774-b60e-85726f535ad6 ] Request (SecurityGroupsTestJSON:test_security_groups_create_list_delete): 202 DELETE http://10.180.1.21/compute/v2.1/os-security-groups/43e1163a-8366-42d4-b3da-f8fb0e97a366 2.889s
2025-12-15 15:50:58.732 67045 INFO tempest.lib.common.rest_client [req-688ee9f9-ba9d-4876-b66a-31f05fa2fe76 req-688ee9f9-ba9d-4876-b66a-31f05fa2fe76 ] Request (FlavorsAccessNegativeTestJSON:tearDownClass): 204 DELETE http://10.180.1.21/networking/v2.0/security-groups/562a70f8-313b-40e7-9592-3baabb82973a 0.268s
2025-12-15 15:50:58.807 67055 INFO tempest.lib.common.rest_client [req-ddcb7bbf-9306-489e-934e-67ba63a78599 req-ddcb7bbf-9306-489e-934e-67ba63a78599 ] Request (QuotasAdminTestJSON:test_get_updated_quotas): 200 GET http://10.180.1.21/compute/v2.1/os-quota-sets/16cb7c4a80b04584ac213ea8922e1cdf?user_id=e7f2b3e8cc5d4cd3a24b6946a9a5fbb2 2.892s
2025-12-15 15:50:58.831 67001 INFO tempest.lib.common.rest_client [req-e44eca2a-a3da-4be9-bbb7-318aa723a32a req-e44eca2a-a3da-4be9-bbb7-318aa723a32a ] Request (ServicesAdminNegativeV253TestJSON:tearDownClass): 204 DELETE http://10.180.1.21/networking/v2.0/security-groups/a1d427ff-1802-4832-8517-fabc019ea591 0.324s
2025-12-15 15:50:58.866 67003 INFO tempest.lib.common.rest_client [req-12f94115-3f9b-4912-bc40-ad1f55024853 req-12f94115-3f9b-4912-bc40-ad1f55024853 ] Request (ListImageFiltersTestJSON:setUpClass): 200 GET http://10.180.1.21/compute/v2.1/images/2ebcb1cf-80e6-478f-a4e9-6beee37018f7 2.891s
2025-12-15 15:50:58.866 67045 INFO tempest.lib.common.rest_client [req-9d847a77-f962-4b29-ad00-5f16ddbc5790 req-9d847a77-f962-4b29-ad00-5f16ddbc5790 ] Request (FlavorsAccessNegativeTestJSON:tearDownClass): 204 DELETE http://10.180.1.21/identity/v3/projects/a3670cacb36b4489ab03bfd384d9055f 0.134s
2025-12-15 15:50:58.867 67045 INFO tempest.lib.common.dynamic_creds [-] Deleting project and security group for project: 23beef9c80fd48e286da5fed63fcb192
2025-12-15 15:50:58.898 67055 INFO tempest.lib.common.rest_client [req-c0b5f2b1-93bf-4a4c-a206-acd7e7d600bd req-c0b5f2b1-93bf-4a4c-a206-acd7e7d600bd ] Request (QuotasAdminTestJSON:_run_cleanups): 204 DELETE http://10.180.1.21/identity/v3/users/e7f2b3e8cc5d4cd3a24b6946a9a5fbb2 0.089s
2025-12-15 15:50:59.009 67055 INFO tempest.lib.common.rest_client [req-44ca8c9b-5794-492f-bf78-41c3b0680dbf req-44ca8c9b-5794-492f-bf78-41c3b0680dbf ] Request (QuotasAdminTestJSON:_run_cleanups): 204 DELETE http://10.180.1.21/identity/v3/projects/16cb7c4a80b04584ac213ea8922e1cdf 0.110s
2025-12-15 15:50:59.026 67001 INFO tempest.lib.common.rest_client [req-118a06f3-19ff-4aac-a484-374678fbaed3 req-118a06f3-19ff-4aac-a484-374678fbaed3 ] Request (ServicesAdminNegativeV253TestJSON:tearDownClass): 204 DELETE http://10.180.1.21/identity/v3/projects/2b439da8f7174111a76fddb32035fcf2 0.194s
2025-12-15 15:50:59.085 67001 INFO tempest.lib.common.rest_client [req-5f7ef0f3-ae2b-47af-9270-05d5de9cccaa req-5f7ef0f3-ae2b-47af-9270-05d5de9cccaa ] Request (AbsoluteLimitsTestJSON:setUpClass): 201 POST http://10.180.1.21/identity/v3/auth/tokens 0.057s
2025-12-15 15:50:59.120 67001 INFO tempest.lib.common.rest_client [req-b703b8cc-3215-4f67-9523-e4bce7e0fd2a req-b703b8cc-3215-4f67-9523-e4bce7e0fd2a ] Request (AbsoluteLimitsTestJSON:setUpClass): 201 POST http://10.180.1.21/identity/v3/auth/tokens 0.030s
2025-12-15 15:50:59.159 67001 INFO tempest.lib.common.rest_client [req-b0c37810-b099-4cfc-8e6b-732515dc80db req-b0c37810-b099-4cfc-8e6b-732515dc80db ] Request (AbsoluteLimitsTestJSON:setUpClass): 200 GET http://10.180.1.21/identity/v3/domains?name=Default 0.038s
2025-12-15 15:50:59.197 67001 INFO tempest.lib.common.rest_client [req-82835611-d06a-46c1-9436-48fd8597042a req-82835611-d06a-46c1-9436-48fd8597042a ] Request (AbsoluteLimitsTestJSON:setUpClass): 201 POST http://10.180.1.21/identity/v3/projects 0.038s
2025-12-15 15:50:59.296 67057 INFO tempest.lib.common.rest_client [req-306cb112-cd2c-4c3d-af8b-cbced71418c6 req-306cb112-cd2c-4c3d-af8b-cbced71418c6 ] Request (ServersAdminNegativeTestJSON:test_migrate_server_invalid_state): 202 POST http://10.180.1.21/compute/v2.1/servers 3.553s
2025-12-15 15:50:59.302 67001 INFO tempest.lib.common.rest_client [req-7ff68f75-fd60-4187-98c4-a2d8f114a017 req-7ff68f75-fd60-4187-98c4-a2d8f114a017 ] Request (AbsoluteLimitsTestJSON:setUpClass): 201 POST http://10.180.1.21/identity/v3/users 0.103s
2025-12-15 15:50:59.322 67015 INFO tempest.lib.common.rest_client [req-042020aa-7169-4f9e-9ec9-6821513a88af req-042020aa-7169-4f9e-9ec9-6821513a88af ] Request (FlavorsAdminTestJSON:_run_cleanups): 200 GET http://10.180.1.21/compute/v2.1/flavors/detail 3.300s
2025-12-15 15:50:59.348 67001 INFO tempest.lib.common.rest_client [req-5a4dec03-a955-4085-a709-a106eb316c14 req-5a4dec03-a955-4085-a709-a106eb316c14 ] Request (AbsoluteLimitsTestJSON:setUpClass): 200 GET http://10.180.1.21/identity/v3/roles 0.044s
2025-12-15 15:50:59.401 67001 INFO tempest.lib.common.rest_client [req-91ae1e56-4af5-42b1-9914-6298202213f5 req-91ae1e56-4af5-42b1-9914-6298202213f5 ] Request (AbsoluteLimitsTestJSON:setUpClass): 204 PUT http://10.180.1.21/identity/v3/projects/d076ed4d02e84174bffc7fe97190db38/users/92c4338aa8094780b995caa98074829d/roles/19a6379bce744e4da729605bb4d18791 0.052s
2025-12-15 15:50:59.401 67001 INFO tempest.lib.common.dynamic_creds [-] Dynamic test user 92c4338aa8094780b995caa98074829d is created with scope project and roles: ['member']
2025-12-15 15:50:59.402 67001 INFO tempest.lib.common.dynamic_creds [-] Acquired dynamic creds: credentials: Credentials: {'domain_id': 'default', 'domain_name': 'Default', 'username': 'tempest-AbsoluteLimitsTestJSON-455942310-project-member', 'project_domain_id': 'default', 'project_domain_name': 'Default', 'project_id': 'd076ed4d02e84174bffc7fe97190db38', 'project_name': 'tempest-AbsoluteLimitsTestJSON-455942310', 'tenant_id': 'd076ed4d02e84174bffc7fe97190db38', 'tenant_name': 'tempest-AbsoluteLimitsTestJSON-455942310', 'user_domain_id': 'default', 'user_domain_name': 'Default', 'user_id': '92c4338aa8094780b995caa98074829d', 'system': None}, Network: None, Subnet: None, Router: None
2025-12-15 15:50:59.402 67001 INFO tempest.lib.common.dynamic_creds [-] Created isolated network resources for: credentials: Credentials: {'domain_id': 'default', 'domain_name': 'Default', 'username': 'tempest-AbsoluteLimitsTestJSON-455942310-project-member', 'project_domain_id': 'default', 'project_domain_name': 'Default', 'project_id': 'd076ed4d02e84174bffc7fe97190db38', 'project_name': 'tempest-AbsoluteLimitsTestJSON-455942310', 'tenant_id': 'd076ed4d02e84174bffc7fe97190db38', 'tenant_name': 'tempest-AbsoluteLimitsTestJSON-455942310', 'user_domain_id': 'default', 'user_domain_name': 'Default', 'user_id': '92c4338aa8094780b995caa98074829d', 'system': None}, Network: None, Subnet: None, Router: None
2025-12-15 15:50:59.413 67003 INFO tempest.lib.common.rest_client [req-80235501-4524-48f6-9a31-e53a02140cfa req-80235501-4524-48f6-9a31-e53a02140cfa ] Request (ListImageFiltersTestJSON:setUpClass): 201 POST http://10.180.1.21/image/v2/images 0.539s
2025-12-15 15:50:59.416 67033 INFO tempest.lib.common.rest_client [req-c514f2f3-092a-41c7-945e-5e6366f93e8e req-c514f2f3-092a-41c7-945e-5e6366f93e8e ] Request (ServerPasswordTestJSON:test_delete_server_password): 204 DELETE http://10.180.1.21/compute/v2.1/servers/ac5bb5a2-e630-42f0-be0c-24f52be81367/os-server-password 3.268s
2025-12-15 15:50:59.522 67001 INFO tempest.lib.common.rest_client [req-edb0dbb5-21e9-4d51-92f2-8d6b9a6e3a46 req-edb0dbb5-21e9-4d51-92f2-8d6b9a6e3a46 ] Request (AbsoluteLimitsTestJSON:setUpClass): 201 POST http://10.180.1.21/identity/v3/auth/tokens 0.116s
2025-12-15 15:50:59.615 67027 INFO tempest.lib.common.rest_client [req-4e68b164-3b25-450a-96dd-759c72e92ba2 req-4e68b164-3b25-450a-96dd-759c72e92ba2 ] Request (ServersTestFqdnHostnames:test_create_server_with_fqdn_name): 201 POST http://10.180.1.21/networking/v2.0/floatingips 1.059s
2025-12-15 15:50:59.684 67027 INFO tempest.lib.common.rest_client [req-97e0c6fe-6358-449a-860f-ead3eef93846 req-97e0c6fe-6358-449a-860f-ead3eef93846 ] Request (ServersTestFqdnHostnames:test_create_server_with_fqdn_name): 201 POST http://10.180.1.21/identity/v3/auth/tokens 0.065s
2025-12-15 15:50:59.684 67027 INFO tempest.lib.common.fixed_network [-] (ServersTestFqdnHostnames:test_create_server_with_fqdn_name) Found network {'id': '9823de46-fad1-44bc-ab7e-f17c1b377205', 'name': 'tempest-ServersTestFqdnHostnames-704182164-network', 'tenant_id': 'bb8fbad4892e4932a6ed7effd596a925', 'project_id': 'bb8fbad4892e4932a6ed7effd596a925', 'admin_state_up': True, 'mtu': 8950, 'status': 'ACTIVE', 'subnets': [], 'shared': False, 'port_security_enabled': True, 'router:external': False, 'provider:network_type': 'vlan', 'provider:physical_network': 'default', 'provider:segmentation_id': 907, 'availability_zone_hints': [], 'availability_zones': [], 'ipv4_address_scope': None, 'ipv6_address_scope': None, 'description': '', 'tags': [], 'created_at': '2025-12-15T15:50:52Z', 'updated_at': '2025-12-15T15:50:52Z', 'revision_number': 1} available for tenant
2025-12-15 15:50:59.747 67045 INFO tempest.lib.common.rest_client [req-e560634d-d461-4a64-b53a-f63edb5a8a3d req-e560634d-d461-4a64-b53a-f63edb5a8a3d ] Request (FlavorsAccessNegativeTestJSON:tearDownClass): 200 GET http://10.180.1.21/networking/v2.0/security-groups?tenant_id=23beef9c80fd48e286da5fed63fcb192&name=default 0.880s
2025-12-15 15:50:59.817 67041 INFO tempest.lib.common.rest_client [req-dd4530fe-46d8-45f0-9744-a3aa9e24465f req-dd4530fe-46d8-45f0-9744-a3aa9e24465f ] Request (ServersTestJSON:test_update_server_name): 400 POST http://10.180.1.21/compute/v2.1/servers 3.827s
2025-12-15 15:51:00.124 67045 INFO tempest.lib.common.rest_client [req-3602b3aa-a3ff-46bc-acdf-5142aec44949 req-3602b3aa-a3ff-46bc-acdf-5142aec44949 ] Request (FlavorsAccessNegativeTestJSON:tearDownClass): 204 DELETE http://10.180.1.21/networking/v2.0/security-groups/0b33dbd3-33dd-4de9-b0ba-133dbbaf5b7c 0.377s
2025-12-15 15:51:00.220 67009 INFO tempest.lib.common.rest_client [req-7a696803-f951-4504-8e23-3fde7f124552 req-7a696803-f951-4504-8e23-3fde7f124552 ] Request (SecurityGroupRulesTestJSON:tearDownClass): 202 DELETE http://10.180.1.21/compute/v2.1/os-security-groups/1db56869-f07a-4754-8981-f8e3576ee576 3.987s
2025-12-15 15:51:00.240 66997 INFO tempest.lib.common.rest_client [req-82a646de-d7ed-4e94-8cc3-32c8685ddcf9 req-82a646de-d7ed-4e94-8cc3-32c8685ddcf9 ] Request (DeleteServersAdminTestJSON:test_delete_server_while_in_error_state): 200 GET http://10.180.1.21/compute/v2.1/servers/22899269-28fc-446e-9533-1f6862a9e8db 3.853s
2025-12-15 15:51:00.261 66999 INFO tempest.lib.common.rest_client [req-93ae548b-d864-4bbf-ba10-1a14b84625a5 req-93ae548b-d864-4bbf-ba10-1a14b84625a5 ] Request (AggregatesAdminNegativeTestJSON:_run_cleanups): 200 DELETE http://10.180.1.21/compute/v2.1/os-aggregates/6 3.866s
2025-12-15 15:51:00.288 67045 INFO tempest.lib.common.rest_client [req-633dff2c-0ee3-4992-87c2-d530a1a354ff req-633dff2c-0ee3-4992-87c2-d530a1a354ff ] Request (FlavorsAccessNegativeTestJSON:tearDownClass): 204 DELETE http://10.180.1.21/identity/v3/projects/23beef9c80fd48e286da5fed63fcb192 0.164s
2025-12-15 15:51:00.291 67047 INFO tempest.lib.common.rest_client [req-e20defc4-1b06-42e3-9b12-904d9ef02923 req-e20defc4-1b06-42e3-9b12-904d9ef02923 ] Request (ImagesDeleteNegativeTestJSON:test_delete_non_existent_image): 404 DELETE http://10.180.1.21/compute/v2.1/images/2246a81f-4fdf-49dd-83bb-90107c11a37e 3.835s
2025-12-15 15:51:00.385 67045 INFO tempest.lib.common.rest_client [req-08dbe4d7-089b-49f7-a197-d1a853ed4126 req-08dbe4d7-089b-49f7-a197-d1a853ed4126 ] Request (MultipleCreateTestJSON:setUpClass): 201 POST http://10.180.1.21/identity/v3/auth/tokens 0.095s
2025-12-15 15:51:00.425 67031 INFO tempest.lib.common.rest_client [req-c299499b-b069-4089-ac7f-013bf4d3f510 req-c299499b-b069-4089-ac7f-013bf4d3f510 ] Request (ImagesNegativeTestJSON:test_create_image_from_deleted_server): 204 DELETE http://10.180.1.21/compute/v2.1/servers/a2d567c9-09af-44e1-aad2-c8f394a09714 3.863s
2025-12-15 15:51:00.426 67045 INFO tempest.lib.common.rest_client [req-87f62bf1-6763-4f8c-a85a-564953ccd0f1 req-87f62bf1-6763-4f8c-a85a-564953ccd0f1 ] Request (MultipleCreateTestJSON:setUpClass): 201 POST http://10.180.1.21/identity/v3/auth/tokens 0.038s
2025-12-15 15:51:00.480 67047 INFO tempest.lib.common.rest_client [req-85515c90-f45b-4530-8869-e24599feeaa6 req-85515c90-f45b-4530-8869-e24599feeaa6 ] Request (ImagesDeleteNegativeTestJSON:tearDownClass): 204 DELETE http://10.180.1.21/identity/v3/users/4c0db45ed7c1498da549174517bca656 0.184s
2025-12-15 15:51:00.480 67047 INFO tempest.lib.common.dynamic_creds [-] Deleting project and security group for project: 22cc5e51008a4976a664274e3a62d7df
2025-12-15 15:51:00.553 67045 INFO tempest.lib.common.rest_client [req-cb0caa09-0e70-4444-adf9-312d7710cc85 req-cb0caa09-0e70-4444-adf9-312d7710cc85 ] Request (MultipleCreateTestJSON:setUpClass): 200 GET http://10.180.1.21/identity/v3/domains?name=Default 0.126s
2025-12-15 15:51:00.563 67047 INFO tempest.lib.common.rest_client [req-90df20f6-9872-489a-9780-385ebd4f9e30 req-90df20f6-9872-489a-9780-385ebd4f9e30 ] Request (ImagesDeleteNegativeTestJSON:tearDownClass): 201 POST http://10.180.1.21/identity/v3/auth/tokens 0.082s
2025-12-15 15:51:00.597 67045 INFO tempest.lib.common.rest_client [req-81a34bc5-1d59-461c-be48-737fa801368c req-81a34bc5-1d59-461c-be48-737fa801368c ] Request (MultipleCreateTestJSON:setUpClass): 201 POST http://10.180.1.21/identity/v3/projects 0.044s
2025-12-15 15:51:00.696 67045 INFO tempest.lib.common.rest_client [req-57c83151-2055-4cdb-b347-ccbf7274f815 req-57c83151-2055-4cdb-b347-ccbf7274f815 ] Request (MultipleCreateTestJSON:setUpClass): 201 POST http://10.180.1.21/identity/v3/users 0.098s
2025-12-15 15:51:00.720 67045 INFO tempest.lib.common.rest_client [req-dcb9891d-70d6-4171-9309-82eba85ffcfc req-dcb9891d-70d6-4171-9309-82eba85ffcfc ] Request (MultipleCreateTestJSON:setUpClass): 200 GET http://10.180.1.21/identity/v3/roles 0.022s
2025-12-15 15:51:00.773 67045 INFO tempest.lib.common.rest_client [req-62d79a44-15eb-4b03-9ad6-84407579bc02 req-62d79a44-15eb-4b03-9ad6-84407579bc02 ] Request (MultipleCreateTestJSON:setUpClass): 204 PUT http://10.180.1.21/identity/v3/projects/5e3c60d7a795471284636d3e4fc0743d/users/11967ad350e74899acf253a4e5b7dd70/roles/19a6379bce744e4da729605bb4d18791 0.053s
2025-12-15 15:51:00.773 67045 INFO tempest.lib.common.dynamic_creds [-] Dynamic test user 11967ad350e74899acf253a4e5b7dd70 is created with scope project and roles: ['member']
2025-12-15 15:51:00.774 67045 INFO tempest.lib.common.dynamic_creds [-] Acquired dynamic creds: credentials: Credentials: {'domain_id': 'default', 'domain_name': 'Default', 'username': 'tempest-MultipleCreateTestJSON-745162915-project-member', 'project_domain_id': 'default', 'project_domain_name': 'Default', 'project_id': '5e3c60d7a795471284636d3e4fc0743d', 'project_name': 'tempest-MultipleCreateTestJSON-745162915', 'tenant_id': '5e3c60d7a795471284636d3e4fc0743d', 'tenant_name': 'tempest-MultipleCreateTestJSON-745162915', 'user_domain_id': 'default', 'user_domain_name': 'Default', 'user_id': '11967ad350e74899acf253a4e5b7dd70', 'system': None}, Network: None, Subnet: None, Router: None
2025-12-15 15:51:00.834 67047 INFO tempest.lib.common.rest_client [req-e83b87b4-3e02-4aa6-9823-45b18712fdbf req-e83b87b4-3e02-4aa6-9823-45b18712fdbf ] Request (ImagesDeleteNegativeTestJSON:tearDownClass): 200 GET http://10.180.1.21/networking/v2.0/security-groups?tenant_id=22cc5e51008a4976a664274e3a62d7df&name=default 0.271s
2025-12-15 15:51:00.853 67045 INFO tempest.lib.common.rest_client [req-753d25a4-745a-43b5-bb21-2a9c6f205803 req-753d25a4-745a-43b5-bb21-2a9c6f205803 ] Request (MultipleCreateTestJSON:setUpClass): 201 POST http://10.180.1.21/identity/v3/auth/tokens 0.079s
2025-12-15 15:51:00.965 67047 INFO tempest.lib.common.rest_client [req-6ba14077-c2b6-4deb-af27-5166a6c39a59 req-6ba14077-c2b6-4deb-af27-5166a6c39a59 ] Request (ImagesDeleteNegativeTestJSON:tearDownClass): 204 DELETE http://10.180.1.21/networking/v2.0/security-groups/783c9634-9f78-4e61-acd8-9ccd613df467 0.130s
2025-12-15 15:51:01.057 67047 INFO tempest.lib.common.rest_client [req-20484204-820f-4df4-bffd-f0aa52a3bc2a req-20484204-820f-4df4-bffd-f0aa52a3bc2a ] Request (ImagesDeleteNegativeTestJSON:tearDownClass): 204 DELETE http://10.180.1.21/identity/v3/projects/22cc5e51008a4976a664274e3a62d7df 0.091s
2025-12-15 15:51:01.058 67047 INFO tempest.test [-] raised in ComputeNetworksTest.setUpClass. Invoking tearDownClass.
2025-12-15 15:51:01.345 67003 INFO tempest.lib.common.rest_client [req-02427293-8ec3-411b-a0ea-697165c061c8 req-02427293-8ec3-411b-a0ea-697165c061c8 ] Request (ListImageFiltersTestJSON:setUpClass): 204 PUT http://10.180.1.21/image/v2/images/1fb9afb5-aebe-4300-8645-44452a6f8ccd/file 0.929s
2025-12-15 15:51:01.353 67045 INFO tempest.lib.common.rest_client [req-fa7335cf-0c39-4bd4-91fa-559f59ebf1ba req-fa7335cf-0c39-4bd4-91fa-559f59ebf1ba ] Request (MultipleCreateTestJSON:setUpClass): 201 POST http://10.180.1.21/networking/v2.0/networks 0.499s
2025-12-15 15:51:01.498 67029 INFO tempest.lib.common.rest_client [req-7bf61b9c-2141-4bf7-914f-50d2bc0ea975 req-7bf61b9c-2141-4bf7-914f-50d2bc0ea975 ] Request (ImagesTestJSON:test_create_image_from_stopped_server): 200 GET http://10.180.1.21/compute/v2.1/images/b6f3d72e-8bf4-4ee3-a9f9-3195a8e0534e 4.516s
2025-12-15 15:51:01.509 67017 INFO tempest.lib.common.rest_client [req-2fa6f1b8-0f9f-47a0-9cf8-af3b971c58d1 req-2fa6f1b8-0f9f-47a0-9cf8-af3b971c58d1 ] Request (ImagesMetadataTestJSON:test_set_image_metadata_item): 200 PUT http://10.180.1.21/compute/v2.1/images/73f0a646-3c18-480c-b363-64b4d5cbaa04/metadata/os_version 5.064s
2025-12-15 15:51:01.610 67045 INFO tempest.lib.common.rest_client [req-c9a7a61b-bcce-4774-87a7-5e5ba1ce023c req-c9a7a61b-bcce-4774-87a7-5e5ba1ce023c ] Request (MultipleCreateTestJSON:setUpClass): 201 POST http://10.180.1.21/networking/v2.0/subnets 0.255s
2025-12-15 15:51:01.651 67035 INFO tempest.lib.common.rest_client [req-8aa7091c-f959-4c32-8a72-6cdcd1aba11a req-8aa7091c-f959-4c32-8a72-6cdcd1aba11a ] Request (DeleteServersTestJSON:test_delete_server_while_in_shutoff_state): 200 GET http://10.180.1.21/compute/v2.1/servers/3619be34-19ed-4d3d-b3ee-573126dcefbb 4.100s
2025-12-15 15:51:01.659 67035 INFO tempest.common.waiters [-] State transition "BUILD/None" ==> "BUILD/spawning" after 9 second wait
2025-12-15 15:51:01.661 67023 INFO tempest.lib.common.rest_client [req-80c0418f-4fc9-4ee6-af93-ecdfce7010a3 req-80c0418f-4fc9-4ee6-af93-ecdfce7010a3 ] Request (ImagesOneServerNegativeTestJSON:_run_cleanups): 200 GET http://10.180.1.21/compute/v2.1/servers/d972a7e7-a04d-4244-a5b5-4aa5d57bf1e3 4.405s
2025-12-15 15:51:01.683 67051 INFO tempest.lib.common.rest_client [req-02063935-c2ea-4b89-934c-d38037c440e3 req-02063935-c2ea-4b89-934c-d38037c440e3 ] Request (MigrationsAdminTest:test_list_migrations_in_flavor_resize_situation): 200 POST http://10.180.1.21/compute/v2.1/os-keypairs 4.012s
2025-12-15 15:51:02.338 67045 INFO tempest.lib.common.rest_client [req-0c876fbd-ab86-4715-afbc-a6925f5d2e81 req-0c876fbd-ab86-4715-afbc-a6925f5d2e81 ] Request (MultipleCreateTestJSON:setUpClass): 201 POST http://10.180.1.21/networking/v2.0/routers 0.727s
2025-12-15 15:51:02.556 67005 INFO tempest.lib.common.rest_client [req-4b3e7c51-a611-4fae-931e-45be04359a5b req-4b3e7c51-a611-4fae-931e-45be04359a5b ] Request (ListServersNegativeTestJSON:setUpClass): 200 GET http://10.180.1.21/compute/v2.1/servers/434e66b1-5ea7-43d2-9b41-bdeda2a312d7 4.655s
2025-12-15 15:51:02.570 67059 INFO tempest.lib.common.rest_client [req-0278c2a5-364d-4871-834a-6e67e0a177ed req-0278c2a5-364d-4871-834a-6e67e0a177ed ] Request (ServerMetadataNegativeTestJSON:setUpClass): 200 GET http://10.180.1.21/compute/v2.1/servers/8235441c-c046-49da-a5a5-92bd85e17982 4.601s
2025-12-15 15:51:02.587 67059 INFO tempest.common.waiters [-] State transition "BUILD/None" ==> "BUILD/spawning" after 8 second wait
2025-12-15 15:51:02.775 67021 INFO tempest.lib.common.rest_client [req-2430fba2-d794-4023-9790-b1df0fb5d379 req-2430fba2-d794-4023-9790-b1df0fb5d379 ] Request (TenantUsagesTestJSON:test_get_usage_tenant): 200 GET http://10.180.1.21/compute/v2.1/os-simple-tenant-usage/95981b554a7f41e189993a89ea395b43?start=2025-12-14T15%3A50%3A58.053937&end=2025-12-16T15%3A50%3A58.053937 4.720s
2025-12-15 15:51:02.868 67051 INFO tempest.lib.common.rest_client [req-1d18cf0c-4530-4931-b8b1-800423d6d7a1 req-1d18cf0c-4530-4931-b8b1-800423d6d7a1 ] Request (MigrationsAdminTest:test_list_migrations_in_flavor_resize_situation): 201 POST http://10.180.1.21/networking/v2.0/security-groups 1.182s
2025-12-15 15:51:02.958 67007 INFO tempest.lib.common.rest_client [req-044a6879-a6d8-41f1-bc44-8cc2e868083e req-044a6879-a6d8-41f1-bc44-8cc2e868083e ] Request (ServersAdmin275Test:tearDownClass): 200 GET http://10.180.1.21/compute/v2.1/servers/5963a8ba-9d2c-42c3-a5da-25c29bf9e763 4.875s
2025-12-15 15:51:02.978 67007 INFO tempest.common.waiters [-] State transition "ACTIVE/deleting" ==> "DELETED/None" after 8 second wait
2025-12-15 15:51:03.032 67051 INFO tempest.lib.common.rest_client [req-150a1e56-9d1b-4771-a760-f23dcc8b9a90 req-150a1e56-9d1b-4771-a760-f23dcc8b9a90 ] Request (MigrationsAdminTest:test_list_migrations_in_flavor_resize_situation): 201 POST http://10.180.1.21/networking/v2.0/security-group-rules 0.162s
2025-12-15 15:51:03.134 67049 INFO tempest.lib.common.rest_client [req-a6e8798f-0b31-4e01-845d-196b77ef3a97 req-a6e8798f-0b31-4e01-845d-196b77ef3a97 ] Request (ServerShowV254Test:test_rebuild_server): 200 GET http://10.180.1.21/compute/v2.1/servers/d03f39a4-532b-439a-9055-19fc1e769fff 5.032s
2025-12-15 15:51:03.152 67049 INFO tempest.common.waiters [-] State transition "BUILD/None" ==> "BUILD/block_device_mapping" after 9 second wait
2025-12-15 15:51:03.213 67051 INFO tempest.lib.common.rest_client [req-64d30eb3-9ae9-4297-a2b0-6cf9dc51a23c req-64d30eb3-9ae9-4297-a2b0-6cf9dc51a23c ] Request (MigrationsAdminTest:test_list_migrations_in_flavor_resize_situation): 201 POST http://10.180.1.21/networking/v2.0/security-group-rules 0.181s
2025-12-15 15:51:03.325 67039 INFO tempest.lib.common.rest_client [req-00581fc4-995d-40aa-80a9-ef2539bb1b4c req-00581fc4-995d-40aa-80a9-ef2539bb1b4c ] Request (ServerDiskConfigTestJSON:test_resize_server_from_auto_to_manual): 400 POST http://10.180.1.21/compute/v2.1/servers 5.073s
2025-12-15 15:51:03.453 67039 INFO tempest.lib.common.rest_client [req-0d69a47a-40d4-482e-9f7a-6fd4ede1e6a0 req-0d69a47a-40d4-482e-9f7a-6fd4ede1e6a0 ] Request (ServerDiskConfigTestJSON:test_resize_server_from_manual_to_auto): 201 POST http://10.180.1.21/identity/v3/auth/tokens 0.115s
2025-12-15 15:51:03.453 67039 INFO tempest.lib.common.fixed_network [-] (ServerDiskConfigTestJSON:test_resize_server_from_manual_to_auto) Found network {'id': '3df6a80a-4b35-4871-9321-b0e913258005', 'name': 'tempest-ServerDiskConfigTestJSON-1939361732-network', 'tenant_id': '8449c95dd0f74492929e4d1d492ac9d2', 'project_id': '8449c95dd0f74492929e4d1d492ac9d2', 'admin_state_up': True, 'mtu': 8950, 'status': 'ACTIVE', 'subnets': [], 'shared': False, 'port_security_enabled': True, 'router:external': False, 'provider:network_type': 'vlan', 'provider:physical_network': 'default', 'provider:segmentation_id': 704, 'availability_zone_hints': [], 'availability_zones': [], 'ipv4_address_scope': None, 'ipv6_address_scope': None, 'description': '', 'tags': [], 'created_at': '2025-12-15T15:49:39Z', 'updated_at': '2025-12-15T15:49:39Z', 'revision_number': 1} available for tenant
2025-12-15 15:51:03.533 67045 INFO tempest.lib.common.rest_client [req-305ca458-658e-40a9-9a90-3f844104e5d0 req-305ca458-658e-40a9-9a90-3f844104e5d0 ] Request (MultipleCreateTestJSON:setUpClass): 200 PUT http://10.180.1.21/networking/v2.0/routers/c9bbfb3e-5989-45bc-98a2-64358e9cedba/add_router_interface 1.193s
2025-12-15 15:51:03.533 67045 INFO tempest.lib.common.dynamic_creds [-] Created isolated network resources for: credentials: Credentials: {'domain_id': 'default', 'domain_name': 'Default', 'username': 'tempest-MultipleCreateTestJSON-745162915-project-member', 'project_domain_id': 'default', 'project_domain_name': 'Default', 'project_id': '5e3c60d7a795471284636d3e4fc0743d', 'project_name': 'tempest-MultipleCreateTestJSON-745162915', 'tenant_id': '5e3c60d7a795471284636d3e4fc0743d', 'tenant_name': 'tempest-MultipleCreateTestJSON-745162915', 'user_domain_id': 'default', 'user_domain_name': 'Default', 'user_id': '11967ad350e74899acf253a4e5b7dd70', 'system': None}, Network: {'id': '59941c47-c026-4904-83e4-8d2c0920b414', 'name': 'tempest-MultipleCreateTestJSON-1393605554-network', 'tenant_id': '5e3c60d7a795471284636d3e4fc0743d', 'project_id': '5e3c60d7a795471284636d3e4fc0743d', 'admin_state_up': True, 'mtu': 8950, 'status': 'ACTIVE', 'subnets': [], 'shared': False, 'port_security_enabled': True, 'router:external': False, 'provider:network_type': 'vlan', 'provider:physical_network': 'default', 'provider:segmentation_id': 278, 'availability_zone_hints': [], 'availability_zones': [], 'ipv4_address_scope': None, 'ipv6_address_scope': None, 'description': '', 'tags': [], 'created_at': '2025-12-15T15:51:01Z', 'updated_at': '2025-12-15T15:51:01Z', 'revision_number': 1}, Subnet: {'id': '8fbe1877-03ee-4223-8d8e-e2d16ab13bda', 'name': 'tempest-MultipleCreateTestJSON-1393605554-subnet', 'tenant_id': '5e3c60d7a795471284636d3e4fc0743d', 'network_id': '59941c47-c026-4904-83e4-8d2c0920b414', 'ip_version': 4, 'subnetpool_id': None, 'enable_dhcp': True, 'ipv6_ra_mode': None, 'ipv6_address_mode': None, 'gateway_ip': '192.168.128.1', 'cidr': '192.168.128.0/28', 'allocation_pools': [{'start': '192.168.128.2', 'end': '192.168.128.14'}], 'host_routes': [], 'dns_nameservers': [], 'description': '', 'router:external': False, 'service_types': [], 'tags': [], 'created_at': '2025-12-15T15:51:01Z', 'updated_at': '2025-12-15T15:51:01Z', 'revision_number': 0, 'project_id': '5e3c60d7a795471284636d3e4fc0743d'}, Router: {'id': 'c9bbfb3e-5989-45bc-98a2-64358e9cedba', 'name': 'tempest-MultipleCreateTestJSON-1393605554-router', 'tenant_id': '5e3c60d7a795471284636d3e4fc0743d', 'admin_state_up': True, 'status': 'ACTIVE', 'external_gateway_info': {'network_id': 'aaedfc35-cc78-49d6-b544-fe44c02901ca', 'external_fixed_ips': [{'subnet_id': 'bba22501-5899-4366-8572-83d8bea4476d', 'ip_address': '10.180.180.203'}], 'enable_snat': True}, 'description': '', 'availability_zones': [], 'distributed': False, 'ha': False, 'availability_zone_hints': [], 'routes': [], 'flavor_id': None, 'tags': [], 'created_at': '2025-12-15T15:51:01Z', 'updated_at': '2025-12-15T15:51:02Z', 'revision_number': 2, 'project_id': '5e3c60d7a795471284636d3e4fc0743d'}
2025-12-15 15:51:03.638 67045 INFO tempest.lib.common.rest_client [req-fdc006ef-95f6-46cb-b58b-f2b8850152cc req-fdc006ef-95f6-46cb-b58b-f2b8850152cc ] Request (MultipleCreateTestJSON:setUpClass): 201 POST http://10.180.1.21/identity/v3/auth/tokens 0.100s
2025-12-15 15:51:03.676 67045 INFO tempest.lib.common.rest_client [req-05ec1b7c-eaf2-4d84-8895-2dd4513fe7f8 req-05ec1b7c-eaf2-4d84-8895-2dd4513fe7f8 ] Request (MultipleCreateTestJSON:test_multiple_create): 201 POST http://10.180.1.21/identity/v3/auth/tokens 0.034s
2025-12-15 15:51:03.677 67045 INFO tempest.lib.common.fixed_network [-] (MultipleCreateTestJSON:test_multiple_create) Found network {'id': '59941c47-c026-4904-83e4-8d2c0920b414', 'name': 'tempest-MultipleCreateTestJSON-1393605554-network', 'tenant_id': '5e3c60d7a795471284636d3e4fc0743d', 'project_id': '5e3c60d7a795471284636d3e4fc0743d', 'admin_state_up': True, 'mtu': 8950, 'status': 'ACTIVE', 'subnets': [], 'shared': False, 'port_security_enabled': True, 'router:external': False, 'provider:network_type': 'vlan', 'provider:physical_network': 'default', 'provider:segmentation_id': 278, 'availability_zone_hints': [], 'availability_zones': [], 'ipv4_address_scope': None, 'ipv6_address_scope': None, 'description': '', 'tags': [], 'created_at': '2025-12-15T15:51:01Z', 'updated_at': '2025-12-15T15:51:01Z', 'revision_number': 1} available for tenant
2025-12-15 15:51:03.864 67051 INFO tempest.lib.common.rest_client [req-e43d0845-0c60-4c2d-8783-563fd3ea9ed8 req-e43d0845-0c60-4c2d-8783-563fd3ea9ed8 ] Request (MigrationsAdminTest:test_list_migrations_in_flavor_resize_situation): 201 POST http://10.180.1.21/networking/v2.0/floatingips 0.649s
2025-12-15 15:51:04.110 67011 INFO tempest.lib.common.rest_client [req-3299669c-8e83-4a8f-ba63-34f8aa41c144 req-3299669c-8e83-4a8f-ba63-34f8aa41c144 ] Request (SecurityGroupsTestAdminJSON:test_list_security_groups_list_all_tenants_filter): 200 POST http://10.180.1.21/compute/v2.1/os-security-groups 5.510s
2025-12-15 15:51:04.142 67019 INFO tempest.lib.common.rest_client [req-adc3dc46-a342-4359-95ff-7c25a43acadc req-adc3dc46-a342-4359-95ff-7c25a43acadc ] Request (SecurityGroupsTestJSON:test_security_groups_create_list_delete): 404 GET http://10.180.1.21/compute/v2.1/os-security-groups/43e1163a-8366-42d4-b3da-f8fb0e97a366 5.497s
2025-12-15 15:51:04.237 67055 INFO tempest.lib.common.rest_client [req-eea483c7-8d3c-427e-bf88-5e027804fbe9 req-eea483c7-8d3c-427e-bf88-5e027804fbe9 ] Request (QuotasAdminTestJSON:test_update_all_quota_resources_for_tenant): 200 GET http://10.180.1.21/compute/v2.1/os-quota-sets/1af3e42a7aad49adad87fd64c05cc484/defaults 5.226s
2025-12-15 15:51:04.242 67037 INFO tempest.lib.common.rest_client [req-dc543dd9-e519-4578-8935-259bd6480ea5 req-dc543dd9-e519-4578-8935-259bd6480ea5 ] Request (ServersV294TestFqdnHostnames:setUpClass): 202 POST http://10.180.1.21/compute/v2.1/servers 6.252s
2025-12-15 15:51:04.271 67015 INFO tempest.lib.common.rest_client [req-ed5a7709-c0e2-4ad3-8cf7-f0d8dada0de5 req-ed5a7709-c0e2-4ad3-8cf7-f0d8dada0de5 ] Request (FlavorsAdminTestJSON:test_is_public_string_variations): 200 POST http://10.180.1.21/compute/v2.1/flavors 4.942s
2025-12-15 15:51:04.312 67033 INFO tempest.lib.common.rest_client [req-67653628-00a1-4b10-b30d-23db99664635 req-67653628-00a1-4b10-b30d-23db99664635 ] Request (ServerPasswordTestJSON:test_get_server_password): 200 GET http://10.180.1.21/compute/v2.1/servers/ac5bb5a2-e630-42f0-be0c-24f52be81367/os-server-password 4.894s
2025-12-15 15:51:04.347 67057 INFO tempest.lib.common.rest_client [req-f7a4abed-c762-463d-a6d1-11251cbce9ea req-f7a4abed-c762-463d-a6d1-11251cbce9ea ] Request (ServersAdminNegativeTestJSON:test_migrate_server_invalid_state): 200 GET http://10.180.1.21/compute/v2.1/servers/530f1e0e-5911-434e-bf20-edfd9778d7ad 5.045s
2025-12-15 15:51:04.463 67001 INFO tempest.lib.common.rest_client [req-bb88f6c5-7d4e-4999-8cf8-9c198cd4355b req-bb88f6c5-7d4e-4999-8cf8-9c198cd4355b ] Request (AbsoluteLimitsTestJSON:test_absLimits_get): 200 GET http://10.180.1.21/compute/v2.1/limits 4.940s
2025-12-15 15:51:04.487 67027 INFO tempest.lib.common.rest_client [req-cd01dbe9-4d57-4683-b5ff-9796c61c5656 req-cd01dbe9-4d57-4683-b5ff-9796c61c5656 ] Request (ServersTestFqdnHostnames:test_create_server_with_fqdn_name): 400 POST http://10.180.1.21/compute/v2.1/servers 4.802s
2025-12-15 15:51:04.498 67041 INFO tempest.lib.common.rest_client [req-a266a3ac-60af-4669-89d8-b75c0f362db3 req-a266a3ac-60af-4669-89d8-b75c0f362db3 ] Request (ServersTestJSON:tearDownClass): 404 DELETE http://10.180.1.21/compute/v2.1/servers/d1e5ad0b-1e3c-436e-8cf5-136cbcf6f4cc 4.670s
2025-12-15 15:51:04.538 66999 INFO tempest.lib.common.rest_client [req-eeace4b0-e4a7-46a1-8b2a-266baa963b21 req-eeace4b0-e4a7-46a1-8b2a-266baa963b21 ] Request (AggregatesAdminNegativeTestJSON:test_aggregate_get_details_with_invalid_id): 404 GET http://10.180.1.21/compute/v2.1/os-aggregates/-1 4.275s
2025-12-15 15:51:04.555 67001 INFO tempest.lib.common.rest_client [req-65dfdcd5-ea64-40f9-acb8-8f1df15eef82 req-65dfdcd5-ea64-40f9-acb8-8f1df15eef82 ] Request (AbsoluteLimitsTestJSON:tearDownClass): 204 DELETE http://10.180.1.21/identity/v3/users/92c4338aa8094780b995caa98074829d 0.086s
2025-12-15 15:51:04.556 67001 INFO tempest.lib.common.dynamic_creds [-] Deleting project and security group for project: d076ed4d02e84174bffc7fe97190db38
2025-12-15 15:51:04.620 67031 INFO tempest.lib.common.rest_client [req-63acd0e3-d691-403c-ba4c-4885cff20cfa req-63acd0e3-d691-403c-ba4c-4885cff20cfa ] Request (ImagesNegativeTestJSON:test_create_image_from_deleted_server): 200 GET http://10.180.1.21/compute/v2.1/servers/a2d567c9-09af-44e1-aad2-c8f394a09714 4.195s
2025-12-15 15:51:04.629 67001 INFO tempest.lib.common.rest_client [req-65168571-1d24-44c6-b6b0-8786a45ac836 req-65168571-1d24-44c6-b6b0-8786a45ac836 ] Request (AbsoluteLimitsTestJSON:tearDownClass): 201 POST http://10.180.1.21/identity/v3/auth/tokens 0.072s
2025-12-15 15:51:04.670 67009 INFO tempest.lib.common.rest_client [req-ae7b75cc-ee45-4a2c-92ef-7be8bae142df req-ae7b75cc-ee45-4a2c-92ef-7be8bae142df ] Request (SecurityGroupRulesTestJSON:tearDownClass): 202 DELETE http://10.180.1.21/compute/v2.1/os-security-groups/b3a9922c-f0fd-412b-8087-23015a105bde 4.449s
2025-12-15 15:51:04.696 66997 INFO tempest.lib.common.rest_client [req-dd5411c5-5e18-42e4-a6e0-28919814d2b2 req-dd5411c5-5e18-42e4-a6e0-28919814d2b2 ] Request (DeleteServersAdminTestJSON:test_delete_server_while_in_error_state): 200 GET http://10.180.1.21/compute/v2.1/servers/22899269-28fc-446e-9533-1f6862a9e8db 3.447s
2025-12-15 15:51:04.704 66997 INFO tempest.common.waiters [-] State transition "ERROR/deleting" ==> "DELETED/None" after 4 second wait
