2025-12-11 20:43:00.424 65874 INFO tempest.lib.common.rest_client [req-1f085e83-ae0a-42d9-b8b1-853ee5f9e2f4 req-1f085e83-ae0a-42d9-b8b1-853ee5f9e2f4 ] Request (ServerActionsTestOtherB:setUpClass): 200 GET http://10.180.1.21/compute/v2.1/servers/dffeb853-28aa-4b58-806a-0fe49b4a77c8 0.446s
2025-12-11 20:43:00.483 65880 INFO tempest.lib.common.rest_client [req-f9f8d04b-cf9f-4697-8fb9-bb9d7eed52ce req-f9f8d04b-cf9f-4697-8fb9-bb9d7eed52ce ] Request (ServerDiskConfigTestJSON:test_rebuild_server_with_manual_disk_config): 200 GET http://10.180.1.21/compute/v2.1/servers/961862e1-8e56-4fe5-86f3-03fafc57a41f 0.462s
2025-12-11 20:43:00.691 65910 INFO tempest.lib.common.rest_client [req-47a84f6d-4548-4562-803f-fe776426ed63 req-47a84f6d-4548-4562-803f-fe776426ed63 ] Request (DeleteServersTestJSON:test_delete_server_while_in_attached_volume): 200 GET http://10.180.1.21/volume/v3/volumes/a7e241ee-0cc1-42d6-877a-93d4fba27366 0.042s
2025-12-11 20:43:00.748 65906 INFO tempest.lib.common.rest_client [req-3e9f538a-a79b-4bfe-8329-8f2829cb11f8 req-3e9f538a-a79b-4bfe-8329-8f2829cb11f8 ] Request (AttachInterfacesV270Test:test_create_get_list_interfaces): 200 GET http://10.180.1.21/compute/v2.1/servers/74a8c478-18d6-4456-8623-e2854452e29a 0.691s
2025-12-11 20:43:00.759 65884 INFO tempest.lib.common.rest_client [req-d503adbf-22f1-49ee-8e86-6c44e6d0b864 req-d503adbf-22f1-49ee-8e86-6c44e6d0b864 ] Request (ServersTestJSON:tearDownClass): 200 GET http://10.180.1.21/compute/v2.1/servers/88603b9c-9b0a-406e-a720-5abbaef4233d 0.665s
2025-12-11 20:43:00.826 65886 INFO tempest.lib.common.rest_client [req-6f45de09-d634-4a07-9e7e-1deefe6be924 req-6f45de09-d634-4a07-9e7e-1deefe6be924 ] Request (ServersTestBootFromVolume:setUpClass): 200 GET http://10.180.1.21/compute/v2.1/servers/e45a31c3-0503-43fe-9624-0bc699a2d82b 0.661s
2025-12-11 20:43:00.902 65894 INFO tempest.lib.common.rest_client [req-2d0f37ff-e47a-4195-9b19-924fe5d3fcea req-2d0f37ff-e47a-4195-9b19-924fe5d3fcea ] Request (MigrationsAdminTest:test_resize_server_revert_deleted_flavor): 200 GET http://10.180.1.21/compute/v2.1/servers/f415b6a6-ba98-460c-a1c9-9e5b7a3afe75 0.662s
2025-12-11 20:43:00.916 65872 INFO tempest.lib.common.rest_client [req-9a4c014d-5f20-4419-9907-627ae0cf2d42 req-9a4c014d-5f20-4419-9907-627ae0cf2d42 ] Request (ListImageFiltersTestJSON:tearDownClass): 200 GET http://10.180.1.21/compute/v2.1/servers/3982cdc3-6c14-4707-a20b-66d46606e155 0.669s
2025-12-11 20:43:01.063 65902 INFO tempest.lib.common.rest_client [req-16aa8e21-f53b-4dc0-9c1b-78479010b8c4 req-16aa8e21-f53b-4dc0-9c1b-78479010b8c4 ] Request (ImagesTestJSON:setUpClass): 201 POST http://10.180.1.21/networking/v2.0/routers 0.777s
2025-12-11 20:43:01.093 65878 INFO tempest.lib.common.rest_client [req-66b28619-2f80-487d-aa34-6ad2fcf87800 req-66b28619-2f80-487d-aa34-6ad2fcf87800 ] Request (ServerRescueNegativeTestJSON:setUpClass): 200 GET http://10.180.1.21/compute/v2.1/servers/e9520f52-da67-440b-93be-cae167b53748 0.298s
2025-12-11 20:43:01.101 65878 INFO tempest.common.waiters [-] State transition "BUILD/scheduling" ==> "BUILD/None" after 28 second wait
2025-12-11 20:43:01.122 65908 INFO tempest.lib.common.rest_client [req-376ea06a-d4d5-46e6-a0ac-accb54df953a req-376ea06a-d4d5-46e6-a0ac-accb54df953a ] Request (ServerActionsTestOtherA:setUpClass): 200 GET http://10.180.1.21/compute/v2.1/servers/17c4bc1a-8b1e-4405-96ea-ad60b651517e 0.497s
2025-12-11 20:43:01.580 65892 INFO tempest.lib.common.rest_client [req-8ae1a226-8a46-4519-a469-fd400c95ec34 req-8ae1a226-8a46-4519-a469-fd400c95ec34 ] Request (ServerTagsTestJSON:setUpClass): 200 GET http://10.180.1.21/compute/v2.1/servers/192175e1-41eb-47f2-9893-bfd3676fb96d 0.478s
2025-12-11 20:43:01.736 65910 INFO tempest.lib.common.rest_client [req-984d0795-15b5-4529-97b2-95612a75d842 req-984d0795-15b5-4529-97b2-95612a75d842 ] Request (DeleteServersTestJSON:test_delete_server_while_in_attached_volume): 200 GET http://10.180.1.21/volume/v3/volumes/a7e241ee-0cc1-42d6-877a-93d4fba27366 0.036s
2025-12-11 20:43:01.935 65902 INFO tempest.lib.common.rest_client [req-0151230b-5f48-4c6a-8fd5-fdbf034f658f req-0151230b-5f48-4c6a-8fd5-fdbf034f658f ] Request (ImagesTestJSON:setUpClass): 200 PUT http://10.180.1.21/networking/v2.0/routers/ab7b0cc9-bc69-4f1c-a2f5-a23ecd0aee6f/add_router_interface 0.871s
2025-12-11 20:43:01.935 65902 INFO tempest.lib.common.dynamic_creds [-] Created isolated network resources for: credentials: Credentials: {'domain_id': 'default', 'domain_name': 'Default', 'username': 'tempest-ImagesTestJSON-370503719-project-member', 'project_domain_id': 'default', 'project_domain_name': 'Default', 'project_id': 'bd0e7f92c5964eb98e33a9c285329087', 'project_name': 'tempest-ImagesTestJSON-370503719', 'tenant_id': 'bd0e7f92c5964eb98e33a9c285329087', 'tenant_name': 'tempest-ImagesTestJSON-370503719', 'user_domain_id': 'default', 'user_domain_name': 'Default', 'user_id': '35b38a0f40b540b48fa76ce8ea8336ce', 'system': None}, Network: {'id': '6bc3d64f-5612-4761-ae62-be53b7c9a8c4', 'name': 'tempest-ImagesTestJSON-2094066954-network', 'tenant_id': 'bd0e7f92c5964eb98e33a9c285329087', 'project_id': 'bd0e7f92c5964eb98e33a9c285329087', 'admin_state_up': True, 'mtu': 8950, 'status': 'ACTIVE', 'subnets': [], 'shared': False, 'port_security_enabled': True, 'router:external': False, 'provider:network_type': 'vlan', 'provider:physical_network': 'default', 'provider:segmentation_id': 21, 'availability_zone_hints': [], 'availability_zones': [], 'ipv4_address_scope': None, 'ipv6_address_scope': None, 'description': '', 'tags': [], 'created_at': '2025-12-11T20:43:00Z', 'updated_at': '2025-12-11T20:43:00Z', 'revision_number': 1}, Subnet: {'id': '4d2bf842-af8a-4887-982c-d8972f58e739', 'name': 'tempest-ImagesTestJSON-2094066954-subnet', 'tenant_id': 'bd0e7f92c5964eb98e33a9c285329087', 'network_id': '6bc3d64f-5612-4761-ae62-be53b7c9a8c4', 'ip_version': 4, 'subnetpool_id': None, 'enable_dhcp': True, 'ipv6_ra_mode': None, 'ipv6_address_mode': None, 'gateway_ip': '192.168.128.1', 'cidr': '192.168.128.0/28', 'allocation_pools': [{'start': '192.168.128.2', 'end': '192.168.128.14'}], 'host_routes': [], 'dns_nameservers': [], 'description': '', 'router:external': False, 'service_types': [], 'tags': [], 'created_at': '2025-12-11T20:43:00Z', 'updated_at': '2025-12-11T20:43:00Z', 'revision_number': 0, 'project_id': 'bd0e7f92c5964eb98e33a9c285329087'}, Router: {'id': 'ab7b0cc9-bc69-4f1c-a2f5-a23ecd0aee6f', 'name': 'tempest-ImagesTestJSON-2094066954-router', 'tenant_id': 'bd0e7f92c5964eb98e33a9c285329087', 'admin_state_up': True, 'status': 'ACTIVE', 'external_gateway_info': {'network_id': '4d7a6f66-baf2-4757-b8d4-e9ab019ee258', 'external_fixed_ips': [{'subnet_id': 'e003770a-972a-4ca9-90bd-6c15d218ad34', 'ip_address': '10.180.180.147'}], 'enable_snat': True}, 'description': '', 'availability_zones': [], 'distributed': False, 'ha': False, 'availability_zone_hints': [], 'routes': [], 'flavor_id': None, 'tags': [], 'created_at': '2025-12-11T20:43:00Z', 'updated_at': '2025-12-11T20:43:00Z', 'revision_number': 2, 'project_id': 'bd0e7f92c5964eb98e33a9c285329087'}
2025-12-11 20:43:01.975 65928 INFO tempest.lib.common.rest_client [req-52cdfb6f-55cb-4716-b747-40b96eb7fab9 req-52cdfb6f-55cb-4716-b747-40b96eb7fab9 ] Request (ServersAdminTestJSON:test_create_server_with_scheduling_hint): 200 GET http://10.180.1.21/compute/v2.1/servers/fa501bd4-e750-49ac-8bcd-0bc0023b298d 1.148s
2025-12-11 20:43:02.033 65902 INFO tempest.lib.common.rest_client [req-016a5166-f762-4420-8172-233394af6470 req-016a5166-f762-4420-8172-233394af6470 ] Request (ImagesTestJSON:setUpClass): 201 POST http://10.180.1.21/identity/v3/auth/tokens 0.094s
2025-12-11 20:43:02.091 65902 INFO tempest.lib.common.rest_client [req-7838e8ee-b76b-48c6-9ddb-11685c093047 req-7838e8ee-b76b-48c6-9ddb-11685c093047 ] Request (ImagesTestJSON:test_create_image_from_stopped_server): 201 POST http://10.180.1.21/identity/v3/auth/tokens 0.049s
2025-12-11 20:43:02.091 65902 INFO tempest.lib.common.fixed_network [-] (ImagesTestJSON:test_create_image_from_stopped_server) Found network {'id': '6bc3d64f-5612-4761-ae62-be53b7c9a8c4', 'name': 'tempest-ImagesTestJSON-2094066954-network', 'tenant_id': 'bd0e7f92c5964eb98e33a9c285329087', 'project_id': 'bd0e7f92c5964eb98e33a9c285329087', 'admin_state_up': True, 'mtu': 8950, 'status': 'ACTIVE', 'subnets': [], 'shared': False, 'port_security_enabled': True, 'router:external': False, 'provider:network_type': 'vlan', 'provider:physical_network': 'default', 'provider:segmentation_id': 21, 'availability_zone_hints': [], 'availability_zones': [], 'ipv4_address_scope': None, 'ipv6_address_scope': None, 'description': '', 'tags': [], 'created_at': '2025-12-11T20:43:00Z', 'updated_at': '2025-12-11T20:43:00Z', 'revision_number': 1} available for tenant
2025-12-11 20:43:02.102 65918 INFO tempest.lib.common.rest_client [req-ecd0c593-18f8-4abf-b635-152d5c3187b9 req-ecd0c593-18f8-4abf-b635-152d5c3187b9 ] Request (AttachInterfacesTestJSON:test_create_list_show_delete_interfaces_by_fixed_ip): 200 GET http://10.180.1.21/compute/v2.1/servers/2fe516dc-30a1-471b-aea9-8300d5749987/os-interface 0.887s
2025-12-11 20:43:02.150 65896 INFO tempest.lib.common.rest_client [req-8c989dd8-47f8-46da-91c1-1871b7ff94ea req-8c989dd8-47f8-46da-91c1-1871b7ff94ea ] Request (ListServerFiltersTestJSON:test_list_servers_filter_by_shutoff_status): 200 GET http://10.180.1.21/compute/v2.1/servers/17b755b0-f1e2-4fd6-8dea-09e63c6b978b 0.989s
2025-12-11 20:43:02.196 65918 INFO tempest.lib.common.rest_client [req-fa200e57-215a-4b4f-bf43-1bf1d0d73b9c req-fa200e57-215a-4b4f-bf43-1bf1d0d73b9c ] Request (AttachInterfacesTestJSON:_run_cleanups): 404 DELETE http://10.180.1.21/networking/v2.0/ports/dac07288-9a46-4b39-aacb-f041da675bc2 0.090s
2025-12-11 20:43:02.224 65904 INFO tempest.lib.common.rest_client [req-fc9f1f61-e153-4661-be92-7a03f0da3171 req-fc9f1f61-e153-4661-be92-7a03f0da3171 ] Request (ImagesOneServerNegativeTestJSON:_run_cleanups): 200 GET http://10.180.1.21/compute/v2.1/servers/dcfcafb7-448c-46e0-999f-297cd573bb49 0.982s
2025-12-11 20:43:02.270 65898 INFO tempest.lib.common.rest_client [req-96c79def-41d1-45fa-b4e1-e6fafb466740 req-96c79def-41d1-45fa-b4e1-e6fafb466740 ] Request (ServerDiagnosticsTest:tearDownClass): 200 GET http://10.180.1.21/compute/v2.1/servers/c6e2c843-b31d-494e-9a1d-cf79e697c114 0.979s
2025-12-11 20:43:02.400 65915 INFO tempest.lib.common.rest_client [req-c9d9d89a-d501-4636-8dfe-0359c43e0659 req-c9d9d89a-d501-4636-8dfe-0359c43e0659 ] Request (ServersNegativeTestMultiTenantJSON:setUpClass): 200 GET http://10.180.1.21/compute/v2.1/servers/72232801-28e2-4163-b5f7-323a0aa3ad4a 1.057s
2025-12-11 20:43:02.435 65876 INFO tempest.lib.common.rest_client [req-90401346-df39-4b22-820d-cb4534e2e9ab req-90401346-df39-4b22-820d-cb4534e2e9ab ] Request (ServerActionsV293TestJSON:setUpClass): 200 GET http://10.180.1.21/compute/v2.1/servers/4082dc90-c54a-42b1-9289-d6306d4fabce 1.118s
2025-12-11 20:43:02.451 65876 INFO tempest.common.waiters [-] State transition "BUILD/None" ==> "BUILD/block_device_mapping" after 51 second wait
2025-12-11 20:43:02.478 65924 INFO tempest.lib.common.rest_client [req-fcf45610-2358-4ed4-8696-f9b2a271c393 req-fcf45610-2358-4ed4-8696-f9b2a271c393 ] Request (ServersNegativeTestJSON:setUpClass): 200 GET http://10.180.1.21/compute/v2.1/servers/6ed787df-8647-4575-bab9-02d041ae156b 1.110s
2025-12-11 20:43:02.521 65930 INFO tempest.lib.common.rest_client [req-33c70f59-fe56-458f-9e7a-2742aa8d1ba4 req-33c70f59-fe56-458f-9e7a-2742aa8d1ba4 ] Request (ServerRescueTestJSONUnderV235:tearDownClass): 200 GET http://10.180.1.21/compute/v2.1/servers/6389b796-01b8-429b-8d24-bc8a4d89890f 1.117s
2025-12-11 20:43:02.569 65874 INFO tempest.lib.common.rest_client [req-2ea48593-df51-4fe3-90e5-ad36f7871a8a req-2ea48593-df51-4fe3-90e5-ad36f7871a8a ] Request (ServerActionsTestOtherB:setUpClass): 200 GET http://10.180.1.21/compute/v2.1/servers/dffeb853-28aa-4b58-806a-0fe49b4a77c8 1.134s
2025-12-11 20:43:02.614 65880 INFO tempest.lib.common.rest_client [req-19fdb964-8d41-498e-bb0c-c79d2a08ea24 req-19fdb964-8d41-498e-bb0c-c79d2a08ea24 ] Request (ServerDiskConfigTestJSON:test_rebuild_server_with_manual_disk_config): 200 GET http://10.180.1.21/compute/v2.1/servers/961862e1-8e56-4fe5-86f3-03fafc57a41f 1.123s
2025-12-11 20:43:02.660 65884 INFO tempest.lib.common.rest_client [req-92a9c8ca-37ad-4c54-80a8-1bd397f090a4 req-92a9c8ca-37ad-4c54-80a8-1bd397f090a4 ] Request (ServersTestJSON:tearDownClass): 200 GET http://10.180.1.21/compute/v2.1/servers/88603b9c-9b0a-406e-a720-5abbaef4233d 0.887s
2025-12-11 20:43:02.671 65920 WARNING tempest.lib.common.ssh [-] Failed to establish authenticated ssh connection to cirros@10.180.180.223 ([Errno None] Unable to connect to port 22 on 10.180.180.223). Number attempts: 1. Retry after 2 seconds.: paramiko.ssh_exception.NoValidConnectionsError: [Errno None] Unable to connect to port 22 on 10.180.180.223
2025-12-11 20:43:02.684 65906 INFO tempest.lib.common.rest_client [req-ab792f9d-57fa-4de2-bc6b-13c3cd0a1f44 req-ab792f9d-57fa-4de2-bc6b-13c3cd0a1f44 ] Request (AttachInterfacesV270Test:test_create_get_list_interfaces): 200 GET http://10.180.1.21/compute/v2.1/servers/74a8c478-18d6-4456-8623-e2854452e29a 0.908s
2025-12-11 20:43:02.727 65886 INFO tempest.lib.common.rest_client [req-bf8d65e9-d82a-449b-8542-d549e8605b85 req-bf8d65e9-d82a-449b-8542-d549e8605b85 ] Request (ServersTestBootFromVolume:setUpClass): 200 GET http://10.180.1.21/compute/v2.1/servers/e45a31c3-0503-43fe-9624-0bc699a2d82b 0.888s
2025-12-11 20:43:02.777 65910 INFO tempest.lib.common.rest_client [req-fb9df8f4-a0d2-4821-9865-f5e39669c4b3 req-fb9df8f4-a0d2-4821-9865-f5e39669c4b3 ] Request (DeleteServersTestJSON:test_delete_server_while_in_attached_volume): 200 GET http://10.180.1.21/volume/v3/volumes/a7e241ee-0cc1-42d6-877a-93d4fba27366 0.031s
2025-12-11 20:43:02.785 65894 INFO tempest.lib.common.rest_client [req-84b6b45f-d04e-431a-9652-5825762d17f3 req-84b6b45f-d04e-431a-9652-5825762d17f3 ] Request (MigrationsAdminTest:test_resize_server_revert_deleted_flavor): 200 GET http://10.180.1.21/compute/v2.1/servers/f415b6a6-ba98-460c-a1c9-9e5b7a3afe75 0.870s
2025-12-11 20:43:02.801 65872 INFO tempest.lib.common.rest_client [req-da013340-f95d-44f1-a9f4-62028b979516 req-da013340-f95d-44f1-a9f4-62028b979516 ] Request (ListImageFiltersTestJSON:tearDownClass): 200 GET http://10.180.1.21/compute/v2.1/servers/3982cdc3-6c14-4707-a20b-66d46606e155 0.871s
2025-12-11 20:43:02.861 65878 INFO tempest.lib.common.rest_client [req-4d80d911-f413-46df-ab6c-70d0c972baaf req-4d80d911-f413-46df-ab6c-70d0c972baaf ] Request (ServerRescueNegativeTestJSON:setUpClass): 200 GET http://10.180.1.21/compute/v2.1/servers/e9520f52-da67-440b-93be-cae167b53748 0.758s
2025-12-11 20:43:03.042 65908 INFO tempest.lib.common.rest_client [req-ac1eba6b-3d88-45ff-8855-774c79979643 req-ac1eba6b-3d88-45ff-8855-774c79979643 ] Request (ServerActionsTestOtherA:setUpClass): 200 GET http://10.180.1.21/compute/v2.1/servers/17c4bc1a-8b1e-4405-96ea-ad60b651517e 0.910s
2025-12-11 20:43:03.050 65908 INFO tempest.common.waiters [-] State transition "BUILD/spawning" ==> "ACTIVE/None" after 53 second wait
2025-12-11 20:43:03.146 65918 INFO tempest.lib.common.rest_client [req-e9929898-94d2-4c31-a089-f8f03480234a req-e9929898-94d2-4c31-a089-f8f03480234a ] Request (AttachInterfacesTestJSON:_run_cleanups): 204 DELETE http://10.180.1.21/compute/v2.1/servers/2fe516dc-30a1-471b-aea9-8300d5749987 0.949s
2025-12-11 20:43:03.210 65892 INFO tempest.lib.common.rest_client [req-0e28f681-d91c-4e95-855a-f932ccc13cc9 req-0e28f681-d91c-4e95-855a-f932ccc13cc9 ] Request (ServerTagsTestJSON:setUpClass): 200 GET http://10.180.1.21/compute/v2.1/servers/192175e1-41eb-47f2-9893-bfd3676fb96d 0.617s
2025-12-11 20:43:03.301 65902 INFO tempest.lib.common.rest_client [req-89958685-8704-43b9-bb73-30822d7bbfcd req-89958685-8704-43b9-bb73-30822d7bbfcd ] Request (ImagesTestJSON:test_create_image_from_stopped_server): 202 POST http://10.180.1.21/compute/v2.1/servers 1.209s
2025-12-11 20:43:03.321 65928 INFO tempest.lib.common.rest_client [req-ca6cb977-b554-40f2-a348-460fb6cecae4 req-ca6cb977-b554-40f2-a348-460fb6cecae4 ] Request (ServersAdminTestJSON:test_create_server_with_scheduling_hint): 200 GET http://10.180.1.21/compute/v2.1/servers/fa501bd4-e750-49ac-8bcd-0bc0023b298d 0.338s
2025-12-11 20:43:03.331 65928 INFO tempest.common.waiters [-] State transition "BUILD/spawning" ==> "ACTIVE/None" after 61 second wait
2025-12-11 20:43:03.413 65908 INFO tempest.lib.common.rest_client [req-725c9833-21c1-4fff-b17f-d884719ab04f req-725c9833-21c1-4fff-b17f-d884719ab04f ] Request (ServerActionsTestOtherA:setUpClass): 200 GET http://10.180.1.21/compute/v2.1/servers/17c4bc1a-8b1e-4405-96ea-ad60b651517e/os-interface 0.361s
2025-12-11 20:43:03.418 65928 INFO tempest.lib.common.rest_client [req-586ae73b-2a1f-4f74-88f2-8330d43c09b8 req-586ae73b-2a1f-4f74-88f2-8330d43c09b8 ] Request (ServersAdminTestJSON:test_inject_network_info): 201 POST http://10.180.1.21/identity/v3/auth/tokens 0.082s
2025-12-11 20:43:03.419 65928 INFO tempest.lib.common.fixed_network [-] (ServersAdminTestJSON:test_inject_network_info) Found network {'id': '875a9b0b-04dc-4dc9-b572-90d800314a02', 'name': 'tempest-ServersAdminTestJSON-1730606556-network', 'tenant_id': '37c16c68fe1b41b5b6cdfc99697306ca', 'project_id': '37c16c68fe1b41b5b6cdfc99697306ca', 'admin_state_up': True, 'mtu': 8950, 'status': 'ACTIVE', 'subnets': [], 'shared': False, 'port_security_enabled': True, 'router:external': False, 'provider:network_type': 'vlan', 'provider:physical_network': 'default', 'provider:segmentation_id': 46, 'availability_zone_hints': [], 'availability_zones': [], 'ipv4_address_scope': None, 'ipv6_address_scope': None, 'description': '', 'tags': [], 'created_at': '2025-12-11T20:41:06Z', 'updated_at': '2025-12-11T20:41:06Z', 'revision_number': 1} available for tenant
2025-12-11 20:43:03.457 65918 INFO tempest.lib.common.rest_client [req-bce0297a-ce3d-46d9-86dc-95f4868e3f8a req-bce0297a-ce3d-46d9-86dc-95f4868e3f8a ] Request (AttachInterfacesTestJSON:_run_cleanups): 200 GET http://10.180.1.21/compute/v2.1/servers/2fe516dc-30a1-471b-aea9-8300d5749987 0.310s
2025-12-11 20:43:03.588 65904 INFO tempest.lib.common.rest_client [req-8b3166ed-a933-4a56-9409-532901b3c464 req-8b3166ed-a933-4a56-9409-532901b3c464 ] Request (ImagesOneServerNegativeTestJSON:_run_cleanups): 200 GET http://10.180.1.21/compute/v2.1/servers/dcfcafb7-448c-46e0-999f-297cd573bb49 0.352s
2025-12-11 20:43:03.619 65896 INFO tempest.lib.common.rest_client [req-add6f086-aa6a-4ef3-a2e2-bb990d0063b6 req-add6f086-aa6a-4ef3-a2e2-bb990d0063b6 ] Request (ListServerFiltersTestJSON:test_list_servers_filter_by_shutoff_status): 200 GET http://10.180.1.21/compute/v2.1/servers/17b755b0-f1e2-4fd6-8dea-09e63c6b978b 0.457s
2025-12-11 20:43:03.627 65896 INFO tempest.common.waiters [-] State transition "SHUTOFF/powering-on" ==> "ACTIVE/None" after 6 second wait
2025-12-11 20:43:03.656 65898 INFO tempest.lib.common.rest_client [req-91d374c4-ec85-4e64-aecc-184d49e1171f req-91d374c4-ec85-4e64-aecc-184d49e1171f ] Request (ServerDiagnosticsTest:tearDownClass): 200 GET http://10.180.1.21/compute/v2.1/servers/c6e2c843-b31d-494e-9a1d-cf79e697c114 0.376s
2025-12-11 20:43:03.686 65902 INFO tempest.lib.common.rest_client [req-8ec50f36-71fa-413e-a78e-0ffa1847819c req-8ec50f36-71fa-413e-a78e-0ffa1847819c ] Request (ImagesTestJSON:test_create_image_from_stopped_server): 200 GET http://10.180.1.21/compute/v2.1/servers/518fbe6d-c9f6-40bd-b6fd-7664421ab8a0 0.383s
2025-12-11 20:43:03.723 65915 INFO tempest.lib.common.rest_client [req-24636d4d-d772-476f-b7e9-4b270e123458 req-24636d4d-d772-476f-b7e9-4b270e123458 ] Request (ServersNegativeTestMultiTenantJSON:setUpClass): 200 GET http://10.180.1.21/compute/v2.1/servers/72232801-28e2-4163-b5f7-323a0aa3ad4a 0.314s
2025-12-11 20:43:03.851 65910 INFO tempest.lib.common.rest_client [req-585ce8fe-e62f-4a9a-9cb1-7e869a0c52f1 req-585ce8fe-e62f-4a9a-9cb1-7e869a0c52f1 ] Request (DeleteServersTestJSON:test_delete_server_while_in_attached_volume): 200 GET http://10.180.1.21/volume/v3/volumes/a7e241ee-0cc1-42d6-877a-93d4fba27366 0.064s
2025-12-11 20:43:03.929 65876 INFO tempest.lib.common.rest_client [req-68b6f9c7-9a02-4052-bc1d-3228bad3b8f2 req-68b6f9c7-9a02-4052-bc1d-3228bad3b8f2 ] Request (ServerActionsV293TestJSON:setUpClass): 200 GET http://10.180.1.21/compute/v2.1/servers/4082dc90-c54a-42b1-9289-d6306d4fabce 0.477s
2025-12-11 20:43:04.008 65934 WARNING tempest.lib.common.ssh [-] Failed to establish authenticated ssh connection to cirros@10.180.180.254 ([Errno None] Unable to connect to port 22 on 10.180.180.254). Number attempts: 10. Retry after 11 seconds.: paramiko.ssh_exception.NoValidConnectionsError: [Errno None] Unable to connect to port 22 on 10.180.180.254
2025-12-11 20:43:04.119 65908 INFO tempest.lib.common.rest_client [req-a74aab12-bd75-47aa-94ca-ff5c18c62f77 req-a74aab12-bd75-47aa-94ca-ff5c18c62f77 ] Request (ServerActionsTestOtherA:setUpClass): 200 PUT http://10.180.1.21/networking/v2.0/floatingips/3e68a2cc-b8d0-44d3-8cf6-2ffb75b2cb58 0.704s
2025-12-11 20:43:04.121 65908 INFO tempest.lib.common.ssh [-] Creating ssh connection to '10.180.180.215:22' as 'cirros' with public key authentication
2025-12-11 20:43:04.139 65924 INFO tempest.lib.common.rest_client [req-1a63a4aa-7027-47e0-b11b-74101c0a9337 req-1a63a4aa-7027-47e0-b11b-74101c0a9337 ] Request (ServersNegativeTestJSON:setUpClass): 200 GET http://10.180.1.21/compute/v2.1/servers/6ed787df-8647-4575-bab9-02d041ae156b 0.652s
2025-12-11 20:43:04.142 65882 WARNING tempest.lib.common.ssh [-] Failed to establish authenticated ssh connection to cirros@10.180.180.141 ([Errno None] Unable to connect to port 22 on 10.180.180.141). Number attempts: 1. Retry after 2 seconds.: paramiko.ssh_exception.NoValidConnectionsError: [Errno None] Unable to connect to port 22 on 10.180.180.141
2025-12-11 20:43:04.253 65930 INFO tempest.lib.common.rest_client [req-7ca65408-57ab-45b8-9fb9-8eaa3517fcce req-7ca65408-57ab-45b8-9fb9-8eaa3517fcce ] Request (ServerRescueTestJSONUnderV235:tearDownClass): 200 GET http://10.180.1.21/compute/v2.1/servers/6389b796-01b8-429b-8d24-bc8a4d89890f 0.725s
2025-12-11 20:43:04.266 65928 INFO tempest.lib.common.rest_client [req-02040ec1-50fe-4f85-956d-de09616528ca req-02040ec1-50fe-4f85-956d-de09616528ca ] Request (ServersAdminTestJSON:test_inject_network_info): 202 POST http://10.180.1.21/compute/v2.1/servers 0.847s
2025-12-11 20:43:04.348 65874 INFO tempest.lib.common.rest_client [req-6f4ccff3-a739-457a-b3f0-adb30e34a917 req-6f4ccff3-a739-457a-b3f0-adb30e34a917 ] Request (ServerActionsTestOtherB:setUpClass): 200 GET http://10.180.1.21/compute/v2.1/servers/dffeb853-28aa-4b58-806a-0fe49b4a77c8 0.766s
2025-12-11 20:43:04.366 65896 INFO tempest.lib.common.rest_client [req-afd39ccd-95ed-4f5c-8340-fa62ae3365cf req-afd39ccd-95ed-4f5c-8340-fa62ae3365cf ] Request (ListServerFiltersTestJSON:test_list_servers_filter_by_zero_limit): 200 GET http://10.180.1.21/compute/v2.1/servers?limit=0 0.737s
2025-12-11 20:43:04.396 65912 WARNING tempest.lib.common.ssh [-] Failed to establish authenticated ssh connection to cirros@10.180.180.132 ([Errno None] Unable to connect to port 22 on 10.180.180.132). Number attempts: 13. Retry after 14 seconds.: paramiko.ssh_exception.NoValidConnectionsError: [Errno None] Unable to connect to port 22 on 10.180.180.132
2025-12-11 20:43:04.435 65880 INFO tempest.lib.common.rest_client [req-7eec72a3-15de-47d0-b40b-381fe4b4e50a req-7eec72a3-15de-47d0-b40b-381fe4b4e50a ] Request (ServerDiskConfigTestJSON:test_rebuild_server_with_manual_disk_config): 200 GET http://10.180.1.21/compute/v2.1/servers/961862e1-8e56-4fe5-86f3-03fafc57a41f 0.813s
2025-12-11 20:43:04.506 65884 INFO tempest.lib.common.rest_client [req-5979551c-bbca-449b-8acc-312dd3587402 req-5979551c-bbca-449b-8acc-312dd3587402 ] Request (ServersTestJSON:tearDownClass): 200 GET http://10.180.1.21/compute/v2.1/servers/88603b9c-9b0a-406e-a720-5abbaef4233d 0.833s
2025-12-11 20:43:04.621 65886 INFO tempest.lib.common.rest_client [req-2aa4acfa-ca22-473f-936a-a7e2a909beff req-2aa4acfa-ca22-473f-936a-a7e2a909beff ] Request (ServersTestBootFromVolume:setUpClass): 200 GET http://10.180.1.21/compute/v2.1/servers/e45a31c3-0503-43fe-9624-0bc699a2d82b 0.882s
2025-12-11 20:43:04.630 65886 INFO tempest.common.waiters [-] State transition "BUILD/scheduling" ==> "BUILD/None" after 27 second wait
2025-12-11 20:43:04.644 65906 INFO tempest.lib.common.rest_client [req-7b4bcd88-db26-44e5-8d6a-72f9a03511bb req-7b4bcd88-db26-44e5-8d6a-72f9a03511bb ] Request (AttachInterfacesV270Test:test_create_get_list_interfaces): 200 GET http://10.180.1.21/compute/v2.1/servers/74a8c478-18d6-4456-8623-e2854452e29a 0.943s
2025-12-11 20:43:04.655 65906 INFO tempest.common.waiters [-] State transition "BUILD/None" ==> "BUILD/networking" after 53 second wait
2025-12-11 20:43:04.767 65872 INFO tempest.lib.common.rest_client [req-42cc1936-7b90-48b7-9bb1-1973019727dc req-42cc1936-7b90-48b7-9bb1-1973019727dc ] Request (ListImageFiltersTestJSON:tearDownClass): 200 GET http://10.180.1.21/compute/v2.1/servers/3982cdc3-6c14-4707-a20b-66d46606e155 0.950s
2025-12-11 20:43:04.801 65894 INFO tempest.lib.common.rest_client [req-ff5049e1-0a4a-40a9-9c6b-89f25260a6b5 req-ff5049e1-0a4a-40a9-9c6b-89f25260a6b5 ] Request (MigrationsAdminTest:test_resize_server_revert_deleted_flavor): 200 GET http://10.180.1.21/compute/v2.1/servers/f415b6a6-ba98-460c-a1c9-9e5b7a3afe75 1.002s
2025-12-11 20:43:04.839 65878 INFO tempest.lib.common.rest_client [req-3533d178-1e5a-4943-add6-58fb419032aa req-3533d178-1e5a-4943-add6-58fb419032aa ] Request (ServerRescueNegativeTestJSON:setUpClass): 200 GET http://10.180.1.21/compute/v2.1/servers/e9520f52-da67-440b-93be-cae167b53748 0.970s
2025-12-11 20:43:04.887 65928 INFO tempest.lib.common.rest_client [req-a0ef4494-bb41-4d7d-b611-8ea1d343647a req-a0ef4494-bb41-4d7d-b611-8ea1d343647a ] Request (ServersAdminTestJSON:test_inject_network_info): 200 GET http://10.180.1.21/compute/v2.1/servers/9b78945c-fbba-46c6-9acb-bfd8d2c66146 0.617s
2025-12-11 20:43:04.900 65910 INFO tempest.lib.common.rest_client [req-a9526c03-7ec1-4f98-a0e7-63424ab63e0e req-a9526c03-7ec1-4f98-a0e7-63424ab63e0e ] Request (DeleteServersTestJSON:test_delete_server_while_in_attached_volume): 200 GET http://10.180.1.21/volume/v3/volumes/a7e241ee-0cc1-42d6-877a-93d4fba27366 0.040s
2025-12-11 20:43:04.907 65910 INFO tempest.common.waiters [-] Attachment 74ae1b42-0d01-4508-b47d-3d13724fc239 created for volume a7e241ee-0cc1-42d6-877a-93d4fba27366 to server 4f56f2d1-d530-4f0e-8f16-aa060fbd85b5 after waiting for 8.907775 seconds
2025-12-11 20:43:04.910 65892 INFO tempest.lib.common.rest_client [req-ec79d5a7-d86a-4331-99c8-f59efcd27281 req-ec79d5a7-d86a-4331-99c8-f59efcd27281 ] Request (ServerTagsTestJSON:setUpClass): 200 GET http://10.180.1.21/compute/v2.1/servers/192175e1-41eb-47f2-9893-bfd3676fb96d 0.690s
2025-12-11 20:43:04.955 65910 INFO tempest.lib.common.rest_client [req-6ca9a7ca-e75e-4463-96d5-451e5edde490 req-6ca9a7ca-e75e-4463-96d5-451e5edde490 ] Request (DeleteServersTestJSON:test_delete_server_while_in_attached_volume): 200 GET http://10.180.1.21/volume/v3/volumes/a7e241ee-0cc1-42d6-877a-93d4fba27366 0.048s
2025-12-11 20:43:04.963 65910 INFO tempest.common.waiters [-] volume a7e241ee-0cc1-42d6-877a-93d4fba27366 reached in-use after waiting for 0.963378 seconds
2025-12-11 20:43:05.071 65896 INFO tempest.lib.common.rest_client [req-9d39c463-9a47-4624-9810-5c508de7cb09 req-9d39c463-9a47-4624-9810-5c508de7cb09 ] Request (ListServerFiltersTestJSON:test_list_servers_filtered_by_ip): 200 GET http://10.180.1.21/compute/v2.1/servers/17b755b0-f1e2-4fd6-8dea-09e63c6b978b 0.703s
2025-12-11 20:43:05.093 65918 INFO tempest.lib.common.rest_client [req-301ec2c4-374a-439a-ba4a-fbaf53a08c9a req-301ec2c4-374a-439a-ba4a-fbaf53a08c9a ] Request (AttachInterfacesTestJSON:_run_cleanups): 200 GET http://10.180.1.21/compute/v2.1/servers/2fe516dc-30a1-471b-aea9-8300d5749987 0.620s
2025-12-11 20:43:05.138 65904 INFO tempest.lib.common.rest_client [req-8f23b2d2-4320-483e-a11a-e989bed8fd20 req-8f23b2d2-4320-483e-a11a-e989bed8fd20 ] Request (ImagesOneServerNegativeTestJSON:_run_cleanups): 200 GET http://10.180.1.21/compute/v2.1/servers/dcfcafb7-448c-46e0-999f-297cd573bb49 0.536s
2025-12-11 20:43:05.149 65904 INFO tempest.common.waiters [-] State transition "BUILD/scheduling" ==> "BUILD/None" after 26 second wait
2025-12-11 20:43:05.162 65898 INFO tempest.lib.common.rest_client [req-dc7e06b0-c1c2-4a63-8013-fd8d811e1c2c req-dc7e06b0-c1c2-4a63-8013-fd8d811e1c2c ] Request (ServerDiagnosticsTest:tearDownClass): 200 GET http://10.180.1.21/compute/v2.1/servers/c6e2c843-b31d-494e-9a1d-cf79e697c114 0.490s
2025-12-11 20:43:05.174 65920 WARNING tempest.lib.common.ssh [-] Failed to establish authenticated ssh connection to cirros@10.180.180.223 ([Errno None] Unable to connect to port 22 on 10.180.180.223). Number attempts: 2. Retry after 3 seconds.: paramiko.ssh_exception.NoValidConnectionsError: [Errno None] Unable to connect to port 22 on 10.180.180.223
2025-12-11 20:43:05.214 65902 INFO tempest.lib.common.rest_client [req-adfd223e-b9bc-400c-8402-fd15d4311940 req-adfd223e-b9bc-400c-8402-fd15d4311940 ] Request (ImagesTestJSON:test_create_image_from_stopped_server): 200 GET http://10.180.1.21/compute/v2.1/servers/518fbe6d-c9f6-40bd-b6fd-7664421ab8a0 0.519s
2025-12-11 20:43:05.234 65915 INFO tempest.lib.common.rest_client [req-f7504c9c-1e85-484c-98ac-eca146814f67 req-f7504c9c-1e85-484c-98ac-eca146814f67 ] Request (ServersNegativeTestMultiTenantJSON:setUpClass): 200 GET http://10.180.1.21/compute/v2.1/servers/72232801-28e2-4163-b5f7-323a0aa3ad4a 0.498s
2025-12-11 20:43:05.317 65910 INFO tempest.lib.common.rest_client [req-0bd9524f-3091-42a7-bbb5-1fd31e0efba2 req-0bd9524f-3091-42a7-bbb5-1fd31e0efba2 ] Request (DeleteServersTestJSON:test_delete_server_while_in_attached_volume): 204 DELETE http://10.180.1.21/compute/v2.1/servers/4f56f2d1-d530-4f0e-8f16-aa060fbd85b5 0.354s
2025-12-11 20:43:05.342 65876 INFO tempest.lib.common.rest_client [req-97f9ca9f-9f2d-477d-809b-b9b307e89c31 req-97f9ca9f-9f2d-477d-809b-b9b307e89c31 ] Request (ServerActionsV293TestJSON:setUpClass): 200 GET http://10.180.1.21/compute/v2.1/servers/4082dc90-c54a-42b1-9289-d6306d4fabce 0.398s
2025-12-11 20:43:05.353 65876 INFO tempest.common.waiters [-] State transition "BUILD/block_device_mapping" ==> "BUILD/spawning" after 54 second wait
2025-12-11 20:43:05.494 65924 INFO tempest.lib.common.rest_client [req-4b6044c4-8e1f-4804-8f56-c5b68effe860 req-4b6044c4-8e1f-4804-8f56-c5b68effe860 ] Request (ServersNegativeTestJSON:setUpClass): 200 GET http://10.180.1.21/compute/v2.1/servers/6ed787df-8647-4575-bab9-02d041ae156b 0.344s
2025-12-11 20:43:05.982 65896 INFO tempest.lib.common.rest_client [req-fc213afa-0aa9-4747-83fc-e8a8f7827276 req-fc213afa-0aa9-4747-83fc-e8a8f7827276 ] Request (ListServerFiltersTestJSON:test_list_servers_filtered_by_ip): 200 GET http://10.180.1.21/compute/v2.1/servers/4d1e573c-3123-4774-86bd-aa209ccad952 0.900s
2025-12-11 20:43:05.994 65930 INFO tempest.lib.common.rest_client [req-25cf3884-7cba-4b21-a8f1-193d15fd491d req-25cf3884-7cba-4b21-a8f1-193d15fd491d ] Request (ServerRescueTestJSONUnderV235:tearDownClass): 200 GET http://10.180.1.21/compute/v2.1/servers/6389b796-01b8-429b-8d24-bc8a4d89890f 0.729s
2025-12-11 20:43:06.171 65874 INFO tempest.lib.common.rest_client [req-03d6f4bf-1314-4f4d-8482-b81af59cf331 req-03d6f4bf-1314-4f4d-8482-b81af59cf331 ] Request (ServerActionsTestOtherB:setUpClass): 200 GET http://10.180.1.21/compute/v2.1/servers/dffeb853-28aa-4b58-806a-0fe49b4a77c8 0.816s
2025-12-11 20:43:06.197 65910 INFO tempest.lib.common.rest_client [req-ca3552d8-8c47-4499-933b-841655eaa003 req-ca3552d8-8c47-4499-933b-841655eaa003 ] Request (DeleteServersTestJSON:test_delete_server_while_in_attached_volume): 200 GET http://10.180.1.21/compute/v2.1/servers/4f56f2d1-d530-4f0e-8f16-aa060fbd85b5 0.879s
2025-12-11 20:43:06.233 65880 INFO tempest.lib.common.rest_client [req-cbb8de1a-5b16-4567-a5b4-5ffcc81dd34e req-cbb8de1a-5b16-4567-a5b4-5ffcc81dd34e ] Request (ServerDiskConfigTestJSON:test_rebuild_server_with_manual_disk_config): 200 GET http://10.180.1.21/compute/v2.1/servers/961862e1-8e56-4fe5-86f3-03fafc57a41f 0.783s
2025-12-11 20:43:06.268 65884 INFO tempest.lib.common.rest_client [req-c9582634-a38d-4124-af15-c908a2b796c9 req-c9582634-a38d-4124-af15-c908a2b796c9 ] Request (ServersTestJSON:tearDownClass): 200 GET http://10.180.1.21/compute/v2.1/servers/88603b9c-9b0a-406e-a720-5abbaef4233d 0.753s
2025-12-11 20:43:06.286 65886 INFO tempest.lib.common.rest_client [req-8ad4972f-6906-4a0a-84fa-51dded7b2d7f req-8ad4972f-6906-4a0a-84fa-51dded7b2d7f ] Request (ServersTestBootFromVolume:setUpClass): 200 GET http://10.180.1.21/compute/v2.1/servers/e45a31c3-0503-43fe-9624-0bc699a2d82b 0.654s
2025-12-11 20:43:06.355 65872 INFO tempest.lib.common.rest_client [req-11bac061-3faa-415f-8ed8-b733566b965c req-11bac061-3faa-415f-8ed8-b733566b965c ] Request (ListImageFiltersTestJSON:tearDownClass): 200 GET http://10.180.1.21/compute/v2.1/servers/3982cdc3-6c14-4707-a20b-66d46606e155 0.578s
2025-12-11 20:43:06.385 65906 INFO tempest.lib.common.rest_client [req-c2674862-7762-4601-aafe-72ba6c01aa85 req-c2674862-7762-4601-aafe-72ba6c01aa85 ] Request (AttachInterfacesV270Test:test_create_get_list_interfaces): 200 GET http://10.180.1.21/compute/v2.1/servers/74a8c478-18d6-4456-8623-e2854452e29a 0.729s
2025-12-11 20:43:06.396 65906 INFO tempest.common.waiters [-] State transition "BUILD/networking" ==> "BUILD/spawning" after 55 second wait
2025-12-11 20:43:06.445 65878 INFO tempest.lib.common.rest_client [req-e7a6c207-2682-40c2-8ab3-56ac9207d95b req-e7a6c207-2682-40c2-8ab3-56ac9207d95b ] Request (ServerRescueNegativeTestJSON:setUpClass): 200 GET http://10.180.1.21/compute/v2.1/servers/e9520f52-da67-440b-93be-cae167b53748 0.593s
2025-12-11 20:43:06.498 65894 INFO tempest.lib.common.rest_client [req-626b851b-4f54-4bf6-8c43-3f6f53bf156b req-626b851b-4f54-4bf6-8c43-3f6f53bf156b ] Request (MigrationsAdminTest:test_resize_server_revert_deleted_flavor): 200 GET http://10.180.1.21/compute/v2.1/servers/f415b6a6-ba98-460c-a1c9-9e5b7a3afe75 0.682s
2025-12-11 20:43:06.500 65928 INFO tempest.lib.common.rest_client [req-2e85da95-1895-4e13-9235-72e8e6fe2ccf req-2e85da95-1895-4e13-9235-72e8e6fe2ccf ] Request (ServersAdminTestJSON:test_inject_network_info): 200 GET http://10.180.1.21/compute/v2.1/servers/9b78945c-fbba-46c6-9acb-bfd8d2c66146 0.605s
2025-12-11 20:43:06.548 65892 INFO tempest.lib.common.rest_client [req-00d0dd85-de7e-475b-bd4a-c87d5e331245 req-00d0dd85-de7e-475b-bd4a-c87d5e331245 ] Request (ServerTagsTestJSON:setUpClass): 200 GET http://10.180.1.21/compute/v2.1/servers/192175e1-41eb-47f2-9893-bfd3676fb96d 0.626s
2025-12-11 20:43:06.600 65918 INFO tempest.lib.common.rest_client [req-dde04e75-825e-4c65-9c74-bba0479dff70 req-dde04e75-825e-4c65-9c74-bba0479dff70 ] Request (AttachInterfacesTestJSON:_run_cleanups): 200 GET http://10.180.1.21/compute/v2.1/servers/2fe516dc-30a1-471b-aea9-8300d5749987 0.499s
2025-12-11 20:43:06.625 65896 INFO tempest.lib.common.rest_client [req-54e74d15-0e33-4ac6-abb4-a6c94e084470 req-54e74d15-0e33-4ac6-abb4-a6c94e084470 ] Request (ListServerFiltersTestJSON:test_list_servers_filtered_by_ip): 200 GET http://10.180.1.21/compute/v2.1/servers/eca93abe-0db4-417e-8930-774a2645b6eb 0.635s
2025-12-11 20:43:06.643 65898 INFO tempest.lib.common.rest_client [req-130363ad-5490-4de7-b3e0-7d72a4fd0816 req-130363ad-5490-4de7-b3e0-7d72a4fd0816 ] Request (ServerDiagnosticsTest:tearDownClass): 404 GET http://10.180.1.21/compute/v2.1/servers/c6e2c843-b31d-494e-9a1d-cf79e697c114 0.468s
2025-12-11 20:43:06.647 65904 INFO tempest.lib.common.rest_client [req-5f22fdc4-e8a6-48bb-9a68-4ab8312a3647 req-5f22fdc4-e8a6-48bb-9a68-4ab8312a3647 ] Request (ImagesOneServerNegativeTestJSON:_run_cleanups): 200 GET http://10.180.1.21/compute/v2.1/servers/dcfcafb7-448c-46e0-999f-297cd573bb49 0.496s
2025-12-11 20:43:06.703 65915 INFO tempest.lib.common.rest_client [req-12607459-21b3-4b8d-b933-d1702d936f65 req-12607459-21b3-4b8d-b933-d1702d936f65 ] Request (ServersNegativeTestMultiTenantJSON:setUpClass): 200 GET http://10.180.1.21/compute/v2.1/servers/72232801-28e2-4163-b5f7-323a0aa3ad4a 0.460s
2025-12-11 20:43:06.725 65902 INFO tempest.lib.common.rest_client [req-4ef019e9-822b-4a64-b28f-a80c9178059b req-4ef019e9-822b-4a64-b28f-a80c9178059b ] Request (ImagesTestJSON:test_create_image_from_stopped_server): 200 GET http://10.180.1.21/compute/v2.1/servers/518fbe6d-c9f6-40bd-b6fd-7664421ab8a0 0.499s
2025-12-11 20:43:06.734 65898 INFO tempest.lib.common.rest_client [req-0a8cc032-dc13-428d-a937-e6bcdeb2a1a3 req-0a8cc032-dc13-428d-a937-e6bcdeb2a1a3 ] Request (ServerDiagnosticsTest:tearDownClass): 204 DELETE http://10.180.1.21/identity/v3/users/17ed1ea156c34478aa42d0cede2289d6 0.091s
2025-12-11 20:43:06.819 65924 INFO tempest.lib.common.rest_client [req-acf201d1-db47-4d8c-8c19-ea2b9fc91c13 req-acf201d1-db47-4d8c-8c19-ea2b9fc91c13 ] Request (ServersNegativeTestJSON:setUpClass): 200 GET http://10.180.1.21/compute/v2.1/servers/6ed787df-8647-4575-bab9-02d041ae156b 0.317s
2025-12-11 20:43:06.848 65898 INFO tempest.lib.common.rest_client [req-af64c067-b29d-4372-b882-f598eda2419a req-af64c067-b29d-4372-b882-f598eda2419a ] Request (ServerDiagnosticsTest:tearDownClass): 204 DELETE http://10.180.1.21/identity/v3/users/a6fd8fafafe34dcd91560c6c35b09b94 0.113s
2025-12-11 20:43:06.849 65898 INFO tempest.lib.common.dynamic_creds [-] Deleting project and security group for project: 69adb90295db403e942c23dfe9da58dd
2025-12-11 20:43:06.862 65876 INFO tempest.lib.common.rest_client [req-8f5c72f4-6d4e-471b-9fe9-f1af0a75ea2e req-8f5c72f4-6d4e-471b-9fe9-f1af0a75ea2e ] Request (ServerActionsV293TestJSON:setUpClass): 200 GET http://10.180.1.21/compute/v2.1/servers/4082dc90-c54a-42b1-9289-d6306d4fabce 0.508s
2025-12-11 20:43:06.925 65898 INFO tempest.lib.common.rest_client [req-215a9a14-4610-498e-867a-e05cdbd75a65 req-215a9a14-4610-498e-867a-e05cdbd75a65 ] Request (ServerDiagnosticsTest:tearDownClass): 201 POST http://10.180.1.21/identity/v3/auth/tokens 0.075s
2025-12-11 20:43:06.996 65896 INFO tempest.lib.common.rest_client [req-867b1ea6-7434-422d-bd12-8dfa223ebb7b req-867b1ea6-7434-422d-bd12-8dfa223ebb7b ] Request (ListServerFiltersTestJSON:test_list_servers_filtered_by_ip): 200 GET http://10.180.1.21/compute/v2.1/servers?ip=192.168.128.7 0.364s
2025-12-11 20:43:07.084 65898 INFO tempest.lib.common.rest_client [req-7cab58df-3e1e-4ca0-a489-69a642a3c62d req-7cab58df-3e1e-4ca0-a489-69a642a3c62d ] Request (ServerDiagnosticsTest:tearDownClass): 200 GET http://10.180.1.21/networking/v2.0/security-groups?tenant_id=69adb90295db403e942c23dfe9da58dd&name=default 0.159s
2025-12-11 20:43:07.112 65930 INFO tempest.lib.common.rest_client [req-01870def-8976-43e4-b4ab-ea3b6eb7cd38 req-01870def-8976-43e4-b4ab-ea3b6eb7cd38 ] Request (ServerRescueTestJSONUnderV235:tearDownClass): 200 GET http://10.180.1.21/compute/v2.1/servers/6389b796-01b8-429b-8d24-bc8a4d89890f 0.109s
2025-12-11 20:43:07.136 65896 INFO tempest.lib.common.rest_client [req-482bbbb8-317c-47aa-84a6-8ede3f4393ba req-482bbbb8-317c-47aa-84a6-8ede3f4393ba ] Request (ListServerFiltersTestJSON:test_list_servers_filtered_by_ip_regex): 200 GET http://10.180.1.21/compute/v2.1/servers/17b755b0-f1e2-4fd6-8dea-09e63c6b978b 0.135s
2025-12-11 20:43:07.197 65898 INFO tempest.lib.common.rest_client [req-ce6194a0-f640-4335-9878-c3922389a867 req-ce6194a0-f640-4335-9878-c3922389a867 ] Request (ServerDiagnosticsTest:tearDownClass): 204 DELETE http://10.180.1.21/networking/v2.0/security-groups/4b2cc348-9974-4917-bad6-6ec1c1e5011d 0.112s
2025-12-11 20:43:07.213 65882 WARNING tempest.lib.common.ssh [-] Failed to establish authenticated ssh connection to cirros@10.180.180.141 ([Errno None] Unable to connect to port 22 on 10.180.180.141). Number attempts: 2. Retry after 3 seconds.: paramiko.ssh_exception.NoValidConnectionsError: [Errno None] Unable to connect to port 22 on 10.180.180.141
2025-12-11 20:43:07.244 65874 INFO tempest.lib.common.rest_client [req-43a06f9f-437b-4c32-8bdb-edaab0a02528 req-43a06f9f-437b-4c32-8bdb-edaab0a02528 ] Request (ServerActionsTestOtherB:setUpClass): 200 GET http://10.180.1.21/compute/v2.1/servers/dffeb853-28aa-4b58-806a-0fe49b4a77c8 0.061s
2025-12-11 20:43:07.274 65898 INFO tempest.lib.common.rest_client [req-a72e7900-0570-4534-b4e4-80aff43e79ed req-a72e7900-0570-4534-b4e4-80aff43e79ed ] Request (ServerDiagnosticsTest:tearDownClass): 204 DELETE http://10.180.1.21/identity/v3/projects/69adb90295db403e942c23dfe9da58dd 0.076s
2025-12-11 20:43:07.275 65898 INFO tempest.lib.common.dynamic_creds [-] Deleting project and security group for project: 847c6be7b16b415db81af1d32c8182fe
2025-12-11 20:43:07.278 65896 INFO tempest.lib.common.rest_client [req-0b8a3344-0038-4c6b-9a03-a61816fa62e5 req-0b8a3344-0038-4c6b-9a03-a61816fa62e5 ] Request (ListServerFiltersTestJSON:test_list_servers_filtered_by_ip_regex): 200 GET http://10.180.1.21/compute/v2.1/servers/4d1e573c-3123-4774-86bd-aa209ccad952 0.134s
2025-12-11 20:43:07.362 65880 INFO tempest.lib.common.rest_client [req-1a534839-e8c6-4f7f-8274-62bff2518b4d req-1a534839-e8c6-4f7f-8274-62bff2518b4d ] Request (ServerDiskConfigTestJSON:test_rebuild_server_with_manual_disk_config): 200 GET http://10.180.1.21/compute/v2.1/servers/961862e1-8e56-4fe5-86f3-03fafc57a41f 0.121s
2025-12-11 20:43:07.386 65898 INFO tempest.lib.common.rest_client [req-dcb36940-baca-41a0-aa6a-4344c444a23e req-dcb36940-baca-41a0-aa6a-4344c444a23e ] Request (ServerDiagnosticsTest:tearDownClass): 200 GET http://10.180.1.21/networking/v2.0/security-groups?tenant_id=847c6be7b16b415db81af1d32c8182fe&name=default 0.111s
2025-12-11 20:43:07.418 65910 INFO tempest.lib.common.rest_client [req-4efc0108-fce3-43db-9c60-115d88a0d941 req-4efc0108-fce3-43db-9c60-115d88a0d941 ] Request (DeleteServersTestJSON:test_delete_server_while_in_attached_volume): 200 GET http://10.180.1.21/compute/v2.1/servers/4f56f2d1-d530-4f0e-8f16-aa060fbd85b5 0.211s
2025-12-11 20:43:07.467 65884 INFO tempest.lib.common.rest_client [req-427633eb-a5b5-408b-8f66-1271e59d672c req-427633eb-a5b5-408b-8f66-1271e59d672c ] Request (ServersTestJSON:tearDownClass): 200 GET http://10.180.1.21/compute/v2.1/servers/88603b9c-9b0a-406e-a720-5abbaef4233d 0.190s
2025-12-11 20:43:07.529 65896 INFO tempest.lib.common.rest_client [req-4adea5f8-fdca-4865-a73b-06d26ce0ffa5 req-4adea5f8-fdca-4865-a73b-06d26ce0ffa5 ] Request (ListServerFiltersTestJSON:test_list_servers_filtered_by_ip_regex): 200 GET http://10.180.1.21/compute/v2.1/servers/eca93abe-0db4-417e-8930-774a2645b6eb 0.243s
2025-12-11 20:43:07.546 65886 INFO tempest.lib.common.rest_client [req-b405ce40-d0af-4167-b6b4-420b5738a3a7 req-b405ce40-d0af-4167-b6b4-420b5738a3a7 ] Request (ServersTestBootFromVolume:setUpClass): 200 GET http://10.180.1.21/compute/v2.1/servers/e45a31c3-0503-43fe-9624-0bc699a2d82b 0.252s
2025-12-11 20:43:07.608 65872 INFO tempest.lib.common.rest_client [req-cefa52f5-1ec5-4cdf-b465-ef184ae34f0e req-cefa52f5-1ec5-4cdf-b465-ef184ae34f0e ] Request (ListImageFiltersTestJSON:tearDownClass): 200 GET http://10.180.1.21/compute/v2.1/servers/3982cdc3-6c14-4707-a20b-66d46606e155 0.245s
2025-12-11 20:43:07.665 65906 INFO tempest.lib.common.rest_client [req-cc31a221-3856-4028-abac-7204e18440d7 req-cc31a221-3856-4028-abac-7204e18440d7 ] Request (AttachInterfacesV270Test:test_create_get_list_interfaces): 200 GET http://10.180.1.21/compute/v2.1/servers/74a8c478-18d6-4456-8623-e2854452e29a 0.268s
2025-12-11 20:43:07.679 65878 INFO tempest.lib.common.rest_client [req-dc70da40-9487-413f-a03b-80a02667dc27 req-dc70da40-9487-413f-a03b-80a02667dc27 ] Request (ServerRescueNegativeTestJSON:setUpClass): 200 GET http://10.180.1.21/compute/v2.1/servers/e9520f52-da67-440b-93be-cae167b53748 0.224s
2025-12-11 20:43:07.750 65928 INFO tempest.lib.common.rest_client [req-c1f0af56-06e9-47f6-a637-2b8089c6f374 req-c1f0af56-06e9-47f6-a637-2b8089c6f374 ] Request (ServersAdminTestJSON:test_inject_network_info): 200 GET http://10.180.1.21/compute/v2.1/servers/9b78945c-fbba-46c6-9acb-bfd8d2c66146 0.241s
2025-12-11 20:43:07.779 65894 INFO tempest.lib.common.rest_client [req-78424231-7780-44fb-8ffb-a3219a7a5700 req-78424231-7780-44fb-8ffb-a3219a7a5700 ] Request (MigrationsAdminTest:test_resize_server_revert_deleted_flavor): 200 GET http://10.180.1.21/compute/v2.1/servers/f415b6a6-ba98-460c-a1c9-9e5b7a3afe75 0.271s
2025-12-11 20:43:07.854 65892 INFO tempest.lib.common.rest_client [req-3df2b11c-f06a-4c19-abfd-f7650ceba1af req-3df2b11c-f06a-4c19-abfd-f7650ceba1af ] Request (ServerTagsTestJSON:setUpClass): 200 GET http://10.180.1.21/compute/v2.1/servers/192175e1-41eb-47f2-9893-bfd3676fb96d 0.297s
2025-12-11 20:43:07.919 65896 INFO tempest.lib.common.rest_client [req-4e294fb1-3b17-443c-b71c-f05c091aaffb req-4e294fb1-3b17-443c-b71c-f05c091aaffb ] Request (ListServerFiltersTestJSON:test_list_servers_filtered_by_ip_regex): 200 GET http://10.180.1.21/compute/v2.1/servers/detail 0.382s
2025-12-11 20:43:07.933 65898 INFO tempest.lib.common.rest_client [req-6f95fa86-65aa-412e-a929-350f1f6f1ad2 req-6f95fa86-65aa-412e-a929-350f1f6f1ad2 ] Request (ServerDiagnosticsTest:tearDownClass): 204 DELETE http://10.180.1.21/networking/v2.0/security-groups/a3c5772d-deb9-47a3-80d8-af0045b33a52 0.547s
2025-12-11 20:43:07.937 65918 INFO tempest.lib.common.rest_client [req-73d5d626-4f0a-4d3e-a9cc-fc94fe9bb895 req-73d5d626-4f0a-4d3e-a9cc-fc94fe9bb895 ] Request (AttachInterfacesTestJSON:_run_cleanups): 200 GET http://10.180.1.21/compute/v2.1/servers/2fe516dc-30a1-471b-aea9-8300d5749987 0.326s
2025-12-11 20:43:07.944 65918 INFO tempest.common.waiters [-] State transition "ACTIVE/deleting" ==> "DELETED/None" after 4 second wait
2025-12-11 20:43:07.984 65904 INFO tempest.lib.common.rest_client [req-373d62ee-4bfa-430b-b0b6-077f0891358c req-373d62ee-4bfa-430b-b0b6-077f0891358c ] Request (ImagesOneServerNegativeTestJSON:_run_cleanups): 200 GET http://10.180.1.21/compute/v2.1/servers/dcfcafb7-448c-46e0-999f-297cd573bb49 0.325s
2025-12-11 20:43:07.993 65915 INFO tempest.lib.common.rest_client [req-499779b9-6bb4-465e-b310-eb1207db3a41 req-499779b9-6bb4-465e-b310-eb1207db3a41 ] Request (ServersNegativeTestMultiTenantJSON:setUpClass): 200 GET http://10.180.1.21/compute/v2.1/servers/72232801-28e2-4163-b5f7-323a0aa3ad4a 0.274s
2025-12-11 20:43:08.056 65902 INFO tempest.lib.common.rest_client [req-df7ac94d-c0ef-46c8-a676-3b3efe1de603 req-df7ac94d-c0ef-46c8-a676-3b3efe1de603 ] Request (ImagesTestJSON:test_create_image_from_stopped_server): 200 GET http://10.180.1.21/compute/v2.1/servers/518fbe6d-c9f6-40bd-b6fd-7664421ab8a0 0.319s
2025-12-11 20:43:08.060 65924 INFO tempest.lib.common.rest_client [req-f9fd45bc-306e-4239-bedb-650a9f835b87 req-f9fd45bc-306e-4239-bedb-650a9f835b87 ] Request (ServersNegativeTestJSON:setUpClass): 200 GET http://10.180.1.21/compute/v2.1/servers/6ed787df-8647-4575-bab9-02d041ae156b 0.232s
2025-12-11 20:43:08.071 65898 INFO tempest.lib.common.rest_client [req-3fed4c3a-5a67-4b7d-ba3e-1bfc04ebd17a req-3fed4c3a-5a67-4b7d-ba3e-1bfc04ebd17a ] Request (ServerDiagnosticsTest:tearDownClass): 204 DELETE http://10.180.1.21/identity/v3/projects/847c6be7b16b415db81af1d32c8182fe 0.137s
2025-12-11 20:43:08.155 65898 INFO tempest.lib.common.rest_client [req-f254c55c-26e2-42ff-89c9-d3fb78e57eea req-f254c55c-26e2-42ff-89c9-d3fb78e57eea ] Request (AbsoluteLimitsNegativeTestJSON:setUpClass): 201 POST http://10.180.1.21/identity/v3/auth/tokens 0.082s
2025-12-11 20:43:08.190 65898 INFO tempest.lib.common.rest_client [req-6897d7a5-d009-4f6a-99b4-e211b7a2c16e req-6897d7a5-d009-4f6a-99b4-e211b7a2c16e ] Request (AbsoluteLimitsNegativeTestJSON:setUpClass): 201 POST http://10.180.1.21/identity/v3/auth/tokens 0.032s
2025-12-11 20:43:08.192 65876 INFO tempest.lib.common.rest_client [req-db3e556c-96a3-4c84-a451-78795f449d3c req-db3e556c-96a3-4c84-a451-78795f449d3c ] Request (ServerActionsV293TestJSON:setUpClass): 200 GET http://10.180.1.21/compute/v2.1/servers/4082dc90-c54a-42b1-9289-d6306d4fabce 0.318s
2025-12-11 20:43:08.204 65896 INFO tempest.lib.common.rest_client [req-74c52ced-a29c-4254-9429-0d8dc5365706 req-74c52ced-a29c-4254-9429-0d8dc5365706 ] Request (ListServerFiltersTestJSON:test_list_servers_filtered_by_ip_regex): 200 GET http://10.180.1.21/compute/v2.1/servers?ip=192.168.128. 0.274s
2025-12-11 20:43:08.218 65898 INFO tempest.lib.common.rest_client [req-eff15f0e-2e13-428e-b94d-62d92f11e7df req-eff15f0e-2e13-428e-b94d-62d92f11e7df ] Request (AbsoluteLimitsNegativeTestJSON:setUpClass): 200 GET http://10.180.1.21/identity/v3/domains?name=Default 0.027s
2025-12-11 20:43:08.238 65908 WARNING tempest.lib.common.ssh [-] Failed to establish authenticated ssh connection to cirros@10.180.180.215 ([Errno None] Unable to connect to port 22 on 10.180.180.215). Number attempts: 1. Retry after 2 seconds.: paramiko.ssh_exception.NoValidConnectionsError: [Errno None] Unable to connect to port 22 on 10.180.180.215
2025-12-11 20:43:08.248 65898 INFO tempest.lib.common.rest_client [req-f8d2d8e4-1fe7-45e3-ab25-e6bdff93b6a5 req-f8d2d8e4-1fe7-45e3-ab25-e6bdff93b6a5 ] Request (AbsoluteLimitsNegativeTestJSON:setUpClass): 201 POST http://10.180.1.21/identity/v3/projects 0.029s
2025-12-11 20:43:08.264 65930 INFO tempest.lib.common.rest_client [req-10d4620e-4f74-44f3-addd-b11e42f46774 req-10d4620e-4f74-44f3-addd-b11e42f46774 ] Request (ServerRescueTestJSONUnderV235:tearDownClass): 200 GET http://10.180.1.21/compute/v2.1/servers/6389b796-01b8-429b-8d24-bc8a4d89890f 0.143s
2025-12-11 20:43:08.276 65896 INFO tempest.lib.common.rest_client [req-0da2eaff-8dea-47de-b031-23adfa7865b5 req-0da2eaff-8dea-47de-b031-23adfa7865b5 ] Request (ListServerFiltersTestJSON:test_list_servers_filtered_by_name_regex): 200 GET http://10.180.1.21/compute/v2.1/servers?name=%5E.%2A%5C-instance%5C-%5B0-9%5D%2B%24 0.068s
