2025-12-11 20:40:03.743 65910 INFO tempest.lib.common.rest_client [req-e0902e2b-f31b-4b23-8951-75f3b0a6880c req-e0902e2b-f31b-4b23-8951-75f3b0a6880c ] Request (KeyPairsV210TestJSON:tearDownClass): 201 POST http://10.180.1.21/identity/v3/auth/tokens 0.114s
2025-12-11 20:40:03.765 65904 INFO tempest.lib.common.rest_client [req-00b12635-69e0-4d16-a994-437393c6acdf req-00b12635-69e0-4d16-a994-437393c6acdf ] Request (ImagesOneServerNegativeTestJSON:setUpClass): 200 GET http://10.180.1.21/identity/v3/domains?name=Default 0.045s
2025-12-11 20:40:03.800 65904 INFO tempest.lib.common.rest_client [req-7e0173d1-fe10-4c87-b86c-34bc7421f933 req-7e0173d1-fe10-4c87-b86c-34bc7421f933 ] Request (ImagesOneServerNegativeTestJSON:setUpClass): 201 POST http://10.180.1.21/identity/v3/projects 0.035s
2025-12-11 20:40:03.813 65918 INFO tempest.lib.common.rest_client [req-649bbdfe-3804-43f6-acae-be89816bbc50 req-649bbdfe-3804-43f6-acae-be89816bbc50 ] Request (SecurityGroupRulesNegativeTestJSON:test_create_security_group_rule_with_invalid_port_range): 200 POST http://10.180.1.21/compute/v2.1/os-security-groups 1.729s
2025-12-11 20:40:03.823 65874 INFO tempest.lib.common.rest_client [req-12f40c22-6550-450e-8a58-1ba9eabb6c6b req-12f40c22-6550-450e-8a58-1ba9eabb6c6b ] Request (AggregatesAdminNegativeTestJSON:test_aggregate_get_details_as_user): 403 GET http://10.180.1.21/compute/v2.1/os-aggregates/6 1.701s
2025-12-11 20:40:03.857 65916 INFO tempest.lib.common.rest_client [req-f88634c1-7239-43df-a58b-1b561e03184a req-f88634c1-7239-43df-a58b-1b561e03184a ] Request (ListServersNegativeTestJSON:setUpClass): 200 GET http://10.180.1.21/compute/v2.1/servers/97e0f765-1915-4356-8242-e92e85a3a219 1.852s
2025-12-11 20:40:03.876 65878 INFO tempest.lib.common.rest_client [req-393eda6c-11e8-4fcd-8dde-64f06aacc4be req-393eda6c-11e8-4fcd-8dde-64f06aacc4be ] Request (FlavorsV2TestJSON:test_list_flavors_with_detail): 200 GET http://10.180.1.21/compute/v2.1/flavors/42 1.575s
2025-12-11 20:40:03.903 65915 INFO tempest.lib.common.rest_client [req-e95d5618-7673-4959-988c-e3f5dd9cf2f1 req-e95d5618-7673-4959-988c-e3f5dd9cf2f1 ] Request (ServerGroupTestJSON:test_create_delete_server_group_with_affinity_policy): 200 GET http://10.180.1.21/compute/v2.1/os-server-groups 1.579s
2025-12-11 20:40:03.917 65904 INFO tempest.lib.common.rest_client [req-0e0b7592-3f24-46a2-800b-088ff71ca5d4 req-0e0b7592-3f24-46a2-800b-088ff71ca5d4 ] Request (ImagesOneServerNegativeTestJSON:setUpClass): 201 POST http://10.180.1.21/identity/v3/users 0.116s
2025-12-11 20:40:03.921 65920 INFO tempest.lib.common.rest_client [req-bbf93b0b-f23f-45ee-b41d-5bb7d6efa19c req-bbf93b0b-f23f-45ee-b41d-5bb7d6efa19c ] Request (TestVersions:tearDownClass): 200 GET http://10.180.1.21/networking/v2.0/security-groups?tenant_id=9375bdb7b0fd4ae4b919a9abbf6731e1&name=default 0.522s
2025-12-11 20:40:03.934 65880 INFO tempest.lib.common.rest_client [req-b83e5673-6140-42ba-ab9c-00f6a809c3a3 req-b83e5673-6140-42ba-ab9c-00f6a809c3a3 ] Request (FlavorsAdminTestJSON:_run_cleanups): 200 GET http://10.180.1.21/compute/v2.1/flavors/detail 1.576s
2025-12-11 20:40:03.980 65904 INFO tempest.lib.common.rest_client [req-0ca0d90c-c79d-4864-b0d1-10d1825d6783 req-0ca0d90c-c79d-4864-b0d1-10d1825d6783 ] Request (ImagesOneServerNegativeTestJSON:setUpClass): 200 GET http://10.180.1.21/identity/v3/roles 0.061s
2025-12-11 20:40:03.990 65900 INFO paramiko.transport [-] Connected (version 2.0, client dropbear_2020.81)
2025-12-11 20:40:04.040 65878 INFO tempest.lib.common.rest_client [req-06bd9a37-f1d2-43a3-a832-d507aa8bbef8 req-06bd9a37-f1d2-43a3-a832-d507aa8bbef8 ] Request (FlavorsV2TestJSON:tearDownClass): 204 DELETE http://10.180.1.21/identity/v3/users/6d7d0a1f4f2d4f5e978f5a4cde2340c5 0.160s
2025-12-11 20:40:04.040 65878 INFO tempest.lib.common.dynamic_creds [-] Deleting project and security group for project: 89935953b0a34863b08fe8c5b4f4914a
2025-12-11 20:40:04.051 65934 INFO tempest.lib.common.rest_client [req-b1f237ed-3b79-47a2-a797-7d1c7adaf0fb req-b1f237ed-3b79-47a2-a797-7d1c7adaf0fb ] Request (ServerDiagnosticsV248Test:tearDownClass): 200 GET http://10.180.1.21/networking/v2.0/security-groups?tenant_id=10a20c7f0e3d4a28aa13644079b45d72&name=default 0.392s
2025-12-11 20:40:04.058 65900 INFO paramiko.transport [-] Authentication (publickey) successful!
2025-12-11 20:40:04.058 65900 INFO tempest.lib.common.ssh [-] ssh connection to cirros@10.180.180.208 successfully created
2025-12-11 20:40:04.068 65912 INFO tempest.lib.common.rest_client [req-8686eabc-6393-4ec0-a99b-18cf0b6577d3 req-8686eabc-6393-4ec0-a99b-18cf0b6577d3 ] Request (ServersTestManualDisk:setUpClass): 201 POST http://10.180.1.21/networking/v2.0/security-group-rules 0.370s
2025-12-11 20:40:04.086 65880 INFO tempest.lib.common.rest_client [req-5650bc36-d341-44fe-97b5-c82b8cc51a22 req-5650bc36-d341-44fe-97b5-c82b8cc51a22 ] Request (FlavorsAdminTestJSON:tearDownClass): 204 DELETE http://10.180.1.21/identity/v3/users/72220249696f42198076f4e3a4343d86 0.144s
2025-12-11 20:40:04.156 65904 INFO tempest.lib.common.rest_client [req-802ae401-7da1-4a88-a650-e28e0f2f064c req-802ae401-7da1-4a88-a650-e28e0f2f064c ] Request (ImagesOneServerNegativeTestJSON:setUpClass): 204 PUT http://10.180.1.21/identity/v3/projects/a11643c6cee741b4878f6823faae8fa0/users/9a064d3a557340a89d386c23d92fdc68/roles/4f2c56d18e404064b296807da5332c1b 0.175s
2025-12-11 20:40:04.156 65904 INFO tempest.lib.common.dynamic_creds [-] Dynamic test user 9a064d3a557340a89d386c23d92fdc68 is created with scope project and roles: ['member']
2025-12-11 20:40:04.157 65904 INFO tempest.lib.common.dynamic_creds [-] Acquired dynamic creds: credentials: Credentials: {'domain_id': 'default', 'domain_name': 'Default', 'username': 'tempest-ImagesOneServerNegativeTestJSON-1845255451-project-member', 'project_domain_id': 'default', 'project_domain_name': 'Default', 'project_id': 'a11643c6cee741b4878f6823faae8fa0', 'project_name': 'tempest-ImagesOneServerNegativeTestJSON-1845255451', 'tenant_id': 'a11643c6cee741b4878f6823faae8fa0', 'tenant_name': 'tempest-ImagesOneServerNegativeTestJSON-1845255451', 'user_domain_id': 'default', 'user_domain_name': 'Default', 'user_id': '9a064d3a557340a89d386c23d92fdc68', 'system': None}, Network: None, Subnet: None, Router: None
2025-12-11 20:40:04.161 65878 INFO tempest.lib.common.rest_client [req-80c8f796-595e-4612-9b0e-514569527496 req-80c8f796-595e-4612-9b0e-514569527496 ] Request (FlavorsV2TestJSON:tearDownClass): 201 POST http://10.180.1.21/identity/v3/auth/tokens 0.120s
2025-12-11 20:40:04.204 65920 INFO tempest.lib.common.rest_client [req-861f060c-5a70-443b-b333-ed8c7b748156 req-861f060c-5a70-443b-b333-ed8c7b748156 ] Request (TestVersions:tearDownClass): 204 DELETE http://10.180.1.21/networking/v2.0/security-groups/a4c06c05-b1e7-4a63-b218-8bb634a5fd1d 0.282s
2025-12-11 20:40:04.289 65880 INFO tempest.lib.common.rest_client [req-09db204c-7729-4774-b50b-154bfb126a15 req-09db204c-7729-4774-b50b-154bfb126a15 ] Request (FlavorsAdminTestJSON:tearDownClass): 204 DELETE http://10.180.1.21/identity/v3/users/7a3e7986f9f1424d871a3554a82d18e6 0.202s
2025-12-11 20:40:04.289 65880 INFO tempest.lib.common.dynamic_creds [-] Deleting project and security group for project: 8c079df4aa0448d6bc4794d551ed468e
2025-12-11 20:40:04.340 65904 INFO tempest.lib.common.rest_client [req-69d1dbd2-6f07-4dc9-abdb-d26664048464 req-69d1dbd2-6f07-4dc9-abdb-d26664048464 ] Request (ImagesOneServerNegativeTestJSON:setUpClass): 201 POST http://10.180.1.21/identity/v3/auth/tokens 0.183s
2025-12-11 20:40:04.364 65910 INFO tempest.lib.common.rest_client [req-e6b7b120-7dbd-4727-92f2-5c360d694a4a req-e6b7b120-7dbd-4727-92f2-5c360d694a4a ] Request (KeyPairsV210TestJSON:tearDownClass): 200 GET http://10.180.1.21/networking/v2.0/security-groups?tenant_id=a631063ad29c4fca8d8b2bbe41c64668&name=default 0.620s
2025-12-11 20:40:04.370 65880 INFO tempest.lib.common.rest_client [req-565d77a7-13c4-4cc6-8f6d-fd1019d98399 req-565d77a7-13c4-4cc6-8f6d-fd1019d98399 ] Request (FlavorsAdminTestJSON:tearDownClass): 201 POST http://10.180.1.21/identity/v3/auth/tokens 0.080s
2025-12-11 20:40:04.404 65920 INFO tempest.lib.common.rest_client [req-2d309fb2-43b2-4c31-b4b3-f1b4d87711f8 req-2d309fb2-43b2-4c31-b4b3-f1b4d87711f8 ] Request (TestVersions:tearDownClass): 204 DELETE http://10.180.1.21/identity/v3/projects/9375bdb7b0fd4ae4b919a9abbf6731e1 0.199s
2025-12-11 20:40:04.438 65934 INFO tempest.lib.common.rest_client [req-03174786-a203-4333-839a-91c0db0682d8 req-03174786-a203-4333-839a-91c0db0682d8 ] Request (ServerDiagnosticsV248Test:tearDownClass): 204 DELETE http://10.180.1.21/networking/v2.0/security-groups/d9dd59f0-ef90-4853-a7f0-6ad1cd9a8475 0.386s
2025-12-11 20:40:04.483 65920 INFO tempest.lib.common.rest_client [req-4efd4e46-c341-4cb9-a04d-36a7085b0f24 req-4efd4e46-c341-4cb9-a04d-36a7085b0f24 ] Request (AttachVolumeTestJSON:setUpClass): 201 POST http://10.180.1.21/identity/v3/auth/tokens 0.077s
2025-12-11 20:40:04.560 65934 INFO tempest.lib.common.rest_client [req-4ef72b28-72b9-438c-946d-3ff6fb44c25f req-4ef72b28-72b9-438c-946d-3ff6fb44c25f ] Request (ServerDiagnosticsV248Test:tearDownClass): 204 DELETE http://10.180.1.21/identity/v3/projects/10a20c7f0e3d4a28aa13644079b45d72 0.122s
2025-12-11 20:40:04.623 65920 INFO tempest.lib.common.rest_client [req-88457984-d04d-451d-9ba3-34cae3d792e4 req-88457984-d04d-451d-9ba3-34cae3d792e4 ] Request (AttachVolumeTestJSON:setUpClass): 201 POST http://10.180.1.21/identity/v3/auth/tokens 0.139s
2025-12-11 20:40:04.649 65934 INFO tempest.lib.common.rest_client [req-0b29cc2b-cf79-4cb7-9be9-07695702644b req-0b29cc2b-cf79-4cb7-9be9-07695702644b ] Request (SecurityGroupsNegativeTestJSON:setUpClass): 201 POST http://10.180.1.21/identity/v3/auth/tokens 0.087s
2025-12-11 20:40:04.657 65920 INFO tempest.lib.common.rest_client [req-bc9b95eb-4325-4ec6-afbe-6719f6485528 req-bc9b95eb-4325-4ec6-afbe-6719f6485528 ] Request (AttachVolumeTestJSON:setUpClass): 200 GET http://10.180.1.21/identity/v3/domains?name=Default 0.033s
2025-12-11 20:40:04.681 65934 INFO tempest.lib.common.rest_client [req-97f896e9-3b2b-4c8e-81ee-6aca845c395b req-97f896e9-3b2b-4c8e-81ee-6aca845c395b ] Request (SecurityGroupsNegativeTestJSON:setUpClass): 201 POST http://10.180.1.21/identity/v3/auth/tokens 0.029s
2025-12-11 20:40:04.694 65920 INFO tempest.lib.common.rest_client [req-484b1c7f-7ae0-4745-8a13-0b5cdfdd5708 req-484b1c7f-7ae0-4745-8a13-0b5cdfdd5708 ] Request (AttachVolumeTestJSON:setUpClass): 201 POST http://10.180.1.21/identity/v3/projects 0.036s
2025-12-11 20:40:04.694 65878 INFO tempest.lib.common.rest_client [req-e56671bb-39ad-4a7a-9616-a624ca97c2f4 req-e56671bb-39ad-4a7a-9616-a624ca97c2f4 ] Request (FlavorsV2TestJSON:tearDownClass): 200 GET http://10.180.1.21/networking/v2.0/security-groups?tenant_id=89935953b0a34863b08fe8c5b4f4914a&name=default 0.533s
2025-12-11 20:40:04.706 65934 INFO tempest.lib.common.rest_client [req-a2e7f8a3-1820-4d21-8493-8c88b5796d79 req-a2e7f8a3-1820-4d21-8493-8c88b5796d79 ] Request (SecurityGroupsNegativeTestJSON:setUpClass): 200 GET http://10.180.1.21/identity/v3/domains?name=Default 0.025s
2025-12-11 20:40:04.767 65920 INFO tempest.lib.common.rest_client [req-6f7eaec7-a974-41e9-8510-980657e5506a req-6f7eaec7-a974-41e9-8510-980657e5506a ] Request (AttachVolumeTestJSON:setUpClass): 201 POST http://10.180.1.21/identity/v3/users 0.072s
2025-12-11 20:40:04.775 65934 INFO tempest.lib.common.rest_client [req-62345af2-ec80-4d3c-8a48-7fb32d554662 req-62345af2-ec80-4d3c-8a48-7fb32d554662 ] Request (SecurityGroupsNegativeTestJSON:setUpClass): 201 POST http://10.180.1.21/identity/v3/projects 0.069s
2025-12-11 20:40:04.839 65920 INFO tempest.lib.common.rest_client [req-d61f7ee6-ab07-4381-987e-9d0aa0cb2b5c req-d61f7ee6-ab07-4381-987e-9d0aa0cb2b5c ] Request (AttachVolumeTestJSON:setUpClass): 200 GET http://10.180.1.21/identity/v3/roles 0.072s
2025-12-11 20:40:04.842 65934 INFO tempest.lib.common.rest_client [req-38e54f9f-ae1f-41e3-8bc6-fc1ed4d33680 req-38e54f9f-ae1f-41e3-8bc6-fc1ed4d33680 ] Request (SecurityGroupsNegativeTestJSON:setUpClass): 201 POST http://10.180.1.21/identity/v3/users 0.065s
2025-12-11 20:40:04.865 65934 INFO tempest.lib.common.rest_client [req-2f37461b-12de-4a61-a094-bd06cf2ae312 req-2f37461b-12de-4a61-a094-bd06cf2ae312 ] Request (SecurityGroupsNegativeTestJSON:setUpClass): 200 GET http://10.180.1.21/identity/v3/roles 0.023s
2025-12-11 20:40:04.900 65920 INFO tempest.lib.common.rest_client [req-9748159e-7dbf-4230-ad02-6a2ab3b00d74 req-9748159e-7dbf-4230-ad02-6a2ab3b00d74 ] Request (AttachVolumeTestJSON:setUpClass): 204 PUT http://10.180.1.21/identity/v3/projects/acc0007ffce94b5f894ed55d88388eed/users/989d4ee0aa8e4fb19ebc48aa89e2a1fb/roles/4f2c56d18e404064b296807da5332c1b 0.060s
2025-12-11 20:40:04.900 65920 INFO tempest.lib.common.dynamic_creds [-] Dynamic test user 989d4ee0aa8e4fb19ebc48aa89e2a1fb is created with scope project and roles: ['member']
2025-12-11 20:40:04.900 65920 INFO tempest.lib.common.dynamic_creds [-] Acquired dynamic creds: credentials: Credentials: {'domain_id': 'default', 'domain_name': 'Default', 'username': 'tempest-AttachVolumeTestJSON-1937207545-project-member', 'project_domain_id': 'default', 'project_domain_name': 'Default', 'project_id': 'acc0007ffce94b5f894ed55d88388eed', 'project_name': 'tempest-AttachVolumeTestJSON-1937207545', 'tenant_id': 'acc0007ffce94b5f894ed55d88388eed', 'tenant_name': 'tempest-AttachVolumeTestJSON-1937207545', 'user_domain_id': 'default', 'user_domain_name': 'Default', 'user_id': '989d4ee0aa8e4fb19ebc48aa89e2a1fb', 'system': None}, Network: None, Subnet: None, Router: None
2025-12-11 20:40:04.909 65934 INFO tempest.lib.common.rest_client [req-0e645b26-cb21-4048-a948-2c3689ccf6bd req-0e645b26-cb21-4048-a948-2c3689ccf6bd ] Request (SecurityGroupsNegativeTestJSON:setUpClass): 204 PUT http://10.180.1.21/identity/v3/projects/28e8926121de4fff9b66eeb146bfe631/users/7dd1372def384af9b8c329c12a2a6101/roles/4f2c56d18e404064b296807da5332c1b 0.043s
2025-12-11 20:40:04.909 65934 INFO tempest.lib.common.dynamic_creds [-] Dynamic test user 7dd1372def384af9b8c329c12a2a6101 is created with scope project and roles: ['member']
2025-12-11 20:40:04.909 65934 INFO tempest.lib.common.dynamic_creds [-] Acquired dynamic creds: credentials: Credentials: {'domain_id': 'default', 'domain_name': 'Default', 'username': 'tempest-SecurityGroupsNegativeTestJSON-238229922-project-member', 'project_domain_id': 'default', 'project_domain_name': 'Default', 'project_id': '28e8926121de4fff9b66eeb146bfe631', 'project_name': 'tempest-SecurityGroupsNegativeTestJSON-238229922', 'tenant_id': '28e8926121de4fff9b66eeb146bfe631', 'tenant_name': 'tempest-SecurityGroupsNegativeTestJSON-238229922', 'user_domain_id': 'default', 'user_domain_name': 'Default', 'user_id': '7dd1372def384af9b8c329c12a2a6101', 'system': None}, Network: None, Subnet: None, Router: None
2025-12-11 20:40:04.919 65912 INFO tempest.lib.common.rest_client [req-d16f7cec-71c4-4c64-95c0-24c5110dda71 req-d16f7cec-71c4-4c64-95c0-24c5110dda71 ] Request (ServersTestManualDisk:setUpClass): 201 POST http://10.180.1.21/networking/v2.0/floatingips 0.850s
2025-12-11 20:40:04.966 65888 INFO tempest.lib.common.rest_client [req-77b6f369-aeea-4c12-aa46-60a065f79ace req-77b6f369-aeea-4c12-aa46-60a065f79ace ] Request (ServersWithSpecificFlavorTestJSON:test_verify_created_server_ephemeral_disk): 200 GET http://10.180.1.21/compute/v2.1/servers/ce8a0403-ac21-435a-8ff2-ac8e2b3ea45b 2.582s
2025-12-11 20:40:04.986 65920 INFO tempest.lib.common.rest_client [req-ab71dbda-cb96-4263-98e1-b922516ad58e req-ab71dbda-cb96-4263-98e1-b922516ad58e ] Request (AttachVolumeTestJSON:setUpClass): 201 POST http://10.180.1.21/identity/v3/auth/tokens 0.085s
2025-12-11 20:40:04.988 65934 INFO tempest.lib.common.rest_client [req-4bc1b738-aca3-4822-aeba-38aeba1dcb58 req-4bc1b738-aca3-4822-aeba-38aeba1dcb58 ] Request (SecurityGroupsNegativeTestJSON:setUpClass): 201 POST http://10.180.1.21/identity/v3/auth/tokens 0.079s
2025-12-11 20:40:05.015 65890 WARNING tempest.lib.common.ssh [-] Failed to establish authenticated ssh connection to cirros@10.180.180.139 ([Errno None] Unable to connect to port 22 on 10.180.180.139). Number attempts: 4. Retry after 5 seconds.: paramiko.ssh_exception.NoValidConnectionsError: [Errno None] Unable to connect to port 22 on 10.180.180.139
2025-12-11 20:40:05.084 65912 INFO tempest.lib.common.rest_client [req-a279c2cd-c42e-4320-ab09-94acb5ba19d0 req-a279c2cd-c42e-4320-ab09-94acb5ba19d0 ] Request (ServersTestManualDisk:setUpClass): 201 POST http://10.180.1.21/identity/v3/auth/tokens 0.160s
2025-12-11 20:40:05.085 65912 INFO tempest.lib.common.fixed_network [-] (ServersTestManualDisk:setUpClass) Found network {'id': '06eda862-1429-4ec0-bcdd-682bb705052d', 'name': 'tempest-ServersTestManualDisk-250822268-network', 'tenant_id': '9dfa7de7935947168c0ab95a1c9a9e35', 'project_id': '9dfa7de7935947168c0ab95a1c9a9e35', 'admin_state_up': True, 'mtu': 8950, 'status': 'ACTIVE', 'subnets': [], 'shared': False, 'port_security_enabled': True, 'router:external': False, 'provider:network_type': 'vlan', 'provider:physical_network': 'default', 'provider:segmentation_id': 142, 'availability_zone_hints': [], 'availability_zones': [], 'ipv4_address_scope': None, 'ipv6_address_scope': None, 'description': '', 'tags': [], 'created_at': '2025-12-11T20:39:58Z', 'updated_at': '2025-12-11T20:39:58Z', 'revision_number': 1} available for tenant
2025-12-11 20:40:05.305 65904 INFO tempest.lib.common.rest_client [req-d840d9dc-4568-4fd3-a16a-8efdcdc736b6 req-d840d9dc-4568-4fd3-a16a-8efdcdc736b6 ] Request (ImagesOneServerNegativeTestJSON:setUpClass): 201 POST http://10.180.1.21/networking/v2.0/networks 0.964s
2025-12-11 20:40:05.315 65910 INFO tempest.lib.common.rest_client [req-9b0d6bd8-ce7e-4476-bfd1-0ff04a3d60c9 req-9b0d6bd8-ce7e-4476-bfd1-0ff04a3d60c9 ] Request (KeyPairsV210TestJSON:tearDownClass): 204 DELETE http://10.180.1.21/networking/v2.0/security-groups/7be716ab-aafc-4051-ba57-4a022a156743 0.951s
2025-12-11 20:40:05.375 65910 INFO tempest.lib.common.rest_client [req-a1a0e0aa-34db-49c6-ba20-a57dde4c1055 req-a1a0e0aa-34db-49c6-ba20-a57dde4c1055 ] Request (KeyPairsV210TestJSON:tearDownClass): 204 DELETE http://10.180.1.21/identity/v3/projects/a631063ad29c4fca8d8b2bbe41c64668 0.059s
2025-12-11 20:40:05.375 65910 INFO tempest.lib.common.dynamic_creds [-] Deleting project and security group for project: 1c7b8b9b262d4398bae64ee5a01a095c
2025-12-11 20:40:05.414 65878 INFO tempest.lib.common.rest_client [req-6b9732ac-372c-4046-a776-6d9a1ef1686d req-6b9732ac-372c-4046-a776-6d9a1ef1686d ] Request (FlavorsV2TestJSON:tearDownClass): 204 DELETE http://10.180.1.21/networking/v2.0/security-groups/35dd48d1-50a0-418e-b537-9b21ce3e9ee4 0.719s
2025-12-11 20:40:05.424 65880 INFO tempest.lib.common.rest_client [req-7759cadc-44cf-49bb-b2d9-4fc667aa2610 req-7759cadc-44cf-49bb-b2d9-4fc667aa2610 ] Request (FlavorsAdminTestJSON:tearDownClass): 200 GET http://10.180.1.21/networking/v2.0/security-groups?tenant_id=8c079df4aa0448d6bc4794d551ed468e&name=default 1.053s
2025-12-11 20:40:05.508 65878 INFO tempest.lib.common.rest_client [req-e676d50b-cd72-47c8-828d-dd66ff56711f req-e676d50b-cd72-47c8-828d-dd66ff56711f ] Request (FlavorsV2TestJSON:tearDownClass): 204 DELETE http://10.180.1.21/identity/v3/projects/89935953b0a34863b08fe8c5b4f4914a 0.094s
2025-12-11 20:40:05.578 65878 INFO tempest.lib.common.rest_client [req-b422ce9f-7758-4b99-843c-58e0bdbccd71 req-b422ce9f-7758-4b99-843c-58e0bdbccd71 ] Request (ImagesMetadataNegativeTestJSON:setUpClass): 201 POST http://10.180.1.21/identity/v3/auth/tokens 0.068s
2025-12-11 20:40:05.613 65878 INFO tempest.lib.common.rest_client [req-bf68fc8a-d6a8-4b42-8b36-4798741b0fa7 req-bf68fc8a-d6a8-4b42-8b36-4798741b0fa7 ] Request (ImagesMetadataNegativeTestJSON:setUpClass): 201 POST http://10.180.1.21/identity/v3/auth/tokens 0.033s
2025-12-11 20:40:05.643 65878 INFO tempest.lib.common.rest_client [req-e689d760-e9a6-4bf3-a3a1-be9484cd0c6a req-e689d760-e9a6-4bf3-a3a1-be9484cd0c6a ] Request (ImagesMetadataNegativeTestJSON:setUpClass): 200 GET http://10.180.1.21/identity/v3/domains?name=Default 0.029s
2025-12-11 20:40:05.676 65878 INFO tempest.lib.common.rest_client [req-e5de8d0b-397f-429e-ad7e-0bf3cb3d3cd8 req-e5de8d0b-397f-429e-ad7e-0bf3cb3d3cd8 ] Request (ImagesMetadataNegativeTestJSON:setUpClass): 201 POST http://10.180.1.21/identity/v3/projects 0.032s
2025-12-11 20:40:05.678 65920 INFO tempest.lib.common.rest_client [req-5044c4ba-920d-44d1-a1d8-6caed729bccb req-5044c4ba-920d-44d1-a1d8-6caed729bccb ] Request (AttachVolumeTestJSON:setUpClass): 201 POST http://10.180.1.21/networking/v2.0/networks 0.692s
2025-12-11 20:40:05.693 65934 INFO tempest.lib.common.rest_client [req-11c0fc5d-9af4-4a2a-86c1-f616dbf235d8 req-11c0fc5d-9af4-4a2a-86c1-f616dbf235d8 ] Request (SecurityGroupsNegativeTestJSON:setUpClass): 201 POST http://10.180.1.21/networking/v2.0/networks 0.704s
2025-12-11 20:40:05.714 65928 INFO tempest.lib.common.rest_client [req-2c4619ee-e081-49bf-9882-8fad782b3b8d req-2c4619ee-e081-49bf-9882-8fad782b3b8d ] Request (ServersAdmin275Test:test_rebuild_update_server_275): 200 GET http://10.180.1.21/compute/v2.1/servers/01243d26-24f5-4d6f-9bb8-f13d65660b21 3.191s
2025-12-11 20:40:05.749 65878 INFO tempest.lib.common.rest_client [req-2eaae497-bb27-4bed-82f0-c70de6a84c48 req-2eaae497-bb27-4bed-82f0-c70de6a84c48 ] Request (ImagesMetadataNegativeTestJSON:setUpClass): 201 POST http://10.180.1.21/identity/v3/users 0.072s
2025-12-11 20:40:05.770 65878 INFO tempest.lib.common.rest_client [req-f655e1b3-db84-4287-8cf6-cd7c8d27cc94 req-f655e1b3-db84-4287-8cf6-cd7c8d27cc94 ] Request (ImagesMetadataNegativeTestJSON:setUpClass): 200 GET http://10.180.1.21/identity/v3/roles 0.020s
2025-12-11 20:40:05.811 65878 INFO tempest.lib.common.rest_client [req-aa07dbc0-0d9c-4adb-ac33-e4947bfdc9fb req-aa07dbc0-0d9c-4adb-ac33-e4947bfdc9fb ] Request (ImagesMetadataNegativeTestJSON:setUpClass): 204 PUT http://10.180.1.21/identity/v3/projects/e26dc6c0a250472cb1bcdbcfa6434ad8/users/855df0c964d94a0587132ccf65ef2001/roles/4f2c56d18e404064b296807da5332c1b 0.041s
2025-12-11 20:40:05.811 65878 INFO tempest.lib.common.dynamic_creds [-] Dynamic test user 855df0c964d94a0587132ccf65ef2001 is created with scope project and roles: ['member']
2025-12-11 20:40:05.812 65878 INFO tempest.lib.common.dynamic_creds [-] Acquired dynamic creds: credentials: Credentials: {'domain_id': 'default', 'domain_name': 'Default', 'username': 'tempest-ImagesMetadataNegativeTestJSON-1464813952-project-member', 'project_domain_id': 'default', 'project_domain_name': 'Default', 'project_id': 'e26dc6c0a250472cb1bcdbcfa6434ad8', 'project_name': 'tempest-ImagesMetadataNegativeTestJSON-1464813952', 'tenant_id': 'e26dc6c0a250472cb1bcdbcfa6434ad8', 'tenant_name': 'tempest-ImagesMetadataNegativeTestJSON-1464813952', 'user_domain_id': 'default', 'user_domain_name': 'Default', 'user_id': '855df0c964d94a0587132ccf65ef2001', 'system': None}, Network: None, Subnet: None, Router: None
2025-12-11 20:40:05.812 65878 INFO tempest.lib.common.dynamic_creds [-] Created isolated network resources for: credentials: Credentials: {'domain_id': 'default', 'domain_name': 'Default', 'username': 'tempest-ImagesMetadataNegativeTestJSON-1464813952-project-member', 'project_domain_id': 'default', 'project_domain_name': 'Default', 'project_id': 'e26dc6c0a250472cb1bcdbcfa6434ad8', 'project_name': 'tempest-ImagesMetadataNegativeTestJSON-1464813952', 'tenant_id': 'e26dc6c0a250472cb1bcdbcfa6434ad8', 'tenant_name': 'tempest-ImagesMetadataNegativeTestJSON-1464813952', 'user_domain_id': 'default', 'user_domain_name': 'Default', 'user_id': '855df0c964d94a0587132ccf65ef2001', 'system': None}, Network: None, Subnet: None, Router: None
2025-12-11 20:40:05.888 65904 INFO tempest.lib.common.rest_client [req-429d38c3-487b-41b1-88aa-45d2ed7fae0d req-429d38c3-487b-41b1-88aa-45d2ed7fae0d ] Request (ImagesOneServerNegativeTestJSON:setUpClass): 201 POST http://10.180.1.21/networking/v2.0/subnets 0.582s
2025-12-11 20:40:05.899 65878 INFO tempest.lib.common.rest_client [req-6e798d20-94e9-4006-af65-b67d3ee60636 req-6e798d20-94e9-4006-af65-b67d3ee60636 ] Request (ImagesMetadataNegativeTestJSON:setUpClass): 201 POST http://10.180.1.21/identity/v3/auth/tokens 0.084s
2025-12-11 20:40:06.049 65910 INFO tempest.lib.common.rest_client [req-4f5d1628-275c-4a11-bb68-d78de470695f req-4f5d1628-275c-4a11-bb68-d78de470695f ] Request (KeyPairsV210TestJSON:tearDownClass): 200 GET http://10.180.1.21/networking/v2.0/security-groups?tenant_id=1c7b8b9b262d4398bae64ee5a01a095c&name=default 0.674s
2025-12-11 20:40:06.144 65880 INFO tempest.lib.common.rest_client [req-7b9d5754-324e-4a67-b6e9-05381e9242c6 req-7b9d5754-324e-4a67-b6e9-05381e9242c6 ] Request (FlavorsAdminTestJSON:tearDownClass): 204 DELETE http://10.180.1.21/networking/v2.0/security-groups/29e7bb89-a997-4571-9f18-b370fb3a9bb4 0.720s
2025-12-11 20:40:06.259 65880 INFO tempest.lib.common.rest_client [req-0e8bcd27-ef29-4beb-8ecc-6b6af9874e90 req-0e8bcd27-ef29-4beb-8ecc-6b6af9874e90 ] Request (FlavorsAdminTestJSON:tearDownClass): 204 DELETE http://10.180.1.21/identity/v3/projects/8c079df4aa0448d6bc4794d551ed468e 0.114s
2025-12-11 20:40:06.259 65880 INFO tempest.lib.common.dynamic_creds [-] Deleting project and security group for project: e8fc1755a06447f88306a0b0a35f6f85
2025-12-11 20:40:06.366 65920 INFO tempest.lib.common.rest_client [req-5e5cd99e-bea5-45ef-a59f-34773ab59975 req-5e5cd99e-bea5-45ef-a59f-34773ab59975 ] Request (AttachVolumeTestJSON:setUpClass): 201 POST http://10.180.1.21/networking/v2.0/subnets 0.686s
2025-12-11 20:40:06.417 65876 INFO tempest.lib.common.rest_client [req-3b2ab60d-4d1f-45a3-9fae-d7c99e52219d req-3b2ab60d-4d1f-45a3-9fae-d7c99e52219d ] Request (QuotasAdminNegativeTest:test_create_server_when_cpu_quota_is_full): 403 POST http://10.180.1.21/compute/v2.1/servers 4.217s
2025-12-11 20:40:06.428 65930 INFO tempest.lib.common.rest_client [req-16657677-d2b5-473a-9ecd-7b52a43acd1f req-16657677-d2b5-473a-9ecd-7b52a43acd1f ] Request (ServerMetadataNegativeTestJSON:test_server_metadata_non_existent_server): 404 GET http://10.180.1.21/compute/v2.1/servers/fc278cd7-eddf-479a-9391-75aedf751a78/metadata/test2 3.809s
2025-12-11 20:40:06.537 65934 INFO tempest.lib.common.rest_client [req-c83a9176-8c7d-43e9-93b8-ce1bb1d131d8 req-c83a9176-8c7d-43e9-93b8-ce1bb1d131d8 ] Request (SecurityGroupsNegativeTestJSON:setUpClass): 201 POST http://10.180.1.21/networking/v2.0/subnets 0.844s
2025-12-11 20:40:06.562 65886 INFO tempest.lib.common.rest_client [req-86c2588c-20dc-4189-9df5-d06a191ef8b3 req-86c2588c-20dc-4189-9df5-d06a191ef8b3 ] Request (ServerDiagnosticsNegativeTest:tearDownClass): 200 GET http://10.180.1.21/compute/v2.1/servers/e0e8ccc1-e53a-4dcd-be26-0ff273c3c9fc 4.027s
2025-12-11 20:40:07.341 65904 INFO tempest.lib.common.rest_client [req-e91756f3-d7a4-457a-9856-4cb621f9fb91 req-e91756f3-d7a4-457a-9856-4cb621f9fb91 ] Request (ImagesOneServerNegativeTestJSON:setUpClass): 201 POST http://10.180.1.21/networking/v2.0/routers 1.452s
2025-12-11 20:40:07.449 65910 INFO tempest.lib.common.rest_client [req-c2357e49-abeb-420e-99a9-d9c9942c44cb req-c2357e49-abeb-420e-99a9-d9c9942c44cb ] Request (KeyPairsV210TestJSON:tearDownClass): 204 DELETE http://10.180.1.21/networking/v2.0/security-groups/a2c5133e-d38f-44c2-917f-f24e61113dde 1.400s
2025-12-11 20:40:07.487 65880 INFO tempest.lib.common.rest_client [req-5aa58a9e-383b-470e-a657-7b862bdff3fe req-5aa58a9e-383b-470e-a657-7b862bdff3fe ] Request (FlavorsAdminTestJSON:tearDownClass): 200 GET http://10.180.1.21/networking/v2.0/security-groups?tenant_id=e8fc1755a06447f88306a0b0a35f6f85&name=default 1.228s
2025-12-11 20:40:07.521 65906 INFO tempest.lib.common.rest_client [req-ff392212-e460-4fd3-bc6c-aabf7a808888 req-ff392212-e460-4fd3-bc6c-aabf7a808888 ] Request (FloatingIPsAssociationTestJSON:test_associate_already_associated_floating_ip): 200 GET http://10.180.1.21/compute/v2.1/servers/84d0311a-fcb3-476c-ad08-7e3b0dfe3858 4.656s
2025-12-11 20:40:07.624 65910 INFO tempest.lib.common.rest_client [req-2d626810-a3bf-4c20-92d7-7541257906f5 req-2d626810-a3bf-4c20-92d7-7541257906f5 ] Request (KeyPairsV210TestJSON:tearDownClass): 204 DELETE http://10.180.1.21/identity/v3/projects/1c7b8b9b262d4398bae64ee5a01a095c 0.174s
2025-12-11 20:40:07.709 65910 INFO tempest.lib.common.rest_client [req-c9ae9e35-24e0-4996-884a-6780615596cc req-c9ae9e35-24e0-4996-884a-6780615596cc ] Request (QuotaClassesAdmin257Test:setUpClass): 201 POST http://10.180.1.21/identity/v3/auth/tokens 0.083s
2025-12-11 20:40:07.747 65910 INFO tempest.lib.common.rest_client [req-61c87630-89fb-43b4-bbaa-3b588936d480 req-61c87630-89fb-43b4-bbaa-3b588936d480 ] Request (QuotaClassesAdmin257Test:setUpClass): 201 POST http://10.180.1.21/identity/v3/auth/tokens 0.034s
2025-12-11 20:40:07.775 65910 INFO tempest.lib.common.rest_client [req-e99c8516-ae41-4aa7-aea4-21ae460d175b req-e99c8516-ae41-4aa7-aea4-21ae460d175b ] Request (QuotaClassesAdmin257Test:setUpClass): 200 GET http://10.180.1.21/identity/v3/domains?name=Default 0.028s
2025-12-11 20:40:07.838 65910 INFO tempest.lib.common.rest_client [req-0204dc94-6995-4751-a5f0-d83694bfaf05 req-0204dc94-6995-4751-a5f0-d83694bfaf05 ] Request (QuotaClassesAdmin257Test:setUpClass): 201 POST http://10.180.1.21/identity/v3/projects 0.062s
2025-12-11 20:40:07.950 65910 INFO tempest.lib.common.rest_client [req-80254b90-a0f5-4254-8647-8c9605befac8 req-80254b90-a0f5-4254-8647-8c9605befac8 ] Request (QuotaClassesAdmin257Test:setUpClass): 201 POST http://10.180.1.21/identity/v3/users 0.111s
2025-12-11 20:40:07.986 65910 INFO tempest.lib.common.rest_client [req-1b51e51a-c066-4fe2-804f-d563f1f56476 req-1b51e51a-c066-4fe2-804f-d563f1f56476 ] Request (QuotaClassesAdmin257Test:setUpClass): 200 GET http://10.180.1.21/identity/v3/roles 0.035s
2025-12-11 20:40:08.038 65910 INFO tempest.lib.common.rest_client [req-97b961d6-0157-45fd-bc1c-467d2f4ff131 req-97b961d6-0157-45fd-bc1c-467d2f4ff131 ] Request (QuotaClassesAdmin257Test:setUpClass): 204 PUT http://10.180.1.21/identity/v3/projects/140be9fee05243bcb60bf48c0bf96baf/users/47f089f781924de3802b6a85df814d11/roles/4f2c56d18e404064b296807da5332c1b 0.050s
2025-12-11 20:40:08.038 65910 INFO tempest.lib.common.dynamic_creds [-] Dynamic test user 47f089f781924de3802b6a85df814d11 is created with scope project and roles: ['member']
2025-12-11 20:40:08.038 65910 INFO tempest.lib.common.dynamic_creds [-] Acquired dynamic creds: credentials: Credentials: {'domain_id': 'default', 'domain_name': 'Default', 'username': 'tempest-QuotaClassesAdmin257Test-790849176-project-member', 'project_domain_id': 'default', 'project_domain_name': 'Default', 'project_id': '140be9fee05243bcb60bf48c0bf96baf', 'project_name': 'tempest-QuotaClassesAdmin257Test-790849176', 'tenant_id': '140be9fee05243bcb60bf48c0bf96baf', 'tenant_name': 'tempest-QuotaClassesAdmin257Test-790849176', 'user_domain_id': 'default', 'user_domain_name': 'Default', 'user_id': '47f089f781924de3802b6a85df814d11', 'system': None}, Network: None, Subnet: None, Router: None
2025-12-11 20:40:08.038 65910 INFO tempest.lib.common.dynamic_creds [-] Created isolated network resources for: credentials: Credentials: {'domain_id': 'default', 'domain_name': 'Default', 'username': 'tempest-QuotaClassesAdmin257Test-790849176-project-member', 'project_domain_id': 'default', 'project_domain_name': 'Default', 'project_id': '140be9fee05243bcb60bf48c0bf96baf', 'project_name': 'tempest-QuotaClassesAdmin257Test-790849176', 'tenant_id': '140be9fee05243bcb60bf48c0bf96baf', 'tenant_name': 'tempest-QuotaClassesAdmin257Test-790849176', 'user_domain_id': 'default', 'user_domain_name': 'Default', 'user_id': '47f089f781924de3802b6a85df814d11', 'system': None}, Network: None, Subnet: None, Router: None
2025-12-11 20:40:08.125 65910 INFO tempest.lib.common.rest_client [req-7ebc163a-cfdb-43eb-9ff4-f6a8a4e7bd34 req-7ebc163a-cfdb-43eb-9ff4-f6a8a4e7bd34 ] Request (QuotaClassesAdmin257Test:setUpClass): 201 POST http://10.180.1.21/identity/v3/auth/tokens 0.084s
2025-12-11 20:40:08.190 65910 INFO tempest.lib.common.rest_client [req-ec913c66-c1fd-41c2-abbd-d36018f61acd req-ec913c66-c1fd-41c2-abbd-d36018f61acd ] Request (QuotaClassesAdmin257Test:setUpClass): 201 POST http://10.180.1.21/identity/v3/projects 0.064s
2025-12-11 20:40:08.253 65910 INFO tempest.lib.common.rest_client [req-6c2258d0-6000-4ce4-b24d-adb33675a528 req-6c2258d0-6000-4ce4-b24d-adb33675a528 ] Request (QuotaClassesAdmin257Test:setUpClass): 201 POST http://10.180.1.21/identity/v3/users 0.062s
2025-12-11 20:40:08.277 65910 INFO tempest.lib.common.rest_client [req-50ada153-579c-4b5d-85c4-14de77d683fe req-50ada153-579c-4b5d-85c4-14de77d683fe ] Request (QuotaClassesAdmin257Test:setUpClass): 200 GET http://10.180.1.21/identity/v3/roles 0.023s
2025-12-11 20:40:08.288 65920 INFO tempest.lib.common.rest_client [req-7b5999cd-8fdb-47fe-9f9b-d56ce73705ae req-7b5999cd-8fdb-47fe-9f9b-d56ce73705ae ] Request (AttachVolumeTestJSON:setUpClass): 201 POST http://10.180.1.21/networking/v2.0/routers 1.921s
2025-12-11 20:40:08.291 65934 INFO tempest.lib.common.rest_client [req-5729348e-7a86-402a-b80f-4393133bd39a req-5729348e-7a86-402a-b80f-4393133bd39a ] Request (SecurityGroupsNegativeTestJSON:setUpClass): 201 POST http://10.180.1.21/networking/v2.0/routers 1.753s
2025-12-11 20:40:08.309 65910 INFO tempest.lib.common.rest_client [req-1bb9232d-a0b8-46ea-b402-4ce924835dda req-1bb9232d-a0b8-46ea-b402-4ce924835dda ] Request (QuotaClassesAdmin257Test:setUpClass): 204 PUT http://10.180.1.21/identity/v3/projects/3a8787eecbbc46eb9902325950a93f12/users/6d5f87174aaf44e0b11ec47c4f228bbb/roles/8a8e8bfb7d494545b216e293034bd54b 0.032s
2025-12-11 20:40:08.381 65910 INFO tempest.lib.common.rest_client [req-40759735-c7aa-4d35-8672-3a19cf0ee91f req-40759735-c7aa-4d35-8672-3a19cf0ee91f ] Request (QuotaClassesAdmin257Test:setUpClass): 200 GET http://10.180.1.21/identity/v3/roles 0.071s
2025-12-11 20:40:08.412 65910 INFO tempest.lib.common.rest_client [req-a0e704f0-e412-422d-80b2-c7573bc4eb18 req-a0e704f0-e412-422d-80b2-c7573bc4eb18 ] Request (QuotaClassesAdmin257Test:setUpClass): 204 PUT http://10.180.1.21/identity/v3/projects/3a8787eecbbc46eb9902325950a93f12/users/6d5f87174aaf44e0b11ec47c4f228bbb/roles/8a8e8bfb7d494545b216e293034bd54b 0.029s
2025-12-11 20:40:08.412 65910 INFO tempest.lib.common.dynamic_creds [-] Dynamic test user 6d5f87174aaf44e0b11ec47c4f228bbb is created with scope project and roles: ['admin']
2025-12-11 20:40:08.412 65910 INFO tempest.lib.common.dynamic_creds [-] Acquired dynamic creds: credentials: Credentials: {'domain_id': 'default', 'domain_name': 'Default', 'username': 'tempest-QuotaClassesAdmin257Test-842680770-project-admin', 'project_domain_id': 'default', 'project_domain_name': 'Default', 'project_id': '3a8787eecbbc46eb9902325950a93f12', 'project_name': 'tempest-QuotaClassesAdmin257Test-842680770', 'tenant_id': '3a8787eecbbc46eb9902325950a93f12', 'tenant_name': 'tempest-QuotaClassesAdmin257Test-842680770', 'user_domain_id': 'default', 'user_domain_name': 'Default', 'user_id': '6d5f87174aaf44e0b11ec47c4f228bbb', 'system': None}, Network: None, Subnet: None, Router: None
2025-12-11 20:40:08.412 65910 INFO tempest.lib.common.dynamic_creds [-] Created isolated network resources for: credentials: Credentials: {'domain_id': 'default', 'domain_name': 'Default', 'username': 'tempest-QuotaClassesAdmin257Test-842680770-project-admin', 'project_domain_id': 'default', 'project_domain_name': 'Default', 'project_id': '3a8787eecbbc46eb9902325950a93f12', 'project_name': 'tempest-QuotaClassesAdmin257Test-842680770', 'tenant_id': '3a8787eecbbc46eb9902325950a93f12', 'tenant_name': 'tempest-QuotaClassesAdmin257Test-842680770', 'user_domain_id': 'default', 'user_domain_name': 'Default', 'user_id': '6d5f87174aaf44e0b11ec47c4f228bbb', 'system': None}, Network: None, Subnet: None, Router: None
2025-12-11 20:40:08.467 65880 INFO tempest.lib.common.rest_client [req-7b21b7fb-0271-44bf-b40f-f4137d4e8e62 req-7b21b7fb-0271-44bf-b40f-f4137d4e8e62 ] Request (FlavorsAdminTestJSON:tearDownClass): 204 DELETE http://10.180.1.21/networking/v2.0/security-groups/46814a7c-f8a4-4272-bbd5-7aa673a38eb9 0.979s
2025-12-11 20:40:08.552 65910 INFO tempest.lib.common.rest_client [req-cc54a0e8-52d1-48e6-877d-96e1889ccc14 req-cc54a0e8-52d1-48e6-877d-96e1889ccc14 ] Request (QuotaClassesAdmin257Test:setUpClass): 201 POST http://10.180.1.21/identity/v3/auth/tokens 0.134s
2025-12-11 20:40:08.631 65880 INFO tempest.lib.common.rest_client [req-7b83edfc-48e4-451b-ae7d-33e66166e6d0 req-7b83edfc-48e4-451b-ae7d-33e66166e6d0 ] Request (FlavorsAdminTestJSON:tearDownClass): 204 DELETE http://10.180.1.21/identity/v3/projects/e8fc1755a06447f88306a0b0a35f6f85 0.164s
2025-12-11 20:40:08.741 65880 INFO tempest.lib.common.rest_client [req-000deadc-c5dd-469f-b266-550a7c6cc065 req-000deadc-c5dd-469f-b266-550a7c6cc065 ] Request (InstanceUsageAuditLogNegativeTestJSON:setUpClass): 201 POST http://10.180.1.21/identity/v3/auth/tokens 0.108s
2025-12-11 20:40:08.776 65880 INFO tempest.lib.common.rest_client [req-11eb6b2d-afbe-4f2c-8899-8f5ee67aa13d req-11eb6b2d-afbe-4f2c-8899-8f5ee67aa13d ] Request (InstanceUsageAuditLogNegativeTestJSON:setUpClass): 201 POST http://10.180.1.21/identity/v3/auth/tokens 0.030s
2025-12-11 20:40:08.818 65880 INFO tempest.lib.common.rest_client [req-c9bd3a71-1bef-4a4e-9bbc-965aff53dea2 req-c9bd3a71-1bef-4a4e-9bbc-965aff53dea2 ] Request (InstanceUsageAuditLogNegativeTestJSON:setUpClass): 200 GET http://10.180.1.21/identity/v3/domains?name=Default 0.042s
2025-12-11 20:40:08.898 65880 INFO tempest.lib.common.rest_client [req-31c82229-8407-4e55-b774-3a066451db04 req-31c82229-8407-4e55-b774-3a066451db04 ] Request (InstanceUsageAuditLogNegativeTestJSON:setUpClass): 201 POST http://10.180.1.21/identity/v3/projects 0.079s
2025-12-11 20:40:09.009 65880 INFO tempest.lib.common.rest_client [req-c9f8a482-6f6d-428e-9eca-059be054b4f2 req-c9f8a482-6f6d-428e-9eca-059be054b4f2 ] Request (InstanceUsageAuditLogNegativeTestJSON:setUpClass): 201 POST http://10.180.1.21/identity/v3/users 0.111s
2025-12-11 20:40:09.039 65880 INFO tempest.lib.common.rest_client [req-f192be70-8149-4019-843b-36c801b779c8 req-f192be70-8149-4019-843b-36c801b779c8 ] Request (InstanceUsageAuditLogNegativeTestJSON:setUpClass): 200 GET http://10.180.1.21/identity/v3/roles 0.029s
2025-12-11 20:40:09.077 65880 INFO tempest.lib.common.rest_client [req-fa8a0fa0-9c9c-4cfd-8434-6924e23e3aef req-fa8a0fa0-9c9c-4cfd-8434-6924e23e3aef ] Request (InstanceUsageAuditLogNegativeTestJSON:setUpClass): 204 PUT http://10.180.1.21/identity/v3/projects/f2baa0bcb6dc4559a0a02eb111620395/users/4530e3f10b624810afc78df61f802bce/roles/4f2c56d18e404064b296807da5332c1b 0.037s
2025-12-11 20:40:09.077 65880 INFO tempest.lib.common.dynamic_creds [-] Dynamic test user 4530e3f10b624810afc78df61f802bce is created with scope project and roles: ['member']
2025-12-11 20:40:09.077 65880 INFO tempest.lib.common.dynamic_creds [-] Acquired dynamic creds: credentials: Credentials: {'domain_id': 'default', 'domain_name': 'Default', 'username': 'tempest-InstanceUsageAuditLogNegativeTestJSON-1969174937-project-member', 'project_domain_id': 'default', 'project_domain_name': 'Default', 'project_id': 'f2baa0bcb6dc4559a0a02eb111620395', 'project_name': 'tempest-InstanceUsageAuditLogNegativeTestJSON-1969174937', 'tenant_id': 'f2baa0bcb6dc4559a0a02eb111620395', 'tenant_name': 'tempest-InstanceUsageAuditLogNegativeTestJSON-1969174937', 'user_domain_id': 'default', 'user_domain_name': 'Default', 'user_id': '4530e3f10b624810afc78df61f802bce', 'system': None}, Network: None, Subnet: None, Router: None
2025-12-11 20:40:09.077 65880 INFO tempest.lib.common.dynamic_creds [-] Created isolated network resources for: credentials: Credentials: {'domain_id': 'default', 'domain_name': 'Default', 'username': 'tempest-InstanceUsageAuditLogNegativeTestJSON-1969174937-project-member', 'project_domain_id': 'default', 'project_domain_name': 'Default', 'project_id': 'f2baa0bcb6dc4559a0a02eb111620395', 'project_name': 'tempest-InstanceUsageAuditLogNegativeTestJSON-1969174937', 'tenant_id': 'f2baa0bcb6dc4559a0a02eb111620395', 'tenant_name': 'tempest-InstanceUsageAuditLogNegativeTestJSON-1969174937', 'user_domain_id': 'default', 'user_domain_name': 'Default', 'user_id': '4530e3f10b624810afc78df61f802bce', 'system': None}, Network: None, Subnet: None, Router: None
2025-12-11 20:40:09.163 65880 INFO tempest.lib.common.rest_client [req-7e7485c3-388d-4516-a1e8-e3aa047b03c9 req-7e7485c3-388d-4516-a1e8-e3aa047b03c9 ] Request (InstanceUsageAuditLogNegativeTestJSON:setUpClass): 201 POST http://10.180.1.21/identity/v3/auth/tokens 0.082s
2025-12-11 20:40:09.266 65880 INFO tempest.lib.common.rest_client [req-10bcf511-2927-44ce-a536-cc6788dbecbf req-10bcf511-2927-44ce-a536-cc6788dbecbf ] Request (InstanceUsageAuditLogNegativeTestJSON:setUpClass): 201 POST http://10.180.1.21/identity/v3/projects 0.103s
2025-12-11 20:40:09.347 65880 INFO tempest.lib.common.rest_client [req-e0738988-cc81-442a-bc85-b0446001b98a req-e0738988-cc81-442a-bc85-b0446001b98a ] Request (InstanceUsageAuditLogNegativeTestJSON:setUpClass): 201 POST http://10.180.1.21/identity/v3/users 0.080s
2025-12-11 20:40:09.376 65880 INFO tempest.lib.common.rest_client [req-7ff46a5e-e85d-4feb-a572-70ace27d84c0 req-7ff46a5e-e85d-4feb-a572-70ace27d84c0 ] Request (InstanceUsageAuditLogNegativeTestJSON:setUpClass): 200 GET http://10.180.1.21/identity/v3/roles 0.028s
2025-12-11 20:40:09.411 65904 INFO tempest.lib.common.rest_client [req-0dde2669-ab65-4e2e-bd80-12e579eb65bb req-0dde2669-ab65-4e2e-bd80-12e579eb65bb ] Request (ImagesOneServerNegativeTestJSON:setUpClass): 200 PUT http://10.180.1.21/networking/v2.0/routers/1bb29211-6871-4a8d-9080-93a8409f77db/add_router_interface 2.069s
2025-12-11 20:40:09.411 65904 INFO tempest.lib.common.dynamic_creds [-] Created isolated network resources for: credentials: Credentials: {'domain_id': 'default', 'domain_name': 'Default', 'username': 'tempest-ImagesOneServerNegativeTestJSON-1845255451-project-member', 'project_domain_id': 'default', 'project_domain_name': 'Default', 'project_id': 'a11643c6cee741b4878f6823faae8fa0', 'project_name': 'tempest-ImagesOneServerNegativeTestJSON-1845255451', 'tenant_id': 'a11643c6cee741b4878f6823faae8fa0', 'tenant_name': 'tempest-ImagesOneServerNegativeTestJSON-1845255451', 'user_domain_id': 'default', 'user_domain_name': 'Default', 'user_id': '9a064d3a557340a89d386c23d92fdc68', 'system': None}, Network: {'id': '6d36e64e-b4a7-4d9e-809c-b26e7ea12a6a', 'name': 'tempest-ImagesOneServerNegativeTestJSON-1867173940-network', 'tenant_id': 'a11643c6cee741b4878f6823faae8fa0', 'project_id': 'a11643c6cee741b4878f6823faae8fa0', 'admin_state_up': True, 'mtu': 8950, 'status': 'ACTIVE', 'subnets': [], 'shared': False, 'port_security_enabled': True, 'router:external': False, 'provider:network_type': 'vlan', 'provider:physical_network': 'default', 'provider:segmentation_id': 200, 'availability_zone_hints': [], 'availability_zones': [], 'ipv4_address_scope': None, 'ipv6_address_scope': None, 'description': '', 'tags': [], 'created_at': '2025-12-11T20:40:05Z', 'updated_at': '2025-12-11T20:40:05Z', 'revision_number': 1}, Subnet: {'id': '4e98774e-cd57-43ae-afa4-d08d6f57431e', 'name': 'tempest-ImagesOneServerNegativeTestJSON-1867173940-subnet', 'tenant_id': 'a11643c6cee741b4878f6823faae8fa0', 'network_id': '6d36e64e-b4a7-4d9e-809c-b26e7ea12a6a', 'ip_version': 4, 'subnetpool_id': None, 'enable_dhcp': True, 'ipv6_ra_mode': None, 'ipv6_address_mode': None, 'gateway_ip': '192.168.128.1', 'cidr': '192.168.128.0/28', 'allocation_pools': [{'start': '192.168.128.2', 'end': '192.168.128.14'}], 'host_routes': [], 'dns_nameservers': [], 'description': '', 'router:external': False, 'service_types': [], 'tags': [], 'created_at': '2025-12-11T20:40:05Z', 'updated_at': '2025-12-11T20:40:05Z', 'revision_number': 0, 'project_id': 'a11643c6cee741b4878f6823faae8fa0'}, Router: {'id': '1bb29211-6871-4a8d-9080-93a8409f77db', 'name': 'tempest-ImagesOneServerNegativeTestJSON-1867173940-router', 'tenant_id': 'a11643c6cee741b4878f6823faae8fa0', 'admin_state_up': True, 'status': 'ACTIVE', 'external_gateway_info': {'network_id': '4d7a6f66-baf2-4757-b8d4-e9ab019ee258', 'external_fixed_ips': [{'subnet_id': 'e003770a-972a-4ca9-90bd-6c15d218ad34', 'ip_address': '10.180.180.214'}], 'enable_snat': True}, 'description': '', 'availability_zones': [], 'distributed': False, 'ha': False, 'availability_zone_hints': [], 'routes': [], 'flavor_id': None, 'tags': [], 'created_at': '2025-12-11T20:40:06Z', 'updated_at': '2025-12-11T20:40:07Z', 'revision_number': 2, 'project_id': 'a11643c6cee741b4878f6823faae8fa0'}
2025-12-11 20:40:09.424 65880 INFO tempest.lib.common.rest_client [req-d45f06e1-562f-45d7-8736-40f0c013152e req-d45f06e1-562f-45d7-8736-40f0c013152e ] Request (InstanceUsageAuditLogNegativeTestJSON:setUpClass): 204 PUT http://10.180.1.21/identity/v3/projects/18578d0b3ad94b43b42e07c2badf813f/users/995cae76a1664bed98f37a0361963d8b/roles/8a8e8bfb7d494545b216e293034bd54b 0.047s
2025-12-11 20:40:09.481 65880 INFO tempest.lib.common.rest_client [req-1355ee41-590d-423f-a46b-5535d0949788 req-1355ee41-590d-423f-a46b-5535d0949788 ] Request (InstanceUsageAuditLogNegativeTestJSON:setUpClass): 200 GET http://10.180.1.21/identity/v3/roles 0.056s
2025-12-11 20:40:09.507 65880 INFO tempest.lib.common.rest_client [req-4916a766-f58d-4a3b-b8e8-0e7e75370c01 req-4916a766-f58d-4a3b-b8e8-0e7e75370c01 ] Request (InstanceUsageAuditLogNegativeTestJSON:setUpClass): 204 PUT http://10.180.1.21/identity/v3/projects/18578d0b3ad94b43b42e07c2badf813f/users/995cae76a1664bed98f37a0361963d8b/roles/8a8e8bfb7d494545b216e293034bd54b 0.025s
2025-12-11 20:40:09.507 65880 INFO tempest.lib.common.dynamic_creds [-] Dynamic test user 995cae76a1664bed98f37a0361963d8b is created with scope project and roles: ['admin']
2025-12-11 20:40:09.507 65880 INFO tempest.lib.common.dynamic_creds [-] Acquired dynamic creds: credentials: Credentials: {'domain_id': 'default', 'domain_name': 'Default', 'username': 'tempest-InstanceUsageAuditLogNegativeTestJSON-1124121851-project-admin', 'project_domain_id': 'default', 'project_domain_name': 'Default', 'project_id': '18578d0b3ad94b43b42e07c2badf813f', 'project_name': 'tempest-InstanceUsageAuditLogNegativeTestJSON-1124121851', 'tenant_id': '18578d0b3ad94b43b42e07c2badf813f', 'tenant_name': 'tempest-InstanceUsageAuditLogNegativeTestJSON-1124121851', 'user_domain_id': 'default', 'user_domain_name': 'Default', 'user_id': '995cae76a1664bed98f37a0361963d8b', 'system': None}, Network: None, Subnet: None, Router: None
2025-12-11 20:40:09.507 65880 INFO tempest.lib.common.dynamic_creds [-] Created isolated network resources for: credentials: Credentials: {'domain_id': 'default', 'domain_name': 'Default', 'username': 'tempest-InstanceUsageAuditLogNegativeTestJSON-1124121851-project-admin', 'project_domain_id': 'default', 'project_domain_name': 'Default', 'project_id': '18578d0b3ad94b43b42e07c2badf813f', 'project_name': 'tempest-InstanceUsageAuditLogNegativeTestJSON-1124121851', 'tenant_id': '18578d0b3ad94b43b42e07c2badf813f', 'tenant_name': 'tempest-InstanceUsageAuditLogNegativeTestJSON-1124121851', 'user_domain_id': 'default', 'user_domain_name': 'Default', 'user_id': '995cae76a1664bed98f37a0361963d8b', 'system': None}, Network: None, Subnet: None, Router: None
2025-12-11 20:40:09.515 65904 INFO tempest.lib.common.rest_client [req-728f85ac-895c-423a-997d-56e58049ac28 req-728f85ac-895c-423a-997d-56e58049ac28 ] Request (ImagesOneServerNegativeTestJSON:setUpClass): 201 POST http://10.180.1.21/identity/v3/auth/tokens 0.100s
2025-12-11 20:40:09.601 65904 INFO tempest.lib.common.rest_client [req-d01ef9b6-b726-4f8d-8ea7-1b4e158837f9 req-d01ef9b6-b726-4f8d-8ea7-1b4e158837f9 ] Request (ImagesOneServerNegativeTestJSON:setUpClass): 201 POST http://10.180.1.21/identity/v3/auth/tokens 0.082s
2025-12-11 20:40:09.601 65904 INFO tempest.lib.common.fixed_network [-] (ImagesOneServerNegativeTestJSON:setUpClass) Found network {'id': '6d36e64e-b4a7-4d9e-809c-b26e7ea12a6a', 'name': 'tempest-ImagesOneServerNegativeTestJSON-1867173940-network', 'tenant_id': 'a11643c6cee741b4878f6823faae8fa0', 'project_id': 'a11643c6cee741b4878f6823faae8fa0', 'admin_state_up': True, 'mtu': 8950, 'status': 'ACTIVE', 'subnets': [], 'shared': False, 'port_security_enabled': True, 'router:external': False, 'provider:network_type': 'vlan', 'provider:physical_network': 'default', 'provider:segmentation_id': 200, 'availability_zone_hints': [], 'availability_zones': [], 'ipv4_address_scope': None, 'ipv6_address_scope': None, 'description': '', 'tags': [], 'created_at': '2025-12-11T20:40:05Z', 'updated_at': '2025-12-11T20:40:05Z', 'revision_number': 1} available for tenant
2025-12-11 20:40:09.604 65880 INFO tempest.lib.common.rest_client [req-84419a49-6998-46ad-b6f7-6482ad6ee096 req-84419a49-6998-46ad-b6f7-6482ad6ee096 ] Request (InstanceUsageAuditLogNegativeTestJSON:setUpClass): 201 POST http://10.180.1.21/identity/v3/auth/tokens 0.091s
2025-12-11 20:40:09.937 65920 INFO tempest.lib.common.rest_client [req-f3b541e8-1a73-4eb9-938f-8ceb2adcb6ac req-f3b541e8-1a73-4eb9-938f-8ceb2adcb6ac ] Request (AttachVolumeTestJSON:setUpClass): 200 PUT http://10.180.1.21/networking/v2.0/routers/afa0ff74-558d-4077-9ee2-356a6a67a1c4/add_router_interface 1.648s
