2025-12-11 20:41:44.601 65874 INFO tempest.lib.common.dynamic_creds [-] Dynamic test user 96d1fd81a4924dff8bb8b230abd6ccc5 is created with scope project and roles: ['member']
2025-12-11 20:41:44.602 65874 INFO tempest.lib.common.dynamic_creds [-] Acquired dynamic creds: credentials: Credentials: {'domain_id': 'default', 'domain_name': 'Default', 'username': 'tempest-HypervisorAdminUnderV252Test-1661043700-project-member', 'project_domain_id': 'default', 'project_domain_name': 'Default', 'project_id': 'a24fc382f3f64110b9c8ce7afbc73266', 'project_name': 'tempest-HypervisorAdminUnderV252Test-1661043700', 'tenant_id': 'a24fc382f3f64110b9c8ce7afbc73266', 'tenant_name': 'tempest-HypervisorAdminUnderV252Test-1661043700', 'user_domain_id': 'default', 'user_domain_name': 'Default', 'user_id': '96d1fd81a4924dff8bb8b230abd6ccc5', 'system': None}, Network: None, Subnet: None, Router: None
2025-12-11 20:41:44.602 65874 INFO tempest.lib.common.dynamic_creds [-] Created isolated network resources for: credentials: Credentials: {'domain_id': 'default', 'domain_name': 'Default', 'username': 'tempest-HypervisorAdminUnderV252Test-1661043700-project-member', 'project_domain_id': 'default', 'project_domain_name': 'Default', 'project_id': 'a24fc382f3f64110b9c8ce7afbc73266', 'project_name': 'tempest-HypervisorAdminUnderV252Test-1661043700', 'tenant_id': 'a24fc382f3f64110b9c8ce7afbc73266', 'tenant_name': 'tempest-HypervisorAdminUnderV252Test-1661043700', 'user_domain_id': 'default', 'user_domain_name': 'Default', 'user_id': '96d1fd81a4924dff8bb8b230abd6ccc5', 'system': None}, Network: None, Subnet: None, Router: None
2025-12-11 20:41:44.650 65888 INFO tempest.lib.common.rest_client [req-785968b8-d126-4289-a17f-00f2ad6980ce req-785968b8-d126-4289-a17f-00f2ad6980ce ] Request (ServersWithSpecificFlavorTestJSON:test_verify_created_server_ephemeral_disk): 200 GET http://10.180.1.21/compute/v2.1/servers/b9e7d729-cdf7-4014-ad8e-013a3b34f4c4 3.424s
2025-12-11 20:41:44.682 65874 INFO tempest.lib.common.rest_client [req-0aab1b95-48da-46e0-a8ce-1f62a3fc83a0 req-0aab1b95-48da-46e0-a8ce-1f62a3fc83a0 ] Request (HypervisorAdminUnderV252Test:setUpClass): 201 POST http://10.180.1.21/identity/v3/auth/tokens 0.075s
2025-12-11 20:41:44.682 65904 INFO tempest.lib.common.rest_client [req-16842576-b9c4-4d1d-b007-c03a4d2511ad req-16842576-b9c4-4d1d-b007-c03a4d2511ad ] Request (ImagesOneServerNegativeTestJSON:tearDown): 200 GET http://10.180.1.21/compute/v2.1/servers/a43d8718-ba57-43d8-b715-a7ac7896605c 3.518s
2025-12-11 20:41:44.690 65904 INFO tempest.common.waiters [-] State transition "ACTIVE/image_uploading" ==> "ACTIVE/None" after 12 second wait
2025-12-11 20:41:44.753 65906 INFO tempest.lib.common.rest_client [req-d1d77952-464c-4b83-a829-e5d91ffd7943 req-d1d77952-464c-4b83-a829-e5d91ffd7943 ] Request (FloatingIPsAssociationTestJSON:tearDownClass): 200 GET http://10.180.1.21/compute/v2.1/servers/68ad8327-7f2b-450b-a272-c09cd628b0e2 2.925s
2025-12-11 20:41:44.758 65874 INFO tempest.lib.common.rest_client [req-4acd9e71-3dd2-4b53-9a1e-f530864f405e req-4acd9e71-3dd2-4b53-9a1e-f530864f405e ] Request (HypervisorAdminUnderV252Test:setUpClass): 201 POST http://10.180.1.21/identity/v3/projects 0.075s
2025-12-11 20:41:44.841 65924 INFO tempest.lib.common.rest_client [req-1abb7817-caea-43c4-bb9a-2f357342b396 req-1abb7817-caea-43c4-bb9a-2f357342b396 ] Request (ServersNegativeTestJSON:setUpClass): 200 GET http://10.180.1.21/compute/v2.1/servers/6ed787df-8647-4575-bab9-02d041ae156b 2.621s
2025-12-11 20:41:44.851 65874 INFO tempest.lib.common.rest_client [req-0ae51331-93f0-4abd-9ff1-2b8bdab58e5a req-0ae51331-93f0-4abd-9ff1-2b8bdab58e5a ] Request (HypervisorAdminUnderV252Test:setUpClass): 201 POST http://10.180.1.21/identity/v3/users 0.092s
2025-12-11 20:41:44.871 65894 INFO tempest.lib.common.rest_client [req-ce035740-09fc-4c06-b057-ed89d3d0ee0e req-ce035740-09fc-4c06-b057-ed89d3d0ee0e ] Request (MigrationsAdminTest:test_resize_server_revert_deleted_flavor): 200 GET http://10.180.1.21/compute/v2.1/servers/f415b6a6-ba98-460c-a1c9-9e5b7a3afe75 3.064s
2025-12-11 20:41:44.878 65894 INFO tempest.common.waiters [-] State transition "BUILD/spawning" ==> "ACTIVE/None" after 34 second wait
2025-12-11 20:41:44.879 65874 INFO tempest.lib.common.rest_client [req-c4e5afea-6493-4f4b-8aea-9b744d38e835 req-c4e5afea-6493-4f4b-8aea-9b744d38e835 ] Request (HypervisorAdminUnderV252Test:setUpClass): 200 GET http://10.180.1.21/identity/v3/roles 0.027s
2025-12-11 20:41:44.919 65874 INFO tempest.lib.common.rest_client [req-0eca27d5-b367-4ed5-b5f5-a9e2b0c3adae req-0eca27d5-b367-4ed5-b5f5-a9e2b0c3adae ] Request (HypervisorAdminUnderV252Test:setUpClass): 204 PUT http://10.180.1.21/identity/v3/projects/8666980945914ffcba3c55a96a87cac7/users/3f5ea564719a4aa18bab975fce40176e/roles/8a8e8bfb7d494545b216e293034bd54b 0.039s
2025-12-11 20:41:44.943 65896 INFO tempest.lib.common.rest_client [req-4a84dc8e-4f0d-4572-89cc-159557f1c0ec req-4a84dc8e-4f0d-4572-89cc-159557f1c0ec ] Request (ListServerFiltersTestJSON:setUpClass): 200 GET http://10.180.1.21/compute/v2.1/servers/eca93abe-0db4-417e-8930-774a2645b6eb 2.169s
2025-12-11 20:41:44.959 65892 INFO tempest.lib.common.rest_client [req-2d2ca0ac-4b03-4ae1-b342-22a1ddc4b586 req-2d2ca0ac-4b03-4ae1-b342-22a1ddc4b586 ] Request (ServerMetadataTestJSON:tearDownClass): 200 GET http://10.180.1.21/compute/v2.1/servers/374f58e1-d303-43d1-8da2-c48a850f148c 2.715s
2025-12-11 20:41:44.993 65874 INFO tempest.lib.common.rest_client [req-7094ab72-9680-4827-9f96-16d4382e6902 req-7094ab72-9680-4827-9f96-16d4382e6902 ] Request (HypervisorAdminUnderV252Test:setUpClass): 200 GET http://10.180.1.21/identity/v3/roles 0.073s
2025-12-11 20:41:45.015 65874 INFO tempest.lib.common.rest_client [req-39bbf64c-6103-4540-9a6c-4257379dc1e5 req-39bbf64c-6103-4540-9a6c-4257379dc1e5 ] Request (HypervisorAdminUnderV252Test:setUpClass): 204 PUT http://10.180.1.21/identity/v3/projects/8666980945914ffcba3c55a96a87cac7/users/3f5ea564719a4aa18bab975fce40176e/roles/8a8e8bfb7d494545b216e293034bd54b 0.022s
2025-12-11 20:41:45.016 65874 INFO tempest.lib.common.dynamic_creds [-] Dynamic test user 3f5ea564719a4aa18bab975fce40176e is created with scope project and roles: ['admin']
2025-12-11 20:41:45.016 65874 INFO tempest.lib.common.dynamic_creds [-] Acquired dynamic creds: credentials: Credentials: {'domain_id': 'default', 'domain_name': 'Default', 'username': 'tempest-HypervisorAdminUnderV252Test-1926015737-project-admin', 'project_domain_id': 'default', 'project_domain_name': 'Default', 'project_id': '8666980945914ffcba3c55a96a87cac7', 'project_name': 'tempest-HypervisorAdminUnderV252Test-1926015737', 'tenant_id': '8666980945914ffcba3c55a96a87cac7', 'tenant_name': 'tempest-HypervisorAdminUnderV252Test-1926015737', 'user_domain_id': 'default', 'user_domain_name': 'Default', 'user_id': '3f5ea564719a4aa18bab975fce40176e', 'system': None}, Network: None, Subnet: None, Router: None
2025-12-11 20:41:45.016 65874 INFO tempest.lib.common.dynamic_creds [-] Created isolated network resources for: credentials: Credentials: {'domain_id': 'default', 'domain_name': 'Default', 'username': 'tempest-HypervisorAdminUnderV252Test-1926015737-project-admin', 'project_domain_id': 'default', 'project_domain_name': 'Default', 'project_id': '8666980945914ffcba3c55a96a87cac7', 'project_name': 'tempest-HypervisorAdminUnderV252Test-1926015737', 'tenant_id': '8666980945914ffcba3c55a96a87cac7', 'tenant_name': 'tempest-HypervisorAdminUnderV252Test-1926015737', 'user_domain_id': 'default', 'user_domain_name': 'Default', 'user_id': '3f5ea564719a4aa18bab975fce40176e', 'system': None}, Network: None, Subnet: None, Router: None
2025-12-11 20:41:45.126 65874 INFO tempest.lib.common.rest_client [req-2c540f04-324f-4e8b-8edf-e95b7798e6a2 req-2c540f04-324f-4e8b-8edf-e95b7798e6a2 ] Request (HypervisorAdminUnderV252Test:setUpClass): 201 POST http://10.180.1.21/identity/v3/auth/tokens 0.107s
2025-12-11 20:41:45.141 65890 INFO tempest.lib.common.rest_client [req-8f8046b6-536c-4a31-96a8-67244ec7aaf8 req-8f8046b6-536c-4a31-96a8-67244ec7aaf8 ] Request (AttachInterfacesUnderV243Test:_run_cleanups): 200 GET http://10.180.1.21/compute/v2.1/servers/39cc1fd3-7301-4e7f-93d6-904009cb53dc 2.202s
2025-12-11 20:41:45.170 65930 INFO tempest.lib.common.rest_client [req-e2ba866a-92ec-472a-943d-d9fb224ae5d5 req-e2ba866a-92ec-472a-943d-d9fb224ae5d5 ] Request (ServerRescueTestJSONUnderV235:setUpClass): 200 GET http://10.180.1.21/compute/v2.1/servers/6389b796-01b8-429b-8d24-bc8a4d89890f 1.157s
2025-12-11 20:41:45.229 65918 WARNING tempest.lib.common.ssh [-] Failed to establish authenticated ssh connection to cirros@10.180.180.190 ([Errno None] Unable to connect to port 22 on 10.180.180.190). Number attempts: 2. Retry after 3 seconds.: paramiko.ssh_exception.NoValidConnectionsError: [Errno None] Unable to connect to port 22 on 10.180.180.190
2025-12-11 20:41:45.304 65876 INFO tempest.lib.common.rest_client [req-bb5d7cc9-5ff4-4ff3-a9e8-bd117b305d04 req-bb5d7cc9-5ff4-4ff3-a9e8-bd117b305d04 ] Request (ServerActionsV293TestJSON:setUpClass): 201 POST http://10.180.1.21/compute/v2.1/os-keypairs 1.162s
2025-12-11 20:41:45.332 65880 INFO tempest.lib.common.rest_client [req-cd0aec3e-e57f-4087-a593-8f0253974a9c req-cd0aec3e-e57f-4087-a593-8f0253974a9c ] Request (ServerDiskConfigTestJSON:test_rebuild_server_with_auto_disk_config): 200 GET http://10.180.1.21/compute/v2.1/servers/d69acd68-004f-48c5-ae99-945d8a9cd432 1.142s
2025-12-11 20:41:45.392 65900 INFO tempest.lib.common.rest_client [req-8ea3c7da-3e4f-4165-b1eb-bd399bc5e0ae req-8ea3c7da-3e4f-4165-b1eb-bd399bc5e0ae ] Request (FlavorsV2NegativeTest:test_boot_with_low_ram): 200 GET http://10.180.1.21/compute/v2.1/flavors/42 1.196s
2025-12-11 20:41:45.475 65876 INFO tempest.lib.common.rest_client [req-c28542a1-65e7-4156-ba51-9c5d235fe33d req-c28542a1-65e7-4156-ba51-9c5d235fe33d ] Request (ServerActionsV293TestJSON:setUpClass): 201 POST http://10.180.1.21/networking/v2.0/security-groups 0.169s
2025-12-11 20:41:45.480 65904 INFO tempest.lib.common.rest_client [req-84ef307f-2415-49e8-9236-378fa81351b0 req-84ef307f-2415-49e8-9236-378fa81351b0 ] Request (ImagesOneServerNegativeTestJSON:_run_cleanups): 204 DELETE http://10.180.1.21/compute/v2.1/servers/a43d8718-ba57-43d8-b715-a7ac7896605c 0.789s
2025-12-11 20:41:45.533 65908 INFO tempest.lib.common.rest_client [req-993b208b-ac2c-493b-909e-64632a283a37 req-993b208b-ac2c-493b-909e-64632a283a37 ] Request (ServersTestMultiNic:_run_cleanups): 200 GET http://10.180.1.21/compute/v2.1/servers/c018e6dd-f0ff-4d38-b503-58e24e30b3f8 1.130s
2025-12-11 20:41:45.650 65876 INFO tempest.lib.common.rest_client [req-86dd0e7a-9b31-4a2a-aaeb-d344ca4eaf9f req-86dd0e7a-9b31-4a2a-aaeb-d344ca4eaf9f ] Request (ServerActionsV293TestJSON:setUpClass): 201 POST http://10.180.1.21/networking/v2.0/security-group-rules 0.174s
2025-12-11 20:41:45.730 65910 INFO tempest.lib.common.rest_client [req-40f83281-294e-4fac-b50a-8882f6ea054c req-40f83281-294e-4fac-b50a-8882f6ea054c ] Request (DeleteServersTestJSON:test_delete_active_server): 200 GET http://10.180.1.21/compute/v2.1/servers/99e581db-b34b-42d8-91b7-263ab29f38ac 0.758s
2025-12-11 20:41:45.842 65876 INFO tempest.lib.common.rest_client [req-6630980c-ce03-4a83-afcc-cbbf3a52c423 req-6630980c-ce03-4a83-afcc-cbbf3a52c423 ] Request (ServerActionsV293TestJSON:setUpClass): 201 POST http://10.180.1.21/networking/v2.0/security-group-rules 0.192s
2025-12-11 20:41:45.845 65900 INFO tempest.lib.common.rest_client [req-b3e3a46e-c5da-4323-8c0d-de0849710a66 req-b3e3a46e-c5da-4323-8c0d-de0849710a66 ] Request (FlavorsV2NegativeTest:test_boot_with_low_ram): 201 POST http://10.180.1.21/image/v2/images 0.446s
2025-12-11 20:41:45.919 65894 INFO tempest.lib.common.rest_client [req-d086b784-d18d-4d82-8c51-2451d4ec3d71 req-d086b784-d18d-4d82-8c51-2451d4ec3d71 ] Request (MigrationsAdminTest:test_resize_server_revert_deleted_flavor): 200 GET http://10.180.1.21/compute/v2.1/servers/f415b6a6-ba98-460c-a1c9-9e5b7a3afe75 1.040s
2025-12-11 20:41:46.076 65916 INFO tempest.lib.common.rest_client [req-5c7ef0c3-4907-48b0-af54-919da680bad8 req-5c7ef0c3-4907-48b0-af54-919da680bad8 ] Request (ListServersNegativeTestJSON:tearDownClass): 200 GET http://10.180.1.21/compute/v2.1/servers/7e105572-ab94-44d8-b481-af0146b21daf 0.996s
2025-12-11 20:41:46.150 65874 INFO tempest.lib.common.rest_client [req-e785e62c-418d-4850-91c6-53cdba8eb717 req-e785e62c-418d-4850-91c6-53cdba8eb717 ] Request (HypervisorAdminUnderV252Test:test_get_hypervisor_show_servers): 200 GET http://10.180.1.21/compute/v2.1/os-hypervisors 1.022s
2025-12-11 20:41:46.191 65934 WARNING tempest.lib.common.ssh [-] Failed to establish authenticated ssh connection to cirros@10.180.180.254 ([Errno None] Unable to connect to port 22 on 10.180.180.254). Number attempts: 1. Retry after 2 seconds.: paramiko.ssh_exception.NoValidConnectionsError: [Errno None] Unable to connect to port 22 on 10.180.180.254
2025-12-11 20:41:46.243 65878 INFO tempest.lib.common.rest_client [req-3336a2c0-f85b-43be-bf06-3dd4c722f828 req-3336a2c0-f85b-43be-bf06-3dd4c722f828 ] Request (InstanceActionsNegativeTestJSON:tearDownClass): 200 GET http://10.180.1.21/compute/v2.1/servers/78ae6769-806d-4237-a37a-260ffa377ffd 1.038s
2025-12-11 20:41:46.269 65882 INFO tempest.lib.common.rest_client [req-c0265cd3-2ad7-4f7a-ab08-f1763104a568 req-c0265cd3-2ad7-4f7a-ab08-f1763104a568 ] Request (ImagesOneServerTestJSON:tearDownClass): 404 GET http://10.180.1.21/compute/v2.1/servers/4077549b-fa9c-4eea-af80-9c566e337f35 1.049s
2025-12-11 20:41:46.506 65876 INFO tempest.lib.common.rest_client [req-24e1ec26-b92d-4e6c-8815-76c75940512e req-24e1ec26-b92d-4e6c-8815-76c75940512e ] Request (ServerActionsV293TestJSON:setUpClass): 201 POST http://10.180.1.21/networking/v2.0/floatingips 0.663s
2025-12-11 20:41:46.535 65902 INFO tempest.lib.common.rest_client [req-9eb40703-df1b-4929-ad2a-5c7744473e64 req-9eb40703-df1b-4929-ad2a-5c7744473e64 ] Request (ServersAdminNegativeTestJSON:tearDownClass): 200 GET http://10.180.1.21/compute/v2.1/servers/3e9ba28b-0b8f-46c4-b8e5-a75ddeb2017e 1.155s
2025-12-11 20:41:46.547 65876 INFO tempest.lib.common.rest_client [req-53b8cc43-7b38-465b-8f81-b26e2d13668b req-53b8cc43-7b38-465b-8f81-b26e2d13668b ] Request (ServerActionsV293TestJSON:setUpClass): 201 POST http://10.180.1.21/identity/v3/auth/tokens 0.037s
2025-12-11 20:41:46.548 65876 INFO tempest.lib.common.fixed_network [-] (ServerActionsV293TestJSON:setUpClass) Found network {'id': 'a835c426-649c-444b-ba3f-a004b91117e5', 'name': 'tempest-ServerActionsV293TestJSON-1454712626-network', 'tenant_id': '731741fa673b4ded9a9df86a91fbc647', 'project_id': '731741fa673b4ded9a9df86a91fbc647', 'admin_state_up': True, 'mtu': 8950, 'status': 'ACTIVE', 'subnets': [], 'shared': False, 'port_security_enabled': True, 'router:external': False, 'provider:network_type': 'vlan', 'provider:physical_network': 'default', 'provider:segmentation_id': 936, 'availability_zone_hints': [], 'availability_zones': [], 'ipv4_address_scope': None, 'ipv6_address_scope': None, 'description': '', 'tags': [], 'created_at': '2025-12-11T20:41:41Z', 'updated_at': '2025-12-11T20:41:41Z', 'revision_number': 1} available for tenant
2025-12-11 20:41:46.689 65928 INFO tempest.lib.common.rest_client [req-30922226-51ed-46cd-8527-69abcd68dffb req-30922226-51ed-46cd-8527-69abcd68dffb ] Request (ServersAdminTestJSON:setUpClass): 200 GET http://10.180.1.21/compute/v2.1/servers/54f66801-279a-4ed5-befc-1c1cac6d2742 1.272s
2025-12-11 20:41:46.725 65900 INFO tempest.lib.common.rest_client [req-1442a014-4591-45b6-9011-626173b075b5 req-1442a014-4591-45b6-9011-626173b075b5 ] Request (FlavorsV2NegativeTest:test_boot_with_low_ram): 204 PUT http://10.180.1.21/image/v2/images/434565fd-3c7a-4948-b984-ec8538970951/file 0.880s
2025-12-11 20:41:46.740 65872 INFO tempest.lib.common.rest_client [req-142f12c2-069e-4d49-b074-56560c8cd51a req-142f12c2-069e-4d49-b074-56560c8cd51a ] Request (ListImageFiltersTestJSON:setUpClass): 200 GET http://10.180.1.21/compute/v2.1/images/4726a3f2-9d81-475e-8047-a76b9de806df 1.723s
2025-12-11 20:41:46.762 65900 INFO tempest.lib.common.rest_client [req-b572301d-23a3-4dc7-9680-db4583d95a4a req-b572301d-23a3-4dc7-9680-db4583d95a4a ] Request (FlavorsV2NegativeTest:test_boot_with_low_ram): 201 POST http://10.180.1.21/identity/v3/auth/tokens 0.031s
2025-12-11 20:41:46.762 65900 INFO tempest.lib.common.fixed_network [-] (FlavorsV2NegativeTest:test_boot_with_low_ram) Found network None available for tenant
2025-12-11 20:41:46.763 65915 INFO tempest.lib.common.rest_client [req-1a52317a-c5c9-4afe-af99-74c19b6802d8 req-1a52317a-c5c9-4afe-af99-74c19b6802d8 ] Request (ServerGroupTestJSON:_run_cleanups): 200 GET http://10.180.1.21/compute/v2.1/servers/397f6c23-ea22-4a99-9b8f-8ae75f467a9c 1.293s
2025-12-11 20:41:46.869 65886 INFO tempest.lib.common.rest_client [req-0eb075e3-506e-44ed-bcb4-cddf71d14da6 req-0eb075e3-506e-44ed-bcb4-cddf71d14da6 ] Request (VolumesAdminNegativeTest:tearDownClass): 200 GET http://10.180.1.21/compute/v2.1/servers/2e3bd660-ba1c-4cf2-9080-afe573302e99 1.338s
2025-12-11 20:41:46.900 65904 INFO tempest.lib.common.rest_client [req-276c016d-e682-4fc4-a7b3-d521b95c9809 req-276c016d-e682-4fc4-a7b3-d521b95c9809 ] Request (ImagesOneServerNegativeTestJSON:_run_cleanups): 200 GET http://10.180.1.21/compute/v2.1/servers/a43d8718-ba57-43d8-b715-a7ac7896605c 1.420s
2025-12-11 20:41:46.941 65898 INFO tempest.lib.common.rest_client [req-07f780c6-bd5a-43d9-ace2-797af447557d req-07f780c6-bd5a-43d9-ace2-797af447557d ] Request (ServerDiagnosticsTest:test_get_server_diagnostics): 200 GET http://10.180.1.21/compute/v2.1/servers/c6e2c843-b31d-494e-9a1d-cf79e697c114 1.379s
2025-12-11 20:41:47.001 65888 INFO tempest.lib.common.rest_client [req-885f59bd-e4aa-4bd5-9767-75a345fa960f req-885f59bd-e4aa-4bd5-9767-75a345fa960f ] Request (ServersWithSpecificFlavorTestJSON:test_verify_created_server_ephemeral_disk): 200 GET http://10.180.1.21/compute/v2.1/servers/b9e7d729-cdf7-4014-ad8e-013a3b34f4c4 1.342s
2025-12-11 20:41:47.089 65906 INFO tempest.lib.common.rest_client [req-3aeee0f8-b956-4e95-aa65-3ee0ccb5d791 req-3aeee0f8-b956-4e95-aa65-3ee0ccb5d791 ] Request (FloatingIPsAssociationTestJSON:tearDownClass): 200 GET http://10.180.1.21/compute/v2.1/servers/68ad8327-7f2b-450b-a272-c09cd628b0e2 1.325s
2025-12-11 20:41:47.097 65924 INFO tempest.lib.common.rest_client [req-ab2b9b4a-b563-435c-9cb8-626de4e964ac req-ab2b9b4a-b563-435c-9cb8-626de4e964ac ] Request (ServersNegativeTestJSON:setUpClass): 200 GET http://10.180.1.21/compute/v2.1/servers/6ed787df-8647-4575-bab9-02d041ae156b 1.245s
2025-12-11 20:41:47.097 65876 INFO tempest.lib.common.rest_client [req-04c3caf6-fc4b-461d-8f10-64004f2bf829 req-04c3caf6-fc4b-461d-8f10-64004f2bf829 ] Request (ServerActionsV293TestJSON:setUpClass): 202 POST http://10.180.1.21/volume/v3/volumes 0.548s
2025-12-11 20:41:47.113 65894 INFO tempest.lib.common.rest_client [req-a8db73c4-5cc7-4451-aa27-bd153580c76f req-a8db73c4-5cc7-4451-aa27-bd153580c76f ] Request (MigrationsAdminTest:test_resize_server_revert_deleted_flavor): 202 DELETE http://10.180.1.21/compute/v2.1/flavors/1573832a-1796-40b5-8472-767ea580e148 1.183s
2025-12-11 20:41:47.125 65882 INFO tempest.lib.common.rest_client [req-d37bea3d-fe0d-440e-a31f-5c2b48e1c788 req-d37bea3d-fe0d-440e-a31f-5c2b48e1c788 ] Request (ImagesOneServerTestJSON:tearDownClass): 200 PUT http://10.180.1.21/networking/v2.0/routers/b5bcc4d3-2a54-45fe-adfb-c16b60101bb6/remove_router_interface 0.854s
2025-12-11 20:41:47.144 65876 INFO tempest.lib.common.rest_client [req-4b9029a4-7dc6-449e-98cf-b09e01402e47 req-4b9029a4-7dc6-449e-98cf-b09e01402e47 ] Request (ServerActionsV293TestJSON:setUpClass): 200 GET http://10.180.1.21/volume/v3/volumes/f870120e-8277-44cc-83d2-74b064ffef69 0.034s
2025-12-11 20:41:47.188 65896 INFO tempest.lib.common.rest_client [req-f7e686a3-26eb-4b04-909d-3a5642024da6 req-f7e686a3-26eb-4b04-909d-3a5642024da6 ] Request (ListServerFiltersTestJSON:setUpClass): 200 GET http://10.180.1.21/compute/v2.1/servers/eca93abe-0db4-417e-8930-774a2645b6eb 1.228s
2025-12-11 20:41:47.196 65896 INFO tempest.common.waiters [-] State transition "BUILD/scheduling" ==> "BUILD/None" after 10 second wait
2025-12-11 20:41:47.284 65874 INFO tempest.lib.common.rest_client [req-3f566fe0-08ea-4ed4-95bc-0474a002e486 req-3f566fe0-08ea-4ed4-95bc-0474a002e486 ] Request (HypervisorAdminUnderV252Test:test_get_hypervisor_show_servers): 200 GET http://10.180.1.21/compute/v2.1/os-hypervisors/domain-c8.fc996f14-c53b-4953-92e3-bdfa48f5cc28/servers 1.132s
2025-12-11 20:41:47.293 65892 INFO tempest.lib.common.rest_client [req-ada594c7-8d09-404b-920f-07f9a294074b req-ada594c7-8d09-404b-920f-07f9a294074b ] Request (ServerMetadataTestJSON:tearDownClass): 200 GET http://10.180.1.21/compute/v2.1/servers/374f58e1-d303-43d1-8da2-c48a850f148c 1.325s
2025-12-11 20:41:47.445 65890 INFO tempest.lib.common.rest_client [req-2a39e754-7ed8-4c05-b837-680dd06e3c81 req-2a39e754-7ed8-4c05-b837-680dd06e3c81 ] Request (AttachInterfacesUnderV243Test:_run_cleanups): 200 GET http://10.180.1.21/compute/v2.1/servers/39cc1fd3-7301-4e7f-93d6-904009cb53dc 1.291s
2025-12-11 20:41:47.503 65930 INFO tempest.lib.common.rest_client [req-d44fb4ce-e069-428d-b5ff-7218300e6029 req-d44fb4ce-e069-428d-b5ff-7218300e6029 ] Request (ServerRescueTestJSONUnderV235:setUpClass): 200 GET http://10.180.1.21/compute/v2.1/servers/6389b796-01b8-429b-8d24-bc8a4d89890f 1.321s
2025-12-11 20:41:47.531 65908 INFO tempest.lib.common.rest_client [req-d2e91e63-0957-46d1-ae10-554067e1f9f2 req-d2e91e63-0957-46d1-ae10-554067e1f9f2 ] Request (ServersTestMultiNic:_run_cleanups): 404 GET http://10.180.1.21/compute/v2.1/servers/c018e6dd-f0ff-4d38-b503-58e24e30b3f8 0.987s
2025-12-11 20:41:47.661 65882 INFO tempest.lib.common.rest_client [req-f4522ab5-8b70-4f1c-ad5d-5e458131418c req-f4522ab5-8b70-4f1c-ad5d-5e458131418c ] Request (ImagesOneServerTestJSON:tearDownClass): 204 DELETE http://10.180.1.21/networking/v2.0/routers/b5bcc4d3-2a54-45fe-adfb-c16b60101bb6 0.535s
2025-12-11 20:41:47.732 65908 INFO tempest.lib.common.rest_client [req-9f871cfd-993e-4970-bbc4-ffd616fbfb55 req-9f871cfd-993e-4970-bbc4-ffd616fbfb55 ] Request (ServersTestMultiNic:_run_cleanups): 204 DELETE http://10.180.1.21/networking/v2.0/subnets/c6f3777d-b07e-460e-ae8b-92cef0335965 0.201s
2025-12-11 20:41:47.741 65880 INFO tempest.lib.common.rest_client [req-186c1892-9d10-41e7-ad61-e627b8ae1dea req-186c1892-9d10-41e7-ad61-e627b8ae1dea ] Request (ServerDiskConfigTestJSON:test_rebuild_server_with_auto_disk_config): 200 GET http://10.180.1.21/compute/v2.1/servers/d69acd68-004f-48c5-ae99-945d8a9cd432 1.401s
2025-12-11 20:41:47.761 65910 INFO tempest.lib.common.rest_client [req-c33cc3ba-56ad-4a8e-bd14-e9efe7cccca9 req-c33cc3ba-56ad-4a8e-bd14-e9efe7cccca9 ] Request (DeleteServersTestJSON:test_delete_active_server): 200 GET http://10.180.1.21/compute/v2.1/servers/99e581db-b34b-42d8-91b7-263ab29f38ac 1.021s
2025-12-11 20:41:47.870 65882 INFO tempest.lib.common.rest_client [req-69fefe04-502c-4af0-a774-da939af7e7bf req-69fefe04-502c-4af0-a774-da939af7e7bf ] Request (ImagesOneServerTestJSON:tearDownClass): 204 DELETE http://10.180.1.21/networking/v2.0/subnets/18002c12-a46b-4fcd-bf05-3429b4c8d82e 0.208s
2025-12-11 20:41:48.094 65908 INFO tempest.lib.common.rest_client [req-506e580b-1bc7-4acd-9efc-d024feaa5e35 req-506e580b-1bc7-4acd-9efc-d024feaa5e35 ] Request (ServersTestMultiNic:_run_cleanups): 204 DELETE http://10.180.1.21/networking/v2.0/networks/9dcc063c-a210-4073-b360-4aed714e00ee 0.360s
2025-12-11 20:41:48.139 65916 INFO tempest.lib.common.rest_client [req-ebf18b9d-7e2a-4228-baa7-db004b19a33d req-ebf18b9d-7e2a-4228-baa7-db004b19a33d ] Request (ListServersNegativeTestJSON:tearDownClass): 200 GET http://10.180.1.21/compute/v2.1/servers/7e105572-ab94-44d8-b481-af0146b21daf 1.052s
2025-12-11 20:41:48.172 65894 INFO tempest.lib.common.rest_client [req-b41f0621-b8fe-443f-b9e6-f040554dea49 req-b41f0621-b8fe-443f-b9e6-f040554dea49 ] Request (MigrationsAdminTest:test_resize_server_revert_deleted_flavor): 200 GET http://10.180.1.21/compute/v2.1/flavors/detail 1.057s
2025-12-11 20:41:48.195 65876 INFO tempest.lib.common.rest_client [req-be0914f3-c507-4860-a5b7-fb948c06f978 req-be0914f3-c507-4860-a5b7-fb948c06f978 ] Request (ServerActionsV293TestJSON:setUpClass): 200 GET http://10.180.1.21/volume/v3/volumes/f870120e-8277-44cc-83d2-74b064ffef69 0.042s
2025-12-11 20:41:48.343 65908 INFO tempest.lib.common.rest_client [req-366bde0d-af89-4cb8-ad6e-87fd8c21aa75 req-366bde0d-af89-4cb8-ad6e-87fd8c21aa75 ] Request (ServersTestMultiNic:_run_cleanups): 204 DELETE http://10.180.1.21/networking/v2.0/subnets/37a88b44-4387-4193-839f-ccb5d1d9fb2c 0.249s
2025-12-11 20:41:48.410 65882 INFO tempest.lib.common.rest_client [req-47a8cb23-d958-4b5d-b79c-09b9a49534df req-47a8cb23-d958-4b5d-b79c-09b9a49534df ] Request (ImagesOneServerTestJSON:tearDownClass): 204 DELETE http://10.180.1.21/networking/v2.0/networks/df9d1797-fde1-4d52-ab20-cecb05292cca 0.540s
2025-12-11 20:41:48.434 65878 INFO tempest.lib.common.rest_client [req-1f135876-9cc7-4817-9467-59c3f0f1a210 req-1f135876-9cc7-4817-9467-59c3f0f1a210 ] Request (InstanceActionsNegativeTestJSON:tearDownClass): 200 GET http://10.180.1.21/compute/v2.1/servers/78ae6769-806d-4237-a37a-260ffa377ffd 1.182s
2025-12-11 20:41:48.467 65874 INFO tempest.lib.common.rest_client [req-173ec707-0e93-4da3-9654-f31e9d3a29c0 req-173ec707-0e93-4da3-9654-f31e9d3a29c0 ] Request (HypervisorAdminUnderV252Test:test_search_hypervisor): 200 GET http://10.180.1.21/compute/v2.1/os-hypervisors 1.174s
2025-12-11 20:41:48.512 65900 INFO tempest.lib.common.rest_client [req-5ab16d90-7d56-4aa4-97b3-3af0d56d0ee0 req-5ab16d90-7d56-4aa4-97b3-3af0d56d0ee0 ] Request (FlavorsV2NegativeTest:test_boot_with_low_ram): 400 POST http://10.180.1.21/compute/v2.1/servers 1.748s
2025-12-11 20:41:48.575 65902 INFO tempest.lib.common.rest_client [req-ad3cfcdd-c3fe-4593-9ff6-6a367a6ec043 req-ad3cfcdd-c3fe-4593-9ff6-6a367a6ec043 ] Request (ServersAdminNegativeTestJSON:tearDownClass): 200 GET http://10.180.1.21/compute/v2.1/servers/3e9ba28b-0b8f-46c4-b8e5-a75ddeb2017e 1.029s
2025-12-11 20:41:48.585 65900 INFO tempest.lib.common.rest_client [req-d975ed8b-2231-47a6-9d02-8d05fcedace5 req-d975ed8b-2231-47a6-9d02-8d05fcedace5 ] Request (FlavorsV2NegativeTest:_run_cleanups): 204 DELETE http://10.180.1.21/image/v2/images/434565fd-3c7a-4948-b984-ec8538970951 0.072s
2025-12-11 20:41:48.614 65882 INFO tempest.lib.common.rest_client [req-5a151d36-2226-46d7-a569-ab62759fd31d req-5a151d36-2226-46d7-a569-ab62759fd31d ] Request (ImagesOneServerTestJSON:tearDownClass): 204 DELETE http://10.180.1.21/identity/v3/users/a67c89cc93974a90891130ef68bf7a59 0.203s
2025-12-11 20:41:48.614 65882 INFO tempest.lib.common.dynamic_creds [-] Deleting project and security group for project: 704e347963f842c0af096a7bb26ac853
2025-12-11 20:41:48.619 65872 INFO tempest.lib.common.rest_client [req-1e753f7b-c5b0-4c70-81af-b54b80db6d58 req-1e753f7b-c5b0-4c70-81af-b54b80db6d58 ] Request (ListImageFiltersTestJSON:setUpClass): 200 GET http://10.180.1.21/compute/v2.1/images/4726a3f2-9d81-475e-8047-a76b9de806df 0.874s
2025-12-11 20:41:48.706 65882 INFO tempest.lib.common.rest_client [req-23b77bbb-ec9c-4912-b914-34bd16738641 req-23b77bbb-ec9c-4912-b914-34bd16738641 ] Request (ImagesOneServerTestJSON:tearDownClass): 200 GET http://10.180.1.21/networking/v2.0/security-groups?tenant_id=704e347963f842c0af096a7bb26ac853&name=default 0.092s
2025-12-11 20:41:48.724 65908 INFO tempest.lib.common.rest_client [req-cb14e856-33f9-4863-bdc0-40dd78eb2534 req-cb14e856-33f9-4863-bdc0-40dd78eb2534 ] Request (ServersTestMultiNic:_run_cleanups): 204 DELETE http://10.180.1.21/networking/v2.0/networks/87f6c473-7560-42c3-9a20-543f3544cc79 0.380s
2025-12-11 20:41:48.744 65900 INFO tempest.lib.common.rest_client [req-1cd8c68a-acfc-4971-8bd6-5bf211d74d49 req-1cd8c68a-acfc-4971-8bd6-5bf211d74d49 ] Request (FlavorsV2NegativeTest:tearDownClass): 204 DELETE http://10.180.1.21/identity/v3/users/2293ce5525c34a1abcc72f498181a1b4 0.156s
2025-12-11 20:41:48.744 65900 INFO tempest.lib.common.dynamic_creds [-] Deleting project and security group for project: df08c0acb0754dbd9b5cf07a07254ad7
2025-12-11 20:41:48.750 65928 INFO tempest.lib.common.rest_client [req-591c45ce-e083-4ab6-a31f-a165481f67e8 req-591c45ce-e083-4ab6-a31f-a165481f67e8 ] Request (ServersAdminTestJSON:setUpClass): 200 GET http://10.180.1.21/compute/v2.1/servers/54f66801-279a-4ed5-befc-1c1cac6d2742 1.051s
2025-12-11 20:41:48.755 65915 INFO tempest.lib.common.rest_client [req-9bf95a66-1207-4b14-b74d-51d00bc21249 req-9bf95a66-1207-4b14-b74d-51d00bc21249 ] Request (ServerGroupTestJSON:_run_cleanups): 200 GET http://10.180.1.21/compute/v2.1/servers/397f6c23-ea22-4a99-9b8f-8ae75f467a9c 0.981s
2025-12-11 20:41:48.825 65904 INFO tempest.lib.common.rest_client [req-2cd1a729-fd68-421a-976c-409543def03a req-2cd1a729-fd68-421a-976c-409543def03a ] Request (ImagesOneServerNegativeTestJSON:_run_cleanups): 200 GET http://10.180.1.21/compute/v2.1/servers/a43d8718-ba57-43d8-b715-a7ac7896605c 0.914s
2025-12-11 20:41:48.845 65886 INFO tempest.lib.common.rest_client [req-cc213791-4413-44d7-a2e6-dff988d577c4 req-cc213791-4413-44d7-a2e6-dff988d577c4 ] Request (VolumesAdminNegativeTest:tearDownClass): 200 GET http://10.180.1.21/compute/v2.1/servers/2e3bd660-ba1c-4cf2-9080-afe573302e99 0.969s
2025-12-11 20:41:48.848 65900 INFO tempest.lib.common.rest_client [req-55d66166-f740-4d1c-8896-967c7977f4d7 req-55d66166-f740-4d1c-8896-967c7977f4d7 ] Request (FlavorsV2NegativeTest:tearDownClass): 201 POST http://10.180.1.21/identity/v3/auth/tokens 0.104s
2025-12-11 20:41:48.877 65882 INFO tempest.lib.common.rest_client [req-9dce207c-2387-4bad-9d3f-fd6a15710c5e req-9dce207c-2387-4bad-9d3f-fd6a15710c5e ] Request (ImagesOneServerTestJSON:tearDownClass): 204 DELETE http://10.180.1.21/networking/v2.0/security-groups/d314626b-bdc8-45dc-948d-8b2806de605b 0.170s
2025-12-11 20:41:48.908 65898 INFO tempest.lib.common.rest_client [req-f67c6100-8e6f-49b3-9faf-770143055e02 req-f67c6100-8e6f-49b3-9faf-770143055e02 ] Request (ServerDiagnosticsTest:test_get_server_diagnostics): 200 GET http://10.180.1.21/compute/v2.1/servers/c6e2c843-b31d-494e-9a1d-cf79e697c114 0.958s
2025-12-11 20:41:48.930 65888 INFO tempest.lib.common.rest_client [req-3a5d4b2f-178d-47ee-8871-ba5fe8fde35e req-3a5d4b2f-178d-47ee-8871-ba5fe8fde35e ] Request (ServersWithSpecificFlavorTestJSON:test_verify_created_server_ephemeral_disk): 200 GET http://10.180.1.21/compute/v2.1/servers/b9e7d729-cdf7-4014-ad8e-013a3b34f4c4 0.920s
2025-12-11 20:41:48.987 65882 INFO tempest.lib.common.rest_client [req-334191c0-d8cd-4120-a7d3-d8612c5d3400 req-334191c0-d8cd-4120-a7d3-d8612c5d3400 ] Request (ImagesOneServerTestJSON:tearDownClass): 204 DELETE http://10.180.1.21/identity/v3/projects/704e347963f842c0af096a7bb26ac853 0.109s
2025-12-11 20:41:49.017 65882 INFO tempest.test [-] raised in ComputeNetworksTest.setUpClass. Invoking tearDownClass.
2025-12-11 20:41:49.041 65906 INFO tempest.lib.common.rest_client [req-b192c76b-cb12-4c10-9c08-913aab3a501d req-b192c76b-cb12-4c10-9c08-913aab3a501d ] Request (FloatingIPsAssociationTestJSON:tearDownClass): 200 GET http://10.180.1.21/compute/v2.1/servers/68ad8327-7f2b-450b-a272-c09cd628b0e2 0.940s
2025-12-11 20:41:49.076 65924 INFO tempest.lib.common.rest_client [req-a23cf5ae-e824-4120-848f-3cb58e8a5a52 req-a23cf5ae-e824-4120-848f-3cb58e8a5a52 ] Request (ServersNegativeTestJSON:setUpClass): 200 GET http://10.180.1.21/compute/v2.1/servers/6ed787df-8647-4575-bab9-02d041ae156b 0.970s
2025-12-11 20:41:49.126 65882 INFO tempest.lib.common.rest_client [req-23d24765-4adb-4e25-9898-ffefd30e9054 req-23d24765-4adb-4e25-9898-ffefd30e9054 ] Request (AttachVolumeShelveTestJSON:setUpClass): 201 POST http://10.180.1.21/identity/v3/auth/tokens 0.106s
2025-12-11 20:41:49.137 65896 INFO tempest.lib.common.rest_client [req-ee218052-bec9-41ab-952a-c41fa7f295b3 req-ee218052-bec9-41ab-952a-c41fa7f295b3 ] Request (ListServerFiltersTestJSON:setUpClass): 200 GET http://10.180.1.21/compute/v2.1/servers/eca93abe-0db4-417e-8930-774a2645b6eb 0.940s
2025-12-11 20:41:49.159 65900 INFO tempest.lib.common.rest_client [req-06ec3b4f-3382-4982-af8c-8d9cc53de3fe req-06ec3b4f-3382-4982-af8c-8d9cc53de3fe ] Request (FlavorsV2NegativeTest:tearDownClass): 200 GET http://10.180.1.21/networking/v2.0/security-groups?tenant_id=df08c0acb0754dbd9b5cf07a07254ad7&name=default 0.311s
2025-12-11 20:41:49.384 65934 WARNING tempest.lib.common.ssh [-] Failed to establish authenticated ssh connection to cirros@10.180.180.254 ([Errno None] Unable to connect to port 22 on 10.180.180.254). Number attempts: 2. Retry after 3 seconds.: paramiko.ssh_exception.NoValidConnectionsError: [Errno None] Unable to connect to port 22 on 10.180.180.254
2025-12-11 20:41:49.389 65884 WARNING tempest.lib.common.ssh [-] Failed to establish authenticated ssh connection to cirros@10.180.180.193 ([Errno None] Unable to connect to port 22 on 10.180.180.193). Number attempts: 5. Retry after 6 seconds.: paramiko.ssh_exception.NoValidConnectionsError: [Errno None] Unable to connect to port 22 on 10.180.180.193
2025-12-11 20:41:49.416 65882 INFO tempest.lib.common.rest_client [req-4f7b2add-c5bd-4998-bf69-070a094dd613 req-4f7b2add-c5bd-4998-bf69-070a094dd613 ] Request (AttachVolumeShelveTestJSON:setUpClass): 201 POST http://10.180.1.21/identity/v3/auth/tokens 0.284s
2025-12-11 20:41:49.437 65876 INFO tempest.lib.common.rest_client [req-e39983fc-8053-47ef-ad0f-9dc01a7cbe42 req-e39983fc-8053-47ef-ad0f-9dc01a7cbe42 ] Request (ServerActionsV293TestJSON:setUpClass): 200 GET http://10.180.1.21/volume/v3/volumes/f870120e-8277-44cc-83d2-74b064ffef69 0.053s
2025-12-11 20:41:49.458 65882 INFO tempest.lib.common.rest_client [req-494fd39f-3655-4908-89fd-26f885c721ec req-494fd39f-3655-4908-89fd-26f885c721ec ] Request (AttachVolumeShelveTestJSON:setUpClass): 200 GET http://10.180.1.21/identity/v3/domains?name=Default 0.040s
2025-12-11 20:41:49.478 65892 INFO tempest.lib.common.rest_client [req-0e6e719b-f83b-4abc-9194-e0ed481061b4 req-0e6e719b-f83b-4abc-9194-e0ed481061b4 ] Request (ServerMetadataTestJSON:tearDownClass): 200 GET http://10.180.1.21/compute/v2.1/servers/374f58e1-d303-43d1-8da2-c48a850f148c 1.172s
2025-12-11 20:41:49.504 65882 INFO tempest.lib.common.rest_client [req-349589b9-aaf7-4640-ac44-740b2417bcd1 req-349589b9-aaf7-4640-ac44-740b2417bcd1 ] Request (AttachVolumeShelveTestJSON:setUpClass): 201 POST http://10.180.1.21/identity/v3/projects 0.046s
2025-12-11 20:41:49.511 65900 INFO tempest.lib.common.rest_client [req-ba0022fc-be3b-4d24-a66d-5ed8f61cc7dd req-ba0022fc-be3b-4d24-a66d-5ed8f61cc7dd ] Request (FlavorsV2NegativeTest:tearDownClass): 204 DELETE http://10.180.1.21/networking/v2.0/security-groups/6e89045f-5433-43cf-8f88-a635a650bedc 0.351s
2025-12-11 20:41:49.556 65894 INFO tempest.lib.common.rest_client [req-cd930098-6538-47e4-9980-ca81ed051c83 req-cd930098-6538-47e4-9980-ca81ed051c83 ] Request (MigrationsAdminTest:test_resize_server_revert_deleted_flavor): 202 POST http://10.180.1.21/compute/v2.1/servers/f415b6a6-ba98-460c-a1c9-9e5b7a3afe75/action 1.377s
2025-12-11 20:41:49.562 65890 INFO tempest.lib.common.rest_client [req-23bf0def-5e34-4ac0-9a9e-22733952357e req-23bf0def-5e34-4ac0-9a9e-22733952357e ] Request (AttachInterfacesUnderV243Test:_run_cleanups): 200 GET http://10.180.1.21/compute/v2.1/servers/39cc1fd3-7301-4e7f-93d6-904009cb53dc 1.099s
2025-12-11 20:41:49.582 65874 INFO tempest.lib.common.rest_client [req-daf193f3-a59b-4d78-a180-54f26bf4b5eb req-daf193f3-a59b-4d78-a180-54f26bf4b5eb ] Request (HypervisorAdminUnderV252Test:test_search_hypervisor): 200 GET http://10.180.1.21/compute/v2.1/os-hypervisors/domain-c8.fc996f14-c53b-4953-92e3-bdfa48f5cc28/search 1.113s
2025-12-11 20:41:49.594 65882 INFO tempest.lib.common.rest_client [req-4f0142ad-c283-4990-9ec5-3128e6ac801c req-4f0142ad-c283-4990-9ec5-3128e6ac801c ] Request (AttachVolumeShelveTestJSON:setUpClass): 201 POST http://10.180.1.21/identity/v3/users 0.089s
2025-12-11 20:41:49.603 65908 INFO tempest.lib.common.rest_client [req-20c8bd02-c86c-46dc-a014-500f430cc785 req-20c8bd02-c86c-46dc-a014-500f430cc785 ] Request (ServersTestMultiNic:tearDownClass): 404 DELETE http://10.180.1.21/compute/v2.1/servers/c018e6dd-f0ff-4d38-b503-58e24e30b3f8 0.878s
2025-12-11 20:41:49.650 65920 WARNING tempest.lib.common.ssh [-] Failed to establish authenticated ssh connection to cirros@10.180.180.223 ([Errno None] Unable to connect to port 22 on 10.180.180.223). Number attempts: 7. Retry after 8 seconds.: paramiko.ssh_exception.NoValidConnectionsError: [Errno None] Unable to connect to port 22 on 10.180.180.223
2025-12-11 20:41:49.660 65900 INFO tempest.lib.common.rest_client [req-35e86e69-e823-413e-a8db-95f84da41845 req-35e86e69-e823-413e-a8db-95f84da41845 ] Request (FlavorsV2NegativeTest:tearDownClass): 204 DELETE http://10.180.1.21/identity/v3/projects/df08c0acb0754dbd9b5cf07a07254ad7 0.149s
2025-12-11 20:41:49.686 65930 INFO tempest.lib.common.rest_client [req-b61da234-08eb-4a01-a2e4-bea9581624c9 req-b61da234-08eb-4a01-a2e4-bea9581624c9 ] Request (ServerRescueTestJSONUnderV235:setUpClass): 200 GET http://10.180.1.21/compute/v2.1/servers/6389b796-01b8-429b-8d24-bc8a4d89890f 1.175s
2025-12-11 20:41:49.693 65874 INFO tempest.lib.common.rest_client [req-660cfc06-9b59-44ef-82e4-7c7187a6880d req-660cfc06-9b59-44ef-82e4-7c7187a6880d ] Request (HypervisorAdminUnderV252Test:tearDownClass): 204 DELETE http://10.180.1.21/identity/v3/users/96d1fd81a4924dff8bb8b230abd6ccc5 0.106s
2025-12-11 20:41:49.708 65910 INFO tempest.lib.common.rest_client [req-42054e93-7e71-4844-ac9a-73ca17301b72 req-42054e93-7e71-4844-ac9a-73ca17301b72 ] Request (DeleteServersTestJSON:test_delete_active_server): 404 GET http://10.180.1.21/compute/v2.1/servers/99e581db-b34b-42d8-91b7-263ab29f38ac 0.939s
2025-12-11 20:41:49.749 65900 INFO tempest.lib.common.rest_client [req-99a63de3-d185-430f-8e12-249db2f979e1 req-99a63de3-d185-430f-8e12-249db2f979e1 ] Request (VolumesNegativeTest:setUpClass): 201 POST http://10.180.1.21/identity/v3/auth/tokens 0.087s
2025-12-11 20:41:49.764 65882 INFO tempest.lib.common.rest_client [req-f1b80403-44ae-4771-988c-e0264674bce3 req-f1b80403-44ae-4771-988c-e0264674bce3 ] Request (AttachVolumeShelveTestJSON:setUpClass): 200 GET http://10.180.1.21/identity/v3/roles 0.170s
2025-12-11 20:41:49.769 65880 INFO tempest.lib.common.rest_client [req-1f7321ee-3cf6-4486-bdb5-94bd1335987c req-1f7321ee-3cf6-4486-bdb5-94bd1335987c ] Request (ServerDiskConfigTestJSON:test_rebuild_server_with_auto_disk_config): 200 GET http://10.180.1.21/compute/v2.1/servers/d69acd68-004f-48c5-ae99-945d8a9cd432 1.016s
2025-12-11 20:41:49.800 65916 INFO tempest.lib.common.rest_client [req-b356fce8-0548-4725-9bf8-4bd34f87048c req-b356fce8-0548-4725-9bf8-4bd34f87048c ] Request (ListServersNegativeTestJSON:tearDownClass): 200 GET http://10.180.1.21/compute/v2.1/servers/7e105572-ab94-44d8-b481-af0146b21daf 0.648s
2025-12-11 20:41:49.825 65878 INFO tempest.lib.common.rest_client [req-f752fc2d-d6c3-4791-ac4a-ce4d6c38bf8f req-f752fc2d-d6c3-4791-ac4a-ce4d6c38bf8f ] Request (InstanceActionsNegativeTestJSON:tearDownClass): 200 GET http://10.180.1.21/compute/v2.1/servers/78ae6769-806d-4237-a37a-260ffa377ffd 0.373s
2025-12-11 20:41:49.862 65874 INFO tempest.lib.common.rest_client [req-79df4bcb-42e7-4d2c-947e-8a4a690e5c6f req-79df4bcb-42e7-4d2c-947e-8a4a690e5c6f ] Request (HypervisorAdminUnderV252Test:tearDownClass): 204 DELETE http://10.180.1.21/identity/v3/users/3f5ea564719a4aa18bab975fce40176e 0.169s
2025-12-11 20:41:49.862 65874 INFO tempest.lib.common.dynamic_creds [-] Deleting project and security group for project: a24fc382f3f64110b9c8ce7afbc73266
2025-12-11 20:41:49.868 65910 INFO tempest.lib.common.rest_client [req-2f993c5b-f44c-4cb1-aaab-4bd5d8154b3e req-2f993c5b-f44c-4cb1-aaab-4bd5d8154b3e ] Request (DeleteServersTestJSON:test_delete_server_while_in_attached_volume): 201 POST http://10.180.1.21/identity/v3/auth/tokens 0.154s
2025-12-11 20:41:49.868 65910 INFO tempest.lib.common.fixed_network [-] (DeleteServersTestJSON:test_delete_server_while_in_attached_volume) Found network {'id': '847854cc-db74-41d4-a912-6385958fc7f1', 'name': 'tempest-DeleteServersTestJSON-1643366462-network', 'tenant_id': 'cfe94f4b0d2f4de1895c84e5463bc4ad', 'project_id': 'cfe94f4b0d2f4de1895c84e5463bc4ad', 'admin_state_up': True, 'mtu': 8950, 'status': 'ACTIVE', 'subnets': [], 'shared': False, 'port_security_enabled': True, 'router:external': False, 'provider:network_type': 'vlan', 'provider:physical_network': 'default', 'provider:segmentation_id': 635, 'availability_zone_hints': [], 'availability_zones': [], 'ipv4_address_scope': None, 'ipv6_address_scope': None, 'description': '', 'tags': [], 'created_at': '2025-12-11T20:40:28Z', 'updated_at': '2025-12-11T20:40:28Z', 'revision_number': 1} available for tenant
2025-12-11 20:41:49.900 65902 INFO tempest.lib.common.rest_client [req-bb36fa32-e600-4da2-a4ab-852bc2654f43 req-bb36fa32-e600-4da2-a4ab-852bc2654f43 ] Request (ServersAdminNegativeTestJSON:tearDownClass): 200 GET http://10.180.1.21/compute/v2.1/servers/3e9ba28b-0b8f-46c4-b8e5-a75ddeb2017e 0.318s
2025-12-11 20:41:49.929 65908 INFO tempest.lib.common.rest_client [req-ea52f2b2-ac21-4e94-9c56-fcea53f3c548 req-ea52f2b2-ac21-4e94-9c56-fcea53f3c548 ] Request (ServersTestMultiNic:tearDownClass): 404 GET http://10.180.1.21/compute/v2.1/servers/c018e6dd-f0ff-4d38-b503-58e24e30b3f8 0.325s
2025-12-11 20:41:49.934 65900 INFO tempest.lib.common.rest_client [req-6d937e1a-7abb-4fa2-93bb-371645551714 req-6d937e1a-7abb-4fa2-93bb-371645551714 ] Request (VolumesNegativeTest:setUpClass): 201 POST http://10.180.1.21/identity/v3/auth/tokens 0.179s
2025-12-11 20:41:49.946 65882 INFO tempest.lib.common.rest_client [req-2005ebbc-97e0-45e4-817a-ecf60ad67a52 req-2005ebbc-97e0-45e4-817a-ecf60ad67a52 ] Request (AttachVolumeShelveTestJSON:setUpClass): 204 PUT http://10.180.1.21/identity/v3/projects/a8193e0b5c1743fe803e9ba711ca2a2b/users/59cb9b0018d7425c9ea2056ecebdacd9/roles/4f2c56d18e404064b296807da5332c1b 0.181s
2025-12-11 20:41:49.946 65882 INFO tempest.lib.common.dynamic_creds [-] Dynamic test user 59cb9b0018d7425c9ea2056ecebdacd9 is created with scope project and roles: ['member']
2025-12-11 20:41:49.947 65882 INFO tempest.lib.common.dynamic_creds [-] Acquired dynamic creds: credentials: Credentials: {'domain_id': 'default', 'domain_name': 'Default', 'username': 'tempest-AttachVolumeShelveTestJSON-1736120617-project-member', 'project_domain_id': 'default', 'project_domain_name': 'Default', 'project_id': 'a8193e0b5c1743fe803e9ba711ca2a2b', 'project_name': 'tempest-AttachVolumeShelveTestJSON-1736120617', 'tenant_id': 'a8193e0b5c1743fe803e9ba711ca2a2b', 'tenant_name': 'tempest-AttachVolumeShelveTestJSON-1736120617', 'user_domain_id': 'default', 'user_domain_name': 'Default', 'user_id': '59cb9b0018d7425c9ea2056ecebdacd9', 'system': None}, Network: None, Subnet: None, Router: None
2025-12-11 20:41:49.948 65894 INFO tempest.lib.common.rest_client [req-fd7fb9b6-9a68-4ac0-bc3d-cee9234e5733 req-fd7fb9b6-9a68-4ac0-bc3d-cee9234e5733 ] Request (MigrationsAdminTest:test_resize_server_revert_deleted_flavor): 200 GET http://10.180.1.21/compute/v2.1/servers/f415b6a6-ba98-460c-a1c9-9e5b7a3afe75 0.391s
2025-12-11 20:41:50.107 65874 INFO tempest.lib.common.rest_client [req-60d5e296-1e46-472c-9001-cdba32247a05 req-60d5e296-1e46-472c-9001-cdba32247a05 ] Request (HypervisorAdminUnderV252Test:tearDownClass): 201 POST http://10.180.1.21/identity/v3/auth/tokens 0.243s
2025-12-11 20:41:50.111 65872 INFO tempest.lib.common.rest_client [req-6b308b7d-98ce-48da-8929-46ca55b5a1c0 req-6b308b7d-98ce-48da-8929-46ca55b5a1c0 ] Request (ListImageFiltersTestJSON:setUpClass): 200 GET http://10.180.1.21/compute/v2.1/images/4726a3f2-9d81-475e-8047-a76b9de806df 0.486s
2025-12-11 20:41:50.129 65900 INFO tempest.lib.common.rest_client [req-73cea86f-a4ef-433f-8468-c378696e9e6c req-73cea86f-a4ef-433f-8468-c378696e9e6c ] Request (VolumesNegativeTest:setUpClass): 200 GET http://10.180.1.21/identity/v3/domains?name=Default 0.194s
2025-12-11 20:41:50.139 65882 INFO tempest.lib.common.rest_client [req-b3fd3dbb-c284-431f-ab43-f01b809b339d req-b3fd3dbb-c284-431f-ab43-f01b809b339d ] Request (AttachVolumeShelveTestJSON:setUpClass): 201 POST http://10.180.1.21/identity/v3/auth/tokens 0.192s
2025-12-11 20:41:50.181 65900 INFO tempest.lib.common.rest_client [req-36e87e1d-2439-441f-851a-6e13ca61c994 req-36e87e1d-2439-441f-851a-6e13ca61c994 ] Request (VolumesNegativeTest:setUpClass): 201 POST http://10.180.1.21/identity/v3/projects 0.051s
2025-12-11 20:41:50.274 65900 INFO tempest.lib.common.rest_client [req-3f3da7de-703b-4237-a100-4eeac79168fe req-3f3da7de-703b-4237-a100-4eeac79168fe ] Request (VolumesNegativeTest:setUpClass): 201 POST http://10.180.1.21/identity/v3/users 0.092s
2025-12-11 20:41:50.303 65900 INFO tempest.lib.common.rest_client [req-d2b40f03-8d8e-49e2-9a11-88c6b20aae64 req-d2b40f03-8d8e-49e2-9a11-88c6b20aae64 ] Request (VolumesNegativeTest:setUpClass): 200 GET http://10.180.1.21/identity/v3/roles 0.028s
2025-12-11 20:41:50.336 65900 INFO tempest.lib.common.rest_client [req-277e6285-7e87-4a6d-ac0b-5d27006261ac req-277e6285-7e87-4a6d-ac0b-5d27006261ac ] Request (VolumesNegativeTest:setUpClass): 204 PUT http://10.180.1.21/identity/v3/projects/e01d6699e7734725a2e97f6e0f46eea2/users/42cd23bfc9224dc0b955308c0b74b66c/roles/4f2c56d18e404064b296807da5332c1b 0.032s
2025-12-11 20:41:50.336 65900 INFO tempest.lib.common.dynamic_creds [-] Dynamic test user 42cd23bfc9224dc0b955308c0b74b66c is created with scope project and roles: ['member']
2025-12-11 20:41:50.336 65900 INFO tempest.lib.common.dynamic_creds [-] Acquired dynamic creds: credentials: Credentials: {'domain_id': 'default', 'domain_name': 'Default', 'username': 'tempest-VolumesNegativeTest-993598800-project-member', 'project_domain_id': 'default', 'project_domain_name': 'Default', 'project_id': 'e01d6699e7734725a2e97f6e0f46eea2', 'project_name': 'tempest-VolumesNegativeTest-993598800', 'tenant_id': 'e01d6699e7734725a2e97f6e0f46eea2', 'tenant_name': 'tempest-VolumesNegativeTest-993598800', 'user_domain_id': 'default', 'user_domain_name': 'Default', 'user_id': '42cd23bfc9224dc0b955308c0b74b66c', 'system': None}, Network: None, Subnet: None, Router: None
2025-12-11 20:41:50.336 65900 INFO tempest.lib.common.dynamic_creds [-] Created isolated network resources for: credentials: Credentials: {'domain_id': 'default', 'domain_name': 'Default', 'username': 'tempest-VolumesNegativeTest-993598800-project-member', 'project_domain_id': 'default', 'project_domain_name': 'Default', 'project_id': 'e01d6699e7734725a2e97f6e0f46eea2', 'project_name': 'tempest-VolumesNegativeTest-993598800', 'tenant_id': 'e01d6699e7734725a2e97f6e0f46eea2', 'tenant_name': 'tempest-VolumesNegativeTest-993598800', 'user_domain_id': 'default', 'user_domain_name': 'Default', 'user_id': '42cd23bfc9224dc0b955308c0b74b66c', 'system': None}, Network: None, Subnet: None, Router: None
2025-12-11 20:41:50.392 65874 INFO tempest.lib.common.rest_client [req-494cadd3-4f3a-4dd8-a367-3899e2c191f1 req-494cadd3-4f3a-4dd8-a367-3899e2c191f1 ] Request (HypervisorAdminUnderV252Test:tearDownClass): 200 GET http://10.180.1.21/networking/v2.0/security-groups?tenant_id=a24fc382f3f64110b9c8ce7afbc73266&name=default 0.283s
2025-12-11 20:41:50.401 65928 INFO tempest.lib.common.rest_client [req-3204f806-e73d-484b-92de-f2b743be8891 req-3204f806-e73d-484b-92de-f2b743be8891 ] Request (ServersAdminTestJSON:setUpClass): 200 GET http://10.180.1.21/compute/v2.1/servers/54f66801-279a-4ed5-befc-1c1cac6d2742 0.639s
2025-12-11 20:41:50.427 65915 INFO tempest.lib.common.rest_client [req-5838f45d-17d3-4287-a794-0153f822a77d req-5838f45d-17d3-4287-a794-0153f822a77d ] Request (ServerGroupTestJSON:_run_cleanups): 200 GET http://10.180.1.21/compute/v2.1/servers/397f6c23-ea22-4a99-9b8f-8ae75f467a9c 0.659s
2025-12-11 20:41:50.428 65900 INFO tempest.lib.common.rest_client [req-c42e17d6-c779-45fa-a241-bfbc2b47258f req-c42e17d6-c779-45fa-a241-bfbc2b47258f ] Request (VolumesNegativeTest:setUpClass): 201 POST http://10.180.1.21/identity/v3/auth/tokens 0.088s
2025-12-11 20:41:50.498 65876 INFO tempest.lib.common.rest_client [req-658a1b5f-b011-4533-8abf-33f113ea6b89 req-658a1b5f-b011-4533-8abf-33f113ea6b89 ] Request (ServerActionsV293TestJSON:setUpClass): 200 GET http://10.180.1.21/volume/v3/volumes/f870120e-8277-44cc-83d2-74b064ffef69 0.049s
2025-12-11 20:41:50.566 65874 INFO tempest.lib.common.rest_client [req-4c14d290-5796-450e-9739-7403fc98b416 req-4c14d290-5796-450e-9739-7403fc98b416 ] Request (HypervisorAdminUnderV252Test:tearDownClass): 204 DELETE http://10.180.1.21/networking/v2.0/security-groups/fa4f57c3-6434-448f-8fe0-ab291d7018a3 0.173s
2025-12-11 20:41:50.674 65874 INFO tempest.lib.common.rest_client [req-5e39bc5f-a00b-4757-8de7-f256f1a44853 req-5e39bc5f-a00b-4757-8de7-f256f1a44853 ] Request (HypervisorAdminUnderV252Test:tearDownClass): 204 DELETE http://10.180.1.21/identity/v3/projects/a24fc382f3f64110b9c8ce7afbc73266 0.107s
2025-12-11 20:41:50.674 65874 INFO tempest.lib.common.dynamic_creds [-] Deleting project and security group for project: 8666980945914ffcba3c55a96a87cac7
2025-12-11 20:41:50.682 65904 INFO tempest.lib.common.rest_client [req-b9b154a0-a972-4881-88e8-66fa93e7f23f req-b9b154a0-a972-4881-88e8-66fa93e7f23f ] Request (ImagesOneServerNegativeTestJSON:_run_cleanups): 200 GET http://10.180.1.21/compute/v2.1/servers/a43d8718-ba57-43d8-b715-a7ac7896605c 0.846s
2025-12-11 20:41:50.692 65904 INFO tempest.common.waiters [-] State transition "ACTIVE/deleting" ==> "DELETED/None" after 4 second wait
2025-12-11 20:41:50.696 65886 INFO tempest.lib.common.rest_client [req-9a6ba90d-8e9a-4dd0-a7f1-5c5ec489cd65 req-9a6ba90d-8e9a-4dd0-a7f1-5c5ec489cd65 ] Request (VolumesAdminNegativeTest:tearDownClass): 200 GET http://10.180.1.21/compute/v2.1/servers/2e3bd660-ba1c-4cf2-9080-afe573302e99 0.839s
