2025-12-11 20:40:18.702 65908 INFO tempest.lib.common.rest_client [req-d0964b8b-6a4e-49f3-ae17-b5e2c0a731c2 req-d0964b8b-6a4e-49f3-ae17-b5e2c0a731c2 ] Request (ServersTestMultiNic:test_verify_multiple_nics_order): 201 POST http://10.180.1.21/networking/v2.0/subnets 0.388s
2025-12-11 20:40:18.730 65916 INFO tempest.lib.common.rest_client [req-07d8524c-e780-4fde-928f-45a864fa16cd req-07d8524c-e780-4fde-928f-45a864fa16cd ] Request (ListServersNegativeTestJSON:setUpClass): 200 GET http://10.180.1.21/compute/v2.1/servers/97e0f765-1915-4356-8242-e92e85a3a219 2.275s
2025-12-11 20:40:18.737 65916 INFO tempest.common.waiters [-] State transition "ACTIVE/deleting" ==> "DELETED/None" after 3 second wait
2025-12-11 20:40:18.796 65908 INFO tempest.lib.common.rest_client [req-823ca490-bd00-4266-8700-fa076e7433ae req-823ca490-bd00-4266-8700-fa076e7433ae ] Request (ServersTestMultiNic:test_verify_multiple_nics_order): 201 POST http://10.180.1.21/identity/v3/auth/tokens 0.089s
2025-12-11 20:40:18.796 65908 INFO tempest.lib.common.fixed_network [-] (ServersTestMultiNic:test_verify_multiple_nics_order) Found network {'id': '2c0a5bf9-b2d5-4371-9fab-b911c2b49312', 'name': 'tempest-ServersTestMultiNic-160747511-network', 'tenant_id': 'ec808c0ddff74b43aff02f155d46a273', 'project_id': 'ec808c0ddff74b43aff02f155d46a273', 'admin_state_up': True, 'mtu': 8950, 'status': 'ACTIVE', 'subnets': [], 'shared': False, 'port_security_enabled': True, 'router:external': False, 'provider:network_type': 'vlan', 'provider:physical_network': 'default', 'provider:segmentation_id': 973, 'availability_zone_hints': [], 'availability_zones': [], 'ipv4_address_scope': None, 'ipv6_address_scope': None, 'description': '', 'tags': [], 'created_at': '2025-12-11T20:38:57Z', 'updated_at': '2025-12-11T20:38:57Z', 'revision_number': 1} available for tenant
2025-12-11 20:40:18.866 65886 INFO tempest.lib.common.rest_client [req-4328a0a0-bb06-4d18-b0db-705fbaa4c961 req-4328a0a0-bb06-4d18-b0db-705fbaa4c961 ] Request (ServerDiagnosticsNegativeTest:tearDownClass): 204 DELETE http://10.180.1.21/networking/v2.0/security-groups/5fa0913f-893b-45d5-8c89-14629c3e9750 0.465s
2025-12-11 20:40:18.950 65876 INFO tempest.lib.common.rest_client [req-ba0baaf5-5a4c-4b43-80b8-7f5336194f8c req-ba0baaf5-5a4c-4b43-80b8-7f5336194f8c ] Request (QuotasAdminNegativeTest:test_create_server_when_instances_quota_is_full): 200 PUT http://10.180.1.21/compute/v2.1/os-quota-sets/61d789c6f2914766a1faab540c6a9e6e 2.452s
2025-12-11 20:40:18.966 65910 INFO tempest.lib.common.rest_client [req-8b2e5793-c245-40bd-9ca8-222616bc7bf5 req-8b2e5793-c245-40bd-9ca8-222616bc7bf5 ] Request (QuotaClassesAdmin257Test:test_update_default_quotas): 200 GET http://10.180.1.21/compute/v2.1/os-quota-class-sets/default 2.319s
2025-12-11 20:40:18.971 65880 INFO tempest.lib.common.rest_client [req-a36b9a6b-bd46-451b-aebf-49aec1149e50 req-a36b9a6b-bd46-451b-aebf-49aec1149e50 ] Request (InstanceUsageAuditLogNegativeTestJSON:test_instance_usage_audit_logs_with_nonadmin_user): 403 GET http://10.180.1.21/compute/v2.1/os-instance_usage_audit_log/2025-12-11%2020%3A40%3A16 2.207s
2025-12-11 20:40:19.032 65876 INFO tempest.lib.common.rest_client [req-11495073-a89a-4ad4-8bcd-9ccfdcc2b87a req-11495073-a89a-4ad4-8bcd-9ccfdcc2b87a ] Request (QuotasAdminNegativeTest:test_create_server_when_instances_quota_is_full): 201 POST http://10.180.1.21/identity/v3/auth/tokens 0.076s
2025-12-11 20:40:19.033 65876 INFO tempest.lib.common.fixed_network [-] (QuotasAdminNegativeTest:test_create_server_when_instances_quota_is_full) Found network None available for tenant
2025-12-11 20:40:19.039 65886 INFO tempest.lib.common.rest_client [req-4c58b996-935f-4abb-88db-f4425c1f7f7f req-4c58b996-935f-4abb-88db-f4425c1f7f7f ] Request (ServerDiagnosticsNegativeTest:tearDownClass): 204 DELETE http://10.180.1.21/identity/v3/projects/c6a1de72f65b4b9985c2bb1b50772c34 0.172s
2025-12-11 20:40:19.040 65884 INFO tempest.lib.common.rest_client [req-887e4b79-9d65-4a01-943e-4e7ff320309c req-887e4b79-9d65-4a01-943e-4e7ff320309c ] Request (ServersTestJSON:setUpClass): 201 POST http://10.180.1.21/networking/v2.0/floatingips 0.669s
2025-12-11 20:40:19.141 65886 INFO tempest.lib.common.rest_client [req-342e338b-59b8-4ba0-9758-2bb7280d0463 req-342e338b-59b8-4ba0-9758-2bb7280d0463 ] Request (VolumesAdminNegativeTest:setUpClass): 201 POST http://10.180.1.21/identity/v3/auth/tokens 0.099s
2025-12-11 20:40:19.175 65880 INFO tempest.lib.common.rest_client [req-8e3c18f6-00ba-454a-b985-4619164d9347 req-8e3c18f6-00ba-454a-b985-4619164d9347 ] Request (InstanceUsageAuditLogNegativeTestJSON:tearDownClass): 204 DELETE http://10.180.1.21/identity/v3/users/4530e3f10b624810afc78df61f802bce 0.198s
2025-12-11 20:40:19.177 65920 INFO tempest.lib.common.rest_client [req-177ba61b-3348-4599-98b3-c4c33239d847 req-177ba61b-3348-4599-98b3-c4c33239d847 ] Request (AttachVolumeTestJSON:test_attach_detach_volume): 202 POST http://10.180.1.21/compute/v2.1/servers 3.164s
2025-12-11 20:40:19.201 65884 INFO tempest.lib.common.rest_client [req-26be2978-0685-4cd4-916c-90d785c5ccb9 req-26be2978-0685-4cd4-916c-90d785c5ccb9 ] Request (ServersTestJSON:setUpClass): 201 POST http://10.180.1.21/identity/v3/auth/tokens 0.157s
2025-12-11 20:40:19.201 65884 INFO tempest.lib.common.fixed_network [-] (ServersTestJSON:setUpClass) Found network {'id': '4cacbdd4-1b5f-40d9-b727-8cc619200b86', 'name': 'tempest-ServersTestJSON-91964187-network', 'tenant_id': '3bfdfa3be65b43a0a82c98291d93e1a4', 'project_id': '3bfdfa3be65b43a0a82c98291d93e1a4', 'admin_state_up': True, 'mtu': 8950, 'status': 'ACTIVE', 'subnets': [], 'shared': False, 'port_security_enabled': True, 'router:external': False, 'provider:network_type': 'vlan', 'provider:physical_network': 'default', 'provider:segmentation_id': 772, 'availability_zone_hints': [], 'availability_zones': [], 'ipv4_address_scope': None, 'ipv6_address_scope': None, 'description': '', 'tags': [], 'created_at': '2025-12-11T20:40:13Z', 'updated_at': '2025-12-11T20:40:13Z', 'revision_number': 1} available for tenant
2025-12-11 20:40:19.232 65888 INFO tempest.lib.common.rest_client [req-b1f25b51-92e4-458d-b821-73863892f7bc req-b1f25b51-92e4-458d-b821-73863892f7bc ] Request (ServersWithSpecificFlavorTestJSON:test_verify_created_server_ephemeral_disk): 200 GET http://10.180.1.21/compute/v2.1/servers/ce8a0403-ac21-435a-8ff2-ac8e2b3ea45b 2.077s
2025-12-11 20:40:19.245 65888 INFO tempest.lib.common.ssh [-] Creating ssh connection to '10.180.180.195:22' as 'cirros' with public key authentication
2025-12-11 20:40:19.256 65886 INFO tempest.lib.common.rest_client [req-a652edbd-8176-4b40-aa50-c709b30902f7 req-a652edbd-8176-4b40-aa50-c709b30902f7 ] Request (VolumesAdminNegativeTest:setUpClass): 201 POST http://10.180.1.21/identity/v3/auth/tokens 0.110s
2025-12-11 20:40:19.298 65886 INFO tempest.lib.common.rest_client [req-da49ad71-14d4-4f0e-bb52-d58e633b6a30 req-da49ad71-14d4-4f0e-bb52-d58e633b6a30 ] Request (VolumesAdminNegativeTest:setUpClass): 200 GET http://10.180.1.21/identity/v3/domains?name=Default 0.041s
2025-12-11 20:40:19.344 65886 INFO tempest.lib.common.rest_client [req-806dfdea-27a8-4b0e-b4ec-8c0ab7bc44f6 req-806dfdea-27a8-4b0e-b4ec-8c0ab7bc44f6 ] Request (VolumesAdminNegativeTest:setUpClass): 201 POST http://10.180.1.21/identity/v3/projects 0.046s
2025-12-11 20:40:19.349 65880 INFO tempest.lib.common.rest_client [req-b54b79ed-fc80-4952-88c9-c5ca06f8a7ba req-b54b79ed-fc80-4952-88c9-c5ca06f8a7ba ] Request (InstanceUsageAuditLogNegativeTestJSON:tearDownClass): 204 DELETE http://10.180.1.21/identity/v3/users/995cae76a1664bed98f37a0361963d8b 0.173s
2025-12-11 20:40:19.349 65880 INFO tempest.lib.common.dynamic_creds [-] Deleting project and security group for project: 18578d0b3ad94b43b42e07c2badf813f
2025-12-11 20:40:19.376 65934 INFO tempest.lib.common.rest_client [req-21dfe613-16be-4083-a9ed-c79426d05cdb req-21dfe613-16be-4083-a9ed-c79426d05cdb ] Request (SecurityGroupsNegativeTestJSON:test_delete_the_default_security_group): 200 GET http://10.180.1.21/compute/v2.1/os-security-groups 2.207s
2025-12-11 20:40:19.426 65898 INFO tempest.lib.common.rest_client [req-f82a7f57-881b-4558-bbac-457647cdbea7 req-f82a7f57-881b-4558-bbac-457647cdbea7 ] Request (DeleteServersAdminTestJSON:test_delete_server_while_in_error_state): 200 GET http://10.180.1.21/compute/v2.1/servers/8e41ba2a-b2be-4914-a2b5-c075cbdb7abd 2.242s
2025-12-11 20:40:19.434 65898 INFO tempest.common.waiters [-] State transition "BUILD/spawning" ==> "ACTIVE/None" after 38 second wait
2025-12-11 20:40:19.478 65880 INFO tempest.lib.common.rest_client [req-866c656d-62a2-4fc8-b085-dd28a63b949d req-866c656d-62a2-4fc8-b085-dd28a63b949d ] Request (InstanceUsageAuditLogNegativeTestJSON:tearDownClass): 201 POST http://10.180.1.21/identity/v3/auth/tokens 0.129s
2025-12-11 20:40:19.496 65872 INFO tempest.lib.common.rest_client [req-39747bba-4fc9-496e-9127-7cef00126d82 req-39747bba-4fc9-496e-9127-7cef00126d82 ] Request (ListImageFiltersTestJSON:setUpClass): 200 GET http://10.180.1.21/compute/v2.1/servers/3982cdc3-6c14-4707-a20b-66d46606e155 2.251s
2025-12-11 20:40:19.502 65886 INFO tempest.lib.common.rest_client [req-17e43029-7c22-403d-acb9-a0c61ebd6265 req-17e43029-7c22-403d-acb9-a0c61ebd6265 ] Request (VolumesAdminNegativeTest:setUpClass): 201 POST http://10.180.1.21/identity/v3/users 0.156s
2025-12-11 20:40:19.517 65928 INFO tempest.lib.common.rest_client [req-bf8f04cb-c3f5-4948-b321-496a748f52aa req-bf8f04cb-c3f5-4948-b321-496a748f52aa ] Request (ServersAdmin275Test:_run_cleanups): 200 GET http://10.180.1.21/compute/v2.1/servers/01243d26-24f5-4d6f-9bb8-f13d65660b21 2.310s
2025-12-11 20:40:19.527 65874 INFO tempest.lib.common.rest_client [req-b9403a1c-3c5e-447e-8f8b-545714647278 req-b9403a1c-3c5e-447e-8f8b-545714647278 ] Request (AggregatesAdminNegativeTestJSON:test_aggregate_remove_host_as_user): 200 POST http://10.180.1.21/compute/v2.1/os-aggregates 2.203s
2025-12-11 20:40:19.533 65886 INFO tempest.lib.common.rest_client [req-bd00beff-c8a4-43f1-993a-7cd9e3530fbf req-bd00beff-c8a4-43f1-993a-7cd9e3530fbf ] Request (VolumesAdminNegativeTest:setUpClass): 200 GET http://10.180.1.21/identity/v3/roles 0.030s
2025-12-11 20:40:19.572 65886 INFO tempest.lib.common.rest_client [req-e6982a8c-3b56-4f01-b556-4ffae4f16c0e req-e6982a8c-3b56-4f01-b556-4ffae4f16c0e ] Request (VolumesAdminNegativeTest:setUpClass): 204 PUT http://10.180.1.21/identity/v3/projects/e9c4560999a1464fa186b9b8db75e1af/users/b7a3966491b34f6a965cde0e0e5af3d9/roles/4f2c56d18e404064b296807da5332c1b 0.038s
2025-12-11 20:40:19.572 65886 INFO tempest.lib.common.dynamic_creds [-] Dynamic test user b7a3966491b34f6a965cde0e0e5af3d9 is created with scope project and roles: ['member']
2025-12-11 20:40:19.572 65886 INFO tempest.lib.common.dynamic_creds [-] Acquired dynamic creds: credentials: Credentials: {'domain_id': 'default', 'domain_name': 'Default', 'username': 'tempest-VolumesAdminNegativeTest-414310525-project-member', 'project_domain_id': 'default', 'project_domain_name': 'Default', 'project_id': 'e9c4560999a1464fa186b9b8db75e1af', 'project_name': 'tempest-VolumesAdminNegativeTest-414310525', 'tenant_id': 'e9c4560999a1464fa186b9b8db75e1af', 'tenant_name': 'tempest-VolumesAdminNegativeTest-414310525', 'user_domain_id': 'default', 'user_domain_name': 'Default', 'user_id': 'b7a3966491b34f6a965cde0e0e5af3d9', 'system': None}, Network: None, Subnet: None, Router: None
2025-12-11 20:40:19.646 65886 INFO tempest.lib.common.rest_client [req-899a5882-4107-43c1-bc59-e51553809b02 req-899a5882-4107-43c1-bc59-e51553809b02 ] Request (VolumesAdminNegativeTest:setUpClass): 201 POST http://10.180.1.21/identity/v3/auth/tokens 0.073s
2025-12-11 20:40:19.683 65880 INFO tempest.lib.common.rest_client [req-f878e5d7-f96c-4745-a2da-f03b8ecb0238 req-f878e5d7-f96c-4745-a2da-f03b8ecb0238 ] Request (InstanceUsageAuditLogNegativeTestJSON:tearDownClass): 200 GET http://10.180.1.21/networking/v2.0/security-groups?tenant_id=18578d0b3ad94b43b42e07c2badf813f&name=default 0.204s
2025-12-11 20:40:19.732 65912 INFO tempest.lib.common.rest_client [req-40032eb8-fa39-452a-bc6d-d08b8108f56e req-40032eb8-fa39-452a-bc6d-d08b8108f56e ] Request (ServersTestManualDisk:setUpClass): 200 GET http://10.180.1.21/compute/v2.1/servers/3b73972c-4d3c-4aac-ab0a-24e35ace2176 2.389s
2025-12-11 20:40:19.733 65900 INFO tempest.lib.common.rest_client [req-e85bc00e-3f05-46f8-849a-372fab60dde5 req-e85bc00e-3f05-46f8-849a-372fab60dde5 ] Request (VolumesAssistedSnapshotsTest:test_volume_assisted_snapshot_create_delete): 200 GET http://10.180.1.21/volume/v3/volumes/0a308754-e39a-4063-9ad1-8960be244fc1 0.043s
2025-12-11 20:40:19.912 65880 INFO tempest.lib.common.rest_client [req-b3b5ce57-4e7f-4ecd-bb1e-4bb2140e414c req-b3b5ce57-4e7f-4ecd-bb1e-4bb2140e414c ] Request (InstanceUsageAuditLogNegativeTestJSON:tearDownClass): 204 DELETE http://10.180.1.21/networking/v2.0/security-groups/9f7e2e64-71bd-4f1b-81cd-647ea3367afa 0.228s
2025-12-11 20:40:19.991 65880 INFO tempest.lib.common.rest_client [req-2ca50b00-ebdb-4c5e-9bdd-15dd39b61c75 req-2ca50b00-ebdb-4c5e-9bdd-15dd39b61c75 ] Request (InstanceUsageAuditLogNegativeTestJSON:tearDownClass): 204 DELETE http://10.180.1.21/identity/v3/projects/18578d0b3ad94b43b42e07c2badf813f 0.079s
2025-12-11 20:40:19.991 65880 INFO tempest.lib.common.dynamic_creds [-] Deleting project and security group for project: f2baa0bcb6dc4559a0a02eb111620395
2025-12-11 20:40:20.080 65886 INFO tempest.lib.common.rest_client [req-2a6a9c37-7837-45d7-84f3-73029c30ec6e req-2a6a9c37-7837-45d7-84f3-73029c30ec6e ] Request (VolumesAdminNegativeTest:setUpClass): 201 POST http://10.180.1.21/networking/v2.0/networks 0.434s
2025-12-11 20:40:20.112 65892 INFO tempest.lib.common.rest_client [req-5ae2436e-d7af-445e-a72e-d2420cb0489e req-5ae2436e-d7af-445e-a72e-d2420cb0489e ] Request (ServerMetadataTestJSON:setUpClass): 200 GET http://10.180.1.21/compute/v2.1/servers/374f58e1-d303-43d1-8da2-c48a850f148c 2.788s
2025-12-11 20:40:20.240 65880 INFO tempest.lib.common.rest_client [req-b068003e-6299-4735-b57d-1a25b111e1e2 req-b068003e-6299-4735-b57d-1a25b111e1e2 ] Request (InstanceUsageAuditLogNegativeTestJSON:tearDownClass): 200 GET http://10.180.1.21/networking/v2.0/security-groups?tenant_id=f2baa0bcb6dc4559a0a02eb111620395&name=default 0.248s
2025-12-11 20:40:20.378 65886 INFO tempest.lib.common.rest_client [req-7d70cbec-56cc-429d-9855-d1e9af9af5ac req-7d70cbec-56cc-429d-9855-d1e9af9af5ac ] Request (VolumesAdminNegativeTest:setUpClass): 201 POST http://10.180.1.21/networking/v2.0/subnets 0.297s
2025-12-11 20:40:20.406 65896 INFO tempest.lib.common.rest_client [req-8542670c-4b48-4ac6-944e-a1974af90105 req-8542670c-4b48-4ac6-944e-a1974af90105 ] Request (ImagesNegativeTestJSON:test_create_image_from_deleted_server): 200 GET http://10.180.1.21/compute/v2.1/servers/a5a6322a-8af0-46f7-814a-f8df0a056da3 2.989s
2025-12-11 20:40:20.451 65882 INFO tempest.lib.common.rest_client [req-6156a1b5-4718-428b-ae44-689c36eb949b req-6156a1b5-4718-428b-ae44-689c36eb949b ] Request (ImagesOneServerTestJSON:test_create_delete_image): 200 GET http://10.180.1.21/compute/v2.1/images/f155f8b7-1a29-435e-8739-b8199c0c970a 3.014s
2025-12-11 20:40:20.534 65880 INFO tempest.lib.common.rest_client [req-52e268fd-4ad2-42a6-9137-e790576a00a7 req-52e268fd-4ad2-42a6-9137-e790576a00a7 ] Request (InstanceUsageAuditLogNegativeTestJSON:tearDownClass): 204 DELETE http://10.180.1.21/networking/v2.0/security-groups/8cefdf49-b63d-4f66-a1ec-a13570a7d5bd 0.294s
2025-12-11 20:40:20.629 65880 INFO tempest.lib.common.rest_client [req-f0433b30-33f6-4476-8d0f-3a1cd334e2a5 req-f0433b30-33f6-4476-8d0f-3a1cd334e2a5 ] Request (InstanceUsageAuditLogNegativeTestJSON:tearDownClass): 204 DELETE http://10.180.1.21/identity/v3/projects/f2baa0bcb6dc4559a0a02eb111620395 0.094s
2025-12-11 20:40:20.687 65880 INFO tempest.lib.common.rest_client [req-b2e3c430-6b23-4546-b720-2314a179625a req-b2e3c430-6b23-4546-b720-2314a179625a ] Request (FloatingIPDetailsTestJSON:setUpClass): 201 POST http://10.180.1.21/identity/v3/auth/tokens 0.057s
2025-12-11 20:40:20.716 65880 INFO tempest.lib.common.rest_client [req-b81ecba8-1ab1-4185-92b2-767464e7dac7 req-b81ecba8-1ab1-4185-92b2-767464e7dac7 ] Request (FloatingIPDetailsTestJSON:setUpClass): 201 POST http://10.180.1.21/identity/v3/auth/tokens 0.026s
2025-12-11 20:40:20.751 65880 INFO tempest.lib.common.rest_client [req-38c83be0-dbbc-4dfc-b960-653223dcf646 req-38c83be0-dbbc-4dfc-b960-653223dcf646 ] Request (FloatingIPDetailsTestJSON:setUpClass): 200 GET http://10.180.1.21/identity/v3/domains?name=Default 0.034s
2025-12-11 20:40:20.781 65900 INFO tempest.lib.common.rest_client [req-df414971-50a3-4143-921d-7a9d432b496c req-df414971-50a3-4143-921d-7a9d432b496c ] Request (VolumesAssistedSnapshotsTest:test_volume_assisted_snapshot_create_delete): 200 GET http://10.180.1.21/volume/v3/volumes/0a308754-e39a-4063-9ad1-8960be244fc1 0.031s
2025-12-11 20:40:20.786 65880 INFO tempest.lib.common.rest_client [req-1d11d354-bb93-43b5-b2e9-55dca9ede12a req-1d11d354-bb93-43b5-b2e9-55dca9ede12a ] Request (FloatingIPDetailsTestJSON:setUpClass): 201 POST http://10.180.1.21/identity/v3/projects 0.034s
2025-12-11 20:40:20.787 65900 INFO tempest.common.waiters [-] Attachment b6633fbc-1e88-4eec-b93d-4a80313ef823 created for volume 0a308754-e39a-4063-9ad1-8960be244fc1 to server b7b297d4-296d-423e-a7fb-2a72ca2328ce after waiting for 7.787806 seconds
2025-12-11 20:40:20.814 65900 INFO tempest.lib.common.rest_client [req-d70fe1c6-f852-44ac-af90-ffe498cbe741 req-d70fe1c6-f852-44ac-af90-ffe498cbe741 ] Request (VolumesAssistedSnapshotsTest:test_volume_assisted_snapshot_create_delete): 200 GET http://10.180.1.21/volume/v3/volumes/0a308754-e39a-4063-9ad1-8960be244fc1 0.026s
2025-12-11 20:40:20.822 65900 INFO tempest.common.waiters [-] volume 0a308754-e39a-4063-9ad1-8960be244fc1 reached in-use after waiting for 0.822303 seconds
2025-12-11 20:40:20.880 65880 INFO tempest.lib.common.rest_client [req-669bcd23-4e3e-494d-ac40-7f6f01123049 req-669bcd23-4e3e-494d-ac40-7f6f01123049 ] Request (FloatingIPDetailsTestJSON:setUpClass): 201 POST http://10.180.1.21/identity/v3/users 0.094s
2025-12-11 20:40:20.907 65880 INFO tempest.lib.common.rest_client [req-0c762ecc-5ff4-4e1e-81bf-d21a9ff6e740 req-0c762ecc-5ff4-4e1e-81bf-d21a9ff6e740 ] Request (FloatingIPDetailsTestJSON:setUpClass): 200 GET http://10.180.1.21/identity/v3/roles 0.025s
2025-12-11 20:40:20.944 65880 INFO tempest.lib.common.rest_client [req-450c7fc2-4990-4b5e-8641-8ef1ee40fe02 req-450c7fc2-4990-4b5e-8641-8ef1ee40fe02 ] Request (FloatingIPDetailsTestJSON:setUpClass): 204 PUT http://10.180.1.21/identity/v3/projects/5073585e86324f2292727776deba2323/users/536e5da8badd4039a56a3ca232682f2e/roles/4f2c56d18e404064b296807da5332c1b 0.037s
2025-12-11 20:40:20.944 65880 INFO tempest.lib.common.dynamic_creds [-] Dynamic test user 536e5da8badd4039a56a3ca232682f2e is created with scope project and roles: ['member']
2025-12-11 20:40:20.945 65880 INFO tempest.lib.common.dynamic_creds [-] Acquired dynamic creds: credentials: Credentials: {'domain_id': 'default', 'domain_name': 'Default', 'username': 'tempest-FloatingIPDetailsTestJSON-716373268-project-member', 'project_domain_id': 'default', 'project_domain_name': 'Default', 'project_id': '5073585e86324f2292727776deba2323', 'project_name': 'tempest-FloatingIPDetailsTestJSON-716373268', 'tenant_id': '5073585e86324f2292727776deba2323', 'tenant_name': 'tempest-FloatingIPDetailsTestJSON-716373268', 'user_domain_id': 'default', 'user_domain_name': 'Default', 'user_id': '536e5da8badd4039a56a3ca232682f2e', 'system': None}, Network: None, Subnet: None, Router: None
2025-12-11 20:40:21.015 65880 INFO tempest.lib.common.rest_client [req-26d8c9c4-89a2-48d5-8a88-519fd6df7827 req-26d8c9c4-89a2-48d5-8a88-519fd6df7827 ] Request (FloatingIPDetailsTestJSON:setUpClass): 201 POST http://10.180.1.21/identity/v3/auth/tokens 0.071s
2025-12-11 20:40:21.305 65886 INFO tempest.lib.common.rest_client [req-6863d625-4a41-4939-b013-cbc67d47c493 req-6863d625-4a41-4939-b013-cbc67d47c493 ] Request (VolumesAdminNegativeTest:setUpClass): 201 POST http://10.180.1.21/networking/v2.0/routers 0.926s
2025-12-11 20:40:21.427 65924 INFO tempest.lib.common.rest_client [req-ec06dd15-da0d-413c-818e-b1f308652b02 req-ec06dd15-da0d-413c-818e-b1f308652b02 ] Request (ServersAaction247Test:tearDownClass): 200 GET http://10.180.1.21/compute/v2.1/servers/0f680675-7e8a-4f49-8b1b-f36cd09f5de2 3.984s
2025-12-11 20:40:21.680 65880 INFO tempest.lib.common.rest_client [req-24126142-fd09-4a38-81f2-197301c5bea5 req-24126142-fd09-4a38-81f2-197301c5bea5 ] Request (FloatingIPDetailsTestJSON:setUpClass): 201 POST http://10.180.1.21/networking/v2.0/networks 0.664s
2025-12-11 20:40:21.743 65918 INFO tempest.lib.common.rest_client [req-0e8fa274-3319-4baa-9c6a-870bd09d4701 req-0e8fa274-3319-4baa-9c6a-870bd09d4701 ] Request (SecurityGroupRulesNegativeTestJSON:test_create_security_group_rule_with_non_existent_id): 404 POST http://10.180.1.21/compute/v2.1/os-security-group-rules 4.231s
2025-12-11 20:40:21.952 65880 INFO tempest.lib.common.rest_client [req-a520a043-31f2-4674-8ff3-963eabd4a670 req-a520a043-31f2-4674-8ff3-963eabd4a670 ] Request (FloatingIPDetailsTestJSON:setUpClass): 201 POST http://10.180.1.21/networking/v2.0/subnets 0.271s
2025-12-11 20:40:22.123 65915 INFO tempest.lib.common.rest_client [req-bcdc9408-818e-4c73-985b-e3deba1bf9a9 req-bcdc9408-818e-4c73-985b-e3deba1bf9a9 ] Request (ServerGroupTestJSON:test_create_server_with_scheduler_hint_group): 202 POST http://10.180.1.21/compute/v2.1/servers 4.712s
2025-12-11 20:40:22.285 65926 WARNING tempest.lib.common.ssh [-] Failed to establish authenticated ssh connection to cirros@10.180.180.130 ([Errno None] Unable to connect to port 22 on 10.180.180.130). Number attempts: 1. Retry after 2 seconds.: paramiko.ssh_exception.NoValidConnectionsError: [Errno None] Unable to connect to port 22 on 10.180.180.130
2025-12-11 20:40:22.351 65888 WARNING tempest.lib.common.ssh [-] Failed to establish authenticated ssh connection to cirros@10.180.180.195 ([Errno None] Unable to connect to port 22 on 10.180.180.195). Number attempts: 1. Retry after 2 seconds.: paramiko.ssh_exception.NoValidConnectionsError: [Errno None] Unable to connect to port 22 on 10.180.180.195
2025-12-11 20:40:22.870 65886 INFO tempest.lib.common.rest_client [req-e667d195-c67c-4b4f-95e4-6b2a06a52cc1 req-e667d195-c67c-4b4f-95e4-6b2a06a52cc1 ] Request (VolumesAdminNegativeTest:setUpClass): 200 PUT http://10.180.1.21/networking/v2.0/routers/93fc9a6d-3f42-417e-a5f0-8e490105789b/add_router_interface 1.565s
2025-12-11 20:40:22.870 65886 INFO tempest.lib.common.dynamic_creds [-] Created isolated network resources for: credentials: Credentials: {'domain_id': 'default', 'domain_name': 'Default', 'username': 'tempest-VolumesAdminNegativeTest-414310525-project-member', 'project_domain_id': 'default', 'project_domain_name': 'Default', 'project_id': 'e9c4560999a1464fa186b9b8db75e1af', 'project_name': 'tempest-VolumesAdminNegativeTest-414310525', 'tenant_id': 'e9c4560999a1464fa186b9b8db75e1af', 'tenant_name': 'tempest-VolumesAdminNegativeTest-414310525', 'user_domain_id': 'default', 'user_domain_name': 'Default', 'user_id': 'b7a3966491b34f6a965cde0e0e5af3d9', 'system': None}, Network: {'id': 'b132108e-4978-4c25-8d18-3c08a6eb402b', 'name': 'tempest-VolumesAdminNegativeTest-169058206-network', 'tenant_id': 'e9c4560999a1464fa186b9b8db75e1af', 'project_id': 'e9c4560999a1464fa186b9b8db75e1af', 'admin_state_up': True, 'mtu': 8950, 'status': 'ACTIVE', 'subnets': [], 'shared': False, 'port_security_enabled': True, 'router:external': False, 'provider:network_type': 'vlan', 'provider:physical_network': 'default', 'provider:segmentation_id': 500, 'availability_zone_hints': [], 'availability_zones': [], 'ipv4_address_scope': None, 'ipv6_address_scope': None, 'description': '', 'tags': [], 'created_at': '2025-12-11T20:40:19Z', 'updated_at': '2025-12-11T20:40:20Z', 'revision_number': 1}, Subnet: {'id': '786b6f6f-53f5-491d-b428-dae1eab02cb7', 'name': 'tempest-VolumesAdminNegativeTest-169058206-subnet', 'tenant_id': 'e9c4560999a1464fa186b9b8db75e1af', 'network_id': 'b132108e-4978-4c25-8d18-3c08a6eb402b', 'ip_version': 4, 'subnetpool_id': None, 'enable_dhcp': True, 'ipv6_ra_mode': None, 'ipv6_address_mode': None, 'gateway_ip': '192.168.128.1', 'cidr': '192.168.128.0/28', 'allocation_pools': [{'start': '192.168.128.2', 'end': '192.168.128.14'}], 'host_routes': [], 'dns_nameservers': [], 'description': '', 'router:external': False, 'service_types': [], 'tags': [], 'created_at': '2025-12-11T20:40:20Z', 'updated_at': '2025-12-11T20:40:20Z', 'revision_number': 0, 'project_id': 'e9c4560999a1464fa186b9b8db75e1af'}, Router: {'id': '93fc9a6d-3f42-417e-a5f0-8e490105789b', 'name': 'tempest-VolumesAdminNegativeTest-169058206-router', 'tenant_id': 'e9c4560999a1464fa186b9b8db75e1af', 'admin_state_up': True, 'status': 'ACTIVE', 'external_gateway_info': {'network_id': '4d7a6f66-baf2-4757-b8d4-e9ab019ee258', 'external_fixed_ips': [{'subnet_id': 'e003770a-972a-4ca9-90bd-6c15d218ad34', 'ip_address': '10.180.180.181'}], 'enable_snat': True}, 'description': '', 'availability_zones': [], 'distributed': False, 'ha': False, 'availability_zone_hints': [], 'routes': [], 'flavor_id': None, 'tags': [], 'created_at': '2025-12-11T20:40:20Z', 'updated_at': '2025-12-11T20:40:20Z', 'revision_number': 2, 'project_id': 'e9c4560999a1464fa186b9b8db75e1af'}
2025-12-11 20:40:22.966 65886 INFO tempest.lib.common.rest_client [req-185cea5f-31db-44e6-943a-920149b891f6 req-185cea5f-31db-44e6-943a-920149b891f6 ] Request (VolumesAdminNegativeTest:setUpClass): 201 POST http://10.180.1.21/identity/v3/auth/tokens 0.092s
2025-12-11 20:40:23.006 65886 INFO tempest.lib.common.rest_client [req-85f48ae9-9ded-4a35-9937-f4b32fee48c5 req-85f48ae9-9ded-4a35-9937-f4b32fee48c5 ] Request (VolumesAdminNegativeTest:setUpClass): 201 POST http://10.180.1.21/identity/v3/projects 0.040s
2025-12-11 20:40:23.067 65886 INFO tempest.lib.common.rest_client [req-316da8a3-c762-49c8-b805-9b478ed63eea req-316da8a3-c762-49c8-b805-9b478ed63eea ] Request (VolumesAdminNegativeTest:setUpClass): 201 POST http://10.180.1.21/identity/v3/users 0.060s
2025-12-11 20:40:23.101 65886 INFO tempest.lib.common.rest_client [req-3699acc1-ad76-4482-a8a5-83f7c5ede8ed req-3699acc1-ad76-4482-a8a5-83f7c5ede8ed ] Request (VolumesAdminNegativeTest:setUpClass): 200 GET http://10.180.1.21/identity/v3/roles 0.034s
2025-12-11 20:40:23.133 65886 INFO tempest.lib.common.rest_client [req-75d8c29b-ae6e-490b-8f9d-317ed6459db0 req-75d8c29b-ae6e-490b-8f9d-317ed6459db0 ] Request (VolumesAdminNegativeTest:setUpClass): 204 PUT http://10.180.1.21/identity/v3/projects/90ddb34db95042b9b632a089288188b3/users/5dc0dce2f9b744b0b514a97a41941ee4/roles/8a8e8bfb7d494545b216e293034bd54b 0.031s
2025-12-11 20:40:23.185 65886 INFO tempest.lib.common.rest_client [req-b4cbea32-4479-4a7d-af54-5118a3158348 req-b4cbea32-4479-4a7d-af54-5118a3158348 ] Request (VolumesAdminNegativeTest:setUpClass): 200 GET http://10.180.1.21/identity/v3/roles 0.051s
2025-12-11 20:40:23.206 65880 INFO tempest.lib.common.rest_client [req-3812fce0-6ce3-4aa1-8c7a-64392c4ec00b req-3812fce0-6ce3-4aa1-8c7a-64392c4ec00b ] Request (FloatingIPDetailsTestJSON:setUpClass): 201 POST http://10.180.1.21/networking/v2.0/routers 1.253s
2025-12-11 20:40:23.214 65886 INFO tempest.lib.common.rest_client [req-46796ece-bad0-4e4e-831c-6c23ad913b4a req-46796ece-bad0-4e4e-831c-6c23ad913b4a ] Request (VolumesAdminNegativeTest:setUpClass): 204 PUT http://10.180.1.21/identity/v3/projects/90ddb34db95042b9b632a089288188b3/users/5dc0dce2f9b744b0b514a97a41941ee4/roles/8a8e8bfb7d494545b216e293034bd54b 0.028s
2025-12-11 20:40:23.214 65886 INFO tempest.lib.common.dynamic_creds [-] Dynamic test user 5dc0dce2f9b744b0b514a97a41941ee4 is created with scope project and roles: ['admin']
2025-12-11 20:40:23.214 65886 INFO tempest.lib.common.dynamic_creds [-] Acquired dynamic creds: credentials: Credentials: {'domain_id': 'default', 'domain_name': 'Default', 'username': 'tempest-VolumesAdminNegativeTest-1625363727-project-admin', 'project_domain_id': 'default', 'project_domain_name': 'Default', 'project_id': '90ddb34db95042b9b632a089288188b3', 'project_name': 'tempest-VolumesAdminNegativeTest-1625363727', 'tenant_id': '90ddb34db95042b9b632a089288188b3', 'tenant_name': 'tempest-VolumesAdminNegativeTest-1625363727', 'user_domain_id': 'default', 'user_domain_name': 'Default', 'user_id': '5dc0dce2f9b744b0b514a97a41941ee4', 'system': None}, Network: None, Subnet: None, Router: None
2025-12-11 20:40:23.243 65894 INFO tempest.lib.common.rest_client [req-130105fe-df67-4dcf-b1bf-2c4047e51f3c req-130105fe-df67-4dcf-b1bf-2c4047e51f3c ] Request (MigrationsAdminTest:test_list_migrations_in_flavor_resize_situation): 200 GET http://10.180.1.21/compute/v2.1/servers/1f1b1e4f-2411-4208-95a5-738c9a20304d 5.103s
2025-12-11 20:40:23.490 65902 INFO tempest.lib.common.rest_client [req-a0751c30-4832-450b-9229-f96aba38e02d req-a0751c30-4832-450b-9229-f96aba38e02d ] Request (ServersAdminNegativeTestJSON:test_migrate_server_invalid_state): 200 GET http://10.180.1.21/compute/v2.1/servers/3e9ba28b-0b8f-46c4-b8e5-a75ddeb2017e 5.172s
2025-12-11 20:40:23.507 65878 INFO tempest.lib.common.rest_client [req-2e120fa8-18f8-454c-b9b9-cf92304c9ae8 req-2e120fa8-18f8-454c-b9b9-cf92304c9ae8 ] Request (ImagesMetadataNegativeTestJSON:test_set_nonexistent_image_metadata): 404 PUT http://10.180.1.21/compute/v2.1/images/9356e5e0-b1ae-4ab5-bd2e-4ad416fd9228/metadata 5.161s
2025-12-11 20:40:23.514 65930 INFO tempest.lib.common.rest_client [req-87d8625a-69e1-4c7a-b658-1db340097f07 req-87d8625a-69e1-4c7a-b658-1db340097f07 ] Request (ServerMetadataNegativeTestJSON:test_set_server_metadata_missing_metadata): 400 PUT http://10.180.1.21/compute/v2.1/servers/dc11dd7e-8e1a-4f2b-8d68-18d1acf49b74/metadata 5.160s
2025-12-11 20:40:24.363 65880 INFO tempest.lib.common.rest_client [req-a7c6a65e-7513-49e2-8936-71de2513acd2 req-a7c6a65e-7513-49e2-8936-71de2513acd2 ] Request (FloatingIPDetailsTestJSON:setUpClass): 200 PUT http://10.180.1.21/networking/v2.0/routers/3f36d152-e4e7-40ff-b761-79e269f81729/add_router_interface 1.157s
2025-12-11 20:40:24.364 65880 INFO tempest.lib.common.dynamic_creds [-] Created isolated network resources for: credentials: Credentials: {'domain_id': 'default', 'domain_name': 'Default', 'username': 'tempest-FloatingIPDetailsTestJSON-716373268-project-member', 'project_domain_id': 'default', 'project_domain_name': 'Default', 'project_id': '5073585e86324f2292727776deba2323', 'project_name': 'tempest-FloatingIPDetailsTestJSON-716373268', 'tenant_id': '5073585e86324f2292727776deba2323', 'tenant_name': 'tempest-FloatingIPDetailsTestJSON-716373268', 'user_domain_id': 'default', 'user_domain_name': 'Default', 'user_id': '536e5da8badd4039a56a3ca232682f2e', 'system': None}, Network: {'id': '9f42e586-84dd-4d76-8b48-c18269447414', 'name': 'tempest-FloatingIPDetailsTestJSON-1504841578-network', 'tenant_id': '5073585e86324f2292727776deba2323', 'project_id': '5073585e86324f2292727776deba2323', 'admin_state_up': True, 'mtu': 8950, 'status': 'ACTIVE', 'subnets': [], 'shared': False, 'port_security_enabled': True, 'router:external': False, 'provider:network_type': 'vlan', 'provider:physical_network': 'default', 'provider:segmentation_id': 396, 'availability_zone_hints': [], 'availability_zones': [], 'ipv4_address_scope': None, 'ipv6_address_scope': None, 'description': '', 'tags': [], 'created_at': '2025-12-11T20:40:21Z', 'updated_at': '2025-12-11T20:40:21Z', 'revision_number': 1}, Subnet: {'id': '2d7ed8bd-1920-40ed-bac9-5a47c5b33f16', 'name': 'tempest-FloatingIPDetailsTestJSON-1504841578-subnet', 'tenant_id': '5073585e86324f2292727776deba2323', 'network_id': '9f42e586-84dd-4d76-8b48-c18269447414', 'ip_version': 4, 'subnetpool_id': None, 'enable_dhcp': True, 'ipv6_ra_mode': None, 'ipv6_address_mode': None, 'gateway_ip': '192.168.128.1', 'cidr': '192.168.128.0/28', 'allocation_pools': [{'start': '192.168.128.2', 'end': '192.168.128.14'}], 'host_routes': [], 'dns_nameservers': [], 'description': '', 'router:external': False, 'service_types': [], 'tags': [], 'created_at': '2025-12-11T20:40:21Z', 'updated_at': '2025-12-11T20:40:21Z', 'revision_number': 0, 'project_id': '5073585e86324f2292727776deba2323'}, Router: {'id': '3f36d152-e4e7-40ff-b761-79e269f81729', 'name': 'tempest-FloatingIPDetailsTestJSON-1504841578-router', 'tenant_id': '5073585e86324f2292727776deba2323', 'admin_state_up': True, 'status': 'ACTIVE', 'external_gateway_info': {'network_id': '4d7a6f66-baf2-4757-b8d4-e9ab019ee258', 'external_fixed_ips': [{'subnet_id': 'e003770a-972a-4ca9-90bd-6c15d218ad34', 'ip_address': '10.180.180.152'}], 'enable_snat': True}, 'description': '', 'availability_zones': [], 'distributed': False, 'ha': False, 'availability_zone_hints': [], 'routes': [], 'flavor_id': None, 'tags': [], 'created_at': '2025-12-11T20:40:22Z', 'updated_at': '2025-12-11T20:40:22Z', 'revision_number': 2, 'project_id': '5073585e86324f2292727776deba2323'}
2025-12-11 20:40:24.450 65880 INFO tempest.lib.common.rest_client [req-0e23415b-4b2c-47a0-b170-262b45a3246f req-0e23415b-4b2c-47a0-b170-262b45a3246f ] Request (FloatingIPDetailsTestJSON:setUpClass): 201 POST http://10.180.1.21/identity/v3/auth/tokens 0.082s
2025-12-11 20:40:24.538 65890 WARNING tempest.lib.common.ssh [-] Failed to establish authenticated ssh connection to cirros@10.180.180.139 ([Errno None] Unable to connect to port 22 on 10.180.180.139). Number attempts: 7. Retry after 8 seconds.: paramiko.ssh_exception.NoValidConnectionsError: [Errno None] Unable to connect to port 22 on 10.180.180.139
2025-12-11 20:40:24.561 65886 INFO tempest.lib.common.rest_client [req-83d02b66-72d3-4e65-a599-4a4e823e075e req-83d02b66-72d3-4e65-a599-4a4e823e075e ] Request (VolumesAdminNegativeTest:setUpClass): 201 POST http://10.180.1.21/networking/v2.0/networks 1.346s
2025-12-11 20:40:24.610 65904 INFO tempest.lib.common.rest_client [req-432655d9-e5b4-4732-88f4-a69c3fd4c816 req-432655d9-e5b4-4732-88f4-a69c3fd4c816 ] Request (ImagesOneServerNegativeTestJSON:setUpClass): 200 GET http://10.180.1.21/compute/v2.1/servers/a43d8718-ba57-43d8-b715-a7ac7896605c 6.286s
2025-12-11 20:40:24.856 65888 WARNING tempest.lib.common.ssh [-] Failed to establish authenticated ssh connection to cirros@10.180.180.195 ([Errno None] Unable to connect to port 22 on 10.180.180.195). Number attempts: 2. Retry after 3 seconds.: paramiko.ssh_exception.NoValidConnectionsError: [Errno None] Unable to connect to port 22 on 10.180.180.195
2025-12-11 20:40:24.885 65886 INFO tempest.lib.common.rest_client [req-c3d9970c-65c0-447c-9f33-0a25463878ec req-c3d9970c-65c0-447c-9f33-0a25463878ec ] Request (VolumesAdminNegativeTest:setUpClass): 201 POST http://10.180.1.21/networking/v2.0/subnets 0.322s
2025-12-11 20:40:24.925 65906 INFO tempest.lib.common.rest_client [req-10f2c4e5-45f5-443a-a198-69728cdfb6bf req-10f2c4e5-45f5-443a-a198-69728cdfb6bf ] Request (FloatingIPsAssociationTestJSON:test_associate_already_associated_floating_ip): 200 GET http://10.180.1.21/compute/v2.1/servers/84d0311a-fcb3-476c-ad08-7e3b0dfe3858 6.351s
2025-12-11 20:40:24.936 65906 INFO tempest.common.waiters [-] State transition "BUILD/spawning" ==> "ACTIVE/None" after 35 second wait
2025-12-11 20:40:24.962 65910 INFO tempest.lib.common.rest_client [req-522f09f2-45f8-46dc-b894-4108ef88793b req-522f09f2-45f8-46dc-b894-4108ef88793b ] Request (QuotaClassesAdmin257Test:_run_cleanups): 200 PUT http://10.180.1.21/compute/v2.1/os-quota-class-sets/default 5.994s
2025-12-11 20:40:25.118 65910 INFO tempest.lib.common.rest_client [req-e893bb51-2b8a-4cd0-8e1a-914af4d6b74f req-e893bb51-2b8a-4cd0-8e1a-914af4d6b74f ] Request (QuotaClassesAdmin257Test:tearDownClass): 204 DELETE http://10.180.1.21/identity/v3/users/47f089f781924de3802b6a85df814d11 0.151s
2025-12-11 20:40:25.210 65910 INFO tempest.lib.common.rest_client [req-20a99860-529a-43ee-985c-aa6772d159aa req-20a99860-529a-43ee-985c-aa6772d159aa ] Request (QuotaClassesAdmin257Test:tearDownClass): 204 DELETE http://10.180.1.21/identity/v3/users/6d5f87174aaf44e0b11ec47c4f228bbb 0.091s
2025-12-11 20:40:25.211 65910 INFO tempest.lib.common.dynamic_creds [-] Deleting project and security group for project: 140be9fee05243bcb60bf48c0bf96baf
2025-12-11 20:40:25.282 65910 INFO tempest.lib.common.rest_client [req-0542611f-e6b7-4a72-b539-a7da1623905f req-0542611f-e6b7-4a72-b539-a7da1623905f ] Request (QuotaClassesAdmin257Test:tearDownClass): 201 POST http://10.180.1.21/identity/v3/auth/tokens 0.071s
2025-12-11 20:40:25.357 65926 WARNING tempest.lib.common.ssh [-] Failed to establish authenticated ssh connection to cirros@10.180.180.130 ([Errno None] Unable to connect to port 22 on 10.180.180.130). Number attempts: 2. Retry after 3 seconds.: paramiko.ssh_exception.NoValidConnectionsError: [Errno None] Unable to connect to port 22 on 10.180.180.130
2025-12-11 20:40:25.741 65886 INFO tempest.lib.common.rest_client [req-1a2ec098-16ee-4481-a23f-02600fae5969 req-1a2ec098-16ee-4481-a23f-02600fae5969 ] Request (VolumesAdminNegativeTest:setUpClass): 201 POST http://10.180.1.21/networking/v2.0/routers 0.856s
2025-12-11 20:40:26.005 65910 INFO tempest.lib.common.rest_client [req-9f81c862-41ae-4420-925a-4b84f858f9ff req-9f81c862-41ae-4420-925a-4b84f858f9ff ] Request (QuotaClassesAdmin257Test:tearDownClass): 200 GET http://10.180.1.21/networking/v2.0/security-groups?tenant_id=140be9fee05243bcb60bf48c0bf96baf&name=default 0.722s
2025-12-11 20:40:26.947 65886 INFO tempest.lib.common.rest_client [req-0a7f095a-7f61-4899-92cd-64a62f277de2 req-0a7f095a-7f61-4899-92cd-64a62f277de2 ] Request (VolumesAdminNegativeTest:setUpClass): 200 PUT http://10.180.1.21/networking/v2.0/routers/dddf5ebe-2adf-41a5-814d-0e314c2c7239/add_router_interface 1.205s
2025-12-11 20:40:26.948 65886 INFO tempest.lib.common.dynamic_creds [-] Created isolated network resources for: credentials: Credentials: {'domain_id': 'default', 'domain_name': 'Default', 'username': 'tempest-VolumesAdminNegativeTest-1625363727-project-admin', 'project_domain_id': 'default', 'project_domain_name': 'Default', 'project_id': '90ddb34db95042b9b632a089288188b3', 'project_name': 'tempest-VolumesAdminNegativeTest-1625363727', 'tenant_id': '90ddb34db95042b9b632a089288188b3', 'tenant_name': 'tempest-VolumesAdminNegativeTest-1625363727', 'user_domain_id': 'default', 'user_domain_name': 'Default', 'user_id': '5dc0dce2f9b744b0b514a97a41941ee4', 'system': None}, Network: {'id': 'e165a27f-9b5d-433d-895d-94df18363860', 'name': 'tempest-VolumesAdminNegativeTest-1421141590-network', 'tenant_id': '90ddb34db95042b9b632a089288188b3', 'project_id': '90ddb34db95042b9b632a089288188b3', 'admin_state_up': True, 'mtu': 8950, 'status': 'ACTIVE', 'subnets': [], 'shared': False, 'port_security_enabled': True, 'router:external': False, 'provider:network_type': 'vlan', 'provider:physical_network': 'default', 'provider:segmentation_id': 68, 'availability_zone_hints': [], 'availability_zones': [], 'ipv4_address_scope': None, 'ipv6_address_scope': None, 'description': '', 'tags': [], 'created_at': '2025-12-11T20:40:24Z', 'updated_at': '2025-12-11T20:40:24Z', 'revision_number': 1}, Subnet: {'id': '52cc6ae0-ab80-474d-b1c1-de2d79ab7ef0', 'name': 'tempest-VolumesAdminNegativeTest-1421141590-subnet', 'tenant_id': '90ddb34db95042b9b632a089288188b3', 'network_id': 'e165a27f-9b5d-433d-895d-94df18363860', 'ip_version': 4, 'subnetpool_id': None, 'enable_dhcp': True, 'ipv6_ra_mode': None, 'ipv6_address_mode': None, 'gateway_ip': '192.168.128.1', 'cidr': '192.168.128.0/28', 'allocation_pools': [{'start': '192.168.128.2', 'end': '192.168.128.14'}], 'host_routes': [], 'dns_nameservers': [], 'description': '', 'router:external': False, 'service_types': [], 'tags': [], 'created_at': '2025-12-11T20:40:24Z', 'updated_at': '2025-12-11T20:40:24Z', 'revision_number': 0, 'project_id': '90ddb34db95042b9b632a089288188b3'}, Router: {'id': 'dddf5ebe-2adf-41a5-814d-0e314c2c7239', 'name': 'tempest-VolumesAdminNegativeTest-1421141590-router', 'tenant_id': '90ddb34db95042b9b632a089288188b3', 'admin_state_up': True, 'status': 'ACTIVE', 'external_gateway_info': {'network_id': '4d7a6f66-baf2-4757-b8d4-e9ab019ee258', 'external_fixed_ips': [{'subnet_id': 'e003770a-972a-4ca9-90bd-6c15d218ad34', 'ip_address': '10.180.180.128'}], 'enable_snat': True}, 'description': '', 'availability_zones': [], 'distributed': False, 'ha': False, 'availability_zone_hints': [], 'routes': [], 'flavor_id': None, 'tags': [], 'created_at': '2025-12-11T20:40:25Z', 'updated_at': '2025-12-11T20:40:25Z', 'revision_number': 2, 'project_id': '90ddb34db95042b9b632a089288188b3'}
2025-12-11 20:40:26.957 65910 INFO tempest.lib.common.rest_client [req-d90d1beb-8ec3-4f68-8c2e-4538df3b8856 req-d90d1beb-8ec3-4f68-8c2e-4538df3b8856 ] Request (QuotaClassesAdmin257Test:tearDownClass): 204 DELETE http://10.180.1.21/networking/v2.0/security-groups/bf70b16a-60eb-4b47-8abf-6b2e2ee16715 0.951s
2025-12-11 20:40:27.037 65910 INFO tempest.lib.common.rest_client [req-70a510d9-ea8f-44c3-8aea-b3e44c09291a req-70a510d9-ea8f-44c3-8aea-b3e44c09291a ] Request (QuotaClassesAdmin257Test:tearDownClass): 204 DELETE http://10.180.1.21/identity/v3/projects/140be9fee05243bcb60bf48c0bf96baf 0.080s
2025-12-11 20:40:27.038 65910 INFO tempest.lib.common.dynamic_creds [-] Deleting project and security group for project: 3a8787eecbbc46eb9902325950a93f12
2025-12-11 20:40:27.049 65886 INFO tempest.lib.common.rest_client [req-d6b81a04-a524-4698-a038-5fd86d5a25e6 req-d6b81a04-a524-4698-a038-5fd86d5a25e6 ] Request (VolumesAdminNegativeTest:setUpClass): 201 POST http://10.180.1.21/identity/v3/auth/tokens 0.097s
2025-12-11 20:40:27.068 65876 INFO tempest.lib.common.rest_client [req-1255e2d0-575c-4df0-86b1-268f491bc04a req-1255e2d0-575c-4df0-86b1-268f491bc04a ] Request (QuotasAdminNegativeTest:test_create_server_when_instances_quota_is_full): 403 POST http://10.180.1.21/compute/v2.1/servers 8.035s
2025-12-11 20:40:27.161 65886 INFO tempest.lib.common.rest_client [req-b54afa6d-0971-4c04-96bb-24e0fb728841 req-b54afa6d-0971-4c04-96bb-24e0fb728841 ] Request (VolumesAdminNegativeTest:setUpClass): 201 POST http://10.180.1.21/identity/v3/projects 0.112s
2025-12-11 20:40:27.178 65910 INFO tempest.lib.common.rest_client [req-6315fb82-83d9-47f5-8512-04ceff3e7361 req-6315fb82-83d9-47f5-8512-04ceff3e7361 ] Request (QuotaClassesAdmin257Test:tearDownClass): 200 GET http://10.180.1.21/networking/v2.0/security-groups?tenant_id=3a8787eecbbc46eb9902325950a93f12&name=default 0.140s
2025-12-11 20:40:27.214 65920 INFO tempest.lib.common.rest_client [req-75606e1e-8cfb-4ab8-96ed-d106b23f63f3 req-75606e1e-8cfb-4ab8-96ed-d106b23f63f3 ] Request (AttachVolumeTestJSON:test_attach_detach_volume): 200 GET http://10.180.1.21/compute/v2.1/servers/a243e3ee-708e-4ff2-bf61-1630601ce8c4 8.035s
2025-12-11 20:40:27.233 65886 INFO tempest.lib.common.rest_client [req-4710fd10-9aef-4618-9224-055d675802ec req-4710fd10-9aef-4618-9224-055d675802ec ] Request (VolumesAdminNegativeTest:setUpClass): 201 POST http://10.180.1.21/identity/v3/users 0.070s
2025-12-11 20:40:27.237 65908 INFO tempest.lib.common.rest_client [req-7a439a52-ee1e-45b9-bb0d-9fa323a626d8 req-7a439a52-ee1e-45b9-bb0d-9fa323a626d8 ] Request (ServersTestMultiNic:test_verify_multiple_nics_order): 202 POST http://10.180.1.21/compute/v2.1/servers 8.441s
2025-12-11 20:40:27.256 65886 INFO tempest.lib.common.rest_client [req-c5352eee-eb8a-475d-8ffb-f6966dca2daa req-c5352eee-eb8a-475d-8ffb-f6966dca2daa ] Request (VolumesAdminNegativeTest:setUpClass): 200 GET http://10.180.1.21/identity/v3/roles 0.023s
2025-12-11 20:40:27.320 65886 INFO tempest.lib.common.rest_client [req-9eac03ed-a2b0-4085-9310-b539ee3c4152 req-9eac03ed-a2b0-4085-9310-b539ee3c4152 ] Request (VolumesAdminNegativeTest:setUpClass): 204 PUT http://10.180.1.21/identity/v3/projects/89508828e7d54172b4d4f2ba4e49af73/users/13a7f0aa510c436f942e653ed43d22d0/roles/8a8e8bfb7d494545b216e293034bd54b 0.063s
2025-12-11 20:40:27.326 65910 INFO tempest.lib.common.rest_client [req-1031ad5d-642c-4bba-92f2-520043572829 req-1031ad5d-642c-4bba-92f2-520043572829 ] Request (QuotaClassesAdmin257Test:tearDownClass): 204 DELETE http://10.180.1.21/networking/v2.0/security-groups/12707d16-f049-414d-b8dc-04861a00977a 0.147s
2025-12-11 20:40:27.390 65886 INFO tempest.lib.common.rest_client [req-b49bb896-9df7-4a55-950f-becd46fd2537 req-b49bb896-9df7-4a55-950f-becd46fd2537 ] Request (VolumesAdminNegativeTest:setUpClass): 200 GET http://10.180.1.21/identity/v3/roles 0.070s
2025-12-11 20:40:27.405 65934 INFO tempest.lib.common.rest_client [req-ce6c9312-9a59-4931-b667-9a4bf9f26345 req-ce6c9312-9a59-4931-b667-9a4bf9f26345 ] Request (SecurityGroupsNegativeTestJSON:test_delete_the_default_security_group): 400 DELETE http://10.180.1.21/compute/v2.1/os-security-groups/3a23f9b0-e23c-4b2b-8d82-59d0ba41cbb0 8.025s
2025-12-11 20:40:27.432 65886 INFO tempest.lib.common.rest_client [req-ef9b78b0-d49c-46b3-94cb-f43c5144e159 req-ef9b78b0-d49c-46b3-94cb-f43c5144e159 ] Request (VolumesAdminNegativeTest:setUpClass): 204 PUT http://10.180.1.21/identity/v3/projects/89508828e7d54172b4d4f2ba4e49af73/users/13a7f0aa510c436f942e653ed43d22d0/roles/056e74cfd92d41f6b33047276a45baad 0.041s
2025-12-11 20:40:27.432 65886 INFO tempest.lib.common.dynamic_creds [-] Dynamic test user 13a7f0aa510c436f942e653ed43d22d0 is created with scope project and roles: ['admin', 'service']
2025-12-11 20:40:27.432 65886 INFO tempest.lib.common.dynamic_creds [-] Acquired dynamic creds: credentials: Credentials: {'domain_id': 'default', 'domain_name': 'Default', 'username': 'tempest-VolumesAdminNegativeTest-137662725-project', 'project_domain_id': 'default', 'project_domain_name': 'Default', 'project_id': '89508828e7d54172b4d4f2ba4e49af73', 'project_name': 'tempest-VolumesAdminNegativeTest-137662725', 'tenant_id': '89508828e7d54172b4d4f2ba4e49af73', 'tenant_name': 'tempest-VolumesAdminNegativeTest-137662725', 'user_domain_id': 'default', 'user_domain_name': 'Default', 'user_id': '13a7f0aa510c436f942e653ed43d22d0', 'system': None}, Network: None, Subnet: None, Router: None
2025-12-11 20:40:27.484 65910 INFO tempest.lib.common.rest_client [req-c66d06ac-5162-4ebd-be1b-b448d8bbf505 req-c66d06ac-5162-4ebd-be1b-b448d8bbf505 ] Request (QuotaClassesAdmin257Test:tearDownClass): 204 DELETE http://10.180.1.21/identity/v3/projects/3a8787eecbbc46eb9902325950a93f12 0.158s
2025-12-11 20:40:27.491 65898 INFO tempest.lib.common.rest_client [req-16274a4d-8551-4423-be14-e0a5a7223793 req-16274a4d-8551-4423-be14-e0a5a7223793 ] Request (DeleteServersAdminTestJSON:test_delete_server_while_in_error_state): 202 POST http://10.180.1.21/compute/v2.1/servers/8e41ba2a-b2be-4914-a2b5-c075cbdb7abd/action 8.057s
2025-12-11 20:40:27.575 65910 INFO tempest.lib.common.rest_client [req-26629aae-4fc4-4fa6-8226-7cc79d3d6e69 req-26629aae-4fc4-4fa6-8226-7cc79d3d6e69 ] Request (DeleteServersTestJSON:setUpClass): 201 POST http://10.180.1.21/identity/v3/auth/tokens 0.089s
2025-12-11 20:40:27.614 65910 INFO tempest.lib.common.rest_client [req-b1f39bb2-666c-4c39-87b7-baac840e8fcf req-b1f39bb2-666c-4c39-87b7-baac840e8fcf ] Request (DeleteServersTestJSON:setUpClass): 201 POST http://10.180.1.21/identity/v3/auth/tokens 0.036s
2025-12-11 20:40:27.647 65910 INFO tempest.lib.common.rest_client [req-827141ab-9d9c-41da-a144-5f4d744da6a1 req-827141ab-9d9c-41da-a144-5f4d744da6a1 ] Request (DeleteServersTestJSON:setUpClass): 200 GET http://10.180.1.21/identity/v3/domains?name=Default 0.032s
2025-12-11 20:40:27.685 65910 INFO tempest.lib.common.rest_client [req-fc6493ec-72be-48ae-a48b-4bc4c32c9d58 req-fc6493ec-72be-48ae-a48b-4bc4c32c9d58 ] Request (DeleteServersTestJSON:setUpClass): 201 POST http://10.180.1.21/identity/v3/projects 0.037s
2025-12-11 20:40:27.751 65886 INFO tempest.lib.common.rest_client [req-8b67cde0-2a62-4200-8964-ff4962eca6b2 req-8b67cde0-2a62-4200-8964-ff4962eca6b2 ] Request (VolumesAdminNegativeTest:setUpClass): 201 POST http://10.180.1.21/networking/v2.0/networks 0.318s
2025-12-11 20:40:27.763 65884 INFO tempest.lib.common.rest_client [req-83d0472e-e3c4-437f-8d61-9bc3cc4a9de2 req-83d0472e-e3c4-437f-8d61-9bc3cc4a9de2 ] Request (ServersTestJSON:setUpClass): 202 POST http://10.180.1.21/compute/v2.1/servers 8.560s
2025-12-11 20:40:27.808 65910 INFO tempest.lib.common.rest_client [req-21922a34-fb8e-4676-926a-00171ca3f81a req-21922a34-fb8e-4676-926a-00171ca3f81a ] Request (DeleteServersTestJSON:setUpClass): 201 POST http://10.180.1.21/identity/v3/users 0.122s
2025-12-11 20:40:27.837 65910 INFO tempest.lib.common.rest_client [req-9eddaeec-cbc7-4ece-b370-e0b6701f2761 req-9eddaeec-cbc7-4ece-b370-e0b6701f2761 ] Request (DeleteServersTestJSON:setUpClass): 200 GET http://10.180.1.21/identity/v3/roles 0.028s
2025-12-11 20:40:27.890 65910 INFO tempest.lib.common.rest_client [req-5ae69be9-431f-409e-8dd2-84491a7b722b req-5ae69be9-431f-409e-8dd2-84491a7b722b ] Request (DeleteServersTestJSON:setUpClass): 204 PUT http://10.180.1.21/identity/v3/projects/cfe94f4b0d2f4de1895c84e5463bc4ad/users/1afb2b5804ab40dba74f166ec8a37355/roles/4f2c56d18e404064b296807da5332c1b 0.053s
2025-12-11 20:40:27.891 65910 INFO tempest.lib.common.dynamic_creds [-] Dynamic test user 1afb2b5804ab40dba74f166ec8a37355 is created with scope project and roles: ['member']
2025-12-11 20:40:27.891 65910 INFO tempest.lib.common.dynamic_creds [-] Acquired dynamic creds: credentials: Credentials: {'domain_id': 'default', 'domain_name': 'Default', 'username': 'tempest-DeleteServersTestJSON-974395637-project-member', 'project_domain_id': 'default', 'project_domain_name': 'Default', 'project_id': 'cfe94f4b0d2f4de1895c84e5463bc4ad', 'project_name': 'tempest-DeleteServersTestJSON-974395637', 'tenant_id': 'cfe94f4b0d2f4de1895c84e5463bc4ad', 'tenant_name': 'tempest-DeleteServersTestJSON-974395637', 'user_domain_id': 'default', 'user_domain_name': 'Default', 'user_id': '1afb2b5804ab40dba74f166ec8a37355', 'system': None}, Network: None, Subnet: None, Router: None
