2025-12-11 20:40:09.938 65920 INFO tempest.lib.common.dynamic_creds [-] Created isolated network resources for: credentials: Credentials: {'domain_id': 'default', 'domain_name': 'Default', 'username': 'tempest-AttachVolumeTestJSON-1937207545-project-member', 'project_domain_id': 'default', 'project_domain_name': 'Default', 'project_id': 'acc0007ffce94b5f894ed55d88388eed', 'project_name': 'tempest-AttachVolumeTestJSON-1937207545', 'tenant_id': 'acc0007ffce94b5f894ed55d88388eed', 'tenant_name': 'tempest-AttachVolumeTestJSON-1937207545', 'user_domain_id': 'default', 'user_domain_name': 'Default', 'user_id': '989d4ee0aa8e4fb19ebc48aa89e2a1fb', 'system': None}, Network: {'id': 'e3872cb3-5fe5-4c4d-bb1a-6bcee4056e8f', 'name': 'tempest-AttachVolumeTestJSON-1990093516-network', 'tenant_id': 'acc0007ffce94b5f894ed55d88388eed', 'project_id': 'acc0007ffce94b5f894ed55d88388eed', 'admin_state_up': True, 'mtu': 8950, 'status': 'ACTIVE', 'subnets': [], 'shared': False, 'port_security_enabled': True, 'router:external': False, 'provider:network_type': 'vlan', 'provider:physical_network': 'default', 'provider:segmentation_id': 549, 'availability_zone_hints': [], 'availability_zones': [], 'ipv4_address_scope': None, 'ipv6_address_scope': None, 'description': '', 'tags': [], 'created_at': '2025-12-11T20:40:05Z', 'updated_at': '2025-12-11T20:40:05Z', 'revision_number': 1}, Subnet: {'id': 'ddfe2b9f-3ec5-42e3-8805-a58905bc9b7d', 'name': 'tempest-AttachVolumeTestJSON-1990093516-subnet', 'tenant_id': 'acc0007ffce94b5f894ed55d88388eed', 'network_id': 'e3872cb3-5fe5-4c4d-bb1a-6bcee4056e8f', 'ip_version': 4, 'subnetpool_id': None, 'enable_dhcp': True, 'ipv6_ra_mode': None, 'ipv6_address_mode': None, 'gateway_ip': '192.168.128.1', 'cidr': '192.168.128.0/28', 'allocation_pools': [{'start': '192.168.128.2', 'end': '192.168.128.14'}], 'host_routes': [], 'dns_nameservers': [], 'description': '', 'router:external': False, 'service_types': [], 'tags': [], 'created_at': '2025-12-11T20:40:06Z', 'updated_at': '2025-12-11T20:40:06Z', 'revision_number': 0, 'project_id': 'acc0007ffce94b5f894ed55d88388eed'}, Router: {'id': 'afa0ff74-558d-4077-9ee2-356a6a67a1c4', 'name': 'tempest-AttachVolumeTestJSON-1990093516-router', 'tenant_id': 'acc0007ffce94b5f894ed55d88388eed', 'admin_state_up': True, 'status': 'ACTIVE', 'external_gateway_info': {'network_id': '4d7a6f66-baf2-4757-b8d4-e9ab019ee258', 'external_fixed_ips': [{'subnet_id': 'e003770a-972a-4ca9-90bd-6c15d218ad34', 'ip_address': '10.180.180.234'}], 'enable_snat': True}, 'description': '', 'availability_zones': [], 'distributed': False, 'ha': False, 'availability_zone_hints': [], 'routes': [], 'flavor_id': None, 'tags': [], 'created_at': '2025-12-11T20:40:07Z', 'updated_at': '2025-12-11T20:40:07Z', 'revision_number': 2, 'project_id': 'acc0007ffce94b5f894ed55d88388eed'}
2025-12-11 20:40:10.009 65894 INFO tempest.lib.common.rest_client [req-e82af8a0-cc64-43d8-b9b8-f9e6514de048 req-e82af8a0-cc64-43d8-b9b8-f9e6514de048 ] Request (MigrationsAdminTest:test_list_migrations_in_flavor_resize_situation): 200 GET http://10.180.1.21/compute/v2.1/servers/1f1b1e4f-2411-4208-95a5-738c9a20304d 6.735s
2025-12-11 20:40:10.018 65894 INFO tempest.common.waiters [-] State transition "RESIZE/resize_migrated" ==> "VERIFY_RESIZE/None" after 30 second wait
2025-12-11 20:40:10.039 65920 INFO tempest.lib.common.rest_client [req-1e094d5d-f601-4355-96d8-c66297617ed4 req-1e094d5d-f601-4355-96d8-c66297617ed4 ] Request (AttachVolumeTestJSON:setUpClass): 201 POST http://10.180.1.21/identity/v3/auth/tokens 0.095s
2025-12-11 20:40:10.406 65934 INFO tempest.lib.common.rest_client [req-69dab845-7473-47e8-95ff-f32c83d4fdfd req-69dab845-7473-47e8-95ff-f32c83d4fdfd ] Request (SecurityGroupsNegativeTestJSON:setUpClass): 200 PUT http://10.180.1.21/networking/v2.0/routers/6d771d41-46d4-45ee-870b-2005c3cbde57/add_router_interface 2.115s
2025-12-11 20:40:10.406 65934 INFO tempest.lib.common.dynamic_creds [-] Created isolated network resources for: credentials: Credentials: {'domain_id': 'default', 'domain_name': 'Default', 'username': 'tempest-SecurityGroupsNegativeTestJSON-238229922-project-member', 'project_domain_id': 'default', 'project_domain_name': 'Default', 'project_id': '28e8926121de4fff9b66eeb146bfe631', 'project_name': 'tempest-SecurityGroupsNegativeTestJSON-238229922', 'tenant_id': '28e8926121de4fff9b66eeb146bfe631', 'tenant_name': 'tempest-SecurityGroupsNegativeTestJSON-238229922', 'user_domain_id': 'default', 'user_domain_name': 'Default', 'user_id': '7dd1372def384af9b8c329c12a2a6101', 'system': None}, Network: {'id': '53d99f02-9998-4d85-b328-3237c19d8915', 'name': 'tempest-SecurityGroupsNegativeTestJSON-2027279230-network', 'tenant_id': '28e8926121de4fff9b66eeb146bfe631', 'project_id': '28e8926121de4fff9b66eeb146bfe631', 'admin_state_up': True, 'mtu': 8950, 'status': 'ACTIVE', 'subnets': [], 'shared': False, 'port_security_enabled': True, 'router:external': False, 'provider:network_type': 'vlan', 'provider:physical_network': 'default', 'provider:segmentation_id': 215, 'availability_zone_hints': [], 'availability_zones': [], 'ipv4_address_scope': None, 'ipv6_address_scope': None, 'description': '', 'tags': [], 'created_at': '2025-12-11T20:40:05Z', 'updated_at': '2025-12-11T20:40:05Z', 'revision_number': 1}, Subnet: {'id': '7ac8ebf4-c741-43f5-8f6b-0e6966928c43', 'name': 'tempest-SecurityGroupsNegativeTestJSON-2027279230-subnet', 'tenant_id': '28e8926121de4fff9b66eeb146bfe631', 'network_id': '53d99f02-9998-4d85-b328-3237c19d8915', 'ip_version': 4, 'subnetpool_id': None, 'enable_dhcp': True, 'ipv6_ra_mode': None, 'ipv6_address_mode': None, 'gateway_ip': '192.168.128.1', 'cidr': '192.168.128.0/28', 'allocation_pools': [{'start': '192.168.128.2', 'end': '192.168.128.14'}], 'host_routes': [], 'dns_nameservers': [], 'description': '', 'router:external': False, 'service_types': [], 'tags': [], 'created_at': '2025-12-11T20:40:06Z', 'updated_at': '2025-12-11T20:40:06Z', 'revision_number': 0, 'project_id': '28e8926121de4fff9b66eeb146bfe631'}, Router: {'id': '6d771d41-46d4-45ee-870b-2005c3cbde57', 'name': 'tempest-SecurityGroupsNegativeTestJSON-2027279230-router', 'tenant_id': '28e8926121de4fff9b66eeb146bfe631', 'admin_state_up': True, 'status': 'ACTIVE', 'external_gateway_info': {'network_id': '4d7a6f66-baf2-4757-b8d4-e9ab019ee258', 'external_fixed_ips': [{'subnet_id': 'e003770a-972a-4ca9-90bd-6c15d218ad34', 'ip_address': '10.180.180.228'}], 'enable_snat': True}, 'description': '', 'availability_zones': [], 'distributed': False, 'ha': False, 'availability_zone_hints': [], 'routes': [], 'flavor_id': None, 'tags': [], 'created_at': '2025-12-11T20:40:07Z', 'updated_at': '2025-12-11T20:40:07Z', 'revision_number': 2, 'project_id': '28e8926121de4fff9b66eeb146bfe631'}
2025-12-11 20:40:10.443 65902 INFO tempest.lib.common.rest_client [req-7d26abae-b804-4a39-97e5-9d48d60d18be req-7d26abae-b804-4a39-97e5-9d48d60d18be ] Request (ServersAdminNegativeTestJSON:test_migrate_server_invalid_state): 200 GET http://10.180.1.21/compute/v2.1/servers/3e9ba28b-0b8f-46c4-b8e5-a75ddeb2017e 6.900s
2025-12-11 20:40:10.510 65934 INFO tempest.lib.common.rest_client [req-b6f75ebd-0c71-4c2e-ae8f-27b51f53696a req-b6f75ebd-0c71-4c2e-ae8f-27b51f53696a ] Request (SecurityGroupsNegativeTestJSON:setUpClass): 201 POST http://10.180.1.21/identity/v3/auth/tokens 0.101s
2025-12-11 20:40:10.523 65890 WARNING tempest.lib.common.ssh [-] Failed to establish authenticated ssh connection to cirros@10.180.180.139 ([Errno None] Unable to connect to port 22 on 10.180.180.139). Number attempts: 5. Retry after 6 seconds.: paramiko.ssh_exception.NoValidConnectionsError: [Errno None] Unable to connect to port 22 on 10.180.180.139
2025-12-11 20:40:10.646 65898 INFO tempest.lib.common.rest_client [req-8ec934be-75c2-44b3-be4f-af7fc05f6619 req-8ec934be-75c2-44b3-be4f-af7fc05f6619 ] Request (DeleteServersAdminTestJSON:test_delete_server_while_in_error_state): 200 GET http://10.180.1.21/compute/v2.1/servers/8e41ba2a-b2be-4914-a2b5-c075cbdb7abd 7.025s
2025-12-11 20:40:10.655 65898 INFO tempest.common.waiters [-] State transition "BUILD/None" ==> "BUILD/spawning" after 29 second wait
2025-12-11 20:40:10.701 65926 INFO tempest.lib.common.rest_client [req-6f2ea51c-234f-44cd-844f-1bd0572197d0 req-6f2ea51c-234f-44cd-844f-1bd0572197d0 ] Request (ServersV294TestFqdnHostnames:setUpClass): 200 GET http://10.180.1.21/compute/v2.1/servers/98d2a642-c420-4be2-b0dc-d68bd0c719e8 7.002s
2025-12-11 20:40:10.719 65926 INFO tempest.common.waiters [-] State transition "BUILD/spawning" ==> "ACTIVE/None" after 30 second wait
2025-12-11 20:40:10.752 65882 INFO tempest.lib.common.rest_client [req-6121a37e-b846-4245-9831-cc6d9c2f26d2 req-6121a37e-b846-4245-9831-cc6d9c2f26d2 ] Request (ImagesOneServerTestJSON:test_create_delete_image): 200 GET http://10.180.1.21/compute/v2.1/images/654a82f8-39e8-410c-9cd9-59356356554b 7.002s
2025-12-11 20:40:10.891 65918 INFO tempest.lib.common.rest_client [req-84497154-0b05-4d2d-834a-0dc51700a81f req-84497154-0b05-4d2d-834a-0dc51700a81f ] Request (SecurityGroupRulesNegativeTestJSON:test_create_security_group_rule_with_invalid_port_range): 400 POST http://10.180.1.21/compute/v2.1/os-security-group-rules 7.073s
2025-12-11 20:40:10.922 65874 INFO tempest.lib.common.rest_client [req-558f9008-9aa1-4a2a-9871-0e099b866a77 req-558f9008-9aa1-4a2a-9871-0e099b866a77 ] Request (AggregatesAdminNegativeTestJSON:_run_cleanups): 200 DELETE http://10.180.1.21/compute/v2.1/os-aggregates/6 7.098s
2025-12-11 20:40:10.929 65892 INFO tempest.lib.common.rest_client [req-49ea033e-0230-4085-b56c-d9f2a0ed4d74 req-49ea033e-0230-4085-b56c-d9f2a0ed4d74 ] Request (ServerMetadataTestJSON:setUpClass): 200 GET http://10.180.1.21/compute/v2.1/servers/374f58e1-d303-43d1-8da2-c48a850f148c 7.190s
2025-12-11 20:40:10.940 65892 INFO tempest.common.waiters [-] State transition "BUILD/None" ==> "BUILD/spawning" after 23 second wait
2025-12-11 20:40:10.959 65884 INFO tempest.lib.common.rest_client [req-be63f28c-5882-4159-8ed4-633cbafa91e7 req-be63f28c-5882-4159-8ed4-633cbafa91e7 ] Request (TenantUsagesTestJSON:tearDownClass): 404 GET http://10.180.1.21/compute/v2.1/servers/5d94d73a-b608-41af-85b9-54cd30648433 7.109s
2025-12-11 20:40:10.992 65872 INFO tempest.lib.common.rest_client [req-b435bcb8-bb9c-4737-b87e-81fe1c08b17f req-b435bcb8-bb9c-4737-b87e-81fe1c08b17f ] Request (ListImageFiltersTestJSON:setUpClass): 200 GET http://10.180.1.21/compute/v2.1/servers/3982cdc3-6c14-4707-a20b-66d46606e155 7.138s
2025-12-11 20:40:11.081 65915 INFO tempest.lib.common.rest_client [req-2d84a72e-d835-4239-9c37-5646f38f343b req-2d84a72e-d835-4239-9c37-5646f38f343b ] Request (ServerGroupTestJSON:test_create_delete_server_group_with_anti_affinity_policy): 200 POST http://10.180.1.21/compute/v2.1/os-server-groups 7.175s
2025-12-11 20:40:11.096 65916 INFO tempest.lib.common.rest_client [req-b876418e-51eb-4528-8b99-d68f8bb20a60 req-b876418e-51eb-4528-8b99-d68f8bb20a60 ] Request (ListServersNegativeTestJSON:setUpClass): 204 DELETE http://10.180.1.21/compute/v2.1/servers/97e0f765-1915-4356-8242-e92e85a3a219 7.228s
2025-12-11 20:40:11.118 65884 INFO tempest.lib.common.rest_client [req-19efd5f1-37c5-4464-9018-b4b3d2d9ffcb req-19efd5f1-37c5-4464-9018-b4b3d2d9ffcb ] Request (TenantUsagesTestJSON:tearDownClass): 204 DELETE http://10.180.1.21/identity/v3/users/84c2b8392b014ebcad4762253f682d65 0.158s
2025-12-11 20:40:11.269 65884 INFO tempest.lib.common.rest_client [req-fd60ec59-e61d-455f-8f1f-86c7c4b6b1af req-fd60ec59-e61d-455f-8f1f-86c7c4b6b1af ] Request (TenantUsagesTestJSON:tearDownClass): 204 DELETE http://10.180.1.21/identity/v3/users/6bf6d802c9824425a697e720bce5c8ae 0.150s
2025-12-11 20:40:11.269 65884 INFO tempest.lib.common.dynamic_creds [-] Deleting project and security group for project: 0ad60574484f432194795eb36a86152f
2025-12-11 20:40:11.335 65884 INFO tempest.lib.common.rest_client [req-acff2451-41e9-4c0d-9c36-7268a186ad84 req-acff2451-41e9-4c0d-9c36-7268a186ad84 ] Request (TenantUsagesTestJSON:tearDownClass): 201 POST http://10.180.1.21/identity/v3/auth/tokens 0.066s
2025-12-11 20:40:11.470 65908 INFO tempest.lib.common.rest_client [req-258d4134-9e97-4c2a-8247-55869fdcde40 req-258d4134-9e97-4c2a-8247-55869fdcde40 ] Request (ServersTestMultiNic:_run_cleanups): 200 GET http://10.180.1.21/compute/v2.1/servers/cd712f66-1868-46f8-ac42-f85fec1401e5 7.508s
2025-12-11 20:40:11.664 65884 INFO tempest.lib.common.rest_client [req-e65a6620-405f-4937-b231-095c6775d9e9 req-e65a6620-405f-4937-b231-095c6775d9e9 ] Request (TenantUsagesTestJSON:tearDownClass): 200 GET http://10.180.1.21/networking/v2.0/security-groups?tenant_id=0ad60574484f432194795eb36a86152f&name=default 0.328s
2025-12-11 20:40:11.743 65924 INFO tempest.lib.common.rest_client [req-39c4349a-958b-45db-af42-4ab023a2695e req-39c4349a-958b-45db-af42-4ab023a2695e ] Request (ServersAaction247Test:tearDownClass): 200 GET http://10.180.1.21/compute/v2.1/servers/0f680675-7e8a-4f49-8b1b-f36cd09f5de2 7.509s
2025-12-11 20:40:11.754 65924 INFO tempest.common.waiters [-] State transition "ACTIVE/deleting" ==> "DELETED/None" after 8 second wait
2025-12-11 20:40:11.894 65884 INFO tempest.lib.common.rest_client [req-95ab06b8-5d7b-4f34-b59a-e54118df15af req-95ab06b8-5d7b-4f34-b59a-e54118df15af ] Request (TenantUsagesTestJSON:tearDownClass): 204 DELETE http://10.180.1.21/networking/v2.0/security-groups/cae7f94d-c037-4296-8a8e-1b7ea7ee2e23 0.227s
2025-12-11 20:40:11.958 65896 INFO tempest.lib.common.rest_client [req-75a41c35-b61e-4c39-bfe6-a89289369259 req-75a41c35-b61e-4c39-bfe6-a89289369259 ] Request (ImagesNegativeTestJSON:test_create_image_from_deleted_server): 200 GET http://10.180.1.21/compute/v2.1/servers/a5a6322a-8af0-46f7-814a-f8df0a056da3 7.545s
2025-12-11 20:40:11.969 65884 INFO tempest.lib.common.rest_client [req-e0e1c051-c982-4507-8471-5b7ebdcfc8d3 req-e0e1c051-c982-4507-8471-5b7ebdcfc8d3 ] Request (TenantUsagesTestJSON:tearDownClass): 204 DELETE http://10.180.1.21/identity/v3/projects/0ad60574484f432194795eb36a86152f 0.073s
2025-12-11 20:40:11.969 65884 INFO tempest.lib.common.dynamic_creds [-] Deleting project and security group for project: dbda19d06d134bd98d0ed3c53b1a8b86
2025-12-11 20:40:12.000 65884 INFO tempest.lib.common.rest_client [req-3edd51a5-98e7-451a-a034-bd0b12ba642c req-3edd51a5-98e7-451a-a034-bd0b12ba642c ] Request (TenantUsagesTestJSON:tearDownClass): 200 GET http://10.180.1.21/networking/v2.0/security-groups?tenant_id=dbda19d06d134bd98d0ed3c53b1a8b86&name=default 0.030s
2025-12-11 20:40:12.114 65884 INFO tempest.lib.common.rest_client [req-d4366394-289e-40dc-9632-57c25234efbc req-d4366394-289e-40dc-9632-57c25234efbc ] Request (TenantUsagesTestJSON:tearDownClass): 204 DELETE http://10.180.1.21/networking/v2.0/security-groups/1e75183e-c1c1-4304-8c40-395a6ff141cd 0.114s
2025-12-11 20:40:12.233 65884 INFO tempest.lib.common.rest_client [req-02f7f3a9-ae43-413e-9c2d-7bd6248b5c42 req-02f7f3a9-ae43-413e-9c2d-7bd6248b5c42 ] Request (TenantUsagesTestJSON:tearDownClass): 204 DELETE http://10.180.1.21/identity/v3/projects/dbda19d06d134bd98d0ed3c53b1a8b86 0.118s
2025-12-11 20:40:12.334 65884 INFO tempest.lib.common.rest_client [req-d9f75433-95fa-4c9c-87f9-dbec0359fe5c req-d9f75433-95fa-4c9c-87f9-dbec0359fe5c ] Request (ServersTestJSON:setUpClass): 201 POST http://10.180.1.21/identity/v3/auth/tokens 0.099s
2025-12-11 20:40:12.375 65884 INFO tempest.lib.common.rest_client [req-d60db603-b6ea-4343-8c1a-d55a55053102 req-d60db603-b6ea-4343-8c1a-d55a55053102 ] Request (ServersTestJSON:setUpClass): 201 POST http://10.180.1.21/identity/v3/auth/tokens 0.039s
2025-12-11 20:40:12.408 65884 INFO tempest.lib.common.rest_client [req-af66a295-4e52-4038-bf1a-a56a76a49d9e req-af66a295-4e52-4038-bf1a-a56a76a49d9e ] Request (ServersTestJSON:setUpClass): 200 GET http://10.180.1.21/identity/v3/domains?name=Default 0.032s
2025-12-11 20:40:12.445 65884 INFO tempest.lib.common.rest_client [req-f66a0e38-e02d-4d83-8470-662a09d7525a req-f66a0e38-e02d-4d83-8470-662a09d7525a ] Request (ServersTestJSON:setUpClass): 201 POST http://10.180.1.21/identity/v3/projects 0.035s
2025-12-11 20:40:12.486 65912 INFO tempest.lib.common.rest_client [req-3aef5118-d78c-4d08-acba-8691743b8785 req-3aef5118-d78c-4d08-acba-8691743b8785 ] Request (ServersTestManualDisk:setUpClass): 202 POST http://10.180.1.21/compute/v2.1/servers 7.400s
2025-12-11 20:40:12.563 65884 INFO tempest.lib.common.rest_client [req-716dfb58-a190-4b88-9095-e9ff9344142f req-716dfb58-a190-4b88-9095-e9ff9344142f ] Request (ServersTestJSON:setUpClass): 201 POST http://10.180.1.21/identity/v3/users 0.118s
2025-12-11 20:40:12.592 65884 INFO tempest.lib.common.rest_client [req-adf1b297-8e31-431d-9d3c-0155636243ca req-adf1b297-8e31-431d-9d3c-0155636243ca ] Request (ServersTestJSON:setUpClass): 200 GET http://10.180.1.21/identity/v3/roles 0.028s
2025-12-11 20:40:12.630 65884 INFO tempest.lib.common.rest_client [req-ab51e824-86cd-46ea-8bb9-09e02be62343 req-ab51e824-86cd-46ea-8bb9-09e02be62343 ] Request (ServersTestJSON:setUpClass): 204 PUT http://10.180.1.21/identity/v3/projects/3bfdfa3be65b43a0a82c98291d93e1a4/users/14aaf74cb93741589a3be72efe6c07bd/roles/4f2c56d18e404064b296807da5332c1b 0.037s
2025-12-11 20:40:12.630 65884 INFO tempest.lib.common.dynamic_creds [-] Dynamic test user 14aaf74cb93741589a3be72efe6c07bd is created with scope project and roles: ['member']
2025-12-11 20:40:12.631 65884 INFO tempest.lib.common.dynamic_creds [-] Acquired dynamic creds: credentials: Credentials: {'domain_id': 'default', 'domain_name': 'Default', 'username': 'tempest-ServersTestJSON-2037169923-project-member', 'project_domain_id': 'default', 'project_domain_name': 'Default', 'project_id': '3bfdfa3be65b43a0a82c98291d93e1a4', 'project_name': 'tempest-ServersTestJSON-2037169923', 'tenant_id': '3bfdfa3be65b43a0a82c98291d93e1a4', 'tenant_name': 'tempest-ServersTestJSON-2037169923', 'user_domain_id': 'default', 'user_domain_name': 'Default', 'user_id': '14aaf74cb93741589a3be72efe6c07bd', 'system': None}, Network: None, Subnet: None, Router: None
2025-12-11 20:40:12.644 65878 INFO tempest.lib.common.rest_client [req-9af569d8-25e9-447f-9e0c-8fcb0269ea87 req-9af569d8-25e9-447f-9e0c-8fcb0269ea87 ] Request (ImagesMetadataNegativeTestJSON:test_delete_nonexistent_image_metadata_item): 404 DELETE http://10.180.1.21/compute/v2.1/images/64c27c21-f885-4f14-86d0-1671da8f02b1/metadata/os_distro 6.743s
2025-12-11 20:40:12.733 65884 INFO tempest.lib.common.rest_client [req-e06580bf-10bf-48dc-beb2-84889f917c44 req-e06580bf-10bf-48dc-beb2-84889f917c44 ] Request (ServersTestJSON:setUpClass): 201 POST http://10.180.1.21/identity/v3/auth/tokens 0.102s
2025-12-11 20:40:13.172 65884 INFO tempest.lib.common.rest_client [req-34698103-3781-49ee-a94e-2a0b4f85003b req-34698103-3781-49ee-a94e-2a0b4f85003b ] Request (ServersTestJSON:setUpClass): 201 POST http://10.180.1.21/networking/v2.0/networks 0.438s
2025-12-11 20:40:13.217 65888 INFO tempest.lib.common.rest_client [req-e452ad5b-2a0b-4dc2-a44d-24c0a389526b req-e452ad5b-2a0b-4dc2-a44d-24c0a389526b ] Request (ServersWithSpecificFlavorTestJSON:test_verify_created_server_ephemeral_disk): 200 GET http://10.180.1.21/compute/v2.1/servers/ce8a0403-ac21-435a-8ff2-ac8e2b3ea45b 7.232s
2025-12-11 20:40:13.229 65888 INFO tempest.common.waiters [-] State transition "BUILD/spawning" ==> "ACTIVE/None" after 33 second wait
2025-12-11 20:40:13.318 65900 INFO tempest.lib.common.rest_client [req-faaeffa9-5f8a-4aea-89f5-96a501bda28e req-faaeffa9-5f8a-4aea-89f5-96a501bda28e ] Request (VolumesAssistedSnapshotsTest:test_volume_assisted_snapshot_create_delete): 200 POST http://10.180.1.21/compute/v2.1/servers/b7b297d4-296d-423e-a7fb-2a72ca2328ce/os-volume_attachments 9.259s
2025-12-11 20:40:13.355 65900 INFO tempest.lib.common.rest_client [req-a6d91575-a962-4a5b-a92f-f478a400fc28 req-a6d91575-a962-4a5b-a92f-f478a400fc28 ] Request (VolumesAssistedSnapshotsTest:test_volume_assisted_snapshot_create_delete): 200 GET http://10.180.1.21/volume/v3/volumes/0a308754-e39a-4063-9ad1-8960be244fc1 0.036s
2025-12-11 20:40:13.363 65930 INFO tempest.lib.common.rest_client [req-8324f29a-40cd-48b2-8a7b-a27355e11c47 req-8324f29a-40cd-48b2-8a7b-a27355e11c47 ] Request (ServerMetadataNegativeTestJSON:test_set_metadata_invalid_key): 400 PUT http://10.180.1.21/compute/v2.1/servers/dc11dd7e-8e1a-4f2b-8d68-18d1acf49b74/metadata/key 6.934s
2025-12-11 20:40:13.419 65876 INFO tempest.lib.common.rest_client [req-94970cb0-4101-42e0-8af2-6cba0c929b31 req-94970cb0-4101-42e0-8af2-6cba0c929b31 ] Request (QuotasAdminNegativeTest:_run_cleanups): 200 PUT http://10.180.1.21/compute/v2.1/os-quota-sets/61d789c6f2914766a1faab540c6a9e6e 7.002s
2025-12-11 20:40:13.473 65884 INFO tempest.lib.common.rest_client [req-beac64f1-a865-4f4b-be14-7a1b70815cdc req-beac64f1-a865-4f4b-be14-7a1b70815cdc ] Request (ServersTestJSON:setUpClass): 201 POST http://10.180.1.21/networking/v2.0/subnets 0.300s
2025-12-11 20:40:13.503 65928 INFO tempest.lib.common.rest_client [req-007347db-1b82-49f6-8fcb-5d3baafbd1de req-007347db-1b82-49f6-8fcb-5d3baafbd1de ] Request (ServersAdmin275Test:test_rebuild_update_server_275): 200 GET http://10.180.1.21/compute/v2.1/servers/01243d26-24f5-4d6f-9bb8-f13d65660b21 6.771s
2025-12-11 20:40:13.517 65928 INFO tempest.common.waiters [-] State transition "REBUILD/rebuilding" ==> "ACTIVE/None" after 8 second wait
2025-12-11 20:40:13.524 65886 INFO tempest.lib.common.rest_client [req-2a2097b5-7170-4c54-bd94-9c7a558a5139 req-2a2097b5-7170-4c54-bd94-9c7a558a5139 ] Request (ServerDiagnosticsNegativeTest:tearDownClass): 200 GET http://10.180.1.21/compute/v2.1/servers/e0e8ccc1-e53a-4dcd-be26-0ff273c3c9fc 5.948s
2025-12-11 20:40:13.651 65910 INFO tempest.lib.common.rest_client [req-87cb7a0d-338a-4841-9bc8-b405281ac4f6 req-87cb7a0d-338a-4841-9bc8-b405281ac4f6 ] Request (QuotaClassesAdmin257Test:test_update_default_quotas): 200 GET http://10.180.1.21/compute/v2.1/os-quota-class-sets/default 5.097s
2025-12-11 20:40:13.771 65906 INFO tempest.lib.common.rest_client [req-977ad608-6e2d-4d81-a9dd-27d2a389e98b req-977ad608-6e2d-4d81-a9dd-27d2a389e98b ] Request (FloatingIPsAssociationTestJSON:test_associate_already_associated_floating_ip): 200 GET http://10.180.1.21/compute/v2.1/servers/84d0311a-fcb3-476c-ad08-7e3b0dfe3858 5.239s
2025-12-11 20:40:13.782 65906 INFO tempest.common.waiters [-] State transition "BUILD/None" ==> "BUILD/spawning" after 24 second wait
2025-12-11 20:40:13.883 65880 INFO tempest.lib.common.rest_client [req-ff86e58e-a8aa-475e-b203-9d4dc0369105 req-ff86e58e-a8aa-475e-b203-9d4dc0369105 ] Request (InstanceUsageAuditLogNegativeTestJSON:test_get_instance_usage_audit_logs_with_invalid_time): 400 GET http://10.180.1.21/compute/v2.1/os-instance_usage_audit_log/invalid_time 4.278s
2025-12-11 20:40:13.982 65894 INFO tempest.lib.common.rest_client [req-69832794-b3d3-472d-9e7c-f1e3be85af4a req-69832794-b3d3-472d-9e7c-f1e3be85af4a ] Request (MigrationsAdminTest:test_list_migrations_in_flavor_resize_situation): 204 POST http://10.180.1.21/compute/v2.1/servers/1f1b1e4f-2411-4208-95a5-738c9a20304d/action 3.963s
2025-12-11 20:40:14.137 65920 INFO tempest.lib.common.rest_client [req-9eb94b39-2572-4799-b590-a0ecdc657317 req-9eb94b39-2572-4799-b590-a0ecdc657317 ] Request (ValidationResourcesFixture:setUp): 200 POST http://10.180.1.21/compute/v2.1/os-keypairs 4.095s
2025-12-11 20:40:14.372 65884 INFO tempest.lib.common.rest_client [req-f7d8fcca-64b7-42f8-aba8-5b2506a897c2 req-f7d8fcca-64b7-42f8-aba8-5b2506a897c2 ] Request (ServersTestJSON:setUpClass): 201 POST http://10.180.1.21/networking/v2.0/routers 0.898s
2025-12-11 20:40:14.415 65900 INFO tempest.lib.common.rest_client [req-f8d95f98-3c48-4864-9c53-e3bdf96e8c0d req-f8d95f98-3c48-4864-9c53-e3bdf96e8c0d ] Request (VolumesAssistedSnapshotsTest:test_volume_assisted_snapshot_create_delete): 200 GET http://10.180.1.21/volume/v3/volumes/0a308754-e39a-4063-9ad1-8960be244fc1 0.047s
2025-12-11 20:40:14.457 65934 INFO tempest.lib.common.rest_client [req-8f522de7-ec85-4ce3-8753-68787bfad70f req-8f522de7-ec85-4ce3-8753-68787bfad70f ] Request (SecurityGroupsNegativeTestJSON:test_delete_nonexistent_security_group): 404 DELETE http://10.180.1.21/compute/v2.1/os-security-groups/9dcaf393-b3a4-4fea-aa30-172cf4e3ae50 3.945s
2025-12-11 20:40:14.494 65920 INFO tempest.lib.common.rest_client [req-6e89f2c4-3be9-482b-958e-d1c5376f9496 req-6e89f2c4-3be9-482b-958e-d1c5376f9496 ] Request (ValidationResourcesFixture:setUp): 201 POST http://10.180.1.21/networking/v2.0/security-groups 0.355s
2025-12-11 20:40:14.637 65904 INFO tempest.lib.common.rest_client [req-56bef1b0-3f0d-40e9-b876-1a6005e00c0a req-56bef1b0-3f0d-40e9-b876-1a6005e00c0a ] Request (ImagesOneServerNegativeTestJSON:setUpClass): 202 POST http://10.180.1.21/compute/v2.1/servers 5.034s
2025-12-11 20:40:14.676 65920 INFO tempest.lib.common.rest_client [req-006b9800-f92d-4183-aa70-9cfae1f63eb8 req-006b9800-f92d-4183-aa70-9cfae1f63eb8 ] Request (ValidationResourcesFixture:setUp): 201 POST http://10.180.1.21/networking/v2.0/security-group-rules 0.181s
2025-12-11 20:40:14.681 65882 INFO tempest.lib.common.rest_client [req-b6ab4872-8bbc-46c0-b0c4-f1e5e581c1f3 req-b6ab4872-8bbc-46c0-b0c4-f1e5e581c1f3 ] Request (ImagesOneServerTestJSON:test_create_delete_image): 200 GET http://10.180.1.21/compute/v2.1/images/654a82f8-39e8-410c-9cd9-59356356554b 3.925s
2025-12-11 20:40:14.733 65926 INFO tempest.lib.common.rest_client [req-8cbdada6-f2f9-4727-8bf4-6e40de5a6748 req-8cbdada6-f2f9-4727-8bf4-6e40de5a6748 ] Request (ServersV294TestFqdnHostnames:setUpClass): 200 GET http://10.180.1.21/compute/v2.1/servers/98d2a642-c420-4be2-b0dc-d68bd0c719e8/os-interface 4.013s
2025-12-11 20:40:14.748 65874 INFO tempest.lib.common.rest_client [req-0ff643fc-99ef-49c3-8f62-cef171cb2c5f req-0ff643fc-99ef-49c3-8f62-cef171cb2c5f ] Request (AggregatesAdminNegativeTestJSON:test_aggregate_get_details_with_invalid_id): 404 GET http://10.180.1.21/compute/v2.1/os-aggregates/-1 3.825s
2025-12-11 20:40:14.777 65915 INFO tempest.lib.common.rest_client [req-e053419d-cd8c-4b91-812c-606788b4c216 req-e053419d-cd8c-4b91-812c-606788b4c216 ] Request (ServerGroupTestJSON:test_create_delete_server_group_with_anti_affinity_policy): 204 DELETE http://10.180.1.21/compute/v2.1/os-server-groups/12102e3d-2ceb-4cc2-8430-3e742aecaeb2 3.693s
2025-12-11 20:40:14.908 65920 INFO tempest.lib.common.rest_client [req-4457154c-d920-46b4-adfc-b2f3bba5f0d4 req-4457154c-d920-46b4-adfc-b2f3bba5f0d4 ] Request (ValidationResourcesFixture:setUp): 201 POST http://10.180.1.21/networking/v2.0/security-group-rules 0.231s
2025-12-11 20:40:15.022 65918 INFO tempest.lib.common.rest_client [req-1a5379bf-1895-4bdc-9c22-a5a1d886fd28 req-1a5379bf-1895-4bdc-9c22-a5a1d886fd28 ] Request (SecurityGroupRulesNegativeTestJSON:test_create_security_group_rule_with_invalid_to_port): 200 POST http://10.180.1.21/compute/v2.1/os-security-groups 4.128s
2025-12-11 20:40:15.383 65884 INFO tempest.lib.common.rest_client [req-bf6534aa-c6fb-4ab3-89e1-6a96d9e85786 req-bf6534aa-c6fb-4ab3-89e1-6a96d9e85786 ] Request (ServersTestJSON:setUpClass): 200 PUT http://10.180.1.21/networking/v2.0/routers/a09368b5-377a-496b-80a8-b6414a4f001e/add_router_interface 1.010s
2025-12-11 20:40:15.383 65884 INFO tempest.lib.common.dynamic_creds [-] Created isolated network resources for: credentials: Credentials: {'domain_id': 'default', 'domain_name': 'Default', 'username': 'tempest-ServersTestJSON-2037169923-project-member', 'project_domain_id': 'default', 'project_domain_name': 'Default', 'project_id': '3bfdfa3be65b43a0a82c98291d93e1a4', 'project_name': 'tempest-ServersTestJSON-2037169923', 'tenant_id': '3bfdfa3be65b43a0a82c98291d93e1a4', 'tenant_name': 'tempest-ServersTestJSON-2037169923', 'user_domain_id': 'default', 'user_domain_name': 'Default', 'user_id': '14aaf74cb93741589a3be72efe6c07bd', 'system': None}, Network: {'id': '4cacbdd4-1b5f-40d9-b727-8cc619200b86', 'name': 'tempest-ServersTestJSON-91964187-network', 'tenant_id': '3bfdfa3be65b43a0a82c98291d93e1a4', 'project_id': '3bfdfa3be65b43a0a82c98291d93e1a4', 'admin_state_up': True, 'mtu': 8950, 'status': 'ACTIVE', 'subnets': [], 'shared': False, 'port_security_enabled': True, 'router:external': False, 'provider:network_type': 'vlan', 'provider:physical_network': 'default', 'provider:segmentation_id': 772, 'availability_zone_hints': [], 'availability_zones': [], 'ipv4_address_scope': None, 'ipv6_address_scope': None, 'description': '', 'tags': [], 'created_at': '2025-12-11T20:40:13Z', 'updated_at': '2025-12-11T20:40:13Z', 'revision_number': 1}, Subnet: {'id': '8236e28c-05e6-4811-9bd8-3514072ddc3e', 'name': 'tempest-ServersTestJSON-91964187-subnet', 'tenant_id': '3bfdfa3be65b43a0a82c98291d93e1a4', 'network_id': '4cacbdd4-1b5f-40d9-b727-8cc619200b86', 'ip_version': 4, 'subnetpool_id': None, 'enable_dhcp': True, 'ipv6_ra_mode': None, 'ipv6_address_mode': None, 'gateway_ip': '192.168.128.1', 'cidr': '192.168.128.0/28', 'allocation_pools': [{'start': '192.168.128.2', 'end': '192.168.128.14'}], 'host_routes': [], 'dns_nameservers': [], 'description': '', 'router:external': False, 'service_types': [], 'tags': [], 'created_at': '2025-12-11T20:40:13Z', 'updated_at': '2025-12-11T20:40:13Z', 'revision_number': 0, 'project_id': '3bfdfa3be65b43a0a82c98291d93e1a4'}, Router: {'id': 'a09368b5-377a-496b-80a8-b6414a4f001e', 'name': 'tempest-ServersTestJSON-91964187-router', 'tenant_id': '3bfdfa3be65b43a0a82c98291d93e1a4', 'admin_state_up': True, 'status': 'ACTIVE', 'external_gateway_info': {'network_id': '4d7a6f66-baf2-4757-b8d4-e9ab019ee258', 'external_fixed_ips': [{'subnet_id': 'e003770a-972a-4ca9-90bd-6c15d218ad34', 'ip_address': '10.180.180.201'}], 'enable_snat': True}, 'description': '', 'availability_zones': [], 'distributed': False, 'ha': False, 'availability_zone_hints': [], 'routes': [], 'flavor_id': None, 'tags': [], 'created_at': '2025-12-11T20:40:13Z', 'updated_at': '2025-12-11T20:40:14Z', 'revision_number': 2, 'project_id': '3bfdfa3be65b43a0a82c98291d93e1a4'}
2025-12-11 20:40:15.442 65916 INFO tempest.lib.common.rest_client [req-90176a04-95c9-4136-a16e-9c26f36c25d9 req-90176a04-95c9-4136-a16e-9c26f36c25d9 ] Request (ListServersNegativeTestJSON:setUpClass): 200 GET http://10.180.1.21/compute/v2.1/servers/97e0f765-1915-4356-8242-e92e85a3a219 4.345s
2025-12-11 20:40:15.492 65900 INFO tempest.lib.common.rest_client [req-2bf462a3-47b3-440b-8e04-ab3cbcf90664 req-2bf462a3-47b3-440b-8e04-ab3cbcf90664 ] Request (VolumesAssistedSnapshotsTest:test_volume_assisted_snapshot_create_delete): 200 GET http://10.180.1.21/volume/v3/volumes/0a308754-e39a-4063-9ad1-8960be244fc1 0.066s
2025-12-11 20:40:15.538 65884 INFO tempest.lib.common.rest_client [req-2acda650-dcdb-4f67-af44-180cfccb6e67 req-2acda650-dcdb-4f67-af44-180cfccb6e67 ] Request (ServersTestJSON:setUpClass): 201 POST http://10.180.1.21/identity/v3/auth/tokens 0.152s
2025-12-11 20:40:15.955 65920 INFO tempest.lib.common.rest_client [req-3b6f24a2-624a-4302-be99-5fc27450131e req-3b6f24a2-624a-4302-be99-5fc27450131e ] Request (ValidationResourcesFixture:setUp): 201 POST http://10.180.1.21/networking/v2.0/floatingips 1.046s
2025-12-11 20:40:16.011 65920 INFO tempest.lib.common.rest_client [req-2a993b0c-3162-44fd-a51b-4bcd239e7c7f req-2a993b0c-3162-44fd-a51b-4bcd239e7c7f ] Request (AttachVolumeTestJSON:test_attach_detach_volume): 201 POST http://10.180.1.21/identity/v3/auth/tokens 0.051s
2025-12-11 20:40:16.011 65920 INFO tempest.lib.common.fixed_network [-] (AttachVolumeTestJSON:test_attach_detach_volume) Found network {'id': 'e3872cb3-5fe5-4c4d-bb1a-6bcee4056e8f', 'name': 'tempest-AttachVolumeTestJSON-1990093516-network', 'tenant_id': 'acc0007ffce94b5f894ed55d88388eed', 'project_id': 'acc0007ffce94b5f894ed55d88388eed', 'admin_state_up': True, 'mtu': 8950, 'status': 'ACTIVE', 'subnets': [], 'shared': False, 'port_security_enabled': True, 'router:external': False, 'provider:network_type': 'vlan', 'provider:physical_network': 'default', 'provider:segmentation_id': 549, 'availability_zone_hints': [], 'availability_zones': [], 'ipv4_address_scope': None, 'ipv6_address_scope': None, 'description': '', 'tags': [], 'created_at': '2025-12-11T20:40:05Z', 'updated_at': '2025-12-11T20:40:05Z', 'revision_number': 1} available for tenant
2025-12-11 20:40:16.020 65926 INFO tempest.lib.common.rest_client [req-cabd7b6f-c122-455b-9a60-96aba836704f req-cabd7b6f-c122-455b-9a60-96aba836704f ] Request (ServersV294TestFqdnHostnames:setUpClass): 200 PUT http://10.180.1.21/networking/v2.0/floatingips/7da71d08-6412-4090-9521-f5c225e2b68e 1.285s
2025-12-11 20:40:16.142 65902 INFO tempest.lib.common.rest_client [req-0e31febf-8070-4f16-813f-2021ca3ad65b req-0e31febf-8070-4f16-813f-2021ca3ad65b ] Request (ServersAdminNegativeTestJSON:test_migrate_server_invalid_state): 200 GET http://10.180.1.21/compute/v2.1/servers/3e9ba28b-0b8f-46c4-b8e5-a75ddeb2017e 4.687s
2025-12-11 20:40:16.151 65902 INFO tempest.common.waiters [-] State transition "BUILD/spawning" ==> "ACTIVE/None" after 35 second wait
2025-12-11 20:40:16.169 65898 INFO tempest.lib.common.rest_client [req-be42db20-9817-4efc-8dbf-430a6e46b175 req-be42db20-9817-4efc-8dbf-430a6e46b175 ] Request (DeleteServersAdminTestJSON:test_delete_server_while_in_error_state): 200 GET http://10.180.1.21/compute/v2.1/servers/8e41ba2a-b2be-4914-a2b5-c075cbdb7abd 4.513s
2025-12-11 20:40:16.229 65872 INFO tempest.lib.common.rest_client [req-d3b73065-3208-4e0a-b5fa-b0a7f655c7df req-d3b73065-3208-4e0a-b5fa-b0a7f655c7df ] Request (ListImageFiltersTestJSON:setUpClass): 200 GET http://10.180.1.21/compute/v2.1/servers/3982cdc3-6c14-4707-a20b-66d46606e155 4.225s
2025-12-11 20:40:16.253 65908 INFO tempest.lib.common.rest_client [req-dd87aab2-ba8c-4c1d-85f8-bec7428edfee req-dd87aab2-ba8c-4c1d-85f8-bec7428edfee ] Request (ServersTestMultiNic:_run_cleanups): 404 GET http://10.180.1.21/compute/v2.1/servers/cd712f66-1868-46f8-ac42-f85fec1401e5 3.773s
2025-12-11 20:40:16.310 65892 INFO tempest.lib.common.rest_client [req-a336af02-0c3a-41e6-8c13-d354bc516b07 req-a336af02-0c3a-41e6-8c13-d354bc516b07 ] Request (ServerMetadataTestJSON:setUpClass): 200 GET http://10.180.1.21/compute/v2.1/servers/374f58e1-d303-43d1-8da2-c48a850f148c 4.368s
2025-12-11 20:40:16.327 65912 INFO tempest.lib.common.rest_client [req-e7818d66-1ece-44be-b0d9-56053820a569 req-e7818d66-1ece-44be-b0d9-56053820a569 ] Request (ServersTestManualDisk:setUpClass): 200 GET http://10.180.1.21/compute/v2.1/servers/3b73972c-4d3c-4aac-ab0a-24e35ace2176 3.839s
2025-12-11 20:40:16.346 65878 INFO tempest.lib.common.rest_client [req-2043a97b-bc27-4405-8898-0ca38e7490d3 req-2043a97b-bc27-4405-8898-0ca38e7490d3 ] Request (ImagesMetadataNegativeTestJSON:test_get_nonexistent_image_metadata_item): 404 GET http://10.180.1.21/compute/v2.1/images/45b28ec1-a2bd-4719-94b1-ff769fec2435/metadata/os_version 3.699s
2025-12-11 20:40:16.408 65896 INFO tempest.lib.common.rest_client [req-a013a574-cdc3-4b91-b7cb-fff896a4b880 req-a013a574-cdc3-4b91-b7cb-fff896a4b880 ] Request (ImagesNegativeTestJSON:test_create_image_from_deleted_server): 200 GET http://10.180.1.21/compute/v2.1/servers/a5a6322a-8af0-46f7-814a-f8df0a056da3 3.435s
2025-12-11 20:40:16.430 65924 INFO tempest.lib.common.rest_client [req-42a19804-234f-4f1f-adc3-1b18702a930b req-42a19804-234f-4f1f-adc3-1b18702a930b ] Request (ServersAaction247Test:tearDownClass): 200 GET http://10.180.1.21/compute/v2.1/servers/0f680675-7e8a-4f49-8b1b-f36cd09f5de2 3.674s
2025-12-11 20:40:16.440 65930 INFO tempest.lib.common.rest_client [req-a68fe3af-a478-4ccd-b237-a459e60c1f11 req-a68fe3af-a478-4ccd-b237-a459e60c1f11 ] Request (ServerMetadataNegativeTestJSON:test_set_metadata_non_existent_server): 404 PUT http://10.180.1.21/compute/v2.1/servers/8dd52759-c123-4309-ae8b-ed3a72d6b8ea/metadata 3.076s
2025-12-11 20:40:16.444 65908 INFO tempest.lib.common.rest_client [req-9c72e2da-04ee-4d65-8e80-045b68d53cdc req-9c72e2da-04ee-4d65-8e80-045b68d53cdc ] Request (ServersTestMultiNic:_run_cleanups): 204 DELETE http://10.180.1.21/networking/v2.0/subnets/dd7a431d-fb86-40f9-9ad0-3d0ac8bde93c 0.190s
2025-12-11 20:40:16.489 65888 INFO tempest.lib.common.rest_client [req-97317a0e-a680-4f2e-9564-433d8c26941c req-97317a0e-a680-4f2e-9564-433d8c26941c ] Request (ServersWithSpecificFlavorTestJSON:test_verify_created_server_ephemeral_disk): 200 GET http://10.180.1.21/compute/v2.1/servers/ce8a0403-ac21-435a-8ff2-ac8e2b3ea45b/os-interface 3.260s
2025-12-11 20:40:16.496 65876 INFO tempest.lib.common.rest_client [req-d3333809-5753-4b13-a7ab-6088573f3f77 req-d3333809-5753-4b13-a7ab-6088573f3f77 ] Request (QuotasAdminNegativeTest:test_create_server_when_instances_quota_is_full): 200 GET http://10.180.1.21/compute/v2.1/os-quota-sets/61d789c6f2914766a1faab540c6a9e6e 3.073s
2025-12-11 20:40:16.565 65900 INFO tempest.lib.common.rest_client [req-ec740077-5982-4013-ad9c-8cf781251e2f req-ec740077-5982-4013-ad9c-8cf781251e2f ] Request (VolumesAssistedSnapshotsTest:test_volume_assisted_snapshot_create_delete): 200 GET http://10.180.1.21/volume/v3/volumes/0a308754-e39a-4063-9ad1-8960be244fc1 0.060s
2025-12-11 20:40:16.645 65910 INFO tempest.lib.common.rest_client [req-ea268007-5366-4c3b-bdd9-c1731ee5420c req-ea268007-5366-4c3b-bdd9-c1731ee5420c ] Request (QuotaClassesAdmin257Test:test_update_default_quotas): 200 PUT http://10.180.1.21/compute/v2.1/os-quota-class-sets/default 2.990s
2025-12-11 20:40:16.762 65880 INFO tempest.lib.common.rest_client [req-44613e84-13aa-4bb4-9bcb-7bc749a81b48 req-44613e84-13aa-4bb4-9bcb-7bc749a81b48 ] Request (InstanceUsageAuditLogNegativeTestJSON:test_instance_usage_audit_logs_with_nonadmin_user): 403 GET http://10.180.1.21/compute/v2.1/os-instance_usage_audit_log 2.876s
2025-12-11 20:40:16.834 65908 INFO tempest.lib.common.rest_client [req-b550395d-f8de-4f39-b558-71748769b12a req-b550395d-f8de-4f39-b558-71748769b12a ] Request (ServersTestMultiNic:_run_cleanups): 204 DELETE http://10.180.1.21/networking/v2.0/networks/97559d37-9403-43e7-a87b-20cbfc0cd954 0.390s
2025-12-11 20:40:17.030 65890 WARNING tempest.lib.common.ssh [-] Failed to establish authenticated ssh connection to cirros@10.180.180.139 ([Errno None] Unable to connect to port 22 on 10.180.180.139). Number attempts: 6. Retry after 7 seconds.: paramiko.ssh_exception.NoValidConnectionsError: [Errno None] Unable to connect to port 22 on 10.180.180.139
2025-12-11 20:40:17.086 65908 INFO tempest.lib.common.rest_client [req-c953e9fd-a421-41d6-9779-25329ac0f7eb req-c953e9fd-a421-41d6-9779-25329ac0f7eb ] Request (ServersTestMultiNic:_run_cleanups): 204 DELETE http://10.180.1.21/networking/v2.0/subnets/7eb790bc-afe6-4638-ba2f-bdb99605f22a 0.251s
2025-12-11 20:40:17.128 65894 INFO tempest.lib.common.rest_client [req-8fc4154f-a9a5-4ef2-b729-d1c965294aae req-8fc4154f-a9a5-4ef2-b729-d1c965294aae ] Request (MigrationsAdminTest:test_list_migrations_in_flavor_resize_situation): 200 GET http://10.180.1.21/compute/v2.1/servers/1f1b1e4f-2411-4208-95a5-738c9a20304d 3.146s
2025-12-11 20:40:17.155 65888 INFO tempest.lib.common.rest_client [req-d9a280c9-2de3-49fb-8687-6e26fac13e8e req-d9a280c9-2de3-49fb-8687-6e26fac13e8e ] Request (ServersWithSpecificFlavorTestJSON:test_verify_created_server_ephemeral_disk): 200 PUT http://10.180.1.21/networking/v2.0/floatingips/39da2ded-8d2c-454d-80be-a51819345faa 0.657s
2025-12-11 20:40:17.167 65934 INFO tempest.lib.common.rest_client [req-ef8c05d4-670f-46d1-b933-eaa6801d0876 req-ef8c05d4-670f-46d1-b933-eaa6801d0876 ] Request (SecurityGroupsNegativeTestJSON:test_delete_security_group_without_passing_id): 404 DELETE http://10.180.1.21/compute/v2.1/os-security-groups/ 2.708s
2025-12-11 20:40:17.189 65928 INFO tempest.lib.common.rest_client [req-874a42a5-ea8b-4291-be6e-d436fa30e99f req-874a42a5-ea8b-4291-be6e-d436fa30e99f ] Request (ServersAdmin275Test:test_rebuild_update_server_275): 202 POST http://10.180.1.21/compute/v2.1/servers/01243d26-24f5-4d6f-9bb8-f13d65660b21/action 3.671s
2025-12-11 20:40:17.193 65886 INFO tempest.lib.common.rest_client [req-1e584afb-59bc-4970-bcb1-1c8c9fa82602 req-1e584afb-59bc-4970-bcb1-1c8c9fa82602 ] Request (ServerDiagnosticsNegativeTest:tearDownClass): 404 GET http://10.180.1.21/compute/v2.1/servers/e0e8ccc1-e53a-4dcd-be26-0ff273c3c9fc 2.659s
2025-12-11 20:40:17.307 65886 INFO tempest.lib.common.rest_client [req-7ec74081-91fe-469b-97f8-136a11750e28 req-7ec74081-91fe-469b-97f8-136a11750e28 ] Request (ServerDiagnosticsNegativeTest:tearDownClass): 204 DELETE http://10.180.1.21/identity/v3/users/531b80e97778453cb089a03795370022 0.112s
2025-12-11 20:40:17.314 65904 INFO tempest.lib.common.rest_client [req-4afb7cce-54c6-40f7-9896-7a429018ac50 req-4afb7cce-54c6-40f7-9896-7a429018ac50 ] Request (ImagesOneServerNegativeTestJSON:setUpClass): 200 GET http://10.180.1.21/compute/v2.1/servers/a43d8718-ba57-43d8-b715-a7ac7896605c 2.676s
2025-12-11 20:40:17.321 65874 INFO tempest.lib.common.rest_client [req-c044e229-11b5-45df-b846-a02041db22d1 req-c044e229-11b5-45df-b846-a02041db22d1 ] Request (AggregatesAdminNegativeTestJSON:test_aggregate_list_as_user): 403 GET http://10.180.1.21/compute/v2.1/os-aggregates 2.571s
2025-12-11 20:40:17.335 65915 INFO tempest.lib.common.rest_client [req-09378eec-d8ac-4971-ae8b-e2c1d85711aa req-09378eec-d8ac-4971-ae8b-e2c1d85711aa ] Request (ServerGroupTestJSON:test_create_delete_server_group_with_anti_affinity_policy): 200 GET http://10.180.1.21/compute/v2.1/os-server-groups 2.558s
2025-12-11 20:40:17.409 65915 INFO tempest.lib.common.rest_client [req-37f85dad-7ec3-4f72-ae6f-35ac74d1ca35 req-37f85dad-7ec3-4f72-ae6f-35ac74d1ca35 ] Request (ServerGroupTestJSON:test_create_server_with_scheduler_hint_group): 201 POST http://10.180.1.21/identity/v3/auth/tokens 0.069s
2025-12-11 20:40:17.410 65915 INFO tempest.lib.common.fixed_network [-] (ServerGroupTestJSON:test_create_server_with_scheduler_hint_group) Found network {'id': '6f9f2158-9b11-4d78-b4f4-261ec353a7d8', 'name': 'tempest-ServerGroupTestJSON-41680128-network', 'tenant_id': 'c4c18d9d37ad466ebf5a3c2b735b47a3', 'project_id': 'c4c18d9d37ad466ebf5a3c2b735b47a3', 'admin_state_up': True, 'mtu': 8950, 'status': 'ACTIVE', 'subnets': [], 'shared': False, 'port_security_enabled': True, 'router:external': False, 'provider:network_type': 'vlan', 'provider:physical_network': 'default', 'provider:segmentation_id': 923, 'availability_zone_hints': [], 'availability_zones': [], 'ipv4_address_scope': None, 'ipv6_address_scope': None, 'description': '', 'tags': [], 'created_at': '2025-12-11T20:39:43Z', 'updated_at': '2025-12-11T20:39:43Z', 'revision_number': 1} available for tenant
2025-12-11 20:40:17.422 65886 INFO tempest.lib.common.rest_client [req-37d46611-f0a9-427e-9ce1-29d22ef1f700 req-37d46611-f0a9-427e-9ce1-29d22ef1f700 ] Request (ServerDiagnosticsNegativeTest:tearDownClass): 204 DELETE http://10.180.1.21/identity/v3/users/01bd44d8991a494f994ed7d1052b03a9 0.115s
2025-12-11 20:40:17.423 65886 INFO tempest.lib.common.dynamic_creds [-] Deleting project and security group for project: 18b3e92dd0444de7bf1f6fd1005e7bc5
2025-12-11 20:40:17.427 65882 INFO tempest.lib.common.rest_client [req-a0d9d66d-c1d3-4b32-9d01-8b4a7f4d38c3 req-a0d9d66d-c1d3-4b32-9d01-8b4a7f4d38c3 ] Request (ImagesOneServerTestJSON:test_create_delete_image): 200 GET http://10.180.1.21/compute/v2.1/servers/4077549b-fa9c-4eea-af80-9c566e337f35 2.742s
2025-12-11 20:40:17.491 65886 INFO tempest.lib.common.rest_client [req-e786c216-746d-478b-8262-859b9ccc6332 req-e786c216-746d-478b-8262-859b9ccc6332 ] Request (ServerDiagnosticsNegativeTest:tearDownClass): 201 POST http://10.180.1.21/identity/v3/auth/tokens 0.068s
2025-12-11 20:40:17.506 65918 INFO tempest.lib.common.rest_client [req-03ee067e-4ba4-4d06-9b0d-4b3f59261a78 req-03ee067e-4ba4-4d06-9b0d-4b3f59261a78 ] Request (SecurityGroupRulesNegativeTestJSON:test_create_security_group_rule_with_invalid_to_port): 400 POST http://10.180.1.21/compute/v2.1/os-security-group-rules 2.479s
2025-12-11 20:40:17.526 65908 INFO tempest.lib.common.rest_client [req-264c5feb-82a7-4a44-b5a2-1dbd294c00bc req-264c5feb-82a7-4a44-b5a2-1dbd294c00bc ] Request (ServersTestMultiNic:_run_cleanups): 204 DELETE http://10.180.1.21/networking/v2.0/networks/20f0e971-d711-4993-a0e7-68f065809c1b 0.439s
2025-12-11 20:40:17.555 65906 INFO tempest.lib.common.rest_client [req-155b11e3-5ab4-464a-81f9-8ac7c687c1bc req-155b11e3-5ab4-464a-81f9-8ac7c687c1bc ] Request (FloatingIPsAssociationTestJSON:test_associate_already_associated_floating_ip): 200 GET http://10.180.1.21/compute/v2.1/servers/84d0311a-fcb3-476c-ad08-7e3b0dfe3858 2.773s
2025-12-11 20:40:17.626 65900 INFO tempest.lib.common.rest_client [req-26bf19ee-7c9a-4405-80e3-27183c1c3a4e req-26bf19ee-7c9a-4405-80e3-27183c1c3a4e ] Request (VolumesAssistedSnapshotsTest:test_volume_assisted_snapshot_create_delete): 200 GET http://10.180.1.21/volume/v3/volumes/0a308754-e39a-4063-9ad1-8960be244fc1 0.049s
2025-12-11 20:40:17.711 65884 INFO tempest.lib.common.rest_client [req-c4538566-977a-471d-80f8-d6f523c79c6e req-c4538566-977a-471d-80f8-d6f523c79c6e ] Request (ServersTestJSON:setUpClass): 200 POST http://10.180.1.21/compute/v2.1/os-keypairs 2.171s
2025-12-11 20:40:17.718 65908 INFO tempest.lib.common.rest_client [req-45edaa43-a51f-42f1-b8b0-b19844acbc5d req-45edaa43-a51f-42f1-b8b0-b19844acbc5d ] Request (ServersTestMultiNic:test_verify_multiple_nics_order): 201 POST http://10.180.1.21/networking/v2.0/networks 0.189s
2025-12-11 20:40:17.797 65886 INFO tempest.lib.common.rest_client [req-0e01e63f-c7eb-4352-a7b4-b3f3cf2e4cb3 req-0e01e63f-c7eb-4352-a7b4-b3f3cf2e4cb3 ] Request (ServerDiagnosticsNegativeTest:tearDownClass): 200 GET http://10.180.1.21/networking/v2.0/security-groups?tenant_id=18b3e92dd0444de7bf1f6fd1005e7bc5&name=default 0.306s
2025-12-11 20:40:17.951 65884 INFO tempest.lib.common.rest_client [req-532fe28d-24b2-4a91-874a-6288b5087900 req-532fe28d-24b2-4a91-874a-6288b5087900 ] Request (ServersTestJSON:setUpClass): 201 POST http://10.180.1.21/networking/v2.0/security-groups 0.238s
2025-12-11 20:40:18.062 65908 INFO tempest.lib.common.rest_client [req-700f8402-5c6a-4275-b13f-7719c816a767 req-700f8402-5c6a-4275-b13f-7719c816a767 ] Request (ServersTestMultiNic:test_verify_multiple_nics_order): 201 POST http://10.180.1.21/networking/v2.0/subnets 0.344s
2025-12-11 20:40:18.149 65886 INFO tempest.lib.common.rest_client [req-cec3580e-2177-4cad-a3e2-b9c53d7ed083 req-cec3580e-2177-4cad-a3e2-b9c53d7ed083 ] Request (ServerDiagnosticsNegativeTest:tearDownClass): 204 DELETE http://10.180.1.21/networking/v2.0/security-groups/85ce6d86-419b-4830-b72e-7ff877d0f478 0.351s
2025-12-11 20:40:18.196 65926 INFO tempest.lib.common.rest_client [req-8d80f644-8dad-4d77-a6cc-c95b622ed86b req-8d80f644-8dad-4d77-a6cc-c95b622ed86b ] Request (ServersV294TestFqdnHostnames:setUpClass): 200 GET http://10.180.1.21/compute/v2.1/servers/98d2a642-c420-4be2-b0dc-d68bd0c719e8 2.175s
2025-12-11 20:40:18.211 65926 INFO tempest.api.compute.base [-] Attempting to verify tagged devices in server 98d2a642-c420-4be2-b0dc-d68bd0c719e8 via the metadata service: http://169.254.169.254/openstack/latest/meta_data.json
2025-12-11 20:40:18.211 65926 INFO tempest.lib.common.ssh [-] Creating ssh connection to '10.180.180.130:22' as 'cirros' with public key authentication
2025-12-11 20:40:18.229 65884 INFO tempest.lib.common.rest_client [req-f7831d13-e881-4a0e-80e5-7d9ada764db1 req-f7831d13-e881-4a0e-80e5-7d9ada764db1 ] Request (ServersTestJSON:setUpClass): 201 POST http://10.180.1.21/networking/v2.0/security-group-rules 0.276s
2025-12-11 20:40:18.245 65886 INFO tempest.lib.common.rest_client [req-d97b6b48-a342-42e8-bd13-7e964e22dea0 req-d97b6b48-a342-42e8-bd13-7e964e22dea0 ] Request (ServerDiagnosticsNegativeTest:tearDownClass): 204 DELETE http://10.180.1.21/identity/v3/projects/18b3e92dd0444de7bf1f6fd1005e7bc5 0.096s
2025-12-11 20:40:18.246 65886 INFO tempest.lib.common.dynamic_creds [-] Deleting project and security group for project: c6a1de72f65b4b9985c2bb1b50772c34
2025-12-11 20:40:18.313 65908 INFO tempest.lib.common.rest_client [req-ed66b8b9-992c-4421-a3fc-96aa7d11df4c req-ed66b8b9-992c-4421-a3fc-96aa7d11df4c ] Request (ServersTestMultiNic:test_verify_multiple_nics_order): 201 POST http://10.180.1.21/networking/v2.0/networks 0.251s
2025-12-11 20:40:18.317 65902 INFO tempest.lib.common.rest_client [req-90d5478e-934e-41ba-b9ac-68becb2d8672 req-90d5478e-934e-41ba-b9ac-68becb2d8672 ] Request (ServersAdminNegativeTestJSON:test_migrate_server_invalid_state): 202 POST http://10.180.1.21/compute/v2.1/servers/3e9ba28b-0b8f-46c4-b8e5-a75ddeb2017e/action 2.166s
2025-12-11 20:40:18.344 65878 INFO tempest.lib.common.rest_client [req-b540d88e-7507-4b48-a9a8-ff414997d9bc req-b540d88e-7507-4b48-a9a8-ff414997d9bc ] Request (ImagesMetadataNegativeTestJSON:test_list_nonexistent_image_metadata): 404 GET http://10.180.1.21/compute/v2.1/images/755295a2-57cf-4d0a-b851-528898f8cd38/metadata 1.996s
2025-12-11 20:40:18.353 65930 INFO tempest.lib.common.rest_client [req-f87ee3a9-19d0-40d0-a80f-0fd704850f08 req-f87ee3a9-19d0-40d0-a80f-0fd704850f08 ] Request (ServerMetadataNegativeTestJSON:test_set_server_metadata_blank_key): 400 PUT http://10.180.1.21/compute/v2.1/servers/dc11dd7e-8e1a-4f2b-8d68-18d1acf49b74/metadata 1.911s
2025-12-11 20:40:18.370 65884 INFO tempest.lib.common.rest_client [req-10bad43b-a8ec-4d90-b095-b81f00824ef3 req-10bad43b-a8ec-4d90-b095-b81f00824ef3 ] Request (ServersTestJSON:setUpClass): 201 POST http://10.180.1.21/networking/v2.0/security-group-rules 0.139s
2025-12-11 20:40:18.401 65886 INFO tempest.lib.common.rest_client [req-5a77e5fa-f145-495e-a69a-e57db54d6c55 req-5a77e5fa-f145-495e-a69a-e57db54d6c55 ] Request (ServerDiagnosticsNegativeTest:tearDownClass): 200 GET http://10.180.1.21/networking/v2.0/security-groups?tenant_id=c6a1de72f65b4b9985c2bb1b50772c34&name=default 0.155s
2025-12-11 20:40:18.676 65900 INFO tempest.lib.common.rest_client [req-e3c838ff-f4f9-48b5-bf88-ec797aab96a0 req-e3c838ff-f4f9-48b5-bf88-ec797aab96a0 ] Request (VolumesAssistedSnapshotsTest:test_volume_assisted_snapshot_create_delete): 200 GET http://10.180.1.21/volume/v3/volumes/0a308754-e39a-4063-9ad1-8960be244fc1 0.036s
