2025-12-11 20:38:47.549 65884 INFO tempest.lib.common.dynamic_creds [-] Deleting project and security group for project: 746a073ed81146c990d92c8e409873a1
2025-12-11 20:38:47.563 65888 INFO tempest.lib.common.rest_client [req-df0ba8a1-3b71-41b4-8e35-ec9a7489f2e8 req-df0ba8a1-3b71-41b4-8e35-ec9a7489f2e8 ] Request (ServersWithSpecificFlavorTestJSON:setUpClass): 201 POST http://10.180.1.21/networking/v2.0/networks 0.202s
2025-12-11 20:38:47.607 65918 INFO tempest.lib.common.rest_client [req-06b46a2e-b387-4d62-855d-b3d5e554ffc5 req-06b46a2e-b387-4d62-855d-b3d5e554ffc5 ] Request (ServerExternalEventsTest:setUpClass): 200 GET http://10.180.1.21/identity/v3/roles 0.310s
2025-12-11 20:38:47.621 65934 INFO tempest.lib.common.rest_client [req-f9c9c0d8-3cf4-4afc-8d11-12039c736671 req-f9c9c0d8-3cf4-4afc-8d11-12039c736671 ] Request (ServerDiagnosticsV248Test:test_get_server_diagnostics): 202 POST http://10.180.1.21/compute/v2.1/servers 2.422s
2025-12-11 20:38:47.645 65932 INFO tempest.lib.common.rest_client [req-e192d1aa-deea-4192-bd15-8ac2e001b4e2 req-e192d1aa-deea-4192-bd15-8ac2e001b4e2 ] Request (QuotasSecurityGroupAdminNegativeTest:tearDownClass): 204 DELETE http://10.180.1.21/identity/v3/users/8312676f8fd44bb08c9ee7e52688e4de 0.332s
2025-12-11 20:38:47.645 65932 INFO tempest.lib.common.dynamic_creds [-] Deleting project and security group for project: c0810c5d14ae44429ffc983705ff41a0
2025-12-11 20:38:47.652 65924 INFO tempest.lib.common.rest_client [req-e1dc1982-a845-409b-8e37-7492a350e907 req-e1dc1982-a845-409b-8e37-7492a350e907 ] Request (FloatingIPsTestJSON:test_allocate_floating_ip): 200 POST http://10.180.1.21/compute/v2.1/os-floating-ips 2.671s
2025-12-11 20:38:47.729 65902 INFO tempest.lib.common.rest_client [req-63e865cd-446d-4067-bbe6-7c8cef1f62dc req-63e865cd-446d-4067-bbe6-7c8cef1f62dc ] Request (ServersAdminNegativeTestJSON:setUpClass): 201 POST http://10.180.1.21/identity/v3/projects 0.297s
2025-12-11 20:38:47.798 65888 INFO tempest.lib.common.rest_client [req-40099ffb-bc06-41c5-ad73-ad015d172956 req-40099ffb-bc06-41c5-ad73-ad015d172956 ] Request (ServersWithSpecificFlavorTestJSON:setUpClass): 201 POST http://10.180.1.21/networking/v2.0/subnets 0.235s
2025-12-11 20:38:47.820 65894 INFO tempest.lib.common.rest_client [req-f7c0b10a-1886-4383-ba24-9086a955d7f1 req-f7c0b10a-1886-4383-ba24-9086a955d7f1 ] Request (MigrationsAdminTest:setUpClass): 200 GET http://10.180.1.21/identity/v3/roles 0.292s
2025-12-11 20:38:47.821 65900 INFO tempest.lib.common.rest_client [req-87ef444c-f1bf-45e1-ac08-6f187f6e60ae req-87ef444c-f1bf-45e1-ac08-6f187f6e60ae ] Request (VolumesAssistedSnapshotsTest:setUpClass): 204 PUT http://10.180.1.21/identity/v3/projects/efe67259a1524dd8a7165f199fb1b955/users/b8e0875a5ce8446989ff74edca3334a4/roles/056e74cfd92d41f6b33047276a45baad 0.320s
2025-12-11 20:38:47.887 65884 INFO tempest.lib.common.rest_client [req-78d6f0d3-2215-4f98-93d3-164bca98c2c3 req-78d6f0d3-2215-4f98-93d3-164bca98c2c3 ] Request (HostsAdminTestJSON:tearDownClass): 201 POST http://10.180.1.21/identity/v3/auth/tokens 0.338s
2025-12-11 20:38:47.895 65918 INFO tempest.lib.common.rest_client [req-71eee8b7-dd4c-4530-8333-32ae9399620b req-71eee8b7-dd4c-4530-8333-32ae9399620b ] Request (ServerExternalEventsTest:setUpClass): 204 PUT http://10.180.1.21/identity/v3/projects/dc4840cbcd1747178842f4c58e26d5c0/users/ea6fd81fc8dc41eca953e632ebc7504c/roles/8a8e8bfb7d494545b216e293034bd54b 0.287s
2025-12-11 20:38:47.950 65932 INFO tempest.lib.common.rest_client [req-dead16fa-5956-451c-950a-a8e83139a1f3 req-dead16fa-5956-451c-950a-a8e83139a1f3 ] Request (QuotasSecurityGroupAdminNegativeTest:tearDownClass): 201 POST http://10.180.1.21/identity/v3/auth/tokens 0.304s
2025-12-11 20:38:48.043 65882 INFO tempest.lib.common.rest_client [req-352f7494-0582-45ad-85fc-48da690156a6 req-352f7494-0582-45ad-85fc-48da690156a6 ] Request (HypervisorAdminNegativeUnderV252Test:test_search_hypervisor_with_non_admin_user): 200 GET http://10.180.1.21/compute/v2.1/os-hypervisors 2.840s
2025-12-11 20:38:48.060 65902 INFO tempest.lib.common.rest_client [req-c0e66a41-3506-4bcc-a84a-51ff35461d49 req-c0e66a41-3506-4bcc-a84a-51ff35461d49 ] Request (ServersAdminNegativeTestJSON:setUpClass): 201 POST http://10.180.1.21/identity/v3/users 0.330s
2025-12-11 20:38:48.060 65926 INFO tempest.lib.common.rest_client [req-8233beb6-3d97-4e6f-8f98-dc27f4d8604a req-8233beb6-3d97-4e6f-8f98-dc27f4d8604a ] Request (ServicesAdminNegativeTestJSON:test_get_service_by_invalid_params): 200 GET http://10.180.1.21/compute/v2.1/os-services 2.783s
2025-12-11 20:38:48.104 65894 INFO tempest.lib.common.rest_client [req-6405b185-cf80-45b4-9076-eff1b3b38c33 req-6405b185-cf80-45b4-9076-eff1b3b38c33 ] Request (MigrationsAdminTest:setUpClass): 204 PUT http://10.180.1.21/identity/v3/projects/1e1c197f9eb64738b03e762ea42a284c/users/2b45a85090ab4cb0b3541b842fc6467b/roles/5adfe043de56480085977ba7337f7b7e 0.282s
2025-12-11 20:38:48.104 65894 INFO tempest.lib.common.dynamic_creds [-] Dynamic test user 2b45a85090ab4cb0b3541b842fc6467b is created with scope project and roles: ['manager']
2025-12-11 20:38:48.104 65894 INFO tempest.lib.common.dynamic_creds [-] Acquired dynamic creds: credentials: Credentials: {'domain_id': 'default', 'domain_name': 'Default', 'username': 'tempest-MigrationsAdminTest-1219589447-project-manager', 'project_domain_id': 'default', 'project_domain_name': 'Default', 'project_id': '1e1c197f9eb64738b03e762ea42a284c', 'project_name': 'tempest-MigrationsAdminTest-1219589447', 'tenant_id': '1e1c197f9eb64738b03e762ea42a284c', 'tenant_name': 'tempest-MigrationsAdminTest-1219589447', 'user_domain_id': 'default', 'user_domain_name': 'Default', 'user_id': '2b45a85090ab4cb0b3541b842fc6467b', 'system': None}, Network: None, Subnet: None, Router: None
2025-12-11 20:38:48.105 65894 INFO tempest.lib.common.dynamic_creds [-] Network resources are not created for requested scope: project and credentials: Credentials: {'domain_id': 'default', 'domain_name': 'Default', 'username': 'tempest-MigrationsAdminTest-1219589447-project-manager', 'project_domain_id': 'default', 'project_domain_name': 'Default', 'project_id': '1e1c197f9eb64738b03e762ea42a284c', 'project_name': 'tempest-MigrationsAdminTest-1219589447', 'tenant_id': '1e1c197f9eb64738b03e762ea42a284c', 'tenant_name': 'tempest-MigrationsAdminTest-1219589447', 'user_domain_id': 'default', 'user_domain_name': 'Default', 'user_id': '2b45a85090ab4cb0b3541b842fc6467b', 'system': None}, Network: None, Subnet: None, Router: None
2025-12-11 20:38:48.160 65900 INFO tempest.lib.common.rest_client [req-b53e7076-e047-4bd7-a150-9102bc124499 req-b53e7076-e047-4bd7-a150-9102bc124499 ] Request (VolumesAssistedSnapshotsTest:setUpClass): 200 GET http://10.180.1.21/identity/v3/roles 0.338s
2025-12-11 20:38:48.177 65918 INFO tempest.lib.common.rest_client [req-db2b5cc7-17ac-4d4d-9488-9cfb1fb14aee req-db2b5cc7-17ac-4d4d-9488-9cfb1fb14aee ] Request (ServerExternalEventsTest:setUpClass): 200 GET http://10.180.1.21/identity/v3/roles 0.282s
2025-12-11 20:38:48.295 65902 INFO tempest.lib.common.rest_client [req-a893bd71-743f-4f4e-8b7e-46d9003b84cf req-a893bd71-743f-4f4e-8b7e-46d9003b84cf ] Request (ServersAdminNegativeTestJSON:setUpClass): 200 GET http://10.180.1.21/identity/v3/roles 0.233s
2025-12-11 20:38:48.295 65874 INFO tempest.lib.common.rest_client [req-1c5730e5-24b1-45bf-bf31-3c520462c3bb req-1c5730e5-24b1-45bf-bf31-3c520462c3bb ] Request (AggregatesAdminNegativeTestJSON:setUpClass): 200 GET http://10.180.1.21/compute/v2.1/os-services?binary=nova-compute 2.828s
2025-12-11 20:38:48.303 65886 INFO tempest.lib.common.rest_client [req-140031bb-2338-4224-89ea-02500893a321 req-140031bb-2338-4224-89ea-02500893a321 ] Request (FlavorsV255TestJSON:test_crud_flavor): 200 POST http://10.180.1.21/compute/v2.1/flavors 2.744s
2025-12-11 20:38:48.310 65884 INFO tempest.lib.common.rest_client [req-66a003da-2b59-42f4-8d20-ab1023ecea6e req-66a003da-2b59-42f4-8d20-ab1023ecea6e ] Request (HostsAdminTestJSON:tearDownClass): 200 GET http://10.180.1.21/networking/v2.0/security-groups?tenant_id=746a073ed81146c990d92c8e409873a1&name=default 0.422s
2025-12-11 20:38:48.350 65894 INFO tempest.lib.common.rest_client [req-4d4ccff9-93b3-424b-839a-b8f535c8ae41 req-4d4ccff9-93b3-424b-839a-b8f535c8ae41 ] Request (MigrationsAdminTest:setUpClass): 201 POST http://10.180.1.21/identity/v3/auth/tokens 0.242s
2025-12-11 20:38:48.351 65894 INFO tempest.api.compute.admin.test_migrations [-] Using project manager for migrating servers, project manager user id: 2b45a85090ab4cb0b3541b842fc6467b
2025-12-11 20:38:48.373 65900 INFO tempest.lib.common.rest_client [req-73522440-a3eb-4a66-90c0-1d09a354cde9 req-73522440-a3eb-4a66-90c0-1d09a354cde9 ] Request (VolumesAssistedSnapshotsTest:setUpClass): 204 PUT http://10.180.1.21/identity/v3/projects/efe67259a1524dd8a7165f199fb1b955/users/b8e0875a5ce8446989ff74edca3334a4/roles/8a8e8bfb7d494545b216e293034bd54b 0.212s
2025-12-11 20:38:48.373 65900 INFO tempest.lib.common.dynamic_creds [-] Dynamic test user b8e0875a5ce8446989ff74edca3334a4 is created with scope project and roles: ['service', 'admin']
2025-12-11 20:38:48.373 65900 INFO tempest.lib.common.dynamic_creds [-] Acquired dynamic creds: credentials: Credentials: {'domain_id': 'default', 'domain_name': 'Default', 'username': 'tempest-VolumesAssistedSnapshotsTest-1134979853-project', 'project_domain_id': 'default', 'project_domain_name': 'Default', 'project_id': 'efe67259a1524dd8a7165f199fb1b955', 'project_name': 'tempest-VolumesAssistedSnapshotsTest-1134979853', 'tenant_id': 'efe67259a1524dd8a7165f199fb1b955', 'tenant_name': 'tempest-VolumesAssistedSnapshotsTest-1134979853', 'user_domain_id': 'default', 'user_domain_name': 'Default', 'user_id': 'b8e0875a5ce8446989ff74edca3334a4', 'system': None}, Network: None, Subnet: None, Router: None
2025-12-11 20:38:48.374 65918 INFO tempest.lib.common.rest_client [req-15082a65-3577-4b92-a946-8f747bf4bb88 req-15082a65-3577-4b92-a946-8f747bf4bb88 ] Request (ServerExternalEventsTest:setUpClass): 204 PUT http://10.180.1.21/identity/v3/projects/dc4840cbcd1747178842f4c58e26d5c0/users/ea6fd81fc8dc41eca953e632ebc7504c/roles/056e74cfd92d41f6b33047276a45baad 0.194s
2025-12-11 20:38:48.375 65918 INFO tempest.lib.common.dynamic_creds [-] Dynamic test user ea6fd81fc8dc41eca953e632ebc7504c is created with scope project and roles: ['admin', 'service']
2025-12-11 20:38:48.375 65918 INFO tempest.lib.common.dynamic_creds [-] Acquired dynamic creds: credentials: Credentials: {'domain_id': 'default', 'domain_name': 'Default', 'username': 'tempest-ServerExternalEventsTest-1733641842-project', 'project_domain_id': 'default', 'project_domain_name': 'Default', 'project_id': 'dc4840cbcd1747178842f4c58e26d5c0', 'project_name': 'tempest-ServerExternalEventsTest-1733641842', 'tenant_id': 'dc4840cbcd1747178842f4c58e26d5c0', 'tenant_name': 'tempest-ServerExternalEventsTest-1733641842', 'user_domain_id': 'default', 'user_domain_name': 'Default', 'user_id': 'ea6fd81fc8dc41eca953e632ebc7504c', 'system': None}, Network: None, Subnet: None, Router: None
2025-12-11 20:38:48.375 65918 INFO tempest.lib.common.dynamic_creds [-] Created isolated network resources for: credentials: Credentials: {'domain_id': 'default', 'domain_name': 'Default', 'username': 'tempest-ServerExternalEventsTest-1733641842-project', 'project_domain_id': 'default', 'project_domain_name': 'Default', 'project_id': 'dc4840cbcd1747178842f4c58e26d5c0', 'project_name': 'tempest-ServerExternalEventsTest-1733641842', 'tenant_id': 'dc4840cbcd1747178842f4c58e26d5c0', 'tenant_name': 'tempest-ServerExternalEventsTest-1733641842', 'user_domain_id': 'default', 'user_domain_name': 'Default', 'user_id': 'ea6fd81fc8dc41eca953e632ebc7504c', 'system': None}, Network: None, Subnet: None, Router: None
2025-12-11 20:38:48.451 65902 INFO tempest.lib.common.rest_client [req-d993a35d-80c3-4cdd-a733-0dbeb3bb2214 req-d993a35d-80c3-4cdd-a733-0dbeb3bb2214 ] Request (ServersAdminNegativeTestJSON:setUpClass): 204 PUT http://10.180.1.21/identity/v3/projects/24efb92523c145efb90afcf49ffb8168/users/a2689e668bd14105847295e2ed5b79c8/roles/8a8e8bfb7d494545b216e293034bd54b 0.155s
2025-12-11 20:38:48.467 65892 INFO tempest.lib.common.rest_client [req-32a71e53-36b7-48ac-97d5-39aa15504a54 req-32a71e53-36b7-48ac-97d5-39aa15504a54 ] Request (HypervisorAdminTestJSON:test_get_hypervisor_list): 200 GET http://10.180.1.21/compute/v2.1/os-hypervisors 2.656s
2025-12-11 20:38:48.540 65876 INFO tempest.lib.common.rest_client [req-5868972a-3c8a-4546-8352-60388cc93a9a req-5868972a-3c8a-4546-8352-60388cc93a9a ] Request (FlavorsAccessTestJSON:test_flavor_access_add_remove): 200 POST http://10.180.1.21/compute/v2.1/flavors 2.468s
2025-12-11 20:38:48.596 65902 INFO tempest.lib.common.rest_client [req-46f6072a-9646-433c-b107-874cbc08169a req-46f6072a-9646-433c-b107-874cbc08169a ] Request (ServersAdminNegativeTestJSON:setUpClass): 200 GET http://10.180.1.21/identity/v3/roles 0.145s
2025-12-11 20:38:48.598 65918 INFO tempest.lib.common.rest_client [req-feebd252-a75f-4e2f-9f22-37325bf928c3 req-feebd252-a75f-4e2f-9f22-37325bf928c3 ] Request (ServerExternalEventsTest:setUpClass): 201 POST http://10.180.1.21/identity/v3/auth/tokens 0.221s
2025-12-11 20:38:48.607 65908 INFO tempest.lib.common.rest_client [req-b9e9aa82-87cf-445b-aa07-5af261c25668 req-b9e9aa82-87cf-445b-aa07-5af261c25668 ] Request (ListImagesTestJSON:test_list_images): 200 GET http://10.180.1.21/compute/v2.1/images 2.298s
2025-12-11 20:38:48.625 65915 INFO tempest.lib.common.rest_client [req-67284e40-8487-4d62-848f-6f5cbcb6b2f9 req-67284e40-8487-4d62-848f-6f5cbcb6b2f9 ] Request (KeyPairsV2TestJSON:_run_cleanups): 202 DELETE http://10.180.1.21/compute/v2.1/os-keypairs/tempest-keypair-1593278448 2.309s
2025-12-11 20:38:48.630 65932 INFO tempest.lib.common.rest_client [req-894a11cb-6492-4eb2-bf15-e80295fcb2f3 req-894a11cb-6492-4eb2-bf15-e80295fcb2f3 ] Request (QuotasSecurityGroupAdminNegativeTest:tearDownClass): 200 GET http://10.180.1.21/networking/v2.0/security-groups?tenant_id=c0810c5d14ae44429ffc983705ff41a0&name=default 0.680s
2025-12-11 20:38:48.647 65920 INFO tempest.lib.common.rest_client [req-1a114751-fe07-4630-9f95-12aa1faa13ce req-1a114751-fe07-4630-9f95-12aa1faa13ce ] Request (FlavorMetadataValidation:_run_cleanups): 200 GET http://10.180.1.21/compute/v2.1/flavors/detail 2.311s
2025-12-11 20:38:48.674 65880 INFO tempest.lib.common.rest_client [req-d7d8d3a2-f214-4a44-94db-83954a8a8c47 req-d7d8d3a2-f214-4a44-94db-83954a8a8c47 ] Request (FlavorsAdminTestJSON:_run_cleanups): 200 GET http://10.180.1.21/compute/v2.1/flavors/detail 2.325s
2025-12-11 20:38:48.675 65902 INFO tempest.lib.common.rest_client [req-037ff268-5723-4cda-8466-53e965e36998 req-037ff268-5723-4cda-8466-53e965e36998 ] Request (ServersAdminNegativeTestJSON:setUpClass): 204 PUT http://10.180.1.21/identity/v3/projects/24efb92523c145efb90afcf49ffb8168/users/a2689e668bd14105847295e2ed5b79c8/roles/8a8e8bfb7d494545b216e293034bd54b 0.078s
2025-12-11 20:38:48.675 65902 INFO tempest.lib.common.dynamic_creds [-] Dynamic test user a2689e668bd14105847295e2ed5b79c8 is created with scope project and roles: ['admin']
2025-12-11 20:38:48.675 65902 INFO tempest.lib.common.dynamic_creds [-] Acquired dynamic creds: credentials: Credentials: {'domain_id': 'default', 'domain_name': 'Default', 'username': 'tempest-ServersAdminNegativeTestJSON-665828311-project-admin', 'project_domain_id': 'default', 'project_domain_name': 'Default', 'project_id': '24efb92523c145efb90afcf49ffb8168', 'project_name': 'tempest-ServersAdminNegativeTestJSON-665828311', 'tenant_id': '24efb92523c145efb90afcf49ffb8168', 'tenant_name': 'tempest-ServersAdminNegativeTestJSON-665828311', 'user_domain_id': 'default', 'user_domain_name': 'Default', 'user_id': 'a2689e668bd14105847295e2ed5b79c8', 'system': None}, Network: None, Subnet: None, Router: None
2025-12-11 20:38:48.675 65902 INFO tempest.lib.common.dynamic_creds [-] Created isolated network resources for: credentials: Credentials: {'domain_id': 'default', 'domain_name': 'Default', 'username': 'tempest-ServersAdminNegativeTestJSON-665828311-project-admin', 'project_domain_id': 'default', 'project_domain_name': 'Default', 'project_id': '24efb92523c145efb90afcf49ffb8168', 'project_name': 'tempest-ServersAdminNegativeTestJSON-665828311', 'tenant_id': '24efb92523c145efb90afcf49ffb8168', 'tenant_name': 'tempest-ServersAdminNegativeTestJSON-665828311', 'user_domain_id': 'default', 'user_domain_name': 'Default', 'user_id': 'a2689e668bd14105847295e2ed5b79c8', 'system': None}, Network: None, Subnet: None, Router: None
2025-12-11 20:38:48.689 65910 INFO tempest.lib.common.rest_client [req-47995ebd-a406-4c3f-b223-0fa122f562ca req-47995ebd-a406-4c3f-b223-0fa122f562ca ] Request (FlavorsExtraSpecsTestJSON:setUpClass): 200 POST http://10.180.1.21/compute/v2.1/flavors 2.558s
2025-12-11 20:38:48.721 65918 INFO tempest.lib.common.rest_client [req-0c388204-1b02-47b3-91d0-a6533af985ff req-0c388204-1b02-47b3-91d0-a6533af985ff ] Request (ServerExternalEventsTest:test_create_server_external_events): 201 POST http://10.180.1.21/identity/v3/auth/tokens 0.112s
2025-12-11 20:38:48.721 65918 INFO tempest.lib.common.fixed_network [-] (ServerExternalEventsTest:test_create_server_external_events) Found network None available for tenant
2025-12-11 20:38:48.735 65884 INFO tempest.lib.common.rest_client [req-d4df08ea-ea23-4df7-ae8c-8e609a05de5a req-d4df08ea-ea23-4df7-ae8c-8e609a05de5a ] Request (HostsAdminTestJSON:tearDownClass): 204 DELETE http://10.180.1.21/networking/v2.0/security-groups/6d2c10a4-dda0-4c64-bbb0-7afe2336bbc3 0.424s
2025-12-11 20:38:48.752 65896 INFO tempest.lib.common.rest_client [req-692a509e-22d9-4ec4-9921-45bfb4050573 req-692a509e-22d9-4ec4-9921-45bfb4050573 ] Request (ImagesMetadataTestJSON:setUpClass): 204 PUT http://10.180.1.21/image/v2/images/74c318c7-332e-400f-a7b5-2aa61d0b7ec1/file 2.925s
2025-12-11 20:38:48.774 65888 INFO tempest.lib.common.rest_client [req-5e5a02d0-9c34-4410-aa13-3616af0127ad req-5e5a02d0-9c34-4410-aa13-3616af0127ad ] Request (ServersWithSpecificFlavorTestJSON:setUpClass): 201 POST http://10.180.1.21/networking/v2.0/routers 0.976s
2025-12-11 20:38:48.846 65920 INFO tempest.lib.common.rest_client [req-ff191269-c4ed-47d5-9132-477ad6fd0503 req-ff191269-c4ed-47d5-9132-477ad6fd0503 ] Request (FlavorMetadataValidation:tearDownClass): 204 DELETE http://10.180.1.21/identity/v3/users/fa6620781b6b4523a814fa5abbdc7b0c 0.186s
2025-12-11 20:38:48.850 65890 INFO tempest.lib.common.rest_client [req-ccdd8f05-7fd0-4f72-b0d2-0188363f3815 req-ccdd8f05-7fd0-4f72-b0d2-0188363f3815 ] Request (AZAdminV2TestJSON:test_get_availability_zone_list): 200 GET http://10.180.1.21/compute/v2.1/os-availability-zone 2.346s
2025-12-11 20:38:48.884 65932 INFO tempest.lib.common.rest_client [req-74279dcc-bd85-4f40-92de-d9682facb29e req-74279dcc-bd85-4f40-92de-d9682facb29e ] Request (QuotasSecurityGroupAdminNegativeTest:tearDownClass): 204 DELETE http://10.180.1.21/networking/v2.0/security-groups/b417f2fd-1717-4a5d-b546-036ae383075e 0.253s
2025-12-11 20:38:48.899 65902 INFO tempest.lib.common.rest_client [req-8d88d3c8-551b-41cc-9c40-070e693f1aa5 req-8d88d3c8-551b-41cc-9c40-070e693f1aa5 ] Request (ServersAdminNegativeTestJSON:setUpClass): 201 POST http://10.180.1.21/identity/v3/auth/tokens 0.221s
2025-12-11 20:38:48.900 65902 WARNING tempest.lib.common.rest_client [-] Deprecated: "tenant_id" property is deprecated for removal, use "project_id" instead
2025-12-11 20:38:48.945 65872 INFO tempest.lib.common.rest_client [req-6a09f94f-dfd8-4178-bc31-78852abd23f9 req-6a09f94f-dfd8-4178-bc31-78852abd23f9 ] Request (TenantUsagesNegativeTestJSON:test_get_usage_tenant_with_empty_tenant_id): 404 GET http://10.180.1.21/compute/v2.1/os-simple-tenant-usage/?start=2025-12-10T20%3A38%3A46.578562&end=2025-12-12T20%3A38%3A46.578562 2.366s
2025-12-11 20:38:48.952 65872 WARNING tempest.lib.common.rest_client [-] Deprecated: "tenant_id" property is deprecated for removal, use "project_id" instead
2025-12-11 20:38:49.002 65900 INFO tempest.lib.common.rest_client [req-34cd3a3c-cbb0-4d17-99b2-d1de6f433ba6 req-34cd3a3c-cbb0-4d17-99b2-d1de6f433ba6 ] Request (VolumesAssistedSnapshotsTest:setUpClass): 201 POST http://10.180.1.21/networking/v2.0/networks 0.629s
2025-12-11 20:38:49.006 65884 INFO tempest.lib.common.rest_client [req-5919191b-5795-47a1-898c-d758f2f8288b req-5919191b-5795-47a1-898c-d758f2f8288b ] Request (HostsAdminTestJSON:tearDownClass): 204 DELETE http://10.180.1.21/identity/v3/projects/746a073ed81146c990d92c8e409873a1 0.271s
2025-12-11 20:38:49.007 65884 INFO tempest.lib.common.dynamic_creds [-] Deleting project and security group for project: 815f6bdb615846d087221bc06815c591
2025-12-11 20:38:49.028 65920 INFO tempest.lib.common.rest_client [req-30385f30-67f4-49cf-93a5-d4952576716b req-30385f30-67f4-49cf-93a5-d4952576716b ] Request (FlavorMetadataValidation:tearDownClass): 204 DELETE http://10.180.1.21/identity/v3/users/d05714ea9c0746939c22efabdb857250 0.181s
2025-12-11 20:38:49.028 65920 INFO tempest.lib.common.dynamic_creds [-] Deleting project and security group for project: ddbc7708946943648a05c02b6b6f0738
2025-12-11 20:38:49.110 65932 INFO tempest.lib.common.rest_client [req-78417be7-375d-4e4b-9981-e9cdbd5dda90 req-78417be7-375d-4e4b-9981-e9cdbd5dda90 ] Request (QuotasSecurityGroupAdminNegativeTest:tearDownClass): 204 DELETE http://10.180.1.21/identity/v3/projects/c0810c5d14ae44429ffc983705ff41a0 0.226s
2025-12-11 20:38:49.111 65932 INFO tempest.lib.common.dynamic_creds [-] Deleting project and security group for project: 40c2ab4440904fcc95d26756f47eae7a
2025-12-11 20:38:49.132 65904 INFO tempest.lib.common.rest_client [req-a59439d4-fedb-4797-bede-ab77520f8aa7 req-a59439d4-fedb-4797-bede-ab77520f8aa7 ] Request (AZAdminNegativeTestJSON:test_get_availability_zone_list_detail_with_non_admin_user): 403 GET http://10.180.1.21/compute/v2.1/os-availability-zone/detail 2.510s
2025-12-11 20:38:49.158 65900 INFO tempest.lib.common.rest_client [req-4b029976-56af-46e1-8d96-e2cc89c653ea req-4b029976-56af-46e1-8d96-e2cc89c653ea ] Request (VolumesAssistedSnapshotsTest:setUpClass): 201 POST http://10.180.1.21/networking/v2.0/subnets 0.155s
2025-12-11 20:38:49.164 65902 INFO tempest.lib.common.rest_client [req-42085598-3003-4070-8c2b-4f43267c803a req-42085598-3003-4070-8c2b-4f43267c803a ] Request (ServersAdminNegativeTestJSON:setUpClass): 201 POST http://10.180.1.21/identity/v3/auth/tokens 0.257s
2025-12-11 20:38:49.165 65902 INFO tempest.lib.common.fixed_network [-] (ServersAdminNegativeTestJSON:setUpClass) Found network None available for tenant
2025-12-11 20:38:49.214 65922 INFO tempest.lib.common.rest_client [req-8b8cfc38-482d-4f46-aafb-ba9389c3487a req-8b8cfc38-482d-4f46-aafb-ba9389c3487a ] Request (HypervisorAdminNegativeTestJSON:test_get_hypervisor_list_details_with_non_admin_user): 403 GET http://10.180.1.21/compute/v2.1/os-hypervisors/detail 2.525s
2025-12-11 20:38:49.218 65920 INFO tempest.lib.common.rest_client [req-2ef15881-39f1-4ed1-8fba-9f65b1e5ac63 req-2ef15881-39f1-4ed1-8fba-9f65b1e5ac63 ] Request (FlavorMetadataValidation:tearDownClass): 201 POST http://10.180.1.21/identity/v3/auth/tokens 0.190s
2025-12-11 20:38:49.259 65884 INFO tempest.lib.common.rest_client [req-a27c8727-1966-4c28-8dd4-2c1116bcee4e req-a27c8727-1966-4c28-8dd4-2c1116bcee4e ] Request (HostsAdminTestJSON:tearDownClass): 200 GET http://10.180.1.21/networking/v2.0/security-groups?tenant_id=815f6bdb615846d087221bc06815c591&name=default 0.252s
2025-12-11 20:38:49.296 65930 INFO tempest.lib.common.rest_client [req-fe91afb3-78c6-44ef-ba7c-bbfe822f2baa req-fe91afb3-78c6-44ef-ba7c-bbfe822f2baa ] Request (ServicesAdminTestJSON:test_get_service_by_host_name): 200 GET http://10.180.1.21/compute/v2.1/os-services 2.491s
2025-12-11 20:38:49.304 65904 INFO tempest.lib.common.rest_client [req-5ac898d6-a550-418b-8cee-5a7d22f1ba3d req-5ac898d6-a550-418b-8cee-5a7d22f1ba3d ] Request (AZAdminNegativeTestJSON:tearDownClass): 204 DELETE http://10.180.1.21/identity/v3/users/a9b7d1dce9984e79a9ddea405f23d9c6 0.167s
2025-12-11 20:38:49.354 65932 INFO tempest.lib.common.rest_client [req-9a7be99f-854c-48a5-90e4-62d3cc0dc33d req-9a7be99f-854c-48a5-90e4-62d3cc0dc33d ] Request (QuotasSecurityGroupAdminNegativeTest:tearDownClass): 200 GET http://10.180.1.21/networking/v2.0/security-groups?tenant_id=40c2ab4440904fcc95d26756f47eae7a&name=default 0.243s
2025-12-11 20:38:49.419 65906 INFO tempest.lib.common.rest_client [req-460c7bc9-977d-44e0-a2cb-c755e2b662ad req-460c7bc9-977d-44e0-a2cb-c755e2b662ad ] Request (HypervisorAdminV253TestBase:test_list_show_detail_hypervisors): 200 GET http://10.180.1.21/compute/v2.1/os-hypervisors/detail?with_servers=True 2.593s
2025-12-11 20:38:49.430 65916 INFO tempest.lib.common.rest_client [req-5912d223-4075-4a42-939e-ec0cd66ac66e req-5912d223-4075-4a42-939e-ec0cd66ac66e ] Request (HypervisorAdminV228Test:test_get_list_hypervisor_details): 200 GET http://10.180.1.21/compute/v2.1/os-hypervisors 2.445s
2025-12-11 20:38:49.498 65904 INFO tempest.lib.common.rest_client [req-5886f7e1-7edf-480e-ba29-9e5160bfacb3 req-5886f7e1-7edf-480e-ba29-9e5160bfacb3 ] Request (AZAdminNegativeTestJSON:tearDownClass): 204 DELETE http://10.180.1.21/identity/v3/users/885abd9317134b9c810af6f59bb0a76f 0.194s
2025-12-11 20:38:49.498 65904 INFO tempest.lib.common.dynamic_creds [-] Deleting project and security group for project: 6d79bf7d60764b46a97327067161645d
2025-12-11 20:38:49.556 65904 INFO tempest.lib.common.rest_client [req-c7937887-3e24-4c8e-ac22-1801a23f2a62 req-c7937887-3e24-4c8e-ac22-1801a23f2a62 ] Request (AZAdminNegativeTestJSON:tearDownClass): 201 POST http://10.180.1.21/identity/v3/auth/tokens 0.057s
2025-12-11 20:38:49.687 65878 INFO tempest.lib.common.rest_client [req-485947c5-7fbc-4f98-b965-2a16630e4453 req-485947c5-7fbc-4f98-b965-2a16630e4453 ] Request (QuotasAdminTestV257:test_get_updated_quotas): 200 PUT http://10.180.1.21/compute/v2.1/os-quota-sets/488df1b12a9947589f1d6352c64b83dc 2.444s
2025-12-11 20:38:49.708 65888 INFO tempest.lib.common.rest_client [req-8bc2ef6f-cc32-42ce-ac4b-f19370ed2cd5 req-8bc2ef6f-cc32-42ce-ac4b-f19370ed2cd5 ] Request (ServersWithSpecificFlavorTestJSON:setUpClass): 200 PUT http://10.180.1.21/networking/v2.0/routers/2e882ac6-7ffa-4e8b-a928-d324f7e4f9db/add_router_interface 0.932s
2025-12-11 20:38:49.708 65888 INFO tempest.lib.common.dynamic_creds [-] Created isolated network resources for: credentials: Credentials: {'domain_id': 'default', 'domain_name': 'Default', 'username': 'tempest-ServersWithSpecificFlavorTestJSON-4181563-project-admin', 'project_domain_id': 'default', 'project_domain_name': 'Default', 'project_id': 'a45969d1cd734874b1c6578416d9cf40', 'project_name': 'tempest-ServersWithSpecificFlavorTestJSON-4181563', 'tenant_id': 'a45969d1cd734874b1c6578416d9cf40', 'tenant_name': 'tempest-ServersWithSpecificFlavorTestJSON-4181563', 'user_domain_id': 'default', 'user_domain_name': 'Default', 'user_id': 'bb1a5ed1c9d8423fa8cfe34f3aada477', 'system': None}, Network: {'id': 'e8e492dd-a066-439b-946b-3102af8f816a', 'name': 'tempest-ServersWithSpecificFlavorTestJSON-2078036689-network', 'tenant_id': 'a45969d1cd734874b1c6578416d9cf40', 'project_id': 'a45969d1cd734874b1c6578416d9cf40', 'admin_state_up': True, 'mtu': 8950, 'status': 'ACTIVE', 'subnets': [], 'shared': False, 'port_security_enabled': True, 'router:external': False, 'provider:network_type': 'vlan', 'provider:physical_network': 'default', 'provider:segmentation_id': 392, 'availability_zone_hints': [], 'availability_zones': [], 'ipv4_address_scope': None, 'ipv6_address_scope': None, 'description': '', 'tags': [], 'created_at': '2025-12-11T20:38:47Z', 'updated_at': '2025-12-11T20:38:47Z', 'revision_number': 1}, Subnet: {'id': '3774cbde-3339-47d5-9929-fa94ff398331', 'name': 'tempest-ServersWithSpecificFlavorTestJSON-2078036689-subnet', 'tenant_id': 'a45969d1cd734874b1c6578416d9cf40', 'network_id': 'e8e492dd-a066-439b-946b-3102af8f816a', 'ip_version': 4, 'subnetpool_id': None, 'enable_dhcp': True, 'ipv6_ra_mode': None, 'ipv6_address_mode': None, 'gateway_ip': '192.168.128.1', 'cidr': '192.168.128.0/28', 'allocation_pools': [{'start': '192.168.128.2', 'end': '192.168.128.14'}], 'host_routes': [], 'dns_nameservers': [], 'description': '', 'router:external': False, 'service_types': [], 'tags': [], 'created_at': '2025-12-11T20:38:47Z', 'updated_at': '2025-12-11T20:38:47Z', 'revision_number': 0, 'project_id': 'a45969d1cd734874b1c6578416d9cf40'}, Router: {'id': '2e882ac6-7ffa-4e8b-a928-d324f7e4f9db', 'name': 'tempest-ServersWithSpecificFlavorTestJSON-2078036689-router', 'tenant_id': 'a45969d1cd734874b1c6578416d9cf40', 'admin_state_up': True, 'status': 'ACTIVE', 'external_gateway_info': {'network_id': '4d7a6f66-baf2-4757-b8d4-e9ab019ee258', 'external_fixed_ips': [{'subnet_id': 'e003770a-972a-4ca9-90bd-6c15d218ad34', 'ip_address': '10.180.180.167'}], 'enable_snat': True}, 'description': '', 'availability_zones': [], 'distributed': False, 'ha': False, 'availability_zone_hints': [], 'routes': [], 'flavor_id': None, 'tags': [], 'created_at': '2025-12-11T20:38:47Z', 'updated_at': '2025-12-11T20:38:48Z', 'revision_number': 2, 'project_id': 'a45969d1cd734874b1c6578416d9cf40'}
2025-12-11 20:38:49.898 65888 INFO tempest.lib.common.rest_client [req-f493fd32-56dc-410e-9735-cdb8b1f7bbb7 req-f493fd32-56dc-410e-9735-cdb8b1f7bbb7 ] Request (ServersWithSpecificFlavorTestJSON:setUpClass): 201 POST http://10.180.1.21/identity/v3/auth/tokens 0.186s
2025-12-11 20:38:49.928 65920 INFO tempest.lib.common.rest_client [req-03503800-f4ae-4f19-a45a-cb4b14382b1f req-03503800-f4ae-4f19-a45a-cb4b14382b1f ] Request (FlavorMetadataValidation:tearDownClass): 200 GET http://10.180.1.21/networking/v2.0/security-groups?tenant_id=ddbc7708946943648a05c02b6b6f0738&name=default 0.709s
2025-12-11 20:38:50.015 65884 INFO tempest.lib.common.rest_client [req-81da5a77-3e36-4c4d-830e-7f9714f18beb req-81da5a77-3e36-4c4d-830e-7f9714f18beb ] Request (HostsAdminTestJSON:tearDownClass): 204 DELETE http://10.180.1.21/networking/v2.0/security-groups/8f7bc9a6-0ae2-47c2-b2d0-cbc877ea75de 0.755s
2025-12-11 20:38:50.058 65900 INFO tempest.lib.common.rest_client [req-fb1212e3-6032-484c-be6c-2a3c63bab68e req-fb1212e3-6032-484c-be6c-2a3c63bab68e ] Request (VolumesAssistedSnapshotsTest:setUpClass): 201 POST http://10.180.1.21/networking/v2.0/routers 0.900s
2025-12-11 20:38:50.083 65884 INFO tempest.lib.common.rest_client [req-966474c6-4dd6-44f2-aca8-423e1c00602d req-966474c6-4dd6-44f2-aca8-423e1c00602d ] Request (HostsAdminTestJSON:tearDownClass): 204 DELETE http://10.180.1.21/identity/v3/projects/815f6bdb615846d087221bc06815c591 0.068s
2025-12-11 20:38:50.084 65884 INFO tempest.test [-] raised in LiveMigrationNegativeTest.setUpClass. Invoking tearDownClass.
2025-12-11 20:38:50.099 65932 INFO tempest.lib.common.rest_client [req-f7abe628-eb3e-4177-b732-968f83b68e61 req-f7abe628-eb3e-4177-b732-968f83b68e61 ] Request (QuotasSecurityGroupAdminNegativeTest:tearDownClass): 204 DELETE http://10.180.1.21/networking/v2.0/security-groups/528f237a-30dc-4791-9b28-c5e57fa78b2d 0.744s
2025-12-11 20:38:50.153 65912 INFO tempest.lib.common.rest_client [req-0572326a-982e-4b4c-abfb-cd69f4f10aee req-0572326a-982e-4b4c-abfb-cd69f4f10aee ] Request (SecurityGroupsTestAdminJSON:test_list_security_groups_list_all_tenants_filter): 200 POST http://10.180.1.21/compute/v2.1/os-security-groups 3.049s
2025-12-11 20:38:50.160 65884 INFO tempest.lib.common.rest_client [req-7d409481-8b0e-4d52-8861-7896976f52e8 req-7d409481-8b0e-4d52-8861-7896976f52e8 ] Request (TenantUsagesTestJSON:setUpClass): 201 POST http://10.180.1.21/identity/v3/auth/tokens 0.073s
2025-12-11 20:38:50.205 65932 INFO tempest.lib.common.rest_client [req-897d3bb5-e777-45a0-8da2-9971045034b2 req-897d3bb5-e777-45a0-8da2-9971045034b2 ] Request (QuotasSecurityGroupAdminNegativeTest:tearDownClass): 204 DELETE http://10.180.1.21/identity/v3/projects/40c2ab4440904fcc95d26756f47eae7a 0.106s
2025-12-11 20:38:50.206 65932 INFO tempest.test [-] raised in UnshelveToHostMultiNodesTest.setUpClass. Invoking tearDownClass.
2025-12-11 20:38:50.207 65932 INFO tempest.test [-] raised in UpdateMultiattachVolumeNegativeTest.setUpClass. Invoking tearDownClass.
2025-12-11 20:38:50.260 65920 INFO tempest.lib.common.rest_client [req-ce885842-8826-4797-8e7a-67f6d798d82c req-ce885842-8826-4797-8e7a-67f6d798d82c ] Request (FlavorMetadataValidation:tearDownClass): 204 DELETE http://10.180.1.21/networking/v2.0/security-groups/f7574295-3387-4954-a049-330f8e1259de 0.331s
2025-12-11 20:38:50.265 65884 INFO tempest.lib.common.rest_client [req-fbdff153-4732-4605-ba35-48aa4ec970ae req-fbdff153-4732-4605-ba35-48aa4ec970ae ] Request (TenantUsagesTestJSON:setUpClass): 201 POST http://10.180.1.21/identity/v3/auth/tokens 0.102s
2025-12-11 20:38:50.295 65932 INFO tempest.lib.common.rest_client [req-1853bf69-e6fc-4d6b-a2aa-214f025f4a7a req-1853bf69-e6fc-4d6b-a2aa-214f025f4a7a ] Request (ImagesDeleteNegativeTestJSON:setUpClass): 201 POST http://10.180.1.21/identity/v3/auth/tokens 0.086s
2025-12-11 20:38:50.314 65884 INFO tempest.lib.common.rest_client [req-896f5b16-ac1a-4b28-9785-67e7521060c3 req-896f5b16-ac1a-4b28-9785-67e7521060c3 ] Request (TenantUsagesTestJSON:setUpClass): 200 GET http://10.180.1.21/identity/v3/domains?name=Default 0.049s
2025-12-11 20:38:50.346 65920 INFO tempest.lib.common.rest_client [req-ec1959d2-f33d-4c8f-b14c-bdba398055f2 req-ec1959d2-f33d-4c8f-b14c-bdba398055f2 ] Request (FlavorMetadataValidation:tearDownClass): 204 DELETE http://10.180.1.21/identity/v3/projects/ddbc7708946943648a05c02b6b6f0738 0.085s
2025-12-11 20:38:50.346 65920 INFO tempest.lib.common.dynamic_creds [-] Deleting project and security group for project: e65c87cbd81b46f893ebc6e074134e8a
2025-12-11 20:38:50.373 65932 INFO tempest.lib.common.rest_client [req-72324810-b683-4314-8246-c7e77cdc1994 req-72324810-b683-4314-8246-c7e77cdc1994 ] Request (ImagesDeleteNegativeTestJSON:setUpClass): 201 POST http://10.180.1.21/identity/v3/auth/tokens 0.073s
2025-12-11 20:38:50.374 65904 INFO tempest.lib.common.rest_client [req-7aabc22b-07bf-4c17-92fa-859ab9c1e000 req-7aabc22b-07bf-4c17-92fa-859ab9c1e000 ] Request (AZAdminNegativeTestJSON:tearDownClass): 200 GET http://10.180.1.21/networking/v2.0/security-groups?tenant_id=6d79bf7d60764b46a97327067161645d&name=default 0.817s
2025-12-11 20:38:50.397 65932 INFO tempest.lib.common.rest_client [req-e6f6ac67-bfed-4ae8-ae31-047741f206f1 req-e6f6ac67-bfed-4ae8-ae31-047741f206f1 ] Request (ImagesDeleteNegativeTestJSON:setUpClass): 200 GET http://10.180.1.21/identity/v3/domains?name=Default 0.024s
2025-12-11 20:38:50.420 65884 INFO tempest.lib.common.rest_client [req-8eeff306-d22e-4417-9f23-941578c07fcf req-8eeff306-d22e-4417-9f23-941578c07fcf ] Request (TenantUsagesTestJSON:setUpClass): 201 POST http://10.180.1.21/identity/v3/projects 0.105s
2025-12-11 20:38:50.427 65932 INFO tempest.lib.common.rest_client [req-1e447f20-e7e4-460b-bde4-2608e97713a9 req-1e447f20-e7e4-460b-bde4-2608e97713a9 ] Request (ImagesDeleteNegativeTestJSON:setUpClass): 201 POST http://10.180.1.21/identity/v3/projects 0.029s
2025-12-11 20:38:50.481 65884 INFO tempest.lib.common.rest_client [req-15f91aa8-6117-4785-965e-ae2aa9c58a46 req-15f91aa8-6117-4785-965e-ae2aa9c58a46 ] Request (TenantUsagesTestJSON:setUpClass): 201 POST http://10.180.1.21/identity/v3/users 0.060s
2025-12-11 20:38:50.482 65932 INFO tempest.lib.common.rest_client [req-4246b436-2316-485a-a5d6-adde2ea9d1e5 req-4246b436-2316-485a-a5d6-adde2ea9d1e5 ] Request (ImagesDeleteNegativeTestJSON:setUpClass): 201 POST http://10.180.1.21/identity/v3/users 0.054s
2025-12-11 20:38:50.489 65934 INFO tempest.lib.common.rest_client [req-710f1965-65d9-475c-86d1-990feff518e5 req-710f1965-65d9-475c-86d1-990feff518e5 ] Request (ServerDiagnosticsV248Test:test_get_server_diagnostics): 200 GET http://10.180.1.21/compute/v2.1/servers/620fa519-ec81-4d97-818d-704324439789 2.866s
2025-12-11 20:38:50.504 65884 INFO tempest.lib.common.rest_client [req-3303d763-e4db-4558-8291-4ed95dddc0e4 req-3303d763-e4db-4558-8291-4ed95dddc0e4 ] Request (TenantUsagesTestJSON:setUpClass): 200 GET http://10.180.1.21/identity/v3/roles 0.022s
2025-12-11 20:38:50.506 65932 INFO tempest.lib.common.rest_client [req-855f0850-a845-487e-adc3-5a156b56d79b req-855f0850-a845-487e-adc3-5a156b56d79b ] Request (ImagesDeleteNegativeTestJSON:setUpClass): 200 GET http://10.180.1.21/identity/v3/roles 0.023s
2025-12-11 20:38:50.547 65884 INFO tempest.lib.common.rest_client [req-6e9c1621-4563-451c-8d9b-2b28501b179c req-6e9c1621-4563-451c-8d9b-2b28501b179c ] Request (TenantUsagesTestJSON:setUpClass): 204 PUT http://10.180.1.21/identity/v3/projects/dbda19d06d134bd98d0ed3c53b1a8b86/users/84c2b8392b014ebcad4762253f682d65/roles/4f2c56d18e404064b296807da5332c1b 0.043s
2025-12-11 20:38:50.547 65932 INFO tempest.lib.common.rest_client [req-ac449072-31bd-40d5-aa75-1e7516307dcc req-ac449072-31bd-40d5-aa75-1e7516307dcc ] Request (ImagesDeleteNegativeTestJSON:setUpClass): 204 PUT http://10.180.1.21/identity/v3/projects/8b3e59d89253441ca6639eac477d11fb/users/18840654e29c4b5dbbf4d4f3d71d1bb9/roles/4f2c56d18e404064b296807da5332c1b 0.041s
2025-12-11 20:38:50.547 65884 INFO tempest.lib.common.dynamic_creds [-] Dynamic test user 84c2b8392b014ebcad4762253f682d65 is created with scope project and roles: ['member']
2025-12-11 20:38:50.548 65932 INFO tempest.lib.common.dynamic_creds [-] Dynamic test user 18840654e29c4b5dbbf4d4f3d71d1bb9 is created with scope project and roles: ['member']
2025-12-11 20:38:50.548 65884 INFO tempest.lib.common.dynamic_creds [-] Acquired dynamic creds: credentials: Credentials: {'domain_id': 'default', 'domain_name': 'Default', 'username': 'tempest-TenantUsagesTestJSON-1097485700-project-member', 'project_domain_id': 'default', 'project_domain_name': 'Default', 'project_id': 'dbda19d06d134bd98d0ed3c53b1a8b86', 'project_name': 'tempest-TenantUsagesTestJSON-1097485700', 'tenant_id': 'dbda19d06d134bd98d0ed3c53b1a8b86', 'tenant_name': 'tempest-TenantUsagesTestJSON-1097485700', 'user_domain_id': 'default', 'user_domain_name': 'Default', 'user_id': '84c2b8392b014ebcad4762253f682d65', 'system': None}, Network: None, Subnet: None, Router: None
2025-12-11 20:38:50.548 65932 INFO tempest.lib.common.dynamic_creds [-] Acquired dynamic creds: credentials: Credentials: {'domain_id': 'default', 'domain_name': 'Default', 'username': 'tempest-ImagesDeleteNegativeTestJSON-258199262-project-member', 'project_domain_id': 'default', 'project_domain_name': 'Default', 'project_id': '8b3e59d89253441ca6639eac477d11fb', 'project_name': 'tempest-ImagesDeleteNegativeTestJSON-258199262', 'tenant_id': '8b3e59d89253441ca6639eac477d11fb', 'tenant_name': 'tempest-ImagesDeleteNegativeTestJSON-258199262', 'user_domain_id': 'default', 'user_domain_name': 'Default', 'user_id': '18840654e29c4b5dbbf4d4f3d71d1bb9', 'system': None}, Network: None, Subnet: None, Router: None
2025-12-11 20:38:50.548 65884 INFO tempest.lib.common.dynamic_creds [-] Created isolated network resources for: credentials: Credentials: {'domain_id': 'default', 'domain_name': 'Default', 'username': 'tempest-TenantUsagesTestJSON-1097485700-project-member', 'project_domain_id': 'default', 'project_domain_name': 'Default', 'project_id': 'dbda19d06d134bd98d0ed3c53b1a8b86', 'project_name': 'tempest-TenantUsagesTestJSON-1097485700', 'tenant_id': 'dbda19d06d134bd98d0ed3c53b1a8b86', 'tenant_name': 'tempest-TenantUsagesTestJSON-1097485700', 'user_domain_id': 'default', 'user_domain_name': 'Default', 'user_id': '84c2b8392b014ebcad4762253f682d65', 'system': None}, Network: None, Subnet: None, Router: None
2025-12-11 20:38:50.548 65932 INFO tempest.lib.common.dynamic_creds [-] Created isolated network resources for: credentials: Credentials: {'domain_id': 'default', 'domain_name': 'Default', 'username': 'tempest-ImagesDeleteNegativeTestJSON-258199262-project-member', 'project_domain_id': 'default', 'project_domain_name': 'Default', 'project_id': '8b3e59d89253441ca6639eac477d11fb', 'project_name': 'tempest-ImagesDeleteNegativeTestJSON-258199262', 'tenant_id': '8b3e59d89253441ca6639eac477d11fb', 'tenant_name': 'tempest-ImagesDeleteNegativeTestJSON-258199262', 'user_domain_id': 'default', 'user_domain_name': 'Default', 'user_id': '18840654e29c4b5dbbf4d4f3d71d1bb9', 'system': None}, Network: None, Subnet: None, Router: None
2025-12-11 20:38:50.580 65920 INFO tempest.lib.common.rest_client [req-187c9e34-022f-4f83-9da8-105e145a9480 req-187c9e34-022f-4f83-9da8-105e145a9480 ] Request (FlavorMetadataValidation:tearDownClass): 200 GET http://10.180.1.21/networking/v2.0/security-groups?tenant_id=e65c87cbd81b46f893ebc6e074134e8a&name=default 0.234s
2025-12-11 20:38:50.633 65884 INFO tempest.lib.common.rest_client [req-63fa3ae8-55de-498c-acb4-dced88d7f25c req-63fa3ae8-55de-498c-acb4-dced88d7f25c ] Request (TenantUsagesTestJSON:setUpClass): 201 POST http://10.180.1.21/identity/v3/auth/tokens 0.080s
2025-12-11 20:38:50.634 65932 INFO tempest.lib.common.rest_client [req-392c7ba0-b79f-4e53-8f93-ef3793ec92c6 req-392c7ba0-b79f-4e53-8f93-ef3793ec92c6 ] Request (ImagesDeleteNegativeTestJSON:setUpClass): 201 POST http://10.180.1.21/identity/v3/auth/tokens 0.080s
2025-12-11 20:38:50.658 65904 INFO tempest.lib.common.rest_client [req-918fa4a3-fd93-4768-b8f8-9a21f9e77f6f req-918fa4a3-fd93-4768-b8f8-9a21f9e77f6f ] Request (AZAdminNegativeTestJSON:tearDownClass): 204 DELETE http://10.180.1.21/networking/v2.0/security-groups/ab15a536-50cd-47da-9044-97e7e09e509f 0.283s
2025-12-11 20:38:50.695 65884 INFO tempest.lib.common.rest_client [req-b3ac3aa5-27da-4721-ab25-e59cc353ae36 req-b3ac3aa5-27da-4721-ab25-e59cc353ae36 ] Request (TenantUsagesTestJSON:setUpClass): 201 POST http://10.180.1.21/identity/v3/projects 0.062s
2025-12-11 20:38:50.778 65884 INFO tempest.lib.common.rest_client [req-e4bca59e-a68c-42d0-b4fc-18e0141c1121 req-e4bca59e-a68c-42d0-b4fc-18e0141c1121 ] Request (TenantUsagesTestJSON:setUpClass): 201 POST http://10.180.1.21/identity/v3/users 0.082s
2025-12-11 20:38:50.809 65884 INFO tempest.lib.common.rest_client [req-5b061c52-c472-4d4c-916f-4d869c430dc9 req-5b061c52-c472-4d4c-916f-4d869c430dc9 ] Request (TenantUsagesTestJSON:setUpClass): 200 GET http://10.180.1.21/identity/v3/roles 0.031s
2025-12-11 20:38:50.817 65920 INFO tempest.lib.common.rest_client [req-5c0d96c1-5c7c-4ba7-813a-3987b0357de9 req-5c0d96c1-5c7c-4ba7-813a-3987b0357de9 ] Request (FlavorMetadataValidation:tearDownClass): 204 DELETE http://10.180.1.21/networking/v2.0/security-groups/aab64ac9-192d-4092-be2a-1c2c34ffabdf 0.237s
2025-12-11 20:38:50.831 65904 INFO tempest.lib.common.rest_client [req-6289d578-f2fc-4172-bbea-46b396745fa9 req-6289d578-f2fc-4172-bbea-46b396745fa9 ] Request (AZAdminNegativeTestJSON:tearDownClass): 204 DELETE http://10.180.1.21/identity/v3/projects/6d79bf7d60764b46a97327067161645d 0.173s
2025-12-11 20:38:50.831 65904 INFO tempest.lib.common.dynamic_creds [-] Deleting project and security group for project: 7811860498f54edf9fb022192404749c
2025-12-11 20:38:50.877 65884 INFO tempest.lib.common.rest_client [req-46b7c26d-4652-431d-8c5c-40c42ac8ec89 req-46b7c26d-4652-431d-8c5c-40c42ac8ec89 ] Request (TenantUsagesTestJSON:setUpClass): 204 PUT http://10.180.1.21/identity/v3/projects/0ad60574484f432194795eb36a86152f/users/6bf6d802c9824425a697e720bce5c8ae/roles/8a8e8bfb7d494545b216e293034bd54b 0.067s
2025-12-11 20:38:50.932 65920 INFO tempest.lib.common.rest_client [req-7459a9f9-84f1-4710-92c0-144db95c0d47 req-7459a9f9-84f1-4710-92c0-144db95c0d47 ] Request (FlavorMetadataValidation:tearDownClass): 204 DELETE http://10.180.1.21/identity/v3/projects/e65c87cbd81b46f893ebc6e074134e8a 0.115s
2025-12-11 20:38:50.937 65898 INFO tempest.lib.common.rest_client [req-22f19332-201b-45a0-9d2b-3a3b3cb5b6fd req-22f19332-201b-45a0-9d2b-3a3b3cb5b6fd ] Request (DeleteServersAdminTestJSON:test_admin_delete_servers_of_others): 202 POST http://10.180.1.21/compute/v2.1/servers 3.691s
2025-12-11 20:38:50.975 65884 INFO tempest.lib.common.rest_client [req-afbc79c1-c1ec-41d4-b1d1-e92989a98147 req-afbc79c1-c1ec-41d4-b1d1-e92989a98147 ] Request (TenantUsagesTestJSON:setUpClass): 200 GET http://10.180.1.21/identity/v3/roles 0.098s
2025-12-11 20:38:50.993 65904 INFO tempest.lib.common.rest_client [req-4db73b2c-bd24-413d-8317-57304b9c1123 req-4db73b2c-bd24-413d-8317-57304b9c1123 ] Request (AZAdminNegativeTestJSON:tearDownClass): 200 GET http://10.180.1.21/networking/v2.0/security-groups?tenant_id=7811860498f54edf9fb022192404749c&name=default 0.161s
2025-12-11 20:38:50.998 65920 INFO tempest.lib.common.rest_client [req-a2363cba-3c0e-4073-8d92-55c954e5ffa5 req-a2363cba-3c0e-4073-8d92-55c954e5ffa5 ] Request (HostsAdminNegativeTestJSON:setUpClass): 201 POST http://10.180.1.21/identity/v3/auth/tokens 0.063s
2025-12-11 20:38:51.003 65924 INFO tempest.lib.common.rest_client [req-81ccef51-5285-493b-90e1-a8429dcbda27 req-81ccef51-5285-493b-90e1-a8429dcbda27 ] Request (FloatingIPsTestJSON:test_allocate_floating_ip): 200 GET http://10.180.1.21/compute/v2.1/os-floating-ips/451cfed7-db45-4db7-81e4-107f569491f2 3.347s
2025-12-11 20:38:51.019 65884 INFO tempest.lib.common.rest_client [req-eda2d322-b98e-4f25-b497-c51dfa60a7ef req-eda2d322-b98e-4f25-b497-c51dfa60a7ef ] Request (TenantUsagesTestJSON:setUpClass): 204 PUT http://10.180.1.21/identity/v3/projects/0ad60574484f432194795eb36a86152f/users/6bf6d802c9824425a697e720bce5c8ae/roles/8a8e8bfb7d494545b216e293034bd54b 0.044s
2025-12-11 20:38:51.020 65884 INFO tempest.lib.common.dynamic_creds [-] Dynamic test user 6bf6d802c9824425a697e720bce5c8ae is created with scope project and roles: ['admin']
2025-12-11 20:38:51.020 65884 INFO tempest.lib.common.dynamic_creds [-] Acquired dynamic creds: credentials: Credentials: {'domain_id': 'default', 'domain_name': 'Default', 'username': 'tempest-TenantUsagesTestJSON-1470633587-project-admin', 'project_domain_id': 'default', 'project_domain_name': 'Default', 'project_id': '0ad60574484f432194795eb36a86152f', 'project_name': 'tempest-TenantUsagesTestJSON-1470633587', 'tenant_id': '0ad60574484f432194795eb36a86152f', 'tenant_name': 'tempest-TenantUsagesTestJSON-1470633587', 'user_domain_id': 'default', 'user_domain_name': 'Default', 'user_id': '6bf6d802c9824425a697e720bce5c8ae', 'system': None}, Network: None, Subnet: None, Router: None
2025-12-11 20:38:51.020 65884 INFO tempest.lib.common.dynamic_creds [-] Created isolated network resources for: credentials: Credentials: {'domain_id': 'default', 'domain_name': 'Default', 'username': 'tempest-TenantUsagesTestJSON-1470633587-project-admin', 'project_domain_id': 'default', 'project_domain_name': 'Default', 'project_id': '0ad60574484f432194795eb36a86152f', 'project_name': 'tempest-TenantUsagesTestJSON-1470633587', 'tenant_id': '0ad60574484f432194795eb36a86152f', 'tenant_name': 'tempest-TenantUsagesTestJSON-1470633587', 'user_domain_id': 'default', 'user_domain_name': 'Default', 'user_id': '6bf6d802c9824425a697e720bce5c8ae', 'system': None}, Network: None, Subnet: None, Router: None
2025-12-11 20:38:51.033 65926 INFO tempest.lib.common.rest_client [req-b6f131bb-5dd4-406c-bac5-c541978941bf req-b6f131bb-5dd4-406c-bac5-c541978941bf ] Request (ServicesAdminNegativeTestJSON:test_get_service_by_invalid_params): 200 GET http://10.180.1.21/compute/v2.1/os-services?xxx=nova-compute 2.969s
2025-12-11 20:38:51.080 65874 INFO tempest.lib.common.rest_client [req-9d2dc267-bc18-4ec6-bd9c-a2d47ce56d6d req-9d2dc267-bc18-4ec6-bd9c-a2d47ce56d6d ] Request (AggregatesAdminNegativeTestJSON:test_aggregate_add_existent_host): 200 POST http://10.180.1.21/compute/v2.1/os-aggregates 2.779s
2025-12-11 20:38:51.084 65920 INFO tempest.lib.common.rest_client [req-8c5c94fa-1555-4dd0-aade-546eed0f9463 req-8c5c94fa-1555-4dd0-aade-546eed0f9463 ] Request (HostsAdminNegativeTestJSON:setUpClass): 201 POST http://10.180.1.21/identity/v3/auth/tokens 0.083s
2025-12-11 20:38:51.107 65904 INFO tempest.lib.common.rest_client [req-bae09282-f9cc-4911-ac4d-8012759459bd req-bae09282-f9cc-4911-ac4d-8012759459bd ] Request (AZAdminNegativeTestJSON:tearDownClass): 204 DELETE http://10.180.1.21/networking/v2.0/security-groups/24c90abf-203c-443a-876b-e59438c78b45 0.113s
2025-12-11 20:38:51.115 65882 INFO tempest.lib.common.rest_client [req-9651a7de-b784-4731-b56e-f0d3dc65ae39 req-9651a7de-b784-4731-b56e-f0d3dc65ae39 ] Request (HypervisorAdminNegativeUnderV252Test:test_search_hypervisor_with_non_admin_user): 403 GET http://10.180.1.21/compute/v2.1/os-hypervisors/domain-c8.fc996f14-c53b-4953-92e3-bdfa48f5cc28/search 3.070s
2025-12-11 20:38:51.168 65884 INFO tempest.lib.common.rest_client [req-9e0cb5bd-1a51-4968-ba59-8604c4c7d48c req-9e0cb5bd-1a51-4968-ba59-8604c4c7d48c ] Request (TenantUsagesTestJSON:setUpClass): 201 POST http://10.180.1.21/identity/v3/auth/tokens 0.145s
2025-12-11 20:38:51.169 65884 WARNING tempest.lib.common.rest_client [-] Deprecated: "tenant_id" property is deprecated for removal, use "project_id" instead
2025-12-11 20:38:51.189 65900 INFO tempest.lib.common.rest_client [req-88587b80-b258-4510-81c1-0fb1cac2a447 req-88587b80-b258-4510-81c1-0fb1cac2a447 ] Request (VolumesAssistedSnapshotsTest:setUpClass): 200 PUT http://10.180.1.21/networking/v2.0/routers/6a4bdb3b-fc06-403f-9345-306817399dc0/add_router_interface 1.130s
