2025-12-11 20:41:50.827 65882 INFO tempest.lib.common.rest_client [req-81542a03-8c6a-49b1-979c-f2c00c58c395 req-81542a03-8c6a-49b1-979c-f2c00c58c395 ] Request (AttachVolumeShelveTestJSON:setUpClass): 201 POST http://10.180.1.21/networking/v2.0/networks 0.688s
2025-12-11 20:41:50.925 65874 INFO tempest.lib.common.rest_client [req-0828dc77-3987-4e9b-8b0e-3037d9933678 req-0828dc77-3987-4e9b-8b0e-3037d9933678 ] Request (HypervisorAdminUnderV252Test:tearDownClass): 200 GET http://10.180.1.21/networking/v2.0/security-groups?tenant_id=8666980945914ffcba3c55a96a87cac7&name=default 0.249s
2025-12-11 20:41:51.185 65898 INFO tempest.lib.common.rest_client [req-cac326ac-3ae9-4ff3-bd9b-24672885fea4 req-cac326ac-3ae9-4ff3-bd9b-24672885fea4 ] Request (ServerDiagnosticsTest:test_get_server_diagnostics): 200 GET http://10.180.1.21/compute/v2.1/servers/c6e2c843-b31d-494e-9a1d-cf79e697c114 1.266s
2025-12-11 20:41:51.229 65908 INFO tempest.lib.common.rest_client [req-370975f4-50ff-4b17-a14e-f65166327f72 req-370975f4-50ff-4b17-a14e-f65166327f72 ] Request (ServersTestMultiNic:tearDownClass): 404 DELETE http://10.180.1.21/compute/v2.1/servers/cd712f66-1868-46f8-ac42-f85fec1401e5 1.299s
2025-12-11 20:41:51.370 65874 INFO tempest.lib.common.rest_client [req-b8af0435-c79d-4f11-a7ce-ace00fa764cb req-b8af0435-c79d-4f11-a7ce-ace00fa764cb ] Request (HypervisorAdminUnderV252Test:tearDownClass): 204 DELETE http://10.180.1.21/networking/v2.0/security-groups/b415cba1-6e3d-49b1-8865-43493d23366d 0.445s
2025-12-11 20:41:51.414 65888 INFO tempest.lib.common.rest_client [req-f0daa280-c7b5-4746-a462-5998f9d6e0d6 req-f0daa280-c7b5-4746-a462-5998f9d6e0d6 ] Request (ServersWithSpecificFlavorTestJSON:test_verify_created_server_ephemeral_disk): 200 GET http://10.180.1.21/compute/v2.1/servers/b9e7d729-cdf7-4014-ad8e-013a3b34f4c4 1.472s
2025-12-11 20:41:51.436 65912 WARNING tempest.lib.common.ssh [-] Failed to establish authenticated ssh connection to cirros@10.180.180.132 ([Errno None] Unable to connect to port 22 on 10.180.180.132). Number attempts: 8. Retry after 9 seconds.: paramiko.ssh_exception.NoValidConnectionsError: [Errno None] Unable to connect to port 22 on 10.180.180.132
2025-12-11 20:41:51.445 65882 INFO tempest.lib.common.rest_client [req-ec9bc98c-4a20-4daa-b7c9-baa9e26f2368 req-ec9bc98c-4a20-4daa-b7c9-baa9e26f2368 ] Request (AttachVolumeShelveTestJSON:setUpClass): 201 POST http://10.180.1.21/networking/v2.0/subnets 0.617s
2025-12-11 20:41:51.503 65874 INFO tempest.lib.common.rest_client [req-18b1b9d9-c04f-4ba7-b15a-94bb6404af03 req-18b1b9d9-c04f-4ba7-b15a-94bb6404af03 ] Request (HypervisorAdminUnderV252Test:tearDownClass): 204 DELETE http://10.180.1.21/identity/v3/projects/8666980945914ffcba3c55a96a87cac7 0.132s
2025-12-11 20:41:51.530 65906 INFO tempest.lib.common.rest_client [req-0cb6c368-c2ef-455c-9e0b-94e7ddb94324 req-0cb6c368-c2ef-455c-9e0b-94e7ddb94324 ] Request (FloatingIPsAssociationTestJSON:tearDownClass): 200 GET http://10.180.1.21/compute/v2.1/servers/68ad8327-7f2b-450b-a272-c09cd628b0e2 1.478s
2025-12-11 20:41:51.551 65876 INFO tempest.lib.common.rest_client [req-dc0eb684-c330-4733-ad3c-1c8077e002f7 req-dc0eb684-c330-4733-ad3c-1c8077e002f7 ] Request (ServerActionsV293TestJSON:setUpClass): 200 GET http://10.180.1.21/volume/v3/volumes/f870120e-8277-44cc-83d2-74b064ffef69 0.044s
2025-12-11 20:41:51.587 65874 INFO tempest.lib.common.rest_client [req-853880e1-85e0-4f49-a46a-0845468e4fd3 req-853880e1-85e0-4f49-a46a-0845468e4fd3 ] Request (FloatingIPsNegativeTestJSON:setUpClass): 201 POST http://10.180.1.21/identity/v3/auth/tokens 0.081s
2025-12-11 20:41:51.621 65874 INFO tempest.lib.common.rest_client [req-a8f44989-e214-47ce-9ad0-8fc406cc362b req-a8f44989-e214-47ce-9ad0-8fc406cc362b ] Request (FloatingIPsNegativeTestJSON:setUpClass): 201 POST http://10.180.1.21/identity/v3/auth/tokens 0.031s
2025-12-11 20:41:51.626 65924 INFO tempest.lib.common.rest_client [req-eb96b275-2a94-4b13-8ba9-ed740d873a71 req-eb96b275-2a94-4b13-8ba9-ed740d873a71 ] Request (ServersNegativeTestJSON:setUpClass): 200 GET http://10.180.1.21/compute/v2.1/servers/6ed787df-8647-4575-bab9-02d041ae156b 1.542s
2025-12-11 20:41:51.647 65874 INFO tempest.lib.common.rest_client [req-8d498b21-91f7-423d-804d-b11f31293778 req-8d498b21-91f7-423d-804d-b11f31293778 ] Request (FloatingIPsNegativeTestJSON:setUpClass): 200 GET http://10.180.1.21/identity/v3/domains?name=Default 0.026s
2025-12-11 20:41:51.674 65874 INFO tempest.lib.common.rest_client [req-13de015f-599a-4810-993e-13e5502eca9e req-13de015f-599a-4810-993e-13e5502eca9e ] Request (FloatingIPsNegativeTestJSON:setUpClass): 201 POST http://10.180.1.21/identity/v3/projects 0.026s
2025-12-11 20:41:51.687 65896 INFO tempest.lib.common.rest_client [req-878f453b-eadb-4ea3-9859-221c67796863 req-878f453b-eadb-4ea3-9859-221c67796863 ] Request (ListServerFiltersTestJSON:setUpClass): 200 GET http://10.180.1.21/compute/v2.1/servers/eca93abe-0db4-417e-8930-774a2645b6eb 1.542s
2025-12-11 20:41:51.773 65874 INFO tempest.lib.common.rest_client [req-11cdd9af-4d16-4c7b-8201-642ee06e5679 req-11cdd9af-4d16-4c7b-8201-642ee06e5679 ] Request (FloatingIPsNegativeTestJSON:setUpClass): 201 POST http://10.180.1.21/identity/v3/users 0.099s
2025-12-11 20:41:51.782 65910 INFO tempest.lib.common.rest_client [req-0a6e637b-edcc-4265-86a1-79dc4a400077 req-0a6e637b-edcc-4265-86a1-79dc4a400077 ] Request (DeleteServersTestJSON:test_delete_server_while_in_attached_volume): 202 POST http://10.180.1.21/compute/v2.1/servers 1.913s
2025-12-11 20:41:51.797 65874 INFO tempest.lib.common.rest_client [req-69917d72-84da-4760-9f96-69badf831cb4 req-69917d72-84da-4760-9f96-69badf831cb4 ] Request (FloatingIPsNegativeTestJSON:setUpClass): 200 GET http://10.180.1.21/identity/v3/roles 0.023s
2025-12-11 20:41:51.820 65918 WARNING tempest.lib.common.ssh [-] Failed to establish authenticated ssh connection to cirros@10.180.180.190 ([Errno None] Unable to connect to port 22 on 10.180.180.190). Number attempts: 3. Retry after 4 seconds.: paramiko.ssh_exception.NoValidConnectionsError: [Errno None] Unable to connect to port 22 on 10.180.180.190
2025-12-11 20:41:51.836 65874 INFO tempest.lib.common.rest_client [req-5b5c3d1a-54fc-438b-8286-741b46473fe0 req-5b5c3d1a-54fc-438b-8286-741b46473fe0 ] Request (FloatingIPsNegativeTestJSON:setUpClass): 204 PUT http://10.180.1.21/identity/v3/projects/9414b95bf08148f09bb275de281b6be0/users/ed08703e2a514705a5353d7d83cae98d/roles/4f2c56d18e404064b296807da5332c1b 0.038s
2025-12-11 20:41:51.836 65874 INFO tempest.lib.common.dynamic_creds [-] Dynamic test user ed08703e2a514705a5353d7d83cae98d is created with scope project and roles: ['member']
2025-12-11 20:41:51.837 65874 INFO tempest.lib.common.dynamic_creds [-] Acquired dynamic creds: credentials: Credentials: {'domain_id': 'default', 'domain_name': 'Default', 'username': 'tempest-FloatingIPsNegativeTestJSON-2010994000-project-member', 'project_domain_id': 'default', 'project_domain_name': 'Default', 'project_id': '9414b95bf08148f09bb275de281b6be0', 'project_name': 'tempest-FloatingIPsNegativeTestJSON-2010994000', 'tenant_id': '9414b95bf08148f09bb275de281b6be0', 'tenant_name': 'tempest-FloatingIPsNegativeTestJSON-2010994000', 'user_domain_id': 'default', 'user_domain_name': 'Default', 'user_id': 'ed08703e2a514705a5353d7d83cae98d', 'system': None}, Network: None, Subnet: None, Router: None
2025-12-11 20:41:51.851 65900 INFO tempest.lib.common.rest_client [req-9616942a-1c9a-4dec-9a58-d88a56c0e75c req-9616942a-1c9a-4dec-9a58-d88a56c0e75c ] Request (VolumesNegativeTest:test_create_volume_with_invalid_size): 400 POST http://10.180.1.21/compute/v2.1/os-volumes 1.421s
2025-12-11 20:41:51.889 65892 INFO tempest.lib.common.rest_client [req-96dd84d3-8d02-46a3-a373-13aa1a48c7e8 req-96dd84d3-8d02-46a3-a373-13aa1a48c7e8 ] Request (ServerMetadataTestJSON:tearDownClass): 200 GET http://10.180.1.21/compute/v2.1/servers/374f58e1-d303-43d1-8da2-c48a850f148c 1.401s
2025-12-11 20:41:51.917 65874 INFO tempest.lib.common.rest_client [req-749645bc-1c77-415a-8393-3b7c2b20e7cd req-749645bc-1c77-415a-8393-3b7c2b20e7cd ] Request (FloatingIPsNegativeTestJSON:setUpClass): 201 POST http://10.180.1.21/identity/v3/auth/tokens 0.077s
2025-12-11 20:41:51.921 65890 INFO tempest.lib.common.rest_client [req-22c7867d-4d4b-481d-8496-353d1aff79b2 req-22c7867d-4d4b-481d-8496-353d1aff79b2 ] Request (AttachInterfacesUnderV243Test:_run_cleanups): 200 GET http://10.180.1.21/compute/v2.1/servers/39cc1fd3-7301-4e7f-93d6-904009cb53dc 1.347s
2025-12-11 20:41:52.230 65874 INFO tempest.lib.common.rest_client [req-5b273f20-8093-48f4-83c0-d646e87aeb35 req-5b273f20-8093-48f4-83c0-d646e87aeb35 ] Request (FloatingIPsNegativeTestJSON:setUpClass): 201 POST http://10.180.1.21/networking/v2.0/networks 0.313s
2025-12-11 20:41:52.309 65882 INFO tempest.lib.common.rest_client [req-7e186aea-61d3-4e25-8c56-bb16c0b40e3a req-7e186aea-61d3-4e25-8c56-bb16c0b40e3a ] Request (AttachVolumeShelveTestJSON:setUpClass): 201 POST http://10.180.1.21/networking/v2.0/routers 0.863s
2025-12-11 20:41:52.364 65930 INFO tempest.lib.common.rest_client [req-1fb2d1f5-f98d-44c0-be17-f3689a3df8c6 req-1fb2d1f5-f98d-44c0-be17-f3689a3df8c6 ] Request (ServerRescueTestJSONUnderV235:setUpClass): 200 GET http://10.180.1.21/compute/v2.1/servers/6389b796-01b8-429b-8d24-bc8a4d89890f 1.670s
2025-12-11 20:41:52.396 65916 INFO tempest.lib.common.rest_client [req-024b522b-9f2d-4fea-9bfb-f504c3fc738f req-024b522b-9f2d-4fea-9bfb-f504c3fc738f ] Request (ListServersNegativeTestJSON:tearDownClass): 404 GET http://10.180.1.21/compute/v2.1/servers/7e105572-ab94-44d8-b481-af0146b21daf 1.585s
2025-12-11 20:41:52.473 65926 INFO paramiko.transport [-] Connected (version 2.0, client dropbear_2020.81)
2025-12-11 20:41:52.527 65874 INFO tempest.lib.common.rest_client [req-b37e04c1-5fe1-42ba-9eed-5a0649198022 req-b37e04c1-5fe1-42ba-9eed-5a0649198022 ] Request (FloatingIPsNegativeTestJSON:setUpClass): 201 POST http://10.180.1.21/networking/v2.0/subnets 0.296s
2025-12-11 20:41:52.562 65880 INFO tempest.lib.common.rest_client [req-776f12bc-db09-412f-9f62-9ea52301ada0 req-776f12bc-db09-412f-9f62-9ea52301ada0 ] Request (ServerDiskConfigTestJSON:test_rebuild_server_with_auto_disk_config): 200 GET http://10.180.1.21/compute/v2.1/servers/d69acd68-004f-48c5-ae99-945d8a9cd432 1.783s
2025-12-11 20:41:52.572 65880 INFO tempest.common.waiters [-] State transition "BUILD/spawning" ==> "ACTIVE/None" after 33 second wait
2025-12-11 20:41:52.583 65878 INFO tempest.lib.common.rest_client [req-7fad5c0e-79f7-4245-86ab-b1e5c7cfbb72 req-7fad5c0e-79f7-4245-86ab-b1e5c7cfbb72 ] Request (InstanceActionsNegativeTestJSON:tearDownClass): 200 GET http://10.180.1.21/compute/v2.1/servers/78ae6769-806d-4237-a37a-260ffa377ffd 1.747s
2025-12-11 20:41:52.585 65926 INFO paramiko.transport [-] Authentication (publickey) successful!
2025-12-11 20:41:52.590 65926 INFO tempest.lib.common.ssh [-] ssh connection to cirros@10.180.180.130 successfully created
2025-12-11 20:41:52.598 65876 INFO tempest.lib.common.rest_client [req-41311a56-0cca-4147-9ad4-d81785793195 req-41311a56-0cca-4147-9ad4-d81785793195 ] Request (ServerActionsV293TestJSON:setUpClass): 200 GET http://10.180.1.21/volume/v3/volumes/f870120e-8277-44cc-83d2-74b064ffef69 0.037s
2025-12-11 20:41:52.602 65926 INFO tempest.lib.common.ssh [-] Creating ssh connection to '10.180.180.130:22' as 'cirros' with public key authentication
2025-12-11 20:41:52.605 65926 INFO paramiko.transport [-] Connected (version 2.0, client dropbear_2020.81)
2025-12-11 20:41:52.706 65926 INFO paramiko.transport [-] Authentication (publickey) successful!
2025-12-11 20:41:52.707 65926 INFO tempest.lib.common.ssh [-] ssh connection to cirros@10.180.180.130 successfully created
2025-12-11 20:41:53.353 65874 INFO tempest.lib.common.rest_client [req-d0d165d8-01f2-4dde-aa77-76933f57c2e5 req-d0d165d8-01f2-4dde-aa77-76933f57c2e5 ] Request (FloatingIPsNegativeTestJSON:setUpClass): 201 POST http://10.180.1.21/networking/v2.0/routers 0.825s
2025-12-11 20:41:53.377 65902 INFO tempest.lib.common.rest_client [req-d205e4dc-be9f-4c95-8797-9ff052c66553 req-d205e4dc-be9f-4c95-8797-9ff052c66553 ] Request (ServersAdminNegativeTestJSON:tearDownClass): 200 GET http://10.180.1.21/compute/v2.1/servers/3e9ba28b-0b8f-46c4-b8e5-a75ddeb2017e 2.467s
2025-12-11 20:41:53.421 65882 INFO tempest.lib.common.rest_client [req-82314858-c98c-4fbf-b865-127172ccc518 req-82314858-c98c-4fbf-b865-127172ccc518 ] Request (AttachVolumeShelveTestJSON:setUpClass): 200 PUT http://10.180.1.21/networking/v2.0/routers/b5b0ea21-2ce8-4749-bd24-7caf001dd3e9/add_router_interface 1.111s
2025-12-11 20:41:53.421 65882 INFO tempest.lib.common.dynamic_creds [-] Created isolated network resources for: credentials: Credentials: {'domain_id': 'default', 'domain_name': 'Default', 'username': 'tempest-AttachVolumeShelveTestJSON-1736120617-project-member', 'project_domain_id': 'default', 'project_domain_name': 'Default', 'project_id': 'a8193e0b5c1743fe803e9ba711ca2a2b', 'project_name': 'tempest-AttachVolumeShelveTestJSON-1736120617', 'tenant_id': 'a8193e0b5c1743fe803e9ba711ca2a2b', 'tenant_name': 'tempest-AttachVolumeShelveTestJSON-1736120617', 'user_domain_id': 'default', 'user_domain_name': 'Default', 'user_id': '59cb9b0018d7425c9ea2056ecebdacd9', 'system': None}, Network: {'id': '84e00937-71ce-4a36-a947-c3e2b4f49d70', 'name': 'tempest-AttachVolumeShelveTestJSON-1696983074-network', 'tenant_id': 'a8193e0b5c1743fe803e9ba711ca2a2b', 'project_id': 'a8193e0b5c1743fe803e9ba711ca2a2b', 'admin_state_up': True, 'mtu': 8950, 'status': 'ACTIVE', 'subnets': [], 'shared': False, 'port_security_enabled': True, 'router:external': False, 'provider:network_type': 'vlan', 'provider:physical_network': 'default', 'provider:segmentation_id': 676, 'availability_zone_hints': [], 'availability_zones': [], 'ipv4_address_scope': None, 'ipv6_address_scope': None, 'description': '', 'tags': [], 'created_at': '2025-12-11T20:41:50Z', 'updated_at': '2025-12-11T20:41:50Z', 'revision_number': 1}, Subnet: {'id': '0fea6971-674c-471d-bbf7-ca514c844435', 'name': 'tempest-AttachVolumeShelveTestJSON-1696983074-subnet', 'tenant_id': 'a8193e0b5c1743fe803e9ba711ca2a2b', 'network_id': '84e00937-71ce-4a36-a947-c3e2b4f49d70', 'ip_version': 4, 'subnetpool_id': None, 'enable_dhcp': True, 'ipv6_ra_mode': None, 'ipv6_address_mode': None, 'gateway_ip': '192.168.128.1', 'cidr': '192.168.128.0/28', 'allocation_pools': [{'start': '192.168.128.2', 'end': '192.168.128.14'}], 'host_routes': [], 'dns_nameservers': [], 'description': '', 'router:external': False, 'service_types': [], 'tags': [], 'created_at': '2025-12-11T20:41:51Z', 'updated_at': '2025-12-11T20:41:51Z', 'revision_number': 0, 'project_id': 'a8193e0b5c1743fe803e9ba711ca2a2b'}, Router: {'id': 'b5b0ea21-2ce8-4749-bd24-7caf001dd3e9', 'name': 'tempest-AttachVolumeShelveTestJSON-1696983074-router', 'tenant_id': 'a8193e0b5c1743fe803e9ba711ca2a2b', 'admin_state_up': True, 'status': 'ACTIVE', 'external_gateway_info': {'network_id': '4d7a6f66-baf2-4757-b8d4-e9ab019ee258', 'external_fixed_ips': [{'subnet_id': 'e003770a-972a-4ca9-90bd-6c15d218ad34', 'ip_address': '10.180.180.184'}], 'enable_snat': True}, 'description': '', 'availability_zones': [], 'distributed': False, 'ha': False, 'availability_zone_hints': [], 'routes': [], 'flavor_id': None, 'tags': [], 'created_at': '2025-12-11T20:41:51Z', 'updated_at': '2025-12-11T20:41:51Z', 'revision_number': 2, 'project_id': 'a8193e0b5c1743fe803e9ba711ca2a2b'}
2025-12-11 20:41:53.433 65872 INFO tempest.lib.common.rest_client [req-b562526e-ec2e-4a1f-a789-311fdf3773bd req-b562526e-ec2e-4a1f-a789-311fdf3773bd ] Request (ListImageFiltersTestJSON:setUpClass): 200 GET http://10.180.1.21/compute/v2.1/images/4726a3f2-9d81-475e-8047-a76b9de806df 2.257s
2025-12-11 20:41:53.461 65894 INFO tempest.lib.common.rest_client [req-bceff0d7-0521-4d27-a717-981ed12a1537 req-bceff0d7-0521-4d27-a717-981ed12a1537 ] Request (MigrationsAdminTest:test_resize_server_revert_deleted_flavor): 200 GET http://10.180.1.21/compute/v2.1/servers/f415b6a6-ba98-460c-a1c9-9e5b7a3afe75 2.501s
2025-12-11 20:41:53.462 65908 INFO tempest.lib.common.rest_client [req-f57effcb-512e-4ce7-8a8e-40fc43c6c8eb req-f57effcb-512e-4ce7-8a8e-40fc43c6c8eb ] Request (ServersTestMultiNic:tearDownClass): 404 GET http://10.180.1.21/compute/v2.1/servers/cd712f66-1868-46f8-ac42-f85fec1401e5 2.233s
2025-12-11 20:41:53.550 65882 INFO tempest.lib.common.rest_client [req-990817b0-1749-4a62-8281-195e67897166 req-990817b0-1749-4a62-8281-195e67897166 ] Request (AttachVolumeShelveTestJSON:setUpClass): 201 POST http://10.180.1.21/identity/v3/auth/tokens 0.124s
2025-12-11 20:41:53.644 65876 INFO tempest.lib.common.rest_client [req-7a9c18c6-459e-44b2-8298-ece4c4ed1f9b req-7a9c18c6-459e-44b2-8298-ece4c4ed1f9b ] Request (ServerActionsV293TestJSON:setUpClass): 200 GET http://10.180.1.21/volume/v3/volumes/f870120e-8277-44cc-83d2-74b064ffef69 0.037s
2025-12-11 20:41:54.325 65908 INFO tempest.lib.common.rest_client [req-251d6bdd-ceb9-4e39-b380-659f072968e4 req-251d6bdd-ceb9-4e39-b380-659f072968e4 ] Request (ServersTestMultiNic:tearDownClass): 200 PUT http://10.180.1.21/networking/v2.0/routers/6a1aad19-bd0f-40d9-a92a-4c7288b4bb2d/remove_router_interface 0.862s
2025-12-11 20:41:54.388 65915 INFO tempest.lib.common.rest_client [req-5e3c7397-6ec7-463e-9eae-879ae5b9aa25 req-5e3c7397-6ec7-463e-9eae-879ae5b9aa25 ] Request (ServerGroupTestJSON:_run_cleanups): 200 GET http://10.180.1.21/compute/v2.1/servers/397f6c23-ea22-4a99-9b8f-8ae75f467a9c 2.946s
2025-12-11 20:41:54.414 65874 INFO tempest.lib.common.rest_client [req-97d668e1-270d-402f-bea7-d08bc2f06a64 req-97d668e1-270d-402f-bea7-d08bc2f06a64 ] Request (FloatingIPsNegativeTestJSON:setUpClass): 200 PUT http://10.180.1.21/networking/v2.0/routers/cb4f3b20-a7f9-44e1-afd5-b169782d2a8f/add_router_interface 1.060s
2025-12-11 20:41:54.415 65874 INFO tempest.lib.common.dynamic_creds [-] Created isolated network resources for: credentials: Credentials: {'domain_id': 'default', 'domain_name': 'Default', 'username': 'tempest-FloatingIPsNegativeTestJSON-2010994000-project-member', 'project_domain_id': 'default', 'project_domain_name': 'Default', 'project_id': '9414b95bf08148f09bb275de281b6be0', 'project_name': 'tempest-FloatingIPsNegativeTestJSON-2010994000', 'tenant_id': '9414b95bf08148f09bb275de281b6be0', 'tenant_name': 'tempest-FloatingIPsNegativeTestJSON-2010994000', 'user_domain_id': 'default', 'user_domain_name': 'Default', 'user_id': 'ed08703e2a514705a5353d7d83cae98d', 'system': None}, Network: {'id': 'dc46f1d4-0fb4-4d31-8456-a5c2a32e4369', 'name': 'tempest-FloatingIPsNegativeTestJSON-1260881156-network', 'tenant_id': '9414b95bf08148f09bb275de281b6be0', 'project_id': '9414b95bf08148f09bb275de281b6be0', 'admin_state_up': True, 'mtu': 8950, 'status': 'ACTIVE', 'subnets': [], 'shared': False, 'port_security_enabled': True, 'router:external': False, 'provider:network_type': 'vlan', 'provider:physical_network': 'default', 'provider:segmentation_id': 226, 'availability_zone_hints': [], 'availability_zones': [], 'ipv4_address_scope': None, 'ipv6_address_scope': None, 'description': '', 'tags': [], 'created_at': '2025-12-11T20:41:52Z', 'updated_at': '2025-12-11T20:41:52Z', 'revision_number': 1}, Subnet: {'id': '06cc5cac-1f12-4d99-8eee-00a5a49a125e', 'name': 'tempest-FloatingIPsNegativeTestJSON-1260881156-subnet', 'tenant_id': '9414b95bf08148f09bb275de281b6be0', 'network_id': 'dc46f1d4-0fb4-4d31-8456-a5c2a32e4369', 'ip_version': 4, 'subnetpool_id': None, 'enable_dhcp': True, 'ipv6_ra_mode': None, 'ipv6_address_mode': None, 'gateway_ip': '192.168.128.1', 'cidr': '192.168.128.0/28', 'allocation_pools': [{'start': '192.168.128.2', 'end': '192.168.128.14'}], 'host_routes': [], 'dns_nameservers': [], 'description': '', 'router:external': False, 'service_types': [], 'tags': [], 'created_at': '2025-12-11T20:41:52Z', 'updated_at': '2025-12-11T20:41:52Z', 'revision_number': 0, 'project_id': '9414b95bf08148f09bb275de281b6be0'}, Router: {'id': 'cb4f3b20-a7f9-44e1-afd5-b169782d2a8f', 'name': 'tempest-FloatingIPsNegativeTestJSON-1260881156-router', 'tenant_id': '9414b95bf08148f09bb275de281b6be0', 'admin_state_up': True, 'status': 'ACTIVE', 'external_gateway_info': {'network_id': '4d7a6f66-baf2-4757-b8d4-e9ab019ee258', 'external_fixed_ips': [{'subnet_id': 'e003770a-972a-4ca9-90bd-6c15d218ad34', 'ip_address': '10.180.180.217'}], 'enable_snat': True}, 'description': '', 'availability_zones': [], 'distributed': False, 'ha': False, 'availability_zone_hints': [], 'routes': [], 'flavor_id': None, 'tags': [], 'created_at': '2025-12-11T20:41:52Z', 'updated_at': '2025-12-11T20:41:53Z', 'revision_number': 2, 'project_id': '9414b95bf08148f09bb275de281b6be0'}
2025-12-11 20:41:54.461 65928 INFO tempest.lib.common.rest_client [req-c99edfac-a4e4-48bb-bb9e-e32742b8ee50 req-c99edfac-a4e4-48bb-bb9e-e32742b8ee50 ] Request (ServersAdminTestJSON:setUpClass): 200 GET http://10.180.1.21/compute/v2.1/servers/54f66801-279a-4ed5-befc-1c1cac6d2742 3.050s
2025-12-11 20:41:54.483 65904 INFO tempest.lib.common.rest_client [req-4fe9b8ec-f9aa-46c8-948d-0f409ec005eb req-4fe9b8ec-f9aa-46c8-948d-0f409ec005eb ] Request (ImagesOneServerNegativeTestJSON:_run_cleanups): 200 GET http://10.180.1.21/compute/v2.1/servers/a43d8718-ba57-43d8-b715-a7ac7896605c 2.785s
2025-12-11 20:41:54.540 65886 INFO tempest.lib.common.rest_client [req-2117a562-4ed0-45f7-8441-7d9d2b5ddf00 req-2117a562-4ed0-45f7-8441-7d9d2b5ddf00 ] Request (VolumesAdminNegativeTest:tearDownClass): 200 GET http://10.180.1.21/compute/v2.1/servers/2e3bd660-ba1c-4cf2-9080-afe573302e99 2.817s
2025-12-11 20:41:54.546 65874 INFO tempest.lib.common.rest_client [req-f16f165f-f095-4f0d-b6cd-5a7d1ecb80e6 req-f16f165f-f095-4f0d-b6cd-5a7d1ecb80e6 ] Request (FloatingIPsNegativeTestJSON:setUpClass): 201 POST http://10.180.1.21/identity/v3/auth/tokens 0.125s
2025-12-11 20:41:54.547 65900 INFO tempest.lib.common.rest_client [req-ba30336d-8b72-478b-9d52-eea39065d5e3 req-ba30336d-8b72-478b-9d52-eea39065d5e3 ] Request (VolumesNegativeTest:test_create_volume_with_size_zero): 400 POST http://10.180.1.21/compute/v2.1/os-volumes 2.694s
2025-12-11 20:41:54.570 65910 INFO tempest.lib.common.rest_client [req-abbf2214-cb49-4e9f-bcbf-28f9b36e8ea5 req-abbf2214-cb49-4e9f-bcbf-28f9b36e8ea5 ] Request (DeleteServersTestJSON:test_delete_server_while_in_attached_volume): 200 GET http://10.180.1.21/compute/v2.1/servers/4f56f2d1-d530-4f0e-8f16-aa060fbd85b5 2.785s
2025-12-11 20:41:54.612 65898 INFO tempest.lib.common.rest_client [req-1abf6e45-2522-477a-966d-283951a4eea9 req-1abf6e45-2522-477a-966d-283951a4eea9 ] Request (ServerDiagnosticsTest:test_get_server_diagnostics): 200 GET http://10.180.1.21/compute/v2.1/servers/c6e2c843-b31d-494e-9a1d-cf79e697c114 2.414s
2025-12-11 20:41:54.642 65916 INFO tempest.lib.common.rest_client [req-7809f46e-13c2-4fbb-b57a-3c0ce0847b72 req-7809f46e-13c2-4fbb-b57a-3c0ce0847b72 ] Request (ListServersNegativeTestJSON:tearDownClass): 200 GET http://10.180.1.21/compute/v2.1/servers/6c5df87b-984e-4583-a64d-beb9096e8c73 2.245s
2025-12-11 20:41:54.674 65888 INFO tempest.lib.common.rest_client [req-ee848955-d20c-4160-85e5-7f774145a50a req-ee848955-d20c-4160-85e5-7f774145a50a ] Request (ServersWithSpecificFlavorTestJSON:test_verify_created_server_ephemeral_disk): 200 GET http://10.180.1.21/compute/v2.1/servers/b9e7d729-cdf7-4014-ad8e-013a3b34f4c4 2.248s
2025-12-11 20:41:54.691 65876 INFO tempest.lib.common.rest_client [req-bf1a9479-7260-4edd-a8a1-266ea26e78e0 req-bf1a9479-7260-4edd-a8a1-266ea26e78e0 ] Request (ServerActionsV293TestJSON:setUpClass): 200 GET http://10.180.1.21/volume/v3/volumes/f870120e-8277-44cc-83d2-74b064ffef69 0.030s
2025-12-11 20:41:54.710 65906 INFO tempest.lib.common.rest_client [req-4dafdb28-d1ba-4a3f-bfc2-6545d0600dcf req-4dafdb28-d1ba-4a3f-bfc2-6545d0600dcf ] Request (FloatingIPsAssociationTestJSON:tearDownClass): 200 GET http://10.180.1.21/compute/v2.1/servers/68ad8327-7f2b-450b-a272-c09cd628b0e2 2.172s
2025-12-11 20:41:54.783 65924 INFO tempest.lib.common.rest_client [req-1c4a5d49-0366-4047-875b-ae2b7c2890cd req-1c4a5d49-0366-4047-875b-ae2b7c2890cd ] Request (ServersNegativeTestJSON:setUpClass): 200 GET http://10.180.1.21/compute/v2.1/servers/6ed787df-8647-4575-bab9-02d041ae156b 2.142s
2025-12-11 20:41:54.815 65908 INFO tempest.lib.common.rest_client [req-4839fe65-5c1b-48ec-9ae5-c02c46d1bc6c req-4839fe65-5c1b-48ec-9ae5-c02c46d1bc6c ] Request (ServersTestMultiNic:tearDownClass): 204 DELETE http://10.180.1.21/networking/v2.0/routers/6a1aad19-bd0f-40d9-a92a-4c7288b4bb2d 0.490s
2025-12-11 20:41:54.820 65880 INFO tempest.lib.common.rest_client [req-7e6c53a4-64fe-4dae-a671-07106d60ea6a req-7e6c53a4-64fe-4dae-a671-07106d60ea6a ] Request (ServerDiskConfigTestJSON:test_rebuild_server_with_auto_disk_config): 200 GET http://10.180.1.21/compute/v2.1/servers/d69acd68-004f-48c5-ae99-945d8a9cd432 2.247s
2025-12-11 20:41:54.877 65896 INFO tempest.lib.common.rest_client [req-1e3383e4-917a-4cbe-8e34-5b4d8641300b req-1e3383e4-917a-4cbe-8e34-5b4d8641300b ] Request (ListServerFiltersTestJSON:setUpClass): 200 GET http://10.180.1.21/compute/v2.1/servers/eca93abe-0db4-417e-8930-774a2645b6eb 2.176s
2025-12-11 20:41:54.914 65892 INFO tempest.lib.common.rest_client [req-1d7fd29c-6a85-4866-b9d3-b8b5f34852dc req-1d7fd29c-6a85-4866-b9d3-b8b5f34852dc ] Request (ServerMetadataTestJSON:tearDownClass): 200 GET http://10.180.1.21/compute/v2.1/servers/374f58e1-d303-43d1-8da2-c48a850f148c 2.015s
2025-12-11 20:41:54.971 65890 INFO tempest.lib.common.rest_client [req-b9139623-692f-4a88-8c26-821f4668a07a req-b9139623-692f-4a88-8c26-821f4668a07a ] Request (AttachInterfacesUnderV243Test:_run_cleanups): 200 GET http://10.180.1.21/compute/v2.1/servers/39cc1fd3-7301-4e7f-93d6-904009cb53dc 2.038s
2025-12-11 20:41:55.015 65908 INFO tempest.lib.common.rest_client [req-973416f0-f479-496b-9ad1-ad9eac015269 req-973416f0-f479-496b-9ad1-ad9eac015269 ] Request (ServersTestMultiNic:tearDownClass): 204 DELETE http://10.180.1.21/networking/v2.0/subnets/d5ec3197-ecc1-43b3-a6a9-3893828ed07e 0.199s
2025-12-11 20:41:55.093 65930 INFO tempest.lib.common.rest_client [req-ed5214a5-4ad1-4731-95f7-cb06d1392df8 req-ed5214a5-4ad1-4731-95f7-cb06d1392df8 ] Request (ServerRescueTestJSONUnderV235:setUpClass): 200 GET http://10.180.1.21/compute/v2.1/servers/6389b796-01b8-429b-8d24-bc8a4d89890f 1.715s
2025-12-11 20:41:55.104 65930 INFO tempest.common.waiters [-] State transition "BUILD/spawning" ==> "ACTIVE/None" after 36 second wait
2025-12-11 20:41:55.170 65882 INFO tempest.lib.common.rest_client [req-10bd6d45-7a67-45ef-a3ae-cd6269da12b0 req-10bd6d45-7a67-45ef-a3ae-cd6269da12b0 ] Request (ValidationResourcesFixture:setUp): 201 POST http://10.180.1.21/compute/v2.1/os-keypairs 1.615s
2025-12-11 20:41:55.207 65878 INFO tempest.lib.common.rest_client [req-d4c92e4b-4a1b-4467-9630-f6ff1ce955b2 req-d4c92e4b-4a1b-4467-9630-f6ff1ce955b2 ] Request (InstanceActionsNegativeTestJSON:tearDownClass): 200 GET http://10.180.1.21/compute/v2.1/servers/78ae6769-806d-4237-a37a-260ffa377ffd 1.607s
2025-12-11 20:41:55.266 65872 INFO tempest.lib.common.rest_client [req-a1eb8db9-1c25-44cf-93bd-523035e99644 req-a1eb8db9-1c25-44cf-93bd-523035e99644 ] Request (ListImageFiltersTestJSON:setUpClass): 200 GET http://10.180.1.21/compute/v2.1/images/4726a3f2-9d81-475e-8047-a76b9de806df 0.826s
2025-12-11 20:41:55.373 65882 INFO tempest.lib.common.rest_client [req-cb61abcd-0e43-4901-8eef-7e2546ac7f59 req-cb61abcd-0e43-4901-8eef-7e2546ac7f59 ] Request (ValidationResourcesFixture:setUp): 201 POST http://10.180.1.21/networking/v2.0/security-groups 0.201s
2025-12-11 20:41:55.387 65908 INFO tempest.lib.common.rest_client [req-5d59428d-997d-43a4-a750-4b621e16e472 req-5d59428d-997d-43a4-a750-4b621e16e472 ] Request (ServersTestMultiNic:tearDownClass): 204 DELETE http://10.180.1.21/networking/v2.0/networks/2c0a5bf9-b2d5-4371-9fab-b911c2b49312 0.371s
2025-12-11 20:41:55.397 65902 INFO tempest.lib.common.rest_client [req-5c50dd6a-94ce-4ece-93cc-0769bbd97d97 req-5c50dd6a-94ce-4ece-93cc-0769bbd97d97 ] Request (ServersAdminNegativeTestJSON:tearDownClass): 200 GET http://10.180.1.21/compute/v2.1/servers/3e9ba28b-0b8f-46c4-b8e5-a75ddeb2017e 1.008s
2025-12-11 20:41:55.471 65894 INFO tempest.lib.common.rest_client [req-eaa2cabf-8ed8-4493-9cf4-69bfce3907e3 req-eaa2cabf-8ed8-4493-9cf4-69bfce3907e3 ] Request (MigrationsAdminTest:test_resize_server_revert_deleted_flavor): 200 GET http://10.180.1.21/compute/v2.1/servers/f415b6a6-ba98-460c-a1c9-9e5b7a3afe75 0.996s
2025-12-11 20:41:55.477 65900 INFO tempest.lib.common.rest_client [req-5697ad41-3680-4e10-81a9-e87bc9fcd0ac req-5697ad41-3680-4e10-81a9-e87bc9fcd0ac ] Request (VolumesNegativeTest:test_create_volume_without_passing_size): 400 POST http://10.180.1.21/compute/v2.1/os-volumes 0.927s
2025-12-11 20:41:55.491 65874 INFO tempest.lib.common.rest_client [req-44b6706b-be5b-4c6b-9dc4-c7149c9bd154 req-44b6706b-be5b-4c6b-9dc4-c7149c9bd154 ] Request (FloatingIPsNegativeTestJSON:setUpClass): 200 GET http://10.180.1.21/compute/v2.1/os-floating-ips 0.944s
2025-12-11 20:41:55.513 65882 INFO tempest.lib.common.rest_client [req-a1a12b1c-a5da-460c-a510-6dfd1dadfadd req-a1a12b1c-a5da-460c-a510-6dfd1dadfadd ] Request (ValidationResourcesFixture:setUp): 201 POST http://10.180.1.21/networking/v2.0/security-group-rules 0.139s
2025-12-11 20:41:55.540 65908 INFO tempest.lib.common.rest_client [req-a357828c-b6e8-482c-a337-391cc73574f3 req-a357828c-b6e8-482c-a337-391cc73574f3 ] Request (ServersTestMultiNic:tearDownClass): 204 DELETE http://10.180.1.21/identity/v3/users/e4fbedd5e93b4f3e9b8faae5e27ada44 0.153s
2025-12-11 20:41:55.541 65908 INFO tempest.lib.common.dynamic_creds [-] Deleting project and security group for project: ec808c0ddff74b43aff02f155d46a273
2025-12-11 20:41:55.577 65908 INFO tempest.lib.common.rest_client [req-b97b1c41-e786-4b33-9947-308e9fb5a7e1 req-b97b1c41-e786-4b33-9947-308e9fb5a7e1 ] Request (ServersTestMultiNic:tearDownClass): 200 GET http://10.180.1.21/networking/v2.0/security-groups?tenant_id=ec808c0ddff74b43aff02f155d46a273&name=default 0.036s
2025-12-11 20:41:55.648 65930 INFO tempest.lib.common.rest_client [req-ac0f5ca6-1c91-4482-9584-80749f5d69ce req-ac0f5ca6-1c91-4482-9584-80749f5d69ce ] Request (ServerRescueTestJSONUnderV235:setUpClass): 200 POST http://10.180.1.21/compute/v2.1/servers/6389b796-01b8-429b-8d24-bc8a4d89890f/action 0.544s
2025-12-11 20:41:55.654 65882 INFO tempest.lib.common.rest_client [req-7b677589-777d-4615-abc2-402f107d7739 req-7b677589-777d-4615-abc2-402f107d7739 ] Request (ValidationResourcesFixture:setUp): 201 POST http://10.180.1.21/networking/v2.0/security-group-rules 0.138s
2025-12-11 20:41:55.700 65872 INFO tempest.lib.common.rest_client [req-fdfe36d0-50b3-448f-b0ed-54317b0bacd6 req-fdfe36d0-50b3-448f-b0ed-54317b0bacd6 ] Request (ListImageFiltersTestJSON:setUpClass): 200 GET http://10.180.1.21/compute/v2.1/images/4726a3f2-9d81-475e-8047-a76b9de806df 0.429s
2025-12-11 20:41:55.726 65908 INFO tempest.lib.common.rest_client [req-96c236a7-e8ef-48dd-9fea-b65e56be7097 req-96c236a7-e8ef-48dd-9fea-b65e56be7097 ] Request (ServersTestMultiNic:tearDownClass): 204 DELETE http://10.180.1.21/networking/v2.0/security-groups/d587a124-41b6-49d3-af59-92b84fc3d274 0.148s
2025-12-11 20:41:55.738 65915 INFO tempest.lib.common.rest_client [req-b6906390-6842-460d-a035-f39f727d7c69 req-b6906390-6842-460d-a035-f39f727d7c69 ] Request (ServerGroupTestJSON:_run_cleanups): 404 GET http://10.180.1.21/compute/v2.1/servers/397f6c23-ea22-4a99-9b8f-8ae75f467a9c 0.340s
2025-12-11 20:41:55.752 65876 INFO tempest.lib.common.rest_client [req-5de41eed-b6a6-446a-a905-3c6c283ba89d req-5de41eed-b6a6-446a-a905-3c6c283ba89d ] Request (ServerActionsV293TestJSON:setUpClass): 200 GET http://10.180.1.21/volume/v3/volumes/f870120e-8277-44cc-83d2-74b064ffef69 0.049s
2025-12-11 20:41:55.804 65880 INFO tempest.lib.common.rest_client [req-779228be-503c-4bf7-b2db-f38fa7945f95 req-779228be-503c-4bf7-b2db-f38fa7945f95 ] Request (ServerDiskConfigTestJSON:test_rebuild_server_with_auto_disk_config): 202 POST http://10.180.1.21/compute/v2.1/servers/d69acd68-004f-48c5-ae99-945d8a9cd432/action 0.976s
2025-12-11 20:41:55.850 65900 INFO tempest.lib.common.rest_client [req-8672e3cd-7c10-4e41-9b60-b705c1ab2c48 req-8672e3cd-7c10-4e41-9b60-b705c1ab2c48 ] Request (VolumesNegativeTest:test_delete_invalid_volume_id): 404 DELETE http://10.180.1.21/compute/v2.1/os-volumes/tempest-invalid-236063966 0.368s
2025-12-11 20:41:55.899 65884 WARNING tempest.lib.common.ssh [-] Failed to establish authenticated ssh connection to cirros@10.180.180.193 ([Errno None] Unable to connect to port 22 on 10.180.180.193). Number attempts: 6. Retry after 7 seconds.: paramiko.ssh_exception.NoValidConnectionsError: [Errno None] Unable to connect to port 22 on 10.180.180.193
2025-12-11 20:41:55.931 65908 INFO tempest.lib.common.rest_client [req-eadddd51-1ee1-43e0-a895-c2608a118655 req-eadddd51-1ee1-43e0-a895-c2608a118655 ] Request (ServersTestMultiNic:tearDownClass): 204 DELETE http://10.180.1.21/identity/v3/projects/ec808c0ddff74b43aff02f155d46a273 0.205s
2025-12-11 20:41:55.975 65928 INFO tempest.lib.common.rest_client [req-49284091-801c-403c-b5b6-57acd0ece255 req-49284091-801c-403c-b5b6-57acd0ece255 ] Request (ServersAdminTestJSON:setUpClass): 200 GET http://10.180.1.21/compute/v2.1/servers/54f66801-279a-4ed5-befc-1c1cac6d2742 0.498s
2025-12-11 20:41:55.980 65934 WARNING tempest.lib.common.ssh [-] Failed to establish authenticated ssh connection to cirros@10.180.180.254 ([Errno None] Unable to connect to port 22 on 10.180.180.254). Number attempts: 3. Retry after 4 seconds.: paramiko.ssh_exception.NoValidConnectionsError: [Errno None] Unable to connect to port 22 on 10.180.180.254
2025-12-11 20:41:55.993 65928 INFO tempest.common.waiters [-] State transition "BUILD/spawning" ==> "ACTIVE/None" after 35 second wait
2025-12-11 20:41:56.006 65904 INFO tempest.lib.common.rest_client [req-0630cd86-40ce-42e6-840b-b7af8c921f11 req-0630cd86-40ce-42e6-840b-b7af8c921f11 ] Request (ImagesOneServerNegativeTestJSON:_run_cleanups): 200 GET http://10.180.1.21/compute/v2.1/servers/a43d8718-ba57-43d8-b715-a7ac7896605c 0.515s
2025-12-11 20:41:56.018 65874 INFO tempest.lib.common.rest_client [req-37b7ad17-099a-4bf6-b829-c2dba908ff91 req-37b7ad17-099a-4bf6-b829-c2dba908ff91 ] Request (FloatingIPsNegativeTestJSON:test_allocate_floating_ip_from_nonexistent_pool): 404 POST http://10.180.1.21/compute/v2.1/os-floating-ips 0.519s
2025-12-11 20:41:56.082 65908 INFO tempest.lib.common.rest_client [req-cd4f347b-6f0b-4a37-8873-fcf188e3725f req-cd4f347b-6f0b-4a37-8873-fcf188e3725f ] Request (ServerActionsTestOtherA:setUpClass): 201 POST http://10.180.1.21/identity/v3/auth/tokens 0.149s
2025-12-11 20:41:56.116 65910 INFO tempest.lib.common.rest_client [req-27251800-60ae-4822-97e4-35622795ff05 req-27251800-60ae-4822-97e4-35622795ff05 ] Request (DeleteServersTestJSON:test_delete_server_while_in_attached_volume): 200 GET http://10.180.1.21/compute/v2.1/servers/4f56f2d1-d530-4f0e-8f16-aa060fbd85b5 0.532s
2025-12-11 20:41:56.131 65886 INFO tempest.lib.common.rest_client [req-b996cc31-87cb-43fc-9eba-5dfb02847cb9 req-b996cc31-87cb-43fc-9eba-5dfb02847cb9 ] Request (VolumesAdminNegativeTest:tearDownClass): 200 GET http://10.180.1.21/compute/v2.1/servers/2e3bd660-ba1c-4cf2-9080-afe573302e99 0.579s
2025-12-11 20:41:56.146 65908 INFO tempest.lib.common.rest_client [req-5f9d021a-8424-4ad2-be93-08abc0c43155 req-5f9d021a-8424-4ad2-be93-08abc0c43155 ] Request (ServerActionsTestOtherA:setUpClass): 201 POST http://10.180.1.21/identity/v3/auth/tokens 0.062s
2025-12-11 20:41:56.191 65908 INFO tempest.lib.common.rest_client [req-3890fe43-703d-4d07-b7fc-2ea9d20474d3 req-3890fe43-703d-4d07-b7fc-2ea9d20474d3 ] Request (ServerActionsTestOtherA:setUpClass): 200 GET http://10.180.1.21/identity/v3/domains?name=Default 0.045s
2025-12-11 20:41:56.222 65908 INFO tempest.lib.common.rest_client [req-c6b520c7-ed33-4dc1-9c52-cfbd057d18d6 req-c6b520c7-ed33-4dc1-9c52-cfbd057d18d6 ] Request (ServerActionsTestOtherA:setUpClass): 201 POST http://10.180.1.21/identity/v3/projects 0.029s
2025-12-11 20:41:56.262 65898 INFO tempest.lib.common.rest_client [req-e48be80a-950a-422b-be10-baebe69f597b req-e48be80a-950a-422b-be10-baebe69f597b ] Request (ServerDiagnosticsTest:test_get_server_diagnostics): 200 GET http://10.180.1.21/compute/v2.1/servers/c6e2c843-b31d-494e-9a1d-cf79e697c114 0.639s
2025-12-11 20:41:56.299 65908 INFO tempest.lib.common.rest_client [req-f76a9cb9-7f5d-4bdd-8145-8c7991c9c9ec req-f76a9cb9-7f5d-4bdd-8145-8c7991c9c9ec ] Request (ServerActionsTestOtherA:setUpClass): 201 POST http://10.180.1.21/identity/v3/users 0.077s
2025-12-11 20:41:56.312 65930 INFO tempest.lib.common.rest_client [req-0d5e45f7-fc1f-4899-97ac-b15ae00d8a78 req-0d5e45f7-fc1f-4899-97ac-b15ae00d8a78 ] Request (ServerRescueTestJSONUnderV235:setUpClass): 200 GET http://10.180.1.21/compute/v2.1/servers/6389b796-01b8-429b-8d24-bc8a4d89890f 0.663s
2025-12-11 20:41:56.331 65908 INFO tempest.lib.common.rest_client [req-11004f27-6a37-4efa-b890-120fdf71a3b5 req-11004f27-6a37-4efa-b890-120fdf71a3b5 ] Request (ServerActionsTestOtherA:setUpClass): 200 GET http://10.180.1.21/identity/v3/roles 0.032s
2025-12-11 20:41:56.351 65882 INFO tempest.lib.common.rest_client [req-864f5aea-4d50-4304-9a5a-e5492b002233 req-864f5aea-4d50-4304-9a5a-e5492b002233 ] Request (ValidationResourcesFixture:setUp): 201 POST http://10.180.1.21/networking/v2.0/floatingips 0.696s
2025-12-11 20:41:56.361 65916 INFO tempest.lib.common.rest_client [req-ab843bbb-9317-44ad-a82c-c613f0cd598c req-ab843bbb-9317-44ad-a82c-c613f0cd598c ] Request (ListServersNegativeTestJSON:tearDownClass): 200 GET http://10.180.1.21/compute/v2.1/servers/6c5df87b-984e-4583-a64d-beb9096e8c73 0.707s
2025-12-11 20:41:56.385 65888 INFO tempest.lib.common.rest_client [req-b3e7b9c5-9c6c-4772-ad0f-64a5a460eebd req-b3e7b9c5-9c6c-4772-ad0f-64a5a460eebd ] Request (ServersWithSpecificFlavorTestJSON:test_verify_created_server_ephemeral_disk): 200 GET http://10.180.1.21/compute/v2.1/servers/b9e7d729-cdf7-4014-ad8e-013a3b34f4c4 0.703s
2025-12-11 20:41:56.392 65908 INFO tempest.lib.common.rest_client [req-54d4e1de-9a70-4346-a9bc-8e6d95954858 req-54d4e1de-9a70-4346-a9bc-8e6d95954858 ] Request (ServerActionsTestOtherA:setUpClass): 204 PUT http://10.180.1.21/identity/v3/projects/14f3ebc484984d3f92aabee1b2926e34/users/b94000244369486e8ff6f79bd6677fe4/roles/4f2c56d18e404064b296807da5332c1b 0.059s
2025-12-11 20:41:56.392 65908 INFO tempest.lib.common.dynamic_creds [-] Dynamic test user b94000244369486e8ff6f79bd6677fe4 is created with scope project and roles: ['member']
2025-12-11 20:41:56.392 65908 INFO tempest.lib.common.dynamic_creds [-] Acquired dynamic creds: credentials: Credentials: {'domain_id': 'default', 'domain_name': 'Default', 'username': 'tempest-ServerActionsTestOtherA-1379450440-project-member', 'project_domain_id': 'default', 'project_domain_name': 'Default', 'project_id': '14f3ebc484984d3f92aabee1b2926e34', 'project_name': 'tempest-ServerActionsTestOtherA-1379450440', 'tenant_id': '14f3ebc484984d3f92aabee1b2926e34', 'tenant_name': 'tempest-ServerActionsTestOtherA-1379450440', 'user_domain_id': 'default', 'user_domain_name': 'Default', 'user_id': 'b94000244369486e8ff6f79bd6677fe4', 'system': None}, Network: None, Subnet: None, Router: None
2025-12-11 20:41:56.447 65882 INFO tempest.lib.common.rest_client [req-16bc4e5b-51f8-4710-bfe9-095e04051e67 req-16bc4e5b-51f8-4710-bfe9-095e04051e67 ] Request (AttachVolumeShelveTestJSON:test_attach_volume_shelved_or_offload_server): 201 POST http://10.180.1.21/identity/v3/auth/tokens 0.091s
2025-12-11 20:41:56.448 65882 INFO tempest.lib.common.fixed_network [-] (AttachVolumeShelveTestJSON:test_attach_volume_shelved_or_offload_server) Found network {'id': '84e00937-71ce-4a36-a947-c3e2b4f49d70', 'name': 'tempest-AttachVolumeShelveTestJSON-1696983074-network', 'tenant_id': 'a8193e0b5c1743fe803e9ba711ca2a2b', 'project_id': 'a8193e0b5c1743fe803e9ba711ca2a2b', 'admin_state_up': True, 'mtu': 8950, 'status': 'ACTIVE', 'subnets': [], 'shared': False, 'port_security_enabled': True, 'router:external': False, 'provider:network_type': 'vlan', 'provider:physical_network': 'default', 'provider:segmentation_id': 676, 'availability_zone_hints': [], 'availability_zones': [], 'ipv4_address_scope': None, 'ipv6_address_scope': None, 'description': '', 'tags': [], 'created_at': '2025-12-11T20:41:50Z', 'updated_at': '2025-12-11T20:41:50Z', 'revision_number': 1} available for tenant
2025-12-11 20:41:56.463 65906 INFO tempest.lib.common.rest_client [req-f1b37d8e-23fd-443b-8d11-fab279b66f0b req-f1b37d8e-23fd-443b-8d11-fab279b66f0b ] Request (FloatingIPsAssociationTestJSON:tearDownClass): 200 GET http://10.180.1.21/compute/v2.1/servers/68ad8327-7f2b-450b-a272-c09cd628b0e2 0.744s
2025-12-11 20:41:56.475 65908 INFO tempest.lib.common.rest_client [req-ce64ff27-2385-4876-ad8b-46f74001d5ee req-ce64ff27-2385-4876-ad8b-46f74001d5ee ] Request (ServerActionsTestOtherA:setUpClass): 201 POST http://10.180.1.21/identity/v3/auth/tokens 0.082s
2025-12-11 20:41:56.492 65915 INFO tempest.lib.common.rest_client [req-47b64de7-928e-461b-9765-54b2a0e388f4 req-47b64de7-928e-461b-9765-54b2a0e388f4 ] Request (ServerGroupTestJSON:test_list_server_groups): 200 GET http://10.180.1.21/compute/v2.1/os-server-groups 0.753s
2025-12-11 20:41:56.512 65872 INFO tempest.lib.common.rest_client [req-9e7f6023-3f25-45c9-8ced-73ce3130e7be req-9e7f6023-3f25-45c9-8ced-73ce3130e7be ] Request (ListImageFiltersTestJSON:setUpClass): 200 GET http://10.180.1.21/compute/v2.1/servers/76d392ee-df42-42bc-8273-33a35be4440d 0.805s
2025-12-11 20:41:56.552 65924 INFO tempest.lib.common.rest_client [req-7ab518f0-4b2e-410d-a2e5-0f5e31dd414c req-7ab518f0-4b2e-410d-a2e5-0f5e31dd414c ] Request (ServersNegativeTestJSON:setUpClass): 200 GET http://10.180.1.21/compute/v2.1/servers/6ed787df-8647-4575-bab9-02d041ae156b 0.759s
2025-12-11 20:41:56.557 65900 INFO tempest.lib.common.rest_client [req-08c46ef1-a260-4efb-85de-245035e17b2b req-08c46ef1-a260-4efb-85de-245035e17b2b ] Request (VolumesNegativeTest:test_delete_volume_without_passing_volume_id): 404 DELETE http://10.180.1.21/compute/v2.1/os-volumes/ 0.706s
2025-12-11 20:41:56.644 65880 INFO tempest.lib.common.rest_client [req-cdec5a8f-38d6-40f9-8fe0-14df9be6a7f9 req-cdec5a8f-38d6-40f9-8fe0-14df9be6a7f9 ] Request (ServerDiskConfigTestJSON:test_rebuild_server_with_auto_disk_config): 200 GET http://10.180.1.21/compute/v2.1/servers/d69acd68-004f-48c5-ae99-945d8a9cd432 0.832s
2025-12-11 20:41:56.663 65896 INFO tempest.lib.common.rest_client [req-196b1263-56c6-47e5-8495-94a0fde3d2df req-196b1263-56c6-47e5-8495-94a0fde3d2df ] Request (ListServerFiltersTestJSON:setUpClass): 200 GET http://10.180.1.21/compute/v2.1/servers/eca93abe-0db4-417e-8930-774a2645b6eb 0.775s
2025-12-11 20:41:56.755 65892 INFO tempest.lib.common.rest_client [req-623ecaaa-76f4-4ba3-ae04-67b858d5a36a req-623ecaaa-76f4-4ba3-ae04-67b858d5a36a ] Request (ServerMetadataTestJSON:tearDownClass): 200 GET http://10.180.1.21/compute/v2.1/servers/374f58e1-d303-43d1-8da2-c48a850f148c 0.833s
2025-12-11 20:41:56.770 65890 INFO tempest.lib.common.rest_client [req-faec3f33-15ed-4bec-9aef-b1c953e321df req-faec3f33-15ed-4bec-9aef-b1c953e321df ] Request (AttachInterfacesUnderV243Test:_run_cleanups): 200 GET http://10.180.1.21/compute/v2.1/servers/39cc1fd3-7301-4e7f-93d6-904009cb53dc 0.780s
2025-12-11 20:41:56.790 65908 INFO tempest.lib.common.rest_client [req-5ea10bf4-4828-4015-9426-8a4041aed33f req-5ea10bf4-4828-4015-9426-8a4041aed33f ] Request (ServerActionsTestOtherA:setUpClass): 201 POST http://10.180.1.21/networking/v2.0/networks 0.315s
2025-12-11 20:41:56.803 65876 INFO tempest.lib.common.rest_client [req-c25ad25e-7ae4-4569-80a5-ff491df432ee req-c25ad25e-7ae4-4569-80a5-ff491df432ee ] Request (ServerActionsV293TestJSON:setUpClass): 200 GET http://10.180.1.21/volume/v3/volumes/f870120e-8277-44cc-83d2-74b064ffef69 0.040s
2025-12-11 20:41:56.806 65874 INFO tempest.lib.common.rest_client [req-fcc27ff8-00fd-4811-99ec-eae81403a03f req-fcc27ff8-00fd-4811-99ec-eae81403a03f ] Request (FloatingIPsNegativeTestJSON:test_delete_nonexistent_floating_ip): 404 DELETE http://10.180.1.21/compute/v2.1/os-floating-ips/54eff7c1-0ac8-443f-88df-d344292ee19b 0.785s
2025-12-11 20:41:56.975 65908 INFO tempest.lib.common.rest_client [req-79a5c56d-661f-4761-9f5a-351b462c3d7d req-79a5c56d-661f-4761-9f5a-351b462c3d7d ] Request (ServerActionsTestOtherA:setUpClass): 201 POST http://10.180.1.21/networking/v2.0/subnets 0.184s
2025-12-11 20:41:57.016 65878 INFO tempest.lib.common.rest_client [req-47307649-2a5f-498c-aa91-cb28f125f80a req-47307649-2a5f-498c-aa91-cb28f125f80a ] Request (InstanceActionsNegativeTestJSON:tearDownClass): 200 GET http://10.180.1.21/compute/v2.1/servers/78ae6769-806d-4237-a37a-260ffa377ffd 0.796s
2025-12-11 20:41:57.046 65928 INFO tempest.lib.common.rest_client [req-9bc75071-d06b-48f1-8483-39b33a25ffbd req-9bc75071-d06b-48f1-8483-39b33a25ffbd ] Request (ServersAdminTestJSON:setUpClass): 200 GET http://10.180.1.21/compute/v2.1/servers/5ae99359-a6b2-4ee8-bea3-f651c1492486 1.053s
2025-12-11 20:41:57.151 65928 INFO tempest.lib.common.rest_client [req-1bfeb55b-3846-416c-896b-c648a138f4e3 req-1bfeb55b-3846-416c-896b-c648a138f4e3 ] Request (ServersAdminTestJSON:test_create_server_with_scheduling_hint): 201 POST http://10.180.1.21/identity/v3/auth/tokens 0.083s
2025-12-11 20:41:57.152 65928 INFO tempest.lib.common.fixed_network [-] (ServersAdminTestJSON:test_create_server_with_scheduling_hint) Found network {'id': '875a9b0b-04dc-4dc9-b572-90d800314a02', 'name': 'tempest-ServersAdminTestJSON-1730606556-network', 'tenant_id': '37c16c68fe1b41b5b6cdfc99697306ca', 'project_id': '37c16c68fe1b41b5b6cdfc99697306ca', 'admin_state_up': True, 'mtu': 8950, 'status': 'ACTIVE', 'subnets': [], 'shared': False, 'port_security_enabled': True, 'router:external': False, 'provider:network_type': 'vlan', 'provider:physical_network': 'default', 'provider:segmentation_id': 46, 'availability_zone_hints': [], 'availability_zones': [], 'ipv4_address_scope': None, 'ipv6_address_scope': None, 'description': '', 'tags': [], 'created_at': '2025-12-11T20:41:06Z', 'updated_at': '2025-12-11T20:41:06Z', 'revision_number': 1} available for tenant
2025-12-11 20:41:57.800 65908 INFO tempest.lib.common.rest_client [req-2f6e3f3f-57b5-490c-8483-378eb6af2309 req-2f6e3f3f-57b5-490c-8483-378eb6af2309 ] Request (ServerActionsTestOtherA:setUpClass): 201 POST http://10.180.1.21/networking/v2.0/routers 0.825s
2025-12-11 20:41:57.848 65876 INFO tempest.lib.common.rest_client [req-ba28c97a-8a78-476e-94d2-2f2908732504 req-ba28c97a-8a78-476e-94d2-2f2908732504 ] Request (ServerActionsV293TestJSON:setUpClass): 200 GET http://10.180.1.21/volume/v3/volumes/f870120e-8277-44cc-83d2-74b064ffef69 0.035s
2025-12-11 20:41:57.868 65902 INFO tempest.lib.common.rest_client [req-ae640134-4aff-430c-8497-173ccd73da95 req-ae640134-4aff-430c-8497-173ccd73da95 ] Request (ServersAdminNegativeTestJSON:tearDownClass): 200 GET http://10.180.1.21/compute/v2.1/servers/3e9ba28b-0b8f-46c4-b8e5-a75ddeb2017e 1.459s
2025-12-11 20:41:58.142 65874 INFO tempest.lib.common.rest_client [req-17c9836e-44d7-413b-a574-3342ca35f43f req-17c9836e-44d7-413b-a574-3342ca35f43f ] Request (FloatingIPsNegativeTestJSON:tearDownClass): 200 PUT http://10.180.1.21/networking/v2.0/routers/cb4f3b20-a7f9-44e1-afd5-b169782d2a8f/remove_router_interface 1.333s
2025-12-11 20:41:58.160 65920 WARNING tempest.lib.common.ssh [-] Failed to establish authenticated ssh connection to cirros@10.180.180.223 ([Errno None] Unable to connect to port 22 on 10.180.180.223). Number attempts: 8. Retry after 9 seconds.: paramiko.ssh_exception.NoValidConnectionsError: [Errno None] Unable to connect to port 22 on 10.180.180.223
2025-12-11 20:41:58.612 65874 INFO tempest.lib.common.rest_client [req-4126e671-5a40-4024-903d-1a7259eadede req-4126e671-5a40-4024-903d-1a7259eadede ] Request (FloatingIPsNegativeTestJSON:tearDownClass): 204 DELETE http://10.180.1.21/networking/v2.0/routers/cb4f3b20-a7f9-44e1-afd5-b169782d2a8f 0.470s
2025-12-11 20:41:58.652 65894 INFO tempest.lib.common.rest_client [req-96a9f59c-4c1e-42a4-89be-d3f1f27f4de0 req-96a9f59c-4c1e-42a4-89be-d3f1f27f4de0 ] Request (MigrationsAdminTest:test_resize_server_revert_deleted_flavor): 200 GET http://10.180.1.21/compute/v2.1/servers/f415b6a6-ba98-460c-a1c9-9e5b7a3afe75 2.167s
2025-12-11 20:41:58.682 65915 INFO tempest.lib.common.rest_client [req-76a5901e-63f4-4b3f-9eda-ec0fd3385792 req-76a5901e-63f4-4b3f-9eda-ec0fd3385792 ] Request (ServerGroupTestJSON:test_show_server_group): 200 GET http://10.180.1.21/compute/v2.1/os-server-groups/2d9958d4-81d3-45c2-8eae-dbdb8810ee81 2.184s
2025-12-11 20:41:58.688 65900 INFO tempest.lib.common.rest_client [req-b68dbe90-1560-47dc-af4e-32760c50ac50 req-b68dbe90-1560-47dc-af4e-32760c50ac50 ] Request (VolumesNegativeTest:test_get_volume_without_passing_volume_id): 404 GET http://10.180.1.21/compute/v2.1/os-volumes/ 2.129s
2025-12-11 20:41:58.735 65874 INFO tempest.lib.common.rest_client [req-a480b9e9-211f-42f4-9472-e73b755e1424 req-a480b9e9-211f-42f4-9472-e73b755e1424 ] Request (FloatingIPsNegativeTestJSON:tearDownClass): 204 DELETE http://10.180.1.21/networking/v2.0/subnets/06cc5cac-1f12-4d99-8eee-00a5a49a125e 0.123s
2025-12-11 20:41:58.743 65908 INFO tempest.lib.common.rest_client [req-c679e820-3a12-4560-ad1c-0d4a26bccd18 req-c679e820-3a12-4560-ad1c-0d4a26bccd18 ] Request (ServerActionsTestOtherA:setUpClass): 200 PUT http://10.180.1.21/networking/v2.0/routers/739b2411-79a2-4c99-ae39-64d225edfda6/add_router_interface 0.942s
