2025-12-11 20:41:11.631 65924 INFO tempest.common.waiters [-] State transition "BUILD/None" ==> "BUILD/spawning" after 27 second wait
2025-12-11 20:41:11.649 65882 INFO tempest.lib.common.rest_client [req-4bcd2a65-da50-4064-9ce2-d5de4d87bd92 req-4bcd2a65-da50-4064-9ce2-d5de4d87bd92 ] Request (ImagesOneServerTestJSON:tearDownClass): 404 DELETE http://10.180.1.21/compute/v2.1/images/654a82f8-39e8-410c-9cd9-59356356554b 4.824s
2025-12-11 20:41:11.657 65930 INFO tempest.lib.common.rest_client [req-0d128d83-6911-4259-99e0-49cc9d9c2526 req-0d128d83-6911-4259-99e0-49cc9d9c2526 ] Request (ServerMetadataNegativeTestJSON:tearDownClass): 204 DELETE http://10.180.1.21/identity/v3/users/622c7e3087e645549bc2bf3f14b7c408 0.077s
2025-12-11 20:41:11.657 65930 INFO tempest.lib.common.dynamic_creds [-] Deleting project and security group for project: 5912a3b1818b44e1a7a4195ad86511d0
2025-12-11 20:41:11.959 65928 INFO tempest.lib.common.rest_client [req-5820d56a-c8eb-4bd4-8314-bf831c6ae697 req-5820d56a-c8eb-4bd4-8314-bf831c6ae697 ] Request (ServersAdminTestJSON:setUpClass): 201 POST http://10.180.1.21/networking/v2.0/routers 0.895s
2025-12-11 20:41:11.986 65930 INFO tempest.lib.common.rest_client [req-f5a07eb0-5a97-4a2d-835a-c17474b65d79 req-f5a07eb0-5a97-4a2d-835a-c17474b65d79 ] Request (ServerMetadataNegativeTestJSON:tearDownClass): 200 GET http://10.180.1.21/networking/v2.0/security-groups?tenant_id=5912a3b1818b44e1a7a4195ad86511d0&name=default 0.328s
2025-12-11 20:41:12.021 65884 INFO tempest.lib.common.rest_client [req-057f1016-f904-4a3f-9438-c5ea6dcfd1f5 req-057f1016-f904-4a3f-9438-c5ea6dcfd1f5 ] Request (ServersTestJSON:setUpClass): 200 GET http://10.180.1.21/compute/v2.1/servers/88603b9c-9b0a-406e-a720-5abbaef4233d 5.220s
2025-12-11 20:41:12.030 65884 INFO tempest.common.waiters [-] State transition "BUILD/spawning" ==> "ACTIVE/None" after 39 second wait
2025-12-11 20:41:12.039 65918 INFO tempest.lib.common.rest_client [req-8b5e8c80-52b6-4687-a504-40e573921b3f req-8b5e8c80-52b6-4687-a504-40e573921b3f ] Request (AttachInterfacesTestJSON:test_create_list_show_delete_interfaces_by_fixed_ip): 200 GET http://10.180.1.21/compute/v2.1/servers/2fe516dc-30a1-471b-aea9-8300d5749987 5.174s
2025-12-11 20:41:12.111 65880 INFO tempest.lib.common.rest_client [req-2930da33-faca-45a8-b359-fb678a049322 req-2930da33-faca-45a8-b359-fb678a049322 ] Request (ServerDiskConfigTestJSON:setUpClass): 201 POST http://10.180.1.21/networking/v2.0/networks 0.558s
2025-12-11 20:41:12.221 65930 INFO tempest.lib.common.rest_client [req-e57ed73e-adce-4a13-a525-57877831c9eb req-e57ed73e-adce-4a13-a525-57877831c9eb ] Request (ServerMetadataNegativeTestJSON:tearDownClass): 204 DELETE http://10.180.1.21/networking/v2.0/security-groups/5e9ee0cc-0171-4aac-b351-5c9c97160bc7 0.235s
2025-12-11 20:41:12.294 65930 INFO tempest.lib.common.rest_client [req-4bc8b244-66bd-4a1b-9b77-803f9e1c8ce7 req-4bc8b244-66bd-4a1b-9b77-803f9e1c8ce7 ] Request (ServerMetadataNegativeTestJSON:tearDownClass): 204 DELETE http://10.180.1.21/identity/v3/projects/5912a3b1818b44e1a7a4195ad86511d0 0.073s
2025-12-11 20:41:12.365 65930 INFO tempest.lib.common.rest_client [req-1f4971df-fc91-4ec6-99e5-2804cdde08a2 req-1f4971df-fc91-4ec6-99e5-2804cdde08a2 ] Request (ServerRescueTestJSONUnderV235:setUpClass): 201 POST http://10.180.1.21/identity/v3/auth/tokens 0.068s
2025-12-11 20:41:12.398 65930 INFO tempest.lib.common.rest_client [req-4defb568-5628-4b70-903c-23cc8edb330c req-4defb568-5628-4b70-903c-23cc8edb330c ] Request (ServerRescueTestJSONUnderV235:setUpClass): 201 POST http://10.180.1.21/identity/v3/auth/tokens 0.031s
2025-12-11 20:41:12.427 65930 INFO tempest.lib.common.rest_client [req-fed6a2c7-299d-4e35-a8ad-85be88cbe1f0 req-fed6a2c7-299d-4e35-a8ad-85be88cbe1f0 ] Request (ServerRescueTestJSONUnderV235:setUpClass): 200 GET http://10.180.1.21/identity/v3/domains?name=Default 0.028s
2025-12-11 20:41:12.461 65930 INFO tempest.lib.common.rest_client [req-d3f0fe9a-3fda-486b-a114-4c08f9b35ede req-d3f0fe9a-3fda-486b-a114-4c08f9b35ede ] Request (ServerRescueTestJSONUnderV235:setUpClass): 201 POST http://10.180.1.21/identity/v3/projects 0.033s
2025-12-11 20:41:12.531 65930 INFO tempest.lib.common.rest_client [req-ed87a9eb-4ef3-4643-99e7-0ef97d1af5c7 req-ed87a9eb-4ef3-4643-99e7-0ef97d1af5c7 ] Request (ServerRescueTestJSONUnderV235:setUpClass): 201 POST http://10.180.1.21/identity/v3/users 0.069s
2025-12-11 20:41:12.547 65880 INFO tempest.lib.common.rest_client [req-a8581d51-a4a3-4cb7-aa69-f29c4597658b req-a8581d51-a4a3-4cb7-aa69-f29c4597658b ] Request (ServerDiskConfigTestJSON:setUpClass): 201 POST http://10.180.1.21/networking/v2.0/subnets 0.435s
2025-12-11 20:41:12.556 65930 INFO tempest.lib.common.rest_client [req-63df4b84-42d7-4cdd-b580-e7af2b877c25 req-63df4b84-42d7-4cdd-b580-e7af2b877c25 ] Request (ServerRescueTestJSONUnderV235:setUpClass): 200 GET http://10.180.1.21/identity/v3/roles 0.025s
2025-12-11 20:41:12.592 65930 INFO tempest.lib.common.rest_client [req-9b2af99a-31af-419c-ab20-cfb559c798b2 req-9b2af99a-31af-419c-ab20-cfb559c798b2 ] Request (ServerRescueTestJSONUnderV235:setUpClass): 204 PUT http://10.180.1.21/identity/v3/projects/a647a22e851c4cdf880a9d1e524cf68d/users/e6c376bbbdfc4467a9b158887492fdb3/roles/4f2c56d18e404064b296807da5332c1b 0.035s
2025-12-11 20:41:12.592 65930 INFO tempest.lib.common.dynamic_creds [-] Dynamic test user e6c376bbbdfc4467a9b158887492fdb3 is created with scope project and roles: ['member']
2025-12-11 20:41:12.592 65930 INFO tempest.lib.common.dynamic_creds [-] Acquired dynamic creds: credentials: Credentials: {'domain_id': 'default', 'domain_name': 'Default', 'username': 'tempest-ServerRescueTestJSONUnderV235-1791810122-project-member', 'project_domain_id': 'default', 'project_domain_name': 'Default', 'project_id': 'a647a22e851c4cdf880a9d1e524cf68d', 'project_name': 'tempest-ServerRescueTestJSONUnderV235-1791810122', 'tenant_id': 'a647a22e851c4cdf880a9d1e524cf68d', 'tenant_name': 'tempest-ServerRescueTestJSONUnderV235-1791810122', 'user_domain_id': 'default', 'user_domain_name': 'Default', 'user_id': 'e6c376bbbdfc4467a9b158887492fdb3', 'system': None}, Network: None, Subnet: None, Router: None
2025-12-11 20:41:12.639 65886 INFO tempest.lib.common.rest_client [req-f7ca8f38-17ad-44a1-8d0c-202f64ab7e31 req-f7ca8f38-17ad-44a1-8d0c-202f64ab7e31 ] Request (VolumesAdminNegativeTest:test_update_attached_volume_with_nonexistent_volume_in_uri): 200 GET http://10.180.1.21/compute/v2.1/servers/2e3bd660-ba1c-4cf2-9080-afe573302e99 5.650s
2025-12-11 20:41:12.653 65886 INFO tempest.common.waiters [-] State transition "BUILD/spawning" ==> "ACTIVE/None" after 30 second wait
2025-12-11 20:41:12.667 65910 INFO tempest.lib.common.rest_client [req-a85493c7-df90-4826-93e1-0a2025b12e2f req-a85493c7-df90-4826-93e1-0a2025b12e2f ] Request (DeleteServersTestJSON:test_delete_active_server): 200 GET http://10.180.1.21/compute/v2.1/servers/99e581db-b34b-42d8-91b7-263ab29f38ac 5.504s
2025-12-11 20:41:12.683 65930 INFO tempest.lib.common.rest_client [req-7775f9fb-ace5-4976-8d70-f691a53270dc req-7775f9fb-ace5-4976-8d70-f691a53270dc ] Request (ServerRescueTestJSONUnderV235:setUpClass): 201 POST http://10.180.1.21/identity/v3/auth/tokens 0.091s
2025-12-11 20:41:12.697 65892 INFO tempest.lib.common.rest_client [req-08fe2abb-2f96-4575-bc06-34dd69f50237 req-08fe2abb-2f96-4575-bc06-34dd69f50237 ] Request (ServerMetadataTestJSON:test_set_server_metadata_item): 200 GET http://10.180.1.21/compute/v2.1/servers/374f58e1-d303-43d1-8da2-c48a850f148c/metadata 5.113s
2025-12-11 20:41:12.823 65886 INFO tempest.lib.common.rest_client [req-7b88e10b-b419-44e7-b342-8b8a5dfb1036 req-7b88e10b-b419-44e7-b342-8b8a5dfb1036 ] Request (VolumesAdminNegativeTest:test_update_attached_volume_with_nonexistent_volume_in_uri): 202 POST http://10.180.1.21/volume/v3/volumes 0.169s
2025-12-11 20:41:12.846 65920 WARNING tempest.lib.common.ssh [-] Failed to establish authenticated ssh connection to cirros@10.180.180.223 ([Errno None] Unable to connect to port 22 on 10.180.180.223). Number attempts: 2. Retry after 3 seconds.: paramiko.ssh_exception.NoValidConnectionsError: [Errno None] Unable to connect to port 22 on 10.180.180.223
2025-12-11 20:41:12.867 65886 INFO tempest.lib.common.rest_client [req-8abc8e40-4910-41c0-969e-08bc20960115 req-8abc8e40-4910-41c0-969e-08bc20960115 ] Request (VolumesAdminNegativeTest:test_update_attached_volume_with_nonexistent_volume_in_uri): 200 GET http://10.180.1.21/volume/v3/volumes/5601799a-5fd1-4d18-95d2-d1f9a7c1de13 0.031s
2025-12-11 20:41:13.072 65928 INFO tempest.lib.common.rest_client [req-a0affdcf-f086-441c-83d9-09aad183722f req-a0affdcf-f086-441c-83d9-09aad183722f ] Request (ServersAdminTestJSON:setUpClass): 200 PUT http://10.180.1.21/networking/v2.0/routers/fb7843a9-5387-428b-af4d-6cf79df07cd2/add_router_interface 1.113s
2025-12-11 20:41:13.072 65928 INFO tempest.lib.common.dynamic_creds [-] Created isolated network resources for: credentials: Credentials: {'domain_id': 'default', 'domain_name': 'Default', 'username': 'tempest-ServersAdminTestJSON-511052501-project-admin', 'project_domain_id': 'default', 'project_domain_name': 'Default', 'project_id': '75ddf16cb5b04acaabc00b80543b4faa', 'project_name': 'tempest-ServersAdminTestJSON-511052501', 'tenant_id': '75ddf16cb5b04acaabc00b80543b4faa', 'tenant_name': 'tempest-ServersAdminTestJSON-511052501', 'user_domain_id': 'default', 'user_domain_name': 'Default', 'user_id': 'bca8d67278e04daf8de93fdeba999082', 'system': None}, Network: {'id': '570b7737-67e2-4f7a-9bac-14fbe46ef323', 'name': 'tempest-ServersAdminTestJSON-1397436954-network', 'tenant_id': '75ddf16cb5b04acaabc00b80543b4faa', 'project_id': '75ddf16cb5b04acaabc00b80543b4faa', 'admin_state_up': True, 'mtu': 8950, 'status': 'ACTIVE', 'subnets': [], 'shared': False, 'port_security_enabled': True, 'router:external': False, 'provider:network_type': 'vlan', 'provider:physical_network': 'default', 'provider:segmentation_id': 879, 'availability_zone_hints': [], 'availability_zones': [], 'ipv4_address_scope': None, 'ipv6_address_scope': None, 'description': '', 'tags': [], 'created_at': '2025-12-11T20:41:10Z', 'updated_at': '2025-12-11T20:41:10Z', 'revision_number': 1}, Subnet: {'id': 'e3783e17-fec3-4da0-945a-ddb12bfa2de6', 'name': 'tempest-ServersAdminTestJSON-1397436954-subnet', 'tenant_id': '75ddf16cb5b04acaabc00b80543b4faa', 'network_id': '570b7737-67e2-4f7a-9bac-14fbe46ef323', 'ip_version': 4, 'subnetpool_id': None, 'enable_dhcp': True, 'ipv6_ra_mode': None, 'ipv6_address_mode': None, 'gateway_ip': '192.168.128.1', 'cidr': '192.168.128.0/28', 'allocation_pools': [{'start': '192.168.128.2', 'end': '192.168.128.14'}], 'host_routes': [], 'dns_nameservers': [], 'description': '', 'router:external': False, 'service_types': [], 'tags': [], 'created_at': '2025-12-11T20:41:10Z', 'updated_at': '2025-12-11T20:41:10Z', 'revision_number': 0, 'project_id': '75ddf16cb5b04acaabc00b80543b4faa'}, Router: {'id': 'fb7843a9-5387-428b-af4d-6cf79df07cd2', 'name': 'tempest-ServersAdminTestJSON-1397436954-router', 'tenant_id': '75ddf16cb5b04acaabc00b80543b4faa', 'admin_state_up': True, 'status': 'ACTIVE', 'external_gateway_info': {'network_id': '4d7a6f66-baf2-4757-b8d4-e9ab019ee258', 'external_fixed_ips': [{'subnet_id': 'e003770a-972a-4ca9-90bd-6c15d218ad34', 'ip_address': '10.180.180.143'}], 'enable_snat': True}, 'description': '', 'availability_zones': [], 'distributed': False, 'ha': False, 'availability_zone_hints': [], 'routes': [], 'flavor_id': None, 'tags': [], 'created_at': '2025-12-11T20:41:11Z', 'updated_at': '2025-12-11T20:41:11Z', 'revision_number': 2, 'project_id': '75ddf16cb5b04acaabc00b80543b4faa'}
2025-12-11 20:41:13.197 65928 INFO tempest.lib.common.rest_client [req-dbbe9d7d-8672-404f-8f2c-a75cd3b44140 req-dbbe9d7d-8672-404f-8f2c-a75cd3b44140 ] Request (ServersAdminTestJSON:setUpClass): 201 POST http://10.180.1.21/identity/v3/auth/tokens 0.121s
2025-12-11 20:41:13.262 65928 INFO tempest.lib.common.rest_client [req-68563de6-189a-4005-b3e6-4ece16ddfc24 req-68563de6-189a-4005-b3e6-4ece16ddfc24 ] Request (ServersAdminTestJSON:setUpClass): 201 POST http://10.180.1.21/identity/v3/auth/tokens 0.061s
2025-12-11 20:41:13.263 65928 INFO tempest.lib.common.fixed_network [-] (ServersAdminTestJSON:setUpClass) Found network {'id': '875a9b0b-04dc-4dc9-b572-90d800314a02', 'name': 'tempest-ServersAdminTestJSON-1730606556-network', 'tenant_id': '37c16c68fe1b41b5b6cdfc99697306ca', 'project_id': '37c16c68fe1b41b5b6cdfc99697306ca', 'admin_state_up': True, 'mtu': 8950, 'status': 'ACTIVE', 'subnets': [], 'shared': False, 'port_security_enabled': True, 'router:external': False, 'provider:network_type': 'vlan', 'provider:physical_network': 'default', 'provider:segmentation_id': 46, 'availability_zone_hints': [], 'availability_zones': [], 'ipv4_address_scope': None, 'ipv6_address_scope': None, 'description': '', 'tags': [], 'created_at': '2025-12-11T20:41:06Z', 'updated_at': '2025-12-11T20:41:06Z', 'revision_number': 1} available for tenant
2025-12-11 20:41:13.425 65930 INFO tempest.lib.common.rest_client [req-6effde62-5e52-48b7-bf03-ca4c4881c8d6 req-6effde62-5e52-48b7-bf03-ca4c4881c8d6 ] Request (ServerRescueTestJSONUnderV235:setUpClass): 201 POST http://10.180.1.21/networking/v2.0/networks 0.740s
2025-12-11 20:41:13.520 65906 INFO tempest.lib.common.rest_client [req-8ae195a9-d7c1-427d-86f0-419c7132b53c req-8ae195a9-d7c1-427d-86f0-419c7132b53c ] Request (FloatingIPsAssociationTestJSON:tearDownClass): 200 GET http://10.180.1.21/compute/v2.1/servers/84d0311a-fcb3-476c-ad08-7e3b0dfe3858 5.833s
2025-12-11 20:41:13.576 65880 INFO tempest.lib.common.rest_client [req-f7ed019d-a031-4488-b95d-b72806daec46 req-f7ed019d-a031-4488-b95d-b72806daec46 ] Request (ServerDiskConfigTestJSON:setUpClass): 201 POST http://10.180.1.21/networking/v2.0/routers 1.029s
2025-12-11 20:41:13.645 65904 INFO tempest.lib.common.rest_client [req-e642f3b2-8c49-46b8-a257-c7223d561926 req-e642f3b2-8c49-46b8-a257-c7223d561926 ] Request (ImagesOneServerNegativeTestJSON:tearDown): 200 GET http://10.180.1.21/compute/v2.1/servers/a43d8718-ba57-43d8-b715-a7ac7896605c 6.146s
2025-12-11 20:41:13.816 65930 INFO tempest.lib.common.rest_client [req-62ba907b-5893-4937-8fc6-118fcecd1182 req-62ba907b-5893-4937-8fc6-118fcecd1182 ] Request (ServerRescueTestJSONUnderV235:setUpClass): 201 POST http://10.180.1.21/networking/v2.0/subnets 0.390s
2025-12-11 20:41:13.917 65886 INFO tempest.lib.common.rest_client [req-abdf89ac-7b36-428d-9126-6c2e3810a5c0 req-abdf89ac-7b36-428d-9126-6c2e3810a5c0 ] Request (VolumesAdminNegativeTest:test_update_attached_volume_with_nonexistent_volume_in_uri): 200 GET http://10.180.1.21/volume/v3/volumes/5601799a-5fd1-4d18-95d2-d1f9a7c1de13 0.042s
2025-12-11 20:41:13.926 65886 INFO tempest.common.waiters [-] volume 5601799a-5fd1-4d18-95d2-d1f9a7c1de13 reached available after waiting for 1.926244 seconds
2025-12-11 20:41:14.165 65934 INFO tempest.lib.common.rest_client [req-643b5591-1e68-45cf-9a4e-c02fb2f16b45 req-643b5591-1e68-45cf-9a4e-c02fb2f16b45 ] Request (AttachVolumeNegativeTest:test_attach_attached_volume_to_different_server): 200 GET http://10.180.1.21/compute/v2.1/servers/ea58a6fc-9763-43e2-a912-a5653f7d9987 5.670s
2025-12-11 20:41:14.316 65902 INFO tempest.lib.common.rest_client [req-6dc14228-794d-46a0-8fb3-af18e4ea08b1 req-6dc14228-794d-46a0-8fb3-af18e4ea08b1 ] Request (ServersAdminNegativeTestJSON:test_resize_server_using_overlimit_vcpus): 200 GET http://10.180.1.21/compute/v2.1/os-quota-sets/24efb92523c145efb90afcf49ffb8168 5.811s
2025-12-11 20:41:14.390 65916 INFO tempest.lib.common.rest_client [req-b6e34e2d-fa94-48d7-8189-8d92f0a9a2dd req-b6e34e2d-fa94-48d7-8189-8d92f0a9a2dd ] Request (ListServersNegativeTestJSON:test_list_servers_with_a_deleted_server): 200 GET http://10.180.1.21/compute/v2.1/servers 5.878s
2025-12-11 20:41:14.852 65880 INFO tempest.lib.common.rest_client [req-eecfa548-bc77-4232-a53c-b51cefe531f3 req-eecfa548-bc77-4232-a53c-b51cefe531f3 ] Request (ServerDiskConfigTestJSON:setUpClass): 200 PUT http://10.180.1.21/networking/v2.0/routers/f5a1e78d-72a6-4a93-b7b3-b3475b4e1c6c/add_router_interface 1.275s
2025-12-11 20:41:14.852 65880 INFO tempest.lib.common.dynamic_creds [-] Created isolated network resources for: credentials: Credentials: {'domain_id': 'default', 'domain_name': 'Default', 'username': 'tempest-ServerDiskConfigTestJSON-822627280-project-member', 'project_domain_id': 'default', 'project_domain_name': 'Default', 'project_id': 'a88a69f9e30d40309da36c8464dddb7e', 'project_name': 'tempest-ServerDiskConfigTestJSON-822627280', 'tenant_id': 'a88a69f9e30d40309da36c8464dddb7e', 'tenant_name': 'tempest-ServerDiskConfigTestJSON-822627280', 'user_domain_id': 'default', 'user_domain_name': 'Default', 'user_id': '4b13ccc13af04405919b24c3ff720dc0', 'system': None}, Network: {'id': '2b117c05-a1ac-4b29-b4f8-30bd0bd2a390', 'name': 'tempest-ServerDiskConfigTestJSON-1761576411-network', 'tenant_id': 'a88a69f9e30d40309da36c8464dddb7e', 'project_id': 'a88a69f9e30d40309da36c8464dddb7e', 'admin_state_up': True, 'mtu': 8950, 'status': 'ACTIVE', 'subnets': [], 'shared': False, 'port_security_enabled': True, 'router:external': False, 'provider:network_type': 'vlan', 'provider:physical_network': 'default', 'provider:segmentation_id': 82, 'availability_zone_hints': [], 'availability_zones': [], 'ipv4_address_scope': None, 'ipv6_address_scope': None, 'description': '', 'tags': [], 'created_at': '2025-12-11T20:41:12Z', 'updated_at': '2025-12-11T20:41:12Z', 'revision_number': 1}, Subnet: {'id': '33b4543a-272b-42c5-ad69-a952da991f0f', 'name': 'tempest-ServerDiskConfigTestJSON-1761576411-subnet', 'tenant_id': 'a88a69f9e30d40309da36c8464dddb7e', 'network_id': '2b117c05-a1ac-4b29-b4f8-30bd0bd2a390', 'ip_version': 4, 'subnetpool_id': None, 'enable_dhcp': True, 'ipv6_ra_mode': None, 'ipv6_address_mode': None, 'gateway_ip': '192.168.128.1', 'cidr': '192.168.128.0/28', 'allocation_pools': [{'start': '192.168.128.2', 'end': '192.168.128.14'}], 'host_routes': [], 'dns_nameservers': [], 'description': '', 'router:external': False, 'service_types': [], 'tags': [], 'created_at': '2025-12-11T20:41:12Z', 'updated_at': '2025-12-11T20:41:12Z', 'revision_number': 0, 'project_id': 'a88a69f9e30d40309da36c8464dddb7e'}, Router: {'id': 'f5a1e78d-72a6-4a93-b7b3-b3475b4e1c6c', 'name': 'tempest-ServerDiskConfigTestJSON-1761576411-router', 'tenant_id': 'a88a69f9e30d40309da36c8464dddb7e', 'admin_state_up': True, 'status': 'ACTIVE', 'external_gateway_info': {'network_id': '4d7a6f66-baf2-4757-b8d4-e9ab019ee258', 'external_fixed_ips': [{'subnet_id': 'e003770a-972a-4ca9-90bd-6c15d218ad34', 'ip_address': '10.180.180.182'}], 'enable_snat': True}, 'description': '', 'availability_zones': [], 'distributed': False, 'ha': False, 'availability_zone_hints': [], 'routes': [], 'flavor_id': None, 'tags': [], 'created_at': '2025-12-11T20:41:12Z', 'updated_at': '2025-12-11T20:41:13Z', 'revision_number': 2, 'project_id': 'a88a69f9e30d40309da36c8464dddb7e'}
2025-12-11 20:41:14.908 65915 INFO tempest.lib.common.rest_client [req-78247102-8fc7-4cf4-8877-371438a65123 req-78247102-8fc7-4cf4-8877-371438a65123 ] Request (ServerGroupTestJSON:test_create_server_with_scheduler_hint_group): 200 GET http://10.180.1.21/compute/v2.1/servers/397f6c23-ea22-4a99-9b8f-8ae75f467a9c 6.424s
2025-12-11 20:41:14.906 65930 INFO tempest.lib.common.rest_client [req-1a7a46a6-2ef8-4fb7-b4a6-acc2b505ab89 req-1a7a46a6-2ef8-4fb7-b4a6-acc2b505ab89 ] Request (ServerRescueTestJSONUnderV235:setUpClass): 201 POST http://10.180.1.21/networking/v2.0/routers 1.090s
2025-12-11 20:41:14.921 65915 INFO tempest.common.waiters [-] State transition "BUILD/spawning" ==> "ACTIVE/None" after 44 second wait
2025-12-11 20:41:14.939 65896 INFO tempest.lib.common.rest_client [req-c6576891-bab2-4a4e-9e50-b61b44673b24 req-c6576891-bab2-4a4e-9e50-b61b44673b24 ] Request (ImagesNegativeTestJSON:test_create_image_from_deleted_server): 404 GET http://10.180.1.21/compute/v2.1/servers/a5a6322a-8af0-46f7-814a-f8df0a056da3 5.509s
2025-12-11 20:41:14.963 65872 INFO tempest.lib.common.rest_client [req-6e4e61ae-ab02-429d-8ad0-56ed69e80cee req-6e4e61ae-ab02-429d-8ad0-56ed69e80cee ] Request (ListImageFiltersTestJSON:setUpClass): 202 POST http://10.180.1.21/compute/v2.1/servers/3982cdc3-6c14-4707-a20b-66d46606e155/action 6.237s
2025-12-11 20:41:14.986 65880 INFO tempest.lib.common.rest_client [req-610219ee-d095-4b76-ad1b-779136e22cc9 req-610219ee-d095-4b76-ad1b-779136e22cc9 ] Request (ServerDiskConfigTestJSON:setUpClass): 201 POST http://10.180.1.21/identity/v3/auth/tokens 0.129s
2025-12-11 20:41:15.021 65876 INFO tempest.lib.common.rest_client [req-9792339f-a532-47e6-a482-b473e19a65fe req-9792339f-a532-47e6-a482-b473e19a65fe ] Request (KeyPairsV22TestJSON:test_keypair_create_with_pub_key): 201 POST http://10.180.1.21/compute/v2.1/os-keypairs 4.968s
2025-12-11 20:41:15.041 65880 INFO tempest.lib.common.rest_client [req-9c45264b-358a-4f49-9f8a-83084aaf4205 req-9c45264b-358a-4f49-9f8a-83084aaf4205 ] Request (ServerDiskConfigTestJSON:test_rebuild_server_with_auto_disk_config): 201 POST http://10.180.1.21/identity/v3/auth/tokens 0.051s
2025-12-11 20:41:15.042 65880 INFO tempest.lib.common.fixed_network [-] (ServerDiskConfigTestJSON:test_rebuild_server_with_auto_disk_config) Found network {'id': '2b117c05-a1ac-4b29-b4f8-30bd0bd2a390', 'name': 'tempest-ServerDiskConfigTestJSON-1761576411-network', 'tenant_id': 'a88a69f9e30d40309da36c8464dddb7e', 'project_id': 'a88a69f9e30d40309da36c8464dddb7e', 'admin_state_up': True, 'mtu': 8950, 'status': 'ACTIVE', 'subnets': [], 'shared': False, 'port_security_enabled': True, 'router:external': False, 'provider:network_type': 'vlan', 'provider:physical_network': 'default', 'provider:segmentation_id': 82, 'availability_zone_hints': [], 'availability_zones': [], 'ipv4_address_scope': None, 'ipv6_address_scope': None, 'description': '', 'tags': [], 'created_at': '2025-12-11T20:41:12Z', 'updated_at': '2025-12-11T20:41:12Z', 'revision_number': 1} available for tenant
2025-12-11 20:41:15.048 65874 INFO tempest.lib.common.rest_client [req-f02e1eec-5223-4f6c-8387-960458841de4 req-f02e1eec-5223-4f6c-8387-960458841de4 ] Request (FlavorsAccessNegativeTestJSON:_run_cleanups): 200 GET http://10.180.1.21/compute/v2.1/flavors/detail 4.964s
2025-12-11 20:41:15.121 65890 INFO tempest.lib.common.rest_client [req-a9f01c83-176d-49af-a879-c5250c9144d4 req-a9f01c83-176d-49af-a879-c5250c9144d4 ] Request (AttachInterfacesUnderV243Test:test_add_remove_fixed_ip): 200 GET http://10.180.1.21/compute/v2.1/servers/39cc1fd3-7301-4e7f-93d6-904009cb53dc/ips 4.246s
2025-12-11 20:41:16.064 65930 INFO tempest.lib.common.rest_client [req-571bb053-3f09-463e-884a-2404c5f0cfe2 req-571bb053-3f09-463e-884a-2404c5f0cfe2 ] Request (ServerRescueTestJSONUnderV235:setUpClass): 200 PUT http://10.180.1.21/networking/v2.0/routers/98f64140-3721-4879-ac68-24fd29ef9de2/add_router_interface 1.154s
2025-12-11 20:41:16.064 65930 INFO tempest.lib.common.dynamic_creds [-] Created isolated network resources for: credentials: Credentials: {'domain_id': 'default', 'domain_name': 'Default', 'username': 'tempest-ServerRescueTestJSONUnderV235-1791810122-project-member', 'project_domain_id': 'default', 'project_domain_name': 'Default', 'project_id': 'a647a22e851c4cdf880a9d1e524cf68d', 'project_name': 'tempest-ServerRescueTestJSONUnderV235-1791810122', 'tenant_id': 'a647a22e851c4cdf880a9d1e524cf68d', 'tenant_name': 'tempest-ServerRescueTestJSONUnderV235-1791810122', 'user_domain_id': 'default', 'user_domain_name': 'Default', 'user_id': 'e6c376bbbdfc4467a9b158887492fdb3', 'system': None}, Network: {'id': 'ffd45631-693f-4964-9fa7-f02a4a4a7265', 'name': 'tempest-ServerRescueTestJSONUnderV235-1286703406-network', 'tenant_id': 'a647a22e851c4cdf880a9d1e524cf68d', 'project_id': 'a647a22e851c4cdf880a9d1e524cf68d', 'admin_state_up': True, 'mtu': 8950, 'status': 'ACTIVE', 'subnets': [], 'shared': False, 'port_security_enabled': True, 'router:external': False, 'provider:network_type': 'vlan', 'provider:physical_network': 'default', 'provider:segmentation_id': 905, 'availability_zone_hints': [], 'availability_zones': [], 'ipv4_address_scope': None, 'ipv6_address_scope': None, 'description': '', 'tags': [], 'created_at': '2025-12-11T20:41:13Z', 'updated_at': '2025-12-11T20:41:13Z', 'revision_number': 1}, Subnet: {'id': '16486de0-b5e2-482a-b599-a21397ea4657', 'name': 'tempest-ServerRescueTestJSONUnderV235-1286703406-subnet', 'tenant_id': 'a647a22e851c4cdf880a9d1e524cf68d', 'network_id': 'ffd45631-693f-4964-9fa7-f02a4a4a7265', 'ip_version': 4, 'subnetpool_id': None, 'enable_dhcp': False, 'ipv6_ra_mode': None, 'ipv6_address_mode': None, 'gateway_ip': '192.168.128.1', 'cidr': '192.168.128.0/28', 'allocation_pools': [{'start': '192.168.128.2', 'end': '192.168.128.14'}], 'host_routes': [], 'dns_nameservers': [], 'description': '', 'router:external': False, 'service_types': [], 'tags': [], 'created_at': '2025-12-11T20:41:13Z', 'updated_at': '2025-12-11T20:41:13Z', 'revision_number': 0, 'project_id': 'a647a22e851c4cdf880a9d1e524cf68d'}, Router: {'id': '98f64140-3721-4879-ac68-24fd29ef9de2', 'name': 'tempest-ServerRescueTestJSONUnderV235-1286703406-router', 'tenant_id': 'a647a22e851c4cdf880a9d1e524cf68d', 'admin_state_up': True, 'status': 'ACTIVE', 'external_gateway_info': {'network_id': '4d7a6f66-baf2-4757-b8d4-e9ab019ee258', 'external_fixed_ips': [{'subnet_id': 'e003770a-972a-4ca9-90bd-6c15d218ad34', 'ip_address': '10.180.180.248'}], 'enable_snat': True}, 'description': '', 'availability_zones': [], 'distributed': False, 'ha': False, 'availability_zone_hints': [], 'routes': [], 'flavor_id': None, 'tags': [], 'created_at': '2025-12-11T20:41:14Z', 'updated_at': '2025-12-11T20:41:14Z', 'revision_number': 2, 'project_id': 'a647a22e851c4cdf880a9d1e524cf68d'}
2025-12-11 20:41:16.177 65930 INFO tempest.lib.common.rest_client [req-10b5e2f1-5b84-4135-bce2-3b296c4b722b req-10b5e2f1-5b84-4135-bce2-3b296c4b722b ] Request (ServerRescueTestJSONUnderV235:setUpClass): 201 POST http://10.180.1.21/identity/v3/auth/tokens 0.108s
2025-12-11 20:41:16.212 65930 INFO tempest.lib.common.rest_client [req-c5cab153-0cea-4345-8018-14ce3270f126 req-c5cab153-0cea-4345-8018-14ce3270f126 ] Request (ServerRescueTestJSONUnderV235:setUpClass): 201 POST http://10.180.1.21/identity/v3/auth/tokens 0.031s
2025-12-11 20:41:16.212 65930 INFO tempest.lib.common.fixed_network [-] (ServerRescueTestJSONUnderV235:setUpClass) Found network {'id': 'ffd45631-693f-4964-9fa7-f02a4a4a7265', 'name': 'tempest-ServerRescueTestJSONUnderV235-1286703406-network', 'tenant_id': 'a647a22e851c4cdf880a9d1e524cf68d', 'project_id': 'a647a22e851c4cdf880a9d1e524cf68d', 'admin_state_up': True, 'mtu': 8950, 'status': 'ACTIVE', 'subnets': [], 'shared': False, 'port_security_enabled': True, 'router:external': False, 'provider:network_type': 'vlan', 'provider:physical_network': 'default', 'provider:segmentation_id': 905, 'availability_zone_hints': [], 'availability_zones': [], 'ipv4_address_scope': None, 'ipv6_address_scope': None, 'description': '', 'tags': [], 'created_at': '2025-12-11T20:41:13Z', 'updated_at': '2025-12-11T20:41:13Z', 'revision_number': 1} available for tenant
2025-12-11 20:41:16.212 65894 INFO tempest.lib.common.rest_client [req-2154fa7d-bcbd-4e40-95f2-7a307ffd769c req-2154fa7d-bcbd-4e40-95f2-7a307ffd769c ] Request (MigrationsAdminTest:test_resize_server_revert_deleted_flavor): 200 GET http://10.180.1.21/compute/v2.1/servers/f415b6a6-ba98-460c-a1c9-9e5b7a3afe75 5.181s
2025-12-11 20:41:16.241 65878 INFO tempest.lib.common.rest_client [req-499b1526-3693-4905-bce8-246aca588b4c req-499b1526-3693-4905-bce8-246aca588b4c ] Request (InstanceActionsNegativeTestJSON:setUpClass): 200 GET http://10.180.1.21/compute/v2.1/servers/78ae6769-806d-4237-a37a-260ffa377ffd 6.463s
2025-12-11 20:41:16.252 65878 INFO tempest.common.waiters [-] State transition "BUILD/None" ==> "BUILD/spawning" after 31 second wait
2025-12-11 20:41:16.279 65908 INFO tempest.lib.common.rest_client [req-b77c0b20-2bac-450a-a925-692fd1277ba8 req-b77c0b20-2bac-450a-a925-692fd1277ba8 ] Request (ServersTestMultiNic:test_verify_multiple_nics_order): 200 GET http://10.180.1.21/compute/v2.1/servers/c018e6dd-f0ff-4d38-b503-58e24e30b3f8/ips 5.126s
2025-12-11 20:41:16.304 65898 INFO tempest.lib.common.rest_client [req-1fe322a4-89f7-412e-a95f-2632122e3189 req-1fe322a4-89f7-412e-a95f-2632122e3189 ] Request (DeleteServersAdminTestJSON:tearDownClass): 404 GET http://10.180.1.21/compute/v2.1/servers/8e41ba2a-b2be-4914-a2b5-c075cbdb7abd 5.137s
2025-12-11 20:41:16.345 65900 INFO tempest.lib.common.rest_client [req-96e58d7d-227b-4fe8-af33-d96f1181e0e0 req-96e58d7d-227b-4fe8-af33-d96f1181e0e0 ] Request (VolumesAssistedSnapshotsTest:tearDownClass): 200 GET http://10.180.1.21/compute/v2.1/servers/b7b297d4-296d-423e-a7fb-2a72ca2328ce 5.301s
2025-12-11 20:41:16.402 65882 INFO tempest.lib.common.rest_client [req-0571c59c-4fc4-431b-b7b9-c9ade87c078e req-0571c59c-4fc4-431b-b7b9-c9ade87c078e ] Request (ImagesOneServerTestJSON:tearDownClass): 204 DELETE http://10.180.1.21/compute/v2.1/servers/4077549b-fa9c-4eea-af80-9c566e337f35 4.752s
2025-12-11 20:41:16.458 65884 INFO tempest.lib.common.rest_client [req-eebdacc8-1f52-41ff-8efe-fef810af27a0 req-eebdacc8-1f52-41ff-8efe-fef810af27a0 ] Request (ServersTestJSON:setUpClass): 200 GET http://10.180.1.21/compute/v2.1/servers/88603b9c-9b0a-406e-a720-5abbaef4233d/os-interface 4.428s
2025-12-11 20:41:16.533 65892 INFO tempest.lib.common.rest_client [req-b7eaae34-e9a8-43b9-940f-e20dd925f1d0 req-b7eaae34-e9a8-43b9-940f-e20dd925f1d0 ] Request (ServerMetadataTestJSON:setUp): 200 PUT http://10.180.1.21/compute/v2.1/servers/374f58e1-d303-43d1-8da2-c48a850f148c/metadata 3.834s
2025-12-11 20:41:16.631 65924 INFO tempest.lib.common.rest_client [req-6cadcf45-3c9a-4616-8e6d-4f6f8f458c3f req-6cadcf45-3c9a-4616-8e6d-4f6f8f458c3f ] Request (ServersNegativeTestJSON:setUpClass): 200 GET http://10.180.1.21/compute/v2.1/servers/215afa2f-83c3-40b2-a71f-0a66b4715aa5 3.999s
2025-12-11 20:41:16.652 65918 INFO tempest.lib.common.rest_client [req-388276ee-d7c4-47b8-89ac-bfdbb3e75fad req-388276ee-d7c4-47b8-89ac-bfdbb3e75fad ] Request (AttachInterfacesTestJSON:test_create_list_show_delete_interfaces_by_fixed_ip): 200 GET http://10.180.1.21/compute/v2.1/servers/2fe516dc-30a1-471b-aea9-8300d5749987 3.596s
2025-12-11 20:41:16.759 65904 INFO tempest.lib.common.rest_client [req-5a2117d8-34d5-4f22-a6b2-db2e23105a68 req-5a2117d8-34d5-4f22-a6b2-db2e23105a68 ] Request (ImagesOneServerNegativeTestJSON:setUp): 200 GET http://10.180.1.21/compute/v2.1/servers/a43d8718-ba57-43d8-b715-a7ac7896605c 3.095s
2025-12-11 20:41:16.982 65910 INFO tempest.lib.common.rest_client [req-f6a8ed46-a886-4369-9806-8870a04930e9 req-f6a8ed46-a886-4369-9806-8870a04930e9 ] Request (DeleteServersTestJSON:test_delete_active_server): 200 GET http://10.180.1.21/compute/v2.1/servers/99e581db-b34b-42d8-91b7-263ab29f38ac 3.302s
2025-12-11 20:41:16.991 65910 INFO tempest.common.waiters [-] State transition "BUILD/spawning" ==> "ACTIVE/None" after 34 second wait
2025-12-11 20:41:17.088 65884 INFO tempest.lib.common.rest_client [req-1a66a8e3-d032-4c4a-8760-2c58dc447011 req-1a66a8e3-d032-4c4a-8760-2c58dc447011 ] Request (ServersTestJSON:setUpClass): 200 PUT http://10.180.1.21/networking/v2.0/floatingips/f46e9b56-8003-4a76-8866-af170ed7491b 0.627s
2025-12-11 20:41:17.148 65886 INFO tempest.lib.common.rest_client [req-f8cf9d19-e491-4dd5-b5ef-535a4854748c req-f8cf9d19-e491-4dd5-b5ef-535a4854748c ] Request (VolumesAdminNegativeTest:test_update_attached_volume_with_nonexistent_volume_in_uri): 404 PUT http://10.180.1.21/compute/v2.1/servers/2e3bd660-ba1c-4cf2-9080-afe573302e99/os-volume_attachments/0c9fc1af-4f7b-4d2a-81f4-12173ea0f530 3.221s
2025-12-11 20:41:17.152 65928 INFO tempest.lib.common.rest_client [req-2fdf8b92-94bb-493e-a3e8-006757a553de req-2fdf8b92-94bb-493e-a3e8-006757a553de ] Request (ServersAdminTestJSON:setUpClass): 202 POST http://10.180.1.21/compute/v2.1/servers 3.889s
2025-12-11 20:41:17.175 65902 INFO tempest.lib.common.rest_client [req-f0d98d7a-e4e0-47a2-affe-2c9f9cd60cfb req-f0d98d7a-e4e0-47a2-affe-2c9f9cd60cfb ] Request (ServersAdminNegativeTestJSON:test_resize_server_using_overlimit_vcpus): 200 POST http://10.180.1.21/compute/v2.1/flavors 2.857s
2025-12-11 20:41:17.188 65916 INFO tempest.lib.common.rest_client [req-82ef751b-68a5-44fd-b362-78245da08127 req-82ef751b-68a5-44fd-b362-78245da08127 ] Request (ListServersNegativeTestJSON:tearDownClass): 404 DELETE http://10.180.1.21/compute/v2.1/servers/97e0f765-1915-4356-8242-e92e85a3a219 2.787s
2025-12-11 20:41:17.202 65928 INFO tempest.lib.common.rest_client [req-d688a84d-e9db-4047-8f4a-f418a74a9026 req-d688a84d-e9db-4047-8f4a-f418a74a9026 ] Request (ServersAdminTestJSON:setUpClass): 201 POST http://10.180.1.21/identity/v3/auth/tokens 0.045s
2025-12-11 20:41:17.203 65928 INFO tempest.lib.common.fixed_network [-] (ServersAdminTestJSON:setUpClass) Found network {'id': '875a9b0b-04dc-4dc9-b572-90d800314a02', 'name': 'tempest-ServersAdminTestJSON-1730606556-network', 'tenant_id': '37c16c68fe1b41b5b6cdfc99697306ca', 'project_id': '37c16c68fe1b41b5b6cdfc99697306ca', 'admin_state_up': True, 'mtu': 8950, 'status': 'ACTIVE', 'subnets': [], 'shared': False, 'port_security_enabled': True, 'router:external': False, 'provider:network_type': 'vlan', 'provider:physical_network': 'default', 'provider:segmentation_id': 46, 'availability_zone_hints': [], 'availability_zones': [], 'ipv4_address_scope': None, 'ipv6_address_scope': None, 'description': '', 'tags': [], 'created_at': '2025-12-11T20:41:06Z', 'updated_at': '2025-12-11T20:41:06Z', 'revision_number': 1} available for tenant
2025-12-11 20:41:17.205 65906 INFO tempest.lib.common.rest_client [req-e885e273-ed35-4180-8d6e-0e5965019d0e req-e885e273-ed35-4180-8d6e-0e5965019d0e ] Request (FloatingIPsAssociationTestJSON:tearDownClass): 404 GET http://10.180.1.21/compute/v2.1/servers/84d0311a-fcb3-476c-ad08-7e3b0dfe3858 2.675s
2025-12-11 20:41:17.217 65886 INFO tempest.lib.common.rest_client [req-387a144d-7f30-4b2f-9e5a-35a5573b8ca3 req-387a144d-7f30-4b2f-9e5a-35a5573b8ca3 ] Request (VolumesAdminNegativeTest:tearDownClass): 202 DELETE http://10.180.1.21/volume/v3/volumes/5601799a-5fd1-4d18-95d2-d1f9a7c1de13 0.066s
2025-12-11 20:41:17.228 65896 INFO tempest.lib.common.rest_client [req-664b7167-1fed-43d9-9d35-052e0ba1134d req-664b7167-1fed-43d9-9d35-052e0ba1134d ] Request (ImagesNegativeTestJSON:test_create_image_from_deleted_server): 404 POST http://10.180.1.21/compute/v2.1/servers/a5a6322a-8af0-46f7-814a-f8df0a056da3/action 2.287s
2025-12-11 20:41:17.230 65915 INFO tempest.lib.common.rest_client [req-c095b17f-3ff3-4c20-8aae-8371427a7357 req-c095b17f-3ff3-4c20-8aae-8371427a7357 ] Request (ServerGroupTestJSON:test_create_server_with_scheduler_hint_group): 200 GET http://10.180.1.21/compute/v2.1/os-server-groups/2d9958d4-81d3-45c2-8eae-dbdb8810ee81 2.308s
2025-12-11 20:41:17.247 65886 INFO tempest.lib.common.rest_client [req-735b9b2f-9d3b-462c-ae19-c721f9ff4eb4 req-735b9b2f-9d3b-462c-ae19-c721f9ff4eb4 ] Request (VolumesAdminNegativeTest:tearDownClass): 200 GET http://10.180.1.21/volume/v3/volumes/5601799a-5fd1-4d18-95d2-d1f9a7c1de13 0.030s
2025-12-11 20:41:17.253 65876 INFO tempest.lib.common.rest_client [req-18ca49f6-b766-4955-8a39-8b71b5694e2b req-18ca49f6-b766-4955-8a39-8b71b5694e2b ] Request (KeyPairsV22TestJSON:_run_cleanups): 204 DELETE http://10.180.1.21/compute/v2.1/os-keypairs/tempest-keypair-1534713194 2.228s
2025-12-11 20:41:17.285 65872 INFO tempest.lib.common.rest_client [req-fbf46689-c44f-49b8-b9d1-1d9d3bcd6a3e req-fbf46689-c44f-49b8-b9d1-1d9d3bcd6a3e ] Request (ListImageFiltersTestJSON:setUpClass): 200 GET http://10.180.1.21/compute/v2.1/images/e281001a-9e66-4939-a482-87bc34706f3e 2.320s
2025-12-11 20:41:17.323 65874 INFO tempest.lib.common.rest_client [req-af5aba65-bad2-4159-8fb0-c35d77ba3b70 req-af5aba65-bad2-4159-8fb0-c35d77ba3b70 ] Request (FlavorsAccessNegativeTestJSON:test_flavor_access_list_with_public_flavor): 200 POST http://10.180.1.21/compute/v2.1/flavors 2.269s
2025-12-11 20:41:17.373 65890 INFO tempest.lib.common.rest_client [req-ec0241d7-a126-447a-89e9-7b7e3c13a23e req-ec0241d7-a126-447a-89e9-7b7e3c13a23e ] Request (AttachInterfacesUnderV243Test:test_add_remove_fixed_ip): 202 POST http://10.180.1.21/compute/v2.1/servers/39cc1fd3-7301-4e7f-93d6-904009cb53dc/action 2.248s
2025-12-11 20:41:17.460 65934 INFO tempest.lib.common.rest_client [req-6e389bb4-a355-405d-b1ef-75e38ee1e335 req-6e389bb4-a355-405d-b1ef-75e38ee1e335 ] Request (AttachVolumeNegativeTest:test_attach_attached_volume_to_different_server): 200 GET http://10.180.1.21/compute/v2.1/servers/ea58a6fc-9763-43e2-a912-a5653f7d9987 2.283s
2025-12-11 20:41:17.718 65880 INFO tempest.lib.common.rest_client [req-27ed61bf-c942-4e8c-9322-ed947565d70f req-27ed61bf-c942-4e8c-9322-ed947565d70f ] Request (ServerDiskConfigTestJSON:test_rebuild_server_with_auto_disk_config): 202 POST http://10.180.1.21/compute/v2.1/servers 2.675s
2025-12-11 20:41:17.862 65908 INFO tempest.lib.common.rest_client [req-b3e68114-974c-47a3-ae69-543965a1318f req-b3e68114-974c-47a3-ae69-543965a1318f ] Request (ServersTestMultiNic:_run_cleanups): 204 DELETE http://10.180.1.21/compute/v2.1/servers/c018e6dd-f0ff-4d38-b503-58e24e30b3f8 1.577s
2025-12-11 20:41:17.896 65898 INFO tempest.lib.common.rest_client [req-d1e7b0fe-d6a8-439b-b64b-5757440df607 req-d1e7b0fe-d6a8-439b-b64b-5757440df607 ] Request (DeleteServersAdminTestJSON:tearDownClass): 404 DELETE http://10.180.1.21/compute/v2.1/servers/e9837e29-5cc3-439f-b63a-df992ff5286a 1.591s
2025-12-11 20:41:18.015 65930 INFO tempest.lib.common.rest_client [req-4e5c3498-f3e6-44cb-93a5-165e458f9dfc req-4e5c3498-f3e6-44cb-93a5-165e458f9dfc ] Request (ServerRescueTestJSONUnderV235:setUpClass): 202 POST http://10.180.1.21/compute/v2.1/servers 1.802s
2025-12-11 20:41:18.141 65892 INFO tempest.lib.common.rest_client [req-b8898763-e2e7-4215-9039-a1e83da71ba4 req-b8898763-e2e7-4215-9039-a1e83da71ba4 ] Request (ServerMetadataTestJSON:test_update_metadata_empty_body): 200 POST http://10.180.1.21/compute/v2.1/servers/374f58e1-d303-43d1-8da2-c48a850f148c/metadata 1.607s
2025-12-11 20:41:18.148 65904 INFO tempest.lib.common.rest_client [req-093735d2-43bd-4387-b893-9642b4b49300 req-093735d2-43bd-4387-b893-9642b4b49300 ] Request (ImagesOneServerNegativeTestJSON:test_create_image_specify_name_over_character_limit): 400 POST http://10.180.1.21/compute/v2.1/servers/a43d8718-ba57-43d8-b715-a7ac7896605c/action 1.379s
2025-12-11 20:41:18.158 65882 INFO tempest.lib.common.rest_client [req-472231ff-7121-449d-bc4b-53f8a4d08fb5 req-472231ff-7121-449d-bc4b-53f8a4d08fb5 ] Request (ImagesOneServerTestJSON:tearDownClass): 200 GET http://10.180.1.21/compute/v2.1/servers/4077549b-fa9c-4eea-af80-9c566e337f35 1.756s
2025-12-11 20:41:18.255 65910 INFO tempest.lib.common.rest_client [req-2bf7162c-616e-41c7-9830-4ce823b17fe1 req-2bf7162c-616e-41c7-9830-4ce823b17fe1 ] Request (DeleteServersTestJSON:test_delete_active_server): 204 DELETE http://10.180.1.21/compute/v2.1/servers/99e581db-b34b-42d8-91b7-263ab29f38ac 1.264s
2025-12-11 20:41:18.276 65886 INFO tempest.lib.common.rest_client [req-29d19ac3-acda-4990-ac02-4231aee68801 req-29d19ac3-acda-4990-ac02-4231aee68801 ] Request (VolumesAdminNegativeTest:tearDownClass): 404 GET http://10.180.1.21/volume/v3/volumes/5601799a-5fd1-4d18-95d2-d1f9a7c1de13 0.020s
2025-12-11 20:41:18.386 65902 INFO tempest.lib.common.rest_client [req-7bcedb7c-fb64-4e81-b4ec-3d7ba5120a44 req-7bcedb7c-fb64-4e81-b4ec-3d7ba5120a44 ] Request (ServersAdminNegativeTestJSON:test_resize_server_using_overlimit_vcpus): 403 POST http://10.180.1.21/compute/v2.1/servers/26292692-7928-49ee-af07-56e059dff16e/action 1.208s
2025-12-11 20:41:18.392 65884 INFO tempest.lib.common.rest_client [req-d7614fa3-e95d-44aa-9626-ac1777368952 req-d7614fa3-e95d-44aa-9626-ac1777368952 ] Request (ServersTestJSON:setUpClass): 200 GET http://10.180.1.21/compute/v2.1/servers/88603b9c-9b0a-406e-a720-5abbaef4233d 1.303s
2025-12-11 20:41:18.406 65884 INFO tempest.lib.common.ssh [-] Creating ssh connection to '10.180.180.193:22' as 'cirros' with public key authentication
2025-12-11 20:41:18.512 65916 INFO tempest.lib.common.rest_client [req-4516afb9-7910-4e86-9e1c-d758b33f25f4 req-4516afb9-7910-4e86-9e1c-d758b33f25f4 ] Request (ListServersNegativeTestJSON:tearDownClass): 204 DELETE http://10.180.1.21/compute/v2.1/servers/7e105572-ab94-44d8-b481-af0146b21daf 1.324s
2025-12-11 20:41:18.834 65906 INFO tempest.lib.common.rest_client [req-1161fb2b-d449-4c91-876a-3b49aa0c3b9e req-1161fb2b-d449-4c91-876a-3b49aa0c3b9e ] Request (FloatingIPsAssociationTestJSON:tearDownClass): 202 DELETE http://10.180.1.21/compute/v2.1/os-floating-ips/9f42e674-6c9a-4d5d-ba14-35d38c88fc12 1.628s
2025-12-11 20:41:19.019 65894 INFO tempest.lib.common.rest_client [req-6b7c2843-5797-470b-8184-f692ccb11f0a req-6b7c2843-5797-470b-8184-f692ccb11f0a ] Request (MigrationsAdminTest:test_resize_server_revert_deleted_flavor): 200 GET http://10.180.1.21/compute/v2.1/servers/f415b6a6-ba98-460c-a1c9-9e5b7a3afe75 1.797s
2025-12-11 20:41:19.033 65896 INFO tempest.lib.common.rest_client [req-9733fdf9-631d-4b01-bba3-484a1f20c7b9 req-9733fdf9-631d-4b01-bba3-484a1f20c7b9 ] Request (ImagesNegativeTestJSON:test_create_image_from_invalid_server): 404 POST http://10.180.1.21/compute/v2.1/servers/tempest-invalid-1558667271/action 1.801s
2025-12-11 20:41:19.122 65928 INFO tempest.lib.common.rest_client [req-b72256d6-5185-4460-9eae-3f3f3d6a127c req-b72256d6-5185-4460-9eae-3f3f3d6a127c ] Request (ServersAdminTestJSON:setUpClass): 202 POST http://10.180.1.21/compute/v2.1/servers 1.918s
2025-12-11 20:41:19.217 65915 INFO tempest.lib.common.rest_client [req-a5acc653-cf50-42af-abc3-8447a6133371 req-a5acc653-cf50-42af-abc3-8447a6133371 ] Request (ServerGroupTestJSON:_run_cleanups): 204 DELETE http://10.180.1.21/compute/v2.1/servers/397f6c23-ea22-4a99-9b8f-8ae75f467a9c 1.985s
2025-12-11 20:41:19.260 65876 INFO tempest.lib.common.rest_client [req-7b46c8b5-c57b-46ae-8023-1810a2cefd27 req-7b46c8b5-c57b-46ae-8023-1810a2cefd27 ] Request (KeyPairsV22TestJSON:test_keypairs_create_list_delete): 201 POST http://10.180.1.21/compute/v2.1/os-keypairs 2.006s
2025-12-11 20:41:19.280 65874 INFO tempest.lib.common.rest_client [req-fea4ead9-b9d2-4f7a-b1b0-099feb435186 req-fea4ead9-b9d2-4f7a-b1b0-099feb435186 ] Request (FlavorsAccessNegativeTestJSON:test_flavor_access_list_with_public_flavor): 404 GET http://10.180.1.21/compute/v2.1/flavors/1542834522/os-flavor-access 1.954s
2025-12-11 20:41:19.312 65900 INFO tempest.lib.common.rest_client [req-8c42edfa-4f3b-42eb-8072-41d5f2b28744 req-8c42edfa-4f3b-42eb-8072-41d5f2b28744 ] Request (VolumesAssistedSnapshotsTest:tearDownClass): 404 GET http://10.180.1.21/compute/v2.1/servers/b7b297d4-296d-423e-a7fb-2a72ca2328ce 1.956s
2025-12-11 20:41:19.355 65890 INFO tempest.lib.common.rest_client [req-66ad7124-be4a-4988-aed3-c7d243b5442a req-66ad7124-be4a-4988-aed3-c7d243b5442a ] Request (AttachInterfacesUnderV243Test:test_add_remove_fixed_ip): 200 GET http://10.180.1.21/compute/v2.1/servers/39cc1fd3-7301-4e7f-93d6-904009cb53dc/ips 1.982s
2025-12-11 20:41:19.437 65920 WARNING tempest.lib.common.ssh [-] Failed to establish authenticated ssh connection to cirros@10.180.180.223 ([Errno None] Unable to connect to port 22 on 10.180.180.223). Number attempts: 3. Retry after 4 seconds.: paramiko.ssh_exception.NoValidConnectionsError: [Errno None] Unable to connect to port 22 on 10.180.180.223
2025-12-11 20:41:19.496 65878 INFO tempest.lib.common.rest_client [req-656b348c-2bcb-4aef-a808-4fd1656a18e2 req-656b348c-2bcb-4aef-a808-4fd1656a18e2 ] Request (InstanceActionsNegativeTestJSON:setUpClass): 200 GET http://10.180.1.21/compute/v2.1/servers/78ae6769-806d-4237-a37a-260ffa377ffd 2.242s
2025-12-11 20:41:19.501 65912 WARNING tempest.lib.common.ssh [-] Failed to establish authenticated ssh connection to cirros@10.180.180.132 ([Errno None] Unable to connect to port 22 on 10.180.180.132). Number attempts: 5. Retry after 6 seconds.: paramiko.ssh_exception.NoValidConnectionsError: [Errno None] Unable to connect to port 22 on 10.180.180.132
2025-12-11 20:41:19.678 65918 INFO tempest.lib.common.rest_client [req-5482e308-a0a2-4d4f-9a46-c6dd3b15e7b0 req-5482e308-a0a2-4d4f-9a46-c6dd3b15e7b0 ] Request (AttachInterfacesTestJSON:test_create_list_show_delete_interfaces_by_fixed_ip): 200 GET http://10.180.1.21/compute/v2.1/servers/2fe516dc-30a1-471b-aea9-8300d5749987 2.015s
2025-12-11 20:41:19.701 65924 INFO tempest.lib.common.rest_client [req-aca4c199-f26f-463f-b70c-b16d85e2b475 req-aca4c199-f26f-463f-b70c-b16d85e2b475 ] Request (ServersNegativeTestJSON:setUpClass): 200 GET http://10.180.1.21/compute/v2.1/servers/215afa2f-83c3-40b2-a71f-0a66b4715aa5 2.060s
2025-12-11 20:41:19.744 65880 INFO tempest.lib.common.rest_client [req-64df57de-eec1-4887-8acb-1f224f4bba4f req-64df57de-eec1-4887-8acb-1f224f4bba4f ] Request (ServerDiskConfigTestJSON:test_rebuild_server_with_auto_disk_config): 200 GET http://10.180.1.21/compute/v2.1/servers/d69acd68-004f-48c5-ae99-945d8a9cd432 2.025s
2025-12-11 20:41:19.770 65898 INFO tempest.lib.common.rest_client [req-c1e8c82b-10f4-4e0a-a922-2e914df46341 req-c1e8c82b-10f4-4e0a-a922-2e914df46341 ] Request (DeleteServersAdminTestJSON:tearDownClass): 404 GET http://10.180.1.21/compute/v2.1/servers/e9837e29-5cc3-439f-b63a-df992ff5286a 1.873s
2025-12-11 20:41:19.862 65930 INFO tempest.lib.common.rest_client [req-7cbdfe1a-ec28-4a2d-9002-acf3480c73c2 req-7cbdfe1a-ec28-4a2d-9002-acf3480c73c2 ] Request (ServerRescueTestJSONUnderV235:setUpClass): 200 GET http://10.180.1.21/compute/v2.1/servers/6389b796-01b8-429b-8d24-bc8a4d89890f 1.845s
2025-12-11 20:41:19.872 65898 INFO tempest.lib.common.rest_client [req-3ffd176c-b7e4-4a47-8e91-8efff476df53 req-3ffd176c-b7e4-4a47-8e91-8efff476df53 ] Request (DeleteServersAdminTestJSON:tearDownClass): 204 DELETE http://10.180.1.21/identity/v3/users/10e9b11192cd4c7a8c92abc5d1df2c3e 0.100s
2025-12-11 20:41:19.886 65926 WARNING tempest.lib.common.ssh [-] Failed to establish authenticated ssh connection to cirros@10.180.180.130 ([Errno None] Unable to connect to port 22 on 10.180.180.130). Number attempts: 8. Retry after 9 seconds.: paramiko.ssh_exception.NoValidConnectionsError: [Errno None] Unable to connect to port 22 on 10.180.180.130
2025-12-11 20:41:19.906 65908 INFO tempest.lib.common.rest_client [req-75d39fa1-ba73-4382-b70a-26fda5ea6db1 req-75d39fa1-ba73-4382-b70a-26fda5ea6db1 ] Request (ServersTestMultiNic:_run_cleanups): 200 GET http://10.180.1.21/compute/v2.1/servers/c018e6dd-f0ff-4d38-b503-58e24e30b3f8 2.043s
2025-12-11 20:41:19.925 65892 INFO tempest.lib.common.rest_client [req-bb55183e-9bfc-401f-bb1b-3b24cb1225d0 req-bb55183e-9bfc-401f-bb1b-3b24cb1225d0 ] Request (ServerMetadataTestJSON:test_update_metadata_empty_body): 200 GET http://10.180.1.21/compute/v2.1/servers/374f58e1-d303-43d1-8da2-c48a850f148c/metadata 1.782s
2025-12-11 20:41:20.038 65898 INFO tempest.lib.common.rest_client [req-7e1ebe3b-bd1b-4bf2-bdfe-1f1e3280d8e5 req-7e1ebe3b-bd1b-4bf2-bdfe-1f1e3280d8e5 ] Request (DeleteServersAdminTestJSON:tearDownClass): 204 DELETE http://10.180.1.21/identity/v3/users/f3ea37aac21442dfacd4aa56803f8b55 0.165s
2025-12-11 20:41:20.038 65898 INFO tempest.lib.common.dynamic_creds [-] Deleting project and security group for project: db4db3fdba7d410bb100f1c111cddad5
2025-12-11 20:41:20.116 65910 INFO tempest.lib.common.rest_client [req-f4fee1e8-920b-4d95-979b-e738d567d7ed req-f4fee1e8-920b-4d95-979b-e738d567d7ed ] Request (DeleteServersTestJSON:test_delete_active_server): 200 GET http://10.180.1.21/compute/v2.1/servers/99e581db-b34b-42d8-91b7-263ab29f38ac 1.860s
2025-12-11 20:41:20.117 65904 INFO tempest.lib.common.rest_client [req-432f13c6-6d91-44dd-9ada-2d9b1396e180 req-432f13c6-6d91-44dd-9ada-2d9b1396e180 ] Request (ImagesOneServerNegativeTestJSON:tearDown): 200 GET http://10.180.1.21/compute/v2.1/servers/a43d8718-ba57-43d8-b715-a7ac7896605c 1.968s
2025-12-11 20:41:20.136 65898 INFO tempest.lib.common.rest_client [req-ce953dd3-d20d-4c97-94c0-b1e195f4ab41 req-ce953dd3-d20d-4c97-94c0-b1e195f4ab41 ] Request (DeleteServersAdminTestJSON:tearDownClass): 201 POST http://10.180.1.21/identity/v3/auth/tokens 0.098s
2025-12-11 20:41:20.176 65872 INFO tempest.lib.common.rest_client [req-632509a9-91d9-4501-86a8-0192ecbdbccf req-632509a9-91d9-4501-86a8-0192ecbdbccf ] Request (ListImageFiltersTestJSON:setUpClass): 200 GET http://10.180.1.21/compute/v2.1/images/e281001a-9e66-4939-a482-87bc34706f3e 1.885s
2025-12-11 20:41:20.212 65902 INFO tempest.lib.common.rest_client [req-6fdf2b39-c0b2-464d-8475-1e2b0ac63bc9 req-6fdf2b39-c0b2-464d-8475-1e2b0ac63bc9 ] Request (ServersAdminNegativeTestJSON:_run_cleanups): 202 DELETE http://10.180.1.21/compute/v2.1/flavors/1223359222 1.825s
2025-12-11 20:41:20.263 65898 INFO tempest.lib.common.rest_client [req-6b6f9c2f-cb32-4ed5-8889-565ee142b22c req-6b6f9c2f-cb32-4ed5-8889-565ee142b22c ] Request (DeleteServersAdminTestJSON:tearDownClass): 200 GET http://10.180.1.21/networking/v2.0/security-groups?tenant_id=db4db3fdba7d410bb100f1c111cddad5&name=default 0.126s
2025-12-11 20:41:20.277 65886 INFO tempest.lib.common.rest_client [req-b8d61704-d5b5-4730-b03d-8d7445046af4 req-b8d61704-d5b5-4730-b03d-8d7445046af4 ] Request (VolumesAdminNegativeTest:tearDownClass): 204 DELETE http://10.180.1.21/compute/v2.1/servers/2e3bd660-ba1c-4cf2-9080-afe573302e99 1.999s
2025-12-11 20:41:20.300 65934 INFO tempest.lib.common.rest_client [req-431357f4-e50b-48dc-9878-7b3414712864 req-431357f4-e50b-48dc-9878-7b3414712864 ] Request (AttachVolumeNegativeTest:test_attach_attached_volume_to_different_server): 200 GET http://10.180.1.21/compute/v2.1/servers/ea58a6fc-9763-43e2-a912-a5653f7d9987 1.829s
