2025-12-11 20:39:27.291 65924 INFO tempest.lib.common.dynamic_creds [-] Acquired dynamic creds: credentials: Credentials: {'domain_id': 'default', 'domain_name': 'Default', 'username': 'tempest-ServersAaction247Test-1230992202-project-member', 'project_domain_id': 'default', 'project_domain_name': 'Default', 'project_id': '549aaf0bdf064e49a5752bc831093967', 'project_name': 'tempest-ServersAaction247Test-1230992202', 'tenant_id': '549aaf0bdf064e49a5752bc831093967', 'tenant_name': 'tempest-ServersAaction247Test-1230992202', 'user_domain_id': 'default', 'user_domain_name': 'Default', 'user_id': '4c32010387de4e65b3efc4dfbfd7dbd5', 'system': None}, Network: None, Subnet: None, Router: None
2025-12-11 20:39:27.292 65924 INFO tempest.lib.common.dynamic_creds [-] Created isolated network resources for: credentials: Credentials: {'domain_id': 'default', 'domain_name': 'Default', 'username': 'tempest-ServersAaction247Test-1230992202-project-member', 'project_domain_id': 'default', 'project_domain_name': 'Default', 'project_id': '549aaf0bdf064e49a5752bc831093967', 'project_name': 'tempest-ServersAaction247Test-1230992202', 'tenant_id': '549aaf0bdf064e49a5752bc831093967', 'tenant_name': 'tempest-ServersAaction247Test-1230992202', 'user_domain_id': 'default', 'user_domain_name': 'Default', 'user_id': '4c32010387de4e65b3efc4dfbfd7dbd5', 'system': None}, Network: None, Subnet: None, Router: None
2025-12-11 20:39:27.315 65882 INFO tempest.lib.common.rest_client [req-ac98c9ad-6bef-4866-81c2-5871fe79d243 req-ac98c9ad-6bef-4866-81c2-5871fe79d243 ] Request (ImagesOneServerTestJSON:setUpClass): 200 GET http://10.180.1.21/compute/v2.1/servers/4077549b-fa9c-4eea-af80-9c566e337f35 5.687s
2025-12-11 20:39:27.347 65896 INFO tempest.lib.common.rest_client [req-b5cd0271-5e34-478b-a557-21daf8663b5a req-b5cd0271-5e34-478b-a557-21daf8663b5a ] Request (ImagesMetadataTestJSON:test_list_image_metadata): 200 GET http://10.180.1.21/compute/v2.1/images/74c318c7-332e-400f-a7b5-2aa61d0b7ec1/metadata 5.707s
2025-12-11 20:39:27.365 65924 INFO tempest.lib.common.rest_client [req-13d8a702-f77e-4220-9f93-7f213ffd6c06 req-13d8a702-f77e-4220-9f93-7f213ffd6c06 ] Request (ServersAaction247Test:setUpClass): 201 POST http://10.180.1.21/identity/v3/auth/tokens 0.069s
2025-12-11 20:39:27.375 65928 INFO tempest.lib.common.rest_client [req-b3e275e8-3cfa-4e6b-a575-d25dcf055933 req-b3e275e8-3cfa-4e6b-a575-d25dcf055933 ] Request (ServersAdmin275Test:setUpClass): 201 POST http://10.180.1.21/identity/v3/users 0.095s
2025-12-11 20:39:27.378 65892 INFO tempest.lib.common.rest_client [req-fcc58004-521d-4677-b5c3-52ce9805d4b0 req-fcc58004-521d-4677-b5c3-52ce9805d4b0 ] Request (ServerGroup264TestJSON:_run_cleanups): 204 DELETE http://10.180.1.21/compute/v2.1/os-server-groups/f6029c73-4b96-4048-83ce-67713280731a 5.712s
2025-12-11 20:39:27.387 65922 INFO tempest.lib.common.rest_client [req-37bcd159-c4ae-45e2-bfaa-093b009e52f5 req-37bcd159-c4ae-45e2-bfaa-093b009e52f5 ] Request (HypervisorAdminNegativeTestJSON:test_show_nonexistent_hypervisor): 404 GET http://10.180.1.21/compute/v2.1/os-hypervisors/e42f5268-0162-47c8-ba07-898ed37892f4 5.710s
2025-12-11 20:39:27.398 65920 INFO tempest.lib.common.rest_client [req-691bcf82-16dc-41fc-8eae-539eabf1e3ff req-691bcf82-16dc-41fc-8eae-539eabf1e3ff ] Request (HostsAdminNegativeTestJSON:test_shutdown_host_with_non_admin_user): 403 GET http://10.180.1.21/compute/v2.1/os-hosts/devstack/shutdown 5.710s
2025-12-11 20:39:27.400 65928 INFO tempest.lib.common.rest_client [req-7aa13bf6-a6b9-4c5b-81fe-990acca2a8ff req-7aa13bf6-a6b9-4c5b-81fe-990acca2a8ff ] Request (ServersAdmin275Test:setUpClass): 200 GET http://10.180.1.21/identity/v3/roles 0.024s
2025-12-11 20:39:27.403 65924 INFO tempest.lib.common.rest_client [req-413640e2-d455-48f5-9937-7374eea858f2 req-413640e2-d455-48f5-9937-7374eea858f2 ] Request (ServersAaction247Test:test_create_backup): 201 POST http://10.180.1.21/identity/v3/auth/tokens 0.034s
2025-12-11 20:39:27.403 65924 INFO tempest.lib.common.fixed_network [-] (ServersAaction247Test:test_create_backup) Found network None available for tenant
2025-12-11 20:39:27.428 65928 INFO tempest.lib.common.rest_client [req-fb107451-123a-4605-b534-e1f72c107181 req-fb107451-123a-4605-b534-e1f72c107181 ] Request (ServersAdmin275Test:setUpClass): 204 PUT http://10.180.1.21/identity/v3/projects/f67bf0217ae24882b485905490a97858/users/50928d307c7849d9bc931bd757ce13dd/roles/8a8e8bfb7d494545b216e293034bd54b 0.027s
2025-12-11 20:39:27.433 65888 INFO tempest.lib.common.rest_client [req-592b7deb-e88a-432b-9712-6441c7cefe38 req-592b7deb-e88a-432b-9712-6441c7cefe38 ] Request (ValidationResourcesFixture:setUp): 200 POST http://10.180.1.21/compute/v2.1/os-keypairs 5.712s
2025-12-11 20:39:27.471 65922 INFO tempest.lib.common.rest_client [req-dda48d2a-0b99-4d9a-8941-b5fa1caab211 req-dda48d2a-0b99-4d9a-8941-b5fa1caab211 ] Request (HypervisorAdminNegativeTestJSON:tearDownClass): 204 DELETE http://10.180.1.21/identity/v3/users/70f24f58be244bea93131f3238eab391 0.081s
2025-12-11 20:39:27.509 65928 INFO tempest.lib.common.rest_client [req-d5b2ebe0-6047-4273-89c5-f158bd450d24 req-d5b2ebe0-6047-4273-89c5-f158bd450d24 ] Request (ServersAdmin275Test:setUpClass): 200 GET http://10.180.1.21/identity/v3/roles 0.081s
2025-12-11 20:39:27.574 65928 INFO tempest.lib.common.rest_client [req-93ec6ccf-cc64-4434-b8d9-48c9249db84e req-93ec6ccf-cc64-4434-b8d9-48c9249db84e ] Request (ServersAdmin275Test:setUpClass): 204 PUT http://10.180.1.21/identity/v3/projects/f67bf0217ae24882b485905490a97858/users/50928d307c7849d9bc931bd757ce13dd/roles/8a8e8bfb7d494545b216e293034bd54b 0.064s
2025-12-11 20:39:27.575 65928 INFO tempest.lib.common.dynamic_creds [-] Dynamic test user 50928d307c7849d9bc931bd757ce13dd is created with scope project and roles: ['admin']
2025-12-11 20:39:27.575 65928 INFO tempest.lib.common.dynamic_creds [-] Acquired dynamic creds: credentials: Credentials: {'domain_id': 'default', 'domain_name': 'Default', 'username': 'tempest-ServersAdmin275Test-1556062096-project-admin', 'project_domain_id': 'default', 'project_domain_name': 'Default', 'project_id': 'f67bf0217ae24882b485905490a97858', 'project_name': 'tempest-ServersAdmin275Test-1556062096', 'tenant_id': 'f67bf0217ae24882b485905490a97858', 'tenant_name': 'tempest-ServersAdmin275Test-1556062096', 'user_domain_id': 'default', 'user_domain_name': 'Default', 'user_id': '50928d307c7849d9bc931bd757ce13dd', 'system': None}, Network: None, Subnet: None, Router: None
2025-12-11 20:39:27.575 65928 INFO tempest.lib.common.dynamic_creds [-] Created isolated network resources for: credentials: Credentials: {'domain_id': 'default', 'domain_name': 'Default', 'username': 'tempest-ServersAdmin275Test-1556062096-project-admin', 'project_domain_id': 'default', 'project_domain_name': 'Default', 'project_id': 'f67bf0217ae24882b485905490a97858', 'project_name': 'tempest-ServersAdmin275Test-1556062096', 'tenant_id': 'f67bf0217ae24882b485905490a97858', 'tenant_name': 'tempest-ServersAdmin275Test-1556062096', 'user_domain_id': 'default', 'user_domain_name': 'Default', 'user_id': '50928d307c7849d9bc931bd757ce13dd', 'system': None}, Network: None, Subnet: None, Router: None
2025-12-11 20:39:27.592 65926 INFO tempest.lib.common.rest_client [req-a4e3ef36-9d9d-455c-a738-5c714c9088d4 req-a4e3ef36-9d9d-455c-a738-5c714c9088d4 ] Request (ServersV294TestFqdnHostnames:setUpClass): 201 POST http://10.180.1.21/compute/v2.1/os-keypairs 5.167s
2025-12-11 20:39:27.620 65922 INFO tempest.lib.common.rest_client [req-933beba3-9e22-439d-bf81-a8c74217fa6b req-933beba3-9e22-439d-bf81-a8c74217fa6b ] Request (HypervisorAdminNegativeTestJSON:tearDownClass): 204 DELETE http://10.180.1.21/identity/v3/users/c9b809e3ae794278b9663c91e3fcf6a2 0.148s
2025-12-11 20:39:27.620 65922 INFO tempest.lib.common.dynamic_creds [-] Deleting project and security group for project: e3142f50f3de4e30b6b3b53e6bb30a52
2025-12-11 20:39:27.668 65928 INFO tempest.lib.common.rest_client [req-190cea51-6f3a-4868-b74c-91ab3dd530c9 req-190cea51-6f3a-4868-b74c-91ab3dd530c9 ] Request (ServersAdmin275Test:setUpClass): 201 POST http://10.180.1.21/identity/v3/auth/tokens 0.091s
2025-12-11 20:39:27.678 65922 INFO tempest.lib.common.rest_client [req-17193bb9-1677-473b-8ec8-d01832b499a5 req-17193bb9-1677-473b-8ec8-d01832b499a5 ] Request (HypervisorAdminNegativeTestJSON:tearDownClass): 201 POST http://10.180.1.21/identity/v3/auth/tokens 0.058s
2025-12-11 20:39:27.728 65928 INFO tempest.lib.common.rest_client [req-9d64e493-9264-4efc-ac83-f465880a90fc req-9d64e493-9264-4efc-ac83-f465880a90fc ] Request (ServersAdmin275Test:test_rebuild_update_server_275): 201 POST http://10.180.1.21/identity/v3/auth/tokens 0.055s
2025-12-11 20:39:27.729 65928 INFO tempest.lib.common.fixed_network [-] (ServersAdmin275Test:test_rebuild_update_server_275) Found network None available for tenant
2025-12-11 20:39:27.910 65886 INFO tempest.lib.common.rest_client [req-68457257-4151-44c3-a7a9-7605ce488d1f req-68457257-4151-44c3-a7a9-7605ce488d1f ] Request (ServerDiagnosticsNegativeTest:test_get_server_diagnostics_by_non_admin): 202 POST http://10.180.1.21/compute/v2.1/servers 8.259s
2025-12-11 20:39:28.150 65888 INFO tempest.lib.common.rest_client [req-32eca456-9c7c-493b-8554-6f2608bb84b3 req-32eca456-9c7c-493b-8554-6f2608bb84b3 ] Request (ValidationResourcesFixture:setUp): 201 POST http://10.180.1.21/networking/v2.0/security-groups 0.714s
2025-12-11 20:39:28.243 65926 INFO tempest.lib.common.rest_client [req-81bdfb56-fcae-43ed-9573-40c40596daab req-81bdfb56-fcae-43ed-9573-40c40596daab ] Request (ServersV294TestFqdnHostnames:setUpClass): 201 POST http://10.180.1.21/networking/v2.0/security-groups 0.649s
2025-12-11 20:39:28.471 65922 INFO tempest.lib.common.rest_client [req-22159565-6156-44cc-9a35-474786903138 req-22159565-6156-44cc-9a35-474786903138 ] Request (HypervisorAdminNegativeTestJSON:tearDownClass): 200 GET http://10.180.1.21/networking/v2.0/security-groups?tenant_id=e3142f50f3de4e30b6b3b53e6bb30a52&name=default 0.792s
2025-12-11 20:39:28.704 65888 INFO tempest.lib.common.rest_client [req-577d2d1a-35d2-4628-a553-6713ccbcdf72 req-577d2d1a-35d2-4628-a553-6713ccbcdf72 ] Request (ValidationResourcesFixture:setUp): 201 POST http://10.180.1.21/networking/v2.0/security-group-rules 0.554s
2025-12-11 20:39:28.820 65926 INFO tempest.lib.common.rest_client [req-22e016ad-2bb4-446a-a2ea-ad8f5a2f0493 req-22e016ad-2bb4-446a-a2ea-ad8f5a2f0493 ] Request (ServersV294TestFqdnHostnames:setUpClass): 201 POST http://10.180.1.21/networking/v2.0/security-group-rules 0.576s
2025-12-11 20:39:28.860 65894 INFO tempest.lib.common.rest_client [req-3f045505-bc99-46d2-81f4-3593756a0bbc req-3f045505-bc99-46d2-81f4-3593756a0bbc ] Request (MigrationsAdminTest:test_list_migrations_in_flavor_resize_situation): 200 GET http://10.180.1.21/compute/v2.1/servers/1f1b1e4f-2411-4208-95a5-738c9a20304d 6.380s
2025-12-11 20:39:28.868 65894 INFO tempest.common.waiters [-] State transition "BUILD/spawning" ==> "ACTIVE/None" after 31 second wait
2025-12-11 20:39:29.130 65922 INFO tempest.lib.common.rest_client [req-a817604f-6ede-4abf-a423-9e694cd2c870 req-a817604f-6ede-4abf-a423-9e694cd2c870 ] Request (HypervisorAdminNegativeTestJSON:tearDownClass): 204 DELETE http://10.180.1.21/networking/v2.0/security-groups/66308658-a2d2-4a36-8a03-55707f42ebd6 0.658s
2025-12-11 20:39:29.267 65922 INFO tempest.lib.common.rest_client [req-ca8bba3b-c01d-4eff-8e09-1f043c759bc6 req-ca8bba3b-c01d-4eff-8e09-1f043c759bc6 ] Request (HypervisorAdminNegativeTestJSON:tearDownClass): 204 DELETE http://10.180.1.21/identity/v3/projects/e3142f50f3de4e30b6b3b53e6bb30a52 0.136s
2025-12-11 20:39:29.270 65922 INFO tempest.lib.common.dynamic_creds [-] Deleting project and security group for project: 183d86850b39447885b39c28362701a1
2025-12-11 20:39:29.618 65888 INFO tempest.lib.common.rest_client [req-fa490ec3-0887-4d8a-8cb4-7b8724564c16 req-fa490ec3-0887-4d8a-8cb4-7b8724564c16 ] Request (ValidationResourcesFixture:setUp): 201 POST http://10.180.1.21/networking/v2.0/security-group-rules 0.913s
2025-12-11 20:39:29.814 65926 INFO tempest.lib.common.rest_client [req-f506df79-280f-42bc-9055-e94896c93fb7 req-f506df79-280f-42bc-9055-e94896c93fb7 ] Request (ServersV294TestFqdnHostnames:setUpClass): 201 POST http://10.180.1.21/networking/v2.0/security-group-rules 0.994s
2025-12-11 20:39:29.991 65922 INFO tempest.lib.common.rest_client [req-45674afd-0f38-4ca2-85e2-e81e9bf98f78 req-45674afd-0f38-4ca2-85e2-e81e9bf98f78 ] Request (HypervisorAdminNegativeTestJSON:tearDownClass): 200 GET http://10.180.1.21/networking/v2.0/security-groups?tenant_id=183d86850b39447885b39c28362701a1&name=default 0.721s
2025-12-11 20:39:30.905 65888 INFO tempest.lib.common.rest_client [req-4617575a-bf53-4994-b0b1-684551bc7ef3 req-4617575a-bf53-4994-b0b1-684551bc7ef3 ] Request (ValidationResourcesFixture:setUp): 201 POST http://10.180.1.21/networking/v2.0/floatingips 1.287s
2025-12-11 20:39:30.977 65888 INFO tempest.lib.common.rest_client [req-1c4c0153-426c-4e26-9c26-2a448bebc7a0 req-1c4c0153-426c-4e26-9c26-2a448bebc7a0 ] Request (ServersWithSpecificFlavorTestJSON:test_verify_created_server_ephemeral_disk): 201 POST http://10.180.1.21/identity/v3/auth/tokens 0.066s
2025-12-11 20:39:30.977 65888 INFO tempest.lib.common.fixed_network [-] (ServersWithSpecificFlavorTestJSON:test_verify_created_server_ephemeral_disk) Found network {'id': 'c34e1024-cc0c-4e2b-a1d1-d62f7c06f8ba', 'name': 'tempest-ServersWithSpecificFlavorTestJSON-2098179320-network', 'tenant_id': '9c7a51265b354c2a97d56fdb8f515490', 'project_id': '9c7a51265b354c2a97d56fdb8f515490', 'admin_state_up': True, 'mtu': 8950, 'status': 'ACTIVE', 'subnets': [], 'shared': False, 'port_security_enabled': True, 'router:external': False, 'provider:network_type': 'vlan', 'provider:physical_network': 'default', 'provider:segmentation_id': 145, 'availability_zone_hints': [], 'availability_zones': [], 'ipv4_address_scope': None, 'ipv6_address_scope': None, 'description': '', 'tags': [], 'created_at': '2025-12-11T20:38:41Z', 'updated_at': '2025-12-11T20:38:41Z', 'revision_number': 1} available for tenant
2025-12-11 20:39:31.560 65912 INFO tempest.lib.common.rest_client [req-a5dbd2af-519c-4f59-8074-53541de96f4a req-a5dbd2af-519c-4f59-8074-53541de96f4a ] Request (SecurityGroupsTestAdminJSON:_run_cleanups): 202 DELETE http://10.180.1.21/compute/v2.1/os-security-groups/e43a2e88-6e41-4aba-b4dd-8e533acb7a39 8.498s
2025-12-11 20:39:31.576 65926 INFO tempest.lib.common.rest_client [req-f5b138b1-0915-4b75-8b4a-27bfeedb70d8 req-f5b138b1-0915-4b75-8b4a-27bfeedb70d8 ] Request (ServersV294TestFqdnHostnames:setUpClass): 201 POST http://10.180.1.21/networking/v2.0/floatingips 1.761s
2025-12-11 20:39:31.592 65874 INFO tempest.lib.common.rest_client [req-bd44f973-3e62-4e33-a0bf-e6f4f09bf86a req-bd44f973-3e62-4e33-a0bf-e6f4f09bf86a ] Request (AggregatesAdminNegativeTestJSON:test_aggregate_add_non_exist_host): 200 POST http://10.180.1.21/compute/v2.1/os-aggregates 8.485s
2025-12-11 20:39:31.646 65926 INFO tempest.lib.common.rest_client [req-6b6015d3-7517-41c8-9884-853f72020d98 req-6b6015d3-7517-41c8-9884-853f72020d98 ] Request (ServersV294TestFqdnHostnames:setUpClass): 201 POST http://10.180.1.21/identity/v3/auth/tokens 0.063s
2025-12-11 20:39:31.648 65926 INFO tempest.lib.common.fixed_network [-] (ServersV294TestFqdnHostnames:setUpClass) Found network {'id': 'f5cea518-8e1e-486e-9806-7e9765f5476f', 'name': 'tempest-ServersV294TestFqdnHostnames-1670487331-network', 'tenant_id': '001bfa98ebfa4316bf269b60021bc6f7', 'project_id': '001bfa98ebfa4316bf269b60021bc6f7', 'admin_state_up': True, 'mtu': 8950, 'status': 'ACTIVE', 'subnets': [], 'shared': False, 'port_security_enabled': True, 'router:external': False, 'provider:network_type': 'vlan', 'provider:physical_network': 'default', 'provider:segmentation_id': 572, 'availability_zone_hints': [], 'availability_zones': [], 'ipv4_address_scope': None, 'ipv6_address_scope': None, 'description': '', 'tags': [], 'created_at': '2025-12-11T20:39:19Z', 'updated_at': '2025-12-11T20:39:19Z', 'revision_number': 1} available for tenant
2025-12-11 20:39:31.655 65922 INFO tempest.lib.common.rest_client [req-7ce9afbe-0399-44ff-9631-a6fe57f2551f req-7ce9afbe-0399-44ff-9631-a6fe57f2551f ] Request (HypervisorAdminNegativeTestJSON:tearDownClass): 204 DELETE http://10.180.1.21/networking/v2.0/security-groups/35c11021-2537-478b-bfab-525bae349105 1.663s
2025-12-11 20:39:31.782 65922 INFO tempest.lib.common.rest_client [req-318f722a-08d0-4ed7-80e6-14716a2f8e48 req-318f722a-08d0-4ed7-80e6-14716a2f8e48 ] Request (HypervisorAdminNegativeTestJSON:tearDownClass): 204 DELETE http://10.180.1.21/identity/v3/projects/183d86850b39447885b39c28362701a1 0.127s
2025-12-11 20:39:31.858 65922 INFO tempest.lib.common.rest_client [req-f3ca25fd-179a-49f3-ae88-28a099e402b7 req-f3ca25fd-179a-49f3-ae88-28a099e402b7 ] Request (ServerShowV263Test:setUpClass): 201 POST http://10.180.1.21/identity/v3/auth/tokens 0.074s
2025-12-11 20:39:31.897 65922 INFO tempest.lib.common.rest_client [req-1fb592f2-ba16-4e33-8aa6-5246b1c38be5 req-1fb592f2-ba16-4e33-8aa6-5246b1c38be5 ] Request (ServerShowV263Test:setUpClass): 201 POST http://10.180.1.21/identity/v3/auth/tokens 0.035s
2025-12-11 20:39:31.902 65890 INFO tempest.lib.common.rest_client [req-0fc2307e-1f15-42a4-8663-362c30880cfa req-0fc2307e-1f15-42a4-8663-362c30880cfa ] Request (AttachInterfacesUnderV243Test:test_add_remove_fixed_ip): 200 GET http://10.180.1.21/compute/v2.1/servers/39cc1fd3-7301-4e7f-93d6-904009cb53dc 8.278s
2025-12-11 20:39:31.914 65890 INFO tempest.common.waiters [-] State transition "BUILD/None" ==> "BUILD/spawning" after 9 second wait
2025-12-11 20:39:31.929 65922 INFO tempest.lib.common.rest_client [req-ea3c522a-64be-4765-8404-7dd0dde5b99d req-ea3c522a-64be-4765-8404-7dd0dde5b99d ] Request (ServerShowV263Test:setUpClass): 200 GET http://10.180.1.21/identity/v3/domains?name=Default 0.031s
2025-12-11 20:39:31.969 65916 INFO tempest.lib.common.rest_client [req-9d3995cd-368f-4747-8910-3c78101993c0 req-9d3995cd-368f-4747-8910-3c78101993c0 ] Request (ListServersNegativeTestJSON:setUpClass): 202 POST http://10.180.1.21/compute/v2.1/servers 9.330s
2025-12-11 20:39:31.973 65922 INFO tempest.lib.common.rest_client [req-4e4ab489-37a1-407b-a4d3-c6e5508abfa9 req-4e4ab489-37a1-407b-a4d3-c6e5508abfa9 ] Request (ServerShowV263Test:setUpClass): 201 POST http://10.180.1.21/identity/v3/projects 0.044s
2025-12-11 20:39:32.059 65922 INFO tempest.lib.common.rest_client [req-9c3e0901-a4cb-4cb3-a285-da9cdf9b3e22 req-9c3e0901-a4cb-4cb3-a285-da9cdf9b3e22 ] Request (ServerShowV263Test:setUpClass): 201 POST http://10.180.1.21/identity/v3/users 0.084s
2025-12-11 20:39:32.083 65922 INFO tempest.lib.common.rest_client [req-11414ff4-3ec3-425b-850b-3b8637ecb245 req-11414ff4-3ec3-425b-850b-3b8637ecb245 ] Request (ServerShowV263Test:setUpClass): 200 GET http://10.180.1.21/identity/v3/roles 0.024s
2025-12-11 20:39:32.113 65922 INFO tempest.lib.common.rest_client [req-8f7d1e27-1a8c-4a84-8b76-5dcca378c4a3 req-8f7d1e27-1a8c-4a84-8b76-5dcca378c4a3 ] Request (ServerShowV263Test:setUpClass): 204 PUT http://10.180.1.21/identity/v3/projects/f96f14309c6b42aebcc02fbe677d0195/users/84fa8afb284f46ee967a7e8fcf94a47c/roles/4f2c56d18e404064b296807da5332c1b 0.029s
2025-12-11 20:39:32.115 65922 INFO tempest.lib.common.dynamic_creds [-] Dynamic test user 84fa8afb284f46ee967a7e8fcf94a47c is created with scope project and roles: ['member']
2025-12-11 20:39:32.115 65922 INFO tempest.lib.common.dynamic_creds [-] Acquired dynamic creds: credentials: Credentials: {'domain_id': 'default', 'domain_name': 'Default', 'username': 'tempest-ServerShowV263Test-252112051-project-member', 'project_domain_id': 'default', 'project_domain_name': 'Default', 'project_id': 'f96f14309c6b42aebcc02fbe677d0195', 'project_name': 'tempest-ServerShowV263Test-252112051', 'tenant_id': 'f96f14309c6b42aebcc02fbe677d0195', 'tenant_name': 'tempest-ServerShowV263Test-252112051', 'user_domain_id': 'default', 'user_domain_name': 'Default', 'user_id': '84fa8afb284f46ee967a7e8fcf94a47c', 'system': None}, Network: None, Subnet: None, Router: None
2025-12-11 20:39:32.115 65922 INFO tempest.lib.common.dynamic_creds [-] Created isolated network resources for: credentials: Credentials: {'domain_id': 'default', 'domain_name': 'Default', 'username': 'tempest-ServerShowV263Test-252112051-project-member', 'project_domain_id': 'default', 'project_domain_name': 'Default', 'project_id': 'f96f14309c6b42aebcc02fbe677d0195', 'project_name': 'tempest-ServerShowV263Test-252112051', 'tenant_id': 'f96f14309c6b42aebcc02fbe677d0195', 'tenant_name': 'tempest-ServerShowV263Test-252112051', 'user_domain_id': 'default', 'user_domain_name': 'Default', 'user_id': '84fa8afb284f46ee967a7e8fcf94a47c', 'system': None}, Network: None, Subnet: None, Router: None
2025-12-11 20:39:32.119 65906 INFO tempest.lib.common.rest_client [req-a16266f3-87dd-456a-b609-69da80774e9c req-a16266f3-87dd-456a-b609-69da80774e9c ] Request (FloatingIPsAssociationTestJSON:setUpClass): 200 GET http://10.180.1.21/compute/v2.1/servers/68ad8327-7f2b-450b-a272-c09cd628b0e2 8.322s
2025-12-11 20:39:32.202 65922 INFO tempest.lib.common.rest_client [req-5ffcdccd-2d91-4e84-bf5a-a60673dbae1a req-5ffcdccd-2d91-4e84-bf5a-a60673dbae1a ] Request (ServerShowV263Test:setUpClass): 201 POST http://10.180.1.21/identity/v3/auth/tokens 0.078s
2025-12-11 20:39:32.260 65904 INFO tempest.lib.common.rest_client [req-9249a7cc-9020-41f3-847a-87d0da8505e9 req-9249a7cc-9020-41f3-847a-87d0da8505e9 ] Request (QuotasAdminTestJSON:test_delete_quota): 200 GET http://10.180.1.21/compute/v2.1/os-quota-sets/2229a903dcaf4630ab93a51a23aa5c00 8.046s
2025-12-11 20:39:32.269 65922 INFO tempest.lib.common.rest_client [req-32b655ae-baf8-4855-a74e-8980c962dd80 req-32b655ae-baf8-4855-a74e-8980c962dd80 ] Request (ServerShowV263Test:setUpClass): 200 GET http://10.180.1.21/identity/v3/projects/f96f14309c6b42aebcc02fbe677d0195 0.067s
2025-12-11 20:39:32.270 65922 INFO tempest.lib.common.dynamic_creds [-] Using the existing project f96f14309c6b42aebcc02fbe677d0195 for scope project and roles: ['reader']
2025-12-11 20:39:32.285 65930 INFO tempest.lib.common.rest_client [req-f5c01dad-c58d-48b0-9c68-8d58009a9edf req-f5c01dad-c58d-48b0-9c68-8d58009a9edf ] Request (ServerMetadataNegativeTestJSON:setUpClass): 200 GET http://10.180.1.21/compute/v2.1/servers/dc11dd7e-8e1a-4f2b-8d68-18d1acf49b74 7.765s
2025-12-11 20:39:32.295 65930 INFO tempest.common.waiters [-] State transition "BUILD/networking" ==> "BUILD/spawning" after 15 second wait
2025-12-11 20:39:32.301 65922 INFO tempest.lib.common.rest_client [req-79480f89-719f-4377-8017-51ff89612dfa req-79480f89-719f-4377-8017-51ff89612dfa ] Request (ServerShowV263Test:setUpClass): 201 POST http://10.180.1.21/identity/v3/users 0.031s
2025-12-11 20:39:32.326 65922 INFO tempest.lib.common.rest_client [req-14a7a133-599d-4e2f-8372-f39ee090cffb req-14a7a133-599d-4e2f-8372-f39ee090cffb ] Request (ServerShowV263Test:setUpClass): 200 GET http://10.180.1.21/identity/v3/roles 0.023s
2025-12-11 20:39:32.356 65922 INFO tempest.lib.common.rest_client [req-4f47f7f3-ab2b-46d5-bafc-9436f3836289 req-4f47f7f3-ab2b-46d5-bafc-9436f3836289 ] Request (ServerShowV263Test:setUpClass): 204 PUT http://10.180.1.21/identity/v3/projects/f96f14309c6b42aebcc02fbe677d0195/users/cd234683fdb948c69c440d58b4461980/roles/75a6919542924d76bb3a96d335c46f71 0.030s
2025-12-11 20:39:32.357 65922 INFO tempest.lib.common.dynamic_creds [-] Dynamic test user cd234683fdb948c69c440d58b4461980 is created with scope project and roles: ['reader']
2025-12-11 20:39:32.357 65922 INFO tempest.lib.common.dynamic_creds [-] Acquired dynamic creds: credentials: Credentials: {'domain_id': 'default', 'domain_name': 'Default', 'username': 'tempest-ServerShowV263Test-252112051-project-reader', 'project_domain_id': 'default', 'project_domain_name': 'Default', 'project_id': 'f96f14309c6b42aebcc02fbe677d0195', 'project_name': 'tempest-ServerShowV263Test-252112051', 'tenant_id': 'f96f14309c6b42aebcc02fbe677d0195', 'tenant_name': 'tempest-ServerShowV263Test-252112051', 'user_domain_id': 'default', 'user_domain_name': 'Default', 'user_id': 'cd234683fdb948c69c440d58b4461980', 'system': None}, Network: None, Subnet: None, Router: None
2025-12-11 20:39:32.357 65922 INFO tempest.lib.common.dynamic_creds [-] Network resources are not created for requested scope: project and credentials: Credentials: {'domain_id': 'default', 'domain_name': 'Default', 'username': 'tempest-ServerShowV263Test-252112051-project-reader', 'project_domain_id': 'default', 'project_domain_name': 'Default', 'project_id': 'f96f14309c6b42aebcc02fbe677d0195', 'project_name': 'tempest-ServerShowV263Test-252112051', 'tenant_id': 'f96f14309c6b42aebcc02fbe677d0195', 'tenant_name': 'tempest-ServerShowV263Test-252112051', 'user_domain_id': 'default', 'user_domain_name': 'Default', 'user_id': 'cd234683fdb948c69c440d58b4461980', 'system': None}, Network: None, Subnet: None, Router: None
2025-12-11 20:39:32.380 65902 INFO tempest.lib.common.rest_client [req-4fc2ded2-1530-4b24-b66a-9134633b98a1 req-4fc2ded2-1530-4b24-b66a-9134633b98a1 ] Request (ServersAdminNegativeTestJSON:test_migrate_non_existent_server): 404 POST http://10.180.1.21/compute/v2.1/servers/ec487179-c5b8-415e-8e3a-8e2f66a3d655/action 6.984s
2025-12-11 20:39:32.434 65922 INFO tempest.lib.common.rest_client [req-ffe48391-7c8a-4f2b-b427-7b0f31a51736 req-ffe48391-7c8a-4f2b-b427-7b0f31a51736 ] Request (ServerShowV263Test:setUpClass): 201 POST http://10.180.1.21/identity/v3/auth/tokens 0.074s
2025-12-11 20:39:32.461 65908 INFO tempest.lib.common.rest_client [req-8b2b3272-f269-4afb-8ec5-15306d69f036 req-8b2b3272-f269-4afb-8ec5-15306d69f036 ] Request (ServersTestMultiNic:test_verify_duplicate_network_nics): 200 GET http://10.180.1.21/compute/v2.1/servers/cd712f66-1868-46f8-ac42-f85fec1401e5 7.483s
2025-12-11 20:39:32.490 65878 INFO tempest.lib.common.rest_client [req-fe82a08b-a622-4d5f-a862-d0460ed01090 req-fe82a08b-a622-4d5f-a862-d0460ed01090 ] Request (FlavorsV2TestJSON:test_list_flavors_detailed_filter_by_min_disk): 200 GET http://10.180.1.21/compute/v2.1/flavors/detail?minDisk=2 6.761s
2025-12-11 20:39:32.493 65902 INFO tempest.lib.common.rest_client [req-84b56a35-3e1f-4a36-b2e2-86393233e103 req-84b56a35-3e1f-4a36-b2e2-86393233e103 ] Request (ServersAdminNegativeTestJSON:test_migrate_server_invalid_state): 201 POST http://10.180.1.21/identity/v3/auth/tokens 0.107s
2025-12-11 20:39:32.493 65902 INFO tempest.lib.common.fixed_network [-] (ServersAdminNegativeTestJSON:test_migrate_server_invalid_state) Found network None available for tenant
2025-12-11 20:39:32.522 65880 INFO tempest.lib.common.rest_client [req-dc73f106-d374-42ae-b235-83991cdd5cce req-dc73f106-d374-42ae-b235-83991cdd5cce ] Request (FlavorsAdminTestJSON:test_is_public_string_variations): 200 GET http://10.180.1.21/compute/v2.1/flavors/detail?is_public=yes 6.767s
2025-12-11 20:39:32.529 65884 INFO tempest.lib.common.rest_client [req-3d3848eb-ff2e-4a0c-b3f3-3db04676e9c0 req-3d3848eb-ff2e-4a0c-b3f3-3db04676e9c0 ] Request (TenantUsagesTestJSON:test_get_usage_tenant): 200 GET http://10.180.1.21/compute/v2.1/os-simple-tenant-usage/dbda19d06d134bd98d0ed3c53b1a8b86?start=2025-12-10T20%3A39%3A25.557160&end=2025-12-12T20%3A39%3A25.557160 6.971s
2025-12-11 20:39:32.554 65910 INFO tempest.lib.common.rest_client [req-cc3876c6-eef3-4af4-9052-3c2001fb2bd8 req-cc3876c6-eef3-4af4-9052-3c2001fb2bd8 ] Request (FlavorsExtraSpecsTestJSON:test_flavor_set_get_update_show_unset_keys): 200 DELETE http://10.180.1.21/compute/v2.1/flavors/2107730369/os-extra_specs/hw:numa_nodes 6.789s
2025-12-11 20:39:32.566 65915 INFO tempest.lib.common.rest_client [req-87fa83ad-d43c-463c-adf2-72d6e017be53 req-87fa83ad-d43c-463c-adf2-72d6e017be53 ] Request (KeyPairsV2TestJSON:_run_cleanups): 202 DELETE http://10.180.1.21/compute/v2.1/os-keypairs/tempest-KeyPairsV2TestJSON-keypair-1807228166 6.787s
2025-12-11 20:39:32.590 65876 INFO tempest.lib.common.rest_client [req-7651eb7f-d37e-49cb-a889-1c1d407d5249 req-7651eb7f-d37e-49cb-a889-1c1d407d5249 ] Request (FlavorsAccessTestJSON:_run_cleanups): 202 DELETE http://10.180.1.21/compute/v2.1/flavors/533642872 6.757s
2025-12-11 20:39:32.601 65872 INFO tempest.lib.common.rest_client [req-32e9ecb0-c5a0-42b8-baff-06d354e4fa64 req-32e9ecb0-c5a0-42b8-baff-06d354e4fa64 ] Request (ListImageFiltersTestJSON:setUpClass): 200 GET http://10.180.1.21/compute/v2.1/images/b9cfc3a1-c559-4f99-9432-0a05593bf117 6.781s
2025-12-11 20:39:32.628 65922 INFO tempest.lib.common.rest_client [req-19d93714-d40a-4d38-90f3-a4b7f79ff66b req-19d93714-d40a-4d38-90f3-a4b7f79ff66b ] Request (ServerShowV263Test:tearDownClass): 204 DELETE http://10.180.1.21/identity/v3/users/84fa8afb284f46ee967a7e8fcf94a47c 0.187s
2025-12-11 20:39:32.633 65898 INFO tempest.lib.common.rest_client [req-d07f347d-abfc-4e3a-848c-dd41a4814a2d req-d07f347d-abfc-4e3a-848c-dd41a4814a2d ] Request (DeleteServersAdminTestJSON:test_admin_delete_servers_of_others): 404 GET http://10.180.1.21/compute/v2.1/servers/e9837e29-5cc3-439f-b63a-df992ff5286a 5.916s
2025-12-11 20:39:32.710 65898 INFO tempest.lib.common.rest_client [req-c15c4619-0100-42ab-a00b-8438a488efcc req-c15c4619-0100-42ab-a00b-8438a488efcc ] Request (DeleteServersAdminTestJSON:test_delete_server_while_in_error_state): 201 POST http://10.180.1.21/identity/v3/auth/tokens 0.063s
2025-12-11 20:39:32.710 65898 INFO tempest.lib.common.fixed_network [-] (DeleteServersAdminTestJSON:test_delete_server_while_in_error_state) Found network None available for tenant
2025-12-11 20:39:32.716 65918 INFO tempest.lib.common.rest_client [req-c748d747-9281-4778-8e96-55634cca7333 req-c748d747-9281-4778-8e96-55634cca7333 ] Request (ServerExternalEventsTest:tearDownClass): 200 GET http://10.180.1.21/compute/v2.1/servers/ab989674-a8c2-4b16-9259-df4f16661c6e 6.039s
2025-12-11 20:39:32.808 65922 INFO tempest.lib.common.rest_client [req-e57456bb-56dc-45e8-9b87-3ed4b2b91f3f req-e57456bb-56dc-45e8-9b87-3ed4b2b91f3f ] Request (ServerShowV263Test:tearDownClass): 204 DELETE http://10.180.1.21/identity/v3/users/cd234683fdb948c69c440d58b4461980 0.180s
2025-12-11 20:39:32.808 65922 INFO tempest.lib.common.dynamic_creds [-] Deleting project and security group for project: f96f14309c6b42aebcc02fbe677d0195
2025-12-11 20:39:32.900 65922 INFO tempest.lib.common.rest_client [req-08716730-ad91-472e-9b79-b3aac6cecb07 req-08716730-ad91-472e-9b79-b3aac6cecb07 ] Request (ServerShowV263Test:tearDownClass): 201 POST http://10.180.1.21/identity/v3/auth/tokens 0.092s
2025-12-11 20:39:32.941 65896 INFO tempest.lib.common.rest_client [req-a6a1c346-52ef-4322-8be8-52d3627262b2 req-a6a1c346-52ef-4322-8be8-52d3627262b2 ] Request (ImagesMetadataTestJSON:setUp): 200 PUT http://10.180.1.21/compute/v2.1/images/74c318c7-332e-400f-a7b5-2aa61d0b7ec1/metadata 5.591s
2025-12-11 20:39:32.950 65892 INFO tempest.lib.common.rest_client [req-0caa8f64-09dd-4b11-a677-ee3d5c818e2d req-0caa8f64-09dd-4b11-a677-ee3d5c818e2d ] Request (ServerGroup264TestJSON:tearDownClass): 404 DELETE http://10.180.1.21/compute/v2.1/os-server-groups/f6029c73-4b96-4048-83ce-67713280731a 5.570s
2025-12-11 20:39:32.961 65920 INFO tempest.lib.common.rest_client [req-7592f84d-2085-4298-aee1-a235f49d6be4 req-7592f84d-2085-4298-aee1-a235f49d6be4 ] Request (HostsAdminNegativeTestJSON:test_shutdown_nonexistent_host): 404 GET http://10.180.1.21/compute/v2.1/os-hosts/nonexistent_hostname/shutdown 5.561s
2025-12-11 20:39:33.114 65922 INFO tempest.lib.common.rest_client [req-52061f9c-9687-41c8-97af-a333899afba0 req-52061f9c-9687-41c8-97af-a333899afba0 ] Request (ServerShowV263Test:tearDownClass): 200 GET http://10.180.1.21/networking/v2.0/security-groups?tenant_id=f96f14309c6b42aebcc02fbe677d0195&name=default 0.213s
2025-12-11 20:39:33.141 65872 INFO tempest.lib.common.rest_client [req-72df737e-e0a2-4c0a-a36c-ed3df5e4fb61 req-72df737e-e0a2-4c0a-a36c-ed3df5e4fb61 ] Request (ListImageFiltersTestJSON:setUpClass): 201 POST http://10.180.1.21/image/v2/images 0.536s
2025-12-11 20:39:33.177 65934 INFO tempest.lib.common.rest_client [req-b3f3f3bc-0fad-4536-92e2-24da3e193636 req-b3f3f3bc-0fad-4536-92e2-24da3e193636 ] Request (ServerDiagnosticsV248Test:test_get_server_diagnostics): 200 GET http://10.180.1.21/compute/v2.1/servers/620fa519-ec81-4d97-818d-704324439789/diagnostics 5.922s
2025-12-11 20:39:33.229 65922 INFO tempest.lib.common.rest_client [req-5ce9a2f4-54d3-4362-884e-7b469eea016e req-5ce9a2f4-54d3-4362-884e-7b469eea016e ] Request (ServerShowV263Test:tearDownClass): 204 DELETE http://10.180.1.21/networking/v2.0/security-groups/05ed68b7-b898-477b-8fc4-ffc9555415f3 0.114s
2025-12-11 20:39:33.251 65924 INFO tempest.lib.common.rest_client [req-38cccd41-0b54-47dc-be8c-a7cf1311ba38 req-38cccd41-0b54-47dc-be8c-a7cf1311ba38 ] Request (ServersAaction247Test:test_create_backup): 202 POST http://10.180.1.21/compute/v2.1/servers 5.845s
2025-12-11 20:39:33.343 65922 INFO tempest.lib.common.rest_client [req-1fbf0501-8296-475a-858e-4875eddba687 req-1fbf0501-8296-475a-858e-4875eddba687 ] Request (ServerShowV263Test:tearDownClass): 204 DELETE http://10.180.1.21/identity/v3/projects/f96f14309c6b42aebcc02fbe677d0195 0.113s
2025-12-11 20:39:33.414 65922 INFO tempest.lib.common.rest_client [req-d29103dc-36ef-4bf1-b796-bda10c6208cf req-d29103dc-36ef-4bf1-b796-bda10c6208cf ] Request (ExtensionsTest:setUpClass): 201 POST http://10.180.1.21/identity/v3/auth/tokens 0.069s
2025-12-11 20:39:33.452 65922 INFO tempest.lib.common.rest_client [req-98039066-dc07-449e-b262-8b97d2979f4e req-98039066-dc07-449e-b262-8b97d2979f4e ] Request (ExtensionsTest:setUpClass): 201 POST http://10.180.1.21/identity/v3/auth/tokens 0.035s
2025-12-11 20:39:33.493 65922 INFO tempest.lib.common.rest_client [req-898f41ce-706d-4e83-a952-599adb811d3c req-898f41ce-706d-4e83-a952-599adb811d3c ] Request (ExtensionsTest:setUpClass): 200 GET http://10.180.1.21/identity/v3/domains?name=Default 0.040s
2025-12-11 20:39:33.504 65928 INFO tempest.lib.common.rest_client [req-73f1eaf9-2c04-40a8-a442-f21a568cba65 req-73f1eaf9-2c04-40a8-a442-f21a568cba65 ] Request (ServersAdmin275Test:test_rebuild_update_server_275): 202 POST http://10.180.1.21/compute/v2.1/servers 5.774s
2025-12-11 20:39:33.536 65922 INFO tempest.lib.common.rest_client [req-5299fe39-a2bb-4d3c-a57c-8f739421da59 req-5299fe39-a2bb-4d3c-a57c-8f739421da59 ] Request (ExtensionsTest:setUpClass): 201 POST http://10.180.1.21/identity/v3/projects 0.042s
2025-12-11 20:39:33.611 65922 INFO tempest.lib.common.rest_client [req-3af29c44-91c7-4a84-b250-749762f835f9 req-3af29c44-91c7-4a84-b250-749762f835f9 ] Request (ExtensionsTest:setUpClass): 201 POST http://10.180.1.21/identity/v3/users 0.075s
2025-12-11 20:39:33.634 65922 INFO tempest.lib.common.rest_client [req-d6a4edd6-bcf9-4ea7-bb10-f8faf4a89655 req-d6a4edd6-bcf9-4ea7-bb10-f8faf4a89655 ] Request (ExtensionsTest:setUpClass): 200 GET http://10.180.1.21/identity/v3/roles 0.022s
2025-12-11 20:39:33.663 65922 INFO tempest.lib.common.rest_client [req-c5f35439-b3da-4b93-af5c-fddb30f61cda req-c5f35439-b3da-4b93-af5c-fddb30f61cda ] Request (ExtensionsTest:setUpClass): 204 PUT http://10.180.1.21/identity/v3/projects/6605be62c39942b3a9d452b247899091/users/ee25ddfb52514551aba0dbb65271428c/roles/4f2c56d18e404064b296807da5332c1b 0.029s
2025-12-11 20:39:33.663 65922 INFO tempest.lib.common.dynamic_creds [-] Dynamic test user ee25ddfb52514551aba0dbb65271428c is created with scope project and roles: ['member']
2025-12-11 20:39:33.664 65922 INFO tempest.lib.common.dynamic_creds [-] Acquired dynamic creds: credentials: Credentials: {'domain_id': 'default', 'domain_name': 'Default', 'username': 'tempest-ExtensionsTest-1102097946-project-member', 'project_domain_id': 'default', 'project_domain_name': 'Default', 'project_id': '6605be62c39942b3a9d452b247899091', 'project_name': 'tempest-ExtensionsTest-1102097946', 'tenant_id': '6605be62c39942b3a9d452b247899091', 'tenant_name': 'tempest-ExtensionsTest-1102097946', 'user_domain_id': 'default', 'user_domain_name': 'Default', 'user_id': 'ee25ddfb52514551aba0dbb65271428c', 'system': None}, Network: None, Subnet: None, Router: None
2025-12-11 20:39:33.664 65922 INFO tempest.lib.common.dynamic_creds [-] Created isolated network resources for: credentials: Credentials: {'domain_id': 'default', 'domain_name': 'Default', 'username': 'tempest-ExtensionsTest-1102097946-project-member', 'project_domain_id': 'default', 'project_domain_name': 'Default', 'project_id': '6605be62c39942b3a9d452b247899091', 'project_name': 'tempest-ExtensionsTest-1102097946', 'tenant_id': '6605be62c39942b3a9d452b247899091', 'tenant_name': 'tempest-ExtensionsTest-1102097946', 'user_domain_id': 'default', 'user_domain_name': 'Default', 'user_id': 'ee25ddfb52514551aba0dbb65271428c', 'system': None}, Network: None, Subnet: None, Router: None
2025-12-11 20:39:33.774 65922 INFO tempest.lib.common.rest_client [req-1cda7520-0ee3-4bb4-954e-92768e014448 req-1cda7520-0ee3-4bb4-954e-92768e014448 ] Request (ExtensionsTest:setUpClass): 201 POST http://10.180.1.21/identity/v3/auth/tokens 0.107s
2025-12-11 20:39:34.035 65892 INFO tempest.lib.common.rest_client [req-236590a1-03f1-4735-bf7f-46d1a442013f req-236590a1-03f1-4735-bf7f-46d1a442013f ] Request (ServerGroup264TestJSON:tearDownClass): 200 PUT http://10.180.1.21/networking/v2.0/routers/22b12921-4fa7-40ef-8f69-991f32a6a78e/remove_router_interface 1.084s
2025-12-11 20:39:34.576 65892 INFO tempest.lib.common.rest_client [req-38dbc3f0-1fab-41f4-8b36-f72cc720f639 req-38dbc3f0-1fab-41f4-8b36-f72cc720f639 ] Request (ServerGroup264TestJSON:tearDownClass): 204 DELETE http://10.180.1.21/networking/v2.0/routers/22b12921-4fa7-40ef-8f69-991f32a6a78e 0.540s
2025-12-11 20:39:34.610 65900 INFO tempest.lib.common.rest_client [req-f962960b-2ae3-4e4e-86a9-86686be2ca1a req-f962960b-2ae3-4e4e-86a9-86686be2ca1a ] Request (VolumesAssistedSnapshotsTest:test_volume_assisted_snapshot_create_delete): 200 GET http://10.180.1.21/compute/v2.1/servers/b7b297d4-296d-423e-a7fb-2a72ca2328ce 7.062s
2025-12-11 20:39:34.620 65900 INFO tempest.common.waiters [-] State transition "BUILD/spawning" ==> "ACTIVE/None" after 20 second wait
2025-12-11 20:39:34.645 65886 INFO tempest.lib.common.rest_client [req-a1df95f0-4f7f-4c04-a8c5-46613fa5d7fb req-a1df95f0-4f7f-4c04-a8c5-46613fa5d7fb ] Request (ServerDiagnosticsNegativeTest:test_get_server_diagnostics_by_non_admin): 200 GET http://10.180.1.21/compute/v2.1/servers/e0e8ccc1-e53a-4dcd-be26-0ff273c3c9fc 6.732s
2025-12-11 20:39:34.789 65892 INFO tempest.lib.common.rest_client [req-85fc842e-9d28-4ab7-9dae-c4c84009eb0d req-85fc842e-9d28-4ab7-9dae-c4c84009eb0d ] Request (ServerGroup264TestJSON:tearDownClass): 204 DELETE http://10.180.1.21/networking/v2.0/subnets/ad4358dc-5541-4f5b-b63b-a0f86c5a6e90 0.213s
2025-12-11 20:39:34.828 65872 INFO tempest.lib.common.rest_client [req-b6bc55ab-77ad-45e7-a467-0da3437fba9d req-b6bc55ab-77ad-45e7-a467-0da3437fba9d ] Request (ListImageFiltersTestJSON:setUpClass): 204 PUT http://10.180.1.21/image/v2/images/03413cb8-d9bb-454d-a55d-029e1ad61bd9/file 0.684s
2025-12-11 20:39:35.012 65882 INFO tempest.lib.common.rest_client [req-293e300a-7def-4927-872e-b34b6e4c3131 req-293e300a-7def-4927-872e-b34b6e4c3131 ] Request (ImagesOneServerTestJSON:setUpClass): 200 GET http://10.180.1.21/compute/v2.1/servers/4077549b-fa9c-4eea-af80-9c566e337f35 6.686s
2025-12-11 20:39:35.019 65882 INFO tempest.common.waiters [-] State transition "BUILD/None" ==> "BUILD/spawning" after 8 second wait
2025-12-11 20:39:35.025 65892 INFO tempest.lib.common.rest_client [req-f122f882-72c9-4087-91c2-d71848061c48 req-f122f882-72c9-4087-91c2-d71848061c48 ] Request (ServerGroup264TestJSON:tearDownClass): 204 DELETE http://10.180.1.21/networking/v2.0/networks/fc41fc32-69e8-4010-a974-f877d13b53ee 0.235s
2025-12-11 20:39:35.167 65894 INFO tempest.lib.common.rest_client [req-c7cf09f9-1e77-497d-a79b-baa36588a793 req-c7cf09f9-1e77-497d-a79b-baa36588a793 ] Request (MigrationsAdminTest:test_list_migrations_in_flavor_resize_situation): 202 POST http://10.180.1.21/compute/v2.1/servers/1f1b1e4f-2411-4208-95a5-738c9a20304d/action 6.299s
2025-12-11 20:39:35.171 65892 INFO tempest.lib.common.rest_client [req-061a131e-ae3b-4468-9138-52b22cbe5b28 req-061a131e-ae3b-4468-9138-52b22cbe5b28 ] Request (ServerGroup264TestJSON:tearDownClass): 204 DELETE http://10.180.1.21/identity/v3/users/e1f06421700040a987d5633df4cb6acf 0.146s
2025-12-11 20:39:35.171 65892 INFO tempest.lib.common.dynamic_creds [-] Deleting project and security group for project: db624466a9a9462eaa92ae91b39863ad
2025-12-11 20:39:35.211 65892 INFO tempest.lib.common.rest_client [req-37d3000d-8486-4cc6-a3cd-4ed7c604b530 req-37d3000d-8486-4cc6-a3cd-4ed7c604b530 ] Request (ServerGroup264TestJSON:tearDownClass): 200 GET http://10.180.1.21/networking/v2.0/security-groups?tenant_id=db624466a9a9462eaa92ae91b39863ad&name=default 0.040s
2025-12-11 20:39:35.313 65912 INFO tempest.lib.common.rest_client [req-afcb0feb-04fc-48be-8d33-0a3916f2dc1d req-afcb0feb-04fc-48be-8d33-0a3916f2dc1d ] Request (SecurityGroupsTestAdminJSON:_run_cleanups): 202 DELETE http://10.180.1.21/compute/v2.1/os-security-groups/7b6cf25c-fe31-4802-b59a-5ba410b06ab6 3.752s
2025-12-11 20:39:35.341 65874 INFO tempest.lib.common.rest_client [req-b0504fb5-9669-4e8a-bbbc-b490a66b0f31 req-b0504fb5-9669-4e8a-bbbc-b490a66b0f31 ] Request (AggregatesAdminNegativeTestJSON:test_aggregate_add_non_exist_host): 404 POST http://10.180.1.21/compute/v2.1/os-aggregates/3/action 3.745s
2025-12-11 20:39:35.405 65892 INFO tempest.lib.common.rest_client [req-cfe943ce-7106-49bc-9777-bd10e08019a3 req-cfe943ce-7106-49bc-9777-bd10e08019a3 ] Request (ServerGroup264TestJSON:tearDownClass): 204 DELETE http://10.180.1.21/networking/v2.0/security-groups/08207f22-54ca-4d80-82b2-6cde71bdf8f8 0.193s
2025-12-11 20:39:35.431 65912 INFO tempest.lib.common.rest_client [req-27b3b663-499c-4f8e-ad24-b3f28e17a2f5 req-27b3b663-499c-4f8e-ad24-b3f28e17a2f5 ] Request (SecurityGroupsTestAdminJSON:tearDownClass): 204 DELETE http://10.180.1.21/identity/v3/users/4b6b392db80243208823712e7e92ab95 0.112s
2025-12-11 20:39:35.508 65892 INFO tempest.lib.common.rest_client [req-4a18dc7f-fb42-41f6-b8d7-2d743dfcdcc5 req-4a18dc7f-fb42-41f6-b8d7-2d743dfcdcc5 ] Request (ServerGroup264TestJSON:tearDownClass): 204 DELETE http://10.180.1.21/identity/v3/projects/db624466a9a9462eaa92ae91b39863ad 0.102s
2025-12-11 20:39:35.592 65892 INFO tempest.lib.common.rest_client [req-ae4247b1-a063-44ad-8420-04db1ae31fdf req-ae4247b1-a063-44ad-8420-04db1ae31fdf ] Request (ServerMetadataTestJSON:setUpClass): 201 POST http://10.180.1.21/identity/v3/auth/tokens 0.082s
2025-12-11 20:39:35.683 65912 INFO tempest.lib.common.rest_client [req-3feba7e2-5066-4d66-9884-9b0493083fef req-3feba7e2-5066-4d66-9884-9b0493083fef ] Request (SecurityGroupsTestAdminJSON:tearDownClass): 204 DELETE http://10.180.1.21/identity/v3/users/aa4318633fd2460e9d18809edd76beab 0.252s
2025-12-11 20:39:35.683 65912 INFO tempest.lib.common.dynamic_creds [-] Deleting project and security group for project: b658f073dd6d43d8834bf1d8f0898f1f
2025-12-11 20:39:35.687 65888 INFO tempest.lib.common.rest_client [req-cbea4470-a786-49c3-bb6d-ec96c912313f req-cbea4470-a786-49c3-bb6d-ec96c912313f ] Request (ServersWithSpecificFlavorTestJSON:test_verify_created_server_ephemeral_disk): 202 POST http://10.180.1.21/compute/v2.1/servers 4.709s
2025-12-11 20:39:35.752 65892 INFO tempest.lib.common.rest_client [req-1dfcb286-b697-4fc3-9db5-f50b291c7a63 req-1dfcb286-b697-4fc3-9db5-f50b291c7a63 ] Request (ServerMetadataTestJSON:setUpClass): 201 POST http://10.180.1.21/identity/v3/auth/tokens 0.154s
2025-12-11 20:39:35.789 65912 INFO tempest.lib.common.rest_client [req-8d8e6cfd-7eac-4695-9637-6ae8dda0a699 req-8d8e6cfd-7eac-4695-9637-6ae8dda0a699 ] Request (SecurityGroupsTestAdminJSON:tearDownClass): 201 POST http://10.180.1.21/identity/v3/auth/tokens 0.105s
2025-12-11 20:39:35.838 65892 INFO tempest.lib.common.rest_client [req-427fa780-7e86-4c38-8feb-5708887d963a req-427fa780-7e86-4c38-8feb-5708887d963a ] Request (ServerMetadataTestJSON:setUpClass): 200 GET http://10.180.1.21/identity/v3/domains?name=Default 0.082s
2025-12-11 20:39:35.844 65916 INFO tempest.lib.common.rest_client [req-530d7670-4262-475f-8627-2a88a1b76f13 req-530d7670-4262-475f-8627-2a88a1b76f13 ] Request (ListServersNegativeTestJSON:setUpClass): 200 GET http://10.180.1.21/compute/v2.1/servers 3.872s
2025-12-11 20:39:35.871 65892 INFO tempest.lib.common.rest_client [req-6b09895d-ca1a-45b5-908b-5115c5ddf88b req-6b09895d-ca1a-45b5-908b-5115c5ddf88b ] Request (ServerMetadataTestJSON:setUpClass): 201 POST http://10.180.1.21/identity/v3/projects 0.033s
2025-12-11 20:39:35.946 65892 INFO tempest.lib.common.rest_client [req-8c424ec3-b7e9-4efd-a272-d62c28b553fb req-8c424ec3-b7e9-4efd-a272-d62c28b553fb ] Request (ServerMetadataTestJSON:setUpClass): 201 POST http://10.180.1.21/identity/v3/users 0.073s
2025-12-11 20:39:36.051 65892 INFO tempest.lib.common.rest_client [req-3c9a8e67-92ae-4878-9511-c9f4b2257d32 req-3c9a8e67-92ae-4878-9511-c9f4b2257d32 ] Request (ServerMetadataTestJSON:setUpClass): 200 GET http://10.180.1.21/identity/v3/roles 0.105s
2025-12-11 20:39:36.060 65904 INFO tempest.lib.common.rest_client [req-c23f5862-5ac5-43f2-a593-0c98a15e722f req-c23f5862-5ac5-43f2-a593-0c98a15e722f ] Request (QuotasAdminTestJSON:test_delete_quota): 200 PUT http://10.180.1.21/compute/v2.1/os-quota-sets/2229a903dcaf4630ab93a51a23aa5c00 3.798s
2025-12-11 20:39:36.093 65892 INFO tempest.lib.common.rest_client [req-adbcc9f4-a014-40ef-9b8d-6282a9ee4360 req-adbcc9f4-a014-40ef-9b8d-6282a9ee4360 ] Request (ServerMetadataTestJSON:setUpClass): 204 PUT http://10.180.1.21/identity/v3/projects/dab7df6543c0424fa135e28f1720d4a5/users/7640bd8c1f6c485ba0f4e8683ece536c/roles/4f2c56d18e404064b296807da5332c1b 0.041s
2025-12-11 20:39:36.093 65892 INFO tempest.lib.common.dynamic_creds [-] Dynamic test user 7640bd8c1f6c485ba0f4e8683ece536c is created with scope project and roles: ['member']
2025-12-11 20:39:36.094 65892 INFO tempest.lib.common.dynamic_creds [-] Acquired dynamic creds: credentials: Credentials: {'domain_id': 'default', 'domain_name': 'Default', 'username': 'tempest-ServerMetadataTestJSON-430789245-project-member', 'project_domain_id': 'default', 'project_domain_name': 'Default', 'project_id': 'dab7df6543c0424fa135e28f1720d4a5', 'project_name': 'tempest-ServerMetadataTestJSON-430789245', 'tenant_id': 'dab7df6543c0424fa135e28f1720d4a5', 'tenant_name': 'tempest-ServerMetadataTestJSON-430789245', 'user_domain_id': 'default', 'user_domain_name': 'Default', 'user_id': '7640bd8c1f6c485ba0f4e8683ece536c', 'system': None}, Network: None, Subnet: None, Router: None
2025-12-11 20:39:36.097 65912 INFO tempest.lib.common.rest_client [req-59e3996d-a792-4734-bf41-ddb25f7ceea8 req-59e3996d-a792-4734-bf41-ddb25f7ceea8 ] Request (SecurityGroupsTestAdminJSON:tearDownClass): 200 GET http://10.180.1.21/networking/v2.0/security-groups?tenant_id=b658f073dd6d43d8834bf1d8f0898f1f&name=default 0.308s
2025-12-11 20:39:36.156 65892 INFO tempest.lib.common.rest_client [req-a40b4ffd-9e8e-4b2e-b330-6fbde622b626 req-a40b4ffd-9e8e-4b2e-b330-6fbde622b626 ] Request (ServerMetadataTestJSON:setUpClass): 201 POST http://10.180.1.21/identity/v3/auth/tokens 0.062s
2025-12-11 20:39:36.248 65926 INFO tempest.lib.common.rest_client [req-97dae159-6ca7-4aff-bce6-d399d9fd20e2 req-97dae159-6ca7-4aff-bce6-d399d9fd20e2 ] Request (ServersV294TestFqdnHostnames:setUpClass): 202 POST http://10.180.1.21/compute/v2.1/servers 4.599s
2025-12-11 20:39:36.259 65912 INFO tempest.lib.common.rest_client [req-69676803-c9ff-468a-b561-94f41edb51fa req-69676803-c9ff-468a-b561-94f41edb51fa ] Request (SecurityGroupsTestAdminJSON:tearDownClass): 204 DELETE http://10.180.1.21/networking/v2.0/security-groups/0b1472fb-6d53-4732-8217-01834b8c9218 0.161s
2025-12-11 20:39:36.261 65878 INFO tempest.lib.common.rest_client [req-ca05250c-5815-4d2a-b744-b71e84601297 req-ca05250c-5815-4d2a-b744-b71e84601297 ] Request (FlavorsV2TestJSON:test_list_flavors_detailed_filter_by_min_ram): 200 GET http://10.180.1.21/compute/v2.1/flavors/42 3.764s
2025-12-11 20:39:36.301 65880 INFO tempest.lib.common.rest_client [req-36d5e38e-e3be-4ace-ada8-53f413315f91 req-36d5e38e-e3be-4ace-ada8-53f413315f91 ] Request (FlavorsAdminTestJSON:test_is_public_string_variations): 200 GET http://10.180.1.21/compute/v2.1/flavors/detail?is_public=1 3.771s
2025-12-11 20:39:36.327 65884 INFO tempest.lib.common.rest_client [req-f909790c-0827-4a05-bf88-a6bf8531e9ee req-f909790c-0827-4a05-bf88-a6bf8531e9ee ] Request (TenantUsagesTestJSON:test_get_usage_tenant_with_non_admin_user): 200 GET http://10.180.1.21/compute/v2.1/os-simple-tenant-usage/dbda19d06d134bd98d0ed3c53b1a8b86?start=2025-12-10T20%3A39%3A25.557160&end=2025-12-12T20%3A39%3A25.557160 3.792s
2025-12-11 20:39:36.345 65910 INFO tempest.lib.common.rest_client [req-35b8a9ea-4b5e-4eec-9c42-c8492b9db3b2 req-35b8a9ea-4b5e-4eec-9c42-c8492b9db3b2 ] Request (FlavorsExtraSpecsTestJSON:test_flavor_set_get_update_show_unset_keys): 200 DELETE http://10.180.1.21/compute/v2.1/flavors/2107730369/os-extra_specs/hw:cpu_policy 3.791s
2025-12-11 20:39:36.368 65915 INFO tempest.lib.common.rest_client [req-d21052b4-1737-4f5d-9ef2-427a7b240f58 req-d21052b4-1737-4f5d-9ef2-427a7b240f58 ] Request (KeyPairsV2TestJSON:_run_cleanups): 202 DELETE http://10.180.1.21/compute/v2.1/os-keypairs/tempest-KeyPairsV2TestJSON-keypair-927674327 3.801s
2025-12-11 20:39:36.385 65912 INFO tempest.lib.common.rest_client [req-704e1f30-77cd-4cac-94a5-c579a91792d0 req-704e1f30-77cd-4cac-94a5-c579a91792d0 ] Request (SecurityGroupsTestAdminJSON:tearDownClass): 204 DELETE http://10.180.1.21/identity/v3/projects/b658f073dd6d43d8834bf1d8f0898f1f 0.124s
2025-12-11 20:39:36.386 65912 INFO tempest.lib.common.dynamic_creds [-] Deleting project and security group for project: eb7de0d1f44e413886607a3076876fa3
