2025-12-09 08:23:54.950 65805 INFO tempest.lib.common.rest_client [req-4425d345-14fd-464a-b772-89dbb30909d6 req-4425d345-14fd-464a-b772-89dbb30909d6 ] Request (ServerTagsTestJSON:setUpClass): 201 POST http://10.180.1.21/identity/v3/auth/tokens 0.032s
2025-12-09 08:23:54.951 65805 INFO tempest.lib.common.fixed_network [-] (ServerTagsTestJSON:setUpClass) Found network {'id': '77b83dc3-82b5-4ac0-8212-fb2e8858d8eb', 'name': 'tempest-ServerTagsTestJSON-77765912-network', 'tenant_id': 'd8627227ff944d3ebdada8f09d537ef6', 'project_id': 'd8627227ff944d3ebdada8f09d537ef6', 'admin_state_up': True, 'mtu': 8950, 'status': 'ACTIVE', 'subnets': [], 'shared': False, 'port_security_enabled': True, 'router:external': False, 'provider:network_type': 'vlan', 'provider:physical_network': 'default', 'provider:segmentation_id': 310, 'availability_zone_hints': [], 'availability_zones': [], 'ipv4_address_scope': None, 'ipv6_address_scope': None, 'description': '', 'tags': [], 'created_at': '2025-12-09T08:23:52Z', 'updated_at': '2025-12-09T08:23:52Z', 'revision_number': 1} available for tenant
2025-12-09 08:23:54.973 65803 INFO tempest.lib.common.rest_client [req-444d40c0-6c07-4a20-a65b-d08dc833c03a req-444d40c0-6c07-4a20-a65b-d08dc833c03a ] Request (ServersNegativeTestJSON:setUpClass): 200 GET http://10.180.1.21/compute/v2.1/servers/bf02209c-e435-4833-aba9-72b3d43212ee 2.803s
2025-12-09 08:23:55.064 65773 INFO tempest.lib.common.rest_client [req-2a52d3c3-8e80-4015-b6ee-c11bcd0df214 req-2a52d3c3-8e80-4015-b6ee-c11bcd0df214 ] Request (ValidationResourcesFixture:setUp): 201 POST http://10.180.1.21/networking/v2.0/security-group-rules 0.517s
2025-12-09 08:23:55.180 65825 INFO tempest.lib.common.rest_client [req-86745d52-ba4f-42b8-b84f-9e9ffc730e79 req-86745d52-ba4f-42b8-b84f-9e9ffc730e79 ] Request (VolumesTestJSON:tearDownClass): 404 GET http://10.180.1.21/volume/v3/volumes/d1167f1e-e32c-4a17-ba75-21852ff34625 0.017s
2025-12-09 08:23:55.219 65825 INFO tempest.lib.common.rest_client [req-8d7c4f56-200a-4b97-9fe0-04c54b94db33 req-8d7c4f56-200a-4b97-9fe0-04c54b94db33 ] Request (VolumesTestJSON:tearDownClass): 202 DELETE http://10.180.1.21/volume/v3/volumes/9b3f10f5-644e-4af6-9649-c86e87c5b63e 0.039s
2025-12-09 08:23:55.262 65825 INFO tempest.lib.common.rest_client [req-91cfe726-6d89-4050-a423-33c58c721789 req-91cfe726-6d89-4050-a423-33c58c721789 ] Request (VolumesTestJSON:tearDownClass): 200 GET http://10.180.1.21/volume/v3/volumes/9b3f10f5-644e-4af6-9649-c86e87c5b63e 0.042s
2025-12-09 08:23:55.270 65813 INFO tempest.lib.common.rest_client [req-2e9dc5a9-01e8-4ae5-b6b3-2a9fd14b7258 req-2e9dc5a9-01e8-4ae5-b6b3-2a9fd14b7258 ] Request (TestVersions:tearDownClass): 204 DELETE http://10.180.1.21/networking/v2.0/security-groups/266900b8-b175-4622-baf0-9aeb8ddb2e60 0.505s
2025-12-09 08:23:55.284 65767 INFO tempest.lib.common.rest_client [req-7a45451a-3ccd-4f31-a571-d63d8cb471c7 req-7a45451a-3ccd-4f31-a571-d63d8cb471c7 ] Request (ServerActionsTestJSON:setUpClass): 200 PUT http://10.180.1.21/networking/v2.0/floatingips/70f3fa72-82bb-4292-9ed1-5c5f7d8bdddb 0.857s
2025-12-09 08:23:55.287 65767 INFO tempest.lib.common.ssh [-] Creating ssh connection to '10.180.180.174:22' as 'cirros' with public key authentication
2025-12-09 08:23:55.295 65787 INFO tempest.lib.common.rest_client [req-cbce769e-ff8d-45e7-9559-3448d0e5f2bf req-cbce769e-ff8d-45e7-9559-3448d0e5f2bf ] Request (AttachInterfacesTestJSON:_run_cleanups): 404 GET http://10.180.1.21/networking/v2.0/security-groups/75619e08-1842-4450-8de1-688a542e6f15 0.348s
2025-12-09 08:23:55.322 65799 INFO tempest.lib.common.rest_client [req-27e998c5-f999-43f0-a116-3d1e4f2c2884 req-27e998c5-f999-43f0-a116-3d1e4f2c2884 ] Request (ServersTestMultiNic:test_verify_duplicate_network_nics): 200 GET http://10.180.1.21/compute/v2.1/servers/52f906ce-93fc-4593-8a83-30a2da644c29 2.985s
2025-12-09 08:23:55.411 65813 INFO tempest.lib.common.rest_client [req-f9c0bb1c-864f-43ae-be69-d56330a255ab req-f9c0bb1c-864f-43ae-be69-d56330a255ab ] Request (TestVersions:tearDownClass): 204 DELETE http://10.180.1.21/identity/v3/projects/4b7e78eedf424f8094d331dcedb4d81b 0.141s
2025-12-09 08:23:55.648 65807 INFO tempest.lib.common.rest_client [req-66a76d61-6bab-48cf-82ae-7e4ba0e3ff7e req-66a76d61-6bab-48cf-82ae-7e4ba0e3ff7e ] Request (AttachInterfacesV270Test:test_create_get_list_interfaces): 200 GET http://10.180.1.21/compute/v2.1/servers/807958f4-b72f-4114-a99a-ccdbf6103018 3.465s
2025-12-09 08:23:55.659 65807 INFO tempest.common.waiters [-] State transition "BUILD/spawning" ==> "ACTIVE/None" after 32 second wait
2025-12-09 08:23:55.734 65773 INFO tempest.lib.common.rest_client [req-e80a460d-1713-4faf-b617-e39fdb4cf93f req-e80a460d-1713-4faf-b617-e39fdb4cf93f ] Request (ValidationResourcesFixture:setUp): 201 POST http://10.180.1.21/networking/v2.0/floatingips 0.670s
2025-12-09 08:23:55.848 65773 INFO tempest.lib.common.rest_client [req-52ace598-96dc-4732-86a0-aefd3b9079e6 req-52ace598-96dc-4732-86a0-aefd3b9079e6 ] Request (AttachVolumeNegativeTest:test_attach_attached_volume_to_different_server): 201 POST http://10.180.1.21/identity/v3/auth/tokens 0.109s
2025-12-09 08:23:55.848 65773 INFO tempest.lib.common.fixed_network [-] (AttachVolumeNegativeTest:test_attach_attached_volume_to_different_server) Found network {'id': 'a11d624a-8313-4a07-bb37-2acf3de7e695', 'name': 'tempest-AttachVolumeNegativeTest-247600144-network', 'tenant_id': 'e084b118216842e4a60db330f008d9fd', 'project_id': 'e084b118216842e4a60db330f008d9fd', 'admin_state_up': True, 'mtu': 8950, 'status': 'ACTIVE', 'subnets': [], 'shared': False, 'port_security_enabled': True, 'router:external': False, 'provider:network_type': 'vlan', 'provider:physical_network': 'default', 'provider:segmentation_id': 525, 'availability_zone_hints': [], 'availability_zones': [], 'ipv4_address_scope': None, 'ipv6_address_scope': None, 'description': '', 'tags': [], 'created_at': '2025-12-09T08:23:47Z', 'updated_at': '2025-12-09T08:23:47Z', 'revision_number': 1} available for tenant
2025-12-09 08:23:55.885 65787 INFO tempest.lib.common.rest_client [req-574c7c62-1adc-47d5-87f1-923c289928ba req-574c7c62-1adc-47d5-87f1-923c289928ba ] Request (AttachInterfacesTestJSON:_run_cleanups): 204 DELETE http://10.180.1.21/networking/v2.0/floatingips/576326e8-65e9-4f20-8f1d-c08270e6eeba 0.589s
2025-12-09 08:23:55.929 65811 INFO tempest.lib.common.rest_client [req-75277b7f-b244-4dc1-9efc-f97ce72ce559 req-75277b7f-b244-4dc1-9efc-f97ce72ce559 ] Request (AttachVolumeShelveTestJSON:test_attach_volume_shelved_or_offload_server): 200 GET http://10.180.1.21/compute/v2.1/servers/025cdc7d-3048-4661-bffc-c6f8e743be57 3.348s
2025-12-09 08:23:55.974 65771 INFO tempest.lib.common.rest_client [req-26509752-5af6-4cfd-951c-96a3a99f3d1e req-26509752-5af6-4cfd-951c-96a3a99f3d1e ] Request (SecurityGroupsTestJSON:test_server_security_groups): 200 GET http://10.180.1.21/compute/v2.1/servers/b6831ee5-b6d6-4773-844e-2e94e78780e5 3.488s
2025-12-09 08:23:55.977 65783 INFO tempest.lib.common.rest_client [req-c9fcbc85-778b-4dc1-a453-eb3506b1ee15 req-c9fcbc85-778b-4dc1-a453-eb3506b1ee15 ] Request (ListImageFiltersTestJSON:setUpClass): 200 GET http://10.180.1.21/compute/v2.1/images/1f2a9631-f43a-4534-b000-557e1c60cd2a 3.150s
2025-12-09 08:23:55.991 65771 INFO tempest.common.waiters [-] State transition "HARD_REBOOT/rebooting_hard" ==> "ACTIVE/None" after 4 second wait
2025-12-09 08:23:56.009 65769 INFO tempest.lib.common.rest_client [req-ce6a1bf9-5224-4420-b931-9af6d372f196 req-ce6a1bf9-5224-4420-b931-9af6d372f196 ] Request (SecurityGroupRulesNegativeTestJSON:test_create_security_group_rule_with_non_existent_id): 404 POST http://10.180.1.21/compute/v2.1/os-security-group-rules 2.957s
2025-12-09 08:23:56.122 65779 INFO tempest.lib.common.rest_client [req-21851dc4-e96f-4d93-8960-de04389da167 req-21851dc4-e96f-4d93-8960-de04389da167 ] Request (ServersListShow296Test:tearDownClass): 204 DELETE http://10.180.1.21/compute/v2.1/servers/1b48ec21-390c-4d16-8936-0ca31d7f44d9 2.735s
2025-12-09 08:23:56.171 65781 INFO tempest.lib.common.rest_client [req-d1e7fae9-9c75-470a-a1a6-e33bea2f052b req-d1e7fae9-9c75-470a-a1a6-e33bea2f052b ] Request (AttachInterfacesUnderV243Test:test_add_remove_fixed_ip): 200 GET http://10.180.1.21/compute/v2.1/servers/004c7b8c-ad0f-4f70-a695-3f609b6a0be6/ips 2.406s
2025-12-09 08:23:56.289 65825 INFO tempest.lib.common.rest_client [req-f28119a7-d5da-41c0-8755-c90b94b25b30 req-f28119a7-d5da-41c0-8755-c90b94b25b30 ] Request (VolumesTestJSON:tearDownClass): 404 GET http://10.180.1.21/volume/v3/volumes/9b3f10f5-644e-4af6-9649-c86e87c5b63e 0.017s
2025-12-09 08:23:56.355 65825 INFO tempest.lib.common.rest_client [req-fcbcb4d2-8a9c-4028-a37f-605cc1810723 req-fcbcb4d2-8a9c-4028-a37f-605cc1810723 ] Request (VolumesTestJSON:tearDownClass): 202 DELETE http://10.180.1.21/volume/v3/volumes/0f8ed7c6-cf75-484c-b0e7-8a1420cf807c 0.065s
2025-12-09 08:23:56.373 65793 INFO tempest.lib.common.rest_client [req-17f9ca4e-fe95-4829-b609-a4dbd1ce6fe2 req-17f9ca4e-fe95-4829-b609-a4dbd1ce6fe2 ] Request (ServerRescueNegativeTestJSON:setUpClass): 200 GET http://10.180.1.21/compute/v2.1/servers/4883cfab-4012-491a-9694-786ca1d3154b 2.586s
2025-12-09 08:23:56.380 65793 INFO tempest.common.waiters [-] State transition "BUILD/spawning" ==> "ACTIVE/None" after 32 second wait
2025-12-09 08:23:56.388 65825 INFO tempest.lib.common.rest_client [req-eb546933-3abe-48bb-a4cb-fb136dcc48ec req-eb546933-3abe-48bb-a4cb-fb136dcc48ec ] Request (VolumesTestJSON:tearDownClass): 200 GET http://10.180.1.21/volume/v3/volumes/0f8ed7c6-cf75-484c-b0e7-8a1420cf807c 0.032s
2025-12-09 08:23:56.453 65783 INFO tempest.lib.common.rest_client [req-5a3310a1-0a76-49b8-9731-44b53337a850 req-5a3310a1-0a76-49b8-9731-44b53337a850 ] Request (ListImageFiltersTestJSON:setUpClass): 201 POST http://10.180.1.21/image/v2/images 0.465s
2025-12-09 08:23:56.493 65797 INFO tempest.lib.common.rest_client [req-b6bc6a52-9c7c-4286-b6a4-b6081d46d604 req-b6bc6a52-9c7c-4286-b6a4-b6081d46d604 ] Request (MigrationsAdminTest:test_resize_server_revert_deleted_flavor): 200 GET http://10.180.1.21/compute/v2.1/servers/0be6a04f-9648-46de-95f0-db2cf56853c6 2.553s
2025-12-09 08:23:56.503 65797 INFO tempest.common.waiters [-] State transition "BUILD/None" ==> "BUILD/spawning" after 12 second wait
2025-12-09 08:23:56.518 65817 INFO tempest.lib.common.rest_client [req-dc01db64-9037-4a91-9b34-b756e3214dda req-dc01db64-9037-4a91-9b34-b756e3214dda ] Request (ServersAdminTestJSON:test_create_server_with_scheduling_hint): 202 POST http://10.180.1.21/compute/v2.1/servers 2.800s
2025-12-09 08:23:56.744 65795 WARNING tempest.lib.common.ssh [-] Failed to establish authenticated ssh connection to cirros@10.180.180.200 ([Errno None] Unable to connect to port 22 on 10.180.180.200). Number attempts: 10. Retry after 11 seconds.: paramiko.ssh_exception.NoValidConnectionsError: [Errno None] Unable to connect to port 22 on 10.180.180.200
2025-12-09 08:23:56.746 65785 INFO tempest.lib.common.rest_client [req-daec92fd-14da-4050-b2fa-586a43c10fc5 req-daec92fd-14da-4050-b2fa-586a43c10fc5 ] Request (FloatingIPsAssociationTestJSON:test_associate_already_associated_floating_ip): 409 POST http://10.180.1.21/compute/v2.1/servers/38848c80-256b-43f6-9b1a-9c0eb88fec77/action 2.782s
2025-12-09 08:23:56.980 65809 INFO tempest.lib.common.rest_client [req-b147ae43-027e-49dd-a2b9-b057df0871f5 req-b147ae43-027e-49dd-a2b9-b057df0871f5 ] Request (ServerActionsTestOtherA:test_rebuild_server_in_stop_state): 202 POST http://10.180.1.21/compute/v2.1/servers 2.870s
2025-12-09 08:23:57.017 65765 INFO tempest.lib.common.rest_client [req-e3a1dfba-af8c-4b04-b436-9379bf7692c0 req-e3a1dfba-af8c-4b04-b436-9379bf7692c0 ] Request (FlavorsV2TestJSON:test_list_flavors_with_detail): 200 GET http://10.180.1.21/compute/v2.1/flavors/detail 2.857s
2025-12-09 08:23:57.051 65775 INFO tempest.lib.common.rest_client [req-f139939d-fb8f-460b-91f2-c0da3c34f9b0 req-f139939d-fb8f-460b-91f2-c0da3c34f9b0 ] Request (FlavorsAdminTestJSON:_run_cleanups): 200 GET http://10.180.1.21/compute/v2.1/flavors/detail 2.842s
2025-12-09 08:23:57.058 65777 INFO tempest.lib.common.rest_client [req-bd83bc5c-f6b8-4043-9629-3a8fc861c492 req-bd83bc5c-f6b8-4043-9629-3a8fc861c492 ] Request (ImagesMetadataTestJSON:setUp): 200 PUT http://10.180.1.21/compute/v2.1/images/f5d46dd0-df80-4468-9522-e36a30d8ff76/metadata 2.944s
2025-12-09 08:23:57.100 65791 INFO tempest.lib.common.rest_client [req-acabc800-f2cb-44fb-aca2-87ae9e8ac384 req-acabc800-f2cb-44fb-aca2-87ae9e8ac384 ] Request (MultipleCreateTestJSON:_run_cleanups): 404 GET http://10.180.1.21/compute/v2.1/servers/08d6ca25-73c7-415c-9d11-b59e59ccb049 2.623s
2025-12-09 08:23:57.139 65790 INFO tempest.lib.common.rest_client [req-4b43d160-77d2-4a8b-b018-403dcaeac252 req-4b43d160-77d2-4a8b-b018-403dcaeac252 ] Request (ServersAdminNegativeTestJSON:_run_cleanups): 202 DELETE http://10.180.1.21/compute/v2.1/flavors/917877253 2.611s
2025-12-09 08:23:57.201 65791 INFO tempest.lib.common.rest_client [req-69417188-271e-4989-92d7-994c2adb0c38 req-69417188-271e-4989-92d7-994c2adb0c38 ] Request (MultipleCreateTestJSON:test_multiple_create_with_reservation_return): 201 POST http://10.180.1.21/identity/v3/auth/tokens 0.091s
2025-12-09 08:23:57.201 65791 INFO tempest.lib.common.fixed_network [-] (MultipleCreateTestJSON:test_multiple_create_with_reservation_return) Found network {'id': '16ba1258-cc1b-43e1-a87d-a5364ecee8ce', 'name': 'tempest-MultipleCreateTestJSON-71227113-network', 'tenant_id': '37b22172530848ebb878ada1b79c88d1', 'project_id': '37b22172530848ebb878ada1b79c88d1', 'admin_state_up': True, 'mtu': 8950, 'status': 'ACTIVE', 'subnets': [], 'shared': False, 'port_security_enabled': True, 'router:external': False, 'provider:network_type': 'vlan', 'provider:physical_network': 'default', 'provider:segmentation_id': 159, 'availability_zone_hints': [], 'availability_zones': [], 'ipv4_address_scope': None, 'ipv6_address_scope': None, 'description': '', 'tags': [], 'created_at': '2025-12-09T08:22:51Z', 'updated_at': '2025-12-09T08:22:51Z', 'revision_number': 1} available for tenant
2025-12-09 08:23:57.242 65775 INFO tempest.lib.common.rest_client [req-2182eb02-bb34-4a09-9c05-97a27a7ad3ae req-2182eb02-bb34-4a09-9c05-97a27a7ad3ae ] Request (FlavorsAdminTestJSON:tearDownClass): 204 DELETE http://10.180.1.21/identity/v3/users/31f161d62e314039a7712b21c9ae4aa6 0.182s
2025-12-09 08:23:57.262 65823 INFO tempest.lib.common.rest_client [req-8bb89410-e985-4636-8880-16e09d5d3c3f req-8bb89410-e985-4636-8880-16e09d5d3c3f ] Request (ImagesTestJSON:test_create_server_from_snapshot): 200 GET http://10.180.1.21/compute/v2.1/servers/0c0e5012-f257-4b79-8e00-93c7ed079e06 3.034s
2025-12-09 08:23:57.357 65775 INFO tempest.lib.common.rest_client [req-3b7892b3-b56e-4468-ae09-0180037a1706 req-3b7892b3-b56e-4468-ae09-0180037a1706 ] Request (FlavorsAdminTestJSON:tearDownClass): 204 DELETE http://10.180.1.21/identity/v3/users/f966ead6f7e240fe9b4061ec3fee50e2 0.115s
2025-12-09 08:23:57.358 65775 INFO tempest.lib.common.dynamic_creds [-] Deleting project and security group for project: d79d83b50c494c9288ec82da89205780
2025-12-09 08:23:57.413 65825 INFO tempest.lib.common.rest_client [req-1b3dedb7-fe70-4321-b2f3-6c46d457930c req-1b3dedb7-fe70-4321-b2f3-6c46d457930c ] Request (VolumesTestJSON:tearDownClass): 404 GET http://10.180.1.21/volume/v3/volumes/0f8ed7c6-cf75-484c-b0e7-8a1420cf807c 0.018s
2025-12-09 08:23:57.433 65775 INFO tempest.lib.common.rest_client [req-bc2fc817-86f0-419c-b129-ac96199aa667 req-bc2fc817-86f0-419c-b129-ac96199aa667 ] Request (FlavorsAdminTestJSON:tearDownClass): 201 POST http://10.180.1.21/identity/v3/auth/tokens 0.074s
2025-12-09 08:23:57.520 65825 INFO tempest.lib.common.rest_client [req-e7befadb-53cf-4954-9b85-f865e8510814 req-e7befadb-53cf-4954-9b85-f865e8510814 ] Request (VolumesTestJSON:tearDownClass): 204 DELETE http://10.180.1.21/identity/v3/users/b0444405529b4690af3884772e12c603 0.106s
2025-12-09 08:23:57.521 65825 INFO tempest.lib.common.dynamic_creds [-] Deleting project and security group for project: e964f733b89b4e2ba2f971903796d0f3
2025-12-09 08:23:57.607 65825 INFO tempest.lib.common.rest_client [req-a516f9ce-eb68-4b5a-80e5-1e10c278bec2 req-a516f9ce-eb68-4b5a-80e5-1e10c278bec2 ] Request (VolumesTestJSON:tearDownClass): 201 POST http://10.180.1.21/identity/v3/auth/tokens 0.086s
2025-12-09 08:23:57.741 65775 INFO tempest.lib.common.rest_client [req-b3edcea2-25b7-4cbd-81c0-e72477e9f388 req-b3edcea2-25b7-4cbd-81c0-e72477e9f388 ] Request (FlavorsAdminTestJSON:tearDownClass): 200 GET http://10.180.1.21/networking/v2.0/security-groups?tenant_id=d79d83b50c494c9288ec82da89205780&name=default 0.308s
2025-12-09 08:23:57.781 65825 INFO tempest.lib.common.rest_client [req-5d988dd6-ac57-4112-94dd-a156f190a3af req-5d988dd6-ac57-4112-94dd-a156f190a3af ] Request (VolumesTestJSON:tearDownClass): 200 GET http://10.180.1.21/networking/v2.0/security-groups?tenant_id=e964f733b89b4e2ba2f971903796d0f3&name=default 0.173s
2025-12-09 08:23:57.872 65775 INFO tempest.lib.common.rest_client [req-2b86a163-e1d5-4dc1-8630-041847b4ef89 req-2b86a163-e1d5-4dc1-8630-041847b4ef89 ] Request (FlavorsAdminTestJSON:tearDownClass): 204 DELETE http://10.180.1.21/networking/v2.0/security-groups/f40b7e8e-1da5-4558-8828-c2d08cceda8d 0.130s
2025-12-09 08:23:57.940 65825 INFO tempest.lib.common.rest_client [req-f281144f-46ac-449e-baeb-00513e59c10a req-f281144f-46ac-449e-baeb-00513e59c10a ] Request (VolumesTestJSON:tearDownClass): 204 DELETE http://10.180.1.21/networking/v2.0/security-groups/7f70ea10-b5f0-4a81-b8b2-baaa521637fa 0.159s
2025-12-09 08:23:57.990 65775 INFO tempest.lib.common.rest_client [req-bc06b466-fd1d-4463-8a75-0f732a9b02f4 req-bc06b466-fd1d-4463-8a75-0f732a9b02f4 ] Request (FlavorsAdminTestJSON:tearDownClass): 204 DELETE http://10.180.1.21/identity/v3/projects/d79d83b50c494c9288ec82da89205780 0.117s
2025-12-09 08:23:57.990 65775 INFO tempest.lib.common.dynamic_creds [-] Deleting project and security group for project: 7d9c57f9821d49d9a22dd29f810949ea
2025-12-09 08:23:58.069 65825 INFO tempest.lib.common.rest_client [req-2ab6218b-2d9d-414a-82ba-0bb075624978 req-2ab6218b-2d9d-414a-82ba-0bb075624978 ] Request (VolumesTestJSON:tearDownClass): 204 DELETE http://10.180.1.21/identity/v3/projects/e964f733b89b4e2ba2f971903796d0f3 0.128s
2025-12-09 08:23:58.157 65805 INFO tempest.lib.common.rest_client [req-a82b9ee3-c790-4ccc-b07c-48fae8ccd3b9 req-a82b9ee3-c790-4ccc-b07c-48fae8ccd3b9 ] Request (ServerTagsTestJSON:setUpClass): 202 POST http://10.180.1.21/compute/v2.1/servers 3.205s
2025-12-09 08:23:58.194 65775 INFO tempest.lib.common.rest_client [req-23b4989f-86e2-4fc5-aed4-15e9a0bde2a8 req-23b4989f-86e2-4fc5-aed4-15e9a0bde2a8 ] Request (FlavorsAdminTestJSON:tearDownClass): 200 GET http://10.180.1.21/networking/v2.0/security-groups?tenant_id=7d9c57f9821d49d9a22dd29f810949ea&name=default 0.203s
2025-12-09 08:23:58.313 65775 INFO tempest.lib.common.rest_client [req-5046b99d-5437-4a5c-93bf-7afb809e8dbe req-5046b99d-5437-4a5c-93bf-7afb809e8dbe ] Request (FlavorsAdminTestJSON:tearDownClass): 204 DELETE http://10.180.1.21/networking/v2.0/security-groups/ac354066-b319-49b2-9374-867d06996fdc 0.119s
2025-12-09 08:23:58.331 65783 INFO tempest.lib.common.rest_client [req-612f1da0-5966-4016-8cce-b4ba8cc3e1ab req-612f1da0-5966-4016-8cce-b4ba8cc3e1ab ] Request (ListImageFiltersTestJSON:setUpClass): 204 PUT http://10.180.1.21/image/v2/images/f00cb736-4a80-455a-9c59-a1fb99c12631/file 0.877s
2025-12-09 08:23:58.429 65775 INFO tempest.lib.common.rest_client [req-c4ff6b15-1b0b-450c-af82-243b8e5664cc req-c4ff6b15-1b0b-450c-af82-243b8e5664cc ] Request (FlavorsAdminTestJSON:tearDownClass): 204 DELETE http://10.180.1.21/identity/v3/projects/7d9c57f9821d49d9a22dd29f810949ea 0.115s
2025-12-09 08:23:58.430 65775 INFO tempest.test [-] raised in TestMultiAttachVolumeSwap.setUpClass. Invoking tearDownClass.
2025-12-09 08:23:58.513 65775 INFO tempest.lib.common.rest_client [req-a9a0d94e-0874-4b47-a83e-37ff35efac3b req-a9a0d94e-0874-4b47-a83e-37ff35efac3b ] Request (ServersTestBootFromVolume:setUpClass): 201 POST http://10.180.1.21/identity/v3/auth/tokens 0.080s
2025-12-09 08:23:58.545 65775 INFO tempest.lib.common.rest_client [req-25e1ad65-f440-4c64-971a-535267ce5f70 req-25e1ad65-f440-4c64-971a-535267ce5f70 ] Request (ServersTestBootFromVolume:setUpClass): 201 POST http://10.180.1.21/identity/v3/auth/tokens 0.029s
2025-12-09 08:23:58.572 65775 INFO tempest.lib.common.rest_client [req-825a79e5-f7aa-4ea6-b654-cd07b4946e31 req-825a79e5-f7aa-4ea6-b654-cd07b4946e31 ] Request (ServersTestBootFromVolume:setUpClass): 200 GET http://10.180.1.21/identity/v3/domains?name=Default 0.027s
2025-12-09 08:23:58.596 65773 INFO tempest.lib.common.rest_client [req-0071ca8e-2fb4-4d4b-b326-496f2bb1a6b8 req-0071ca8e-2fb4-4d4b-b326-496f2bb1a6b8 ] Request (AttachVolumeNegativeTest:test_attach_attached_volume_to_different_server): 202 POST http://10.180.1.21/compute/v2.1/servers 2.747s
2025-12-09 08:23:58.605 65775 INFO tempest.lib.common.rest_client [req-46d076f1-4d72-4b14-bc69-b00b2f851bbb req-46d076f1-4d72-4b14-bc69-b00b2f851bbb ] Request (ServersTestBootFromVolume:setUpClass): 201 POST http://10.180.1.21/identity/v3/projects 0.031s
2025-12-09 08:23:58.633 65787 INFO tempest.lib.common.rest_client [req-bd4a7d1d-e767-4167-8bb2-b7a830686429 req-bd4a7d1d-e767-4167-8bb2-b7a830686429 ] Request (ValidationResourcesFixture:setUp): 200 POST http://10.180.1.21/compute/v2.1/os-keypairs 2.745s
2025-12-09 08:23:58.695 65775 INFO tempest.lib.common.rest_client [req-d36fc57f-6088-478f-9927-5c1dbdda9fcd req-d36fc57f-6088-478f-9927-5c1dbdda9fcd ] Request (ServersTestBootFromVolume:setUpClass): 201 POST http://10.180.1.21/identity/v3/users 0.090s
2025-12-09 08:23:58.717 65803 INFO tempest.lib.common.rest_client [req-594dd2ed-4638-442b-9ec7-9a3e9e301625 req-594dd2ed-4638-442b-9ec7-9a3e9e301625 ] Request (ServersNegativeTestJSON:setUpClass): 200 GET http://10.180.1.21/compute/v2.1/servers/bf02209c-e435-4833-aba9-72b3d43212ee 2.734s
2025-12-09 08:23:58.725 65775 INFO tempest.lib.common.rest_client [req-886c4302-287e-4cf2-aca6-f234034efb66 req-886c4302-287e-4cf2-aca6-f234034efb66 ] Request (ServersTestBootFromVolume:setUpClass): 200 GET http://10.180.1.21/identity/v3/roles 0.030s
2025-12-09 08:23:58.768 65775 INFO tempest.lib.common.rest_client [req-9189f1cc-eedf-4044-b571-508607c3221b req-9189f1cc-eedf-4044-b571-508607c3221b ] Request (ServersTestBootFromVolume:setUpClass): 204 PUT http://10.180.1.21/identity/v3/projects/fd78605f168644e0914a31dda535e708/users/1452e74802644dd2b14cbe1436d2566a/roles/6185207536d441809aa43de388d1594e 0.042s
2025-12-09 08:23:58.768 65775 INFO tempest.lib.common.dynamic_creds [-] Dynamic test user 1452e74802644dd2b14cbe1436d2566a is created with scope project and roles: ['member']
2025-12-09 08:23:58.769 65775 INFO tempest.lib.common.dynamic_creds [-] Acquired dynamic creds: credentials: Credentials: {'domain_id': 'default', 'domain_name': 'Default', 'username': 'tempest-ServersTestBootFromVolume-901464301-project-member', 'project_domain_id': 'default', 'project_domain_name': 'Default', 'project_id': 'fd78605f168644e0914a31dda535e708', 'project_name': 'tempest-ServersTestBootFromVolume-901464301', 'tenant_id': 'fd78605f168644e0914a31dda535e708', 'tenant_name': 'tempest-ServersTestBootFromVolume-901464301', 'user_domain_id': 'default', 'user_domain_name': 'Default', 'user_id': '1452e74802644dd2b14cbe1436d2566a', 'system': None}, Network: None, Subnet: None, Router: None
2025-12-09 08:23:58.792 65787 INFO tempest.lib.common.rest_client [req-e5f2ca39-4afd-4fc4-820f-d33159d8a2a5 req-e5f2ca39-4afd-4fc4-820f-d33159d8a2a5 ] Request (ValidationResourcesFixture:setUp): 201 POST http://10.180.1.21/networking/v2.0/security-groups 0.156s
2025-12-09 08:23:58.856 65775 INFO tempest.lib.common.rest_client [req-50c4823a-b483-4759-ad13-77b631e7ad65 req-50c4823a-b483-4759-ad13-77b631e7ad65 ] Request (ServersTestBootFromVolume:setUpClass): 201 POST http://10.180.1.21/identity/v3/auth/tokens 0.086s
2025-12-09 08:23:58.874 65787 INFO tempest.lib.common.rest_client [req-368e347b-8d3c-4d89-b41b-503febfb878d req-368e347b-8d3c-4d89-b41b-503febfb878d ] Request (ValidationResourcesFixture:setUp): 201 POST http://10.180.1.21/networking/v2.0/security-group-rules 0.082s
2025-12-09 08:23:59.069 65787 INFO tempest.lib.common.rest_client [req-324753bb-ddd3-4187-93b0-359e7f62777c req-324753bb-ddd3-4187-93b0-359e7f62777c ] Request (ValidationResourcesFixture:setUp): 201 POST http://10.180.1.21/networking/v2.0/security-group-rules 0.194s
2025-12-09 08:23:59.229 65775 INFO tempest.lib.common.rest_client [req-e25406bc-5e19-4a42-9344-4658006b9b67 req-e25406bc-5e19-4a42-9344-4658006b9b67 ] Request (ServersTestBootFromVolume:setUpClass): 201 POST http://10.180.1.21/networking/v2.0/networks 0.373s
2025-12-09 08:23:59.373 65767 WARNING tempest.lib.common.ssh [-] Failed to establish authenticated ssh connection to cirros@10.180.180.174 ([Errno None] Unable to connect to port 22 on 10.180.180.174). Number attempts: 1. Retry after 2 seconds.: paramiko.ssh_exception.NoValidConnectionsError: [Errno None] Unable to connect to port 22 on 10.180.180.174
2025-12-09 08:23:59.402 65771 INFO tempest.lib.common.rest_client [req-ff2f3ebd-427a-4d83-a523-cb7e31d4a2e5 req-ff2f3ebd-427a-4d83-a523-cb7e31d4a2e5 ] Request (SecurityGroupsTestJSON:test_server_security_groups): 202 POST http://10.180.1.21/compute/v2.1/servers/b6831ee5-b6d6-4773-844e-2e94e78780e5/action 3.410s
2025-12-09 08:23:59.575 65775 INFO tempest.lib.common.rest_client [req-216d009a-2c8b-4f4b-a2bd-0976efa21f29 req-216d009a-2c8b-4f4b-a2bd-0976efa21f29 ] Request (ServersTestBootFromVolume:setUpClass): 201 POST http://10.180.1.21/networking/v2.0/subnets 0.345s
2025-12-09 08:23:59.768 65787 INFO tempest.lib.common.rest_client [req-a6aeeea9-2ffd-4436-a772-cd293f4b03c3 req-a6aeeea9-2ffd-4436-a772-cd293f4b03c3 ] Request (ValidationResourcesFixture:setUp): 201 POST http://10.180.1.21/networking/v2.0/floatingips 0.699s
2025-12-09 08:23:59.777 65769 INFO tempest.lib.common.rest_client [req-c77181ed-b0d2-49d3-a354-a07e0154556d req-c77181ed-b0d2-49d3-a354-a07e0154556d ] Request (SecurityGroupRulesNegativeTestJSON:test_delete_security_group_rule_with_non_existent_id): 404 DELETE http://10.180.1.21/compute/v2.1/os-security-group-rules/1aecb137-5a60-4705-9310-7266702ef542 3.766s
2025-12-09 08:23:59.874 65787 INFO tempest.lib.common.rest_client [req-40b1f29a-bbd7-4582-9db9-58734509caa3 req-40b1f29a-bbd7-4582-9db9-58734509caa3 ] Request (AttachInterfacesTestJSON:test_create_list_show_delete_interfaces_by_network_port): 201 POST http://10.180.1.21/identity/v3/auth/tokens 0.102s
2025-12-09 08:23:59.874 65787 INFO tempest.lib.common.fixed_network [-] (AttachInterfacesTestJSON:test_create_list_show_delete_interfaces_by_network_port) Found network {'id': 'efa680dc-0e82-4a7a-9877-12f6e67868c3', 'name': 'tempest-AttachInterfacesTestJSON-840713670-network', 'tenant_id': '360ae59db90a49ac81163c5173f0b061', 'project_id': '360ae59db90a49ac81163c5173f0b061', 'admin_state_up': True, 'mtu': 8950, 'status': 'ACTIVE', 'subnets': [], 'shared': False, 'port_security_enabled': True, 'router:external': False, 'provider:network_type': 'vlan', 'provider:physical_network': 'default', 'provider:segmentation_id': 916, 'availability_zone_hints': [], 'availability_zones': [], 'ipv4_address_scope': None, 'ipv6_address_scope': None, 'description': '', 'tags': [], 'created_at': '2025-12-09T08:21:10Z', 'updated_at': '2025-12-09T08:21:10Z', 'revision_number': 1} available for tenant
2025-12-09 08:23:59.982 65779 INFO tempest.lib.common.rest_client [req-9a3ca76e-fe60-48dc-b3eb-0689138bfb46 req-9a3ca76e-fe60-48dc-b3eb-0689138bfb46 ] Request (ServersListShow296Test:tearDownClass): 200 GET http://10.180.1.21/compute/v2.1/servers/1b48ec21-390c-4d16-8936-0ca31d7f44d9 3.860s
2025-12-09 08:24:00.041 65781 INFO tempest.lib.common.rest_client [req-c9469d30-e1b7-4139-a17f-0ccb6240510e req-c9469d30-e1b7-4139-a17f-0ccb6240510e ] Request (AttachInterfacesUnderV243Test:test_add_remove_fixed_ip): 202 POST http://10.180.1.21/compute/v2.1/servers/004c7b8c-ad0f-4f70-a695-3f609b6a0be6/action 3.868s
2025-12-09 08:24:00.618 65775 INFO tempest.lib.common.rest_client [req-206ebe36-a625-44f3-97bb-c9de113cf0cd req-206ebe36-a625-44f3-97bb-c9de113cf0cd ] Request (ServersTestBootFromVolume:setUpClass): 201 POST http://10.180.1.21/networking/v2.0/routers 1.042s
2025-12-09 08:24:00.649 65799 INFO tempest.lib.common.rest_client [req-d93ffad2-be16-4107-82a2-683df2685632 req-d93ffad2-be16-4107-82a2-683df2685632 ] Request (ServersTestMultiNic:test_verify_duplicate_network_nics): 200 GET http://10.180.1.21/compute/v2.1/servers/52f906ce-93fc-4593-8a83-30a2da644c29 4.316s
2025-12-09 08:24:00.655 65799 INFO tempest.common.waiters [-] State transition "BUILD/None" ==> "BUILD/block_device_mapping" after 15 second wait
2025-12-09 08:24:00.731 65793 INFO tempest.lib.common.rest_client [req-ae32f696-4a62-4c70-8f95-6fe9ad08b8f4 req-ae32f696-4a62-4c70-8f95-6fe9ad08b8f4 ] Request (ServerRescueNegativeTestJSON:setUpClass): 200 POST http://10.180.1.21/compute/v2.1/servers/4883cfab-4012-491a-9694-786ca1d3154b/action 4.349s
2025-12-09 08:24:00.845 65807 INFO tempest.lib.common.rest_client [req-190d907c-b113-4f47-99b4-9a45de2d3d6f req-190d907c-b113-4f47-99b4-9a45de2d3d6f ] Request (AttachInterfacesV270Test:test_create_get_list_interfaces): 400 POST http://10.180.1.21/compute/v2.1/servers/807958f4-b72f-4114-a99a-ccdbf6103018/os-interface 5.186s
2025-12-09 08:24:01.485 65775 INFO tempest.lib.common.rest_client [req-aa44b359-d2b2-4252-b3af-4c0093eba2f3 req-aa44b359-d2b2-4252-b3af-4c0093eba2f3 ] Request (ServersTestBootFromVolume:setUpClass): 200 PUT http://10.180.1.21/networking/v2.0/routers/65a70c49-43d8-46f4-a80d-fc840a186950/add_router_interface 0.867s
2025-12-09 08:24:01.486 65775 INFO tempest.lib.common.dynamic_creds [-] Created isolated network resources for: credentials: Credentials: {'domain_id': 'default', 'domain_name': 'Default', 'username': 'tempest-ServersTestBootFromVolume-901464301-project-member', 'project_domain_id': 'default', 'project_domain_name': 'Default', 'project_id': 'fd78605f168644e0914a31dda535e708', 'project_name': 'tempest-ServersTestBootFromVolume-901464301', 'tenant_id': 'fd78605f168644e0914a31dda535e708', 'tenant_name': 'tempest-ServersTestBootFromVolume-901464301', 'user_domain_id': 'default', 'user_domain_name': 'Default', 'user_id': '1452e74802644dd2b14cbe1436d2566a', 'system': None}, Network: {'id': 'f6752695-6978-4545-8cc9-622360aa2f0c', 'name': 'tempest-ServersTestBootFromVolume-1737744957-network', 'tenant_id': 'fd78605f168644e0914a31dda535e708', 'project_id': 'fd78605f168644e0914a31dda535e708', 'admin_state_up': True, 'mtu': 8950, 'status': 'ACTIVE', 'subnets': [], 'shared': False, 'port_security_enabled': True, 'router:external': False, 'provider:network_type': 'vlan', 'provider:physical_network': 'default', 'provider:segmentation_id': 704, 'availability_zone_hints': [], 'availability_zones': [], 'ipv4_address_scope': None, 'ipv6_address_scope': None, 'description': '', 'tags': [], 'created_at': '2025-12-09T08:23:59Z', 'updated_at': '2025-12-09T08:23:59Z', 'revision_number': 1}, Subnet: {'id': '980c69e5-994d-4e10-aacd-d403a9784796', 'name': 'tempest-ServersTestBootFromVolume-1737744957-subnet', 'tenant_id': 'fd78605f168644e0914a31dda535e708', 'network_id': 'f6752695-6978-4545-8cc9-622360aa2f0c', 'ip_version': 4, 'subnetpool_id': None, 'enable_dhcp': True, 'ipv6_ra_mode': None, 'ipv6_address_mode': None, 'gateway_ip': '192.168.128.1', 'cidr': '192.168.128.0/28', 'allocation_pools': [{'start': '192.168.128.2', 'end': '192.168.128.14'}], 'host_routes': [], 'dns_nameservers': [], 'description': '', 'router:external': False, 'service_types': [], 'tags': [], 'created_at': '2025-12-09T08:23:59Z', 'updated_at': '2025-12-09T08:23:59Z', 'revision_number': 0, 'project_id': 'fd78605f168644e0914a31dda535e708'}, Router: {'id': '65a70c49-43d8-46f4-a80d-fc840a186950', 'name': 'tempest-ServersTestBootFromVolume-1737744957-router', 'tenant_id': 'fd78605f168644e0914a31dda535e708', 'admin_state_up': True, 'status': 'ACTIVE', 'external_gateway_info': {'network_id': '4edc9de3-fd32-4c41-a23d-1cd6d75f908f', 'external_fixed_ips': [{'subnet_id': '055723b7-7f5a-45dd-9edf-33175f9a9de6', 'ip_address': '10.180.180.254'}], 'enable_snat': True}, 'description': '', 'availability_zones': [], 'distributed': False, 'ha': False, 'availability_zone_hints': [], 'routes': [], 'flavor_id': None, 'tags': [], 'created_at': '2025-12-09T08:23:59Z', 'updated_at': '2025-12-09T08:24:00Z', 'revision_number': 2, 'project_id': 'fd78605f168644e0914a31dda535e708'}
2025-12-09 08:24:01.567 65775 INFO tempest.lib.common.rest_client [req-0c95c253-2d4f-4b55-8e5b-48ae7e2cb91a req-0c95c253-2d4f-4b55-8e5b-48ae7e2cb91a ] Request (ServersTestBootFromVolume:setUpClass): 201 POST http://10.180.1.21/identity/v3/auth/tokens 0.078s
2025-12-09 08:24:01.663 65817 INFO tempest.lib.common.rest_client [req-82fce09c-b8ab-422b-8994-c7171149d998 req-82fce09c-b8ab-422b-8994-c7171149d998 ] Request (ServersAdminTestJSON:test_create_server_with_scheduling_hint): 200 GET http://10.180.1.21/compute/v2.1/servers/bd6a5a8d-da66-4762-a638-09fd4e46433d 5.143s
2025-12-09 08:24:02.212 65811 INFO tempest.lib.common.rest_client [req-68fb1fc9-6ae4-4dae-b0ca-13f3f17ab0ac req-68fb1fc9-6ae4-4dae-b0ca-13f3f17ab0ac ] Request (AttachVolumeShelveTestJSON:test_attach_volume_shelved_or_offload_server): 200 GET http://10.180.1.21/compute/v2.1/servers/025cdc7d-3048-4661-bffc-c6f8e743be57 5.271s
2025-12-09 08:24:02.224 65811 INFO tempest.common.waiters [-] State transition "BUILD/None" ==> "BUILD/networking" after 17 second wait
2025-12-09 08:24:02.377 65809 INFO tempest.lib.common.rest_client [req-a865e069-6c2b-46c3-94f3-3e990c800a46 req-a865e069-6c2b-46c3-94f3-3e990c800a46 ] Request (ServerActionsTestOtherA:test_rebuild_server_in_stop_state): 200 GET http://10.180.1.21/compute/v2.1/servers/0174005b-f4ba-4b7e-aee8-b0bb5e3a13a8 5.395s
2025-12-09 08:24:02.402 65765 INFO tempest.lib.common.rest_client [req-b7a6b3c9-eea5-4645-a090-ae915c131475 req-b7a6b3c9-eea5-4645-a090-ae915c131475 ] Request (FlavorsV2TestJSON:test_list_flavors_with_detail): 200 GET http://10.180.1.21/compute/v2.1/flavors/42 5.378s
2025-12-09 08:24:02.527 65765 INFO tempest.lib.common.rest_client [req-3e41350e-623f-4611-b62d-3d50621028ab req-3e41350e-623f-4611-b62d-3d50621028ab ] Request (FlavorsV2TestJSON:tearDownClass): 204 DELETE http://10.180.1.21/identity/v3/users/6654ddd1d7754e538f9d11d9248f89b3 0.120s
2025-12-09 08:24:02.527 65765 INFO tempest.lib.common.dynamic_creds [-] Deleting project and security group for project: 8ce224487e3c4b528ae2eaaaa749ccab
2025-12-09 08:24:02.598 65765 INFO tempest.lib.common.rest_client [req-a2baaac2-9cf2-45f3-9d52-60d94ca7c7b9 req-a2baaac2-9cf2-45f3-9d52-60d94ca7c7b9 ] Request (FlavorsV2TestJSON:tearDownClass): 201 POST http://10.180.1.21/identity/v3/auth/tokens 0.071s
2025-12-09 08:24:02.639 65777 INFO tempest.lib.common.rest_client [req-85025939-858a-4d0c-8568-2a0f2c163143 req-85025939-858a-4d0c-8568-2a0f2c163143 ] Request (ImagesMetadataTestJSON:test_set_image_metadata_item): 200 PUT http://10.180.1.21/compute/v2.1/images/f5d46dd0-df80-4468-9522-e36a30d8ff76/metadata/os_version 5.580s
2025-12-09 08:24:02.662 65790 INFO tempest.lib.common.rest_client [req-58cfa453-0b3c-4ecc-affb-99fafaad0d3c req-58cfa453-0b3c-4ecc-affb-99fafaad0d3c ] Request (ServersAdminNegativeTestJSON:_run_cleanups): 200 GET http://10.180.1.21/compute/v2.1/flavors/detail 5.521s
2025-12-09 08:24:02.883 65765 INFO tempest.lib.common.rest_client [req-c89573af-9623-4687-a4c3-bb4009d14178 req-c89573af-9623-4687-a4c3-bb4009d14178 ] Request (FlavorsV2TestJSON:tearDownClass): 200 GET http://10.180.1.21/networking/v2.0/security-groups?tenant_id=8ce224487e3c4b528ae2eaaaa749ccab&name=default 0.285s
2025-12-09 08:24:04.595 65765 INFO tempest.lib.common.rest_client [req-8b77a425-f292-47dc-8fec-fac2ce6cc31a req-8b77a425-f292-47dc-8fec-fac2ce6cc31a ] Request (FlavorsV2TestJSON:tearDownClass): 204 DELETE http://10.180.1.21/networking/v2.0/security-groups/f53d6a40-04f1-45f0-8687-e4c5a041af69 1.712s
2025-12-09 08:24:04.666 65765 INFO tempest.lib.common.rest_client [req-c600289d-0471-4024-bfe1-1fff80d53aca req-c600289d-0471-4024-bfe1-1fff80d53aca ] Request (FlavorsV2TestJSON:tearDownClass): 204 DELETE http://10.180.1.21/identity/v3/projects/8ce224487e3c4b528ae2eaaaa749ccab 0.070s
2025-12-09 08:24:04.667 65765 INFO tempest.test [-] raised in NoVNCConsoleTestJSON.setUpClass. Invoking tearDownClass.
2025-12-09 08:24:04.939 65767 WARNING tempest.lib.common.ssh [-] Failed to establish authenticated ssh connection to cirros@10.180.180.174 ([Errno None] Unable to connect to port 22 on 10.180.180.174). Number attempts: 2. Retry after 3 seconds.: paramiko.ssh_exception.NoValidConnectionsError: [Errno None] Unable to connect to port 22 on 10.180.180.174
2025-12-09 08:24:04.963 65791 INFO tempest.lib.common.rest_client [req-7f4c7fef-d03d-4289-b307-d31d5eff59cf req-7f4c7fef-d03d-4289-b307-d31d5eff59cf ] Request (MultipleCreateTestJSON:test_multiple_create_with_reservation_return): 202 POST http://10.180.1.21/compute/v2.1/servers 7.760s
2025-12-09 08:24:04.981 65785 INFO tempest.lib.common.rest_client [req-d1ef703a-6f72-4d66-8d32-49531b6699c7 req-d1ef703a-6f72-4d66-8d32-49531b6699c7 ] Request (FloatingIPsAssociationTestJSON:_run_cleanups): 202 POST http://10.180.1.21/compute/v2.1/servers/41b491a9-0191-4cd6-99b8-613d24dc32a5/action 8.235s
2025-12-09 08:24:05.062 65805 INFO tempest.lib.common.rest_client [req-9ac3e9a8-5b93-4ce7-a437-acf92daafc62 req-9ac3e9a8-5b93-4ce7-a437-acf92daafc62 ] Request (ServerTagsTestJSON:setUpClass): 200 GET http://10.180.1.21/compute/v2.1/servers/5367f64f-25f8-4cf2-bfb9-0da6f95ff248 6.899s
2025-12-09 08:24:05.206 65797 INFO tempest.lib.common.rest_client [req-fbb0f45d-ac67-4c47-b401-1697c383b188 req-fbb0f45d-ac67-4c47-b401-1697c383b188 ] Request (MigrationsAdminTest:test_resize_server_revert_deleted_flavor): 200 GET http://10.180.1.21/compute/v2.1/servers/0be6a04f-9648-46de-95f0-db2cf56853c6 7.701s
2025-12-09 08:24:05.230 65823 INFO tempest.lib.common.rest_client [req-278be2b7-2fce-4510-bb8f-0f0339b42fcb req-278be2b7-2fce-4510-bb8f-0f0339b42fcb ] Request (ImagesTestJSON:test_create_server_from_snapshot): 200 GET http://10.180.1.21/compute/v2.1/servers/0c0e5012-f257-4b79-8e00-93c7ed079e06 6.955s
2025-12-09 08:24:05.239 65823 INFO tempest.common.waiters [-] State transition "BUILD/spawning" ==> "ACTIVE/None" after 30 second wait
2025-12-09 08:24:05.251 65783 INFO tempest.lib.common.rest_client [req-4f017e14-c4a7-45b5-8f50-4938f3bdac11 req-4f017e14-c4a7-45b5-8f50-4938f3bdac11 ] Request (ListImageFiltersTestJSON:setUpClass): 200 GET http://10.180.1.21/compute/v2.1/images/f00cb736-4a80-455a-9c59-a1fb99c12631 6.920s
2025-12-09 08:24:05.291 65773 INFO tempest.lib.common.rest_client [req-73f56501-864b-4ab8-9c22-999053d9289c req-73f56501-864b-4ab8-9c22-999053d9289c ] Request (AttachVolumeNegativeTest:test_attach_attached_volume_to_different_server): 200 GET http://10.180.1.21/compute/v2.1/servers/643f2b96-e285-455b-b3f3-c289bf18cdb8 6.693s
2025-12-09 08:24:06.680 65771 INFO tempest.lib.common.rest_client [req-cf6c11b1-2080-4882-8ada-8175a7857e78 req-cf6c11b1-2080-4882-8ada-8175a7857e78 ] Request (SecurityGroupsTestJSON:test_server_security_groups): 400 DELETE http://10.180.1.21/compute/v2.1/os-security-groups/a5fd4ec2-d6c3-4894-bd80-751b7e6176d6 7.278s
2025-12-09 08:24:06.711 65803 INFO tempest.lib.common.rest_client [req-aba13648-e944-4359-ae8b-67499bbc9b1e req-aba13648-e944-4359-ae8b-67499bbc9b1e ] Request (ServersNegativeTestJSON:setUpClass): 200 GET http://10.180.1.21/compute/v2.1/servers/bf02209c-e435-4833-aba9-72b3d43212ee 6.984s
2025-12-09 08:24:06.721 65803 INFO tempest.common.waiters [-] State transition "BUILD/None" ==> "BUILD/networking" after 12 second wait
2025-12-09 08:24:07.040 65769 INFO tempest.lib.common.rest_client [req-77598f19-4429-40be-aee2-886569392e59 req-77598f19-4429-40be-aee2-886569392e59 ] Request (SecurityGroupRulesNegativeTestJSON:tearDownClass): 202 DELETE http://10.180.1.21/compute/v2.1/os-security-groups/b19be217-6f0c-4753-9adb-361bb3ff2c55 7.261s
2025-12-09 08:24:07.103 65781 INFO tempest.lib.common.rest_client [req-46de117f-4040-4741-aa11-7b3d3d5e041c req-46de117f-4040-4741-aa11-7b3d3d5e041c ] Request (AttachInterfacesUnderV243Test:test_add_remove_fixed_ip): 200 GET http://10.180.1.21/compute/v2.1/servers/004c7b8c-ad0f-4f70-a695-3f609b6a0be6/ips 7.061s
2025-12-09 08:24:07.396 65793 INFO tempest.lib.common.rest_client [req-3e4523f0-f1b1-4731-8606-cb8c9ff8cc60 req-3e4523f0-f1b1-4731-8606-cb8c9ff8cc60 ] Request (ServerRescueNegativeTestJSON:setUpClass): 200 GET http://10.180.1.21/compute/v2.1/servers/4883cfab-4012-491a-9694-786ca1d3154b 6.665s
2025-12-09 08:24:07.486 65807 INFO tempest.lib.common.rest_client [req-9d3af889-d353-4697-8596-701756c2e282 req-9d3af889-d353-4697-8596-701756c2e282 ] Request (AttachInterfacesV270Test:tearDownClass): 204 DELETE http://10.180.1.21/compute/v2.1/servers/807958f4-b72f-4114-a99a-ccdbf6103018 6.639s
2025-12-09 08:24:07.548 65787 INFO tempest.lib.common.rest_client [req-5b06119c-e144-457d-a352-277ce1b140cc req-5b06119c-e144-457d-a352-277ce1b140cc ] Request (AttachInterfacesTestJSON:test_create_list_show_delete_interfaces_by_network_port): 202 POST http://10.180.1.21/compute/v2.1/servers 7.672s
2025-12-09 08:24:07.559 65779 INFO tempest.lib.common.rest_client [req-a9d30b9e-1042-4a74-bba3-e6b80491dc12 req-a9d30b9e-1042-4a74-bba3-e6b80491dc12 ] Request (ServersListShow296Test:tearDownClass): 200 GET http://10.180.1.21/compute/v2.1/servers/1b48ec21-390c-4d16-8936-0ca31d7f44d9 6.563s
2025-12-09 08:24:07.568 65779 INFO tempest.common.waiters [-] State transition "ACTIVE/deleting" ==> "DELETED/None" after 8 second wait
2025-12-09 08:24:07.745 65775 INFO tempest.lib.common.rest_client [req-05ffdbfd-6cc8-445e-b8e2-f7345baac418 req-05ffdbfd-6cc8-445e-b8e2-f7345baac418 ] Request (ServersTestBootFromVolume:setUpClass): 200 POST http://10.180.1.21/compute/v2.1/os-keypairs 6.176s
2025-12-09 08:24:07.753 65799 INFO tempest.lib.common.rest_client [req-b8eb19f2-6bc1-4fb1-96fc-02a916fd8ae5 req-b8eb19f2-6bc1-4fb1-96fc-02a916fd8ae5 ] Request (ServersTestMultiNic:test_verify_duplicate_network_nics): 200 GET http://10.180.1.21/compute/v2.1/servers/52f906ce-93fc-4593-8a83-30a2da644c29 6.097s
2025-12-09 08:24:07.761 65799 INFO tempest.common.waiters [-] State transition "BUILD/block_device_mapping" ==> "BUILD/spawning" after 22 second wait
2025-12-09 08:24:07.804 65777 INFO tempest.lib.common.rest_client [req-ac787ac2-9f24-44e0-8e4f-f30dd01c4c9f req-ac787ac2-9f24-44e0-8e4f-f30dd01c4c9f ] Request (ImagesMetadataTestJSON:test_set_image_metadata_item): 200 GET http://10.180.1.21/compute/v2.1/images/f5d46dd0-df80-4468-9522-e36a30d8ff76/metadata 5.163s
2025-12-09 08:24:07.810 65790 INFO tempest.lib.common.rest_client [req-b088483f-f225-4b3c-90bd-b221ca923745 req-b088483f-f225-4b3c-90bd-b221ca923745 ] Request (ServersAdminNegativeTestJSON:test_restore_server_invalid_state): 409 POST http://10.180.1.21/compute/v2.1/servers/eeaf6ea7-fa4b-450b-9692-9e40c6305e2c/action 5.141s
2025-12-09 08:24:07.874 65775 INFO tempest.lib.common.rest_client [req-a0d6cc36-41f3-41ad-9701-3a25d7d0e9e2 req-a0d6cc36-41f3-41ad-9701-3a25d7d0e9e2 ] Request (ServersTestBootFromVolume:setUpClass): 201 POST http://10.180.1.21/networking/v2.0/security-groups 0.128s
2025-12-09 08:24:08.039 65817 INFO tempest.lib.common.rest_client [req-2dbe3a64-12fb-4f38-af73-4624bf94ab4c req-2dbe3a64-12fb-4f38-af73-4624bf94ab4c ] Request (ServersAdminTestJSON:test_create_server_with_scheduling_hint): 200 GET http://10.180.1.21/compute/v2.1/servers/bd6a5a8d-da66-4762-a638-09fd4e46433d 5.364s
2025-12-09 08:24:08.046 65817 INFO tempest.common.waiters [-] State transition "BUILD/None" ==> "BUILD/networking" after 7 second wait
2025-12-09 08:24:08.133 65775 INFO tempest.lib.common.rest_client [req-16dd4e3d-1a49-4b1c-99df-b0ef9d5a67ee req-16dd4e3d-1a49-4b1c-99df-b0ef9d5a67ee ] Request (ServersTestBootFromVolume:setUpClass): 201 POST http://10.180.1.21/networking/v2.0/security-group-rules 0.258s
2025-12-09 08:24:08.208 65811 INFO tempest.lib.common.rest_client [req-7f56236c-2a4a-4af5-b0d6-cfbbd2ba4416 req-7f56236c-2a4a-4af5-b0d6-cfbbd2ba4416 ] Request (AttachVolumeShelveTestJSON:test_attach_volume_shelved_or_offload_server): 200 GET http://10.180.1.21/compute/v2.1/servers/025cdc7d-3048-4661-bffc-c6f8e743be57 4.983s
2025-12-09 08:24:08.223 65811 INFO tempest.common.waiters [-] State transition "BUILD/networking" ==> "BUILD/spawning" after 23 second wait
2025-12-09 08:24:08.227 65809 INFO tempest.lib.common.rest_client [req-2c0d51a1-b292-46cf-a3a7-b646f4b4c56b req-2c0d51a1-b292-46cf-a3a7-b646f4b4c56b ] Request (ServerActionsTestOtherA:test_rebuild_server_in_stop_state): 200 GET http://10.180.1.21/compute/v2.1/servers/0174005b-f4ba-4b7e-aee8-b0bb5e3a13a8 4.836s
2025-12-09 08:24:08.258 65791 INFO tempest.lib.common.rest_client [req-0732ad6f-bca3-42c4-93e9-7b7a95bd9698 req-0732ad6f-bca3-42c4-93e9-7b7a95bd9698 ] Request (MultipleCreateTestJSON:test_multiple_create_with_reservation_return): 200 GET http://10.180.1.21/compute/v2.1/servers 3.295s
2025-12-09 08:24:08.259 65795 INFO paramiko.transport [-] Connected (version 2.0, client dropbear_2020.81)
2025-12-09 08:24:08.302 65775 INFO tempest.lib.common.rest_client [req-5d4e2df8-8d71-4b0b-a23f-9ceb633af01e req-5d4e2df8-8d71-4b0b-a23f-9ceb633af01e ] Request (ServersTestBootFromVolume:setUpClass): 201 POST http://10.180.1.21/networking/v2.0/security-group-rules 0.169s
2025-12-09 08:24:08.325 65785 INFO tempest.lib.common.rest_client [req-8bf5c3f7-020c-4853-b71e-0578369d19cb req-8bf5c3f7-020c-4853-b71e-0578369d19cb ] Request (FloatingIPsAssociationTestJSON:_run_cleanups): 204 DELETE http://10.180.1.21/compute/v2.1/servers/41b491a9-0191-4cd6-99b8-613d24dc32a5 3.343s
2025-12-09 08:24:08.325 65795 INFO paramiko.transport [-] Authentication (publickey) successful!
2025-12-09 08:24:08.325 65795 INFO tempest.lib.common.ssh [-] ssh connection to cirros@10.180.180.200 successfully created
2025-12-09 08:24:08.361 65783 INFO tempest.lib.common.rest_client [req-31272a4d-97e3-4775-b70a-e5aefbd00d99 req-31272a4d-97e3-4775-b70a-e5aefbd00d99 ] Request (ListImageFiltersTestJSON:setUpClass): 200 GET http://10.180.1.21/compute/v2.1/images/f00cb736-4a80-455a-9c59-a1fb99c12631 3.107s
2025-12-09 08:24:08.458 65783 INFO tempest.lib.common.rest_client [req-6796db08-1fc6-4206-b705-752e5a61c7de req-6796db08-1fc6-4206-b705-752e5a61c7de ] Request (ListImageFiltersTestJSON:setUpClass): 201 POST http://10.180.1.21/identity/v3/auth/tokens 0.090s
2025-12-09 08:24:08.458 65783 INFO tempest.lib.common.fixed_network [-] (ListImageFiltersTestJSON:setUpClass) Found network None available for tenant
2025-12-09 08:24:08.778 65823 INFO tempest.lib.common.rest_client [req-825fdb49-c40c-4d5f-87da-ed87b116ab84 req-825fdb49-c40c-4d5f-87da-ed87b116ab84 ] Request (ImagesTestJSON:test_create_server_from_snapshot): 202 POST http://10.180.1.21/compute/v2.1/servers/0c0e5012-f257-4b79-8e00-93c7ed079e06/action 3.539s
2025-12-09 08:24:08.855 65775 INFO tempest.lib.common.rest_client [req-2ce028a5-bcfe-4ab6-be29-942128d05f90 req-2ce028a5-bcfe-4ab6-be29-942128d05f90 ] Request (ServersTestBootFromVolume:setUpClass): 201 POST http://10.180.1.21/networking/v2.0/floatingips 0.552s
2025-12-09 08:24:08.890 65775 INFO tempest.lib.common.rest_client [req-102f8212-2acd-4f88-88ad-b39142093eed req-102f8212-2acd-4f88-88ad-b39142093eed ] Request (ServersTestBootFromVolume:setUpClass): 201 POST http://10.180.1.21/identity/v3/auth/tokens 0.032s
2025-12-09 08:24:08.890 65775 INFO tempest.lib.common.fixed_network [-] (ServersTestBootFromVolume:setUpClass) Found network {'id': 'f6752695-6978-4545-8cc9-622360aa2f0c', 'name': 'tempest-ServersTestBootFromVolume-1737744957-network', 'tenant_id': 'fd78605f168644e0914a31dda535e708', 'project_id': 'fd78605f168644e0914a31dda535e708', 'admin_state_up': True, 'mtu': 8950, 'status': 'ACTIVE', 'subnets': [], 'shared': False, 'port_security_enabled': True, 'router:external': False, 'provider:network_type': 'vlan', 'provider:physical_network': 'default', 'provider:segmentation_id': 704, 'availability_zone_hints': [], 'availability_zones': [], 'ipv4_address_scope': None, 'ipv6_address_scope': None, 'description': '', 'tags': [], 'created_at': '2025-12-09T08:23:59Z', 'updated_at': '2025-12-09T08:23:59Z', 'revision_number': 1} available for tenant
2025-12-09 08:24:08.942 65805 INFO tempest.lib.common.rest_client [req-1eeb795d-7478-4a61-a20b-827fb7348b37 req-1eeb795d-7478-4a61-a20b-827fb7348b37 ] Request (ServerTagsTestJSON:setUpClass): 200 GET http://10.180.1.21/compute/v2.1/servers/5367f64f-25f8-4cf2-bfb9-0da6f95ff248 2.868s
2025-12-09 08:24:09.087 65773 INFO tempest.lib.common.rest_client [req-4d09362a-6737-487f-ab08-05fcd9dabf19 req-4d09362a-6737-487f-ab08-05fcd9dabf19 ] Request (AttachVolumeNegativeTest:test_attach_attached_volume_to_different_server): 200 GET http://10.180.1.21/compute/v2.1/servers/643f2b96-e285-455b-b3f3-c289bf18cdb8 2.789s
2025-12-09 08:24:09.130 65797 INFO tempest.lib.common.rest_client [req-fada44e0-d970-460c-b8bf-7270cfd0ff4f req-fada44e0-d970-460c-b8bf-7270cfd0ff4f ] Request (MigrationsAdminTest:test_resize_server_revert_deleted_flavor): 200 GET http://10.180.1.21/compute/v2.1/servers/0be6a04f-9648-46de-95f0-db2cf56853c6 2.916s
2025-12-09 08:24:09.139 65797 INFO tempest.common.waiters [-] State transition "BUILD/spawning" ==> "ACTIVE/None" after 25 second wait
2025-12-09 08:24:09.206 65771 INFO tempest.lib.common.rest_client [req-dd0f0e93-f6b4-4e9d-876a-6fd73f7d7d5d req-dd0f0e93-f6b4-4e9d-876a-6fd73f7d7d5d ] Request (SecurityGroupsTestJSON:test_server_security_groups): 204 DELETE http://10.180.1.21/compute/v2.1/servers/b6831ee5-b6d6-4773-844e-2e94e78780e5 2.525s
