2025-12-09 08:21:37.264 65807 INFO tempest.lib.common.rest_client [req-b2c04db9-73d0-4a4e-b2b8-ce591db67eca req-b2c04db9-73d0-4a4e-b2b8-ce591db67eca ] Request (ImagesOneServerTestJSON:test_create_delete_image): 202 POST http://10.180.1.21/compute/v2.1/servers/e5b0540f-84db-4a40-9ceb-61eceb7182d7/action 3.822s
2025-12-09 08:21:37.267 65791 INFO tempest.lib.common.rest_client [req-dd5f085b-41e5-4d01-88e6-335ed15a8d16 req-dd5f085b-41e5-4d01-88e6-335ed15a8d16 ] Request (TenantUsagesTestJSON:setUpClass): 204 PUT http://10.180.1.21/identity/v3/projects/b6bfbc2e2e864423a3c1f510017a4f69/users/9fb476db04604e7791cf02bd2d0e9c51/roles/6185207536d441809aa43de388d1594e 0.063s
2025-12-09 08:21:37.267 65791 INFO tempest.lib.common.dynamic_creds [-] Dynamic test user 9fb476db04604e7791cf02bd2d0e9c51 is created with scope project and roles: ['member']
2025-12-09 08:21:37.268 65791 INFO tempest.lib.common.dynamic_creds [-] Acquired dynamic creds: credentials: Credentials: {'domain_id': 'default', 'domain_name': 'Default', 'username': 'tempest-TenantUsagesTestJSON-201675620-project-member', 'project_domain_id': 'default', 'project_domain_name': 'Default', 'project_id': 'b6bfbc2e2e864423a3c1f510017a4f69', 'project_name': 'tempest-TenantUsagesTestJSON-201675620', 'tenant_id': 'b6bfbc2e2e864423a3c1f510017a4f69', 'tenant_name': 'tempest-TenantUsagesTestJSON-201675620', 'user_domain_id': 'default', 'user_domain_name': 'Default', 'user_id': '9fb476db04604e7791cf02bd2d0e9c51', 'system': None}, Network: None, Subnet: None, Router: None
2025-12-09 08:21:37.268 65791 INFO tempest.lib.common.dynamic_creds [-] Created isolated network resources for: credentials: Credentials: {'domain_id': 'default', 'domain_name': 'Default', 'username': 'tempest-TenantUsagesTestJSON-201675620-project-member', 'project_domain_id': 'default', 'project_domain_name': 'Default', 'project_id': 'b6bfbc2e2e864423a3c1f510017a4f69', 'project_name': 'tempest-TenantUsagesTestJSON-201675620', 'tenant_id': 'b6bfbc2e2e864423a3c1f510017a4f69', 'tenant_name': 'tempest-TenantUsagesTestJSON-201675620', 'user_domain_id': 'default', 'user_domain_name': 'Default', 'user_id': '9fb476db04604e7791cf02bd2d0e9c51', 'system': None}, Network: None, Subnet: None, Router: None
2025-12-09 08:21:37.314 65779 INFO tempest.lib.common.rest_client [req-2a3de83b-3604-4db2-a79f-6311f79ee1b0 req-2a3de83b-3604-4db2-a79f-6311f79ee1b0 ] Request (HypervisorAdminV253TestBase:setUpClass): 204 PUT http://10.180.1.21/identity/v3/projects/cfb5301401cf40fd96ae8e37d9782163/users/8f304e0adb0e4a28bb3882a3eafa1e51/roles/a69919db2b63434bad6c934d6d670edc 0.056s
2025-12-09 08:21:37.314 65779 INFO tempest.lib.common.dynamic_creds [-] Dynamic test user 8f304e0adb0e4a28bb3882a3eafa1e51 is created with scope project and roles: ['admin']
2025-12-09 08:21:37.314 65779 INFO tempest.lib.common.dynamic_creds [-] Acquired dynamic creds: credentials: Credentials: {'domain_id': 'default', 'domain_name': 'Default', 'username': 'tempest-HypervisorAdminV253TestBase-1923839946-project-admin', 'project_domain_id': 'default', 'project_domain_name': 'Default', 'project_id': 'cfb5301401cf40fd96ae8e37d9782163', 'project_name': 'tempest-HypervisorAdminV253TestBase-1923839946', 'tenant_id': 'cfb5301401cf40fd96ae8e37d9782163', 'tenant_name': 'tempest-HypervisorAdminV253TestBase-1923839946', 'user_domain_id': 'default', 'user_domain_name': 'Default', 'user_id': '8f304e0adb0e4a28bb3882a3eafa1e51', 'system': None}, Network: None, Subnet: None, Router: None
2025-12-09 08:21:37.314 65779 INFO tempest.lib.common.dynamic_creds [-] Created isolated network resources for: credentials: Credentials: {'domain_id': 'default', 'domain_name': 'Default', 'username': 'tempest-HypervisorAdminV253TestBase-1923839946-project-admin', 'project_domain_id': 'default', 'project_domain_name': 'Default', 'project_id': 'cfb5301401cf40fd96ae8e37d9782163', 'project_name': 'tempest-HypervisorAdminV253TestBase-1923839946', 'tenant_id': 'cfb5301401cf40fd96ae8e37d9782163', 'tenant_name': 'tempest-HypervisorAdminV253TestBase-1923839946', 'user_domain_id': 'default', 'user_domain_name': 'Default', 'user_id': '8f304e0adb0e4a28bb3882a3eafa1e51', 'system': None}, Network: None, Subnet: None, Router: None
2025-12-09 08:21:37.344 65791 INFO tempest.lib.common.rest_client [req-cc688f18-65a0-4c15-b9a8-4cd81ce9cdbb req-cc688f18-65a0-4c15-b9a8-4cd81ce9cdbb ] Request (TenantUsagesTestJSON:setUpClass): 201 POST http://10.180.1.21/identity/v3/auth/tokens 0.073s
2025-12-09 08:21:37.398 65779 INFO tempest.lib.common.rest_client [req-9baf1fcc-3373-442c-a050-84a2a1cd4d2b req-9baf1fcc-3373-442c-a050-84a2a1cd4d2b ] Request (HypervisorAdminV253TestBase:setUpClass): 201 POST http://10.180.1.21/identity/v3/auth/tokens 0.081s
2025-12-09 08:21:37.416 65791 INFO tempest.lib.common.rest_client [req-a8645799-4a0a-42b6-913a-fcfe3bd9727c req-a8645799-4a0a-42b6-913a-fcfe3bd9727c ] Request (TenantUsagesTestJSON:setUpClass): 201 POST http://10.180.1.21/identity/v3/projects 0.071s
2025-12-09 08:21:37.433 65781 INFO tempest.lib.common.rest_client [req-9bd7a872-d121-4588-b058-548faad10282 req-9bd7a872-d121-4588-b058-548faad10282 ] Request (AttachInterfacesUnderV243Test:setUpClass): 201 POST http://10.180.1.21/networking/v2.0/routers 1.062s
2025-12-09 08:21:37.488 65791 INFO tempest.lib.common.rest_client [req-cc122fae-0c42-4f5a-8393-0171ca268c8c req-cc122fae-0c42-4f5a-8393-0171ca268c8c ] Request (TenantUsagesTestJSON:setUpClass): 201 POST http://10.180.1.21/identity/v3/users 0.071s
2025-12-09 08:21:37.511 65791 INFO tempest.lib.common.rest_client [req-fdbf4818-2697-40aa-b9cb-98ddfd85fabc req-fdbf4818-2697-40aa-b9cb-98ddfd85fabc ] Request (TenantUsagesTestJSON:setUpClass): 200 GET http://10.180.1.21/identity/v3/roles 0.022s
2025-12-09 08:21:37.538 65791 INFO tempest.lib.common.rest_client [req-51235d15-a50a-469a-a0a7-143f57b048f9 req-51235d15-a50a-469a-a0a7-143f57b048f9 ] Request (TenantUsagesTestJSON:setUpClass): 204 PUT http://10.180.1.21/identity/v3/projects/51e8670dbbf54e48a0177aaf122ca4cd/users/2b75786bae8d4e1eb04dd43518f35862/roles/a69919db2b63434bad6c934d6d670edc 0.026s
2025-12-09 08:21:37.585 65797 INFO tempest.lib.common.rest_client [req-f1ec34f4-27be-454b-befc-a0d3b9da1a81 req-f1ec34f4-27be-454b-befc-a0d3b9da1a81 ] Request (KeyPairsV210TestJSON:tearDownClass): 204 DELETE http://10.180.1.21/networking/v2.0/security-groups/2c407386-53ef-4a5b-998f-0825b52744be 1.031s
2025-12-09 08:21:37.595 65791 INFO tempest.lib.common.rest_client [req-35ff69ba-bc89-4efc-adb0-d27730264152 req-35ff69ba-bc89-4efc-adb0-d27730264152 ] Request (TenantUsagesTestJSON:setUpClass): 200 GET http://10.180.1.21/identity/v3/roles 0.057s
2025-12-09 08:21:37.613 65791 INFO tempest.lib.common.rest_client [req-73526eac-f22e-4ac9-baa6-856e933f6e32 req-73526eac-f22e-4ac9-baa6-856e933f6e32 ] Request (TenantUsagesTestJSON:setUpClass): 204 PUT http://10.180.1.21/identity/v3/projects/51e8670dbbf54e48a0177aaf122ca4cd/users/2b75786bae8d4e1eb04dd43518f35862/roles/a69919db2b63434bad6c934d6d670edc 0.017s
2025-12-09 08:21:37.613 65791 INFO tempest.lib.common.dynamic_creds [-] Dynamic test user 2b75786bae8d4e1eb04dd43518f35862 is created with scope project and roles: ['admin']
2025-12-09 08:21:37.613 65791 INFO tempest.lib.common.dynamic_creds [-] Acquired dynamic creds: credentials: Credentials: {'domain_id': 'default', 'domain_name': 'Default', 'username': 'tempest-TenantUsagesTestJSON-1957002950-project-admin', 'project_domain_id': 'default', 'project_domain_name': 'Default', 'project_id': '51e8670dbbf54e48a0177aaf122ca4cd', 'project_name': 'tempest-TenantUsagesTestJSON-1957002950', 'tenant_id': '51e8670dbbf54e48a0177aaf122ca4cd', 'tenant_name': 'tempest-TenantUsagesTestJSON-1957002950', 'user_domain_id': 'default', 'user_domain_name': 'Default', 'user_id': '2b75786bae8d4e1eb04dd43518f35862', 'system': None}, Network: None, Subnet: None, Router: None
2025-12-09 08:21:37.614 65791 INFO tempest.lib.common.dynamic_creds [-] Created isolated network resources for: credentials: Credentials: {'domain_id': 'default', 'domain_name': 'Default', 'username': 'tempest-TenantUsagesTestJSON-1957002950-project-admin', 'project_domain_id': 'default', 'project_domain_name': 'Default', 'project_id': '51e8670dbbf54e48a0177aaf122ca4cd', 'project_name': 'tempest-TenantUsagesTestJSON-1957002950', 'tenant_id': '51e8670dbbf54e48a0177aaf122ca4cd', 'tenant_name': 'tempest-TenantUsagesTestJSON-1957002950', 'user_domain_id': 'default', 'user_domain_name': 'Default', 'user_id': '2b75786bae8d4e1eb04dd43518f35862', 'system': None}, Network: None, Subnet: None, Router: None
2025-12-09 08:21:37.662 65797 INFO tempest.lib.common.rest_client [req-92715f1c-ff61-440c-aba4-3a1bf1596ef2 req-92715f1c-ff61-440c-aba4-3a1bf1596ef2 ] Request (KeyPairsV210TestJSON:tearDownClass): 204 DELETE http://10.180.1.21/identity/v3/projects/50f2bc7d6a5e43cea861270385fa344b 0.076s
2025-12-09 08:21:37.689 65791 INFO tempest.lib.common.rest_client [req-0e1b2ae7-b67f-40b9-a5b2-67bea9a0435a req-0e1b2ae7-b67f-40b9-a5b2-67bea9a0435a ] Request (TenantUsagesTestJSON:setUpClass): 201 POST http://10.180.1.21/identity/v3/auth/tokens 0.073s
2025-12-09 08:21:37.690 65791 WARNING tempest.lib.common.rest_client [-] Deprecated: "tenant_id" property is deprecated for removal, use "project_id" instead
2025-12-09 08:21:37.723 65797 INFO tempest.lib.common.rest_client [req-fa204dcb-e923-4cdc-bdb8-df5d8a6a5edf req-fa204dcb-e923-4cdc-bdb8-df5d8a6a5edf ] Request (MigrationsAdminTest:setUpClass): 201 POST http://10.180.1.21/identity/v3/auth/tokens 0.058s
2025-12-09 08:21:37.746 65791 INFO tempest.lib.common.rest_client [req-00bd43b0-6903-4958-9c25-549f0f2b15d2 req-00bd43b0-6903-4958-9c25-549f0f2b15d2 ] Request (TenantUsagesTestJSON:setUpClass): 201 POST http://10.180.1.21/identity/v3/auth/tokens 0.052s
2025-12-09 08:21:37.747 65791 INFO tempest.lib.common.fixed_network [-] (TenantUsagesTestJSON:setUpClass) Found network None available for tenant
2025-12-09 08:21:37.772 65797 INFO tempest.lib.common.rest_client [req-fef1fbd4-b584-4cfa-8282-6ef92b05489a req-fef1fbd4-b584-4cfa-8282-6ef92b05489a ] Request (MigrationsAdminTest:setUpClass): 201 POST http://10.180.1.21/identity/v3/auth/tokens 0.043s
2025-12-09 08:21:37.816 65797 INFO tempest.lib.common.rest_client [req-f66fb257-80f9-4047-8be8-9c6684015ad1 req-f66fb257-80f9-4047-8be8-9c6684015ad1 ] Request (MigrationsAdminTest:setUpClass): 200 GET http://10.180.1.21/identity/v3/domains?name=Default 0.044s
2025-12-09 08:21:37.855 65797 INFO tempest.lib.common.rest_client [req-0f3edd2d-54ee-47b8-a51c-87499b67fe59 req-0f3edd2d-54ee-47b8-a51c-87499b67fe59 ] Request (MigrationsAdminTest:setUpClass): 201 POST http://10.180.1.21/identity/v3/projects 0.038s
2025-12-09 08:21:37.942 65797 INFO tempest.lib.common.rest_client [req-e12f8933-3389-4711-bb6e-c32afed200ab req-e12f8933-3389-4711-bb6e-c32afed200ab ] Request (MigrationsAdminTest:setUpClass): 201 POST http://10.180.1.21/identity/v3/users 0.086s
2025-12-09 08:21:37.955 65813 INFO tempest.lib.common.rest_client [req-aa2fa781-3f13-4c14-8bcd-1d41c7743d49 req-aa2fa781-3f13-4c14-8bcd-1d41c7743d49 ] Request (ImagesNegativeTestJSON:test_create_image_from_deleted_server): 200 GET http://10.180.1.21/compute/v2.1/servers/9b844477-e0ae-4968-8837-573b03345673 4.321s
2025-12-09 08:21:37.968 65813 INFO tempest.common.waiters [-] State transition "BUILD/spawning" ==> "ACTIVE/None" after 25 second wait
2025-12-09 08:21:37.985 65797 INFO tempest.lib.common.rest_client [req-be1b72ac-d10a-4f0d-836a-8b513ccaa14a req-be1b72ac-d10a-4f0d-836a-8b513ccaa14a ] Request (MigrationsAdminTest:setUpClass): 200 GET http://10.180.1.21/identity/v3/roles 0.042s
2025-12-09 08:21:38.023 65797 INFO tempest.lib.common.rest_client [req-94ff7ed3-f4a6-41fd-a03b-ecd7eea32e56 req-94ff7ed3-f4a6-41fd-a03b-ecd7eea32e56 ] Request (MigrationsAdminTest:setUpClass): 204 PUT http://10.180.1.21/identity/v3/projects/c109911b95c345ddb29268e4797fbba7/users/45e136d11a9d489f8e28d8386ad5cd25/roles/6185207536d441809aa43de388d1594e 0.037s
2025-12-09 08:21:38.023 65797 INFO tempest.lib.common.dynamic_creds [-] Dynamic test user 45e136d11a9d489f8e28d8386ad5cd25 is created with scope project and roles: ['member']
2025-12-09 08:21:38.023 65797 INFO tempest.lib.common.dynamic_creds [-] Acquired dynamic creds: credentials: Credentials: {'domain_id': 'default', 'domain_name': 'Default', 'username': 'tempest-MigrationsAdminTest-836415837-project-member', 'project_domain_id': 'default', 'project_domain_name': 'Default', 'project_id': 'c109911b95c345ddb29268e4797fbba7', 'project_name': 'tempest-MigrationsAdminTest-836415837', 'tenant_id': 'c109911b95c345ddb29268e4797fbba7', 'tenant_name': 'tempest-MigrationsAdminTest-836415837', 'user_domain_id': 'default', 'user_domain_name': 'Default', 'user_id': '45e136d11a9d489f8e28d8386ad5cd25', 'system': None}, Network: None, Subnet: None, Router: None
2025-12-09 08:21:38.023 65797 INFO tempest.lib.common.dynamic_creds [-] Created isolated network resources for: credentials: Credentials: {'domain_id': 'default', 'domain_name': 'Default', 'username': 'tempest-MigrationsAdminTest-836415837-project-member', 'project_domain_id': 'default', 'project_domain_name': 'Default', 'project_id': 'c109911b95c345ddb29268e4797fbba7', 'project_name': 'tempest-MigrationsAdminTest-836415837', 'tenant_id': 'c109911b95c345ddb29268e4797fbba7', 'tenant_name': 'tempest-MigrationsAdminTest-836415837', 'user_domain_id': 'default', 'user_domain_name': 'Default', 'user_id': '45e136d11a9d489f8e28d8386ad5cd25', 'system': None}, Network: None, Subnet: None, Router: None
2025-12-09 08:21:38.104 65797 INFO tempest.lib.common.rest_client [req-ddfdf735-ebc8-4559-8036-849deb86be29 req-ddfdf735-ebc8-4559-8036-849deb86be29 ] Request (MigrationsAdminTest:setUpClass): 201 POST http://10.180.1.21/identity/v3/auth/tokens 0.078s
2025-12-09 08:21:38.175 65797 INFO tempest.lib.common.rest_client [req-6af754f8-c17c-4e27-9c3f-5e262ba70f69 req-6af754f8-c17c-4e27-9c3f-5e262ba70f69 ] Request (MigrationsAdminTest:setUpClass): 201 POST http://10.180.1.21/identity/v3/projects 0.070s
2025-12-09 08:21:38.235 65797 INFO tempest.lib.common.rest_client [req-1dc57291-4e43-4d62-aa1c-ca8551274507 req-1dc57291-4e43-4d62-aa1c-ca8551274507 ] Request (MigrationsAdminTest:setUpClass): 201 POST http://10.180.1.21/identity/v3/users 0.059s
2025-12-09 08:21:38.256 65797 INFO tempest.lib.common.rest_client [req-49fa0f6c-0a4c-4a71-90ba-7f7767e1541e req-49fa0f6c-0a4c-4a71-90ba-7f7767e1541e ] Request (MigrationsAdminTest:setUpClass): 200 GET http://10.180.1.21/identity/v3/roles 0.020s
2025-12-09 08:21:38.286 65797 INFO tempest.lib.common.rest_client [req-7a275000-ce20-4564-a5ee-55517a7f0a28 req-7a275000-ce20-4564-a5ee-55517a7f0a28 ] Request (MigrationsAdminTest:setUpClass): 204 PUT http://10.180.1.21/identity/v3/projects/ead99cf2b3214e6f8d0a06778b81e50f/users/70eb1af0b35648bea663fc1efa5b5c1c/roles/a69919db2b63434bad6c934d6d670edc 0.030s
2025-12-09 08:21:38.329 65811 INFO tempest.lib.common.rest_client [req-5c1969a9-aea9-4356-abb6-36c30130f66c req-5c1969a9-aea9-4356-abb6-36c30130f66c ] Request (ServersListShow2100Test:test_list_show_rebuild_update_server_2100): 200 GET http://10.180.1.21/compute/v2.1/servers/e93cdf7d-0c1a-4abf-825d-00a578d44ed5 4.560s
2025-12-09 08:21:38.355 65797 INFO tempest.lib.common.rest_client [req-65857809-2ef5-4b7e-af99-bd03dcb535d7 req-65857809-2ef5-4b7e-af99-bd03dcb535d7 ] Request (MigrationsAdminTest:setUpClass): 200 GET http://10.180.1.21/identity/v3/roles 0.068s
2025-12-09 08:21:38.373 65797 INFO tempest.lib.common.rest_client [req-ddb1ff22-8d90-4592-a84c-470cb79e71d0 req-ddb1ff22-8d90-4592-a84c-470cb79e71d0 ] Request (MigrationsAdminTest:setUpClass): 204 PUT http://10.180.1.21/identity/v3/projects/ead99cf2b3214e6f8d0a06778b81e50f/users/70eb1af0b35648bea663fc1efa5b5c1c/roles/a69919db2b63434bad6c934d6d670edc 0.017s
2025-12-09 08:21:38.373 65797 INFO tempest.lib.common.dynamic_creds [-] Dynamic test user 70eb1af0b35648bea663fc1efa5b5c1c is created with scope project and roles: ['admin']
2025-12-09 08:21:38.373 65797 INFO tempest.lib.common.dynamic_creds [-] Acquired dynamic creds: credentials: Credentials: {'domain_id': 'default', 'domain_name': 'Default', 'username': 'tempest-MigrationsAdminTest-603210242-project-admin', 'project_domain_id': 'default', 'project_domain_name': 'Default', 'project_id': 'ead99cf2b3214e6f8d0a06778b81e50f', 'project_name': 'tempest-MigrationsAdminTest-603210242', 'tenant_id': 'ead99cf2b3214e6f8d0a06778b81e50f', 'tenant_name': 'tempest-MigrationsAdminTest-603210242', 'user_domain_id': 'default', 'user_domain_name': 'Default', 'user_id': '70eb1af0b35648bea663fc1efa5b5c1c', 'system': None}, Network: None, Subnet: None, Router: None
2025-12-09 08:21:38.373 65797 INFO tempest.lib.common.dynamic_creds [-] Created isolated network resources for: credentials: Credentials: {'domain_id': 'default', 'domain_name': 'Default', 'username': 'tempest-MigrationsAdminTest-603210242-project-admin', 'project_domain_id': 'default', 'project_domain_name': 'Default', 'project_id': 'ead99cf2b3214e6f8d0a06778b81e50f', 'project_name': 'tempest-MigrationsAdminTest-603210242', 'tenant_id': 'ead99cf2b3214e6f8d0a06778b81e50f', 'tenant_name': 'tempest-MigrationsAdminTest-603210242', 'user_domain_id': 'default', 'user_domain_name': 'Default', 'user_id': '70eb1af0b35648bea663fc1efa5b5c1c', 'system': None}, Network: None, Subnet: None, Router: None
2025-12-09 08:21:38.383 65773 INFO tempest.lib.common.rest_client [req-3c95d699-44a9-4e4b-95d9-ceb2bf81b3b2 req-3c95d699-44a9-4e4b-95d9-ceb2bf81b3b2 ] Request (ServersTestFqdnHostnames:test_create_server_with_fqdn_name): 202 POST http://10.180.1.21/compute/v2.1/servers 4.999s
2025-12-09 08:21:38.402 65777 INFO tempest.lib.common.rest_client [req-ed4d65ba-6c98-423a-a0cb-fca6eb26224c req-ed4d65ba-6c98-423a-a0cb-fca6eb26224c ] Request (HostsAdminNegativeTestJSON:test_shutdown_nonexistent_host): 404 GET http://10.180.1.21/compute/v2.1/os-hosts/nonexistent_hostname/shutdown 4.324s
2025-12-09 08:21:38.427 65775 INFO tempest.lib.common.rest_client [req-c2f2f166-4de1-4bd6-af23-0b6336b0afd6 req-c2f2f166-4de1-4bd6-af23-0b6336b0afd6 ] Request (FlavorsAdminTestJSON:test_create_flavor_with_int_id): 200 POST http://10.180.1.21/compute/v2.1/flavors 4.320s
2025-12-09 08:21:38.493 65797 INFO tempest.lib.common.rest_client [req-1d58c489-b178-4e4c-b351-cea9b772db4d req-1d58c489-b178-4e4c-b351-cea9b772db4d ] Request (MigrationsAdminTest:setUpClass): 201 POST http://10.180.1.21/identity/v3/auth/tokens 0.116s
2025-12-09 08:21:38.559 65797 INFO tempest.lib.common.rest_client [req-3fa8fd91-6565-45cc-a022-9f6dc7cf060a req-3fa8fd91-6565-45cc-a022-9f6dc7cf060a ] Request (MigrationsAdminTest:setUpClass): 200 GET http://10.180.1.21/identity/v3/projects/c109911b95c345ddb29268e4797fbba7 0.065s
2025-12-09 08:21:38.560 65797 INFO tempest.lib.common.dynamic_creds [-] Using the existing project c109911b95c345ddb29268e4797fbba7 for scope project and roles: ['manager']
2025-12-09 08:21:38.592 65797 INFO tempest.lib.common.rest_client [req-ba6c1e60-e1bf-4ad6-af66-cacb08d0964c req-ba6c1e60-e1bf-4ad6-af66-cacb08d0964c ] Request (MigrationsAdminTest:setUpClass): 201 POST http://10.180.1.21/identity/v3/users 0.032s
2025-12-09 08:21:38.617 65797 INFO tempest.lib.common.rest_client [req-96b3b321-2048-4fd6-bafa-6111525c372a req-96b3b321-2048-4fd6-bafa-6111525c372a ] Request (MigrationsAdminTest:setUpClass): 200 GET http://10.180.1.21/identity/v3/roles 0.024s
2025-12-09 08:21:38.644 65797 INFO tempest.lib.common.rest_client [req-8a8439db-0a0a-45b2-9b20-0b7d6c4000c8 req-8a8439db-0a0a-45b2-9b20-0b7d6c4000c8 ] Request (MigrationsAdminTest:setUpClass): 204 PUT http://10.180.1.21/identity/v3/projects/c109911b95c345ddb29268e4797fbba7/users/2713365390944de3b74ce785d0b8bcd4/roles/4b6dc172ce8f4f7e94411ca9eec816a5 0.027s
2025-12-09 08:21:38.645 65797 INFO tempest.lib.common.dynamic_creds [-] Dynamic test user 2713365390944de3b74ce785d0b8bcd4 is created with scope project and roles: ['manager']
2025-12-09 08:21:38.645 65797 INFO tempest.lib.common.dynamic_creds [-] Acquired dynamic creds: credentials: Credentials: {'domain_id': 'default', 'domain_name': 'Default', 'username': 'tempest-MigrationsAdminTest-836415837-project-manager', 'project_domain_id': 'default', 'project_domain_name': 'Default', 'project_id': 'c109911b95c345ddb29268e4797fbba7', 'project_name': 'tempest-MigrationsAdminTest-836415837', 'tenant_id': 'c109911b95c345ddb29268e4797fbba7', 'tenant_name': 'tempest-MigrationsAdminTest-836415837', 'user_domain_id': 'default', 'user_domain_name': 'Default', 'user_id': '2713365390944de3b74ce785d0b8bcd4', 'system': None}, Network: None, Subnet: None, Router: None
2025-12-09 08:21:38.645 65797 INFO tempest.lib.common.dynamic_creds [-] Network resources are not created for requested scope: project and credentials: Credentials: {'domain_id': 'default', 'domain_name': 'Default', 'username': 'tempest-MigrationsAdminTest-836415837-project-manager', 'project_domain_id': 'default', 'project_domain_name': 'Default', 'project_id': 'c109911b95c345ddb29268e4797fbba7', 'project_name': 'tempest-MigrationsAdminTest-836415837', 'tenant_id': 'c109911b95c345ddb29268e4797fbba7', 'tenant_name': 'tempest-MigrationsAdminTest-836415837', 'user_domain_id': 'default', 'user_domain_name': 'Default', 'user_id': '2713365390944de3b74ce785d0b8bcd4', 'system': None}, Network: None, Subnet: None, Router: None
2025-12-09 08:21:38.713 65781 INFO tempest.lib.common.rest_client [req-ba412289-6dca-4af2-94e0-d3b94254aaad req-ba412289-6dca-4af2-94e0-d3b94254aaad ] Request (AttachInterfacesUnderV243Test:setUpClass): 200 PUT http://10.180.1.21/networking/v2.0/routers/faea5b47-9f2d-4314-869d-ead4f2ccecad/add_router_interface 1.280s
2025-12-09 08:21:38.714 65781 INFO tempest.lib.common.dynamic_creds [-] Created isolated network resources for: credentials: Credentials: {'domain_id': 'default', 'domain_name': 'Default', 'username': 'tempest-AttachInterfacesUnderV243Test-494057747-project-member', 'project_domain_id': 'default', 'project_domain_name': 'Default', 'project_id': '0e3cc77bc7264ed5892c7433c5c04dcc', 'project_name': 'tempest-AttachInterfacesUnderV243Test-494057747', 'tenant_id': '0e3cc77bc7264ed5892c7433c5c04dcc', 'tenant_name': 'tempest-AttachInterfacesUnderV243Test-494057747', 'user_domain_id': 'default', 'user_domain_name': 'Default', 'user_id': '18e93fb3d8664ddfb60f84d86a32964b', 'system': None}, Network: {'id': '3effc908-82d7-45f2-8879-6c0d48c211e6', 'name': 'tempest-AttachInterfacesUnderV243Test-1755571966-network', 'tenant_id': '0e3cc77bc7264ed5892c7433c5c04dcc', 'project_id': '0e3cc77bc7264ed5892c7433c5c04dcc', 'admin_state_up': True, 'mtu': 8950, 'status': 'ACTIVE', 'subnets': [], 'shared': False, 'port_security_enabled': True, 'router:external': False, 'provider:network_type': 'vlan', 'provider:physical_network': 'default', 'provider:segmentation_id': 150, 'availability_zone_hints': [], 'availability_zones': [], 'ipv4_address_scope': None, 'ipv6_address_scope': None, 'description': '', 'tags': [], 'created_at': '2025-12-09T08:21:35Z', 'updated_at': '2025-12-09T08:21:35Z', 'revision_number': 1}, Subnet: {'id': '7c9fd972-1e18-43bc-8481-e69d403a06df', 'name': 'tempest-AttachInterfacesUnderV243Test-1755571966-subnet', 'tenant_id': '0e3cc77bc7264ed5892c7433c5c04dcc', 'network_id': '3effc908-82d7-45f2-8879-6c0d48c211e6', 'ip_version': 4, 'subnetpool_id': None, 'enable_dhcp': True, 'ipv6_ra_mode': None, 'ipv6_address_mode': None, 'gateway_ip': '192.168.128.1', 'cidr': '192.168.128.0/28', 'allocation_pools': [{'start': '192.168.128.2', 'end': '192.168.128.14'}], 'host_routes': [], 'dns_nameservers': [], 'description': '', 'router:external': False, 'service_types': [], 'tags': [], 'created_at': '2025-12-09T08:21:36Z', 'updated_at': '2025-12-09T08:21:36Z', 'revision_number': 0, 'project_id': '0e3cc77bc7264ed5892c7433c5c04dcc'}, Router: {'id': 'faea5b47-9f2d-4314-869d-ead4f2ccecad', 'name': 'tempest-AttachInterfacesUnderV243Test-1755571966-router', 'tenant_id': '0e3cc77bc7264ed5892c7433c5c04dcc', 'admin_state_up': True, 'status': 'ACTIVE', 'external_gateway_info': {'network_id': '4edc9de3-fd32-4c41-a23d-1cd6d75f908f', 'external_fixed_ips': [{'subnet_id': '055723b7-7f5a-45dd-9edf-33175f9a9de6', 'ip_address': '10.180.180.223'}], 'enable_snat': True}, 'description': '', 'availability_zones': [], 'distributed': False, 'ha': False, 'availability_zone_hints': [], 'routes': [], 'flavor_id': None, 'tags': [], 'created_at': '2025-12-09T08:21:36Z', 'updated_at': '2025-12-09T08:21:37Z', 'revision_number': 2, 'project_id': '0e3cc77bc7264ed5892c7433c5c04dcc'}
2025-12-09 08:21:38.716 65797 INFO tempest.lib.common.rest_client [req-5cbf8296-5319-4b9e-9492-cb41375c4ada req-5cbf8296-5319-4b9e-9492-cb41375c4ada ] Request (MigrationsAdminTest:setUpClass): 201 POST http://10.180.1.21/identity/v3/auth/tokens 0.067s
2025-12-09 08:21:38.716 65797 INFO tempest.api.compute.admin.test_migrations [-] Using project manager for migrating servers, project manager user id: 2713365390944de3b74ce785d0b8bcd4
2025-12-09 08:21:38.740 65769 INFO tempest.lib.common.rest_client [req-be63ea06-4a3f-4209-af5b-8a706bff976d req-be63ea06-4a3f-4209-af5b-8a706bff976d ] Request (VolumesAdminNegativeTest:test_update_attached_volume_with_nonexistent_volume_in_uri): 200 GET http://10.180.1.21/compute/v2.1/servers/dee6bd6a-1ea1-4353-9626-f5cca9138eb4 4.670s
2025-12-09 08:21:38.752 65805 INFO tempest.lib.common.rest_client [req-98670d85-4456-4d75-b283-6b599f8031c7 req-98670d85-4456-4d75-b283-6b599f8031c7 ] Request (FlavorsExtraSpecsNegativeTestJSON:test_flavor_unset_nonexistent_key): 404 DELETE http://10.180.1.21/compute/v2.1/flavors/818739217/os-extra_specs/hw:cpu_thread_policy 4.641s
2025-12-09 08:21:38.789 65767 INFO tempest.lib.common.rest_client [req-7715b6bf-035c-470b-bf95-351094b2288a req-7715b6bf-035c-470b-bf95-351094b2288a ] Request (FlavorsAccessNegativeTestJSON:test_flavor_access_list_with_public_flavor): 200 POST http://10.180.1.21/compute/v2.1/flavors 4.639s
2025-12-09 08:21:38.801 65795 INFO tempest.lib.common.rest_client [req-e22ce163-64db-4a76-af8c-0378243aaf3b req-e22ce163-64db-4a76-af8c-0378243aaf3b ] Request (ServersWithSpecificFlavorTestJSON:test_verify_created_server_ephemeral_disk): 200 GET http://10.180.1.21/compute/v2.1/flavors/42/os-extra_specs 4.649s
2025-12-09 08:21:38.813 65781 INFO tempest.lib.common.rest_client [req-2528200f-0705-49ff-ac03-678f7086f44f req-2528200f-0705-49ff-ac03-678f7086f44f ] Request (AttachInterfacesUnderV243Test:setUpClass): 201 POST http://10.180.1.21/identity/v3/auth/tokens 0.097s
2025-12-09 08:21:38.825 65803 INFO tempest.lib.common.rest_client [req-28dd26d5-aa00-4f9d-83b0-761a01bc46b7 req-28dd26d5-aa00-4f9d-83b0-761a01bc46b7 ] Request (QuotaClassesAdminTestJSON:test_update_default_quotas): 200 GET http://10.180.1.21/compute/v2.1/os-quota-class-sets/default 4.475s
2025-12-09 08:21:38.841 65765 INFO tempest.lib.common.rest_client [req-34e717bb-76ca-4322-a4fc-8ed74d7a16f8 req-34e717bb-76ca-4322-a4fc-8ed74d7a16f8 ] Request (FlavorsAccessTestJSON:test_flavor_access_list_with_private_flavor): 200 POST http://10.180.1.21/compute/v2.1/flavors 4.446s
2025-12-09 08:21:38.855 65793 INFO tempest.lib.common.rest_client [req-699fa3f2-1410-4205-8aeb-88c407647335 req-699fa3f2-1410-4205-8aeb-88c407647335 ] Request (SecurityGroupsTestAdminJSON:_run_cleanups): 202 DELETE http://10.180.1.21/compute/v2.1/os-security-groups/82e39fa8-71cd-48cd-91e3-67033b610bc6 4.746s
2025-12-09 08:21:38.876 65783 INFO tempest.lib.common.rest_client [req-a8c94452-05ad-478a-9ddc-dc815976ed98 req-a8c94452-05ad-478a-9ddc-dc815976ed98 ] Request (AggregatesAdminNegativeTestJSON:_run_cleanups): 200 DELETE http://10.180.1.21/compute/v2.1/os-aggregates/2 4.301s
2025-12-09 08:21:38.900 65825 INFO tempest.lib.common.rest_client [req-689e616f-23cb-4e25-b73c-cf08da6048e3 req-689e616f-23cb-4e25-b73c-cf08da6048e3 ] Request (HostsAdminTestJSON:test_show_host_detail): 200 GET http://10.180.1.21/compute/v2.1/os-hosts 4.299s
2025-12-09 08:21:38.911 65821 INFO tempest.lib.common.rest_client [req-438b5a4f-677c-4a7c-933d-8f74205fc97e req-438b5a4f-677c-4a7c-933d-8f74205fc97e ] Request (FlavorsExtraSpecsTestJSON:test_flavor_set_get_update_show_unset_keys): 200 GET http://10.180.1.21/compute/v2.1/flavors/630927454/os-extra_specs 4.284s
2025-12-09 08:21:39.018 65815 INFO tempest.lib.common.rest_client [req-7e023e98-c51a-4cc4-b36d-074b912b5888 req-7e023e98-c51a-4cc4-b36d-074b912b5888 ] Request (VolumesAssistedSnapshotsTest:test_volume_assisted_snapshot_create_delete): 200 GET http://10.180.1.21/compute/v2.1/servers/1aaef603-0426-445d-8612-6207d923b337 4.496s
2025-12-09 08:21:39.031 65815 INFO tempest.common.waiters [-] State transition "BUILD/None" ==> "BUILD/spawning" after 6 second wait
2025-12-09 08:21:39.155 65817 INFO tempest.lib.common.rest_client [req-8bb4cbde-a431-408f-92a1-5be4b19aa709 req-8bb4cbde-a431-408f-92a1-5be4b19aa709 ] Request (QuotasAdminNegativeTest:test_create_server_when_memory_quota_is_full): 200 PUT http://10.180.1.21/compute/v2.1/os-quota-sets/a3d37dc83a8d44e9ba3941aa695ac428 4.330s
2025-12-09 08:21:39.216 65817 INFO tempest.lib.common.rest_client [req-e322614c-ddc8-4695-bd5d-ce611cac5b4f req-e322614c-ddc8-4695-bd5d-ce611cac5b4f ] Request (QuotasAdminNegativeTest:test_create_server_when_memory_quota_is_full): 201 POST http://10.180.1.21/identity/v3/auth/tokens 0.057s
2025-12-09 08:21:39.217 65817 INFO tempest.lib.common.fixed_network [-] (QuotasAdminNegativeTest:test_create_server_when_memory_quota_is_full) Found network None available for tenant
2025-12-09 08:21:39.291 65801 INFO tempest.lib.common.rest_client [req-979f6489-27e4-46d6-8b16-fad6fa545915 req-979f6489-27e4-46d6-8b16-fad6fa545915 ] Request (FloatingIPsAssociationNegativeTestJSON:setUpClass): 200 GET http://10.180.1.21/compute/v2.1/servers/6e7c7a3d-881f-491b-b205-2149941c8137 4.343s
2025-12-09 08:21:39.322 65827 INFO tempest.lib.common.rest_client [req-838ca74b-0054-46ae-a766-b87d27cc92e1 req-838ca74b-0054-46ae-a766-b87d27cc92e1 ] Request (ServerRescueTestJSONUnderV235:setUpClass): 200 GET http://10.180.1.21/compute/v2.1/servers/578c81a0-74b6-4f41-b2ed-1e48dd7e7764 4.447s
2025-12-09 08:21:39.329 65827 INFO tempest.common.waiters [-] State transition "BUILD/None" ==> "BUILD/spawning" after 6 second wait
2025-12-09 08:21:39.395 65823 INFO tempest.lib.common.rest_client [req-0a7726e8-1360-4d21-a7a2-39637e9fa82e req-0a7726e8-1360-4d21-a7a2-39637e9fa82e ] Request (ImagesTestJSON:test_create_image_from_stopped_server): 202 POST http://10.180.1.21/compute/v2.1/servers/1c352f40-174f-42f1-b53f-81ca109158ef/action 4.283s
2025-12-09 08:21:39.418 65809 INFO tempest.lib.common.rest_client [req-c9251bd8-7c83-4023-9129-c63003e3476f req-c9251bd8-7c83-4023-9129-c63003e3476f ] Request (FloatingIPsNegativeTestJSON:test_delete_nonexistent_floating_ip): 404 DELETE http://10.180.1.21/compute/v2.1/os-floating-ips/3e3efba7-0e33-4234-b16f-7d9dc0db1dcd 4.383s
2025-12-09 08:21:39.988 65820 INFO tempest.lib.common.rest_client [req-e27e2b0d-d8df-4b27-b92f-a68a00bf43b4 req-e27e2b0d-d8df-4b27-b92f-a68a00bf43b4 ] Request (ServersNegativeTestMultiTenantJSON:setUpClass): 200 GET http://10.180.1.21/compute/v2.1/servers/0eade3d5-582f-47a9-b782-0e2f499b31cd 4.767s
2025-12-09 08:21:40.251 65785 INFO tempest.lib.common.rest_client [req-7eb6f3b0-d666-4b46-9027-d66d56059179 req-7eb6f3b0-d666-4b46-9027-d66d56059179 ] Request (ServersAdmin275Test:test_rebuild_update_server_275): 200 GET http://10.180.1.21/compute/v2.1/servers/28f51cf5-480c-4300-aa9b-a302ec00701f 4.794s
2025-12-09 08:21:40.263 65785 INFO tempest.common.waiters [-] State transition "REBUILD/rebuilding" ==> "REBUILD/rebuild_spawning" after 6 second wait
2025-12-09 08:21:40.277 65790 INFO tempest.lib.common.rest_client [req-ae6856a2-a75e-4fcc-ace4-11009fcf30b2 req-ae6856a2-a75e-4fcc-ace4-11009fcf30b2 ] Request (ServersAdminNegativeTestJSON:setUpClass): 200 GET http://10.180.1.21/compute/v2.1/servers/eeaf6ea7-fa4b-450b-9692-9e40c6305e2c 4.911s
2025-12-09 08:21:40.287 65790 INFO tempest.common.waiters [-] State transition "BUILD/spawning" ==> "ACTIVE/None" after 9 second wait
2025-12-09 08:21:40.411 65809 INFO tempest.lib.common.rest_client [req-3d3a091c-c37b-4062-98e5-b8c2c9c5d290 req-3d3a091c-c37b-4062-98e5-b8c2c9c5d290 ] Request (FloatingIPsNegativeTestJSON:tearDownClass): 200 PUT http://10.180.1.21/networking/v2.0/routers/f9d99f31-b0fe-4514-9657-e834d9b5869b/remove_router_interface 0.992s
2025-12-09 08:21:40.425 65799 INFO tempest.lib.common.rest_client [req-a3e15efc-aed1-4995-8e0d-237729168ff5 req-a3e15efc-aed1-4995-8e0d-237729168ff5 ] Request (ServerDiagnosticsTest:tearDownClass): 204 DELETE http://10.180.1.21/compute/v2.1/servers/c33d6bb6-9f00-4ab8-9d62-940776cb1b45 4.694s
2025-12-09 08:21:40.474 65807 INFO tempest.lib.common.rest_client [req-be254ef9-be5e-4a3f-b3f2-8029d9c35869 req-be254ef9-be5e-4a3f-b3f2-8029d9c35869 ] Request (ImagesOneServerTestJSON:test_create_delete_image): 200 GET http://10.180.1.21/compute/v2.1/images/3a04e0f1-f4b7-4620-af00-400062c1b07a 3.207s
2025-12-09 08:21:40.477 65787 INFO tempest.lib.common.rest_client [req-2994647d-eae6-4bed-9b39-0d78e08a9088 req-2994647d-eae6-4bed-9b39-0d78e08a9088 ] Request (AttachInterfacesTestJSON:test_create_list_show_delete_interfaces_by_fixed_ip): 200 GET http://10.180.1.21/compute/v2.1/servers/620e6e20-084a-4732-afbc-264655ecf508 4.770s
2025-12-09 08:21:40.647 65779 INFO tempest.lib.common.rest_client [req-c433b8de-4c87-4b17-bdcb-5335419172e1 req-c433b8de-4c87-4b17-bdcb-5335419172e1 ] Request (HypervisorAdminV253TestBase:test_list_show_detail_hypervisors): 200 GET http://10.180.1.21/compute/v2.1/os-hypervisors/detail?with_servers=True 3.248s
2025-12-09 08:21:41.032 65809 INFO tempest.lib.common.rest_client [req-db905fe2-ac6d-43b3-bf09-1ce214eb2f65 req-db905fe2-ac6d-43b3-bf09-1ce214eb2f65 ] Request (FloatingIPsNegativeTestJSON:tearDownClass): 204 DELETE http://10.180.1.21/networking/v2.0/routers/f9d99f31-b0fe-4514-9657-e834d9b5869b 0.619s
2025-12-09 08:21:41.072 65771 INFO tempest.lib.common.rest_client [req-20005963-9013-4094-b4f4-ebf8e0710fcf req-20005963-9013-4094-b4f4-ebf8e0710fcf ] Request (SecurityGroupsTestJSON:test_list_security_groups_by_server): 200 GET http://10.180.1.21/compute/v2.1/servers/1d97072d-5bc2-4ae7-89a6-118bac64181c 3.412s
2025-12-09 08:21:41.167 65813 INFO tempest.lib.common.rest_client [req-7df00c33-8dbc-43ae-a3c5-4fc20f3f68ff req-7df00c33-8dbc-43ae-a3c5-4fc20f3f68ff ] Request (ImagesNegativeTestJSON:test_create_image_from_deleted_server): 204 DELETE http://10.180.1.21/compute/v2.1/servers/9b844477-e0ae-4968-8837-573b03345673 3.198s
2025-12-09 08:21:41.207 65809 INFO tempest.lib.common.rest_client [req-2e595970-3817-4edc-a123-13c1072fcd3a req-2e595970-3817-4edc-a123-13c1072fcd3a ] Request (FloatingIPsNegativeTestJSON:tearDownClass): 204 DELETE http://10.180.1.21/networking/v2.0/subnets/b99c9fc5-0d78-4084-9c42-a3654dba7c1a 0.175s
2025-12-09 08:21:41.484 65809 INFO tempest.lib.common.rest_client [req-bf0cb0c7-d8f1-4b10-91c9-7f9a7c045ff3 req-bf0cb0c7-d8f1-4b10-91c9-7f9a7c045ff3 ] Request (FloatingIPsNegativeTestJSON:tearDownClass): 204 DELETE http://10.180.1.21/networking/v2.0/networks/adca6551-a76b-4636-ad5b-869054bcac28 0.276s
2025-12-09 08:21:41.524 65811 INFO tempest.lib.common.rest_client [req-402daa32-9c4d-4b4c-ad98-688ea74151a3 req-402daa32-9c4d-4b4c-ad98-688ea74151a3 ] Request (ServersListShow2100Test:test_list_show_rebuild_update_server_2100): 200 PUT http://10.180.1.21/compute/v2.1/servers/e93cdf7d-0c1a-4abf-825d-00a578d44ed5 3.181s
2025-12-09 08:21:41.633 65809 INFO tempest.lib.common.rest_client [req-661adfde-3b40-4f11-99fc-a5cb27c45ec6 req-661adfde-3b40-4f11-99fc-a5cb27c45ec6 ] Request (FloatingIPsNegativeTestJSON:tearDownClass): 204 DELETE http://10.180.1.21/identity/v3/users/8ebb1286d22b4e87a6275d6e5cd48843 0.149s
2025-12-09 08:21:41.634 65809 INFO tempest.lib.common.dynamic_creds [-] Deleting project and security group for project: 5bca7b5be29b4394a43049b45cc3c1e0
2025-12-09 08:21:41.660 65773 INFO tempest.lib.common.rest_client [req-0bec97ba-a618-4b61-8e8b-8259ba4026fd req-0bec97ba-a618-4b61-8e8b-8259ba4026fd ] Request (ServersTestFqdnHostnames:test_create_server_with_fqdn_name): 200 GET http://10.180.1.21/compute/v2.1/servers/9833747f-6378-4959-a3d1-3a05ad9920f3 3.275s
2025-12-09 08:21:41.669 65777 INFO tempest.lib.common.rest_client [req-572dcfe6-c817-44a4-9b04-463b8faa0e69 req-572dcfe6-c817-44a4-9b04-463b8faa0e69 ] Request (HostsAdminNegativeTestJSON:test_startup_host_with_non_admin_user): 403 GET http://10.180.1.21/compute/v2.1/os-hosts/devstack/startup 3.266s
2025-12-09 08:21:41.691 65775 INFO tempest.lib.common.rest_client [req-3e2a2d1b-6403-43d4-bbac-000fc1fbfdf3 req-3e2a2d1b-6403-43d4-bbac-000fc1fbfdf3 ] Request (FlavorsAdminTestJSON:_run_cleanups): 202 DELETE http://10.180.1.21/compute/v2.1/flavors/289887890 3.261s
2025-12-09 08:21:41.697 65791 INFO tempest.lib.common.rest_client [req-f74d62db-d51a-406b-8a4c-94598feebbd4 req-f74d62db-d51a-406b-8a4c-94598feebbd4 ] Request (TenantUsagesTestJSON:setUpClass): 202 POST http://10.180.1.21/compute/v2.1/servers 3.949s
2025-12-09 08:21:41.704 65805 INFO tempest.lib.common.rest_client [req-961b3470-d85d-47d5-9f66-92ecf0477137 req-961b3470-d85d-47d5-9f66-92ecf0477137 ] Request (FlavorsExtraSpecsNegativeTestJSON:test_flavor_update_mismatch_key): 400 PUT http://10.180.1.21/compute/v2.1/flavors/818739217/os-extra_specs/hw:numa_nodes 2.950s
2025-12-09 08:21:41.714 65767 INFO tempest.lib.common.rest_client [req-7ed26c34-4ec4-476e-a0d2-0f252a004239 req-7ed26c34-4ec4-476e-a0d2-0f252a004239 ] Request (FlavorsAccessNegativeTestJSON:test_flavor_access_list_with_public_flavor): 404 GET http://10.180.1.21/compute/v2.1/flavors/1418728442/os-flavor-access 2.921s
2025-12-09 08:21:41.741 65809 INFO tempest.lib.common.rest_client [req-4a23f2c7-986c-4119-a068-59e30ce8fe6b req-4a23f2c7-986c-4119-a068-59e30ce8fe6b ] Request (FloatingIPsNegativeTestJSON:tearDownClass): 200 GET http://10.180.1.21/networking/v2.0/security-groups?tenant_id=5bca7b5be29b4394a43049b45cc3c1e0&name=default 0.106s
2025-12-09 08:21:41.748 65795 INFO tempest.lib.common.rest_client [req-43394faa-4686-46ad-bd4c-3b5a3ab83135 req-43394faa-4686-46ad-bd4c-3b5a3ab83135 ] Request (ServersWithSpecificFlavorTestJSON:test_verify_created_server_ephemeral_disk): 200 POST http://10.180.1.21/compute/v2.1/flavors/190260166/os-extra_specs 2.946s
2025-12-09 08:21:41.848 65797 INFO tempest.lib.common.rest_client [req-07a621ef-a5ca-4377-b495-adf11e88ba6b req-07a621ef-a5ca-4377-b495-adf11e88ba6b ] Request (MigrationsAdminTest:test_list_migrations): 200 GET http://10.180.1.21/compute/v2.1/os-migrations 3.129s
2025-12-09 08:21:41.903 65803 INFO tempest.lib.common.rest_client [req-fbfbc591-e563-4901-97c6-fe3b838443ec req-fbfbc591-e563-4901-97c6-fe3b838443ec ] Request (QuotaClassesAdminTestJSON:_run_cleanups): 200 PUT http://10.180.1.21/compute/v2.1/os-quota-class-sets/default 3.074s
2025-12-09 08:21:41.919 65809 INFO tempest.lib.common.rest_client [req-ae48421a-10f7-46d8-a553-1d47d52fffa0 req-ae48421a-10f7-46d8-a553-1d47d52fffa0 ] Request (FloatingIPsNegativeTestJSON:tearDownClass): 204 DELETE http://10.180.1.21/networking/v2.0/security-groups/6a3f1ff2-dec9-4f32-95d6-64d7027af6af 0.177s
2025-12-09 08:21:41.931 65797 INFO tempest.lib.common.rest_client [req-46d52fa5-010a-4a67-a6d0-2d156aa0b494 req-46d52fa5-010a-4a67-a6d0-2d156aa0b494 ] Request (MigrationsAdminTest:test_list_migrations_in_flavor_resize_situation): 201 POST http://10.180.1.21/identity/v3/auth/tokens 0.074s
2025-12-09 08:21:41.932 65797 INFO tempest.lib.common.fixed_network [-] (MigrationsAdminTest:test_list_migrations_in_flavor_resize_situation) Found network None available for tenant
2025-12-09 08:21:41.932 65765 INFO tempest.lib.common.rest_client [req-c6d9fce4-d89a-4a86-921e-d9863194b5b0 req-c6d9fce4-d89a-4a86-921e-d9863194b5b0 ] Request (FlavorsAccessTestJSON:test_flavor_access_list_with_private_flavor): 200 GET http://10.180.1.21/compute/v2.1/flavors/873831348/os-flavor-access 3.088s
2025-12-09 08:21:41.942 65781 INFO tempest.lib.common.rest_client [req-1d578202-076d-4493-8661-8a334add35b4 req-1d578202-076d-4493-8661-8a334add35b4 ] Request (ValidationResourcesFixture:setUp): 200 POST http://10.180.1.21/compute/v2.1/os-keypairs 3.126s
2025-12-09 08:21:41.965 65783 INFO tempest.lib.common.rest_client [req-169d1231-f3ed-4268-824d-6f1efa51877b req-169d1231-f3ed-4268-824d-6f1efa51877b ] Request (AggregatesAdminNegativeTestJSON:test_aggregate_add_non_exist_host): 200 POST http://10.180.1.21/compute/v2.1/os-aggregates 3.086s
2025-12-09 08:21:42.031 65825 INFO tempest.lib.common.rest_client [req-5e638830-dc81-4c57-81dd-81a68fb57d5e req-5e638830-dc81-4c57-81dd-81a68fb57d5e ] Request (HostsAdminTestJSON:test_show_host_detail): 200 GET http://10.180.1.21/compute/v2.1/os-hosts/cpu-1 3.129s
2025-12-09 08:21:42.061 65821 INFO tempest.lib.common.rest_client [req-d427a885-9a45-4b34-b8d6-bb007b112efa req-d427a885-9a45-4b34-b8d6-bb007b112efa ] Request (FlavorsExtraSpecsTestJSON:test_flavor_set_get_update_show_unset_keys): 200 PUT http://10.180.1.21/compute/v2.1/flavors/630927454/os-extra_specs/hw:numa_nodes 3.149s
2025-12-09 08:21:42.073 65803 INFO tempest.lib.common.rest_client [req-6865d3a8-d921-4af2-80f0-029308e996b3 req-6865d3a8-d921-4af2-80f0-029308e996b3 ] Request (QuotaClassesAdminTestJSON:tearDownClass): 204 DELETE http://10.180.1.21/identity/v3/users/7ae345e9ea5142acbaa4d6920cd635db 0.160s
2025-12-09 08:21:42.075 65809 INFO tempest.lib.common.rest_client [req-30cb6bed-6615-4ec2-b929-4b64f29a86b9 req-30cb6bed-6615-4ec2-b929-4b64f29a86b9 ] Request (FloatingIPsNegativeTestJSON:tearDownClass): 204 DELETE http://10.180.1.21/identity/v3/projects/5bca7b5be29b4394a43049b45cc3c1e0 0.155s
2025-12-09 08:21:42.143 65781 INFO tempest.lib.common.rest_client [req-4d57e1af-2d94-48ad-b35f-1638e5e7ab1c req-4d57e1af-2d94-48ad-b35f-1638e5e7ab1c ] Request (ValidationResourcesFixture:setUp): 201 POST http://10.180.1.21/networking/v2.0/security-groups 0.200s
2025-12-09 08:21:42.188 65825 INFO tempest.lib.common.rest_client [req-5f8cd989-0678-4be1-a634-216fcbb5e346 req-5f8cd989-0678-4be1-a634-216fcbb5e346 ] Request (HostsAdminTestJSON:tearDownClass): 204 DELETE http://10.180.1.21/identity/v3/users/adb9ff48359146b1b7022bccc5a9449d 0.155s
2025-12-09 08:21:42.219 65803 INFO tempest.lib.common.rest_client [req-0b6445c6-005c-4946-943d-be00ead03706 req-0b6445c6-005c-4946-943d-be00ead03706 ] Request (QuotaClassesAdminTestJSON:tearDownClass): 204 DELETE http://10.180.1.21/identity/v3/users/2dd8825699ff43e394408e549169ac94 0.146s
2025-12-09 08:21:42.219 65803 INFO tempest.lib.common.dynamic_creds [-] Deleting project and security group for project: 7560a9cd341149d9b8a2b79a0247b64f
2025-12-09 08:21:42.282 65809 INFO tempest.lib.common.rest_client [req-0f0201ea-bd33-4017-aeac-cc0b7da9acb8 req-0f0201ea-bd33-4017-aeac-cc0b7da9acb8 ] Request (FloatingIPDetailsTestJSON:setUpClass): 201 POST http://10.180.1.21/identity/v3/auth/tokens 0.206s
2025-12-09 08:21:42.287 65793 INFO tempest.lib.common.rest_client [req-249d184c-1683-47eb-998f-c5e9786ee41a req-249d184c-1683-47eb-998f-c5e9786ee41a ] Request (SecurityGroupsTestAdminJSON:_run_cleanups): 202 DELETE http://10.180.1.21/compute/v2.1/os-security-groups/f1b07c31-9aeb-4cb5-84dd-135fdcf24f2a 3.431s
2025-12-09 08:21:42.314 65803 INFO tempest.lib.common.rest_client [req-64cab801-fb21-476c-98a0-c65175dbb124 req-64cab801-fb21-476c-98a0-c65175dbb124 ] Request (QuotaClassesAdminTestJSON:tearDownClass): 201 POST http://10.180.1.21/identity/v3/auth/tokens 0.095s
2025-12-09 08:21:42.364 65825 INFO tempest.lib.common.rest_client [req-9738f9f9-f2f4-4671-8ddf-31b6d88f21fb req-9738f9f9-f2f4-4671-8ddf-31b6d88f21fb ] Request (HostsAdminTestJSON:tearDownClass): 204 DELETE http://10.180.1.21/identity/v3/users/c2cd6bb8112241558b20d78ccd9336f0 0.176s
2025-12-09 08:21:42.365 65825 INFO tempest.lib.common.dynamic_creds [-] Deleting project and security group for project: 80a1f870ac0443308e7663ee671a2ec8
2025-12-09 08:21:42.411 65809 INFO tempest.lib.common.rest_client [req-20b2b998-b030-4eb4-ac5a-97fa3ab80cd4 req-20b2b998-b030-4eb4-ac5a-97fa3ab80cd4 ] Request (FloatingIPDetailsTestJSON:setUpClass): 201 POST http://10.180.1.21/identity/v3/auth/tokens 0.126s
2025-12-09 08:21:42.430 65781 INFO tempest.lib.common.rest_client [req-71be8aa6-cf70-43e6-8bae-4975ac99c190 req-71be8aa6-cf70-43e6-8bae-4975ac99c190 ] Request (ValidationResourcesFixture:setUp): 201 POST http://10.180.1.21/networking/v2.0/security-group-rules 0.286s
2025-12-09 08:21:42.440 65825 INFO tempest.lib.common.rest_client [req-caab18e7-bba4-4763-ac3c-81ec57e9fabf req-caab18e7-bba4-4763-ac3c-81ec57e9fabf ] Request (HostsAdminTestJSON:tearDownClass): 201 POST http://10.180.1.21/identity/v3/auth/tokens 0.074s
2025-12-09 08:21:42.498 65809 INFO tempest.lib.common.rest_client [req-c7fde91c-5fce-4653-8c6e-9b434777c619 req-c7fde91c-5fce-4653-8c6e-9b434777c619 ] Request (FloatingIPDetailsTestJSON:setUpClass): 200 GET http://10.180.1.21/identity/v3/domains?name=Default 0.087s
2025-12-09 08:21:42.531 65809 INFO tempest.lib.common.rest_client [req-ecf92583-dadd-47ab-aa16-d528092d0081 req-ecf92583-dadd-47ab-aa16-d528092d0081 ] Request (FloatingIPDetailsTestJSON:setUpClass): 201 POST http://10.180.1.21/identity/v3/projects 0.032s
2025-12-09 08:21:42.604 65809 INFO tempest.lib.common.rest_client [req-f851fb00-b458-4999-bcfb-aa908142ef8d req-f851fb00-b458-4999-bcfb-aa908142ef8d ] Request (FloatingIPDetailsTestJSON:setUpClass): 201 POST http://10.180.1.21/identity/v3/users 0.072s
2025-12-09 08:21:42.629 65809 INFO tempest.lib.common.rest_client [req-b04de13e-4ca9-4f35-87c4-bffebe429320 req-b04de13e-4ca9-4f35-87c4-bffebe429320 ] Request (FloatingIPDetailsTestJSON:setUpClass): 200 GET http://10.180.1.21/identity/v3/roles 0.024s
2025-12-09 08:21:42.677 65809 INFO tempest.lib.common.rest_client [req-a1511eaf-c4ec-438e-ab04-7d12da3e615e req-a1511eaf-c4ec-438e-ab04-7d12da3e615e ] Request (FloatingIPDetailsTestJSON:setUpClass): 204 PUT http://10.180.1.21/identity/v3/projects/b7b84dcc20c84bd0b56b8ce2857e89c6/users/59839c3f36774560b3b730a69e418b4e/roles/6185207536d441809aa43de388d1594e 0.047s
2025-12-09 08:21:42.677 65809 INFO tempest.lib.common.dynamic_creds [-] Dynamic test user 59839c3f36774560b3b730a69e418b4e is created with scope project and roles: ['member']
2025-12-09 08:21:42.678 65809 INFO tempest.lib.common.dynamic_creds [-] Acquired dynamic creds: credentials: Credentials: {'domain_id': 'default', 'domain_name': 'Default', 'username': 'tempest-FloatingIPDetailsTestJSON-155747419-project-member', 'project_domain_id': 'default', 'project_domain_name': 'Default', 'project_id': 'b7b84dcc20c84bd0b56b8ce2857e89c6', 'project_name': 'tempest-FloatingIPDetailsTestJSON-155747419', 'tenant_id': 'b7b84dcc20c84bd0b56b8ce2857e89c6', 'tenant_name': 'tempest-FloatingIPDetailsTestJSON-155747419', 'user_domain_id': 'default', 'user_domain_name': 'Default', 'user_id': '59839c3f36774560b3b730a69e418b4e', 'system': None}, Network: None, Subnet: None, Router: None
2025-12-09 08:21:42.698 65781 INFO tempest.lib.common.rest_client [req-323f2bc6-eb97-45d6-8dea-3d83f9101fbd req-323f2bc6-eb97-45d6-8dea-3d83f9101fbd ] Request (ValidationResourcesFixture:setUp): 201 POST http://10.180.1.21/networking/v2.0/security-group-rules 0.267s
2025-12-09 08:21:42.729 65803 INFO tempest.lib.common.rest_client [req-c7020ab6-cc04-4d55-820a-8ef59e2f588c req-c7020ab6-cc04-4d55-820a-8ef59e2f588c ] Request (QuotaClassesAdminTestJSON:tearDownClass): 200 GET http://10.180.1.21/networking/v2.0/security-groups?tenant_id=7560a9cd341149d9b8a2b79a0247b64f&name=default 0.414s
2025-12-09 08:21:42.751 65809 INFO tempest.lib.common.rest_client [req-86b03740-bdaf-4d05-bae7-6f47bba6cd0d req-86b03740-bdaf-4d05-bae7-6f47bba6cd0d ] Request (FloatingIPDetailsTestJSON:setUpClass): 201 POST http://10.180.1.21/identity/v3/auth/tokens 0.073s
2025-12-09 08:21:42.846 65823 INFO tempest.lib.common.rest_client [req-7618b369-1b2d-4784-9277-a11c18ad0675 req-7618b369-1b2d-4784-9277-a11c18ad0675 ] Request (ImagesTestJSON:test_create_image_from_stopped_server): 200 GET http://10.180.1.21/compute/v2.1/servers/1c352f40-174f-42f1-b53f-81ca109158ef 3.450s
2025-12-09 08:21:42.910 65825 INFO tempest.lib.common.rest_client [req-4aa57cdd-0165-40eb-9a74-71aef960718c req-4aa57cdd-0165-40eb-9a74-71aef960718c ] Request (HostsAdminTestJSON:tearDownClass): 200 GET http://10.180.1.21/networking/v2.0/security-groups?tenant_id=80a1f870ac0443308e7663ee671a2ec8&name=default 0.470s
2025-12-09 08:21:43.033 65803 INFO tempest.lib.common.rest_client [req-627875db-b7fc-4004-8278-a68cffc12a2d req-627875db-b7fc-4004-8278-a68cffc12a2d ] Request (QuotaClassesAdminTestJSON:tearDownClass): 204 DELETE http://10.180.1.21/networking/v2.0/security-groups/a5d39f37-d2e8-4f97-8bb1-d78610a05ed5 0.303s
2025-12-09 08:21:43.112 65803 INFO tempest.lib.common.rest_client [req-cfcb3f24-1039-4e34-a012-7d9714bb1001 req-cfcb3f24-1039-4e34-a012-7d9714bb1001 ] Request (QuotaClassesAdminTestJSON:tearDownClass): 204 DELETE http://10.180.1.21/identity/v3/projects/7560a9cd341149d9b8a2b79a0247b64f 0.078s
2025-12-09 08:21:43.112 65803 INFO tempest.lib.common.dynamic_creds [-] Deleting project and security group for project: b1ec0fe38e994742b967980991da091b
2025-12-09 08:21:43.244 65809 INFO tempest.lib.common.rest_client [req-02cab936-71e6-46ab-a55c-362b28e749f9 req-02cab936-71e6-46ab-a55c-362b28e749f9 ] Request (FloatingIPDetailsTestJSON:setUpClass): 201 POST http://10.180.1.21/networking/v2.0/networks 0.492s
2025-12-09 08:21:43.286 65769 INFO tempest.lib.common.rest_client [req-3216f094-d116-4dd7-abdd-899060b030e3 req-3216f094-d116-4dd7-abdd-899060b030e3 ] Request (VolumesAdminNegativeTest:test_update_attached_volume_with_nonexistent_volume_in_uri): 200 GET http://10.180.1.21/compute/v2.1/servers/dee6bd6a-1ea1-4353-9626-f5cca9138eb4 3.536s
