2025-12-09 08:25:06.104 65790 INFO tempest.lib.common.rest_client [req-ebacea05-a79d-46b3-8297-5f8da81ff965 req-ebacea05-a79d-46b3-8297-5f8da81ff965 ] Request (SecurityGroupsNegativeTestJSON:setUpClass): 204 PUT http://10.180.1.21/identity/v3/projects/f9245aa112a84a1cbcfa57f62c27096d/users/c98e50aa30cb4ce39338986cdd1e1991/roles/6185207536d441809aa43de388d1594e 0.029s
2025-12-09 08:25:06.104 65790 INFO tempest.lib.common.dynamic_creds [-] Dynamic test user c98e50aa30cb4ce39338986cdd1e1991 is created with scope project and roles: ['member']
2025-12-09 08:25:06.105 65790 INFO tempest.lib.common.dynamic_creds [-] Acquired dynamic creds: credentials: Credentials: {'domain_id': 'default', 'domain_name': 'Default', 'username': 'tempest-SecurityGroupsNegativeTestJSON-63780400-project-member', 'project_domain_id': 'default', 'project_domain_name': 'Default', 'project_id': 'f9245aa112a84a1cbcfa57f62c27096d', 'project_name': 'tempest-SecurityGroupsNegativeTestJSON-63780400', 'tenant_id': 'f9245aa112a84a1cbcfa57f62c27096d', 'tenant_name': 'tempest-SecurityGroupsNegativeTestJSON-63780400', 'user_domain_id': 'default', 'user_domain_name': 'Default', 'user_id': 'c98e50aa30cb4ce39338986cdd1e1991', 'system': None}, Network: None, Subnet: None, Router: None
2025-12-09 08:25:06.145 65785 INFO tempest.lib.common.rest_client [req-37234f11-4038-4157-9125-03a7674d372f req-37234f11-4038-4157-9125-03a7674d372f ] Request (ListImagesTestJSON:tearDownClass): 204 DELETE http://10.180.1.21/networking/v2.0/security-groups/b5fd2c13-7252-406b-a3fd-fc1a549d2ec4 0.116s
2025-12-09 08:25:06.183 65790 INFO tempest.lib.common.rest_client [req-fc757c4b-8d2b-41e4-a726-b12190c74621 req-fc757c4b-8d2b-41e4-a726-b12190c74621 ] Request (SecurityGroupsNegativeTestJSON:setUpClass): 201 POST http://10.180.1.21/identity/v3/auth/tokens 0.078s
2025-12-09 08:25:06.189 65817 INFO tempest.lib.common.rest_client [req-bb69a21a-bfa0-42c4-be9a-3c8da822b34b req-bb69a21a-bfa0-42c4-be9a-3c8da822b34b ] Request (ServersAdminTestJSON:test_inject_network_info): 202 POST http://10.180.1.21/compute/v2.1/servers/c57610b4-37e8-4ac1-b1c3-0b6252bc70ae/action 0.335s
2025-12-09 08:25:06.277 65809 INFO tempest.lib.common.rest_client [req-96f33620-02ba-47fe-9cf0-1567913b875e req-96f33620-02ba-47fe-9cf0-1567913b875e ] Request (ServerActionsTestOtherA:_run_cleanups): 200 GET http://10.180.1.21/compute/v2.1/servers/0174005b-f4ba-4b7e-aee8-b0bb5e3a13a8 0.258s
2025-12-09 08:25:06.277 65785 INFO tempest.lib.common.rest_client [req-bc576fd6-591b-4b9e-8a84-56aceaf86fb7 req-bc576fd6-591b-4b9e-8a84-56aceaf86fb7 ] Request (ListImagesTestJSON:tearDownClass): 204 DELETE http://10.180.1.21/identity/v3/projects/841dba308a294b078a5cfa005cbb2431 0.132s
2025-12-09 08:25:06.314 65811 INFO tempest.lib.common.rest_client [req-f0f102d4-ffb1-411d-9ea9-a58357348b93 req-f0f102d4-ffb1-411d-9ea9-a58357348b93 ] Request (AttachVolumeShelveTestJSON:test_attach_volume_shelved_or_offload_server): 200 GET http://10.180.1.21/compute/v2.1/servers/025cdc7d-3048-4661-bffc-c6f8e743be57 0.480s
2025-12-09 08:25:06.326 65811 INFO tempest.common.waiters [-] State transition "ACTIVE/shelving_image_pending_upload" ==> "ACTIVE/shelving_image_uploading" after 4 second wait
2025-12-09 08:25:06.348 65785 INFO tempest.lib.common.rest_client [req-70647c7f-1e2c-4c94-b2f1-d36c4d0e947b req-70647c7f-1e2c-4c94-b2f1-d36c4d0e947b ] Request (ServerDiskConfigTestJSON:setUpClass): 201 POST http://10.180.1.21/identity/v3/auth/tokens 0.066s
2025-12-09 08:25:06.381 65785 INFO tempest.lib.common.rest_client [req-6409dffc-8bbc-4ca6-b60c-ca40330d3e07 req-6409dffc-8bbc-4ca6-b60c-ca40330d3e07 ] Request (ServerDiskConfigTestJSON:setUpClass): 201 POST http://10.180.1.21/identity/v3/auth/tokens 0.031s
2025-12-09 08:25:06.388 65791 INFO tempest.lib.common.rest_client [req-a94b2322-a583-460c-b734-5b9df1333f77 req-a94b2322-a583-460c-b734-5b9df1333f77 ] Request (MultipleCreateTestJSON:tearDownClass): 200 GET http://10.180.1.21/compute/v2.1/servers/6f166c27-9c85-4034-bf3c-3eae5679f3bb 0.258s
2025-12-09 08:25:06.421 65785 INFO tempest.lib.common.rest_client [req-e09b0c46-2ca8-4284-9ee1-c5286aeeb0e4 req-e09b0c46-2ca8-4284-9ee1-c5286aeeb0e4 ] Request (ServerDiskConfigTestJSON:setUpClass): 200 GET http://10.180.1.21/identity/v3/domains?name=Default 0.039s
2025-12-09 08:25:06.428 65769 INFO tempest.lib.common.rest_client [req-9b108aa8-b81c-440b-8181-15e8c72a4e1d req-9b108aa8-b81c-440b-8181-15e8c72a4e1d ] Request (ServerRescueTestJSON:setUpClass): 200 GET http://10.180.1.21/compute/v2.1/servers/3f9cace4-61b0-49e8-84a5-4c077cf316b8 0.304s
2025-12-09 08:25:06.430 65817 INFO tempest.lib.common.rest_client [req-593a42be-b515-427f-ae0c-a3b10ef04e63 req-593a42be-b515-427f-ae0c-a3b10ef04e63 ] Request (ServersAdminTestJSON:test_list_servers_by_admin): 200 GET http://10.180.1.21/compute/v2.1/servers/detail 0.237s
2025-12-09 08:25:06.459 65785 INFO tempest.lib.common.rest_client [req-2c1c731f-1d04-4c64-ac61-293a21d4e6fe req-2c1c731f-1d04-4c64-ac61-293a21d4e6fe ] Request (ServerDiskConfigTestJSON:setUpClass): 201 POST http://10.180.1.21/identity/v3/projects 0.037s
2025-12-09 08:25:06.485 65790 INFO tempest.lib.common.rest_client [req-104bed5f-88e2-49b7-8744-36178e75bcdd req-104bed5f-88e2-49b7-8744-36178e75bcdd ] Request (SecurityGroupsNegativeTestJSON:setUpClass): 201 POST http://10.180.1.21/networking/v2.0/networks 0.301s
2025-12-09 08:25:06.508 65775 INFO tempest.lib.common.rest_client [req-f327a4a9-965e-436c-bcb2-e606ead4e50d req-f327a4a9-965e-436c-bcb2-e606ead4e50d ] Request (ServersTestBootFromVolume:setUpClass): 200 GET http://10.180.1.21/compute/v2.1/servers/942ac34d-620f-4e32-89b2-0aa2173ddc24 0.291s
2025-12-09 08:25:06.520 65785 INFO tempest.lib.common.rest_client [req-61b2eec4-f15a-4eba-9003-dbc5fec16896 req-61b2eec4-f15a-4eba-9003-dbc5fec16896 ] Request (ServerDiskConfigTestJSON:setUpClass): 201 POST http://10.180.1.21/identity/v3/users 0.060s
2025-12-09 08:25:06.531 65823 INFO tempest.lib.common.rest_client [req-827fd69b-ecbf-40ce-ac9c-bc2d7fc7f146 req-827fd69b-ecbf-40ce-ac9c-bc2d7fc7f146 ] Request (ImagesTestJSON:test_create_server_from_snapshot): 200 GET http://10.180.1.21/compute/v2.1/servers/cfe5fbb1-efcf-4dda-92e3-81af133dc2d2 0.269s
2025-12-09 08:25:06.552 65785 INFO tempest.lib.common.rest_client [req-2ef9f694-cd06-4853-ba1d-040b7e371030 req-2ef9f694-cd06-4853-ba1d-040b7e371030 ] Request (ServerDiskConfigTestJSON:setUpClass): 200 GET http://10.180.1.21/identity/v3/roles 0.032s
2025-12-09 08:25:06.598 65785 INFO tempest.lib.common.rest_client [req-4bb53368-efc8-4608-9105-fa248fcb0849 req-4bb53368-efc8-4608-9105-fa248fcb0849 ] Request (ServerDiskConfigTestJSON:setUpClass): 204 PUT http://10.180.1.21/identity/v3/projects/c73e6b632b6d4864bd684dde436684d0/users/e572dffd3f8e484593c1fb407c7ff88e/roles/6185207536d441809aa43de388d1594e 0.046s
2025-12-09 08:25:06.598 65785 INFO tempest.lib.common.dynamic_creds [-] Dynamic test user e572dffd3f8e484593c1fb407c7ff88e is created with scope project and roles: ['member']
2025-12-09 08:25:06.599 65785 INFO tempest.lib.common.dynamic_creds [-] Acquired dynamic creds: credentials: Credentials: {'domain_id': 'default', 'domain_name': 'Default', 'username': 'tempest-ServerDiskConfigTestJSON-925595890-project-member', 'project_domain_id': 'default', 'project_domain_name': 'Default', 'project_id': 'c73e6b632b6d4864bd684dde436684d0', 'project_name': 'tempest-ServerDiskConfigTestJSON-925595890', 'tenant_id': 'c73e6b632b6d4864bd684dde436684d0', 'tenant_name': 'tempest-ServerDiskConfigTestJSON-925595890', 'user_domain_id': 'default', 'user_domain_name': 'Default', 'user_id': 'e572dffd3f8e484593c1fb407c7ff88e', 'system': None}, Network: None, Subnet: None, Router: None
2025-12-09 08:25:06.602 65777 INFO tempest.lib.common.rest_client [req-04f04c11-3992-4e50-a703-3c41b0642ae7 req-04f04c11-3992-4e50-a703-3c41b0642ae7 ] Request (ServersAaction247Test:tearDownClass): 200 GET http://10.180.1.21/compute/v2.1/servers/909a4a53-affe-4478-80d2-d6b4645a7dca 0.308s
2025-12-09 08:25:06.626 65781 INFO tempest.lib.common.rest_client [req-d8c87f69-bd84-42ba-8055-dbc04c87b529 req-d8c87f69-bd84-42ba-8055-dbc04c87b529 ] Request (InstanceActionsTestJSON:setUpClass): 200 GET http://10.180.1.21/compute/v2.1/servers/d8d3d664-e5f5-4680-b654-2c196734026e 0.299s
2025-12-09 08:25:06.649 65783 INFO tempest.lib.common.rest_client [req-dd9d87ef-44e0-4f24-9456-67ebe41d5233 req-dd9d87ef-44e0-4f24-9456-67ebe41d5233 ] Request (ListImageFiltersTestJSON:setUpClass): 200 GET http://10.180.1.21/compute/v2.1/images/e521f28e-d33d-48e9-9959-0d2c60b8b14a 0.319s
2025-12-09 08:25:06.685 65785 INFO tempest.lib.common.rest_client [req-b75bfe60-0a31-4c4e-8f4a-7eaf13385c3c req-b75bfe60-0a31-4c4e-8f4a-7eaf13385c3c ] Request (ServerDiskConfigTestJSON:setUpClass): 201 POST http://10.180.1.21/identity/v3/auth/tokens 0.085s
2025-12-09 08:25:06.701 65790 INFO tempest.lib.common.rest_client [req-840f12b4-6ee1-4689-99ea-3f775fcfc3a1 req-840f12b4-6ee1-4689-99ea-3f775fcfc3a1 ] Request (SecurityGroupsNegativeTestJSON:setUpClass): 201 POST http://10.180.1.21/networking/v2.0/subnets 0.216s
2025-12-09 08:25:06.724 65771 INFO tempest.lib.common.rest_client [req-542a434e-8bc4-4bdb-94ca-19520d766b4b req-542a434e-8bc4-4bdb-94ca-19520d766b4b ] Request (SecurityGroupsTestJSON:tearDownClass): 200 GET http://10.180.1.21/compute/v2.1/servers/1d97072d-5bc2-4ae7-89a6-118bac64181c 0.255s
2025-12-09 08:25:07.016 65785 INFO tempest.lib.common.rest_client [req-9ef4f754-cc8f-4df9-ae0f-416f34fa886f req-9ef4f754-cc8f-4df9-ae0f-416f34fa886f ] Request (ServerDiskConfigTestJSON:setUpClass): 201 POST http://10.180.1.21/networking/v2.0/networks 0.330s
2025-12-09 08:25:07.019 65815 WARNING tempest.lib.common.ssh [-] Failed to establish authenticated ssh connection to cirros@10.180.180.140 ([Errno None] Unable to connect to port 22 on 10.180.180.140). Number attempts: 16. Retry after 17 seconds.: paramiko.ssh_exception.NoValidConnectionsError: [Errno None] Unable to connect to port 22 on 10.180.180.140
2025-12-09 08:25:07.046 65799 INFO tempest.lib.common.rest_client [req-1fe70165-4328-4ef8-9c40-0a4e3b51a2fd req-1fe70165-4328-4ef8-9c40-0a4e3b51a2fd ] Request (ServersTestMultiNic:test_verify_multiple_nics_order): 200 GET http://10.180.1.21/compute/v2.1/servers/0e7483f5-121e-4b50-ac04-46a6c63da9d1 0.467s
2025-12-09 08:25:07.412 65785 INFO tempest.lib.common.rest_client [req-873f86bf-9d52-4fab-8d08-81f9f3df6b98 req-873f86bf-9d52-4fab-8d08-81f9f3df6b98 ] Request (ServerDiskConfigTestJSON:setUpClass): 201 POST http://10.180.1.21/networking/v2.0/subnets 0.395s
2025-12-09 08:25:07.517 65817 INFO tempest.lib.common.rest_client [req-217e7d09-d18a-4a15-8a7b-bad3326e285b req-217e7d09-d18a-4a15-8a7b-bad3326e285b ] Request (ServersAdminTestJSON:test_list_servers_by_admin_with_all_tenants): 200 GET http://10.180.1.21/compute/v2.1/servers/detail?all_tenants= 1.077s
2025-12-09 08:25:07.557 65783 INFO tempest.lib.common.rest_client [req-17ca1e92-73ba-46f1-a545-e9cc356f5466 req-17ca1e92-73ba-46f1-a545-e9cc356f5466 ] Request (ListImageFiltersTestJSON:setUpClass): 200 GET http://10.180.1.21/compute/v2.1/images/e521f28e-d33d-48e9-9959-0d2c60b8b14a 0.904s
2025-12-09 08:25:07.558 65790 INFO tempest.lib.common.rest_client [req-b842fd4d-a49d-4c7b-8fda-7dd4546e3774 req-b842fd4d-a49d-4c7b-8fda-7dd4546e3774 ] Request (SecurityGroupsNegativeTestJSON:setUpClass): 201 POST http://10.180.1.21/networking/v2.0/routers 0.856s
2025-12-09 08:25:07.595 65795 WARNING tempest.lib.common.ssh [-] Failed to establish authenticated ssh connection to cirros@10.180.180.200 ([Errno None] Unable to connect to port 22 on 10.180.180.200). Number attempts: 2. Retry after 3 seconds.: paramiko.ssh_exception.NoValidConnectionsError: [Errno None] Unable to connect to port 22 on 10.180.180.200
2025-12-09 08:25:07.622 65797 INFO tempest.lib.common.rest_client [req-754f3b21-4a6e-4cf2-8464-7cbb17c5ccca req-754f3b21-4a6e-4cf2-8464-7cbb17c5ccca ] Request (MigrationsAdminTest:test_resize_server_revert_deleted_flavor): 200 GET http://10.180.1.21/compute/v2.1/servers/0be6a04f-9648-46de-95f0-db2cf56853c6 0.974s
2025-12-09 08:25:07.644 65805 INFO tempest.lib.common.rest_client [req-e9ccd252-3a01-4a69-9e87-29a115049851 req-e9ccd252-3a01-4a69-9e87-29a115049851 ] Request (ServerTagsTestJSON:tearDownClass): 404 GET http://10.180.1.21/compute/v2.1/servers/5367f64f-25f8-4cf2-bfb9-0da6f95ff248 0.924s
2025-12-09 08:25:08.288 65785 INFO tempest.lib.common.rest_client [req-d974c86b-04c5-4692-81a4-f0f2dc22c548 req-d974c86b-04c5-4692-81a4-f0f2dc22c548 ] Request (ServerDiskConfigTestJSON:setUpClass): 201 POST http://10.180.1.21/networking/v2.0/routers 0.875s
2025-12-09 08:25:08.365 65793 INFO tempest.lib.common.rest_client [req-30159a25-4f4a-4808-ad7a-e6db789bea6c req-30159a25-4f4a-4808-ad7a-e6db789bea6c ] Request (ServerRescueNegativeTestJSON:test_rescued_vm_detach_volume): 200 GET http://10.180.1.21/compute/v2.1/servers/5cfab05a-2637-46b2-bae5-1e10d32ccb3b 1.700s
2025-12-09 08:25:08.520 65790 INFO tempest.lib.common.rest_client [req-38b6cd80-f921-44a9-8534-188156b01fae req-38b6cd80-f921-44a9-8534-188156b01fae ] Request (SecurityGroupsNegativeTestJSON:setUpClass): 200 PUT http://10.180.1.21/networking/v2.0/routers/9b508534-268b-417c-95ba-81e3e3b782f4/add_router_interface 0.961s
2025-12-09 08:25:08.521 65790 INFO tempest.lib.common.dynamic_creds [-] Created isolated network resources for: credentials: Credentials: {'domain_id': 'default', 'domain_name': 'Default', 'username': 'tempest-SecurityGroupsNegativeTestJSON-63780400-project-member', 'project_domain_id': 'default', 'project_domain_name': 'Default', 'project_id': 'f9245aa112a84a1cbcfa57f62c27096d', 'project_name': 'tempest-SecurityGroupsNegativeTestJSON-63780400', 'tenant_id': 'f9245aa112a84a1cbcfa57f62c27096d', 'tenant_name': 'tempest-SecurityGroupsNegativeTestJSON-63780400', 'user_domain_id': 'default', 'user_domain_name': 'Default', 'user_id': 'c98e50aa30cb4ce39338986cdd1e1991', 'system': None}, Network: {'id': '9f83408a-956a-4553-a424-642a3d24d8fa', 'name': 'tempest-SecurityGroupsNegativeTestJSON-1186257715-network', 'tenant_id': 'f9245aa112a84a1cbcfa57f62c27096d', 'project_id': 'f9245aa112a84a1cbcfa57f62c27096d', 'admin_state_up': True, 'mtu': 8950, 'status': 'ACTIVE', 'subnets': [], 'shared': False, 'port_security_enabled': True, 'router:external': False, 'provider:network_type': 'vlan', 'provider:physical_network': 'default', 'provider:segmentation_id': 619, 'availability_zone_hints': [], 'availability_zones': [], 'ipv4_address_scope': None, 'ipv6_address_scope': None, 'description': '', 'tags': [], 'created_at': '2025-12-09T08:25:06Z', 'updated_at': '2025-12-09T08:25:06Z', 'revision_number': 1}, Subnet: {'id': 'dcfd5f05-395a-4cd5-add9-785e28f46cbc', 'name': 'tempest-SecurityGroupsNegativeTestJSON-1186257715-subnet', 'tenant_id': 'f9245aa112a84a1cbcfa57f62c27096d', 'network_id': '9f83408a-956a-4553-a424-642a3d24d8fa', 'ip_version': 4, 'subnetpool_id': None, 'enable_dhcp': True, 'ipv6_ra_mode': None, 'ipv6_address_mode': None, 'gateway_ip': '192.168.128.1', 'cidr': '192.168.128.0/28', 'allocation_pools': [{'start': '192.168.128.2', 'end': '192.168.128.14'}], 'host_routes': [], 'dns_nameservers': [], 'description': '', 'router:external': False, 'service_types': [], 'tags': [], 'created_at': '2025-12-09T08:25:06Z', 'updated_at': '2025-12-09T08:25:06Z', 'revision_number': 0, 'project_id': 'f9245aa112a84a1cbcfa57f62c27096d'}, Router: {'id': '9b508534-268b-417c-95ba-81e3e3b782f4', 'name': 'tempest-SecurityGroupsNegativeTestJSON-1186257715-router', 'tenant_id': 'f9245aa112a84a1cbcfa57f62c27096d', 'admin_state_up': True, 'status': 'ACTIVE', 'external_gateway_info': {'network_id': '4edc9de3-fd32-4c41-a23d-1cd6d75f908f', 'external_fixed_ips': [{'subnet_id': '055723b7-7f5a-45dd-9edf-33175f9a9de6', 'ip_address': '10.180.180.145'}], 'enable_snat': True}, 'description': '', 'availability_zones': [], 'distributed': False, 'ha': False, 'availability_zone_hints': [], 'routes': [], 'flavor_id': None, 'tags': [], 'created_at': '2025-12-09T08:25:06Z', 'updated_at': '2025-12-09T08:25:07Z', 'revision_number': 2, 'project_id': 'f9245aa112a84a1cbcfa57f62c27096d'}
2025-12-09 08:25:08.561 65807 INFO tempest.lib.common.rest_client [req-923d853d-9dba-49e9-afa5-0f16ea0ded99 req-923d853d-9dba-49e9-afa5-0f16ea0ded99 ] Request (ServerActionsV293TestJSON:setUpClass): 200 GET http://10.180.1.21/compute/v2.1/servers/076d50d5-a328-4f66-90f8-69830121c00d 1.778s
2025-12-09 08:25:08.642 65790 INFO tempest.lib.common.rest_client [req-f8946ac0-d957-4f7f-bdb8-fa4345ba5866 req-f8946ac0-d957-4f7f-bdb8-fa4345ba5866 ] Request (SecurityGroupsNegativeTestJSON:setUpClass): 201 POST http://10.180.1.21/identity/v3/auth/tokens 0.115s
2025-12-09 08:25:08.978 65767 WARNING tempest.lib.common.ssh [-] Failed to establish authenticated ssh connection to cirros@10.180.180.174 ([Errno None] Unable to connect to port 22 on 10.180.180.174). Number attempts: 9. Retry after 10 seconds.: paramiko.ssh_exception.NoValidConnectionsError: [Errno None] Unable to connect to port 22 on 10.180.180.174
2025-12-09 08:25:09.261 65805 INFO tempest.lib.common.rest_client [req-297a5cdf-a569-4add-93d9-a747c232fd69 req-297a5cdf-a569-4add-93d9-a747c232fd69 ] Request (ServerTagsTestJSON:tearDownClass): 200 PUT http://10.180.1.21/networking/v2.0/routers/b5a0ffa9-9aa6-473e-944f-852dfddf8547/remove_router_interface 1.616s
2025-12-09 08:25:09.336 65803 INFO tempest.lib.common.rest_client [req-95bd7cb5-db07-4c49-884b-9cfa6c526e4c req-95bd7cb5-db07-4c49-884b-9cfa6c526e4c ] Request (ServersNegativeTestJSON:setUpClass): 200 GET http://10.180.1.21/compute/v2.1/servers/b5011e0f-1b53-420a-9601-aa3cbff9525b 2.427s
2025-12-09 08:25:09.396 65809 INFO tempest.lib.common.rest_client [req-d63d0f26-5679-4e96-90d3-2fa7427ae660 req-d63d0f26-5679-4e96-90d3-2fa7427ae660 ] Request (ServerActionsTestOtherA:_run_cleanups): 200 GET http://10.180.1.21/compute/v2.1/servers/0174005b-f4ba-4b7e-aee8-b0bb5e3a13a8 2.110s
2025-12-09 08:25:09.644 65785 INFO tempest.lib.common.rest_client [req-2322c4d2-7f4f-4ce6-b054-6a7d578d3163 req-2322c4d2-7f4f-4ce6-b054-6a7d578d3163 ] Request (ServerDiskConfigTestJSON:setUpClass): 200 PUT http://10.180.1.21/networking/v2.0/routers/a4e45dcc-3dc3-49a8-8350-f556524ce0c3/add_router_interface 1.355s
2025-12-09 08:25:09.644 65785 INFO tempest.lib.common.dynamic_creds [-] Created isolated network resources for: credentials: Credentials: {'domain_id': 'default', 'domain_name': 'Default', 'username': 'tempest-ServerDiskConfigTestJSON-925595890-project-member', 'project_domain_id': 'default', 'project_domain_name': 'Default', 'project_id': 'c73e6b632b6d4864bd684dde436684d0', 'project_name': 'tempest-ServerDiskConfigTestJSON-925595890', 'tenant_id': 'c73e6b632b6d4864bd684dde436684d0', 'tenant_name': 'tempest-ServerDiskConfigTestJSON-925595890', 'user_domain_id': 'default', 'user_domain_name': 'Default', 'user_id': 'e572dffd3f8e484593c1fb407c7ff88e', 'system': None}, Network: {'id': '1db1c3cc-c32a-4b15-92b0-ce2e28b47f54', 'name': 'tempest-ServerDiskConfigTestJSON-1837335500-network', 'tenant_id': 'c73e6b632b6d4864bd684dde436684d0', 'project_id': 'c73e6b632b6d4864bd684dde436684d0', 'admin_state_up': True, 'mtu': 8950, 'status': 'ACTIVE', 'subnets': [], 'shared': False, 'port_security_enabled': True, 'router:external': False, 'provider:network_type': 'vlan', 'provider:physical_network': 'default', 'provider:segmentation_id': 314, 'availability_zone_hints': [], 'availability_zones': [], 'ipv4_address_scope': None, 'ipv6_address_scope': None, 'description': '', 'tags': [], 'created_at': '2025-12-09T08:25:06Z', 'updated_at': '2025-12-09T08:25:06Z', 'revision_number': 1}, Subnet: {'id': '3ab29db5-23bd-44f6-982c-c6da6d993821', 'name': 'tempest-ServerDiskConfigTestJSON-1837335500-subnet', 'tenant_id': 'c73e6b632b6d4864bd684dde436684d0', 'network_id': '1db1c3cc-c32a-4b15-92b0-ce2e28b47f54', 'ip_version': 4, 'subnetpool_id': None, 'enable_dhcp': True, 'ipv6_ra_mode': None, 'ipv6_address_mode': None, 'gateway_ip': '192.168.128.1', 'cidr': '192.168.128.0/28', 'allocation_pools': [{'start': '192.168.128.2', 'end': '192.168.128.14'}], 'host_routes': [], 'dns_nameservers': [], 'description': '', 'router:external': False, 'service_types': [], 'tags': [], 'created_at': '2025-12-09T08:25:07Z', 'updated_at': '2025-12-09T08:25:07Z', 'revision_number': 0, 'project_id': 'c73e6b632b6d4864bd684dde436684d0'}, Router: {'id': 'a4e45dcc-3dc3-49a8-8350-f556524ce0c3', 'name': 'tempest-ServerDiskConfigTestJSON-1837335500-router', 'tenant_id': 'c73e6b632b6d4864bd684dde436684d0', 'admin_state_up': True, 'status': 'ACTIVE', 'external_gateway_info': {'network_id': '4edc9de3-fd32-4c41-a23d-1cd6d75f908f', 'external_fixed_ips': [{'subnet_id': '055723b7-7f5a-45dd-9edf-33175f9a9de6', 'ip_address': '10.180.180.133'}], 'enable_snat': True}, 'description': '', 'availability_zones': [], 'distributed': False, 'ha': False, 'availability_zone_hints': [], 'routes': [], 'flavor_id': None, 'tags': [], 'created_at': '2025-12-09T08:25:07Z', 'updated_at': '2025-12-09T08:25:07Z', 'revision_number': 2, 'project_id': 'c73e6b632b6d4864bd684dde436684d0'}
2025-12-09 08:25:09.706 65787 WARNING tempest.lib.common.ssh [-] Failed to establish authenticated ssh connection to cirros@10.180.180.208 ([Errno None] Unable to connect to port 22 on 10.180.180.208). Number attempts: 4. Retry after 5 seconds.: paramiko.ssh_exception.NoValidConnectionsError: [Errno None] Unable to connect to port 22 on 10.180.180.208
2025-12-09 08:25:09.739 65785 INFO tempest.lib.common.rest_client [req-f2bfca9f-bc7a-4ebe-af22-b593ea00e70e req-f2bfca9f-bc7a-4ebe-af22-b593ea00e70e ] Request (ServerDiskConfigTestJSON:setUpClass): 201 POST http://10.180.1.21/identity/v3/auth/tokens 0.092s
2025-12-09 08:25:09.788 65785 INFO tempest.lib.common.rest_client [req-6a2f4389-461d-4491-8a1f-1238886a06bc req-6a2f4389-461d-4491-8a1f-1238886a06bc ] Request (ServerDiskConfigTestJSON:test_rebuild_server_with_auto_disk_config): 201 POST http://10.180.1.21/identity/v3/auth/tokens 0.040s
2025-12-09 08:25:09.789 65785 INFO tempest.lib.common.fixed_network [-] (ServerDiskConfigTestJSON:test_rebuild_server_with_auto_disk_config) Found network {'id': '1db1c3cc-c32a-4b15-92b0-ce2e28b47f54', 'name': 'tempest-ServerDiskConfigTestJSON-1837335500-network', 'tenant_id': 'c73e6b632b6d4864bd684dde436684d0', 'project_id': 'c73e6b632b6d4864bd684dde436684d0', 'admin_state_up': True, 'mtu': 8950, 'status': 'ACTIVE', 'subnets': [], 'shared': False, 'port_security_enabled': True, 'router:external': False, 'provider:network_type': 'vlan', 'provider:physical_network': 'default', 'provider:segmentation_id': 314, 'availability_zone_hints': [], 'availability_zones': [], 'ipv4_address_scope': None, 'ipv6_address_scope': None, 'description': '', 'tags': [], 'created_at': '2025-12-09T08:25:06Z', 'updated_at': '2025-12-09T08:25:06Z', 'revision_number': 1} available for tenant
2025-12-09 08:25:09.820 65791 INFO tempest.lib.common.rest_client [req-9c8275cc-8fdf-4b1e-8e37-60f6e80ae19d req-9c8275cc-8fdf-4b1e-8e37-60f6e80ae19d ] Request (MultipleCreateTestJSON:tearDownClass): 200 GET http://10.180.1.21/compute/v2.1/servers/6f166c27-9c85-4034-bf3c-3eae5679f3bb 2.421s
2025-12-09 08:25:09.822 65805 INFO tempest.lib.common.rest_client [req-6e7437ca-f8c8-4686-8d0f-3740c5448e87 req-6e7437ca-f8c8-4686-8d0f-3740c5448e87 ] Request (ServerTagsTestJSON:tearDownClass): 204 DELETE http://10.180.1.21/networking/v2.0/routers/b5a0ffa9-9aa6-473e-944f-852dfddf8547 0.560s
2025-12-09 08:25:09.877 65811 INFO tempest.lib.common.rest_client [req-98c0243a-2773-4877-8931-f9d28ae34820 req-98c0243a-2773-4877-8931-f9d28ae34820 ] Request (AttachVolumeShelveTestJSON:test_attach_volume_shelved_or_offload_server): 200 GET http://10.180.1.21/compute/v2.1/servers/025cdc7d-3048-4661-bffc-c6f8e743be57 2.549s
2025-12-09 08:25:09.984 65769 INFO tempest.lib.common.rest_client [req-d4238b26-e074-416b-9ee3-c7bff589fd67 req-d4238b26-e074-416b-9ee3-c7bff589fd67 ] Request (ServerRescueTestJSON:setUpClass): 200 GET http://10.180.1.21/compute/v2.1/servers/3f9cace4-61b0-49e8-84a5-4c077cf316b8 2.543s
2025-12-09 08:25:09.998 65769 INFO tempest.common.waiters [-] State transition "BUILD/spawning" ==> "ACTIVE/None" after 42 second wait
2025-12-09 08:25:10.001 65775 INFO tempest.lib.common.rest_client [req-db91f1b9-3212-4cea-8463-8cfe96c80dfb req-db91f1b9-3212-4cea-8463-8cfe96c80dfb ] Request (ServersTestBootFromVolume:setUpClass): 200 GET http://10.180.1.21/compute/v2.1/servers/942ac34d-620f-4e32-89b2-0aa2173ddc24 2.480s
2025-12-09 08:25:10.013 65775 INFO tempest.common.waiters [-] State transition "BUILD/None" ==> "BUILD/networking" after 36 second wait
2025-12-09 08:25:10.072 65805 INFO tempest.lib.common.rest_client [req-7ab11811-1fbe-4e73-a8d2-eeb27ca08b07 req-7ab11811-1fbe-4e73-a8d2-eeb27ca08b07 ] Request (ServerTagsTestJSON:tearDownClass): 204 DELETE http://10.180.1.21/networking/v2.0/subnets/55e0f6d3-ffde-44ca-9322-a535f7724814 0.249s
2025-12-09 08:25:10.430 65823 INFO tempest.lib.common.rest_client [req-7c0e9208-0a37-4afc-b764-b63ed3f12efb req-7c0e9208-0a37-4afc-b764-b63ed3f12efb ] Request (ImagesTestJSON:test_create_server_from_snapshot): 200 GET http://10.180.1.21/compute/v2.1/servers/cfe5fbb1-efcf-4dda-92e3-81af133dc2d2 2.889s
2025-12-09 08:25:10.459 65783 INFO tempest.lib.common.rest_client [req-a03bff1d-e578-4934-ad4d-9ec98ebbcd10 req-a03bff1d-e578-4934-ad4d-9ec98ebbcd10 ] Request (ListImageFiltersTestJSON:setUpClass): 200 GET http://10.180.1.21/compute/v2.1/servers/154d455a-4047-4d9b-9a7b-2d64903cbab5 2.899s
2025-12-09 08:25:10.507 65817 INFO tempest.lib.common.rest_client [req-e96c2a0b-d1bc-4e78-bcb8-46a893e1f312 req-e96c2a0b-d1bc-4e78-bcb8-46a893e1f312 ] Request (ServersAdminTestJSON:test_list_servers_by_admin_with_specified_tenant): 200 GET http://10.180.1.21/compute/v2.1/servers/detail?tenant_id=dc00839b193c4d0daa1f2374dfb994e9 2.950s
2025-12-09 08:25:10.530 65805 INFO tempest.lib.common.rest_client [req-d26432a6-0777-4b4f-8cea-ea2fbfc45cbb req-d26432a6-0777-4b4f-8cea-ea2fbfc45cbb ] Request (ServerTagsTestJSON:tearDownClass): 204 DELETE http://10.180.1.21/networking/v2.0/networks/77b83dc3-82b5-4ac0-8212-fb2e8858d8eb 0.457s
2025-12-09 08:25:10.571 65777 INFO tempest.lib.common.rest_client [req-eea6418f-5d5b-462b-a3c2-9e5fc3b734b9 req-eea6418f-5d5b-462b-a3c2-9e5fc3b734b9 ] Request (ServersAaction247Test:tearDownClass): 200 GET http://10.180.1.21/compute/v2.1/servers/909a4a53-affe-4478-80d2-d6b4645a7dca 2.957s
2025-12-09 08:25:10.582 65781 INFO tempest.lib.common.rest_client [req-110dd3c5-dc6b-4b65-b2b7-a6e4bdebe581 req-110dd3c5-dc6b-4b65-b2b7-a6e4bdebe581 ] Request (InstanceActionsTestJSON:setUpClass): 200 GET http://10.180.1.21/compute/v2.1/servers/d8d3d664-e5f5-4680-b654-2c196734026e 2.944s
2025-12-09 08:25:10.646 65805 INFO tempest.lib.common.rest_client [req-1d1ddabb-c2bb-4543-be4f-c68c68601fd9 req-1d1ddabb-c2bb-4543-be4f-c68c68601fd9 ] Request (ServerTagsTestJSON:tearDownClass): 204 DELETE http://10.180.1.21/identity/v3/users/8b6de8207c6846de89e4f310f628384d 0.115s
2025-12-09 08:25:10.646 65805 INFO tempest.lib.common.dynamic_creds [-] Deleting project and security group for project: d8627227ff944d3ebdada8f09d537ef6
2025-12-09 08:25:10.653 65799 INFO tempest.lib.common.rest_client [req-f088d7ab-e71a-4337-bbe7-c4520d0fa98c req-f088d7ab-e71a-4337-bbe7-c4520d0fa98c ] Request (ServersTestMultiNic:test_verify_multiple_nics_order): 200 GET http://10.180.1.21/compute/v2.1/servers/0e7483f5-121e-4b50-ac04-46a6c63da9d1 2.598s
2025-12-09 08:25:10.679 65771 INFO tempest.lib.common.rest_client [req-c9e01ebc-435f-4dbd-a0a4-0c9762185246 req-c9e01ebc-435f-4dbd-a0a4-0c9762185246 ] Request (SecurityGroupsTestJSON:tearDownClass): 200 GET http://10.180.1.21/compute/v2.1/servers/1d97072d-5bc2-4ae7-89a6-118bac64181c 2.947s
2025-12-09 08:25:10.708 65805 INFO tempest.lib.common.rest_client [req-59dfd2de-df46-4648-a13b-6c361b7364d3 req-59dfd2de-df46-4648-a13b-6c361b7364d3 ] Request (ServerTagsTestJSON:tearDownClass): 200 GET http://10.180.1.21/networking/v2.0/security-groups?tenant_id=d8627227ff944d3ebdada8f09d537ef6&name=default 0.061s
2025-12-09 08:25:10.913 65805 INFO tempest.lib.common.rest_client [req-55a1ef3a-b104-415c-9dd6-e7f9dc91df0a req-55a1ef3a-b104-415c-9dd6-e7f9dc91df0a ] Request (ServerTagsTestJSON:tearDownClass): 204 DELETE http://10.180.1.21/networking/v2.0/security-groups/dfdf2f79-21d5-4965-8e78-ad3b2c69cebf 0.205s
2025-12-09 08:25:10.962 65797 INFO tempest.lib.common.rest_client [req-65e8db26-ce49-4b00-a590-f9b17119f7df req-65e8db26-ce49-4b00-a590-f9b17119f7df ] Request (MigrationsAdminTest:test_resize_server_revert_deleted_flavor): 200 GET http://10.180.1.21/compute/v2.1/servers/0be6a04f-9648-46de-95f0-db2cf56853c6 2.329s
2025-12-09 08:25:10.964 65790 INFO tempest.lib.common.rest_client [req-67035d9c-1ff7-45f5-8d74-500470369c92 req-67035d9c-1ff7-45f5-8d74-500470369c92 ] Request (SecurityGroupsNegativeTestJSON:test_delete_nonexistent_security_group): 404 DELETE http://10.180.1.21/compute/v2.1/os-security-groups/981a6d91-8834-40bd-9887-ca319c4f786b 2.319s
2025-12-09 08:25:11.089 65807 INFO tempest.lib.common.rest_client [req-e2a2a484-5f80-44c2-90e8-1f339d81a822 req-e2a2a484-5f80-44c2-90e8-1f339d81a822 ] Request (ServerActionsV293TestJSON:setUpClass): 200 GET http://10.180.1.21/compute/v2.1/servers/076d50d5-a328-4f66-90f8-69830121c00d 1.507s
2025-12-09 08:25:11.089 65805 INFO tempest.lib.common.rest_client [req-095a906b-7c8a-4fd4-9f36-999025380b1d req-095a906b-7c8a-4fd4-9f36-999025380b1d ] Request (ServerTagsTestJSON:tearDownClass): 204 DELETE http://10.180.1.21/identity/v3/projects/d8627227ff944d3ebdada8f09d537ef6 0.175s
2025-12-09 08:25:11.096 65793 INFO tempest.lib.common.rest_client [req-eaed03b5-a85b-43f1-b9c7-ddcc982ad935 req-eaed03b5-a85b-43f1-b9c7-ddcc982ad935 ] Request (ServerRescueNegativeTestJSON:test_rescued_vm_detach_volume): 200 GET http://10.180.1.21/compute/v2.1/servers/5cfab05a-2637-46b2-bae5-1e10d32ccb3b 1.715s
2025-12-09 08:25:11.217 65805 INFO tempest.lib.common.rest_client [req-f7809d7e-20c7-437f-a88a-50830809cf8f req-f7809d7e-20c7-437f-a88a-50830809cf8f ] Request (ServerShowV247Test:setUpClass): 201 POST http://10.180.1.21/identity/v3/auth/tokens 0.127s
2025-12-09 08:25:11.227 65769 INFO tempest.lib.common.rest_client [req-b09df191-32f4-4000-8b2c-6af791a9cf50 req-b09df191-32f4-4000-8b2c-6af791a9cf50 ] Request (ServerRescueTestJSON:setUpClass): 200 POST http://10.180.1.21/compute/v2.1/servers/3f9cace4-61b0-49e8-84a5-4c077cf316b8/action 1.228s
2025-12-09 08:25:11.254 65805 INFO tempest.lib.common.rest_client [req-1224432a-99e1-430e-a897-f4436be34e28 req-1224432a-99e1-430e-a897-f4436be34e28 ] Request (ServerShowV247Test:setUpClass): 201 POST http://10.180.1.21/identity/v3/auth/tokens 0.033s
2025-12-09 08:25:11.297 65805 INFO tempest.lib.common.rest_client [req-9967a04a-388d-477e-8b00-ae3802016df3 req-9967a04a-388d-477e-8b00-ae3802016df3 ] Request (ServerShowV247Test:setUpClass): 200 GET http://10.180.1.21/identity/v3/domains?name=Default 0.042s
2025-12-09 08:25:11.321 65803 INFO tempest.lib.common.rest_client [req-c7dcdc06-d53f-4591-9ae6-0d11a6ebed7c req-c7dcdc06-d53f-4591-9ae6-0d11a6ebed7c ] Request (ServersNegativeTestJSON:setUpClass): 200 GET http://10.180.1.21/compute/v2.1/servers/b5011e0f-1b53-420a-9601-aa3cbff9525b 0.977s
2025-12-09 08:25:11.338 65805 INFO tempest.lib.common.rest_client [req-9180d3a5-88be-4b08-a1c7-d7a9afef23c7 req-9180d3a5-88be-4b08-a1c7-d7a9afef23c7 ] Request (ServerShowV247Test:setUpClass): 201 POST http://10.180.1.21/identity/v3/projects 0.041s
2025-12-09 08:25:11.409 65805 INFO tempest.lib.common.rest_client [req-3b072cae-9f87-4521-9489-86703acdb51c req-3b072cae-9f87-4521-9489-86703acdb51c ] Request (ServerShowV247Test:setUpClass): 201 POST http://10.180.1.21/identity/v3/users 0.070s
2025-12-09 08:25:11.438 65805 INFO tempest.lib.common.rest_client [req-8895cf3a-015d-4bad-94bf-1d0b7d5687a1 req-8895cf3a-015d-4bad-94bf-1d0b7d5687a1 ] Request (ServerShowV247Test:setUpClass): 200 GET http://10.180.1.21/identity/v3/roles 0.027s
2025-12-09 08:25:11.463 65809 INFO tempest.lib.common.rest_client [req-869bf7ab-69a9-4525-971a-e8bf041489bd req-869bf7ab-69a9-4525-971a-e8bf041489bd ] Request (ServerActionsTestOtherA:_run_cleanups): 200 GET http://10.180.1.21/compute/v2.1/servers/0174005b-f4ba-4b7e-aee8-b0bb5e3a13a8 1.058s
2025-12-09 08:25:11.468 65805 INFO tempest.lib.common.rest_client [req-627d5967-bc4c-43b9-8f6c-cce47f7b1b20 req-627d5967-bc4c-43b9-8f6c-cce47f7b1b20 ] Request (ServerShowV247Test:setUpClass): 204 PUT http://10.180.1.21/identity/v3/projects/4a3f0e8c739742bea94656f31ddb34b3/users/e2ff97231f2249be84d4bf072a004c42/roles/6185207536d441809aa43de388d1594e 0.029s
2025-12-09 08:25:11.468 65805 INFO tempest.lib.common.dynamic_creds [-] Dynamic test user e2ff97231f2249be84d4bf072a004c42 is created with scope project and roles: ['member']
2025-12-09 08:25:11.468 65805 INFO tempest.lib.common.dynamic_creds [-] Acquired dynamic creds: credentials: Credentials: {'domain_id': 'default', 'domain_name': 'Default', 'username': 'tempest-ServerShowV247Test-407998774-project-member', 'project_domain_id': 'default', 'project_domain_name': 'Default', 'project_id': '4a3f0e8c739742bea94656f31ddb34b3', 'project_name': 'tempest-ServerShowV247Test-407998774', 'tenant_id': '4a3f0e8c739742bea94656f31ddb34b3', 'tenant_name': 'tempest-ServerShowV247Test-407998774', 'user_domain_id': 'default', 'user_domain_name': 'Default', 'user_id': 'e2ff97231f2249be84d4bf072a004c42', 'system': None}, Network: None, Subnet: None, Router: None
2025-12-09 08:25:11.469 65805 INFO tempest.lib.common.dynamic_creds [-] Created isolated network resources for: credentials: Credentials: {'domain_id': 'default', 'domain_name': 'Default', 'username': 'tempest-ServerShowV247Test-407998774-project-member', 'project_domain_id': 'default', 'project_domain_name': 'Default', 'project_id': '4a3f0e8c739742bea94656f31ddb34b3', 'project_name': 'tempest-ServerShowV247Test-407998774', 'tenant_id': '4a3f0e8c739742bea94656f31ddb34b3', 'tenant_name': 'tempest-ServerShowV247Test-407998774', 'user_domain_id': 'default', 'user_domain_name': 'Default', 'user_id': 'e2ff97231f2249be84d4bf072a004c42', 'system': None}, Network: None, Subnet: None, Router: None
2025-12-09 08:25:11.565 65805 INFO tempest.lib.common.rest_client [req-48d8ab47-71de-4572-b3c8-67aef91759ab req-48d8ab47-71de-4572-b3c8-67aef91759ab ] Request (ServerShowV247Test:setUpClass): 201 POST http://10.180.1.21/identity/v3/auth/tokens 0.091s
2025-12-09 08:25:11.627 65805 INFO tempest.lib.common.rest_client [req-1b3dafb2-55c2-4d79-9571-23987dfd0091 req-1b3dafb2-55c2-4d79-9571-23987dfd0091 ] Request (ServerShowV247Test:setUpClass): 200 GET http://10.180.1.21/identity/v3/projects/4a3f0e8c739742bea94656f31ddb34b3 0.062s
2025-12-09 08:25:11.628 65805 INFO tempest.lib.common.dynamic_creds [-] Using the existing project 4a3f0e8c739742bea94656f31ddb34b3 for scope project and roles: ['reader']
2025-12-09 08:25:11.641 65785 INFO tempest.lib.common.rest_client [req-28169963-9ec3-4231-a95b-86e0aea2f3c6 req-28169963-9ec3-4231-a95b-86e0aea2f3c6 ] Request (ServerDiskConfigTestJSON:test_rebuild_server_with_auto_disk_config): 202 POST http://10.180.1.21/compute/v2.1/servers 1.852s
2025-12-09 08:25:11.653 65805 INFO tempest.lib.common.rest_client [req-f080cf46-92f5-4794-9029-0112c4a01eca req-f080cf46-92f5-4794-9029-0112c4a01eca ] Request (ServerShowV247Test:setUpClass): 201 POST http://10.180.1.21/identity/v3/users 0.025s
2025-12-09 08:25:11.675 65805 INFO tempest.lib.common.rest_client [req-5cef613f-5b06-4cb3-b463-fe97576c5be3 req-5cef613f-5b06-4cb3-b463-fe97576c5be3 ] Request (ServerShowV247Test:setUpClass): 200 GET http://10.180.1.21/identity/v3/roles 0.021s
2025-12-09 08:25:11.708 65805 INFO tempest.lib.common.rest_client [req-7433f565-e25e-4a70-a105-a66eddcb0af1 req-7433f565-e25e-4a70-a105-a66eddcb0af1 ] Request (ServerShowV247Test:setUpClass): 204 PUT http://10.180.1.21/identity/v3/projects/4a3f0e8c739742bea94656f31ddb34b3/users/0f10556770ab4ef49322682fed76a870/roles/8efb8d52b55143bca05327648ba78a1e 0.033s
2025-12-09 08:25:11.709 65805 INFO tempest.lib.common.dynamic_creds [-] Dynamic test user 0f10556770ab4ef49322682fed76a870 is created with scope project and roles: ['reader']
2025-12-09 08:25:11.709 65805 INFO tempest.lib.common.dynamic_creds [-] Acquired dynamic creds: credentials: Credentials: {'domain_id': 'default', 'domain_name': 'Default', 'username': 'tempest-ServerShowV247Test-407998774-project-reader', 'project_domain_id': 'default', 'project_domain_name': 'Default', 'project_id': '4a3f0e8c739742bea94656f31ddb34b3', 'project_name': 'tempest-ServerShowV247Test-407998774', 'tenant_id': '4a3f0e8c739742bea94656f31ddb34b3', 'tenant_name': 'tempest-ServerShowV247Test-407998774', 'user_domain_id': 'default', 'user_domain_name': 'Default', 'user_id': '0f10556770ab4ef49322682fed76a870', 'system': None}, Network: None, Subnet: None, Router: None
2025-12-09 08:25:11.709 65805 INFO tempest.lib.common.dynamic_creds [-] Network resources are not created for requested scope: project and credentials: Credentials: {'domain_id': 'default', 'domain_name': 'Default', 'username': 'tempest-ServerShowV247Test-407998774-project-reader', 'project_domain_id': 'default', 'project_domain_name': 'Default', 'project_id': '4a3f0e8c739742bea94656f31ddb34b3', 'project_name': 'tempest-ServerShowV247Test-407998774', 'tenant_id': '4a3f0e8c739742bea94656f31ddb34b3', 'tenant_name': 'tempest-ServerShowV247Test-407998774', 'user_domain_id': 'default', 'user_domain_name': 'Default', 'user_id': '0f10556770ab4ef49322682fed76a870', 'system': None}, Network: None, Subnet: None, Router: None
2025-12-09 08:25:11.817 65805 INFO tempest.lib.common.rest_client [req-450abd71-719f-4b8e-b05f-aeee43605be7 req-450abd71-719f-4b8e-b05f-aeee43605be7 ] Request (ServerShowV247Test:setUpClass): 201 POST http://10.180.1.21/identity/v3/auth/tokens 0.105s
2025-12-09 08:25:11.847 65817 INFO tempest.lib.common.rest_client [req-dd561d2c-9889-4c91-836e-bc190d950d96 req-dd561d2c-9889-4c91-836e-bc190d950d96 ] Request (ServersAdminTestJSON:test_list_servers_by_admin_with_specified_tenant): 200 GET http://10.180.1.21/compute/v2.1/servers/detail?all_tenants=&tenant_id=dc00839b193c4d0daa1f2374dfb994e9 1.330s
2025-12-09 08:25:11.895 65805 INFO tempest.lib.common.rest_client [req-5cdac737-ecf0-4e72-ab4a-25d2911ec523 req-5cdac737-ecf0-4e72-ab4a-25d2911ec523 ] Request (ServerShowV247Test:test_show_server): 201 POST http://10.180.1.21/identity/v3/auth/tokens 0.072s
2025-12-09 08:25:11.896 65805 INFO tempest.lib.common.fixed_network [-] (ServerShowV247Test:test_show_server) Found network None available for tenant
2025-12-09 08:25:11.997 65791 INFO tempest.lib.common.rest_client [req-ea6e0b47-c983-43f2-84c9-5ca0eaac8e63 req-ea6e0b47-c983-43f2-84c9-5ca0eaac8e63 ] Request (MultipleCreateTestJSON:tearDownClass): 200 GET http://10.180.1.21/compute/v2.1/servers/6f166c27-9c85-4034-bf3c-3eae5679f3bb 1.163s
2025-12-09 08:25:12.228 65783 INFO tempest.lib.common.rest_client [req-af0483dc-5886-480c-ae7a-152d4cde968e req-af0483dc-5886-480c-ae7a-152d4cde968e ] Request (ListImageFiltersTestJSON:setUpClass): 202 POST http://10.180.1.21/compute/v2.1/servers/e687971e-45a4-4a18-bb4b-0cba462d4fa8/action 1.760s
2025-12-09 08:25:12.233 65790 INFO tempest.lib.common.rest_client [req-adbffd4f-306a-465b-8294-94da51cfebc1 req-adbffd4f-306a-465b-8294-94da51cfebc1 ] Request (SecurityGroupsNegativeTestJSON:test_delete_security_group_without_passing_id): 404 DELETE http://10.180.1.21/compute/v2.1/os-security-groups/ 1.266s
2025-12-09 08:25:12.261 65811 INFO tempest.lib.common.rest_client [req-b9a75a21-4f57-4e5b-b8ea-4b67deb073aa req-b9a75a21-4f57-4e5b-b8ea-4b67deb073aa ] Request (AttachVolumeShelveTestJSON:test_attach_volume_shelved_or_offload_server): 200 GET http://10.180.1.21/compute/v2.1/servers/025cdc7d-3048-4661-bffc-c6f8e743be57 1.365s
2025-12-09 08:25:12.509 65775 INFO tempest.lib.common.rest_client [req-2dd16810-c990-48fd-9273-bef93bee059d req-2dd16810-c990-48fd-9273-bef93bee059d ] Request (ServersTestBootFromVolume:setUpClass): 200 GET http://10.180.1.21/compute/v2.1/servers/942ac34d-620f-4e32-89b2-0aa2173ddc24 1.496s
2025-12-09 08:25:12.519 65775 INFO tempest.common.waiters [-] State transition "BUILD/networking" ==> "BUILD/block_device_mapping" after 38 second wait
2025-12-09 08:25:12.538 65769 INFO tempest.lib.common.rest_client [req-01b463aa-74b8-491f-b465-f8af8b3ad677 req-01b463aa-74b8-491f-b465-f8af8b3ad677 ] Request (ServerRescueTestJSON:setUpClass): 200 GET http://10.180.1.21/compute/v2.1/servers/3f9cace4-61b0-49e8-84a5-4c077cf316b8 1.310s
2025-12-09 08:25:12.629 65777 INFO tempest.lib.common.rest_client [req-054014c6-388a-47c7-96d3-37778c24d4dd req-054014c6-388a-47c7-96d3-37778c24d4dd ] Request (ServersAaction247Test:tearDownClass): 200 GET http://10.180.1.21/compute/v2.1/servers/909a4a53-affe-4478-80d2-d6b4645a7dca 1.048s
2025-12-09 08:25:12.655 65823 INFO tempest.lib.common.rest_client [req-cb099dfd-38fb-4c75-ae6f-bfa29742ccb6 req-cb099dfd-38fb-4c75-ae6f-bfa29742ccb6 ] Request (ImagesTestJSON:test_create_server_from_snapshot): 200 GET http://10.180.1.21/compute/v2.1/servers/cfe5fbb1-efcf-4dda-92e3-81af133dc2d2 1.217s
2025-12-09 08:25:12.686 65781 INFO tempest.lib.common.rest_client [req-94d566f8-2c6c-49c4-8e87-d4c9a08d7ba1 req-94d566f8-2c6c-49c4-8e87-d4c9a08d7ba1 ] Request (InstanceActionsTestJSON:setUpClass): 200 GET http://10.180.1.21/compute/v2.1/servers/d8d3d664-e5f5-4680-b654-2c196734026e 1.090s
2025-12-09 08:25:12.712 65785 INFO tempest.lib.common.rest_client [req-732d2aa4-fb75-4420-8af7-72706c885ef9 req-732d2aa4-fb75-4420-8af7-72706c885ef9 ] Request (ServerDiskConfigTestJSON:test_rebuild_server_with_auto_disk_config): 200 GET http://10.180.1.21/compute/v2.1/servers/8c76cf4c-6e78-4f54-812b-0aeddc0ee288 1.068s
2025-12-09 08:25:12.748 65799 INFO tempest.lib.common.rest_client [req-dffc03b0-a88c-490f-ac3a-9cec2699a4e7 req-dffc03b0-a88c-490f-ac3a-9cec2699a4e7 ] Request (ServersTestMultiNic:test_verify_multiple_nics_order): 200 GET http://10.180.1.21/compute/v2.1/servers/0e7483f5-121e-4b50-ac04-46a6c63da9d1 1.084s
2025-12-09 08:25:12.777 65817 INFO tempest.lib.common.rest_client [req-148bb9af-2efc-45e6-9eb5-e0d246876881 req-148bb9af-2efc-45e6-9eb5-e0d246876881 ] Request (ServersAdminTestJSON:test_list_servers_by_admin_with_specified_tenant): 200 GET http://10.180.1.21/compute/v2.1/servers/detail?all_tenants=&tenant_id=ee13b381944b46a78a7cc3d1158284e9 0.918s
2025-12-09 08:25:12.779 65771 INFO tempest.lib.common.rest_client [req-52bf8506-6f04-4af6-b765-0ba0071a793c req-52bf8506-6f04-4af6-b765-0ba0071a793c ] Request (SecurityGroupsTestJSON:tearDownClass): 200 GET http://10.180.1.21/compute/v2.1/servers/1d97072d-5bc2-4ae7-89a6-118bac64181c 1.090s
2025-12-09 08:25:12.948 65797 INFO tempest.lib.common.rest_client [req-1294dbba-809b-4116-b30f-dd9bf30fcaf6 req-1294dbba-809b-4116-b30f-dd9bf30fcaf6 ] Request (MigrationsAdminTest:test_resize_server_revert_deleted_flavor): 200 GET http://10.180.1.21/compute/v2.1/servers/0be6a04f-9648-46de-95f0-db2cf56853c6 0.973s
2025-12-09 08:25:13.020 65805 INFO tempest.lib.common.rest_client [req-b525de6c-650d-4e54-95b0-05de99ecac6e req-b525de6c-650d-4e54-95b0-05de99ecac6e ] Request (ServerShowV247Test:test_show_server): 202 POST http://10.180.1.21/compute/v2.1/servers 1.123s
2025-12-09 08:25:13.036 65807 INFO tempest.lib.common.rest_client [req-cca25069-3b96-45f5-a040-ea192b0b128b req-cca25069-3b96-45f5-a040-ea192b0b128b ] Request (ServerActionsV293TestJSON:setUpClass): 200 GET http://10.180.1.21/compute/v2.1/servers/076d50d5-a328-4f66-90f8-69830121c00d 0.930s
2025-12-09 08:25:13.082 65783 INFO tempest.lib.common.rest_client [req-a9005ae1-b479-49ac-802b-77ab937f7081 req-a9005ae1-b479-49ac-802b-77ab937f7081 ] Request (ListImageFiltersTestJSON:setUpClass): 200 GET http://10.180.1.21/compute/v2.1/images/32f06abd-14ef-4aed-9b73-650f7b1b9f07 0.852s
2025-12-09 08:25:13.117 65793 INFO tempest.lib.common.rest_client [req-7ebf3128-00ef-46ec-b9af-afc3f1dfd591 req-7ebf3128-00ef-46ec-b9af-afc3f1dfd591 ] Request (ServerRescueNegativeTestJSON:test_rescued_vm_detach_volume): 200 GET http://10.180.1.21/compute/v2.1/servers/5cfab05a-2637-46b2-bae5-1e10d32ccb3b 1.009s
2025-12-09 08:25:13.219 65790 INFO tempest.lib.common.rest_client [req-813c856b-f807-43df-b8c7-4035975500d7 req-813c856b-f807-43df-b8c7-4035975500d7 ] Request (SecurityGroupsNegativeTestJSON:test_delete_the_default_security_group): 200 GET http://10.180.1.21/compute/v2.1/os-security-groups 0.985s
2025-12-09 08:25:13.226 65803 INFO tempest.lib.common.rest_client [req-0954f967-124a-46c2-a1b6-ddbff885c53c req-0954f967-124a-46c2-a1b6-ddbff885c53c ] Request (ServersNegativeTestJSON:setUpClass): 200 GET http://10.180.1.21/compute/v2.1/servers/b5011e0f-1b53-420a-9601-aa3cbff9525b 0.890s
2025-12-09 08:25:13.235 65817 INFO tempest.lib.common.rest_client [req-26f4eda9-32ba-46d6-9d3e-f906a907803e req-26f4eda9-32ba-46d6-9d3e-f906a907803e ] Request (ServersAdminTestJSON:test_list_servers_detailed_filter_by_invalid_status): 200 GET http://10.180.1.21/compute/v2.1/servers/detail?status=invalid_status 0.449s
2025-12-09 08:25:13.263 65791 INFO tempest.lib.common.rest_client [req-e06742ab-9660-47a3-8a93-cfc7d8ce5edc req-e06742ab-9660-47a3-8a93-cfc7d8ce5edc ] Request (MultipleCreateTestJSON:tearDownClass): 404 GET http://10.180.1.21/compute/v2.1/servers/6f166c27-9c85-4034-bf3c-3eae5679f3bb 0.255s
2025-12-09 08:25:13.303 65809 INFO tempest.lib.common.rest_client [req-98bb2a12-c0c8-4ef0-8017-c2eb20a4620b req-98bb2a12-c0c8-4ef0-8017-c2eb20a4620b ] Request (ServerActionsTestOtherA:_run_cleanups): 200 GET http://10.180.1.21/compute/v2.1/servers/0174005b-f4ba-4b7e-aee8-b0bb5e3a13a8 0.828s
2025-12-09 08:25:13.345 65805 INFO tempest.lib.common.rest_client [req-bba4bb6c-9f43-4b62-a3c6-231eeecc94f2 req-bba4bb6c-9f43-4b62-a3c6-231eeecc94f2 ] Request (ServerShowV247Test:test_show_server): 200 GET http://10.180.1.21/compute/v2.1/servers/50d56df1-d30e-48f9-bec7-854ea14b6d21 0.323s
2025-12-09 08:25:13.389 65790 INFO tempest.lib.common.rest_client [req-d53a593a-3574-4119-9839-6cbaddc07e01 req-d53a593a-3574-4119-9839-6cbaddc07e01 ] Request (SecurityGroupsNegativeTestJSON:test_delete_the_default_security_group): 400 DELETE http://10.180.1.21/compute/v2.1/os-security-groups/3f6777d4-bb48-457b-991a-7e64295b99ac 0.164s
2025-12-09 08:25:13.400 65805 INFO tempest.lib.common.rest_client [req-3b6739fd-e86f-4aab-97b9-b7e7f67bc577 req-3b6739fd-e86f-4aab-97b9-b7e7f67bc577 ] Request (ServerShowV247Test:test_update_rebuild_list_server): 201 POST http://10.180.1.21/identity/v3/auth/tokens 0.040s
2025-12-09 08:25:13.400 65805 INFO tempest.lib.common.fixed_network [-] (ServerShowV247Test:test_update_rebuild_list_server) Found network None available for tenant
2025-12-09 08:25:13.421 65817 INFO tempest.lib.common.rest_client [req-4c5535f7-4f70-4a42-9e94-3563f1badda9 req-4c5535f7-4f70-4a42-9e94-3563f1badda9 ] Request (ServersAdminTestJSON:test_list_servers_filter_by_error_status): 202 POST http://10.180.1.21/compute/v2.1/servers/93f31d95-1e4d-4a2b-8a78-e2a48dd0bcc1/action 0.177s
2025-12-09 08:25:13.452 65791 INFO tempest.lib.common.rest_client [req-2a5fdfc2-0849-4f8c-9894-a14c36ab0ebb req-2a5fdfc2-0849-4f8c-9894-a14c36ab0ebb ] Request (MultipleCreateTestJSON:tearDownClass): 200 GET http://10.180.1.21/compute/v2.1/servers/62ea3ab1-5161-4194-9967-d76675b52bd8 0.188s
2025-12-09 08:25:13.471 65790 INFO tempest.lib.common.rest_client [req-cc34e1d7-5c61-4cf2-b99d-edec791b568a req-cc34e1d7-5c61-4cf2-b99d-edec791b568a ] Request (SecurityGroupsNegativeTestJSON:test_security_group_get_nonexistent_group): 404 GET http://10.180.1.21/compute/v2.1/os-security-groups/8300a503-7128-40ee-aeb4-8b8559eb4ccd 0.076s
2025-12-09 08:25:13.529 65811 INFO tempest.lib.common.rest_client [req-ea20e788-e5d5-45ca-be49-5737d32c0d1d req-ea20e788-e5d5-45ca-be49-5737d32c0d1d ] Request (AttachVolumeShelveTestJSON:test_attach_volume_shelved_or_offload_server): 200 GET http://10.180.1.21/compute/v2.1/servers/025cdc7d-3048-4661-bffc-c6f8e743be57 0.253s
2025-12-09 08:25:13.615 65805 INFO tempest.lib.common.rest_client [req-2c57a2e3-6c43-4be2-9a85-b6ca8830d60d req-2c57a2e3-6c43-4be2-9a85-b6ca8830d60d ] Request (ServerShowV247Test:test_update_rebuild_list_server): 202 POST http://10.180.1.21/compute/v2.1/servers 0.214s
2025-12-09 08:25:13.625 65817 INFO tempest.lib.common.rest_client [req-425961f6-1606-4090-8575-2e55c254ebbb req-425961f6-1606-4090-8575-2e55c254ebbb ] Request (ServersAdminTestJSON:test_list_servers_filter_by_error_status): 200 GET http://10.180.1.21/compute/v2.1/servers?status=error 0.203s
2025-12-09 08:25:13.671 65790 INFO tempest.lib.common.rest_client [req-73dc9994-2f60-43ee-be56-d77e548cb858 req-73dc9994-2f60-43ee-be56-d77e548cb858 ] Request (SecurityGroupsNegativeTestJSON:test_update_non_existent_security_group): 404 PUT http://10.180.1.21/compute/v2.1/os-security-groups/6a15fadb-ed23-40e9-a96a-5b9d2577856b 0.198s
2025-12-09 08:25:13.779 65773 INFO paramiko.transport [-] Connected (version 2.0, client dropbear_2020.81)
2025-12-09 08:25:13.789 65775 INFO tempest.lib.common.rest_client [req-aa677f2a-09df-472f-8b7e-8aeab37ca90e req-aa677f2a-09df-472f-8b7e-8aeab37ca90e ] Request (ServersTestBootFromVolume:setUpClass): 200 GET http://10.180.1.21/compute/v2.1/servers/942ac34d-620f-4e32-89b2-0aa2173ddc24 0.267s
2025-12-09 08:25:13.796 65775 INFO tempest.common.waiters [-] State transition "BUILD/block_device_mapping" ==> "BUILD/spawning" after 39 second wait
2025-12-09 08:25:13.813 65805 INFO tempest.lib.common.rest_client [req-047f94b3-5e11-48c2-914d-7b090f72139c req-047f94b3-5e11-48c2-914d-7b090f72139c ] Request (ServerShowV247Test:test_update_rebuild_list_server): 200 PUT http://10.180.1.21/compute/v2.1/servers/02e4905f-4d28-4441-b459-bcd816c289d2 0.195s
2025-12-09 08:25:13.843 65773 INFO paramiko.transport [-] Authentication (publickey) successful!
2025-12-09 08:25:13.843 65773 INFO tempest.lib.common.ssh [-] ssh connection to cirros@10.180.180.182 successfully created
