2025-12-09 08:21:43.309 65781 INFO tempest.lib.common.rest_client [req-90dd681f-322b-446f-a243-f1f9db04b363 req-90dd681f-322b-446f-a243-f1f9db04b363 ] Request (ValidationResourcesFixture:setUp): 201 POST http://10.180.1.21/networking/v2.0/floatingips 0.610s
2025-12-09 08:21:43.316 65817 INFO tempest.lib.common.rest_client [req-da743772-a951-4501-9b33-de83539a3cb5 req-da743772-a951-4501-9b33-de83539a3cb5 ] Request (QuotasAdminNegativeTest:test_create_server_when_memory_quota_is_full): 403 POST http://10.180.1.21/compute/v2.1/servers 4.098s
2025-12-09 08:21:43.380 65825 INFO tempest.lib.common.rest_client [req-955bb83f-e1a1-447a-87d8-26ccdfb70140 req-955bb83f-e1a1-447a-87d8-26ccdfb70140 ] Request (HostsAdminTestJSON:tearDownClass): 204 DELETE http://10.180.1.21/networking/v2.0/security-groups/903575ea-8427-42c3-bdb0-755cd36b7139 0.469s
2025-12-09 08:21:43.400 65781 INFO tempest.lib.common.rest_client [req-9a1205c3-428f-4fb4-9792-c42d7ae64edf req-9a1205c3-428f-4fb4-9792-c42d7ae64edf ] Request (AttachInterfacesUnderV243Test:test_add_remove_fixed_ip): 201 POST http://10.180.1.21/identity/v3/auth/tokens 0.088s
2025-12-09 08:21:43.401 65781 INFO tempest.lib.common.fixed_network [-] (AttachInterfacesUnderV243Test:test_add_remove_fixed_ip) Found network {'id': '3effc908-82d7-45f2-8879-6c0d48c211e6', 'name': 'tempest-AttachInterfacesUnderV243Test-1755571966-network', 'tenant_id': '0e3cc77bc7264ed5892c7433c5c04dcc', 'project_id': '0e3cc77bc7264ed5892c7433c5c04dcc', 'admin_state_up': True, 'mtu': 8950, 'status': 'ACTIVE', 'subnets': [], 'shared': False, 'port_security_enabled': True, 'router:external': False, 'provider:network_type': 'vlan', 'provider:physical_network': 'default', 'provider:segmentation_id': 150, 'availability_zone_hints': [], 'availability_zones': [], 'ipv4_address_scope': None, 'ipv6_address_scope': None, 'description': '', 'tags': [], 'created_at': '2025-12-09T08:21:35Z', 'updated_at': '2025-12-09T08:21:35Z', 'revision_number': 1} available for tenant
2025-12-09 08:21:43.443 65790 INFO tempest.lib.common.rest_client [req-175f7cdc-a3f9-44a5-8a83-b989548e8839 req-175f7cdc-a3f9-44a5-8a83-b989548e8839 ] Request (ServersAdminNegativeTestJSON:test_migrate_non_existent_server): 404 POST http://10.180.1.21/compute/v2.1/servers/582c4c2e-8354-4833-bb87-d00b807538a1/action 3.154s
2025-12-09 08:21:43.481 65803 INFO tempest.lib.common.rest_client [req-f7cd968c-e861-461f-b42d-5747e6371b15 req-f7cd968c-e861-461f-b42d-5747e6371b15 ] Request (QuotaClassesAdminTestJSON:tearDownClass): 200 GET http://10.180.1.21/networking/v2.0/security-groups?tenant_id=b1ec0fe38e994742b967980991da091b&name=default 0.368s
2025-12-09 08:21:43.520 65825 INFO tempest.lib.common.rest_client [req-efb079dc-8a5d-482f-82ee-da11b9aabd18 req-efb079dc-8a5d-482f-82ee-da11b9aabd18 ] Request (HostsAdminTestJSON:tearDownClass): 204 DELETE http://10.180.1.21/identity/v3/projects/80a1f870ac0443308e7663ee671a2ec8 0.140s
2025-12-09 08:21:43.520 65825 INFO tempest.lib.common.dynamic_creds [-] Deleting project and security group for project: 9eab9ab2dac94557b053324813d1f090
2025-12-09 08:21:43.533 65790 INFO tempest.lib.common.rest_client [req-a89b6330-9611-4ec3-8bb8-db1f3f986ffc req-a89b6330-9611-4ec3-8bb8-db1f3f986ffc ] Request (ServersAdminNegativeTestJSON:test_migrate_server_invalid_state): 201 POST http://10.180.1.21/identity/v3/auth/tokens 0.085s
2025-12-09 08:21:43.533 65790 INFO tempest.lib.common.fixed_network [-] (ServersAdminNegativeTestJSON:test_migrate_server_invalid_state) Found network None available for tenant
2025-12-09 08:21:43.644 65809 INFO tempest.lib.common.rest_client [req-7056936d-5987-4dd7-99fb-1980083ef277 req-7056936d-5987-4dd7-99fb-1980083ef277 ] Request (FloatingIPDetailsTestJSON:setUpClass): 201 POST http://10.180.1.21/networking/v2.0/subnets 0.399s
2025-12-09 08:21:43.849 65803 INFO tempest.lib.common.rest_client [req-1883cd3d-3a8c-4924-8bcc-a2ad305de516 req-1883cd3d-3a8c-4924-8bcc-a2ad305de516 ] Request (QuotaClassesAdminTestJSON:tearDownClass): 204 DELETE http://10.180.1.21/networking/v2.0/security-groups/e80161c1-9914-462e-8b78-b1180c2eadee 0.368s
2025-12-09 08:21:43.919 65825 INFO tempest.lib.common.rest_client [req-699c90f0-8b46-499f-98b6-6064e8def4c9 req-699c90f0-8b46-499f-98b6-6064e8def4c9 ] Request (HostsAdminTestJSON:tearDownClass): 200 GET http://10.180.1.21/networking/v2.0/security-groups?tenant_id=9eab9ab2dac94557b053324813d1f090&name=default 0.399s
2025-12-09 08:21:43.961 65815 INFO tempest.lib.common.rest_client [req-8cc4cd87-5a93-4323-b824-0b13ee8ff119 req-8cc4cd87-5a93-4323-b824-0b13ee8ff119 ] Request (VolumesAssistedSnapshotsTest:test_volume_assisted_snapshot_create_delete): 200 GET http://10.180.1.21/compute/v2.1/servers/1aaef603-0426-445d-8612-6207d923b337 3.929s
2025-12-09 08:21:44.002 65803 INFO tempest.lib.common.rest_client [req-02ff5c4a-2c28-494e-9dd9-acab941336f2 req-02ff5c4a-2c28-494e-9dd9-acab941336f2 ] Request (QuotaClassesAdminTestJSON:tearDownClass): 204 DELETE http://10.180.1.21/identity/v3/projects/b1ec0fe38e994742b967980991da091b 0.152s
2025-12-09 08:21:44.102 65803 INFO tempest.lib.common.rest_client [req-bb653586-22d1-44c2-8fcf-b368679d5596 req-bb653586-22d1-44c2-8fcf-b368679d5596 ] Request (FloatingIPsTestJSON:setUpClass): 201 POST http://10.180.1.21/identity/v3/auth/tokens 0.098s
2025-12-09 08:21:44.168 65803 INFO tempest.lib.common.rest_client [req-24de6e53-8209-4a29-a280-31303048c090 req-24de6e53-8209-4a29-a280-31303048c090 ] Request (FloatingIPsTestJSON:setUpClass): 201 POST http://10.180.1.21/identity/v3/auth/tokens 0.060s
2025-12-09 08:21:44.193 65803 INFO tempest.lib.common.rest_client [req-dba81ff2-0900-46aa-8360-815fe00a3b54 req-dba81ff2-0900-46aa-8360-815fe00a3b54 ] Request (FloatingIPsTestJSON:setUpClass): 200 GET http://10.180.1.21/identity/v3/domains?name=Default 0.025s
2025-12-09 08:21:44.227 65803 INFO tempest.lib.common.rest_client [req-4cdd31f0-c0af-4c43-9963-b32ae6563a35 req-4cdd31f0-c0af-4c43-9963-b32ae6563a35 ] Request (FloatingIPsTestJSON:setUpClass): 201 POST http://10.180.1.21/identity/v3/projects 0.032s
2025-12-09 08:21:44.318 65803 INFO tempest.lib.common.rest_client [req-00b193be-3a49-4ed9-93a5-d5cf5757958b req-00b193be-3a49-4ed9-93a5-d5cf5757958b ] Request (FloatingIPsTestJSON:setUpClass): 201 POST http://10.180.1.21/identity/v3/users 0.090s
2025-12-09 08:21:44.320 65801 INFO tempest.lib.common.rest_client [req-7e843c2c-d72a-4cc5-a1fb-6cd9b154f821 req-7e843c2c-d72a-4cc5-a1fb-6cd9b154f821 ] Request (FloatingIPsAssociationNegativeTestJSON:setUpClass): 200 GET http://10.180.1.21/compute/v2.1/servers/6e7c7a3d-881f-491b-b205-2149941c8137 4.021s
2025-12-09 08:21:44.327 65801 INFO tempest.common.waiters [-] State transition "BUILD/None" ==> "BUILD/spawning" after 11 second wait
2025-12-09 08:21:44.345 65803 INFO tempest.lib.common.rest_client [req-2d236605-e489-4886-90f8-b991ac9c8b28 req-2d236605-e489-4886-90f8-b991ac9c8b28 ] Request (FloatingIPsTestJSON:setUpClass): 200 GET http://10.180.1.21/identity/v3/roles 0.027s
2025-12-09 08:21:44.404 65803 INFO tempest.lib.common.rest_client [req-df21c617-36e8-4346-8828-e54dea4dc745 req-df21c617-36e8-4346-8828-e54dea4dc745 ] Request (FloatingIPsTestJSON:setUpClass): 204 PUT http://10.180.1.21/identity/v3/projects/101fc9da16664a92957ee72ebf45f18f/users/1a2dc42f8c4343bf9805a8b97e99b266/roles/6185207536d441809aa43de388d1594e 0.059s
2025-12-09 08:21:44.405 65803 INFO tempest.lib.common.dynamic_creds [-] Dynamic test user 1a2dc42f8c4343bf9805a8b97e99b266 is created with scope project and roles: ['member']
2025-12-09 08:21:44.405 65803 INFO tempest.lib.common.dynamic_creds [-] Acquired dynamic creds: credentials: Credentials: {'domain_id': 'default', 'domain_name': 'Default', 'username': 'tempest-FloatingIPsTestJSON-1819312872-project-member', 'project_domain_id': 'default', 'project_domain_name': 'Default', 'project_id': '101fc9da16664a92957ee72ebf45f18f', 'project_name': 'tempest-FloatingIPsTestJSON-1819312872', 'tenant_id': '101fc9da16664a92957ee72ebf45f18f', 'tenant_name': 'tempest-FloatingIPsTestJSON-1819312872', 'user_domain_id': 'default', 'user_domain_name': 'Default', 'user_id': '1a2dc42f8c4343bf9805a8b97e99b266', 'system': None}, Network: None, Subnet: None, Router: None
2025-12-09 08:21:44.424 65825 INFO tempest.lib.common.rest_client [req-326d23f6-2e11-4538-a74c-3f13a7bc4fee req-326d23f6-2e11-4538-a74c-3f13a7bc4fee ] Request (HostsAdminTestJSON:tearDownClass): 204 DELETE http://10.180.1.21/networking/v2.0/security-groups/bac68529-f513-4049-ae18-c7020fdcf653 0.505s
2025-12-09 08:21:44.472 65803 INFO tempest.lib.common.rest_client [req-92825c54-d809-4c20-8847-8e9af946341d req-92825c54-d809-4c20-8847-8e9af946341d ] Request (FloatingIPsTestJSON:setUpClass): 201 POST http://10.180.1.21/identity/v3/auth/tokens 0.066s
2025-12-09 08:21:44.529 65825 INFO tempest.lib.common.rest_client [req-0f938a6d-05c4-4e20-b9f5-d250fcb5f0ba req-0f938a6d-05c4-4e20-b9f5-d250fcb5f0ba ] Request (HostsAdminTestJSON:tearDownClass): 204 DELETE http://10.180.1.21/identity/v3/projects/9eab9ab2dac94557b053324813d1f090 0.104s
2025-12-09 08:21:44.584 65799 INFO tempest.lib.common.rest_client [req-88883354-9ee9-45b2-af6a-0e6a28c0568a req-88883354-9ee9-45b2-af6a-0e6a28c0568a ] Request (ServerDiagnosticsTest:tearDownClass): 200 GET http://10.180.1.21/compute/v2.1/servers/c33d6bb6-9f00-4ab8-9d62-940776cb1b45 4.158s
2025-12-09 08:21:44.623 65825 INFO tempest.lib.common.rest_client [req-528f05b5-0e0b-4ff7-b979-9a8ac392f857 req-528f05b5-0e0b-4ff7-b979-9a8ac392f857 ] Request (HypervisorAdminNegativeUnderV252Test:setUpClass): 201 POST http://10.180.1.21/identity/v3/auth/tokens 0.093s
2025-12-09 08:21:44.642 65779 INFO tempest.lib.common.rest_client [req-817d099e-81ce-4d8b-a2c5-ce12afcaec7f req-817d099e-81ce-4d8b-a2c5-ce12afcaec7f ] Request (HypervisorAdminV253TestBase:test_list_show_detail_hypervisors): 200 GET http://10.180.1.21/compute/v2.1/os-hypervisors?with_servers=True 3.984s
2025-12-09 08:21:44.660 65825 INFO tempest.lib.common.rest_client [req-d980482a-000b-439e-a9d7-d3f37db1b1d6 req-d980482a-000b-439e-a9d7-d3f37db1b1d6 ] Request (HypervisorAdminNegativeUnderV252Test:setUpClass): 201 POST http://10.180.1.21/identity/v3/auth/tokens 0.031s
2025-12-09 08:21:44.708 65809 INFO tempest.lib.common.rest_client [req-f9a0134f-8f37-49ea-9cf8-10691cc10a85 req-f9a0134f-8f37-49ea-9cf8-10691cc10a85 ] Request (FloatingIPDetailsTestJSON:setUpClass): 201 POST http://10.180.1.21/networking/v2.0/routers 1.064s
2025-12-09 08:21:44.729 65825 INFO tempest.lib.common.rest_client [req-d88d3209-82bf-415e-8f13-d1e4a5f098e1 req-d88d3209-82bf-415e-8f13-d1e4a5f098e1 ] Request (HypervisorAdminNegativeUnderV252Test:setUpClass): 200 GET http://10.180.1.21/identity/v3/domains?name=Default 0.068s
2025-12-09 08:21:44.755 65827 INFO tempest.lib.common.rest_client [req-8164efd7-0925-483b-8e7e-96faea9190c7 req-8164efd7-0925-483b-8e7e-96faea9190c7 ] Request (ServerRescueTestJSONUnderV235:setUpClass): 200 GET http://10.180.1.21/compute/v2.1/servers/578c81a0-74b6-4f41-b2ed-1e48dd7e7764 4.424s
2025-12-09 08:21:44.767 65825 INFO tempest.lib.common.rest_client [req-ba3e9409-bf3b-4552-a72b-9f53eeb52a16 req-ba3e9409-bf3b-4552-a72b-9f53eeb52a16 ] Request (HypervisorAdminNegativeUnderV252Test:setUpClass): 201 POST http://10.180.1.21/identity/v3/projects 0.037s
2025-12-09 08:21:44.882 65825 INFO tempest.lib.common.rest_client [req-e1ef96f5-a4e9-4900-8db6-42122a73ce43 req-e1ef96f5-a4e9-4900-8db6-42122a73ce43 ] Request (HypervisorAdminNegativeUnderV252Test:setUpClass): 201 POST http://10.180.1.21/identity/v3/users 0.114s
2025-12-09 08:21:44.915 65825 INFO tempest.lib.common.rest_client [req-b7b66f5f-c451-4364-8028-eb2a735edb69 req-b7b66f5f-c451-4364-8028-eb2a735edb69 ] Request (HypervisorAdminNegativeUnderV252Test:setUpClass): 200 GET http://10.180.1.21/identity/v3/roles 0.032s
2025-12-09 08:21:44.958 65825 INFO tempest.lib.common.rest_client [req-92b70f5f-45cf-4072-8332-6d37b4357529 req-92b70f5f-45cf-4072-8332-6d37b4357529 ] Request (HypervisorAdminNegativeUnderV252Test:setUpClass): 204 PUT http://10.180.1.21/identity/v3/projects/d5566ef9126145b08ba12b85ab58e68f/users/67256a9a55254872ade47abdf581f38c/roles/6185207536d441809aa43de388d1594e 0.042s
2025-12-09 08:21:44.958 65825 INFO tempest.lib.common.dynamic_creds [-] Dynamic test user 67256a9a55254872ade47abdf581f38c is created with scope project and roles: ['member']
2025-12-09 08:21:44.958 65825 INFO tempest.lib.common.dynamic_creds [-] Acquired dynamic creds: credentials: Credentials: {'domain_id': 'default', 'domain_name': 'Default', 'username': 'tempest-HypervisorAdminNegativeUnderV252Test-3320747-project-member', 'project_domain_id': 'default', 'project_domain_name': 'Default', 'project_id': 'd5566ef9126145b08ba12b85ab58e68f', 'project_name': 'tempest-HypervisorAdminNegativeUnderV252Test-3320747', 'tenant_id': 'd5566ef9126145b08ba12b85ab58e68f', 'tenant_name': 'tempest-HypervisorAdminNegativeUnderV252Test-3320747', 'user_domain_id': 'default', 'user_domain_name': 'Default', 'user_id': '67256a9a55254872ade47abdf581f38c', 'system': None}, Network: None, Subnet: None, Router: None
2025-12-09 08:21:44.959 65825 INFO tempest.lib.common.dynamic_creds [-] Created isolated network resources for: credentials: Credentials: {'domain_id': 'default', 'domain_name': 'Default', 'username': 'tempest-HypervisorAdminNegativeUnderV252Test-3320747-project-member', 'project_domain_id': 'default', 'project_domain_name': 'Default', 'project_id': 'd5566ef9126145b08ba12b85ab58e68f', 'project_name': 'tempest-HypervisorAdminNegativeUnderV252Test-3320747', 'tenant_id': 'd5566ef9126145b08ba12b85ab58e68f', 'tenant_name': 'tempest-HypervisorAdminNegativeUnderV252Test-3320747', 'user_domain_id': 'default', 'user_domain_name': 'Default', 'user_id': '67256a9a55254872ade47abdf581f38c', 'system': None}, Network: None, Subnet: None, Router: None
2025-12-09 08:21:44.986 65803 INFO tempest.lib.common.rest_client [req-70896c49-5a09-4ee4-a5d4-40a62e89431f req-70896c49-5a09-4ee4-a5d4-40a62e89431f ] Request (FloatingIPsTestJSON:setUpClass): 201 POST http://10.180.1.21/networking/v2.0/networks 0.513s
2025-12-09 08:21:45.021 65820 INFO tempest.lib.common.rest_client [req-6c899bda-cf72-4204-8708-b2bb288f338f req-6c899bda-cf72-4204-8708-b2bb288f338f ] Request (ServersNegativeTestMultiTenantJSON:setUpClass): 200 GET http://10.180.1.21/compute/v2.1/servers/0eade3d5-582f-47a9-b782-0e2f499b31cd 4.023s
2025-12-09 08:21:45.035 65820 INFO tempest.common.waiters [-] State transition "BUILD/None" ==> "BUILD/networking" after 11 second wait
2025-12-09 08:21:45.097 65825 INFO tempest.lib.common.rest_client [req-c7858fd5-9c0d-489b-bc5f-24a8c198bc0f req-c7858fd5-9c0d-489b-bc5f-24a8c198bc0f ] Request (HypervisorAdminNegativeUnderV252Test:setUpClass): 201 POST http://10.180.1.21/identity/v3/auth/tokens 0.131s
2025-12-09 08:21:45.204 65825 INFO tempest.lib.common.rest_client [req-f80595d0-862b-4f02-bdf2-354f06656b19 req-f80595d0-862b-4f02-bdf2-354f06656b19 ] Request (HypervisorAdminNegativeUnderV252Test:setUpClass): 201 POST http://10.180.1.21/identity/v3/projects 0.106s
2025-12-09 08:21:45.275 65825 INFO tempest.lib.common.rest_client [req-8c8bf115-c993-4eed-a78b-9f9408e94bdf req-8c8bf115-c993-4eed-a78b-9f9408e94bdf ] Request (HypervisorAdminNegativeUnderV252Test:setUpClass): 201 POST http://10.180.1.21/identity/v3/users 0.070s
2025-12-09 08:21:45.300 65813 INFO tempest.lib.common.rest_client [req-eab761a8-d460-4545-aae5-3f90acbafe1a req-eab761a8-d460-4545-aae5-3f90acbafe1a ] Request (ImagesNegativeTestJSON:test_create_image_from_deleted_server): 200 GET http://10.180.1.21/compute/v2.1/servers/9b844477-e0ae-4968-8837-573b03345673 4.133s
2025-12-09 08:21:45.322 65825 INFO tempest.lib.common.rest_client [req-1db61676-c7ee-46ce-b378-5dcbea3f3263 req-1db61676-c7ee-46ce-b378-5dcbea3f3263 ] Request (HypervisorAdminNegativeUnderV252Test:setUpClass): 200 GET http://10.180.1.21/identity/v3/roles 0.046s
2025-12-09 08:21:45.358 65807 INFO tempest.lib.common.rest_client [req-56a29ffd-c920-4f3a-9c59-ff68ef7432a7 req-56a29ffd-c920-4f3a-9c59-ff68ef7432a7 ] Request (ImagesOneServerTestJSON:test_create_delete_image): 200 GET http://10.180.1.21/compute/v2.1/images/3a04e0f1-f4b7-4620-af00-400062c1b07a 3.878s
2025-12-09 08:21:45.377 65825 INFO tempest.lib.common.rest_client [req-7ecc294b-30c8-4335-b12f-880dedfe0109 req-7ecc294b-30c8-4335-b12f-880dedfe0109 ] Request (HypervisorAdminNegativeUnderV252Test:setUpClass): 204 PUT http://10.180.1.21/identity/v3/projects/282a947999e24c7ca2cffb768ddd2080/users/636404b02b394e8fb1ad2ab9713eb051/roles/a69919db2b63434bad6c934d6d670edc 0.054s
2025-12-09 08:21:45.443 65825 INFO tempest.lib.common.rest_client [req-b9095ec6-80a6-40e5-ba4d-28df2a7f0111 req-b9095ec6-80a6-40e5-ba4d-28df2a7f0111 ] Request (HypervisorAdminNegativeUnderV252Test:setUpClass): 200 GET http://10.180.1.21/identity/v3/roles 0.066s
2025-12-09 08:21:45.468 65825 INFO tempest.lib.common.rest_client [req-f72d4878-e977-4e89-bf1e-6ac2d985e1b9 req-f72d4878-e977-4e89-bf1e-6ac2d985e1b9 ] Request (HypervisorAdminNegativeUnderV252Test:setUpClass): 204 PUT http://10.180.1.21/identity/v3/projects/282a947999e24c7ca2cffb768ddd2080/users/636404b02b394e8fb1ad2ab9713eb051/roles/a69919db2b63434bad6c934d6d670edc 0.024s
2025-12-09 08:21:45.469 65825 INFO tempest.lib.common.dynamic_creds [-] Dynamic test user 636404b02b394e8fb1ad2ab9713eb051 is created with scope project and roles: ['admin']
2025-12-09 08:21:45.469 65825 INFO tempest.lib.common.dynamic_creds [-] Acquired dynamic creds: credentials: Credentials: {'domain_id': 'default', 'domain_name': 'Default', 'username': 'tempest-HypervisorAdminNegativeUnderV252Test-2090887393-project-admin', 'project_domain_id': 'default', 'project_domain_name': 'Default', 'project_id': '282a947999e24c7ca2cffb768ddd2080', 'project_name': 'tempest-HypervisorAdminNegativeUnderV252Test-2090887393', 'tenant_id': '282a947999e24c7ca2cffb768ddd2080', 'tenant_name': 'tempest-HypervisorAdminNegativeUnderV252Test-2090887393', 'user_domain_id': 'default', 'user_domain_name': 'Default', 'user_id': '636404b02b394e8fb1ad2ab9713eb051', 'system': None}, Network: None, Subnet: None, Router: None
2025-12-09 08:21:45.469 65825 INFO tempest.lib.common.dynamic_creds [-] Created isolated network resources for: credentials: Credentials: {'domain_id': 'default', 'domain_name': 'Default', 'username': 'tempest-HypervisorAdminNegativeUnderV252Test-2090887393-project-admin', 'project_domain_id': 'default', 'project_domain_name': 'Default', 'project_id': '282a947999e24c7ca2cffb768ddd2080', 'project_name': 'tempest-HypervisorAdminNegativeUnderV252Test-2090887393', 'tenant_id': '282a947999e24c7ca2cffb768ddd2080', 'tenant_name': 'tempest-HypervisorAdminNegativeUnderV252Test-2090887393', 'user_domain_id': 'default', 'user_domain_name': 'Default', 'user_id': '636404b02b394e8fb1ad2ab9713eb051', 'system': None}, Network: None, Subnet: None, Router: None
2025-12-09 08:21:45.474 65803 INFO tempest.lib.common.rest_client [req-bbcd6e01-e46c-41da-afe6-658f1ae927d9 req-bbcd6e01-e46c-41da-afe6-658f1ae927d9 ] Request (FloatingIPsTestJSON:setUpClass): 201 POST http://10.180.1.21/networking/v2.0/subnets 0.487s
2025-12-09 08:21:45.509 65785 INFO tempest.lib.common.rest_client [req-68ad8f1a-c03f-4a9b-9f29-171e374f864a req-68ad8f1a-c03f-4a9b-9f29-171e374f864a ] Request (ServersAdmin275Test:test_rebuild_update_server_275): 200 GET http://10.180.1.21/compute/v2.1/servers/28f51cf5-480c-4300-aa9b-a302ec00701f 4.245s
2025-12-09 08:21:45.529 65785 INFO tempest.common.waiters [-] State transition "REBUILD/rebuild_spawning" ==> "ACTIVE/None" after 11 second wait
2025-12-09 08:21:45.579 65825 INFO tempest.lib.common.rest_client [req-247bd84c-e728-4eca-987f-63c0062e58c3 req-247bd84c-e728-4eca-987f-63c0062e58c3 ] Request (HypervisorAdminNegativeUnderV252Test:setUpClass): 201 POST http://10.180.1.21/identity/v3/auth/tokens 0.107s
2025-12-09 08:21:46.000 65809 INFO tempest.lib.common.rest_client [req-4991f6fa-fa76-40fe-8418-9c7913d5dbc3 req-4991f6fa-fa76-40fe-8418-9c7913d5dbc3 ] Request (FloatingIPDetailsTestJSON:setUpClass): 200 PUT http://10.180.1.21/networking/v2.0/routers/4eb211f2-3b76-4479-bc93-42bd7c9fe5f6/add_router_interface 1.291s
2025-12-09 08:21:46.001 65809 INFO tempest.lib.common.dynamic_creds [-] Created isolated network resources for: credentials: Credentials: {'domain_id': 'default', 'domain_name': 'Default', 'username': 'tempest-FloatingIPDetailsTestJSON-155747419-project-member', 'project_domain_id': 'default', 'project_domain_name': 'Default', 'project_id': 'b7b84dcc20c84bd0b56b8ce2857e89c6', 'project_name': 'tempest-FloatingIPDetailsTestJSON-155747419', 'tenant_id': 'b7b84dcc20c84bd0b56b8ce2857e89c6', 'tenant_name': 'tempest-FloatingIPDetailsTestJSON-155747419', 'user_domain_id': 'default', 'user_domain_name': 'Default', 'user_id': '59839c3f36774560b3b730a69e418b4e', 'system': None}, Network: {'id': '56d89a27-ea60-4000-903e-d9a9f295cfdb', 'name': 'tempest-FloatingIPDetailsTestJSON-1434962720-network', 'tenant_id': 'b7b84dcc20c84bd0b56b8ce2857e89c6', 'project_id': 'b7b84dcc20c84bd0b56b8ce2857e89c6', 'admin_state_up': True, 'mtu': 8950, 'status': 'ACTIVE', 'subnets': [], 'shared': False, 'port_security_enabled': True, 'router:external': False, 'provider:network_type': 'vlan', 'provider:physical_network': 'default', 'provider:segmentation_id': 278, 'availability_zone_hints': [], 'availability_zones': [], 'ipv4_address_scope': None, 'ipv6_address_scope': None, 'description': '', 'tags': [], 'created_at': '2025-12-09T08:21:43Z', 'updated_at': '2025-12-09T08:21:43Z', 'revision_number': 1}, Subnet: {'id': '56135dac-0e81-4dc7-a1cc-d39218d46f91', 'name': 'tempest-FloatingIPDetailsTestJSON-1434962720-subnet', 'tenant_id': 'b7b84dcc20c84bd0b56b8ce2857e89c6', 'network_id': '56d89a27-ea60-4000-903e-d9a9f295cfdb', 'ip_version': 4, 'subnetpool_id': None, 'enable_dhcp': True, 'ipv6_ra_mode': None, 'ipv6_address_mode': None, 'gateway_ip': '192.168.128.1', 'cidr': '192.168.128.0/28', 'allocation_pools': [{'start': '192.168.128.2', 'end': '192.168.128.14'}], 'host_routes': [], 'dns_nameservers': [], 'description': '', 'router:external': False, 'service_types': [], 'tags': [], 'created_at': '2025-12-09T08:21:43Z', 'updated_at': '2025-12-09T08:21:43Z', 'revision_number': 0, 'project_id': 'b7b84dcc20c84bd0b56b8ce2857e89c6'}, Router: {'id': '4eb211f2-3b76-4479-bc93-42bd7c9fe5f6', 'name': 'tempest-FloatingIPDetailsTestJSON-1434962720-router', 'tenant_id': 'b7b84dcc20c84bd0b56b8ce2857e89c6', 'admin_state_up': True, 'status': 'ACTIVE', 'external_gateway_info': {'network_id': '4edc9de3-fd32-4c41-a23d-1cd6d75f908f', 'external_fixed_ips': [{'subnet_id': '055723b7-7f5a-45dd-9edf-33175f9a9de6', 'ip_address': '10.180.180.151'}], 'enable_snat': True}, 'description': '', 'availability_zones': [], 'distributed': False, 'ha': False, 'availability_zone_hints': [], 'routes': [], 'flavor_id': None, 'tags': [], 'created_at': '2025-12-09T08:21:43Z', 'updated_at': '2025-12-09T08:21:44Z', 'revision_number': 2, 'project_id': 'b7b84dcc20c84bd0b56b8ce2857e89c6'}
2025-12-09 08:21:46.103 65787 INFO tempest.lib.common.rest_client [req-30d800a8-9911-47ab-a69a-515fd0e5ab5a req-30d800a8-9911-47ab-a69a-515fd0e5ab5a ] Request (AttachInterfacesTestJSON:test_create_list_show_delete_interfaces_by_fixed_ip): 200 GET http://10.180.1.21/compute/v2.1/servers/620e6e20-084a-4732-afbc-264655ecf508 4.612s
2025-12-09 08:21:46.127 65777 INFO tempest.lib.common.rest_client [req-511159c3-3e87-4b15-bebc-356611ab55e1 req-511159c3-3e87-4b15-bebc-356611ab55e1 ] Request (HostsAdminNegativeTestJSON:test_startup_nonexistent_host): 404 GET http://10.180.1.21/compute/v2.1/os-hosts/nonexistent_hostname/startup 4.457s
2025-12-09 08:21:46.175 65775 INFO tempest.lib.common.rest_client [req-927ce189-ce16-4701-a965-f7785b1dfcd6 req-927ce189-ce16-4701-a965-f7785b1dfcd6 ] Request (FlavorsAdminTestJSON:_run_cleanups): 200 GET http://10.180.1.21/compute/v2.1/flavors/detail 4.484s
2025-12-09 08:21:46.211 65809 INFO tempest.lib.common.rest_client [req-95dad5e1-3c09-4547-beb6-39172dea544a req-95dad5e1-3c09-4547-beb6-39172dea544a ] Request (FloatingIPDetailsTestJSON:setUpClass): 201 POST http://10.180.1.21/identity/v3/auth/tokens 0.206s
2025-12-09 08:21:46.925 65803 INFO tempest.lib.common.rest_client [req-0739b81a-473a-4787-89fe-65170eff6671 req-0739b81a-473a-4787-89fe-65170eff6671 ] Request (FloatingIPsTestJSON:setUpClass): 201 POST http://10.180.1.21/networking/v2.0/routers 1.451s
2025-12-09 08:21:46.952 65811 INFO tempest.lib.common.rest_client [req-7d78aff5-4d7d-4918-b657-7a441d2ffa0b req-7d78aff5-4d7d-4918-b657-7a441d2ffa0b ] Request (ServersListShow2100Test:test_list_show_rebuild_update_server_2100): 200 GET http://10.180.1.21/compute/v2.1/servers/e93cdf7d-0c1a-4abf-825d-00a578d44ed5 5.410s
2025-12-09 08:21:46.957 65805 INFO tempest.lib.common.rest_client [req-67fa7016-f8d7-4586-b251-2df4529c8109 req-67fa7016-f8d7-4586-b251-2df4529c8109 ] Request (FlavorsExtraSpecsNegativeTestJSON:test_flavor_update_more_key): 400 PUT http://10.180.1.21/compute/v2.1/flavors/818739217/os-extra_specs/hw:numa_nodes 5.251s
2025-12-09 08:21:46.968 65791 INFO tempest.lib.common.rest_client [req-68a45f5b-d89c-4ef0-8714-7de7abb6cc0a req-68a45f5b-d89c-4ef0-8714-7de7abb6cc0a ] Request (TenantUsagesTestJSON:setUpClass): 200 GET http://10.180.1.21/compute/v2.1/servers/b5c62583-da50-4ede-ad80-59886d7c98c0 5.268s
2025-12-09 08:21:46.993 65767 INFO tempest.lib.common.rest_client [req-342f0bbd-e258-43de-b2a3-5f74c6d44a9c req-342f0bbd-e258-43de-b2a3-5f74c6d44a9c ] Request (FlavorsAccessNegativeTestJSON:_run_cleanups): 202 DELETE http://10.180.1.21/compute/v2.1/flavors/1418728442 5.279s
2025-12-09 08:21:47.026 65795 INFO tempest.lib.common.rest_client [req-e7e83a84-9246-450d-b392-3d923c30330d req-e7e83a84-9246-450d-b392-3d923c30330d ] Request (ValidationResourcesFixture:setUp): 200 POST http://10.180.1.21/compute/v2.1/os-keypairs 5.274s
2025-12-09 08:21:47.260 65795 INFO tempest.lib.common.rest_client [req-218aa6a6-4e60-4871-b14e-07729abd3efb req-218aa6a6-4e60-4871-b14e-07729abd3efb ] Request (ValidationResourcesFixture:setUp): 201 POST http://10.180.1.21/networking/v2.0/security-groups 0.232s
2025-12-09 08:21:47.264 65765 INFO tempest.lib.common.rest_client [req-35e48148-1157-4ad3-84ee-7f3b68de5e52 req-35e48148-1157-4ad3-84ee-7f3b68de5e52 ] Request (FlavorsAccessTestJSON:_run_cleanups): 202 DELETE http://10.180.1.21/compute/v2.1/flavors/873831348 5.331s
2025-12-09 08:21:47.290 65783 INFO tempest.lib.common.rest_client [req-1adfe7db-ed0b-4838-9859-9c71839ab44f req-1adfe7db-ed0b-4838-9859-9c71839ab44f ] Request (AggregatesAdminNegativeTestJSON:test_aggregate_add_non_exist_host): 404 POST http://10.180.1.21/compute/v2.1/os-aggregates/3/action 5.321s
2025-12-09 08:21:47.301 65821 INFO tempest.lib.common.rest_client [req-910c5b03-a816-47aa-8ce7-1d4902dbbbf7 req-910c5b03-a816-47aa-8ce7-1d4902dbbbf7 ] Request (FlavorsExtraSpecsTestJSON:test_flavor_set_get_update_show_unset_keys): 200 GET http://10.180.1.21/compute/v2.1/flavors/630927454/os-extra_specs 5.239s
2025-12-09 08:21:47.705 65795 INFO tempest.lib.common.rest_client [req-ab17a676-3b7a-43e7-8e93-c9e8d369388b req-ab17a676-3b7a-43e7-8e93-c9e8d369388b ] Request (ValidationResourcesFixture:setUp): 201 POST http://10.180.1.21/networking/v2.0/security-group-rules 0.444s
2025-12-09 08:21:47.941 65803 INFO tempest.lib.common.rest_client [req-153e0e93-7863-4737-a3c3-3d161323b785 req-153e0e93-7863-4737-a3c3-3d161323b785 ] Request (FloatingIPsTestJSON:setUpClass): 200 PUT http://10.180.1.21/networking/v2.0/routers/5071f7cc-b1e0-4302-a29e-e06902fb903a/add_router_interface 1.015s
2025-12-09 08:21:47.941 65803 INFO tempest.lib.common.dynamic_creds [-] Created isolated network resources for: credentials: Credentials: {'domain_id': 'default', 'domain_name': 'Default', 'username': 'tempest-FloatingIPsTestJSON-1819312872-project-member', 'project_domain_id': 'default', 'project_domain_name': 'Default', 'project_id': '101fc9da16664a92957ee72ebf45f18f', 'project_name': 'tempest-FloatingIPsTestJSON-1819312872', 'tenant_id': '101fc9da16664a92957ee72ebf45f18f', 'tenant_name': 'tempest-FloatingIPsTestJSON-1819312872', 'user_domain_id': 'default', 'user_domain_name': 'Default', 'user_id': '1a2dc42f8c4343bf9805a8b97e99b266', 'system': None}, Network: {'id': '87c3e47c-f652-46c0-ac2f-09ea1e6ed9e9', 'name': 'tempest-FloatingIPsTestJSON-119641104-network', 'tenant_id': '101fc9da16664a92957ee72ebf45f18f', 'project_id': '101fc9da16664a92957ee72ebf45f18f', 'admin_state_up': True, 'mtu': 8950, 'status': 'ACTIVE', 'subnets': [], 'shared': False, 'port_security_enabled': True, 'router:external': False, 'provider:network_type': 'vlan', 'provider:physical_network': 'default', 'provider:segmentation_id': 129, 'availability_zone_hints': [], 'availability_zones': [], 'ipv4_address_scope': None, 'ipv6_address_scope': None, 'description': '', 'tags': [], 'created_at': '2025-12-09T08:21:44Z', 'updated_at': '2025-12-09T08:21:44Z', 'revision_number': 1}, Subnet: {'id': '520b12d0-3ecc-459a-9f1a-1bd38e591c40', 'name': 'tempest-FloatingIPsTestJSON-119641104-subnet', 'tenant_id': '101fc9da16664a92957ee72ebf45f18f', 'network_id': '87c3e47c-f652-46c0-ac2f-09ea1e6ed9e9', 'ip_version': 4, 'subnetpool_id': None, 'enable_dhcp': True, 'ipv6_ra_mode': None, 'ipv6_address_mode': None, 'gateway_ip': '192.168.128.1', 'cidr': '192.168.128.0/28', 'allocation_pools': [{'start': '192.168.128.2', 'end': '192.168.128.14'}], 'host_routes': [], 'dns_nameservers': [], 'description': '', 'router:external': False, 'service_types': [], 'tags': [], 'created_at': '2025-12-09T08:21:45Z', 'updated_at': '2025-12-09T08:21:45Z', 'revision_number': 0, 'project_id': '101fc9da16664a92957ee72ebf45f18f'}, Router: {'id': '5071f7cc-b1e0-4302-a29e-e06902fb903a', 'name': 'tempest-FloatingIPsTestJSON-119641104-router', 'tenant_id': '101fc9da16664a92957ee72ebf45f18f', 'admin_state_up': True, 'status': 'ACTIVE', 'external_gateway_info': {'network_id': '4edc9de3-fd32-4c41-a23d-1cd6d75f908f', 'external_fixed_ips': [{'subnet_id': '055723b7-7f5a-45dd-9edf-33175f9a9de6', 'ip_address': '10.180.180.216'}], 'enable_snat': True}, 'description': '', 'availability_zones': [], 'distributed': False, 'ha': False, 'availability_zone_hints': [], 'routes': [], 'flavor_id': None, 'tags': [], 'created_at': '2025-12-09T08:21:46Z', 'updated_at': '2025-12-09T08:21:46Z', 'revision_number': 2, 'project_id': '101fc9da16664a92957ee72ebf45f18f'}
2025-12-09 08:21:48.041 65803 INFO tempest.lib.common.rest_client [req-6c30f852-214e-4e8c-ad40-e453b7f2339e req-6c30f852-214e-4e8c-ad40-e453b7f2339e ] Request (FloatingIPsTestJSON:setUpClass): 201 POST http://10.180.1.21/identity/v3/auth/tokens 0.096s
2025-12-09 08:21:48.122 65795 INFO tempest.lib.common.rest_client [req-db572238-2c83-405f-bae8-f4adf04ace33 req-db572238-2c83-405f-bae8-f4adf04ace33 ] Request (ValidationResourcesFixture:setUp): 201 POST http://10.180.1.21/networking/v2.0/security-group-rules 0.417s
2025-12-09 08:21:48.161 65771 INFO tempest.lib.common.rest_client [req-b1dc2578-3783-4aaf-8902-79e4e21f940b req-b1dc2578-3783-4aaf-8902-79e4e21f940b ] Request (SecurityGroupsTestJSON:test_list_security_groups_by_server): 200 GET http://10.180.1.21/compute/v2.1/servers/1d97072d-5bc2-4ae7-89a6-118bac64181c 6.082s
2025-12-09 08:21:48.168 65771 INFO tempest.common.waiters [-] State transition "BUILD/spawning" ==> "ACTIVE/None" after 16 second wait
2025-12-09 08:21:48.656 65795 INFO tempest.lib.common.rest_client [req-4563177c-6487-4147-b1db-ede04b80da40 req-4563177c-6487-4147-b1db-ede04b80da40 ] Request (ValidationResourcesFixture:setUp): 201 POST http://10.180.1.21/networking/v2.0/floatingips 0.533s
2025-12-09 08:21:48.713 65795 INFO tempest.lib.common.rest_client [req-69831ae4-f125-4507-b183-a0ecd30e51b3 req-69831ae4-f125-4507-b183-a0ecd30e51b3 ] Request (ServersWithSpecificFlavorTestJSON:test_verify_created_server_ephemeral_disk): 201 POST http://10.180.1.21/identity/v3/auth/tokens 0.053s
2025-12-09 08:21:48.713 65795 INFO tempest.lib.common.fixed_network [-] (ServersWithSpecificFlavorTestJSON:test_verify_created_server_ephemeral_disk) Found network {'id': '75db325b-fb0b-4b03-8b50-dac8a7e0f96d', 'name': 'tempest-ServersWithSpecificFlavorTestJSON-274583517-network', 'tenant_id': '0499598e354d4f1d83410a4ac9a9d49b', 'project_id': '0499598e354d4f1d83410a4ac9a9d49b', 'admin_state_up': True, 'mtu': 8950, 'status': 'ACTIVE', 'subnets': [], 'shared': False, 'port_security_enabled': True, 'router:external': False, 'provider:network_type': 'vlan', 'provider:physical_network': 'default', 'provider:segmentation_id': 788, 'availability_zone_hints': [], 'availability_zones': [], 'ipv4_address_scope': None, 'ipv6_address_scope': None, 'description': '', 'tags': [], 'created_at': '2025-12-09T08:20:57Z', 'updated_at': '2025-12-09T08:20:57Z', 'revision_number': 1} available for tenant
2025-12-09 08:21:48.984 65797 INFO tempest.lib.common.rest_client [req-4b7e2147-d3ea-4fdd-8f7c-3b3c77cec7b9 req-4b7e2147-d3ea-4fdd-8f7c-3b3c77cec7b9 ] Request (MigrationsAdminTest:test_list_migrations_in_flavor_resize_situation): 202 POST http://10.180.1.21/compute/v2.1/servers 7.052s
2025-12-09 08:21:48.993 65793 INFO tempest.lib.common.rest_client [req-7ed6d485-b7e2-485c-92bc-a8cec048faf4 req-7ed6d485-b7e2-485c-92bc-a8cec048faf4 ] Request (SecurityGroupsTestAdminJSON:_run_cleanups): 202 DELETE http://10.180.1.21/compute/v2.1/os-security-groups/436dd382-8ce7-4aac-baea-fd75e624c28b 6.705s
2025-12-09 08:21:49.092 65773 INFO tempest.lib.common.rest_client [req-017f5b5f-36cb-4756-a275-3d55d0d91b95 req-017f5b5f-36cb-4756-a275-3d55d0d91b95 ] Request (ServersTestFqdnHostnames:test_create_server_with_fqdn_name): 200 GET http://10.180.1.21/compute/v2.1/servers/9833747f-6378-4959-a3d1-3a05ad9920f3 6.422s
2025-12-09 08:21:49.291 65817 INFO tempest.lib.common.rest_client [req-75fa2b45-c6fe-432f-bb5d-97018625d144 req-75fa2b45-c6fe-432f-bb5d-97018625d144 ] Request (QuotasAdminNegativeTest:_run_cleanups): 200 PUT http://10.180.1.21/compute/v2.1/os-quota-sets/a3d37dc83a8d44e9ba3941aa695ac428 5.974s
2025-12-09 08:21:49.579 65823 INFO tempest.lib.common.rest_client [req-94235535-d513-47e2-b762-a9e3169e6826 req-94235535-d513-47e2-b762-a9e3169e6826 ] Request (ImagesTestJSON:test_create_image_from_stopped_server): 202 POST http://10.180.1.21/compute/v2.1/servers/1c352f40-174f-42f1-b53f-81ca109158ef/action 6.724s
2025-12-09 08:21:50.153 65790 INFO tempest.lib.common.rest_client [req-97de274e-0fa8-49c6-bfb5-f4a5376259a6 req-97de274e-0fa8-49c6-bfb5-f4a5376259a6 ] Request (ServersAdminNegativeTestJSON:test_migrate_server_invalid_state): 202 POST http://10.180.1.21/compute/v2.1/servers 6.619s
2025-12-09 08:21:50.294 65781 INFO tempest.lib.common.rest_client [req-c667f72d-54dc-4891-a0d4-a7e5203b3284 req-c667f72d-54dc-4891-a0d4-a7e5203b3284 ] Request (AttachInterfacesUnderV243Test:test_add_remove_fixed_ip): 202 POST http://10.180.1.21/compute/v2.1/servers 6.892s
2025-12-09 08:21:50.322 65779 INFO tempest.lib.common.rest_client [req-60530682-4c8e-411d-a787-996dee17566d req-60530682-4c8e-411d-a787-996dee17566d ] Request (HypervisorAdminV253TestBase:test_list_show_detail_hypervisors): 200 GET http://10.180.1.21/compute/v2.1/os-hypervisors/49f8eb36-6bd0-464c-9ea7-ba7d5f17cfe2 5.677s
2025-12-09 08:21:50.323 65769 INFO tempest.lib.common.rest_client [req-e80d3192-05e0-48e4-900f-2c35d3a36cb6 req-e80d3192-05e0-48e4-900f-2c35d3a36cb6 ] Request (VolumesAdminNegativeTest:test_update_attached_volume_with_nonexistent_volume_in_uri): 200 GET http://10.180.1.21/compute/v2.1/servers/dee6bd6a-1ea1-4353-9626-f5cca9138eb4 6.024s
2025-12-09 08:21:50.333 65769 INFO tempest.common.waiters [-] State transition "BUILD/None" ==> "BUILD/block_device_mapping" after 12 second wait
2025-12-09 08:21:50.494 65779 INFO tempest.lib.common.rest_client [req-702dc21b-baa2-4f34-8660-93c78b42f600 req-702dc21b-baa2-4f34-8660-93c78b42f600 ] Request (HypervisorAdminV253TestBase:tearDownClass): 204 DELETE http://10.180.1.21/identity/v3/users/2eebb16005aa45a6b0ca3fd91008297d 0.166s
2025-12-09 08:21:50.539 65815 INFO tempest.lib.common.rest_client [req-f748a82a-571f-4369-836b-514c6fc47f78 req-f748a82a-571f-4369-836b-514c6fc47f78 ] Request (VolumesAssistedSnapshotsTest:test_volume_assisted_snapshot_create_delete): 200 GET http://10.180.1.21/compute/v2.1/servers/1aaef603-0426-445d-8612-6207d923b337 5.567s
2025-12-09 08:21:50.550 65815 INFO tempest.common.waiters [-] State transition "BUILD/spawning" ==> "ACTIVE/None" after 17 second wait
2025-12-09 08:21:50.566 65801 INFO tempest.lib.common.rest_client [req-1fea05f0-2683-44cf-a228-9c91862cf4a0 req-1fea05f0-2683-44cf-a228-9c91862cf4a0 ] Request (FloatingIPsAssociationNegativeTestJSON:setUpClass): 200 GET http://10.180.1.21/compute/v2.1/servers/6e7c7a3d-881f-491b-b205-2149941c8137 5.238s
2025-12-09 08:21:50.653 65779 INFO tempest.lib.common.rest_client [req-6455c986-5564-4ec8-ab20-520a4aa621c0 req-6455c986-5564-4ec8-ab20-520a4aa621c0 ] Request (HypervisorAdminV253TestBase:tearDownClass): 204 DELETE http://10.180.1.21/identity/v3/users/8f304e0adb0e4a28bb3882a3eafa1e51 0.158s
2025-12-09 08:21:50.653 65779 INFO tempest.lib.common.dynamic_creds [-] Deleting project and security group for project: cfb5301401cf40fd96ae8e37d9782163
2025-12-09 08:21:50.854 65825 INFO tempest.lib.common.rest_client [req-70b870c6-ea0c-4246-b0fd-196e5ce5e91c req-70b870c6-ea0c-4246-b0fd-196e5ce5e91c ] Request (HypervisorAdminNegativeUnderV252Test:test_search_hypervisor_with_non_admin_user): 200 GET http://10.180.1.21/compute/v2.1/os-hypervisors 5.273s
2025-12-09 08:21:50.904 65779 INFO tempest.lib.common.rest_client [req-49d9d52f-29b8-4295-a3ec-f0b632250874 req-49d9d52f-29b8-4295-a3ec-f0b632250874 ] Request (HypervisorAdminV253TestBase:tearDownClass): 201 POST http://10.180.1.21/identity/v3/auth/tokens 0.251s
2025-12-09 08:21:51.163 65779 INFO tempest.lib.common.rest_client [req-c20c47d2-723b-485f-be9d-90cecc3a944c req-c20c47d2-723b-485f-be9d-90cecc3a944c ] Request (HypervisorAdminV253TestBase:tearDownClass): 200 GET http://10.180.1.21/networking/v2.0/security-groups?tenant_id=cfb5301401cf40fd96ae8e37d9782163&name=default 0.258s
2025-12-09 08:21:51.190 65799 INFO tempest.lib.common.rest_client [req-5b86ff05-acb9-40c6-b60c-e4a388432d34 req-5b86ff05-acb9-40c6-b60c-e4a388432d34 ] Request (ServerDiagnosticsTest:tearDownClass): 200 GET http://10.180.1.21/compute/v2.1/servers/c33d6bb6-9f00-4ab8-9d62-940776cb1b45 5.598s
2025-12-09 08:21:51.199 65799 INFO tempest.common.waiters [-] State transition "ACTIVE/deleting" ==> "DELETED/None" after 7 second wait
2025-12-09 08:21:51.257 65785 INFO tempest.lib.common.rest_client [req-a8a0961a-24ba-45aa-8798-3d23a558bc24 req-a8a0961a-24ba-45aa-8798-3d23a558bc24 ] Request (ServersAdmin275Test:test_rebuild_update_server_275): 202 POST http://10.180.1.21/compute/v2.1/servers/28f51cf5-480c-4300-aa9b-a302ec00701f/action 5.728s
2025-12-09 08:21:51.304 65779 INFO tempest.lib.common.rest_client [req-8860e117-f956-4a9c-bbda-4f5ab50a8e60 req-8860e117-f956-4a9c-bbda-4f5ab50a8e60 ] Request (HypervisorAdminV253TestBase:tearDownClass): 204 DELETE http://10.180.1.21/networking/v2.0/security-groups/42e1d33e-5917-4b5c-b23e-1fd553f34702 0.140s
2025-12-09 08:21:51.401 65779 INFO tempest.lib.common.rest_client [req-be8daa5b-28a7-433e-a692-1f8058f30206 req-be8daa5b-28a7-433e-a692-1f8058f30206 ] Request (HypervisorAdminV253TestBase:tearDownClass): 204 DELETE http://10.180.1.21/identity/v3/projects/cfb5301401cf40fd96ae8e37d9782163 0.097s
2025-12-09 08:21:51.401 65779 INFO tempest.lib.common.dynamic_creds [-] Deleting project and security group for project: 2dcf285707ee480cac17520bb0814e17
2025-12-09 08:21:51.521 65827 INFO tempest.lib.common.rest_client [req-1c596a60-b37a-437a-8ed6-582640f6c55d req-1c596a60-b37a-437a-8ed6-582640f6c55d ] Request (ServerRescueTestJSONUnderV235:setUpClass): 200 GET http://10.180.1.21/compute/v2.1/servers/578c81a0-74b6-4f41-b2ed-1e48dd7e7764 5.752s
2025-12-09 08:21:51.527 65777 INFO tempest.lib.common.rest_client [req-7779c3f7-cb19-4200-a092-61512dbcb55d req-7779c3f7-cb19-4200-a092-61512dbcb55d ] Request (HostsAdminNegativeTestJSON:test_update_host_with_invalid_maintenance_mode): 400 PUT http://10.180.1.21/compute/v2.1/os-hosts/devstack 5.398s
2025-12-09 08:21:51.531 65827 INFO tempest.common.waiters [-] State transition "BUILD/spawning" ==> "ACTIVE/None" after 18 second wait
2025-12-09 08:21:51.544 65775 INFO tempest.lib.common.rest_client [req-334bd421-21af-4500-aadd-e89d628bd085 req-334bd421-21af-4500-aadd-e89d628bd085 ] Request (FlavorsAdminTestJSON:test_create_flavor_with_none_id): 200 POST http://10.180.1.21/compute/v2.1/flavors 5.362s
2025-12-09 08:21:51.593 65820 INFO tempest.lib.common.rest_client [req-aaf44152-5341-4cf4-85fa-dc6480d1b549 req-aaf44152-5341-4cf4-85fa-dc6480d1b549 ] Request (ServersNegativeTestMultiTenantJSON:setUpClass): 200 GET http://10.180.1.21/compute/v2.1/servers/0eade3d5-582f-47a9-b782-0e2f499b31cd 5.556s
2025-12-09 08:21:51.603 65779 INFO tempest.lib.common.rest_client [req-eef9f14b-5e7a-44a8-aee6-29301d47aa55 req-eef9f14b-5e7a-44a8-aee6-29301d47aa55 ] Request (HypervisorAdminV253TestBase:tearDownClass): 200 GET http://10.180.1.21/networking/v2.0/security-groups?tenant_id=2dcf285707ee480cac17520bb0814e17&name=default 0.200s
2025-12-09 08:21:51.603 65820 INFO tempest.common.waiters [-] State transition "BUILD/networking" ==> "BUILD/spawning" after 17 second wait
2025-12-09 08:21:51.685 65813 INFO tempest.lib.common.rest_client [req-b457da90-ac00-44c2-87ca-02fc5380ae89 req-b457da90-ac00-44c2-87ca-02fc5380ae89 ] Request (ImagesNegativeTestJSON:test_create_image_from_deleted_server): 200 GET http://10.180.1.21/compute/v2.1/servers/9b844477-e0ae-4968-8837-573b03345673 5.369s
2025-12-09 08:21:51.694 65813 INFO tempest.common.waiters [-] State transition "ACTIVE/deleting" ==> "DELETED/None" after 6 second wait
2025-12-09 08:21:51.721 65807 INFO tempest.lib.common.rest_client [req-b4b2e861-2097-43b1-819a-726597f8c91b req-b4b2e861-2097-43b1-819a-726597f8c91b ] Request (ImagesOneServerTestJSON:test_create_delete_image): 200 GET http://10.180.1.21/compute/v2.1/images/3a04e0f1-f4b7-4620-af00-400062c1b07a 5.357s
2025-12-09 08:21:51.743 65805 INFO tempest.lib.common.rest_client [req-2165f896-dc85-422d-8fd4-809b0f97b138 req-2165f896-dc85-422d-8fd4-809b0f97b138 ] Request (FlavorsExtraSpecsNegativeTestJSON:tearDownClass): 202 DELETE http://10.180.1.21/compute/v2.1/flavors/818739217 4.780s
2025-12-09 08:21:51.748 65779 INFO tempest.lib.common.rest_client [req-f8104117-992f-4bdc-a73d-d69acedd47d2 req-f8104117-992f-4bdc-a73d-d69acedd47d2 ] Request (HypervisorAdminV253TestBase:tearDownClass): 204 DELETE http://10.180.1.21/networking/v2.0/security-groups/ba52fbe0-0c20-4b79-947c-e70785b4b5d4 0.145s
2025-12-09 08:21:51.908 65779 INFO tempest.lib.common.rest_client [req-5c281597-8bce-4f36-a0aa-6c3968003086 req-5c281597-8bce-4f36-a0aa-6c3968003086 ] Request (HypervisorAdminV253TestBase:tearDownClass): 204 DELETE http://10.180.1.21/identity/v3/projects/2dcf285707ee480cac17520bb0814e17 0.159s
2025-12-09 08:21:52.036 65779 INFO tempest.lib.common.rest_client [req-e44a30e2-ba6f-4a02-975b-0a921222282d req-e44a30e2-ba6f-4a02-975b-0a921222282d ] Request (QuotasAdminTestJSON:setUpClass): 201 POST http://10.180.1.21/identity/v3/auth/tokens 0.126s
2025-12-09 08:21:52.078 65811 INFO tempest.lib.common.rest_client [req-392574a6-8821-42bf-8430-b74eeb017036 req-392574a6-8821-42bf-8430-b74eeb017036 ] Request (ServersListShow2100Test:test_list_show_rebuild_update_server_2100): 202 POST http://10.180.1.21/compute/v2.1/servers/e93cdf7d-0c1a-4abf-825d-00a578d44ed5/action 5.103s
2025-12-09 08:21:52.091 65779 INFO tempest.lib.common.rest_client [req-86e6525d-1db6-4e4f-80f0-3658449cf385 req-86e6525d-1db6-4e4f-80f0-3658449cf385 ] Request (QuotasAdminTestJSON:setUpClass): 201 POST http://10.180.1.21/identity/v3/auth/tokens 0.051s
2025-12-09 08:21:52.112 65767 INFO tempest.lib.common.rest_client [req-1932fdd6-2253-4e96-ac61-78ed93819c7f req-1932fdd6-2253-4e96-ac61-78ed93819c7f ] Request (FlavorsAccessNegativeTestJSON:_run_cleanups): 200 GET http://10.180.1.21/compute/v2.1/flavors/detail 5.118s
2025-12-09 08:21:52.128 65779 INFO tempest.lib.common.rest_client [req-d5c3b36f-efe9-4aba-ae86-8ffe9a304db2 req-d5c3b36f-efe9-4aba-ae86-8ffe9a304db2 ] Request (QuotasAdminTestJSON:setUpClass): 200 GET http://10.180.1.21/identity/v3/domains?name=Default 0.037s
2025-12-09 08:21:52.162 65779 INFO tempest.lib.common.rest_client [req-7a428916-6ff0-472e-b7fb-30c4fb83b725 req-7a428916-6ff0-472e-b7fb-30c4fb83b725 ] Request (QuotasAdminTestJSON:setUpClass): 201 POST http://10.180.1.21/identity/v3/projects 0.033s
2025-12-09 08:21:52.245 65779 INFO tempest.lib.common.rest_client [req-db4cc462-1954-4626-9894-af99a094ed02 req-db4cc462-1954-4626-9894-af99a094ed02 ] Request (QuotasAdminTestJSON:setUpClass): 201 POST http://10.180.1.21/identity/v3/users 0.082s
2025-12-09 08:21:52.269 65779 INFO tempest.lib.common.rest_client [req-bf5e8eb4-1c8e-4ab9-b5a4-6285a440a2a1 req-bf5e8eb4-1c8e-4ab9-b5a4-6285a440a2a1 ] Request (QuotasAdminTestJSON:setUpClass): 200 GET http://10.180.1.21/identity/v3/roles 0.023s
2025-12-09 08:21:52.280 65787 INFO tempest.lib.common.rest_client [req-9e2cdc2e-03e3-4ff7-95cd-d728eaa42a00 req-9e2cdc2e-03e3-4ff7-95cd-d728eaa42a00 ] Request (AttachInterfacesTestJSON:test_create_list_show_delete_interfaces_by_fixed_ip): 200 GET http://10.180.1.21/compute/v2.1/servers/620e6e20-084a-4732-afbc-264655ecf508 5.158s
2025-12-09 08:21:52.290 65787 INFO tempest.common.waiters [-] State transition "BUILD/None" ==> "BUILD/spawning" after 18 second wait
2025-12-09 08:21:52.304 65765 INFO tempest.lib.common.rest_client [req-680130be-3030-421a-9f28-46eb078113c9 req-680130be-3030-421a-9f28-46eb078113c9 ] Request (FlavorsAccessTestJSON:_run_cleanups): 200 GET http://10.180.1.21/compute/v2.1/flavors/detail 5.039s
2025-12-09 08:21:52.306 65779 INFO tempest.lib.common.rest_client [req-26644964-8476-42da-bbd2-e751efee4037 req-26644964-8476-42da-bbd2-e751efee4037 ] Request (QuotasAdminTestJSON:setUpClass): 204 PUT http://10.180.1.21/identity/v3/projects/96a6336b715d43539e3da9253aedf2e6/users/fdaeaa71c9ca4d059964480302c4ed6d/roles/6185207536d441809aa43de388d1594e 0.037s
2025-12-09 08:21:52.307 65779 INFO tempest.lib.common.dynamic_creds [-] Dynamic test user fdaeaa71c9ca4d059964480302c4ed6d is created with scope project and roles: ['member']
2025-12-09 08:21:52.307 65779 INFO tempest.lib.common.dynamic_creds [-] Acquired dynamic creds: credentials: Credentials: {'domain_id': 'default', 'domain_name': 'Default', 'username': 'tempest-QuotasAdminTestJSON-789882981-project-member', 'project_domain_id': 'default', 'project_domain_name': 'Default', 'project_id': '96a6336b715d43539e3da9253aedf2e6', 'project_name': 'tempest-QuotasAdminTestJSON-789882981', 'tenant_id': '96a6336b715d43539e3da9253aedf2e6', 'tenant_name': 'tempest-QuotasAdminTestJSON-789882981', 'user_domain_id': 'default', 'user_domain_name': 'Default', 'user_id': 'fdaeaa71c9ca4d059964480302c4ed6d', 'system': None}, Network: None, Subnet: None, Router: None
2025-12-09 08:21:52.307 65779 INFO tempest.lib.common.dynamic_creds [-] Created isolated network resources for: credentials: Credentials: {'domain_id': 'default', 'domain_name': 'Default', 'username': 'tempest-QuotasAdminTestJSON-789882981-project-member', 'project_domain_id': 'default', 'project_domain_name': 'Default', 'project_id': '96a6336b715d43539e3da9253aedf2e6', 'project_name': 'tempest-QuotasAdminTestJSON-789882981', 'tenant_id': '96a6336b715d43539e3da9253aedf2e6', 'tenant_name': 'tempest-QuotasAdminTestJSON-789882981', 'user_domain_id': 'default', 'user_domain_name': 'Default', 'user_id': 'fdaeaa71c9ca4d059964480302c4ed6d', 'system': None}, Network: None, Subnet: None, Router: None
2025-12-09 08:21:52.335 65783 INFO tempest.lib.common.rest_client [req-c378c3d8-5987-4e3a-bc32-097cccae8582 req-c378c3d8-5987-4e3a-bc32-097cccae8582 ] Request (AggregatesAdminNegativeTestJSON:_run_cleanups): 200 DELETE http://10.180.1.21/compute/v2.1/os-aggregates/3 5.044s
2025-12-09 08:21:52.370 65821 INFO tempest.lib.common.rest_client [req-2868aad2-6044-4c09-a871-9d36410c1315 req-2868aad2-6044-4c09-a871-9d36410c1315 ] Request (FlavorsExtraSpecsTestJSON:test_flavor_set_get_update_show_unset_keys): 200 DELETE http://10.180.1.21/compute/v2.1/flavors/630927454/os-extra_specs/hw:numa_nodes 5.069s
2025-12-09 08:21:52.418 65779 INFO tempest.lib.common.rest_client [req-75875f21-2c66-4dd4-8ca9-b9f5ca6ea0d6 req-75875f21-2c66-4dd4-8ca9-b9f5ca6ea0d6 ] Request (QuotasAdminTestJSON:setUpClass): 201 POST http://10.180.1.21/identity/v3/auth/tokens 0.106s
2025-12-09 08:21:52.435 65791 INFO tempest.lib.common.rest_client [req-353be7ce-62d6-4cf5-a15e-40739ae4fdb8 req-353be7ce-62d6-4cf5-a15e-40739ae4fdb8 ] Request (TenantUsagesTestJSON:setUpClass): 200 GET http://10.180.1.21/compute/v2.1/servers/b5c62583-da50-4ede-ad80-59886d7c98c0 4.453s
2025-12-09 08:21:52.437 65765 INFO tempest.lib.common.rest_client [req-bdccf5c0-f79b-406a-8a02-dc4b7f6cf6b7 req-bdccf5c0-f79b-406a-8a02-dc4b7f6cf6b7 ] Request (FlavorsAccessTestJSON:tearDownClass): 204 DELETE http://10.180.1.21/identity/v3/users/0fe82486dbf643e79b79c554c70dfdfd 0.123s
2025-12-09 08:21:52.508 65779 INFO tempest.lib.common.rest_client [req-97c053ab-28a9-4301-ad24-5d040ef710c8 req-97c053ab-28a9-4301-ad24-5d040ef710c8 ] Request (QuotasAdminTestJSON:setUpClass): 201 POST http://10.180.1.21/identity/v3/projects 0.089s
2025-12-09 08:21:52.524 65809 INFO tempest.lib.common.rest_client [req-37c45753-ef19-4629-a9fb-bc003d494a7b req-37c45753-ef19-4629-a9fb-bc003d494a7b ] Request (FloatingIPDetailsTestJSON:setUpClass): 200 POST http://10.180.1.21/compute/v2.1/os-floating-ips 6.311s
2025-12-09 08:21:52.623 65765 INFO tempest.lib.common.rest_client [req-bf1067f2-ebde-466b-bbc4-9088dac86c78 req-bf1067f2-ebde-466b-bbc4-9088dac86c78 ] Request (FlavorsAccessTestJSON:tearDownClass): 204 DELETE http://10.180.1.21/identity/v3/users/30b7ca0e06284895a8104b787b0a568f 0.185s
