2025-12-09 08:25:40.775 65803 INFO tempest.lib.common.rest_client [req-8df3b8b3-6d6b-4524-a691-06c3a72bfd0a req-8df3b8b3-6d6b-4524-a691-06c3a72bfd0a ] Request (ServersNegativeTestJSON:test_create_server_invalid_bdm_in_2nd_dict): 400 POST http://10.180.1.21/compute/v2.1/servers 0.009s
2025-12-09 08:25:40.790 65811 INFO tempest.lib.common.rest_client [req-286868b3-8c75-4bc7-a601-71a26933d47a req-286868b3-8c75-4bc7-a601-71a26933d47a ] Request (AttachVolumeShelveTestJSON:test_attach_volume_shelved_or_offload_server): 200 GET http://10.180.1.21/compute/v2.1/servers/025cdc7d-3048-4661-bffc-c6f8e743be57 0.146s
2025-12-09 08:25:40.881 65803 INFO tempest.lib.common.rest_client [req-aae9c513-5690-4d08-9280-8dff3150d091 req-aae9c513-5690-4d08-9280-8dff3150d091 ] Request (ServersNegativeTestJSON:tearDown): 200 GET http://10.180.1.21/compute/v2.1/servers/bf02209c-e435-4833-aba9-72b3d43212ee 0.105s
2025-12-09 08:25:40.971 65773 INFO tempest.lib.common.rest_client [req-bf981bca-8423-4d31-924e-c8ec07f7995a req-bf981bca-8423-4d31-924e-c8ec07f7995a ] Request (AttachVolumeNegativeTest:test_attach_attached_volume_to_different_server): 200 GET http://10.180.1.21/compute/v2.1/servers/b9a1993c-ade0-4e8b-887b-9de4745902ef 0.065s
2025-12-09 08:25:41.049 65803 INFO tempest.lib.common.rest_client [req-50339c09-296d-4612-9eb7-cb0400549680 req-50339c09-296d-4612-9eb7-cb0400549680 ] Request (ServersNegativeTestJSON:setUp): 200 GET http://10.180.1.21/compute/v2.1/servers/bf02209c-e435-4833-aba9-72b3d43212ee 0.160s
2025-12-09 08:25:41.095 65803 INFO tempest.lib.common.rest_client [req-ec859edc-c8ac-4641-a96e-cb1a18bdbf54 req-ec859edc-c8ac-4641-a96e-cb1a18bdbf54 ] Request (ServersNegativeTestJSON:test_create_server_metadata_exceeds_length_limit): 201 POST http://10.180.1.21/identity/v3/auth/tokens 0.030s
2025-12-09 08:25:41.095 65803 INFO tempest.lib.common.fixed_network [-] (ServersNegativeTestJSON:test_create_server_metadata_exceeds_length_limit) Found network {'id': 'ab22396a-291c-421f-a917-5831e1075ef0', 'name': 'tempest-ServersNegativeTestJSON-1502706676-network', 'tenant_id': '7d4409db7762475399f3a89e4a0ae221', 'project_id': '7d4409db7762475399f3a89e4a0ae221', 'admin_state_up': True, 'mtu': 8950, 'status': 'ACTIVE', 'subnets': [], 'shared': False, 'port_security_enabled': True, 'router:external': False, 'provider:network_type': 'vlan', 'provider:physical_network': 'default', 'provider:segmentation_id': 329, 'availability_zone_hints': [], 'availability_zones': [], 'ipv4_address_scope': None, 'ipv6_address_scope': None, 'description': '', 'tags': [], 'created_at': '2025-12-09T08:23:44Z', 'updated_at': '2025-12-09T08:23:44Z', 'revision_number': 1} available for tenant
2025-12-09 08:25:41.106 65805 INFO tempest.lib.common.rest_client [req-677094fc-ace0-4bed-a779-d3eb31fb3f4a req-677094fc-ace0-4bed-a779-d3eb31fb3f4a ] Request (ServerShowV247Test:test_update_rebuild_list_server): 200 GET http://10.180.1.21/compute/v2.1/servers/02e4905f-4d28-4441-b459-bcd816c289d2 0.083s
2025-12-09 08:25:41.119 65803 INFO tempest.lib.common.rest_client [req-d53ff79a-eef1-4d82-9fd5-63f6fd6c4a3a req-d53ff79a-eef1-4d82-9fd5-63f6fd6c4a3a ] Request (ServersNegativeTestJSON:test_create_server_metadata_exceeds_length_limit): 400 POST http://10.180.1.21/compute/v2.1/servers 0.023s
2025-12-09 08:25:41.180 65769 INFO tempest.lib.common.rest_client [req-f7d2136e-60a9-4787-b8cf-3985c61f14e9 req-f7d2136e-60a9-4787-b8cf-3985c61f14e9 ] Request (ServerRescueTestJSON:test_rescue_unrescue_instance): 200 GET http://10.180.1.21/compute/v2.1/servers/7206549b-db33-4467-97aa-c812f1f0ab1c 0.088s
2025-12-09 08:25:41.238 65799 INFO tempest.lib.common.rest_client [req-42c0c668-be27-4787-9053-069a2c5b8b55 req-42c0c668-be27-4787-9053-069a2c5b8b55 ] Request (ServersTestMultiNic:test_verify_multiple_nics_order): 200 GET http://10.180.1.21/compute/v2.1/servers/0e7483f5-121e-4b50-ac04-46a6c63da9d1 0.137s
2025-12-09 08:25:41.282 65803 INFO tempest.lib.common.rest_client [req-d22446a1-940f-4b5e-8362-55bc7b953357 req-d22446a1-940f-4b5e-8362-55bc7b953357 ] Request (ServersNegativeTestJSON:tearDown): 200 GET http://10.180.1.21/compute/v2.1/servers/bf02209c-e435-4833-aba9-72b3d43212ee 0.162s
2025-12-09 08:25:41.291 65771 INFO tempest.lib.common.rest_client [req-35470237-07ea-4237-b5cc-836cba5fab5f req-35470237-07ea-4237-b5cc-836cba5fab5f ] Request (ServersTestManualDisk:setUpClass): 200 GET http://10.180.1.21/compute/v2.1/servers/5db78f3c-9895-466f-b590-8a8f04a27990 0.137s
2025-12-09 08:25:41.352 65815 INFO tempest.lib.common.rest_client [req-81d26ee9-4bf2-435d-9b82-cea6ac020490 req-81d26ee9-4bf2-435d-9b82-cea6ac020490 ] Request (VolumesAssistedSnapshotsTest:test_volume_assisted_snapshot_create_delete): 200 GET http://10.180.1.21/compute/v2.1/servers/1aaef603-0426-445d-8612-6207d923b337 0.097s
2025-12-09 08:25:41.396 65803 INFO tempest.lib.common.rest_client [req-d58c105e-f116-4a10-a884-8c3683054c8f req-d58c105e-f116-4a10-a884-8c3683054c8f ] Request (ServersNegativeTestJSON:setUp): 200 GET http://10.180.1.21/compute/v2.1/servers/bf02209c-e435-4833-aba9-72b3d43212ee 0.105s
2025-12-09 08:25:41.442 65803 INFO tempest.lib.common.rest_client [req-40c15df5-e0bb-44d9-ad28-02cc63a5056a req-40c15df5-e0bb-44d9-ad28-02cc63a5056a ] Request (ServersNegativeTestJSON:test_create_server_name_length_exceeds_256): 201 POST http://10.180.1.21/identity/v3/auth/tokens 0.036s
2025-12-09 08:25:41.442 65803 INFO tempest.lib.common.fixed_network [-] (ServersNegativeTestJSON:test_create_server_name_length_exceeds_256) Found network {'id': 'ab22396a-291c-421f-a917-5831e1075ef0', 'name': 'tempest-ServersNegativeTestJSON-1502706676-network', 'tenant_id': '7d4409db7762475399f3a89e4a0ae221', 'project_id': '7d4409db7762475399f3a89e4a0ae221', 'admin_state_up': True, 'mtu': 8950, 'status': 'ACTIVE', 'subnets': [], 'shared': False, 'port_security_enabled': True, 'router:external': False, 'provider:network_type': 'vlan', 'provider:physical_network': 'default', 'provider:segmentation_id': 329, 'availability_zone_hints': [], 'availability_zones': [], 'ipv4_address_scope': None, 'ipv6_address_scope': None, 'description': '', 'tags': [], 'created_at': '2025-12-09T08:23:44Z', 'updated_at': '2025-12-09T08:23:44Z', 'revision_number': 1} available for tenant
2025-12-09 08:25:41.450 65803 INFO tempest.lib.common.rest_client [req-c0986c53-086d-4ec8-80d2-0247293144cf req-c0986c53-086d-4ec8-80d2-0247293144cf ] Request (ServersNegativeTestJSON:test_create_server_name_length_exceeds_256): 400 POST http://10.180.1.21/compute/v2.1/servers 0.007s
2025-12-09 08:25:41.490 65807 INFO tempest.lib.common.rest_client [req-c71a3aad-ede1-4476-955a-1ffda3feb292 req-c71a3aad-ede1-4476-955a-1ffda3feb292 ] Request (ServerActionsV293TestJSON:setUpClass): 200 GET http://10.180.1.21/compute/v2.1/servers/076d50d5-a328-4f66-90f8-69830121c00d 0.155s
2025-12-09 08:25:41.549 65803 INFO tempest.lib.common.rest_client [req-bd49030c-d36f-40e8-8956-a3b1ff592672 req-bd49030c-d36f-40e8-8956-a3b1ff592672 ] Request (ServersNegativeTestJSON:tearDown): 200 GET http://10.180.1.21/compute/v2.1/servers/bf02209c-e435-4833-aba9-72b3d43212ee 0.098s
2025-12-09 08:25:41.579 65793 WARNING tempest.lib.common.ssh [-] Failed to establish authenticated ssh connection to cirros@10.180.180.189 ([Errno None] Unable to connect to port 22 on 10.180.180.189). Number attempts: 1. Retry after 2 seconds.: paramiko.ssh_exception.NoValidConnectionsError: [Errno None] Unable to connect to port 22 on 10.180.180.189
2025-12-09 08:25:41.590 65781 INFO tempest.lib.common.rest_client [req-1dc74fa9-0be3-43db-9320-c36ec1806be1 req-1dc74fa9-0be3-43db-9320-c36ec1806be1 ] Request (InstanceActionsTestJSON:test_list_instance_actions): 200 GET http://10.180.1.21/compute/v2.1/servers/d8d3d664-e5f5-4680-b654-2c196734026e 0.135s
2025-12-09 08:25:41.656 65817 INFO tempest.lib.common.rest_client [req-4561f7ce-1c35-499d-bb4b-bcc1f2d9d9c2 req-4561f7ce-1c35-499d-bb4b-bcc1f2d9d9c2 ] Request (ServersAdminTestJSON:_run_cleanups): 200 GET http://10.180.1.21/compute/v2.1/servers/93f31d95-1e4d-4a2b-8a78-e2a48dd0bcc1 0.126s
2025-12-09 08:25:41.663 65817 INFO tempest.common.waiters [-] State transition "REBUILD/rebuild_spawning" ==> "ACTIVE/None" after 10 second wait
2025-12-09 08:25:41.692 65803 INFO tempest.lib.common.rest_client [req-5033327f-1e16-4290-8122-32bf5ba6f190 req-5033327f-1e16-4290-8122-32bf5ba6f190 ] Request (ServersNegativeTestJSON:setUp): 200 GET http://10.180.1.21/compute/v2.1/servers/bf02209c-e435-4833-aba9-72b3d43212ee 0.134s
2025-12-09 08:25:41.694 65783 INFO tempest.lib.common.rest_client [req-93098336-601c-43ee-9ae9-c0b3cbc43944 req-93098336-601c-43ee-9ae9-c0b3cbc43944 ] Request (ListImageFiltersTestJSON:setUpClass): 200 GET http://10.180.1.21/compute/v2.1/images/7787a042-9b6e-4257-ae72-b7adf483d555 0.128s
2025-12-09 08:25:41.731 65803 INFO tempest.lib.common.rest_client [req-9b7b6208-d2c4-481a-a2b0-6db5be780767 req-9b7b6208-d2c4-481a-a2b0-6db5be780767 ] Request (ServersNegativeTestJSON:test_create_with_invalid_flavor): 201 POST http://10.180.1.21/identity/v3/auth/tokens 0.029s
2025-12-09 08:25:41.731 65803 INFO tempest.lib.common.fixed_network [-] (ServersNegativeTestJSON:test_create_with_invalid_flavor) Found network {'id': 'ab22396a-291c-421f-a917-5831e1075ef0', 'name': 'tempest-ServersNegativeTestJSON-1502706676-network', 'tenant_id': '7d4409db7762475399f3a89e4a0ae221', 'project_id': '7d4409db7762475399f3a89e4a0ae221', 'admin_state_up': True, 'mtu': 8950, 'status': 'ACTIVE', 'subnets': [], 'shared': False, 'port_security_enabled': True, 'router:external': False, 'provider:network_type': 'vlan', 'provider:physical_network': 'default', 'provider:segmentation_id': 329, 'availability_zone_hints': [], 'availability_zones': [], 'ipv4_address_scope': None, 'ipv6_address_scope': None, 'description': '', 'tags': [], 'created_at': '2025-12-09T08:23:44Z', 'updated_at': '2025-12-09T08:23:44Z', 'revision_number': 1} available for tenant
2025-12-09 08:25:41.748 65791 INFO tempest.lib.common.rest_client [req-47149fb5-8573-495e-8b55-eee2d0dbdc55 req-47149fb5-8573-495e-8b55-eee2d0dbdc55 ] Request (ServerMetadataTestJSON:setUpClass): 200 GET http://10.180.1.21/compute/v2.1/servers/c4c11fa0-afe4-4830-aea3-307e475813b4 0.119s
2025-12-09 08:25:41.788 65797 INFO tempest.lib.common.rest_client [req-70af3e06-6d2b-445b-8e4b-fc68823b1551 req-70af3e06-6d2b-445b-8e4b-fc68823b1551 ] Request (MigrationsAdminTest:test_resize_server_revert_deleted_flavor): 200 GET http://10.180.1.21/compute/v2.1/servers/0be6a04f-9648-46de-95f0-db2cf56853c6 0.208s
2025-12-09 08:25:41.803 65809 INFO tempest.lib.common.rest_client [req-a4cb1bcf-867a-43ae-80eb-130d95403ae4 req-a4cb1bcf-867a-43ae-80eb-130d95403ae4 ] Request (ServerActionsTestOtherA:test_rebuild_server_with_volume_attached): 200 GET http://10.180.1.21/compute/v2.1/servers/05b20854-868c-4c06-90a5-921a01f292c8 0.149s
2025-12-09 08:25:41.858 65817 INFO tempest.lib.common.rest_client [req-eaaea405-a8b0-4dd0-b3fa-5adfb0c26ad1 req-eaaea405-a8b0-4dd0-b3fa-5adfb0c26ad1 ] Request (ServersAdminTestJSON:test_reset_state_server): 202 POST http://10.180.1.21/compute/v2.1/servers/93f31d95-1e4d-4a2b-8a78-e2a48dd0bcc1/action 0.193s
2025-12-09 08:25:41.859 65785 INFO tempest.lib.common.rest_client [req-e3fb74ae-9f97-4710-a715-03dc432980ab req-e3fb74ae-9f97-4710-a715-03dc432980ab ] Request (ServerDiskConfigTestJSON:test_rebuild_server_with_auto_disk_config): 200 GET http://10.180.1.21/compute/v2.1/servers/8c76cf4c-6e78-4f54-812b-0aeddc0ee288 0.174s
2025-12-09 08:25:41.877 65803 INFO tempest.lib.common.rest_client [req-bd5092de-9fb7-4191-a79e-5c2e71458108 req-bd5092de-9fb7-4191-a79e-5c2e71458108 ] Request (ServersNegativeTestJSON:test_create_with_invalid_flavor): 400 POST http://10.180.1.21/compute/v2.1/servers 0.145s
2025-12-09 08:25:41.932 65823 INFO tempest.lib.common.rest_client [req-2675ce7a-b82c-4846-92c9-ad88d054333a req-2675ce7a-b82c-4846-92c9-ad88d054333a ] Request (ImagesTestJSON:test_create_server_from_snapshot): 200 GET http://10.180.1.21/compute/v2.1/servers/cfe5fbb1-efcf-4dda-92e3-81af133dc2d2 0.219s
2025-12-09 08:25:42.019 65811 INFO tempest.lib.common.rest_client [req-262a003b-5762-43bc-a164-d55a077a392e req-262a003b-5762-43bc-a164-d55a077a392e ] Request (AttachVolumeShelveTestJSON:test_attach_volume_shelved_or_offload_server): 200 GET http://10.180.1.21/compute/v2.1/servers/025cdc7d-3048-4661-bffc-c6f8e743be57 0.212s
2025-12-09 08:25:42.027 65775 WARNING tempest.lib.common.ssh [-] Failed to establish authenticated ssh connection to cirros@10.180.180.202 ([Errno None] Unable to connect to port 22 on 10.180.180.202). Number attempts: 3. Retry after 4 seconds.: paramiko.ssh_exception.NoValidConnectionsError: [Errno None] Unable to connect to port 22 on 10.180.180.202
2025-12-09 08:25:42.083 65817 INFO tempest.lib.common.rest_client [req-122202eb-7060-4ec3-b3d8-515dadb1645a req-122202eb-7060-4ec3-b3d8-515dadb1645a ] Request (ServersAdminTestJSON:test_reset_state_server): 200 GET http://10.180.1.21/compute/v2.1/servers/93f31d95-1e4d-4a2b-8a78-e2a48dd0bcc1 0.224s
2025-12-09 08:25:42.150 65773 INFO tempest.lib.common.rest_client [req-318a7bcf-5705-498e-8ae7-7450434f1748 req-318a7bcf-5705-498e-8ae7-7450434f1748 ] Request (AttachVolumeNegativeTest:test_attach_attached_volume_to_different_server): 200 GET http://10.180.1.21/compute/v2.1/servers/b9a1993c-ade0-4e8b-887b-9de4745902ef 0.171s
2025-12-09 08:25:42.196 65803 INFO tempest.lib.common.rest_client [req-1e58eeb2-2458-477e-914e-aec20640e6f8 req-1e58eeb2-2458-477e-914e-aec20640e6f8 ] Request (ServersNegativeTestJSON:tearDown): 200 GET http://10.180.1.21/compute/v2.1/servers/bf02209c-e435-4833-aba9-72b3d43212ee 0.318s
2025-12-09 08:25:42.221 65817 INFO tempest.lib.common.rest_client [req-4e73c8ef-6a55-4b98-9b96-de032d7352ea req-4e73c8ef-6a55-4b98-9b96-de032d7352ea ] Request (ServersAdminTestJSON:test_reset_state_server): 202 POST http://10.180.1.21/compute/v2.1/servers/93f31d95-1e4d-4a2b-8a78-e2a48dd0bcc1/action 0.124s
2025-12-09 08:25:42.253 65805 INFO tempest.lib.common.rest_client [req-232aea97-752c-498e-9bbe-08cd4ad93c05 req-232aea97-752c-498e-9bbe-08cd4ad93c05 ] Request (ServerShowV247Test:test_update_rebuild_list_server): 200 GET http://10.180.1.21/compute/v2.1/servers/02e4905f-4d28-4441-b459-bcd816c289d2 0.136s
2025-12-09 08:25:42.273 65769 INFO tempest.lib.common.rest_client [req-ebf76e14-6caf-4810-91b8-742e92ad59aa req-ebf76e14-6caf-4810-91b8-742e92ad59aa ] Request (ServerRescueTestJSON:test_rescue_unrescue_instance): 200 GET http://10.180.1.21/compute/v2.1/servers/7206549b-db33-4467-97aa-c812f1f0ab1c 0.086s
2025-12-09 08:25:42.363 65803 INFO tempest.lib.common.rest_client [req-dc20125c-40f7-4ade-bd00-6e80e1ff7b90 req-dc20125c-40f7-4ade-bd00-6e80e1ff7b90 ] Request (ServersNegativeTestJSON:setUp): 200 GET http://10.180.1.21/compute/v2.1/servers/bf02209c-e435-4833-aba9-72b3d43212ee 0.158s
2025-12-09 08:25:42.370 65817 INFO tempest.lib.common.rest_client [req-8b42e46c-9202-4d1d-a75b-2d0be581e77f req-8b42e46c-9202-4d1d-a75b-2d0be581e77f ] Request (ServersAdminTestJSON:test_reset_state_server): 200 GET http://10.180.1.21/compute/v2.1/servers/93f31d95-1e4d-4a2b-8a78-e2a48dd0bcc1 0.148s
2025-12-09 08:25:42.408 65803 INFO tempest.lib.common.rest_client [req-1b0a9aea-b8ad-4fa9-8595-85ba860ae124 req-1b0a9aea-b8ad-4fa9-8595-85ba860ae124 ] Request (ServersNegativeTestJSON:test_create_with_invalid_image): 201 POST http://10.180.1.21/identity/v3/auth/tokens 0.032s
2025-12-09 08:25:42.408 65803 INFO tempest.lib.common.fixed_network [-] (ServersNegativeTestJSON:test_create_with_invalid_image) Found network {'id': 'ab22396a-291c-421f-a917-5831e1075ef0', 'name': 'tempest-ServersNegativeTestJSON-1502706676-network', 'tenant_id': '7d4409db7762475399f3a89e4a0ae221', 'project_id': '7d4409db7762475399f3a89e4a0ae221', 'admin_state_up': True, 'mtu': 8950, 'status': 'ACTIVE', 'subnets': [], 'shared': False, 'port_security_enabled': True, 'router:external': False, 'provider:network_type': 'vlan', 'provider:physical_network': 'default', 'provider:segmentation_id': 329, 'availability_zone_hints': [], 'availability_zones': [], 'ipv4_address_scope': None, 'ipv6_address_scope': None, 'description': '', 'tags': [], 'created_at': '2025-12-09T08:23:44Z', 'updated_at': '2025-12-09T08:23:44Z', 'revision_number': 1} available for tenant
2025-12-09 08:25:42.466 65799 INFO tempest.lib.common.rest_client [req-1ee4fcad-1ab5-4221-88dc-9d82ee14c4c4 req-1ee4fcad-1ab5-4221-88dc-9d82ee14c4c4 ] Request (ServersTestMultiNic:test_verify_multiple_nics_order): 200 GET http://10.180.1.21/compute/v2.1/servers/0e7483f5-121e-4b50-ac04-46a6c63da9d1 0.219s
2025-12-09 08:25:42.529 65815 INFO tempest.lib.common.rest_client [req-2be03a1d-e55f-4e9d-84d0-b9cdfc853282 req-2be03a1d-e55f-4e9d-84d0-b9cdfc853282 ] Request (VolumesAssistedSnapshotsTest:test_volume_assisted_snapshot_create_delete): 200 GET http://10.180.1.21/compute/v2.1/servers/1aaef603-0426-445d-8612-6207d923b337 0.165s
2025-12-09 08:25:42.615 65817 INFO tempest.lib.common.rest_client [req-e94ec620-54ae-407e-9da2-d6100ed65319 req-e94ec620-54ae-407e-9da2-d6100ed65319 ] Request (ServersAdminTestJSON:tearDownClass): 204 DELETE http://10.180.1.21/compute/v2.1/servers/c57610b4-37e8-4ac1-b1c3-0b6252bc70ae 0.237s
2025-12-09 08:25:42.617 65803 INFO tempest.lib.common.rest_client [req-d08bf986-6dd7-4f64-8227-02b296174ced req-d08bf986-6dd7-4f64-8227-02b296174ced ] Request (ServersNegativeTestJSON:test_create_with_invalid_image): 400 POST http://10.180.1.21/compute/v2.1/servers 0.208s
2025-12-09 08:25:42.667 65771 INFO tempest.lib.common.rest_client [req-41a1c2f9-056a-4553-8703-6f8b5f673a5f req-41a1c2f9-056a-4553-8703-6f8b5f673a5f ] Request (ServersTestManualDisk:setUpClass): 200 GET http://10.180.1.21/compute/v2.1/servers/5db78f3c-9895-466f-b590-8a8f04a27990 0.365s
2025-12-09 08:25:42.767 65807 INFO tempest.lib.common.rest_client [req-c8b0cf4f-3e2e-48dd-b943-4d3f974e0777 req-c8b0cf4f-3e2e-48dd-b943-4d3f974e0777 ] Request (ServerActionsV293TestJSON:setUpClass): 200 GET http://10.180.1.21/compute/v2.1/servers/076d50d5-a328-4f66-90f8-69830121c00d 0.266s
2025-12-09 08:25:42.778 65807 INFO tempest.common.waiters [-] State transition "BUILD/spawning" ==> "ACTIVE/None" after 43 second wait
2025-12-09 08:25:42.794 65781 INFO tempest.lib.common.rest_client [req-aff58dac-035c-46f9-aab0-3ea2573daa29 req-aff58dac-035c-46f9-aab0-3ea2573daa29 ] Request (InstanceActionsTestJSON:test_list_instance_actions): 200 GET http://10.180.1.21/compute/v2.1/servers/d8d3d664-e5f5-4680-b654-2c196734026e 0.196s
2025-12-09 08:25:42.801 65781 INFO tempest.common.waiters [-] State transition "HARD_REBOOT/rebooting_hard" ==> "HARD_REBOOT/reboot_started_hard" after 3 second wait
2025-12-09 08:25:42.906 65803 INFO tempest.lib.common.rest_client [req-1088280e-ee8b-4727-91c8-0e3815e1d907 req-1088280e-ee8b-4727-91c8-0e3815e1d907 ] Request (ServersNegativeTestJSON:tearDown): 200 GET http://10.180.1.21/compute/v2.1/servers/bf02209c-e435-4833-aba9-72b3d43212ee 0.288s
2025-12-09 08:25:42.945 65817 INFO tempest.lib.common.rest_client [req-5a828668-5245-4b2d-90a9-0d2fdd6deba8 req-5a828668-5245-4b2d-90a9-0d2fdd6deba8 ] Request (ServersAdminTestJSON:tearDownClass): 200 GET http://10.180.1.21/compute/v2.1/servers/c57610b4-37e8-4ac1-b1c3-0b6252bc70ae 0.329s
2025-12-09 08:25:42.965 65783 INFO tempest.lib.common.rest_client [req-73593db0-9161-4d21-acdc-1cb3d7dd28b0 req-73593db0-9161-4d21-acdc-1cb3d7dd28b0 ] Request (ListImageFiltersTestJSON:setUpClass): 200 GET http://10.180.1.21/compute/v2.1/images/7787a042-9b6e-4257-ae72-b7adf483d555 0.267s
2025-12-09 08:25:43.004 65791 INFO tempest.lib.common.rest_client [req-725cda87-c4f0-4441-9264-da1b6852e750 req-725cda87-c4f0-4441-9264-da1b6852e750 ] Request (ServerMetadataTestJSON:setUpClass): 200 GET http://10.180.1.21/compute/v2.1/servers/c4c11fa0-afe4-4830-aea3-307e475813b4 0.247s
2025-12-09 08:25:43.063 65807 INFO tempest.lib.common.rest_client [req-c4f049d8-73de-4b12-a2c7-fcc9dcf18ff1 req-c4f049d8-73de-4b12-a2c7-fcc9dcf18ff1 ] Request (ServerActionsV293TestJSON:setUpClass): 200 GET http://10.180.1.21/compute/v2.1/servers/076d50d5-a328-4f66-90f8-69830121c00d/os-interface 0.284s
2025-12-09 08:25:43.127 65797 INFO tempest.lib.common.rest_client [req-8130a97e-8dc0-4aae-a66b-59dff48f820f req-8130a97e-8dc0-4aae-a66b-59dff48f820f ] Request (MigrationsAdminTest:test_resize_server_revert_deleted_flavor): 200 GET http://10.180.1.21/compute/v2.1/servers/0be6a04f-9648-46de-95f0-db2cf56853c6 0.327s
2025-12-09 08:25:43.147 65809 INFO tempest.lib.common.rest_client [req-5e9164eb-6c32-4ebb-8877-d2db7d29ddd5 req-5e9164eb-6c32-4ebb-8877-d2db7d29ddd5 ] Request (ServerActionsTestOtherA:test_rebuild_server_with_volume_attached): 200 GET http://10.180.1.21/compute/v2.1/servers/05b20854-868c-4c06-90a5-921a01f292c8 0.332s
2025-12-09 08:25:43.184 65785 INFO tempest.lib.common.rest_client [req-b4950fa1-564e-45ab-8ed0-e1c3799610e5 req-b4950fa1-564e-45ab-8ed0-e1c3799610e5 ] Request (ServerDiskConfigTestJSON:test_rebuild_server_with_auto_disk_config): 200 GET http://10.180.1.21/compute/v2.1/servers/8c76cf4c-6e78-4f54-812b-0aeddc0ee288 0.318s
2025-12-09 08:25:43.265 65823 INFO tempest.lib.common.rest_client [req-ce40cbd0-a2c5-442d-a60e-28e1c5f48cf9 req-ce40cbd0-a2c5-442d-a60e-28e1c5f48cf9 ] Request (ImagesTestJSON:test_create_server_from_snapshot): 200 GET http://10.180.1.21/compute/v2.1/servers/cfe5fbb1-efcf-4dda-92e3-81af133dc2d2 0.323s
2025-12-09 08:25:43.293 65803 INFO tempest.lib.common.rest_client [req-936fe04b-f19d-4809-97db-2a78aadf33e6 req-936fe04b-f19d-4809-97db-2a78aadf33e6 ] Request (ServersNegativeTestJSON:setUp): 200 GET http://10.180.1.21/compute/v2.1/servers/bf02209c-e435-4833-aba9-72b3d43212ee 0.373s
2025-12-09 08:25:43.354 65803 INFO tempest.lib.common.rest_client [req-339c75d6-c427-4477-8e53-a0b09319f9d3 req-339c75d6-c427-4477-8e53-a0b09319f9d3 ] Request (ServersNegativeTestJSON:test_create_with_invalid_network_uuid): 201 POST http://10.180.1.21/identity/v3/auth/tokens 0.049s
2025-12-09 08:25:43.355 65803 INFO tempest.lib.common.fixed_network [-] (ServersNegativeTestJSON:test_create_with_invalid_network_uuid) Found network {'id': 'ab22396a-291c-421f-a917-5831e1075ef0', 'name': 'tempest-ServersNegativeTestJSON-1502706676-network', 'tenant_id': '7d4409db7762475399f3a89e4a0ae221', 'project_id': '7d4409db7762475399f3a89e4a0ae221', 'admin_state_up': True, 'mtu': 8950, 'status': 'ACTIVE', 'subnets': [], 'shared': False, 'port_security_enabled': True, 'router:external': False, 'provider:network_type': 'vlan', 'provider:physical_network': 'default', 'provider:segmentation_id': 329, 'availability_zone_hints': [], 'availability_zones': [], 'ipv4_address_scope': None, 'ipv6_address_scope': None, 'description': '', 'tags': [], 'created_at': '2025-12-09T08:23:44Z', 'updated_at': '2025-12-09T08:23:44Z', 'revision_number': 1} available for tenant
2025-12-09 08:25:43.369 65773 INFO tempest.lib.common.rest_client [req-12421877-5a00-44bb-acca-673df0375320 req-12421877-5a00-44bb-acca-673df0375320 ] Request (AttachVolumeNegativeTest:test_attach_attached_volume_to_different_server): 200 GET http://10.180.1.21/compute/v2.1/servers/b9a1993c-ade0-4e8b-887b-9de4745902ef 0.210s
2025-12-09 08:25:43.402 65811 INFO tempest.lib.common.rest_client [req-8b97fc56-b6cb-426d-98bb-628ce94a0add req-8b97fc56-b6cb-426d-98bb-628ce94a0add ] Request (AttachVolumeShelveTestJSON:test_attach_volume_shelved_or_offload_server): 200 GET http://10.180.1.21/compute/v2.1/servers/025cdc7d-3048-4661-bffc-c6f8e743be57 0.373s
2025-12-09 08:25:43.448 65805 INFO tempest.lib.common.rest_client [req-7064dd4b-ffa2-4b57-84f9-b76f839f3fca req-7064dd4b-ffa2-4b57-84f9-b76f839f3fca ] Request (ServerShowV247Test:test_update_rebuild_list_server): 200 GET http://10.180.1.21/compute/v2.1/servers/02e4905f-4d28-4441-b459-bcd816c289d2 0.180s
2025-12-09 08:25:43.456 65803 INFO tempest.lib.common.rest_client [req-29ceb453-f008-4a29-9ec2-ee8e303d059e req-29ceb453-f008-4a29-9ec2-ee8e303d059e ] Request (ServersNegativeTestJSON:test_create_with_invalid_network_uuid): 400 POST http://10.180.1.21/compute/v2.1/servers 0.100s
2025-12-09 08:25:43.469 65769 INFO tempest.lib.common.rest_client [req-4ea121dd-67ea-4a94-a781-927fd3e40fb5 req-4ea121dd-67ea-4a94-a781-927fd3e40fb5 ] Request (ServerRescueTestJSON:test_rescue_unrescue_instance): 200 GET http://10.180.1.21/compute/v2.1/servers/7206549b-db33-4467-97aa-c812f1f0ab1c 0.184s
2025-12-09 08:25:43.531 65767 INFO paramiko.transport [-] Connected (version 2.0, client dropbear_2020.81)
2025-12-09 08:25:43.594 65807 INFO tempest.lib.common.rest_client [req-9e5619e6-7b70-4f7f-8647-03e4379f9212 req-9e5619e6-7b70-4f7f-8647-03e4379f9212 ] Request (ServerActionsV293TestJSON:setUpClass): 200 PUT http://10.180.1.21/networking/v2.0/floatingips/51f570af-6dcc-48aa-a252-d9c848b510ac 0.528s
2025-12-09 08:25:43.625 65803 INFO tempest.lib.common.rest_client [req-f7ddddcc-dfa4-45d9-b8f5-8b86453717fe req-f7ddddcc-dfa4-45d9-b8f5-8b86453717fe ] Request (ServersNegativeTestJSON:tearDown): 200 GET http://10.180.1.21/compute/v2.1/servers/bf02209c-e435-4833-aba9-72b3d43212ee 0.168s
2025-12-09 08:25:43.640 65767 INFO paramiko.transport [-] Authentication (publickey) successful!
2025-12-09 08:25:43.640 65767 INFO tempest.lib.common.ssh [-] ssh connection to cirros@10.180.180.174 successfully created
2025-12-09 08:25:43.669 65799 INFO tempest.lib.common.rest_client [req-8546ad24-b2ef-4fdd-a17d-8eb4b3fcef60 req-8546ad24-b2ef-4fdd-a17d-8eb4b3fcef60 ] Request (ServersTestMultiNic:test_verify_multiple_nics_order): 200 GET http://10.180.1.21/compute/v2.1/servers/0e7483f5-121e-4b50-ac04-46a6c63da9d1 0.192s
2025-12-09 08:25:43.697 65815 INFO tempest.lib.common.rest_client [req-b4e9068f-7da7-402f-a9ef-44a90aefa671 req-b4e9068f-7da7-402f-a9ef-44a90aefa671 ] Request (VolumesAssistedSnapshotsTest:test_volume_assisted_snapshot_create_delete): 200 GET http://10.180.1.21/compute/v2.1/servers/1aaef603-0426-445d-8612-6207d923b337 0.152s
2025-12-09 08:25:43.782 65807 INFO tempest.lib.common.rest_client [req-38999219-5a77-4710-9e3a-f4366c8b4167 req-38999219-5a77-4710-9e3a-f4366c8b4167 ] Request (ServerActionsV293TestJSON:test_rebuild_volume_backed_server): 200 GET http://10.180.1.21/compute/v2.1/servers/076d50d5-a328-4f66-90f8-69830121c00d 0.187s
2025-12-09 08:25:43.833 65807 INFO tempest.lib.common.rest_client [req-aae80ccc-86bb-4c21-8747-052fb4e3070d req-aae80ccc-86bb-4c21-8747-052fb4e3070d ] Request (ServerActionsV293TestJSON:test_rebuild_volume_backed_server): 200 GET http://10.180.1.21/volume/v3/volumes/52404b95-650b-4b7c-bc6b-00dac309d9a5 0.037s
2025-12-09 08:25:43.835 65803 INFO tempest.lib.common.rest_client [req-a6419cb4-304e-4407-815d-dc889f4cf861 req-a6419cb4-304e-4407-815d-dc889f4cf861 ] Request (ServersNegativeTestJSON:setUp): 200 GET http://10.180.1.21/compute/v2.1/servers/bf02209c-e435-4833-aba9-72b3d43212ee 0.199s
2025-12-09 08:25:43.841 65807 INFO tempest.lib.common.ssh [-] Creating ssh connection to '10.180.180.130:22' as 'cirros' with public key authentication
2025-12-09 08:25:43.891 65803 INFO tempest.lib.common.rest_client [req-f0e759e4-cd19-43a4-8c4b-d117cbcce1f3 req-f0e759e4-cd19-43a4-8c4b-d117cbcce1f3 ] Request (ServersNegativeTestJSON:test_create_with_non_existent_keypair): 201 POST http://10.180.1.21/identity/v3/auth/tokens 0.043s
2025-12-09 08:25:43.891 65803 INFO tempest.lib.common.fixed_network [-] (ServersNegativeTestJSON:test_create_with_non_existent_keypair) Found network {'id': 'ab22396a-291c-421f-a917-5831e1075ef0', 'name': 'tempest-ServersNegativeTestJSON-1502706676-network', 'tenant_id': '7d4409db7762475399f3a89e4a0ae221', 'project_id': '7d4409db7762475399f3a89e4a0ae221', 'admin_state_up': True, 'mtu': 8950, 'status': 'ACTIVE', 'subnets': [], 'shared': False, 'port_security_enabled': True, 'router:external': False, 'provider:network_type': 'vlan', 'provider:physical_network': 'default', 'provider:segmentation_id': 329, 'availability_zone_hints': [], 'availability_zones': [], 'ipv4_address_scope': None, 'ipv6_address_scope': None, 'description': '', 'tags': [], 'created_at': '2025-12-09T08:23:44Z', 'updated_at': '2025-12-09T08:23:44Z', 'revision_number': 1} available for tenant
2025-12-09 08:25:43.904 65771 INFO tempest.lib.common.rest_client [req-5cd475a7-eade-4652-854c-3852016ab076 req-5cd475a7-eade-4652-854c-3852016ab076 ] Request (ServersTestManualDisk:setUpClass): 200 GET http://10.180.1.21/compute/v2.1/servers/5db78f3c-9895-466f-b590-8a8f04a27990 0.229s
2025-12-09 08:25:43.919 65767 INFO tempest.lib.common.rest_client [req-ffd0d732-e298-4143-806e-ee6f5f36865e req-ffd0d732-e298-4143-806e-ee6f5f36865e ] Request (ServerActionsTestJSON:setUp): 200 GET http://10.180.1.21/compute/v2.1/servers/4be21382-73f1-4c86-800e-715c4812ae06 0.277s
2025-12-09 08:25:44.031 65781 INFO tempest.lib.common.rest_client [req-7ca2eddc-47c5-4569-99b0-ea94143d301f req-7ca2eddc-47c5-4569-99b0-ea94143d301f ] Request (InstanceActionsTestJSON:test_list_instance_actions): 200 GET http://10.180.1.21/compute/v2.1/servers/d8d3d664-e5f5-4680-b654-2c196734026e 0.229s
2025-12-09 08:25:44.040 65781 INFO tempest.common.waiters [-] State transition "HARD_REBOOT/reboot_started_hard" ==> "ACTIVE/None" after 5 second wait
2025-12-09 08:25:44.096 65803 INFO tempest.lib.common.rest_client [req-6ed7fa69-98e2-46ab-bcad-b4651e076b73 req-6ed7fa69-98e2-46ab-bcad-b4651e076b73 ] Request (ServersNegativeTestJSON:test_create_with_non_existent_keypair): 400 POST http://10.180.1.21/compute/v2.1/servers 0.204s
2025-12-09 08:25:44.118 65767 INFO tempest.lib.common.rest_client [req-261cfd06-29b5-4e12-8f7e-3f159f38abf6 req-261cfd06-29b5-4e12-8f7e-3f159f38abf6 ] Request (ServerActionsTestJSON:test_lock_unlock_server): 202 POST http://10.180.1.21/compute/v2.1/servers/4be21382-73f1-4c86-800e-715c4812ae06/action 0.191s
2025-12-09 08:25:44.157 65783 INFO tempest.lib.common.rest_client [req-d8e94520-8583-49b0-9fc4-55c334208149 req-d8e94520-8583-49b0-9fc4-55c334208149 ] Request (ListImageFiltersTestJSON:setUpClass): 200 GET http://10.180.1.21/compute/v2.1/images/7787a042-9b6e-4257-ae72-b7adf483d555 0.188s
2025-12-09 08:25:44.212 65817 INFO tempest.lib.common.rest_client [req-93c22468-2eb2-4c9a-a5d5-97a651abfa2d req-93c22468-2eb2-4c9a-a5d5-97a651abfa2d ] Request (ServersAdminTestJSON:tearDownClass): 200 GET http://10.180.1.21/compute/v2.1/servers/c57610b4-37e8-4ac1-b1c3-0b6252bc70ae 0.257s
2025-12-09 08:25:44.225 65791 INFO tempest.lib.common.rest_client [req-f075f9fc-30f5-44b5-9238-f85fe712f20c req-f075f9fc-30f5-44b5-9238-f85fe712f20c ] Request (ServerMetadataTestJSON:setUpClass): 200 GET http://10.180.1.21/compute/v2.1/servers/c4c11fa0-afe4-4830-aea3-307e475813b4 0.209s
2025-12-09 08:25:44.246 65781 INFO tempest.lib.common.rest_client [req-3be6b472-acb6-43a7-a149-9011b3dbad16 req-3be6b472-acb6-43a7-a149-9011b3dbad16 ] Request (InstanceActionsTestJSON:test_list_instance_actions): 200 GET http://10.180.1.21/compute/v2.1/servers/d8d3d664-e5f5-4680-b654-2c196734026e/os-instance-actions 0.205s
2025-12-09 08:25:44.370 65803 INFO tempest.lib.common.rest_client [req-668c5a1b-6c37-4277-98ef-b10c81bc2916 req-668c5a1b-6c37-4277-98ef-b10c81bc2916 ] Request (ServersNegativeTestJSON:tearDown): 200 GET http://10.180.1.21/compute/v2.1/servers/bf02209c-e435-4833-aba9-72b3d43212ee 0.274s
2025-12-09 08:25:44.409 65767 INFO tempest.lib.common.rest_client [req-47a37396-6c5f-4374-84fb-1f76cdeb816f req-47a37396-6c5f-4374-84fb-1f76cdeb816f ] Request (ServerActionsTestJSON:test_lock_unlock_server): 200 GET http://10.180.1.21/compute/v2.1/servers/4be21382-73f1-4c86-800e-715c4812ae06 0.290s
2025-12-09 08:25:44.490 65809 INFO tempest.lib.common.rest_client [req-8fa50858-84f4-4ab7-9f3a-f7b764ac4a56 req-8fa50858-84f4-4ab7-9f3a-f7b764ac4a56 ] Request (ServerActionsTestOtherA:test_rebuild_server_with_volume_attached): 200 GET http://10.180.1.21/compute/v2.1/servers/05b20854-868c-4c06-90a5-921a01f292c8 0.335s
2025-12-09 08:25:44.511 65797 INFO tempest.lib.common.rest_client [req-caf6417d-db09-4605-8756-9befc188138b req-caf6417d-db09-4605-8756-9befc188138b ] Request (MigrationsAdminTest:test_resize_server_revert_deleted_flavor): 200 GET http://10.180.1.21/compute/v2.1/servers/0be6a04f-9648-46de-95f0-db2cf56853c6 0.373s
2025-12-09 08:25:44.544 65785 INFO tempest.lib.common.rest_client [req-7e3bc013-8e86-4e80-a4fe-8cd960ed894f req-7e3bc013-8e86-4e80-a4fe-8cd960ed894f ] Request (ServerDiskConfigTestJSON:test_rebuild_server_with_auto_disk_config): 200 GET http://10.180.1.21/compute/v2.1/servers/8c76cf4c-6e78-4f54-812b-0aeddc0ee288 0.351s
2025-12-09 08:25:44.594 65781 INFO tempest.lib.common.rest_client [req-a6db6cbc-682e-4f44-9d55-bc65b3a7a826 req-a6db6cbc-682e-4f44-9d55-bc65b3a7a826 ] Request (InstanceActionsTestJSON:tearDownClass): 204 DELETE http://10.180.1.21/compute/v2.1/servers/d8d3d664-e5f5-4680-b654-2c196734026e 0.344s
2025-12-09 08:25:44.610 65823 INFO tempest.lib.common.rest_client [req-82bfd470-354b-4306-8579-28ef2da4ded9 req-82bfd470-354b-4306-8579-28ef2da4ded9 ] Request (ImagesTestJSON:test_create_server_from_snapshot): 200 GET http://10.180.1.21/compute/v2.1/servers/cfe5fbb1-efcf-4dda-92e3-81af133dc2d2 0.334s
2025-12-09 08:25:44.650 65793 WARNING tempest.lib.common.ssh [-] Failed to establish authenticated ssh connection to cirros@10.180.180.189 ([Errno None] Unable to connect to port 22 on 10.180.180.189). Number attempts: 2. Retry after 3 seconds.: paramiko.ssh_exception.NoValidConnectionsError: [Errno None] Unable to connect to port 22 on 10.180.180.189
2025-12-09 08:25:44.657 65773 INFO tempest.lib.common.rest_client [req-acd2057a-ed27-4615-a882-0d68c562823c req-acd2057a-ed27-4615-a882-0d68c562823c ] Request (AttachVolumeNegativeTest:test_attach_attached_volume_to_different_server): 200 GET http://10.180.1.21/compute/v2.1/servers/b9a1993c-ade0-4e8b-887b-9de4745902ef 0.280s
2025-12-09 08:25:44.720 65803 INFO tempest.lib.common.rest_client [req-ec1642f8-8010-40bc-88c8-a00e188593e4 req-ec1642f8-8010-40bc-88c8-a00e188593e4 ] Request (ServersNegativeTestJSON:setUp): 200 GET http://10.180.1.21/compute/v2.1/servers/bf02209c-e435-4833-aba9-72b3d43212ee 0.339s
2025-12-09 08:25:44.757 65767 INFO tempest.lib.common.rest_client [req-00d8acb4-2ad5-4600-af2c-51a69f0818c8 req-00d8acb4-2ad5-4600-af2c-51a69f0818c8 ] Request (ServerActionsTestJSON:test_lock_unlock_server): 409 POST http://10.180.1.21/compute/v2.1/servers/4be21382-73f1-4c86-800e-715c4812ae06/action 0.338s
2025-12-09 08:25:44.785 65803 INFO tempest.lib.common.rest_client [req-a8fd8cb4-5311-49af-9312-574bb687756a req-a8fd8cb4-5311-49af-9312-574bb687756a ] Request (ServersNegativeTestJSON:test_create_with_nonexistent_security_group): 201 POST http://10.180.1.21/identity/v3/auth/tokens 0.044s
2025-12-09 08:25:44.785 65803 INFO tempest.lib.common.fixed_network [-] (ServersNegativeTestJSON:test_create_with_nonexistent_security_group) Found network {'id': 'ab22396a-291c-421f-a917-5831e1075ef0', 'name': 'tempest-ServersNegativeTestJSON-1502706676-network', 'tenant_id': '7d4409db7762475399f3a89e4a0ae221', 'project_id': '7d4409db7762475399f3a89e4a0ae221', 'admin_state_up': True, 'mtu': 8950, 'status': 'ACTIVE', 'subnets': [], 'shared': False, 'port_security_enabled': True, 'router:external': False, 'provider:network_type': 'vlan', 'provider:physical_network': 'default', 'provider:segmentation_id': 329, 'availability_zone_hints': [], 'availability_zones': [], 'ipv4_address_scope': None, 'ipv6_address_scope': None, 'description': '', 'tags': [], 'created_at': '2025-12-09T08:23:44Z', 'updated_at': '2025-12-09T08:23:44Z', 'revision_number': 1} available for tenant
2025-12-09 08:25:44.817 65811 INFO tempest.lib.common.rest_client [req-d353ebf9-2bec-4cc8-942a-2a148c8cd46d req-d353ebf9-2bec-4cc8-942a-2a148c8cd46d ] Request (AttachVolumeShelveTestJSON:test_attach_volume_shelved_or_offload_server): 200 GET http://10.180.1.21/compute/v2.1/servers/025cdc7d-3048-4661-bffc-c6f8e743be57 0.403s
2025-12-09 08:25:44.835 65805 INFO tempest.lib.common.rest_client [req-0fc4cad7-4bf8-44bc-bef7-ffb1c280eeed req-0fc4cad7-4bf8-44bc-bef7-ffb1c280eeed ] Request (ServerShowV247Test:test_update_rebuild_list_server): 200 GET http://10.180.1.21/compute/v2.1/servers/02e4905f-4d28-4441-b459-bcd816c289d2 0.371s
2025-12-09 08:25:44.880 65769 INFO tempest.lib.common.rest_client [req-e0ce52e9-fc48-4afa-87c4-059385b62bef req-e0ce52e9-fc48-4afa-87c4-059385b62bef ] Request (ServerRescueTestJSON:test_rescue_unrescue_instance): 200 GET http://10.180.1.21/compute/v2.1/servers/7206549b-db33-4467-97aa-c812f1f0ab1c 0.402s
2025-12-09 08:25:44.941 65781 INFO tempest.lib.common.rest_client [req-c2a629d0-9a2d-41d6-8eba-bfb95c648967 req-c2a629d0-9a2d-41d6-8eba-bfb95c648967 ] Request (InstanceActionsTestJSON:tearDownClass): 200 GET http://10.180.1.21/compute/v2.1/servers/d8d3d664-e5f5-4680-b654-2c196734026e 0.346s
2025-12-09 08:25:45.033 65799 INFO tempest.lib.common.rest_client [req-27adc5d1-de34-4895-8597-fc599db4a79f req-27adc5d1-de34-4895-8597-fc599db4a79f ] Request (ServersTestMultiNic:test_verify_multiple_nics_order): 200 GET http://10.180.1.21/compute/v2.1/servers/0e7483f5-121e-4b50-ac04-46a6c63da9d1 0.356s
2025-12-09 08:25:45.042 65799 INFO tempest.common.waiters [-] State transition "BUILD/spawning" ==> "ACTIVE/None" after 46 second wait
2025-12-09 08:25:45.048 65815 INFO tempest.lib.common.rest_client [req-e01affa0-d518-4696-8bdf-7c4eb7ffb905 req-e01affa0-d518-4696-8bdf-7c4eb7ffb905 ] Request (VolumesAssistedSnapshotsTest:test_volume_assisted_snapshot_create_delete): 200 GET http://10.180.1.21/compute/v2.1/servers/1aaef603-0426-445d-8612-6207d923b337 0.340s
2025-12-09 08:25:45.121 65767 INFO tempest.lib.common.rest_client [req-332d4950-3d10-451f-8930-fae66ae98616 req-332d4950-3d10-451f-8930-fae66ae98616 ] Request (ServerActionsTestJSON:test_lock_unlock_server): 202 POST http://10.180.1.21/compute/v2.1/servers/4be21382-73f1-4c86-800e-715c4812ae06/action 0.363s
2025-12-09 08:25:45.134 65803 INFO tempest.lib.common.rest_client [req-e949d553-22d4-41d7-bb32-4e975e140694 req-e949d553-22d4-41d7-bb32-4e975e140694 ] Request (ServersNegativeTestJSON:test_create_with_nonexistent_security_group): 400 POST http://10.180.1.21/compute/v2.1/servers 0.348s
2025-12-09 08:25:45.162 65799 INFO tempest.lib.common.rest_client [req-0fe2f011-e0e0-4f63-b80c-bd7673cebb22 req-0fe2f011-e0e0-4f63-b80c-bd7673cebb22 ] Request (ServersTestMultiNic:test_verify_multiple_nics_order): 200 GET http://10.180.1.21/compute/v2.1/servers/0e7483f5-121e-4b50-ac04-46a6c63da9d1/ips 0.119s
2025-12-09 08:25:45.181 65771 INFO tempest.lib.common.rest_client [req-9c6362fb-6e58-4b88-a141-ff869f460239 req-9c6362fb-6e58-4b88-a141-ff869f460239 ] Request (ServersTestManualDisk:setUpClass): 200 GET http://10.180.1.21/compute/v2.1/servers/5db78f3c-9895-466f-b590-8a8f04a27990 0.268s
2025-12-09 08:25:45.211 65767 INFO tempest.lib.common.rest_client [req-dcbc94c4-3b93-4729-9193-8af353e697f6 req-dcbc94c4-3b93-4729-9193-8af353e697f6 ] Request (ServerActionsTestJSON:test_lock_unlock_server): 202 POST http://10.180.1.21/compute/v2.1/servers/4be21382-73f1-4c86-800e-715c4812ae06/action 0.089s
2025-12-09 08:25:45.258 65783 INFO tempest.lib.common.rest_client [req-3832e8b3-4d96-4fa6-bfc4-7312a87d962e req-3832e8b3-4d96-4fa6-bfc4-7312a87d962e ] Request (ListImageFiltersTestJSON:setUpClass): 200 GET http://10.180.1.21/compute/v2.1/images/7787a042-9b6e-4257-ae72-b7adf483d555 0.096s
2025-12-09 08:25:45.308 65803 INFO tempest.lib.common.rest_client [req-81a36f82-34f9-4db9-a574-ea47bf14544d req-81a36f82-34f9-4db9-a574-ea47bf14544d ] Request (ServersNegativeTestJSON:tearDown): 200 GET http://10.180.1.21/compute/v2.1/servers/bf02209c-e435-4833-aba9-72b3d43212ee 0.173s
2025-12-09 08:25:45.353 65799 INFO tempest.lib.common.rest_client [req-b14aef7b-77db-4eca-ade0-a9da2872236b req-b14aef7b-77db-4eca-ade0-a9da2872236b ] Request (ServersTestMultiNic:_run_cleanups): 204 DELETE http://10.180.1.21/compute/v2.1/servers/0e7483f5-121e-4b50-ac04-46a6c63da9d1 0.189s
2025-12-09 08:25:45.406 65817 INFO tempest.lib.common.rest_client [req-c1a2b0de-7250-4776-a331-155da309a3e1 req-c1a2b0de-7250-4776-a331-155da309a3e1 ] Request (ServersAdminTestJSON:tearDownClass): 200 GET http://10.180.1.21/compute/v2.1/servers/c57610b4-37e8-4ac1-b1c3-0b6252bc70ae 0.183s
2025-12-09 08:25:45.409 65767 INFO tempest.lib.common.rest_client [req-4215bd21-a1dc-4555-816e-64e99056aebc req-4215bd21-a1dc-4555-816e-64e99056aebc ] Request (ServerActionsTestJSON:test_lock_unlock_server): 200 GET http://10.180.1.21/compute/v2.1/servers/4be21382-73f1-4c86-800e-715c4812ae06 0.197s
2025-12-09 08:25:45.454 65791 INFO tempest.lib.common.rest_client [req-1dbfc17f-1351-4367-857d-a2efe4cf5649 req-1dbfc17f-1351-4367-857d-a2efe4cf5649 ] Request (ServerMetadataTestJSON:setUpClass): 200 GET http://10.180.1.21/compute/v2.1/servers/c4c11fa0-afe4-4830-aea3-307e475813b4 0.221s
2025-12-09 08:25:45.541 65803 INFO tempest.lib.common.rest_client [req-b8b74a0f-560b-41df-b6b6-68de200a4fa5 req-b8b74a0f-560b-41df-b6b6-68de200a4fa5 ] Request (ServersNegativeTestJSON:setUp): 200 GET http://10.180.1.21/compute/v2.1/servers/bf02209c-e435-4833-aba9-72b3d43212ee 0.225s
2025-12-09 08:25:45.555 65799 INFO tempest.lib.common.rest_client [req-48134953-3eed-4986-858f-8127a32695c1 req-48134953-3eed-4986-858f-8127a32695c1 ] Request (ServersTestMultiNic:_run_cleanups): 200 GET http://10.180.1.21/compute/v2.1/servers/0e7483f5-121e-4b50-ac04-46a6c63da9d1 0.201s
2025-12-09 08:25:45.589 65809 INFO tempest.lib.common.rest_client [req-f5a412dd-1822-48d4-9d3f-72d873387c98 req-f5a412dd-1822-48d4-9d3f-72d873387c98 ] Request (ServerActionsTestOtherA:test_rebuild_server_with_volume_attached): 200 GET http://10.180.1.21/compute/v2.1/servers/05b20854-868c-4c06-90a5-921a01f292c8 0.091s
2025-12-09 08:25:45.595 65803 INFO tempest.lib.common.rest_client [req-c20da0c3-17b8-46f8-8aa6-40f1dcf66538 req-c20da0c3-17b8-46f8-8aa6-40f1dcf66538 ] Request (ServersNegativeTestJSON:test_delete_non_existent_server): 404 DELETE http://10.180.1.21/compute/v2.1/servers/cc29e1d5-e14a-4228-9cd6-49c732ec457f 0.042s
2025-12-09 08:25:45.649 65785 INFO tempest.lib.common.rest_client [req-bfb5c6c9-46a6-479d-ba8a-2ab210ab5b95 req-bfb5c6c9-46a6-479d-ba8a-2ab210ab5b95 ] Request (ServerDiskConfigTestJSON:test_rebuild_server_with_auto_disk_config): 200 GET http://10.180.1.21/compute/v2.1/servers/8c76cf4c-6e78-4f54-812b-0aeddc0ee288 0.095s
2025-12-09 08:25:45.679 65797 INFO tempest.lib.common.rest_client [req-c3aa81b8-ba6c-4851-a59b-6db3f4e9ec0b req-c3aa81b8-ba6c-4851-a59b-6db3f4e9ec0b ] Request (MigrationsAdminTest:test_resize_server_revert_deleted_flavor): 200 GET http://10.180.1.21/compute/v2.1/servers/0be6a04f-9648-46de-95f0-db2cf56853c6 0.158s
2025-12-09 08:25:45.741 65823 INFO tempest.lib.common.rest_client [req-8a0b3ad9-e57a-47a1-a76d-9e3652739c9e req-8a0b3ad9-e57a-47a1-a76d-9e3652739c9e ] Request (ImagesTestJSON:test_create_server_from_snapshot): 200 GET http://10.180.1.21/compute/v2.1/servers/cfe5fbb1-efcf-4dda-92e3-81af133dc2d2 0.121s
2025-12-09 08:25:45.757 65803 INFO tempest.lib.common.rest_client [req-a2b895d1-4904-4083-bb3c-2e40cf53bc80 req-a2b895d1-4904-4083-bb3c-2e40cf53bc80 ] Request (ServersNegativeTestJSON:tearDown): 200 GET http://10.180.1.21/compute/v2.1/servers/bf02209c-e435-4833-aba9-72b3d43212ee 0.161s
2025-12-09 08:25:45.792 65773 INFO tempest.lib.common.rest_client [req-6f8000bc-3ecb-4707-b8bc-e55f85e61296 req-6f8000bc-3ecb-4707-b8bc-e55f85e61296 ] Request (AttachVolumeNegativeTest:test_attach_attached_volume_to_different_server): 200 GET http://10.180.1.21/compute/v2.1/servers/b9a1993c-ade0-4e8b-887b-9de4745902ef 0.124s
2025-12-09 08:25:45.880 65803 INFO tempest.lib.common.rest_client [req-40c0e4e8-f581-4741-931e-a8f929d0bd6d req-40c0e4e8-f581-4741-931e-a8f929d0bd6d ] Request (ServersNegativeTestJSON:setUp): 200 GET http://10.180.1.21/compute/v2.1/servers/bf02209c-e435-4833-aba9-72b3d43212ee 0.114s
2025-12-09 08:25:45.933 65805 INFO tempest.lib.common.rest_client [req-9ddb1e3e-64df-4b2d-a93c-cea13cd0eb90 req-9ddb1e3e-64df-4b2d-a93c-cea13cd0eb90 ] Request (ServerShowV247Test:test_update_rebuild_list_server): 200 GET http://10.180.1.21/compute/v2.1/servers/02e4905f-4d28-4441-b459-bcd816c289d2 0.085s
2025-12-09 08:25:45.936 65803 INFO tempest.lib.common.rest_client [req-e29a5712-c344-48e5-bfc9-2604d3cede0e req-e29a5712-c344-48e5-bfc9-2604d3cede0e ] Request (ServersNegativeTestJSON:test_delete_server_pass_id_exceeding_length_limit): 404 DELETE http://10.180.1.21/compute/v2.1/servers/9223372036854775808 0.048s
2025-12-09 08:25:45.969 65811 INFO tempest.lib.common.rest_client [req-2b2caa5a-f9fc-44fa-8c42-a9fadc449dc5 req-2b2caa5a-f9fc-44fa-8c42-a9fadc449dc5 ] Request (AttachVolumeShelveTestJSON:test_attach_volume_shelved_or_offload_server): 200 GET http://10.180.1.21/compute/v2.1/servers/025cdc7d-3048-4661-bffc-c6f8e743be57 0.137s
2025-12-09 08:25:45.992 65769 INFO tempest.lib.common.rest_client [req-a4991e40-8b16-4524-be20-f04a9c8d34fe req-a4991e40-8b16-4524-be20-f04a9c8d34fe ] Request (ServerRescueTestJSON:test_rescue_unrescue_instance): 200 GET http://10.180.1.21/compute/v2.1/servers/7206549b-db33-4467-97aa-c812f1f0ab1c 0.102s
2025-12-09 08:25:46.117 65781 INFO tempest.lib.common.rest_client [req-b58f5f19-0c4f-42d8-a478-d0aa59afc5d5 req-b58f5f19-0c4f-42d8-a478-d0aa59afc5d5 ] Request (InstanceActionsTestJSON:tearDownClass): 200 GET http://10.180.1.21/compute/v2.1/servers/d8d3d664-e5f5-4680-b654-2c196734026e 0.168s
2025-12-09 08:25:46.120 65803 INFO tempest.lib.common.rest_client [req-b7839488-89c8-4358-b7e6-39a88b97dbe9 req-b7839488-89c8-4358-b7e6-39a88b97dbe9 ] Request (ServersNegativeTestJSON:tearDown): 200 GET http://10.180.1.21/compute/v2.1/servers/bf02209c-e435-4833-aba9-72b3d43212ee 0.183s
2025-12-09 08:25:46.184 65815 INFO tempest.lib.common.rest_client [req-2c99f542-b2aa-4c6f-b941-3e1df99e49f2 req-2c99f542-b2aa-4c6f-b941-3e1df99e49f2 ] Request (VolumesAssistedSnapshotsTest:test_volume_assisted_snapshot_create_delete): 200 GET http://10.180.1.21/compute/v2.1/servers/1aaef603-0426-445d-8612-6207d923b337 0.127s
2025-12-09 08:25:46.238 65803 INFO tempest.lib.common.rest_client [req-10bd106e-9f99-4e60-bf5d-94040e4fb05b req-10bd106e-9f99-4e60-bf5d-94040e4fb05b ] Request (ServersNegativeTestJSON:setUp): 200 GET http://10.180.1.21/compute/v2.1/servers/bf02209c-e435-4833-aba9-72b3d43212ee 0.110s
2025-12-09 08:25:46.253 65803 INFO tempest.lib.common.rest_client [req-eba78db7-f6f6-4862-90de-792b13283c4b req-eba78db7-f6f6-4862-90de-792b13283c4b ] Request (ServersNegativeTestJSON:test_delete_server_pass_negative_id): 404 DELETE http://10.180.1.21/compute/v2.1/servers/-1 0.007s
2025-12-09 08:25:46.259 65771 INFO tempest.lib.common.rest_client [req-faf06cc3-4f26-470e-8efd-f0ac3f2cc4f6 req-faf06cc3-4f26-470e-8efd-f0ac3f2cc4f6 ] Request (ServersTestManualDisk:setUpClass): 200 GET http://10.180.1.21/compute/v2.1/servers/5db78f3c-9895-466f-b590-8a8f04a27990 0.066s
2025-12-09 08:25:46.309 65783 INFO tempest.lib.common.rest_client [req-e3b7b1c6-d77f-47d5-8c84-883f6c34880a req-e3b7b1c6-d77f-47d5-8c84-883f6c34880a ] Request (ListImageFiltersTestJSON:setUpClass): 200 GET http://10.180.1.21/compute/v2.1/images/7787a042-9b6e-4257-ae72-b7adf483d555 0.046s
2025-12-09 08:25:46.373 65803 INFO tempest.lib.common.rest_client [req-273c1e74-0d8b-42dd-82ca-7e1fe64524a2 req-273c1e74-0d8b-42dd-82ca-7e1fe64524a2 ] Request (ServersNegativeTestJSON:tearDown): 200 GET http://10.180.1.21/compute/v2.1/servers/bf02209c-e435-4833-aba9-72b3d43212ee 0.120s
2025-12-09 08:25:46.486 65817 INFO tempest.lib.common.rest_client [req-9273dc38-a936-4772-9ed1-10bcf11129d1 req-9273dc38-a936-4772-9ed1-10bcf11129d1 ] Request (ServersAdminTestJSON:tearDownClass): 200 GET http://10.180.1.21/compute/v2.1/servers/c57610b4-37e8-4ac1-b1c3-0b6252bc70ae 0.071s
2025-12-09 08:25:46.493 65817 INFO tempest.common.waiters [-] State transition "ACTIVE/deleting" ==> "DELETED/None" after 4 second wait
2025-12-09 08:25:46.500 65803 INFO tempest.lib.common.rest_client [req-07198165-6d63-466d-b145-b48136fb7858 req-07198165-6d63-466d-b145-b48136fb7858 ] Request (ServersNegativeTestJSON:setUp): 200 GET http://10.180.1.21/compute/v2.1/servers/bf02209c-e435-4833-aba9-72b3d43212ee 0.118s
2025-12-09 08:25:46.560 65791 INFO tempest.lib.common.rest_client [req-d81de578-9a55-402f-a0ab-aad4301e5717 req-d81de578-9a55-402f-a0ab-aad4301e5717 ] Request (ServerMetadataTestJSON:setUpClass): 200 GET http://10.180.1.21/compute/v2.1/servers/c4c11fa0-afe4-4830-aea3-307e475813b4 0.096s
2025-12-09 08:25:46.569 65803 INFO tempest.lib.common.rest_client [req-07982ce9-ee59-4b45-b39b-20149d6c71c5 req-07982ce9-ee59-4b45-b39b-20149d6c71c5 ] Request (ServersNegativeTestJSON:test_force_delete_nonexistent_server_id): 404 POST http://10.180.1.21/compute/v2.1/servers/a9ed7fef-ca17-4cab-b539-8cffb813291f/action 0.059s
2025-12-09 08:25:46.597 65767 INFO tempest.lib.common.rest_client [req-f35cf429-85eb-467f-b799-12cb16ed15ce req-f35cf429-85eb-467f-b799-12cb16ed15ce ] Request (ServerActionsTestJSON:test_lock_unlock_server): 200 GET http://10.180.1.21/compute/v2.1/servers/4be21382-73f1-4c86-800e-715c4812ae06 0.177s
2025-12-09 08:25:46.675 65799 INFO tempest.lib.common.rest_client [req-8831d2a7-99e9-4775-94de-32d65f1514e3 req-8831d2a7-99e9-4775-94de-32d65f1514e3 ] Request (ServersTestMultiNic:_run_cleanups): 200 GET http://10.180.1.21/compute/v2.1/servers/0e7483f5-121e-4b50-ac04-46a6c63da9d1 0.111s
2025-12-09 08:25:46.701 65803 INFO tempest.lib.common.rest_client [req-cae053f7-2763-4a65-b98f-d266504f4d47 req-cae053f7-2763-4a65-b98f-d266504f4d47 ] Request (ServersNegativeTestJSON:tearDown): 200 GET http://10.180.1.21/compute/v2.1/servers/bf02209c-e435-4833-aba9-72b3d43212ee 0.132s
2025-12-09 08:25:46.729 65809 INFO tempest.lib.common.rest_client [req-64c53a17-975e-4e28-a0b4-e6231eec5739 req-64c53a17-975e-4e28-a0b4-e6231eec5739 ] Request (ServerActionsTestOtherA:test_rebuild_server_with_volume_attached): 200 GET http://10.180.1.21/compute/v2.1/servers/05b20854-868c-4c06-90a5-921a01f292c8 0.132s
