2025-12-09 08:24:22.103 65775 INFO tempest.lib.common.rest_client [req-bab50e9b-3a07-4d7b-8aa5-f4c1df12318c req-bab50e9b-3a07-4d7b-8aa5-f4c1df12318c ] Request (ServersTestBootFromVolume:setUpClass): 200 GET http://10.180.1.21/volume/v3/volumes/715227d1-afc0-4ad5-b6ba-13ce52077fc6 0.049s
2025-12-09 08:24:22.117 65779 INFO tempest.lib.common.rest_client [req-195cab31-16a9-44e8-abd8-386ca4d577ef req-195cab31-16a9-44e8-abd8-386ca4d577ef ] Request (ServersListShow296Test:tearDownClass): 204 DELETE http://10.180.1.21/identity/v3/users/7f0efbe1e5b7488bb1ab4c49f31e8efc 0.250s
2025-12-09 08:24:22.118 65779 INFO tempest.lib.common.dynamic_creds [-] Deleting project and security group for project: 67ef62d3968940b6a41b56f1b8ce7eba
2025-12-09 08:24:22.129 65769 INFO tempest.lib.common.rest_client [req-c46d416f-d7ce-4cd2-b98a-4167db853a6c req-c46d416f-d7ce-4cd2-b98a-4167db853a6c ] Request (ServerRescueTestJSON:setUpClass): 201 POST http://10.180.1.21/identity/v3/auth/tokens 0.125s
2025-12-09 08:24:22.133 65797 INFO tempest.lib.common.rest_client [req-6d835ce0-7412-4ace-8acf-706363762c49 req-6d835ce0-7412-4ace-8acf-706363762c49 ] Request (MigrationsAdminTest:test_resize_server_revert_deleted_flavor): 200 GET http://10.180.1.21/compute/v2.1/servers/0be6a04f-9648-46de-95f0-db2cf56853c6 1.581s
2025-12-09 08:24:22.203 65779 INFO tempest.lib.common.rest_client [req-b87e5be2-ab3b-472e-85a2-4b1b23603bff req-b87e5be2-ab3b-472e-85a2-4b1b23603bff ] Request (ServersListShow296Test:tearDownClass): 201 POST http://10.180.1.21/identity/v3/auth/tokens 0.085s
2025-12-09 08:24:22.221 65793 INFO tempest.lib.common.rest_client [req-7c05eb4c-0e8c-4595-a17e-0c89b5ac71f8 req-7c05eb4c-0e8c-4595-a17e-0c89b5ac71f8 ] Request (ServerRescueNegativeTestJSON:test_rescued_vm_attach_volume): 200 POST http://10.180.1.21/compute/v2.1/servers/160ebe4f-83eb-4bcc-bfb6-2f53893e5eb7/action 1.165s
2025-12-09 08:24:22.397 65811 INFO tempest.lib.common.rest_client [req-753bbe41-9b53-4c74-a3fb-7ac482215bca req-753bbe41-9b53-4c74-a3fb-7ac482215bca ] Request (AttachVolumeShelveTestJSON:test_attach_volume_shelved_or_offload_server): 200 PUT http://10.180.1.21/networking/v2.0/floatingips/dec5cd9a-a431-4e5e-94c6-4992d013a58b 0.673s
2025-12-09 08:24:22.399 65811 INFO tempest.lib.common.ssh [-] Creating ssh connection to '10.180.180.235:22' as 'cirros' with public key authentication
2025-12-09 08:24:22.420 65771 INFO tempest.lib.common.rest_client [req-30ad23a9-6a99-4726-a70f-a80081983d12 req-30ad23a9-6a99-4726-a70f-a80081983d12 ] Request (SecurityGroupsTestJSON:test_server_security_groups): 200 GET http://10.180.1.21/compute/v2.1/servers/b6831ee5-b6d6-4773-844e-2e94e78780e5 1.648s
2025-12-09 08:24:22.479 65769 INFO tempest.lib.common.rest_client [req-aad7455b-c347-4ca9-86c6-0c5d890cfdc9 req-aad7455b-c347-4ca9-86c6-0c5d890cfdc9 ] Request (ServerRescueTestJSON:setUpClass): 201 POST http://10.180.1.21/networking/v2.0/networks 0.350s
2025-12-09 08:24:22.571 65795 INFO tempest.lib.common.rest_client [req-6af14e22-493e-415e-a5d7-de367fc6c81a req-6af14e22-493e-415e-a5d7-de367fc6c81a ] Request (ServersWithSpecificFlavorTestJSON:test_verify_created_server_ephemeral_disk): 200 GET http://10.180.1.21/compute/v2.1/servers/e9e5f653-fa23-42ab-b33b-99fc23db7b70 1.327s
2025-12-09 08:24:22.626 65779 INFO tempest.lib.common.rest_client [req-8bc20466-d247-4b38-af8d-fd6e8fa122e0 req-8bc20466-d247-4b38-af8d-fd6e8fa122e0 ] Request (ServersListShow296Test:tearDownClass): 200 GET http://10.180.1.21/networking/v2.0/security-groups?tenant_id=67ef62d3968940b6a41b56f1b8ce7eba&name=default 0.423s
2025-12-09 08:24:22.728 65809 INFO tempest.lib.common.rest_client [req-d221af2b-5081-4667-8879-e888a62eb5b4 req-d221af2b-5081-4667-8879-e888a62eb5b4 ] Request (ServerActionsTestOtherA:test_rebuild_server_in_stop_state): 200 GET http://10.180.1.21/compute/v2.1/servers/0174005b-f4ba-4b7e-aee8-b0bb5e3a13a8 1.505s
2025-12-09 08:24:22.739 65809 INFO tempest.common.waiters [-] State transition "BUILD/spawning" ==> "ACTIVE/None" after 20 second wait
2025-12-09 08:24:22.771 65790 INFO tempest.lib.common.rest_client [req-4b25a8f2-1d32-4484-b5eb-34df05076938 req-4b25a8f2-1d32-4484-b5eb-34df05076938 ] Request (ServersAdminNegativeTestJSON:tearDownClass): 200 GET http://10.180.1.21/compute/v2.1/servers/b02a884b-5e09-460e-9c60-e97918d5222a 1.419s
2025-12-09 08:24:22.781 65769 INFO tempest.lib.common.rest_client [req-ced168dd-e879-42a4-9450-97f2f3e8d294 req-ced168dd-e879-42a4-9450-97f2f3e8d294 ] Request (ServerRescueTestJSON:setUpClass): 201 POST http://10.180.1.21/networking/v2.0/subnets 0.301s
2025-12-09 08:24:22.866 65803 INFO tempest.lib.common.rest_client [req-c87c65a8-56b7-48ad-982e-ca8db17b0a96 req-c87c65a8-56b7-48ad-982e-ca8db17b0a96 ] Request (ServersNegativeTestJSON:setUpClass): 200 GET http://10.180.1.21/compute/v2.1/servers/b5011e0f-1b53-420a-9601-aa3cbff9525b 1.475s
2025-12-09 08:24:22.891 65799 INFO tempest.lib.common.rest_client [req-2c74fe48-56e8-4e83-8f39-09bce5748191 req-2c74fe48-56e8-4e83-8f39-09bce5748191 ] Request (ServersTestMultiNic:_run_cleanups): 204 DELETE http://10.180.1.21/compute/v2.1/servers/52f906ce-93fc-4593-8a83-30a2da644c29 1.429s
2025-12-09 08:24:22.897 65779 INFO tempest.lib.common.rest_client [req-27c4f584-f415-4d7c-859a-5a0a20d45099 req-27c4f584-f415-4d7c-859a-5a0a20d45099 ] Request (ServersListShow296Test:tearDownClass): 204 DELETE http://10.180.1.21/networking/v2.0/security-groups/f1c558b5-5216-4846-a8f5-ac8e8c11b4e5 0.270s
2025-12-09 08:24:23.017 65779 INFO tempest.lib.common.rest_client [req-eafbb5a0-57c1-4f8c-97aa-82e7cdbe8b66 req-eafbb5a0-57c1-4f8c-97aa-82e7cdbe8b66 ] Request (ServersListShow296Test:tearDownClass): 204 DELETE http://10.180.1.21/identity/v3/projects/67ef62d3968940b6a41b56f1b8ce7eba 0.120s
2025-12-09 08:24:23.159 65775 INFO tempest.lib.common.rest_client [req-b42d94f9-ec66-42d4-94e1-6f7daecd1960 req-b42d94f9-ec66-42d4-94e1-6f7daecd1960 ] Request (ServersTestBootFromVolume:setUpClass): 200 GET http://10.180.1.21/volume/v3/volumes/715227d1-afc0-4ad5-b6ba-13ce52077fc6 0.046s
2025-12-09 08:24:23.296 65805 INFO tempest.lib.common.rest_client [req-b03673c5-ed6a-4e87-8ec2-ff7f3ebd4067 req-b03673c5-ed6a-4e87-8ec2-ff7f3ebd4067 ] Request (ServerTagsTestJSON:setUpClass): 200 GET http://10.180.1.21/compute/v2.1/servers/5367f64f-25f8-4cf2-bfb9-0da6f95ff248 1.762s
2025-12-09 08:24:23.330 65781 INFO tempest.lib.common.rest_client [req-94640a27-5bad-49a6-afc0-c0d1f24cd1be req-94640a27-5bad-49a6-afc0-c0d1f24cd1be ] Request (AttachInterfacesUnderV243Test:_run_cleanups): 200 GET http://10.180.1.21/compute/v2.1/servers/004c7b8c-ad0f-4f70-a695-3f609b6a0be6 1.760s
2025-12-09 08:24:23.443 65785 INFO tempest.lib.common.rest_client [req-002b24d3-787b-4f3d-8ccc-7a9c6e3aa9e5 req-002b24d3-787b-4f3d-8ccc-7a9c6e3aa9e5 ] Request (FloatingIPsAssociationTestJSON:tearDownClass): 200 GET http://10.180.1.21/compute/v2.1/servers/41b491a9-0191-4cd6-99b8-613d24dc32a5 1.829s
2025-12-09 08:24:23.495 65807 INFO tempest.lib.common.rest_client [req-f028ea6a-9dbf-469b-976f-3f8f38116d18 req-f028ea6a-9dbf-469b-976f-3f8f38116d18 ] Request (AttachInterfacesV270Test:tearDownClass): 200 GET http://10.180.1.21/compute/v2.1/servers/807958f4-b72f-4114-a99a-ccdbf6103018 1.662s
2025-12-09 08:24:23.566 65817 INFO tempest.lib.common.rest_client [req-d7ae1f61-2a57-4782-9ce1-ee564601451d req-d7ae1f61-2a57-4782-9ce1-ee564601451d ] Request (ServersAdminTestJSON:test_inject_network_info): 200 GET http://10.180.1.21/compute/v2.1/servers/c57610b4-37e8-4ac1-b1c3-0b6252bc70ae 1.465s
2025-12-09 08:24:23.579 65787 INFO tempest.lib.common.rest_client [req-112e5ded-7706-4a9b-9fbc-125157462df9 req-112e5ded-7706-4a9b-9fbc-125157462df9 ] Request (AttachInterfacesTestJSON:test_create_list_show_delete_interfaces_by_network_port): 200 GET http://10.180.1.21/compute/v2.1/servers/c296d8ac-c6d3-4116-9e32-ea2c2aba9a66 1.429s
2025-12-09 08:24:23.712 65783 INFO tempest.lib.common.rest_client [req-61cd7993-c0d5-452e-a35e-95307c56efa3 req-61cd7993-c0d5-452e-a35e-95307c56efa3 ] Request (ListImageFiltersTestJSON:setUpClass): 200 GET http://10.180.1.21/compute/v2.1/servers/e687971e-45a4-4a18-bb4b-0cba462d4fa8 1.426s
2025-12-09 08:24:23.715 65769 INFO tempest.lib.common.rest_client [req-e23ea641-d802-4f68-b1d6-c41cd9ae71d3 req-e23ea641-d802-4f68-b1d6-c41cd9ae71d3 ] Request (ServerRescueTestJSON:setUpClass): 201 POST http://10.180.1.21/networking/v2.0/routers 0.933s
2025-12-09 08:24:23.762 65793 INFO tempest.lib.common.rest_client [req-d19acb6e-bd82-42f3-acb4-d597c097c03a req-d19acb6e-bd82-42f3-acb4-d597c097c03a ] Request (ServerRescueNegativeTestJSON:test_rescued_vm_attach_volume): 200 GET http://10.180.1.21/compute/v2.1/servers/160ebe4f-83eb-4bcc-bfb6-2f53893e5eb7 1.540s
2025-12-09 08:24:23.942 65791 INFO tempest.lib.common.rest_client [req-5bbbc534-601f-41e3-af98-f87d3cb8bfa2 req-5bbbc534-601f-41e3-af98-f87d3cb8bfa2 ] Request (MultipleCreateTestJSON:test_multiple_create_with_reservation_return): 200 GET http://10.180.1.21/compute/v2.1/servers/62ea3ab1-5161-4194-9967-d76675b52bd8 1.422s
2025-12-09 08:24:24.207 65775 INFO tempest.lib.common.rest_client [req-17d9773f-8737-447c-8b03-53b0b1536f3e req-17d9773f-8737-447c-8b03-53b0b1536f3e ] Request (ServersTestBootFromVolume:setUpClass): 200 GET http://10.180.1.21/volume/v3/volumes/715227d1-afc0-4ad5-b6ba-13ce52077fc6 0.034s
2025-12-09 08:24:24.655 65773 INFO tempest.lib.common.rest_client [req-5542bb49-8a5d-4fd6-9d41-690e7c22e951 req-5542bb49-8a5d-4fd6-9d41-690e7c22e951 ] Request (AttachVolumeNegativeTest:test_attach_attached_volume_to_different_server): 200 GET http://10.180.1.21/compute/v2.1/servers/643f2b96-e285-455b-b3f3-c289bf18cdb8 2.235s
2025-12-09 08:24:24.748 65809 INFO tempest.lib.common.rest_client [req-3e248063-5586-48ef-938f-d7886d5482af req-3e248063-5586-48ef-938f-d7886d5482af ] Request (ServerActionsTestOtherA:test_rebuild_server_in_stop_state): 200 GET http://10.180.1.21/compute/v2.1/servers/0174005b-f4ba-4b7e-aee8-b0bb5e3a13a8 2.008s
2025-12-09 08:24:24.764 65777 INFO tempest.lib.common.rest_client [req-3f2b2b3e-8870-4971-aec0-add743701b04 req-3f2b2b3e-8870-4971-aec0-add743701b04 ] Request (ServersAaction247Test:test_create_backup): 200 GET http://10.180.1.21/compute/v2.1/servers/909a4a53-affe-4478-80d2-d6b4645a7dca 1.902s
2025-12-09 08:24:24.779 65769 INFO tempest.lib.common.rest_client [req-2b30c375-b7f3-47d8-ad13-2ee74a88fb71 req-2b30c375-b7f3-47d8-ad13-2ee74a88fb71 ] Request (ServerRescueTestJSON:setUpClass): 200 PUT http://10.180.1.21/networking/v2.0/routers/d3e8ee6c-7317-4c5b-8dfa-cede638d54c0/add_router_interface 1.064s
2025-12-09 08:24:24.779 65769 INFO tempest.lib.common.dynamic_creds [-] Created isolated network resources for: credentials: Credentials: {'domain_id': 'default', 'domain_name': 'Default', 'username': 'tempest-ServerRescueTestJSON-1537167573-project-member', 'project_domain_id': 'default', 'project_domain_name': 'Default', 'project_id': '05138ba9209342a3a838d9e6a8425207', 'project_name': 'tempest-ServerRescueTestJSON-1537167573', 'tenant_id': '05138ba9209342a3a838d9e6a8425207', 'tenant_name': 'tempest-ServerRescueTestJSON-1537167573', 'user_domain_id': 'default', 'user_domain_name': 'Default', 'user_id': 'da70cd88b5224edb80dd5e6ae56f7b33', 'system': None}, Network: {'id': '6f920d8d-b5da-4ada-ab52-1a0066ab2802', 'name': 'tempest-ServerRescueTestJSON-779933089-network', 'tenant_id': '05138ba9209342a3a838d9e6a8425207', 'project_id': '05138ba9209342a3a838d9e6a8425207', 'admin_state_up': True, 'mtu': 8950, 'status': 'ACTIVE', 'subnets': [], 'shared': False, 'port_security_enabled': True, 'router:external': False, 'provider:network_type': 'vlan', 'provider:physical_network': 'default', 'provider:segmentation_id': 52, 'availability_zone_hints': [], 'availability_zones': [], 'ipv4_address_scope': None, 'ipv6_address_scope': None, 'description': '', 'tags': [], 'created_at': '2025-12-09T08:24:22Z', 'updated_at': '2025-12-09T08:24:22Z', 'revision_number': 1}, Subnet: {'id': 'af8e2c92-c581-4599-b24f-f03520c048db', 'name': 'tempest-ServerRescueTestJSON-779933089-subnet', 'tenant_id': '05138ba9209342a3a838d9e6a8425207', 'network_id': '6f920d8d-b5da-4ada-ab52-1a0066ab2802', 'ip_version': 4, 'subnetpool_id': None, 'enable_dhcp': False, 'ipv6_ra_mode': None, 'ipv6_address_mode': None, 'gateway_ip': '192.168.128.1', 'cidr': '192.168.128.0/28', 'allocation_pools': [{'start': '192.168.128.2', 'end': '192.168.128.14'}], 'host_routes': [], 'dns_nameservers': [], 'description': '', 'router:external': False, 'service_types': [], 'tags': [], 'created_at': '2025-12-09T08:24:22Z', 'updated_at': '2025-12-09T08:24:22Z', 'revision_number': 0, 'project_id': '05138ba9209342a3a838d9e6a8425207'}, Router: {'id': 'd3e8ee6c-7317-4c5b-8dfa-cede638d54c0', 'name': 'tempest-ServerRescueTestJSON-779933089-router', 'tenant_id': '05138ba9209342a3a838d9e6a8425207', 'admin_state_up': True, 'status': 'ACTIVE', 'external_gateway_info': {'network_id': '4edc9de3-fd32-4c41-a23d-1cd6d75f908f', 'external_fixed_ips': [{'subnet_id': '055723b7-7f5a-45dd-9edf-33175f9a9de6', 'ip_address': '10.180.180.212'}], 'enable_snat': True}, 'description': '', 'availability_zones': [], 'distributed': False, 'ha': False, 'availability_zone_hints': [], 'routes': [], 'flavor_id': None, 'tags': [], 'created_at': '2025-12-09T08:24:22Z', 'updated_at': '2025-12-09T08:24:23Z', 'revision_number': 2, 'project_id': '05138ba9209342a3a838d9e6a8425207'}
2025-12-09 08:24:24.826 65823 INFO tempest.lib.common.rest_client [req-f918a27a-bd70-4f28-8d0b-d3ced321dd53 req-f918a27a-bd70-4f28-8d0b-d3ced321dd53 ] Request (ImagesTestJSON:test_create_server_from_snapshot): 200 GET http://10.180.1.21/compute/v2.1/images/a0dfe23f-3e25-4e32-a836-c19e190a99b3 1.903s
2025-12-09 08:24:24.918 65769 INFO tempest.lib.common.rest_client [req-cd6612ab-a466-49ab-9a4f-401a6cef5d14 req-cd6612ab-a466-49ab-9a4f-401a6cef5d14 ] Request (ServerRescueTestJSON:setUpClass): 201 POST http://10.180.1.21/identity/v3/auth/tokens 0.134s
2025-12-09 08:24:24.975 65769 INFO tempest.lib.common.rest_client [req-8dc9434a-ebae-4540-bdfb-b7aebe7c8f05 req-8dc9434a-ebae-4540-bdfb-b7aebe7c8f05 ] Request (ServerRescueTestJSON:setUpClass): 201 POST http://10.180.1.21/identity/v3/auth/tokens 0.050s
2025-12-09 08:24:24.975 65769 INFO tempest.lib.common.fixed_network [-] (ServerRescueTestJSON:setUpClass) Found network {'id': '6f920d8d-b5da-4ada-ab52-1a0066ab2802', 'name': 'tempest-ServerRescueTestJSON-779933089-network', 'tenant_id': '05138ba9209342a3a838d9e6a8425207', 'project_id': '05138ba9209342a3a838d9e6a8425207', 'admin_state_up': True, 'mtu': 8950, 'status': 'ACTIVE', 'subnets': [], 'shared': False, 'port_security_enabled': True, 'router:external': False, 'provider:network_type': 'vlan', 'provider:physical_network': 'default', 'provider:segmentation_id': 52, 'availability_zone_hints': [], 'availability_zones': [], 'ipv4_address_scope': None, 'ipv6_address_scope': None, 'description': '', 'tags': [], 'created_at': '2025-12-09T08:24:22Z', 'updated_at': '2025-12-09T08:24:22Z', 'revision_number': 1} available for tenant
2025-12-09 08:24:25.037 65799 INFO tempest.lib.common.rest_client [req-e2b17402-bb06-436b-8197-09cb44bbcc0a req-e2b17402-bb06-436b-8197-09cb44bbcc0a ] Request (ServersTestMultiNic:_run_cleanups): 200 GET http://10.180.1.21/compute/v2.1/servers/52f906ce-93fc-4593-8a83-30a2da644c29 2.146s
2025-12-09 08:24:25.125 65797 INFO tempest.lib.common.rest_client [req-ea3c1fdf-bfcf-4d35-bc6f-6b68275479c4 req-ea3c1fdf-bfcf-4d35-bc6f-6b68275479c4 ] Request (MigrationsAdminTest:test_resize_server_revert_deleted_flavor): 200 GET http://10.180.1.21/compute/v2.1/servers/0be6a04f-9648-46de-95f0-db2cf56853c6 1.979s
2025-12-09 08:24:25.142 65771 INFO tempest.lib.common.rest_client [req-c9de45e6-b443-42dc-8d9e-c32b73454eaa req-c9de45e6-b443-42dc-8d9e-c32b73454eaa ] Request (SecurityGroupsTestJSON:test_server_security_groups): 200 GET http://10.180.1.21/compute/v2.1/servers/b6831ee5-b6d6-4773-844e-2e94e78780e5 1.713s
2025-12-09 08:24:25.195 65795 INFO tempest.lib.common.rest_client [req-d5317c26-4c8a-4c21-953e-77a824ad9d59 req-d5317c26-4c8a-4c21-953e-77a824ad9d59 ] Request (ServersWithSpecificFlavorTestJSON:test_verify_created_server_ephemeral_disk): 200 GET http://10.180.1.21/compute/v2.1/servers/e9e5f653-fa23-42ab-b33b-99fc23db7b70 1.608s
2025-12-09 08:24:25.257 65775 INFO tempest.lib.common.rest_client [req-918024b0-eb04-49eb-8032-925566030b62 req-918024b0-eb04-49eb-8032-925566030b62 ] Request (ServersTestBootFromVolume:setUpClass): 200 GET http://10.180.1.21/volume/v3/volumes/715227d1-afc0-4ad5-b6ba-13ce52077fc6 0.034s
2025-12-09 08:24:25.258 65790 INFO tempest.lib.common.rest_client [req-bb436662-54ec-4958-b331-d2a4b44bb544 req-bb436662-54ec-4958-b331-d2a4b44bb544 ] Request (ServersAdminNegativeTestJSON:tearDownClass): 200 GET http://10.180.1.21/compute/v2.1/servers/b02a884b-5e09-460e-9c60-e97918d5222a 1.477s
2025-12-09 08:24:25.335 65803 INFO tempest.lib.common.rest_client [req-0dca4348-b3c2-434d-85fb-f3e1b1393606 req-0dca4348-b3c2-434d-85fb-f3e1b1393606 ] Request (ServersNegativeTestJSON:setUpClass): 200 GET http://10.180.1.21/compute/v2.1/servers/b5011e0f-1b53-420a-9601-aa3cbff9525b 1.456s
2025-12-09 08:24:25.491 65781 INFO tempest.lib.common.rest_client [req-760df6cb-9ac2-4773-bb3d-1b00f6d5c667 req-760df6cb-9ac2-4773-bb3d-1b00f6d5c667 ] Request (AttachInterfacesUnderV243Test:_run_cleanups): 200 GET http://10.180.1.21/compute/v2.1/servers/004c7b8c-ad0f-4f70-a695-3f609b6a0be6 1.152s
2025-12-09 08:24:25.526 65805 INFO tempest.lib.common.rest_client [req-ae159eb5-b25f-4135-8f64-0a80b319f8c8 req-ae159eb5-b25f-4135-8f64-0a80b319f8c8 ] Request (ServerTagsTestJSON:setUpClass): 200 GET http://10.180.1.21/compute/v2.1/servers/5367f64f-25f8-4cf2-bfb9-0da6f95ff248 1.214s
2025-12-09 08:24:25.539 65805 INFO tempest.common.waiters [-] State transition "BUILD/spawning" ==> "ACTIVE/None" after 20 second wait
2025-12-09 08:24:25.777 65785 INFO tempest.lib.common.rest_client [req-4687c075-c324-462b-8342-4c81bf8d55f7 req-4687c075-c324-462b-8342-4c81bf8d55f7 ] Request (FloatingIPsAssociationTestJSON:tearDownClass): 200 GET http://10.180.1.21/compute/v2.1/servers/41b491a9-0191-4cd6-99b8-613d24dc32a5 1.326s
2025-12-09 08:24:25.799 65807 INFO tempest.lib.common.rest_client [req-76f7d9c6-9d3c-40d5-ab02-0560f79dc862 req-76f7d9c6-9d3c-40d5-ab02-0560f79dc862 ] Request (AttachInterfacesV270Test:tearDownClass): 200 GET http://10.180.1.21/compute/v2.1/servers/807958f4-b72f-4114-a99a-ccdbf6103018 1.290s
2025-12-09 08:24:26.140 65817 INFO tempest.lib.common.rest_client [req-da7a485e-b4f2-45d6-be6a-e9a01f8524fb req-da7a485e-b4f2-45d6-be6a-e9a01f8524fb ] Request (ServersAdminTestJSON:test_inject_network_info): 200 GET http://10.180.1.21/compute/v2.1/servers/c57610b4-37e8-4ac1-b1c3-0b6252bc70ae 1.565s
2025-12-09 08:24:26.195 65787 INFO tempest.lib.common.rest_client [req-244ae1c5-41b2-4669-ac5b-32da786a8b9f req-244ae1c5-41b2-4669-ac5b-32da786a8b9f ] Request (AttachInterfacesTestJSON:test_create_list_show_delete_interfaces_by_network_port): 200 GET http://10.180.1.21/compute/v2.1/servers/c296d8ac-c6d3-4116-9e32-ea2c2aba9a66 1.607s
2025-12-09 08:24:26.253 65809 INFO tempest.lib.common.rest_client [req-7d39c04f-6531-426a-8752-f5d7414a8efe req-7d39c04f-6531-426a-8752-f5d7414a8efe ] Request (ServerActionsTestOtherA:test_rebuild_server_in_stop_state): 202 POST http://10.180.1.21/compute/v2.1/servers/0174005b-f4ba-4b7e-aee8-b0bb5e3a13a8/action 1.494s
2025-12-09 08:24:26.257 65783 INFO tempest.lib.common.rest_client [req-ddb674db-b544-49ae-a6df-581f80952cb5 req-ddb674db-b544-49ae-a6df-581f80952cb5 ] Request (ListImageFiltersTestJSON:setUpClass): 200 GET http://10.180.1.21/compute/v2.1/servers/e687971e-45a4-4a18-bb4b-0cba462d4fa8 1.529s
2025-12-09 08:24:26.306 65775 INFO tempest.lib.common.rest_client [req-83758182-1cbb-465c-8c3d-3f3aac1c5e5c req-83758182-1cbb-465c-8c3d-3f3aac1c5e5c ] Request (ServersTestBootFromVolume:setUpClass): 200 GET http://10.180.1.21/volume/v3/volumes/715227d1-afc0-4ad5-b6ba-13ce52077fc6 0.033s
2025-12-09 08:24:26.329 65791 INFO tempest.lib.common.rest_client [req-6df7204e-71d3-4786-b5ba-0ae5cb2a90cd req-6df7204e-71d3-4786-b5ba-0ae5cb2a90cd ] Request (MultipleCreateTestJSON:test_multiple_create_with_reservation_return): 200 GET http://10.180.1.21/compute/v2.1/servers/62ea3ab1-5161-4194-9967-d76675b52bd8 1.374s
2025-12-09 08:24:26.444 65793 INFO tempest.lib.common.rest_client [req-ce510f3d-a79f-414d-882a-eef1efa7fead req-ce510f3d-a79f-414d-882a-eef1efa7fead ] Request (ServerRescueNegativeTestJSON:test_rescued_vm_attach_volume): 200 GET http://10.180.1.21/compute/v2.1/servers/160ebe4f-83eb-4bcc-bfb6-2f53893e5eb7 1.672s
2025-12-09 08:24:26.535 65805 INFO tempest.lib.common.rest_client [req-d8c42607-6b75-40aa-8aa3-6a0ad5de5535 req-d8c42607-6b75-40aa-8aa3-6a0ad5de5535 ] Request (ServerTagsTestJSON:test_check_tag_existence): 201 PUT http://10.180.1.21/compute/v2.1/servers/5367f64f-25f8-4cf2-bfb9-0da6f95ff248/tags/tempest-tag-1916732763 0.995s
2025-12-09 08:24:26.724 65773 INFO tempest.lib.common.rest_client [req-aa31e8b7-1f7e-4207-b06f-6e70738816a2 req-aa31e8b7-1f7e-4207-b06f-6e70738816a2 ] Request (AttachVolumeNegativeTest:test_attach_attached_volume_to_different_server): 200 GET http://10.180.1.21/compute/v2.1/servers/643f2b96-e285-455b-b3f3-c289bf18cdb8 1.057s
2025-12-09 08:24:26.785 65777 INFO tempest.lib.common.rest_client [req-2902f45a-4a27-49cb-8654-b1e35946f8fb req-2902f45a-4a27-49cb-8654-b1e35946f8fb ] Request (ServersAaction247Test:test_create_backup): 200 GET http://10.180.1.21/compute/v2.1/servers/909a4a53-affe-4478-80d2-d6b4645a7dca 1.001s
2025-12-09 08:24:26.827 65823 INFO tempest.lib.common.rest_client [req-2cdb8fd8-458d-4b52-b750-311ddd47fa70 req-2cdb8fd8-458d-4b52-b750-311ddd47fa70 ] Request (ImagesTestJSON:test_create_server_from_snapshot): 200 GET http://10.180.1.21/compute/v2.1/images/a0dfe23f-3e25-4e32-a836-c19e190a99b3 0.991s
2025-12-09 08:24:26.846 65769 INFO tempest.lib.common.rest_client [req-d55b0a66-5f68-4033-a5ee-32198ee9d7a3 req-d55b0a66-5f68-4033-a5ee-32198ee9d7a3 ] Request (ServerRescueTestJSON:setUpClass): 202 POST http://10.180.1.21/compute/v2.1/servers 1.870s
2025-12-09 08:24:26.896 65799 INFO tempest.lib.common.rest_client [req-bb576269-1b72-40a4-8f15-cde82f95b17c req-bb576269-1b72-40a4-8f15-cde82f95b17c ] Request (ServersTestMultiNic:_run_cleanups): 200 GET http://10.180.1.21/compute/v2.1/servers/52f906ce-93fc-4593-8a83-30a2da644c29 0.850s
2025-12-09 08:24:26.989 65797 INFO tempest.lib.common.rest_client [req-3cf05657-eddd-4d8c-b4b4-7738e9a49125 req-3cf05657-eddd-4d8c-b4b4-7738e9a49125 ] Request (MigrationsAdminTest:test_resize_server_revert_deleted_flavor): 200 GET http://10.180.1.21/compute/v2.1/servers/0be6a04f-9648-46de-95f0-db2cf56853c6 0.855s
2025-12-09 08:24:27.005 65771 INFO tempest.lib.common.rest_client [req-7cfc258e-de8d-4aec-b87b-3aaa0741f90f req-7cfc258e-de8d-4aec-b87b-3aaa0741f90f ] Request (SecurityGroupsTestJSON:test_server_security_groups): 200 GET http://10.180.1.21/compute/v2.1/servers/b6831ee5-b6d6-4773-844e-2e94e78780e5 0.854s
2025-12-09 08:24:27.065 65795 INFO tempest.lib.common.rest_client [req-89b2d10d-56fa-4a0b-ba6c-2acfcccf46f9 req-89b2d10d-56fa-4a0b-ba6c-2acfcccf46f9 ] Request (ServersWithSpecificFlavorTestJSON:test_verify_created_server_ephemeral_disk): 200 GET http://10.180.1.21/compute/v2.1/servers/e9e5f653-fa23-42ab-b33b-99fc23db7b70 0.860s
2025-12-09 08:24:27.132 65790 INFO tempest.lib.common.rest_client [req-4eea55df-8c48-4608-864a-9ef291154c1f req-4eea55df-8c48-4608-864a-9ef291154c1f ] Request (ServersAdminNegativeTestJSON:tearDownClass): 200 GET http://10.180.1.21/compute/v2.1/servers/b02a884b-5e09-460e-9c60-e97918d5222a 0.864s
2025-12-09 08:24:27.174 65809 INFO tempest.lib.common.rest_client [req-0751e41f-26b9-4ca0-b943-cdd3ed2d6138 req-0751e41f-26b9-4ca0-b943-cdd3ed2d6138 ] Request (ServerActionsTestOtherA:test_rebuild_server_in_stop_state): 200 GET http://10.180.1.21/compute/v2.1/servers/0174005b-f4ba-4b7e-aee8-b0bb5e3a13a8 0.920s
2025-12-09 08:24:27.185 65803 INFO tempest.lib.common.rest_client [req-f092b6e0-5c87-4de3-b465-d144e859189f req-f092b6e0-5c87-4de3-b465-d144e859189f ] Request (ServersNegativeTestJSON:setUpClass): 200 GET http://10.180.1.21/compute/v2.1/servers/b5011e0f-1b53-420a-9601-aa3cbff9525b 0.842s
2025-12-09 08:24:27.204 65805 INFO tempest.lib.common.rest_client [req-7bd59a3b-d7cf-4d5a-ba10-1b052e8a7fb0 req-7bd59a3b-d7cf-4d5a-ba10-1b052e8a7fb0 ] Request (ServerTagsTestJSON:test_check_tag_existence): 204 GET http://10.180.1.21/compute/v2.1/servers/5367f64f-25f8-4cf2-bfb9-0da6f95ff248/tags/tempest-tag-1916732763 0.667s
2025-12-09 08:24:27.235 65781 INFO tempest.lib.common.rest_client [req-e1e83db4-7a75-4326-baf6-11a7c6ef9b37 req-e1e83db4-7a75-4326-baf6-11a7c6ef9b37 ] Request (AttachInterfacesUnderV243Test:_run_cleanups): 200 GET http://10.180.1.21/compute/v2.1/servers/004c7b8c-ad0f-4f70-a695-3f609b6a0be6 0.735s
2025-12-09 08:24:27.242 65781 INFO tempest.common.waiters [-] State transition "ACTIVE/deleting" ==> "DELETED/None" after 4 second wait
2025-12-09 08:24:27.255 65785 INFO tempest.lib.common.rest_client [req-8dbfcd6d-950c-4177-ae11-8ee389eff65b req-8dbfcd6d-950c-4177-ae11-8ee389eff65b ] Request (FloatingIPsAssociationTestJSON:tearDownClass): 200 GET http://10.180.1.21/compute/v2.1/servers/41b491a9-0191-4cd6-99b8-613d24dc32a5 0.464s
2025-12-09 08:24:27.292 65807 INFO tempest.lib.common.rest_client [req-78fdd388-86ab-4b90-9a96-52e257cb99a2 req-78fdd388-86ab-4b90-9a96-52e257cb99a2 ] Request (AttachInterfacesV270Test:tearDownClass): 200 GET http://10.180.1.21/compute/v2.1/servers/807958f4-b72f-4114-a99a-ccdbf6103018 0.481s
2025-12-09 08:24:27.296 65823 INFO tempest.lib.common.rest_client [req-ff97789e-16b8-48c2-8549-0c51e7316669 req-ff97789e-16b8-48c2-8549-0c51e7316669 ] Request (ImagesTestJSON:test_create_server_from_snapshot): 200 GET http://10.180.1.21/compute/v2.1/images/a0dfe23f-3e25-4e32-a836-c19e190a99b3 0.464s
2025-12-09 08:24:27.336 65769 INFO tempest.lib.common.rest_client [req-fefb5ee4-b4a7-4bc0-854d-41f3e94de098 req-fefb5ee4-b4a7-4bc0-854d-41f3e94de098 ] Request (ServerRescueTestJSON:setUpClass): 200 GET http://10.180.1.21/compute/v2.1/servers/3f9cace4-61b0-49e8-84a5-4c077cf316b8 0.487s
2025-12-09 08:24:27.343 65775 INFO tempest.lib.common.rest_client [req-96635dbc-1759-4cd0-b754-ecd1f536bcc3 req-96635dbc-1759-4cd0-b754-ecd1f536bcc3 ] Request (ServersTestBootFromVolume:setUpClass): 200 GET http://10.180.1.21/volume/v3/volumes/715227d1-afc0-4ad5-b6ba-13ce52077fc6 0.029s
2025-12-09 08:24:27.363 65817 INFO tempest.lib.common.rest_client [req-ce19db97-f615-4753-a090-01747088f4a3 req-ce19db97-f615-4753-a090-01747088f4a3 ] Request (ServersAdminTestJSON:test_inject_network_info): 200 GET http://10.180.1.21/compute/v2.1/servers/c57610b4-37e8-4ac1-b1c3-0b6252bc70ae 0.215s
2025-12-09 08:24:27.371 65817 INFO tempest.common.waiters [-] State transition "BUILD/scheduling" ==> "BUILD/None" after 4 second wait
2025-12-09 08:24:27.390 65823 INFO tempest.lib.common.rest_client [req-c26545a1-9192-425a-88e8-eaac565551b5 req-c26545a1-9192-425a-88e8-eaac565551b5 ] Request (ImagesTestJSON:test_create_server_from_snapshot): 201 POST http://10.180.1.21/identity/v3/auth/tokens 0.082s
2025-12-09 08:24:27.390 65823 INFO tempest.lib.common.fixed_network [-] (ImagesTestJSON:test_create_server_from_snapshot) Found network {'id': '8505f910-cc83-4f6c-aaae-0bb764dd39b9', 'name': 'tempest-ImagesTestJSON-1753307373-network', 'tenant_id': '065c4e1efb104183be666b09ce36f7be', 'project_id': '065c4e1efb104183be666b09ce36f7be', 'admin_state_up': True, 'mtu': 8950, 'status': 'ACTIVE', 'subnets': [], 'shared': False, 'port_security_enabled': True, 'router:external': False, 'provider:network_type': 'vlan', 'provider:physical_network': 'default', 'provider:segmentation_id': 852, 'availability_zone_hints': [], 'availability_zones': [], 'ipv4_address_scope': None, 'ipv6_address_scope': None, 'description': '', 'tags': [], 'created_at': '2025-12-09T08:20:57Z', 'updated_at': '2025-12-09T08:20:57Z', 'revision_number': 1} available for tenant
2025-12-09 08:24:27.418 65805 INFO tempest.lib.common.rest_client [req-7438e555-99aa-41fb-bc84-eb661a049336 req-7438e555-99aa-41fb-bc84-eb661a049336 ] Request (ServerTagsTestJSON:_run_cleanups): 204 DELETE http://10.180.1.21/compute/v2.1/servers/5367f64f-25f8-4cf2-bfb9-0da6f95ff248/tags 0.213s
2025-12-09 08:24:27.424 65787 INFO tempest.lib.common.rest_client [req-3e46c405-bb78-4983-99a8-c0d29c7e481c req-3e46c405-bb78-4983-99a8-c0d29c7e481c ] Request (AttachInterfacesTestJSON:test_create_list_show_delete_interfaces_by_network_port): 200 GET http://10.180.1.21/compute/v2.1/servers/c296d8ac-c6d3-4116-9e32-ea2c2aba9a66 0.220s
2025-12-09 08:24:27.474 65783 INFO tempest.lib.common.rest_client [req-d3ea9b80-bcb8-4ec2-bcb1-12262d20b0a3 req-d3ea9b80-bcb8-4ec2-bcb1-12262d20b0a3 ] Request (ListImageFiltersTestJSON:setUpClass): 200 GET http://10.180.1.21/compute/v2.1/servers/e687971e-45a4-4a18-bb4b-0cba462d4fa8 0.208s
2025-12-09 08:24:27.490 65791 INFO tempest.lib.common.rest_client [req-67890e1a-f461-43e8-852c-6e88f3eb5fda req-67890e1a-f461-43e8-852c-6e88f3eb5fda ] Request (MultipleCreateTestJSON:test_multiple_create_with_reservation_return): 200 GET http://10.180.1.21/compute/v2.1/servers/62ea3ab1-5161-4194-9967-d76675b52bd8 0.150s
2025-12-09 08:24:27.499 65791 INFO tempest.common.waiters [-] State transition "BUILD/None" ==> "BUILD/networking" after 18 second wait
2025-12-09 08:24:27.510 65805 INFO tempest.lib.common.rest_client [req-d3e4eece-091e-440c-81bf-12faa02b38dd req-d3e4eece-091e-440c-81bf-12faa02b38dd ] Request (ServerTagsTestJSON:test_create_delete_tag): 200 GET http://10.180.1.21/compute/v2.1/servers/5367f64f-25f8-4cf2-bfb9-0da6f95ff248/tags 0.091s
2025-12-09 08:24:27.539 65811 WARNING tempest.lib.common.ssh [-] Failed to establish authenticated ssh connection to cirros@10.180.180.235 ([Errno None] Unable to connect to port 22 on 10.180.180.235). Number attempts: 1. Retry after 2 seconds.: paramiko.ssh_exception.NoValidConnectionsError: [Errno None] Unable to connect to port 22 on 10.180.180.235
2025-12-09 08:24:27.648 65793 INFO tempest.lib.common.rest_client [req-94941832-fa98-49eb-a2cc-b01092f386f5 req-94941832-fa98-49eb-a2cc-b01092f386f5 ] Request (ServerRescueNegativeTestJSON:test_rescued_vm_attach_volume): 200 GET http://10.180.1.21/compute/v2.1/servers/160ebe4f-83eb-4bcc-bfb6-2f53893e5eb7 0.197s
2025-12-09 08:24:27.714 65805 INFO tempest.lib.common.rest_client [req-f5e593b4-9f91-4323-be4f-9deedbfbf2f3 req-f5e593b4-9f91-4323-be4f-9deedbfbf2f3 ] Request (ServerTagsTestJSON:test_create_delete_tag): 201 PUT http://10.180.1.21/compute/v2.1/servers/5367f64f-25f8-4cf2-bfb9-0da6f95ff248/tags/tempest-tag-1317644234 0.202s
2025-12-09 08:24:27.724 65767 WARNING tempest.lib.common.ssh [-] Failed to establish authenticated ssh connection to cirros@10.180.180.174 ([Errno None] Unable to connect to port 22 on 10.180.180.174). Number attempts: 5. Retry after 6 seconds.: paramiko.ssh_exception.NoValidConnectionsError: [Errno None] Unable to connect to port 22 on 10.180.180.174
2025-12-09 08:24:27.737 65805 INFO tempest.lib.common.rest_client [req-1fab497d-f237-4f2d-8e25-b93f8cd609e6 req-1fab497d-f237-4f2d-8e25-b93f8cd609e6 ] Request (ServerTagsTestJSON:test_create_delete_tag): 200 GET http://10.180.1.21/compute/v2.1/servers/5367f64f-25f8-4cf2-bfb9-0da6f95ff248/tags 0.021s
2025-12-09 08:24:27.846 65823 INFO tempest.lib.common.rest_client [req-38b6eae7-6590-4858-bb1b-5bc4d5cebade req-38b6eae7-6590-4858-bb1b-5bc4d5cebade ] Request (ImagesTestJSON:test_create_server_from_snapshot): 202 POST http://10.180.1.21/compute/v2.1/servers 0.456s
2025-12-09 08:24:27.853 65773 INFO tempest.lib.common.rest_client [req-dbd5cce4-7c7a-4bb8-8406-94d5d63fe29c req-dbd5cce4-7c7a-4bb8-8406-94d5d63fe29c ] Request (AttachVolumeNegativeTest:test_attach_attached_volume_to_different_server): 200 GET http://10.180.1.21/compute/v2.1/servers/643f2b96-e285-455b-b3f3-c289bf18cdb8 0.118s
2025-12-09 08:24:27.866 65773 INFO tempest.common.waiters [-] State transition "BUILD/spawning" ==> "ACTIVE/None" after 22 second wait
2025-12-09 08:24:27.935 65805 INFO tempest.lib.common.rest_client [req-4d17c1c4-a5c5-4be0-a3bc-27753ffe23c9 req-4d17c1c4-a5c5-4be0-a3bc-27753ffe23c9 ] Request (ServerTagsTestJSON:test_create_delete_tag): 204 DELETE http://10.180.1.21/compute/v2.1/servers/5367f64f-25f8-4cf2-bfb9-0da6f95ff248/tags/tempest-tag-1317644234 0.197s
2025-12-09 08:24:27.937 65777 INFO tempest.lib.common.rest_client [req-291dee55-c220-42f2-bcfd-31398c18e6f7 req-291dee55-c220-42f2-bcfd-31398c18e6f7 ] Request (ServersAaction247Test:test_create_backup): 200 GET http://10.180.1.21/compute/v2.1/servers/909a4a53-affe-4478-80d2-d6b4645a7dca 0.141s
2025-12-09 08:24:27.985 65823 INFO tempest.lib.common.rest_client [req-2fffdd4d-68f8-40be-9eb4-9fc0fc5e4652 req-2fffdd4d-68f8-40be-9eb4-9fc0fc5e4652 ] Request (ImagesTestJSON:test_create_server_from_snapshot): 200 GET http://10.180.1.21/compute/v2.1/servers/cfe5fbb1-efcf-4dda-92e3-81af133dc2d2 0.137s
2025-12-09 08:24:28.021 65773 INFO tempest.lib.common.rest_client [req-d4f06677-d9f4-4ef0-b585-aed060cef1ac req-d4f06677-d9f4-4ef0-b585-aed060cef1ac ] Request (AttachVolumeNegativeTest:test_attach_attached_volume_to_different_server): 200 GET http://10.180.1.21/compute/v2.1/servers/643f2b96-e285-455b-b3f3-c289bf18cdb8/os-interface 0.155s
2025-12-09 08:24:28.046 65805 INFO tempest.lib.common.rest_client [req-c0b20441-348e-4b16-b550-cea59a0266dd req-c0b20441-348e-4b16-b550-cea59a0266dd ] Request (ServerTagsTestJSON:test_create_delete_tag): 200 GET http://10.180.1.21/compute/v2.1/servers/5367f64f-25f8-4cf2-bfb9-0da6f95ff248/tags 0.111s
2025-12-09 08:24:28.134 65799 INFO tempest.lib.common.rest_client [req-393ff0d7-4f70-48dd-b727-50bbd7c5c94d req-393ff0d7-4f70-48dd-b727-50bbd7c5c94d ] Request (ServersTestMultiNic:_run_cleanups): 200 GET http://10.180.1.21/compute/v2.1/servers/52f906ce-93fc-4593-8a83-30a2da644c29 0.226s
2025-12-09 08:24:28.141 65799 INFO tempest.common.waiters [-] State transition "ACTIVE/deleting" ==> "DELETED/None" after 3 second wait
2025-12-09 08:24:28.382 65775 INFO tempest.lib.common.rest_client [req-744abd93-2e9f-4e6c-8ad2-c9422795be88 req-744abd93-2e9f-4e6c-8ad2-c9422795be88 ] Request (ServersTestBootFromVolume:setUpClass): 200 GET http://10.180.1.21/volume/v3/volumes/715227d1-afc0-4ad5-b6ba-13ce52077fc6 0.028s
2025-12-09 08:24:28.536 65773 INFO tempest.lib.common.rest_client [req-ea12579f-974b-4400-91ea-9f9457461c24 req-ea12579f-974b-4400-91ea-9f9457461c24 ] Request (AttachVolumeNegativeTest:test_attach_attached_volume_to_different_server): 200 PUT http://10.180.1.21/networking/v2.0/floatingips/64d7be96-9230-4b67-9ba6-2496341c6ecb 0.512s
2025-12-09 08:24:28.538 65773 INFO tempest.lib.common.ssh [-] Creating ssh connection to '10.180.180.182:22' as 'cirros' with public key authentication
2025-12-09 08:24:28.573 65797 INFO tempest.lib.common.rest_client [req-51f9bd0d-7840-4a7d-9745-e709ec19ded9 req-51f9bd0d-7840-4a7d-9745-e709ec19ded9 ] Request (MigrationsAdminTest:test_resize_server_revert_deleted_flavor): 200 GET http://10.180.1.21/compute/v2.1/servers/0be6a04f-9648-46de-95f0-db2cf56853c6 0.575s
2025-12-09 08:24:28.591 65771 INFO tempest.lib.common.rest_client [req-f2f364c9-f3f0-4c25-89bc-aa9471a83552 req-f2f364c9-f3f0-4c25-89bc-aa9471a83552 ] Request (SecurityGroupsTestJSON:test_server_security_groups): 200 GET http://10.180.1.21/compute/v2.1/servers/b6831ee5-b6d6-4773-844e-2e94e78780e5 0.576s
2025-12-09 08:24:28.662 65805 INFO tempest.lib.common.rest_client [req-9a02f5d9-1740-497e-bcc6-b3811119bbfe req-9a02f5d9-1740-497e-bcc6-b3811119bbfe ] Request (ServerTagsTestJSON:_run_cleanups): 204 DELETE http://10.180.1.21/compute/v2.1/servers/5367f64f-25f8-4cf2-bfb9-0da6f95ff248/tags 0.614s
2025-12-09 08:24:28.672 65795 INFO tempest.lib.common.rest_client [req-a910d486-001a-4526-b6d5-42bacd1644a6 req-a910d486-001a-4526-b6d5-42bacd1644a6 ] Request (ServersWithSpecificFlavorTestJSON:test_verify_created_server_ephemeral_disk): 200 GET http://10.180.1.21/compute/v2.1/servers/e9e5f653-fa23-42ab-b33b-99fc23db7b70 0.599s
2025-12-09 08:24:28.813 65815 WARNING tempest.lib.common.ssh [-] Failed to establish authenticated ssh connection to cirros@10.180.180.140 ([Errno None] Unable to connect to port 22 on 10.180.180.140). Number attempts: 14. Retry after 15 seconds.: paramiko.ssh_exception.NoValidConnectionsError: [Errno None] Unable to connect to port 22 on 10.180.180.140
2025-12-09 08:24:28.838 65790 INFO tempest.lib.common.rest_client [req-9c536205-d79b-4598-b725-e0cd06333d10 req-9c536205-d79b-4598-b725-e0cd06333d10 ] Request (ServersAdminNegativeTestJSON:tearDownClass): 200 GET http://10.180.1.21/compute/v2.1/servers/b02a884b-5e09-460e-9c60-e97918d5222a 0.698s
2025-12-09 08:24:28.898 65809 INFO tempest.lib.common.rest_client [req-4751fdfc-e39c-4e4f-ba26-9c75953e00c2 req-4751fdfc-e39c-4e4f-ba26-9c75953e00c2 ] Request (ServerActionsTestOtherA:test_rebuild_server_in_stop_state): 200 GET http://10.180.1.21/compute/v2.1/servers/0174005b-f4ba-4b7e-aee8-b0bb5e3a13a8 0.715s
2025-12-09 08:24:28.906 65809 INFO tempest.common.waiters [-] State transition "ACTIVE/powering-off" ==> "SHUTOFF/None" after 1 second wait
2025-12-09 08:24:28.911 65803 INFO tempest.lib.common.rest_client [req-a0925c68-5873-4434-bf7e-79a670aa6284 req-a0925c68-5873-4434-bf7e-79a670aa6284 ] Request (ServersNegativeTestJSON:setUpClass): 200 GET http://10.180.1.21/compute/v2.1/servers/b5011e0f-1b53-420a-9601-aa3cbff9525b 0.717s
2025-12-09 08:24:29.008 65781 INFO tempest.lib.common.rest_client [req-55a03526-a5b8-4310-a9fc-dbcc13804d2e req-55a03526-a5b8-4310-a9fc-dbcc13804d2e ] Request (AttachInterfacesUnderV243Test:_run_cleanups): 200 GET http://10.180.1.21/compute/v2.1/servers/004c7b8c-ad0f-4f70-a695-3f609b6a0be6 0.765s
2025-12-09 08:24:29.022 65785 INFO tempest.lib.common.rest_client [req-3a03e76d-df2b-4f80-8c28-9e2922335e86 req-3a03e76d-df2b-4f80-8c28-9e2922335e86 ] Request (FloatingIPsAssociationTestJSON:tearDownClass): 200 GET http://10.180.1.21/compute/v2.1/servers/41b491a9-0191-4cd6-99b8-613d24dc32a5 0.759s
2025-12-09 08:24:29.081 65769 INFO tempest.lib.common.rest_client [req-d6a48070-33df-4c3e-950e-1bb9380f086f req-d6a48070-33df-4c3e-950e-1bb9380f086f ] Request (ServerRescueTestJSON:setUpClass): 200 GET http://10.180.1.21/compute/v2.1/servers/3f9cace4-61b0-49e8-84a5-4c077cf316b8 0.728s
2025-12-09 08:24:29.089 65769 INFO tempest.common.waiters [-] State transition "BUILD/scheduling" ==> "BUILD/None" after 2 second wait
2025-12-09 08:24:29.095 65807 INFO tempest.lib.common.rest_client [req-844be3b0-db93-4c4c-b9eb-7ab68157e75d req-844be3b0-db93-4c4c-b9eb-7ab68157e75d ] Request (AttachInterfacesV270Test:tearDownClass): 200 GET http://10.180.1.21/compute/v2.1/servers/807958f4-b72f-4114-a99a-ccdbf6103018 0.792s
2025-12-09 08:24:29.131 65817 INFO tempest.lib.common.rest_client [req-6d04aacb-87ad-4e67-8be6-0371db3cd5a3 req-6d04aacb-87ad-4e67-8be6-0371db3cd5a3 ] Request (ServersAdminTestJSON:test_inject_network_info): 200 GET http://10.180.1.21/compute/v2.1/servers/c57610b4-37e8-4ac1-b1c3-0b6252bc70ae 0.758s
2025-12-09 08:24:29.152 65787 INFO tempest.lib.common.rest_client [req-bac54679-557b-4014-ac30-5544e279833e req-bac54679-557b-4014-ac30-5544e279833e ] Request (AttachInterfacesTestJSON:test_create_list_show_delete_interfaces_by_network_port): 200 GET http://10.180.1.21/compute/v2.1/servers/c296d8ac-c6d3-4116-9e32-ea2c2aba9a66 0.718s
2025-12-09 08:24:29.253 65783 INFO tempest.lib.common.rest_client [req-a882967a-e189-42c0-ac81-77b50d3717c1 req-a882967a-e189-42c0-ac81-77b50d3717c1 ] Request (ListImageFiltersTestJSON:setUpClass): 200 GET http://10.180.1.21/compute/v2.1/servers/e687971e-45a4-4a18-bb4b-0cba462d4fa8 0.768s
2025-12-09 08:24:29.281 65791 INFO tempest.lib.common.rest_client [req-86b8c7b1-527c-462e-a2a8-df868e0187e8 req-86b8c7b1-527c-462e-a2a8-df868e0187e8 ] Request (MultipleCreateTestJSON:test_multiple_create_with_reservation_return): 200 GET http://10.180.1.21/compute/v2.1/servers/62ea3ab1-5161-4194-9967-d76675b52bd8 0.781s
2025-12-09 08:24:29.289 65791 INFO tempest.common.waiters [-] State transition "BUILD/networking" ==> "BUILD/spawning" after 20 second wait
2025-12-09 08:24:29.333 65805 INFO tempest.lib.common.rest_client [req-05f2377e-6891-4fdd-ba3c-5197e343d7e0 req-05f2377e-6891-4fdd-ba3c-5197e343d7e0 ] Request (ServerTagsTestJSON:test_delete_all_tags): 201 PUT http://10.180.1.21/compute/v2.1/servers/5367f64f-25f8-4cf2-bfb9-0da6f95ff248/tags/tempest-tag-1211636937 0.670s
2025-12-09 08:24:29.376 65793 INFO tempest.lib.common.rest_client [req-b902e8b7-3ba6-4038-8657-e158564e9d18 req-b902e8b7-3ba6-4038-8657-e158564e9d18 ] Request (ServerRescueNegativeTestJSON:test_rescued_vm_attach_volume): 200 GET http://10.180.1.21/compute/v2.1/servers/160ebe4f-83eb-4bcc-bfb6-2f53893e5eb7 0.718s
2025-12-09 08:24:29.429 65775 INFO tempest.lib.common.rest_client [req-afc1bd36-52a4-4e2d-a8f6-dc341bfd7b8e req-afc1bd36-52a4-4e2d-a8f6-dc341bfd7b8e ] Request (ServersTestBootFromVolume:setUpClass): 200 GET http://10.180.1.21/volume/v3/volumes/715227d1-afc0-4ad5-b6ba-13ce52077fc6 0.038s
2025-12-09 08:24:29.429 65777 INFO tempest.lib.common.rest_client [req-c2c3518a-ae74-40ea-9a6f-f35a649154a6 req-c2c3518a-ae74-40ea-9a6f-f35a649154a6 ] Request (ServersAaction247Test:test_create_backup): 200 GET http://10.180.1.21/compute/v2.1/servers/909a4a53-affe-4478-80d2-d6b4645a7dca 0.476s
2025-12-09 08:24:29.474 65809 INFO tempest.lib.common.rest_client [req-1f9d47b5-d2fb-4f5f-9b89-1879e57c0f9d req-1f9d47b5-d2fb-4f5f-9b89-1879e57c0f9d ] Request (ServerActionsTestOtherA:test_rebuild_server_in_stop_state): 202 POST http://10.180.1.21/compute/v2.1/servers/0174005b-f4ba-4b7e-aee8-b0bb5e3a13a8/action 0.567s
2025-12-09 08:24:29.515 65823 INFO tempest.lib.common.rest_client [req-0dbd5bf2-d606-46dc-94bf-6e8384742031 req-0dbd5bf2-d606-46dc-94bf-6e8384742031 ] Request (ImagesTestJSON:test_create_server_from_snapshot): 200 GET http://10.180.1.21/compute/v2.1/servers/cfe5fbb1-efcf-4dda-92e3-81af133dc2d2 0.523s
2025-12-09 08:24:29.546 65799 INFO tempest.lib.common.rest_client [req-8dda6a8a-c36a-48ed-8dc2-a451f562d3c7 req-8dda6a8a-c36a-48ed-8dc2-a451f562d3c7 ] Request (ServersTestMultiNic:_run_cleanups): 200 GET http://10.180.1.21/compute/v2.1/servers/52f906ce-93fc-4593-8a83-30a2da644c29 0.403s
2025-12-09 08:24:29.577 65805 INFO tempest.lib.common.rest_client [req-5f576056-2734-49b9-9e9a-a5155a6e2f0c req-5f576056-2734-49b9-9e9a-a5155a6e2f0c ] Request (ServerTagsTestJSON:test_delete_all_tags): 201 PUT http://10.180.1.21/compute/v2.1/servers/5367f64f-25f8-4cf2-bfb9-0da6f95ff248/tags/tempest-tag-1885032079 0.242s
2025-12-09 08:24:29.629 65805 INFO tempest.lib.common.rest_client [req-bbd01ab6-664b-4f22-81bb-36ced37e3e90 req-bbd01ab6-664b-4f22-81bb-36ced37e3e90 ] Request (ServerTagsTestJSON:test_delete_all_tags): 204 DELETE http://10.180.1.21/compute/v2.1/servers/5367f64f-25f8-4cf2-bfb9-0da6f95ff248/tags 0.051s
2025-12-09 08:24:29.705 65809 INFO tempest.lib.common.rest_client [req-e3d0f798-9381-43ac-b61f-3dbd609a770a req-e3d0f798-9381-43ac-b61f-3dbd609a770a ] Request (ServerActionsTestOtherA:test_rebuild_server_in_stop_state): 200 GET http://10.180.1.21/compute/v2.1/servers/0174005b-f4ba-4b7e-aee8-b0bb5e3a13a8 0.225s
2025-12-09 08:24:29.808 65771 INFO tempest.lib.common.rest_client [req-1c41d618-1021-4e9b-bb5c-c76ef5c0d2af req-1c41d618-1021-4e9b-bb5c-c76ef5c0d2af ] Request (SecurityGroupsTestJSON:test_server_security_groups): 200 GET http://10.180.1.21/compute/v2.1/servers/b6831ee5-b6d6-4773-844e-2e94e78780e5 0.200s
2025-12-09 08:24:29.827 65805 INFO tempest.lib.common.rest_client [req-6e409276-ca8e-4982-9735-311796b4d1a2 req-6e409276-ca8e-4982-9735-311796b4d1a2 ] Request (ServerTagsTestJSON:test_delete_all_tags): 200 GET http://10.180.1.21/compute/v2.1/servers/5367f64f-25f8-4cf2-bfb9-0da6f95ff248/tags 0.198s
2025-12-09 08:24:29.898 65797 INFO tempest.lib.common.rest_client [req-94de75d1-d438-47c2-a044-b4b090266912 req-94de75d1-d438-47c2-a044-b4b090266912 ] Request (MigrationsAdminTest:test_resize_server_revert_deleted_flavor): 200 GET http://10.180.1.21/compute/v2.1/servers/0be6a04f-9648-46de-95f0-db2cf56853c6 0.309s
2025-12-09 08:24:29.937 65795 INFO tempest.lib.common.rest_client [req-e5124dba-1e43-4bb6-93e5-83e25e46730b req-e5124dba-1e43-4bb6-93e5-83e25e46730b ] Request (ServersWithSpecificFlavorTestJSON:test_verify_created_server_ephemeral_disk): 200 GET http://10.180.1.21/compute/v2.1/servers/e9e5f653-fa23-42ab-b33b-99fc23db7b70 0.252s
2025-12-09 08:24:29.952 65805 INFO tempest.lib.common.rest_client [req-d139f32f-6f9d-42ea-b63e-19f6b7a2a4d7 req-d139f32f-6f9d-42ea-b63e-19f6b7a2a4d7 ] Request (ServerTagsTestJSON:_run_cleanups): 204 DELETE http://10.180.1.21/compute/v2.1/servers/5367f64f-25f8-4cf2-bfb9-0da6f95ff248/tags 0.123s
2025-12-09 08:24:30.033 65790 INFO tempest.lib.common.rest_client [req-8bcf8d93-0f4d-49cc-a1cb-90981c2cb67d req-8bcf8d93-0f4d-49cc-a1cb-90981c2cb67d ] Request (ServersAdminNegativeTestJSON:tearDownClass): 200 GET http://10.180.1.21/compute/v2.1/servers/b02a884b-5e09-460e-9c60-e97918d5222a 0.180s
2025-12-09 08:24:30.046 65803 INFO tempest.lib.common.rest_client [req-90e76973-8b69-4e65-b900-f6aa1858afbc req-90e76973-8b69-4e65-b900-f6aa1858afbc ] Request (ServersNegativeTestJSON:setUpClass): 200 GET http://10.180.1.21/compute/v2.1/servers/b5011e0f-1b53-420a-9601-aa3cbff9525b 0.127s
2025-12-09 08:24:30.126 65805 INFO tempest.lib.common.rest_client [req-8a5a85a4-3574-437a-8458-4ed272e4d091 req-8a5a85a4-3574-437a-8458-4ed272e4d091 ] Request (ServerTagsTestJSON:test_update_all_tags): 201 PUT http://10.180.1.21/compute/v2.1/servers/5367f64f-25f8-4cf2-bfb9-0da6f95ff248/tags/tempest-tag-2074513015 0.173s
2025-12-09 08:24:30.141 65781 INFO tempest.lib.common.rest_client [req-57fcf85f-2147-47c4-b798-2d4050206063 req-57fcf85f-2147-47c4-b798-2d4050206063 ] Request (AttachInterfacesUnderV243Test:_run_cleanups): 200 GET http://10.180.1.21/compute/v2.1/servers/004c7b8c-ad0f-4f70-a695-3f609b6a0be6 0.124s
2025-12-09 08:24:30.152 65785 INFO tempest.lib.common.rest_client [req-aef6e854-5502-4a37-943c-fc76b004152e req-aef6e854-5502-4a37-943c-fc76b004152e ] Request (FloatingIPsAssociationTestJSON:tearDownClass): 404 GET http://10.180.1.21/compute/v2.1/servers/41b491a9-0191-4cd6-99b8-613d24dc32a5 0.121s
2025-12-09 08:24:30.173 65807 INFO tempest.lib.common.rest_client [req-6d78e011-4c3e-4a5f-825c-a16965447ffa req-6d78e011-4c3e-4a5f-825c-a16965447ffa ] Request (AttachInterfacesV270Test:tearDownClass): 404 GET http://10.180.1.21/compute/v2.1/servers/807958f4-b72f-4114-a99a-ccdbf6103018 0.063s
2025-12-09 08:24:30.197 65769 INFO tempest.lib.common.rest_client [req-1a82e1cf-fcc3-4689-b6d2-ad561e94f999 req-1a82e1cf-fcc3-4689-b6d2-ad561e94f999 ] Request (ServerRescueTestJSON:setUpClass): 200 GET http://10.180.1.21/compute/v2.1/servers/3f9cace4-61b0-49e8-84a5-4c077cf316b8 0.107s
2025-12-09 08:24:30.244 65805 INFO tempest.lib.common.rest_client [req-0006082a-b356-4721-9469-73155e02c288 req-0006082a-b356-4721-9469-73155e02c288 ] Request (ServerTagsTestJSON:test_update_all_tags): 201 PUT http://10.180.1.21/compute/v2.1/servers/5367f64f-25f8-4cf2-bfb9-0da6f95ff248/tags/tempest-tag-480755927 0.117s
2025-12-09 08:24:30.251 65817 INFO tempest.lib.common.rest_client [req-8998042c-e0e0-4f51-9735-1d6316affdee req-8998042c-e0e0-4f51-9735-1d6316affdee ] Request (ServersAdminTestJSON:test_inject_network_info): 200 GET http://10.180.1.21/compute/v2.1/servers/c57610b4-37e8-4ac1-b1c3-0b6252bc70ae 0.111s
2025-12-09 08:24:30.354 65787 INFO tempest.lib.common.rest_client [req-ad37b43c-bcc3-429f-a6d2-31c7c9f9c4a4 req-ad37b43c-bcc3-429f-a6d2-31c7c9f9c4a4 ] Request (AttachInterfacesTestJSON:test_create_list_show_delete_interfaces_by_network_port): 200 GET http://10.180.1.21/compute/v2.1/servers/c296d8ac-c6d3-4116-9e32-ea2c2aba9a66 0.194s
2025-12-09 08:24:30.361 65787 INFO tempest.common.waiters [-] State transition "BUILD/None" ==> "BUILD/networking" after 21 second wait
2025-12-09 08:24:30.398 65805 INFO tempest.lib.common.rest_client [req-34528515-d3ee-4f4e-8fc4-6aa5569729aa req-34528515-d3ee-4f4e-8fc4-6aa5569729aa ] Request (ServerTagsTestJSON:test_update_all_tags): 200 PUT http://10.180.1.21/compute/v2.1/servers/5367f64f-25f8-4cf2-bfb9-0da6f95ff248/tags 0.153s
2025-12-09 08:24:30.467 65775 INFO tempest.lib.common.rest_client [req-e411892e-bd03-4655-96d9-7192c2d4711a req-e411892e-bd03-4655-96d9-7192c2d4711a ] Request (ServersTestBootFromVolume:setUpClass): 200 GET http://10.180.1.21/volume/v3/volumes/715227d1-afc0-4ad5-b6ba-13ce52077fc6 0.031s
2025-12-09 08:24:30.474 65775 INFO tempest.common.waiters [-] volume 715227d1-afc0-4ad5-b6ba-13ce52077fc6 reached available after waiting for 21.474103 seconds
2025-12-09 08:24:30.619 65785 INFO tempest.lib.common.rest_client [req-2c94dd14-fbda-41d1-9ebf-0dcc1877b34d req-2c94dd14-fbda-41d1-9ebf-0dcc1877b34d ] Request (FloatingIPsAssociationTestJSON:tearDownClass): 202 DELETE http://10.180.1.21/compute/v2.1/os-floating-ips/4c766c04-aefe-4cc2-876a-11281d363499 0.467s
2025-12-09 08:24:30.644 65783 INFO tempest.lib.common.rest_client [req-dd512aa8-a186-4067-837a-3f0c2497d28e req-dd512aa8-a186-4067-837a-3f0c2497d28e ] Request (ListImageFiltersTestJSON:setUpClass): 200 GET http://10.180.1.21/compute/v2.1/servers/e687971e-45a4-4a18-bb4b-0cba462d4fa8 0.384s
2025-12-09 08:24:30.826 65791 INFO tempest.lib.common.rest_client [req-6d7ac728-165c-467e-ac4c-3ef32fb73c06 req-6d7ac728-165c-467e-ac4c-3ef32fb73c06 ] Request (MultipleCreateTestJSON:test_multiple_create_with_reservation_return): 200 GET http://10.180.1.21/compute/v2.1/servers/62ea3ab1-5161-4194-9967-d76675b52bd8 0.536s
2025-12-09 08:24:30.843 65805 INFO tempest.lib.common.rest_client [req-c90ffb50-0f14-4575-81ee-9a077ceed9ec req-c90ffb50-0f14-4575-81ee-9a077ceed9ec ] Request (ServerTagsTestJSON:test_update_all_tags): 200 GET http://10.180.1.21/compute/v2.1/servers/5367f64f-25f8-4cf2-bfb9-0da6f95ff248/tags 0.443s
