2025-12-09 08:21:29.294 65809 INFO tempest.lib.common.dynamic_creds [-] Created isolated network resources for: credentials: Credentials: {'domain_id': 'default', 'domain_name': 'Default', 'username': 'tempest-FloatingIPsNegativeTestJSON-862966300-project-member', 'project_domain_id': 'default', 'project_domain_name': 'Default', 'project_id': '5bca7b5be29b4394a43049b45cc3c1e0', 'project_name': 'tempest-FloatingIPsNegativeTestJSON-862966300', 'tenant_id': '5bca7b5be29b4394a43049b45cc3c1e0', 'tenant_name': 'tempest-FloatingIPsNegativeTestJSON-862966300', 'user_domain_id': 'default', 'user_domain_name': 'Default', 'user_id': '8ebb1286d22b4e87a6275d6e5cd48843', 'system': None}, Network: {'id': 'adca6551-a76b-4636-ad5b-869054bcac28', 'name': 'tempest-FloatingIPsNegativeTestJSON-1678073921-network', 'tenant_id': '5bca7b5be29b4394a43049b45cc3c1e0', 'project_id': '5bca7b5be29b4394a43049b45cc3c1e0', 'admin_state_up': True, 'mtu': 8950, 'status': 'ACTIVE', 'subnets': [], 'shared': False, 'port_security_enabled': True, 'router:external': False, 'provider:network_type': 'vlan', 'provider:physical_network': 'default', 'provider:segmentation_id': 773, 'availability_zone_hints': [], 'availability_zones': [], 'ipv4_address_scope': None, 'ipv6_address_scope': None, 'description': '', 'tags': [], 'created_at': '2025-12-09T08:21:26Z', 'updated_at': '2025-12-09T08:21:26Z', 'revision_number': 1}, Subnet: {'id': 'b99c9fc5-0d78-4084-9c42-a3654dba7c1a', 'name': 'tempest-FloatingIPsNegativeTestJSON-1678073921-subnet', 'tenant_id': '5bca7b5be29b4394a43049b45cc3c1e0', 'network_id': 'adca6551-a76b-4636-ad5b-869054bcac28', 'ip_version': 4, 'subnetpool_id': None, 'enable_dhcp': True, 'ipv6_ra_mode': None, 'ipv6_address_mode': None, 'gateway_ip': '192.168.128.1', 'cidr': '192.168.128.0/28', 'allocation_pools': [{'start': '192.168.128.2', 'end': '192.168.128.14'}], 'host_routes': [], 'dns_nameservers': [], 'description': '', 'router:external': False, 'service_types': [], 'tags': [], 'created_at': '2025-12-09T08:21:27Z', 'updated_at': '2025-12-09T08:21:27Z', 'revision_number': 0, 'project_id': '5bca7b5be29b4394a43049b45cc3c1e0'}, Router: {'id': 'f9d99f31-b0fe-4514-9657-e834d9b5869b', 'name': 'tempest-FloatingIPsNegativeTestJSON-1678073921-router', 'tenant_id': '5bca7b5be29b4394a43049b45cc3c1e0', 'admin_state_up': True, 'status': 'ACTIVE', 'external_gateway_info': {'network_id': '4edc9de3-fd32-4c41-a23d-1cd6d75f908f', 'external_fixed_ips': [{'subnet_id': '055723b7-7f5a-45dd-9edf-33175f9a9de6', 'ip_address': '10.180.180.252'}], 'enable_snat': True}, 'description': '', 'availability_zones': [], 'distributed': False, 'ha': False, 'availability_zone_hints': [], 'routes': [], 'flavor_id': None, 'tags': [], 'created_at': '2025-12-09T08:21:27Z', 'updated_at': '2025-12-09T08:21:28Z', 'revision_number': 2, 'project_id': '5bca7b5be29b4394a43049b45cc3c1e0'}
2025-12-09 08:21:29.418 65809 INFO tempest.lib.common.rest_client [req-df569071-4819-41af-8dbf-6f301aec160e req-df569071-4819-41af-8dbf-6f301aec160e ] Request (FloatingIPsNegativeTestJSON:setUpClass): 201 POST http://10.180.1.21/identity/v3/auth/tokens 0.116s
2025-12-09 08:21:29.696 65769 INFO tempest.lib.common.rest_client [req-abd49004-d747-4322-99c2-2439b5cedd5b req-abd49004-d747-4322-99c2-2439b5cedd5b ] Request (VolumesAdminNegativeTest:setUpClass): 200 PUT http://10.180.1.21/networking/v2.0/routers/e1ad7a5b-2b9e-49e3-a73a-6efb18d385b5/add_router_interface 0.975s
2025-12-09 08:21:29.696 65769 INFO tempest.lib.common.dynamic_creds [-] Created isolated network resources for: credentials: Credentials: {'domain_id': 'default', 'domain_name': 'Default', 'username': 'tempest-VolumesAdminNegativeTest-733030396-project', 'project_domain_id': 'default', 'project_domain_name': 'Default', 'project_id': '261411b5a47a4477bf3e5f9c4a293c15', 'project_name': 'tempest-VolumesAdminNegativeTest-733030396', 'tenant_id': '261411b5a47a4477bf3e5f9c4a293c15', 'tenant_name': 'tempest-VolumesAdminNegativeTest-733030396', 'user_domain_id': 'default', 'user_domain_name': 'Default', 'user_id': '97e43dff233247df8ff47ad7f2da3d51', 'system': None}, Network: {'id': '815319eb-670c-4e1f-86b5-ec6fec175b0f', 'name': 'tempest-VolumesAdminNegativeTest-1188564520-network', 'tenant_id': '261411b5a47a4477bf3e5f9c4a293c15', 'project_id': '261411b5a47a4477bf3e5f9c4a293c15', 'admin_state_up': True, 'mtu': 8950, 'status': 'ACTIVE', 'subnets': [], 'shared': False, 'port_security_enabled': True, 'router:external': False, 'provider:network_type': 'vlan', 'provider:physical_network': 'default', 'provider:segmentation_id': 191, 'availability_zone_hints': [], 'availability_zones': [], 'ipv4_address_scope': None, 'ipv6_address_scope': None, 'description': '', 'tags': [], 'created_at': '2025-12-09T08:21:27Z', 'updated_at': '2025-12-09T08:21:27Z', 'revision_number': 1}, Subnet: {'id': '0ade84c4-7374-4818-aa73-29fe1f1e6b78', 'name': 'tempest-VolumesAdminNegativeTest-1188564520-subnet', 'tenant_id': '261411b5a47a4477bf3e5f9c4a293c15', 'network_id': '815319eb-670c-4e1f-86b5-ec6fec175b0f', 'ip_version': 4, 'subnetpool_id': None, 'enable_dhcp': True, 'ipv6_ra_mode': None, 'ipv6_address_mode': None, 'gateway_ip': '192.168.128.1', 'cidr': '192.168.128.0/28', 'allocation_pools': [{'start': '192.168.128.2', 'end': '192.168.128.14'}], 'host_routes': [], 'dns_nameservers': [], 'description': '', 'router:external': False, 'service_types': [], 'tags': [], 'created_at': '2025-12-09T08:21:27Z', 'updated_at': '2025-12-09T08:21:27Z', 'revision_number': 0, 'project_id': '261411b5a47a4477bf3e5f9c4a293c15'}, Router: {'id': 'e1ad7a5b-2b9e-49e3-a73a-6efb18d385b5', 'name': 'tempest-VolumesAdminNegativeTest-1188564520-router', 'tenant_id': '261411b5a47a4477bf3e5f9c4a293c15', 'admin_state_up': True, 'status': 'ACTIVE', 'external_gateway_info': {'network_id': '4edc9de3-fd32-4c41-a23d-1cd6d75f908f', 'external_fixed_ips': [{'subnet_id': '055723b7-7f5a-45dd-9edf-33175f9a9de6', 'ip_address': '10.180.180.203'}], 'enable_snat': True}, 'description': '', 'availability_zones': [], 'distributed': False, 'ha': False, 'availability_zone_hints': [], 'routes': [], 'flavor_id': None, 'tags': [], 'created_at': '2025-12-09T08:21:28Z', 'updated_at': '2025-12-09T08:21:28Z', 'revision_number': 2, 'project_id': '261411b5a47a4477bf3e5f9c4a293c15'}
2025-12-09 08:21:29.800 65769 INFO tempest.lib.common.rest_client [req-e73b8898-21c8-4d2c-8bbe-cf4317bd91a7 req-e73b8898-21c8-4d2c-8bbe-cf4317bd91a7 ] Request (VolumesAdminNegativeTest:setUpClass): 201 POST http://10.180.1.21/identity/v3/auth/tokens 0.099s
2025-12-09 08:21:29.868 65769 INFO tempest.lib.common.rest_client [req-603b7481-c2f2-489e-98aa-c8d84981891e req-603b7481-c2f2-489e-98aa-c8d84981891e ] Request (VolumesAdminNegativeTest:test_update_attached_volume_with_nonexistent_volume_in_uri): 201 POST http://10.180.1.21/identity/v3/auth/tokens 0.062s
2025-12-09 08:21:29.869 65769 INFO tempest.lib.common.fixed_network [-] (VolumesAdminNegativeTest:test_update_attached_volume_with_nonexistent_volume_in_uri) Found network {'id': '4ce3b043-4bde-498e-90a0-1536ca758dc5', 'name': 'tempest-VolumesAdminNegativeTest-505568795-network', 'tenant_id': '84475fe4edca456e84aba4abba1ca302', 'project_id': '84475fe4edca456e84aba4abba1ca302', 'admin_state_up': True, 'mtu': 8950, 'status': 'ACTIVE', 'subnets': [], 'shared': False, 'port_security_enabled': True, 'router:external': False, 'provider:network_type': 'vlan', 'provider:physical_network': 'default', 'provider:segmentation_id': 620, 'availability_zone_hints': [], 'availability_zones': [], 'ipv4_address_scope': None, 'ipv6_address_scope': None, 'description': '', 'tags': [], 'created_at': '2025-12-09T08:21:19Z', 'updated_at': '2025-12-09T08:21:19Z', 'revision_number': 1} available for tenant
2025-12-09 08:21:30.187 65815 INFO tempest.lib.common.rest_client [req-12d51f35-f028-4153-a904-d78db666839d req-12d51f35-f028-4153-a904-d78db666839d ] Request (VolumesAssistedSnapshotsTest:test_volume_assisted_snapshot_create_delete): 202 POST http://10.180.1.21/compute/v2.1/servers 12.213s
2025-12-09 08:21:30.292 65811 INFO tempest.lib.common.rest_client [req-f3e12d0a-5d41-4ecf-8106-44032ee58d55 req-f3e12d0a-5d41-4ecf-8106-44032ee58d55 ] Request (ServersListShow2100Test:test_list_show_rebuild_update_server_2100): 200 GET http://10.180.1.21/compute/v2.1/servers/e93cdf7d-0c1a-4abf-825d-00a578d44ed5 10.471s
2025-12-09 08:21:30.314 65811 INFO tempest.common.waiters [-] State transition "BUILD/spawning" ==> "ACTIVE/None" after 20 second wait
2025-12-09 08:21:31.127 65827 INFO tempest.lib.common.rest_client [req-1c8dedcb-05cb-46ca-a66c-6afcb0b7aa99 req-1c8dedcb-05cb-46ca-a66c-6afcb0b7aa99 ] Request (ServerRescueTestJSONUnderV235:setUpClass): 202 POST http://10.180.1.21/compute/v2.1/servers 11.231s
2025-12-09 08:21:31.306 65790 INFO tempest.lib.common.rest_client [req-e3a890d9-f76a-4db3-8728-a44f5a66e53f req-e3a890d9-f76a-4db3-8728-a44f5a66e53f ] Request (ServersAdminNegativeTestJSON:setUpClass): 200 GET http://10.180.1.21/compute/v2.1/servers/eeaf6ea7-fa4b-450b-9692-9e40c6305e2c 11.408s
2025-12-09 08:21:31.742 65801 INFO tempest.lib.common.rest_client [req-8b714606-b349-4633-bf83-937a036c3e5d req-8b714606-b349-4633-bf83-937a036c3e5d ] Request (FloatingIPsAssociationNegativeTestJSON:setUpClass): 202 POST http://10.180.1.21/compute/v2.1/servers 11.352s
2025-12-09 08:21:31.838 65793 INFO tempest.lib.common.rest_client [req-1d942616-1fc7-48a7-bd1d-9b1c7c4975fa req-1d942616-1fc7-48a7-bd1d-9b1c7c4975fa ] Request (SecurityGroupsTestAdminJSON:test_list_security_groups_list_all_tenants_filter): 200 GET http://10.180.1.21/compute/v2.1/os-security-groups?all_tenants=true 15.938s
2025-12-09 08:21:31.850 65777 INFO tempest.lib.common.rest_client [req-a9307dd0-7454-43d9-ad28-2d9ee1919d98 req-a9307dd0-7454-43d9-ad28-2d9ee1919d98 ] Request (HostsAdminNegativeTestJSON:test_show_host_detail_with_nonexistent_hostname): 404 GET http://10.180.1.21/compute/v2.1/os-hosts/nonexistent_hostname 9.222s
2025-12-09 08:21:31.864 65775 INFO tempest.lib.common.rest_client [req-a6706bb6-fd48-4c62-a051-550e1565266f req-a6706bb6-fd48-4c62-a051-550e1565266f ] Request (FlavorsAdminTestJSON:_run_cleanups): 202 DELETE http://10.180.1.21/compute/v2.1/flavors/1789883840 9.202s
2025-12-09 08:21:31.881 65805 INFO tempest.lib.common.rest_client [req-357acf5c-0bfa-4cac-bf8f-a217f9c8d23e req-357acf5c-0bfa-4cac-bf8f-a217f9c8d23e ] Request (FlavorsExtraSpecsNegativeTestJSON:test_flavor_non_admin_update_specific_key): 200 POST http://10.180.1.21/compute/v2.1/flavors/818739217/os-extra_specs 9.193s
2025-12-09 08:21:31.896 65779 INFO tempest.lib.common.rest_client [req-3ae9c204-8e1f-48b1-b4ad-9ac07702a663 req-3ae9c204-8e1f-48b1-b4ad-9ac07702a663 ] Request (FlavorsV261TestJSON:_run_cleanups): 202 DELETE http://10.180.1.21/compute/v2.1/flavors/1980880226 9.207s
2025-12-09 08:21:31.908 65767 INFO tempest.lib.common.rest_client [req-6e26da73-e3cf-4477-a258-907cfac320df req-6e26da73-e3cf-4477-a258-907cfac320df ] Request (FlavorsAccessNegativeTestJSON:_run_cleanups): 202 DELETE http://10.180.1.21/compute/v2.1/flavors/847829032 8.791s
2025-12-09 08:21:31.929 65795 INFO tempest.lib.common.rest_client [req-abeda303-c81d-406b-84b5-4a25f4072db2 req-abeda303-c81d-406b-84b5-4a25f4072db2 ] Request (ServersWithSpecificFlavorTestJSON:test_verify_created_server_ephemeral_disk): 200 POST http://10.180.1.21/compute/v2.1/flavors/663379830/os-extra_specs 8.801s
2025-12-09 08:21:32.050 65803 INFO tempest.lib.common.rest_client [req-51c11c90-b317-4aa6-9ba6-46ea007d1cdc req-51c11c90-b317-4aa6-9ba6-46ea007d1cdc ] Request (QuotaClassesAdminTestJSON:test_update_default_quotas): 200 GET http://10.180.1.21/compute/v2.1/os-quota-class-sets/default 8.747s
2025-12-09 08:21:32.177 65820 INFO tempest.lib.common.rest_client [req-e36e6f88-136b-44b7-b814-dd87c4630e7a req-e36e6f88-136b-44b7-b814-dd87c4630e7a ] Request (ServersNegativeTestMultiTenantJSON:setUpClass): 202 POST http://10.180.1.21/compute/v2.1/servers 11.222s
2025-12-09 08:21:32.183 65823 INFO tempest.lib.common.rest_client [req-7f87aa0f-7dcc-4810-8433-a9805682a4bc req-7f87aa0f-7dcc-4810-8433-a9805682a4bc ] Request (ImagesTestJSON:test_create_image_from_stopped_server): 200 GET http://10.180.1.21/compute/v2.1/servers/1c352f40-174f-42f1-b53f-81ca109158ef 8.553s
2025-12-09 08:21:32.265 65773 INFO tempest.lib.common.rest_client [req-cdc5e6a2-d116-407f-beb0-6980011aee94 req-cdc5e6a2-d116-407f-beb0-6980011aee94 ] Request (ServersTestFqdnHostnames:test_create_server_with_fqdn_name): 200 POST http://10.180.1.21/compute/v2.1/os-keypairs 7.751s
2025-12-09 08:21:32.398 65773 INFO tempest.lib.common.rest_client [req-9bb798d4-7bb1-4928-b1c1-d24ad06f3b7c req-9bb798d4-7bb1-4928-b1c1-d24ad06f3b7c ] Request (ServersTestFqdnHostnames:test_create_server_with_fqdn_name): 201 POST http://10.180.1.21/networking/v2.0/security-groups 0.131s
2025-12-09 08:21:32.427 65771 INFO tempest.lib.common.rest_client [req-b995afd1-90ca-42e4-8d9e-d29f6cc4c720 req-b995afd1-90ca-42e4-8d9e-d29f6cc4c720 ] Request (SecurityGroupsTestJSON:test_list_security_groups_by_server): 200 GET http://10.180.1.21/compute/v2.1/servers/1d97072d-5bc2-4ae7-89a6-118bac64181c 7.673s
2025-12-09 08:21:32.433 65785 INFO tempest.lib.common.rest_client [req-a002a55b-11f0-4bc5-9908-fe898bd5c3e7 req-a002a55b-11f0-4bc5-9908-fe898bd5c3e7 ] Request (ServersAdmin275Test:test_rebuild_update_server_275): 202 POST http://10.180.1.21/compute/v2.1/servers/28f51cf5-480c-4300-aa9b-a302ec00701f/action 7.976s
2025-12-09 08:21:32.440 65791 INFO tempest.lib.common.rest_client [req-c57e4ed0-4755-4db2-800c-e1ac10137e6f req-c57e4ed0-4755-4db2-800c-e1ac10137e6f ] Request (HypervisorAdminNegativeTestJSON:test_show_hypervisor_with_non_admin_user): 403 GET http://10.180.1.21/compute/v2.1/os-hypervisors/1 7.619s
2025-12-09 08:21:32.443 65765 INFO tempest.lib.common.rest_client [req-f7cf23e7-897f-465d-9f4f-93a4a89f1daa req-f7cf23e7-897f-465d-9f4f-93a4a89f1daa ] Request (FlavorsAccessTestJSON:_run_cleanups): 202 DELETE http://10.180.1.21/compute/v2.1/flavors/85014520 7.640s
2025-12-09 08:21:32.504 65773 INFO tempest.lib.common.rest_client [req-023c92a4-1b65-439c-9b54-305fe8a98327 req-023c92a4-1b65-439c-9b54-305fe8a98327 ] Request (ServersTestFqdnHostnames:test_create_server_with_fqdn_name): 201 POST http://10.180.1.21/networking/v2.0/security-group-rules 0.106s
2025-12-09 08:21:32.625 65813 INFO tempest.lib.common.rest_client [req-75d8e130-403e-4f7a-9044-e9a9f57c619d req-75d8e130-403e-4f7a-9044-e9a9f57c619d ] Request (ImagesNegativeTestJSON:test_create_image_from_deleted_server): 200 GET http://10.180.1.21/compute/v2.1/servers/9b844477-e0ae-4968-8837-573b03345673 6.677s
2025-12-09 08:21:32.638 65773 INFO tempest.lib.common.rest_client [req-335bece7-68f6-4f91-9730-ed9a04a62c21 req-335bece7-68f6-4f91-9730-ed9a04a62c21 ] Request (ServersTestFqdnHostnames:test_create_server_with_fqdn_name): 201 POST http://10.180.1.21/networking/v2.0/security-group-rules 0.133s
2025-12-09 08:21:32.842 65817 INFO tempest.lib.common.rest_client [req-4265d45a-b67a-4d7e-9c93-48f856fa2bb3 req-4265d45a-b67a-4d7e-9c93-48f856fa2bb3 ] Request (QuotasAdminNegativeTest:_run_cleanups): 200 PUT http://10.180.1.21/compute/v2.1/os-quota-sets/a3d37dc83a8d44e9ba3941aa695ac428 5.753s
2025-12-09 08:21:32.867 65797 INFO tempest.lib.common.rest_client [req-8050ad8d-35c6-4109-be6a-746a273bf57a req-8050ad8d-35c6-4109-be6a-746a273bf57a ] Request (KeyPairsV210TestJSON:_run_cleanups): 204 DELETE http://10.180.1.21/compute/v2.1/os-keypairs/tempest-keypair-721977252?user_id=0752ba117fa348cf851d5b57f6f4128b 4.765s
2025-12-09 08:21:32.903 65783 INFO tempest.lib.common.rest_client [req-1826ebc2-a0e6-41e9-8c36-30de9f87bb40 req-1826ebc2-a0e6-41e9-8c36-30de9f87bb40 ] Request (AggregatesAdminNegativeTestJSON:test_aggregate_add_host_as_user): 200 POST http://10.180.1.21/compute/v2.1/os-aggregates 4.766s
2025-12-09 08:21:32.934 65825 INFO tempest.lib.common.rest_client [req-ec0ea52e-96c7-4b61-9233-7b88165bb594 req-ec0ea52e-96c7-4b61-9233-7b88165bb594 ] Request (HostsAdminTestJSON:test_list_hosts_with_zone): 200 GET http://10.180.1.21/compute/v2.1/os-hosts 4.796s
2025-12-09 08:21:32.959 65821 INFO tempest.lib.common.rest_client [req-3444e2a2-83ed-41fa-a086-06e51818cba4 req-3444e2a2-83ed-41fa-a086-06e51818cba4 ] Request (FlavorsExtraSpecsTestJSON:test_flavor_non_admin_get_specific_key): 200 GET http://10.180.1.21/compute/v2.1/flavors/630927454/os-extra_specs/hw:numa_nodes 4.804s
2025-12-09 08:21:32.989 65781 INFO tempest.lib.common.rest_client [req-00251965-2c82-4246-969d-db93bd646567 req-00251965-2c82-4246-969d-db93bd646567 ] Request (FlavorsV255TestJSON:_run_cleanups): 200 GET http://10.180.1.21/compute/v2.1/flavors/detail 4.808s
2025-12-09 08:21:33.077 65787 INFO tempest.lib.common.rest_client [req-f8c608cc-6832-43b1-a04e-c8cc1ee45085 req-f8c608cc-6832-43b1-a04e-c8cc1ee45085 ] Request (AttachInterfacesTestJSON:test_create_list_show_delete_interfaces_by_fixed_ip): 202 POST http://10.180.1.21/compute/v2.1/servers 7.326s
2025-12-09 08:21:33.213 65809 INFO tempest.lib.common.rest_client [req-dc5b2189-5cea-4e10-a7e3-af2ea02de39e req-dc5b2189-5cea-4e10-a7e3-af2ea02de39e ] Request (FloatingIPsNegativeTestJSON:setUpClass): 200 GET http://10.180.1.21/compute/v2.1/os-floating-ips 3.792s
2025-12-09 08:21:33.214 65781 INFO tempest.lib.common.rest_client [req-3746915d-a17d-4c58-87ee-a991b6fa4df3 req-3746915d-a17d-4c58-87ee-a991b6fa4df3 ] Request (FlavorsV255TestJSON:tearDownClass): 204 DELETE http://10.180.1.21/identity/v3/users/2459453f3e724c6e8104448a76b466d2 0.211s
2025-12-09 08:21:33.273 65773 INFO tempest.lib.common.rest_client [req-0e77b87c-f760-4196-9b3b-fe8c1878ad16 req-0e77b87c-f760-4196-9b3b-fe8c1878ad16 ] Request (ServersTestFqdnHostnames:test_create_server_with_fqdn_name): 201 POST http://10.180.1.21/networking/v2.0/floatingips 0.634s
2025-12-09 08:21:33.328 65799 INFO tempest.lib.common.rest_client [req-222180c6-8a7a-48ff-9ec9-5cbb333242d5 req-222180c6-8a7a-48ff-9ec9-5cbb333242d5 ] Request (ServerDiagnosticsTest:test_get_server_diagnostics): 200 GET http://10.180.1.21/compute/v2.1/servers/c33d6bb6-9f00-4ab8-9d62-940776cb1b45 4.237s
2025-12-09 08:21:33.337 65799 INFO tempest.common.waiters [-] State transition "BUILD/spawning" ==> "ACTIVE/None" after 24 second wait
2025-12-09 08:21:33.368 65781 INFO tempest.lib.common.rest_client [req-ddab9a43-12a4-406f-88fa-b8dec8d3e630 req-ddab9a43-12a4-406f-88fa-b8dec8d3e630 ] Request (FlavorsV255TestJSON:tearDownClass): 204 DELETE http://10.180.1.21/identity/v3/users/976e41869669479dbe4a223fbb018917 0.153s
2025-12-09 08:21:33.368 65781 INFO tempest.lib.common.dynamic_creds [-] Deleting project and security group for project: cf82b88465024d14b52fb7e165066d93
2025-12-09 08:21:33.382 65773 INFO tempest.lib.common.rest_client [req-037a89dd-e53c-482c-a687-b8acdbcd1759 req-037a89dd-e53c-482c-a687-b8acdbcd1759 ] Request (ServersTestFqdnHostnames:test_create_server_with_fqdn_name): 201 POST http://10.180.1.21/identity/v3/auth/tokens 0.103s
2025-12-09 08:21:33.383 65773 INFO tempest.lib.common.fixed_network [-] (ServersTestFqdnHostnames:test_create_server_with_fqdn_name) Found network {'id': 'a7cc76be-3e43-4482-8bc0-e2a6e9e645f1', 'name': 'tempest-ServersTestFqdnHostnames-1383618585-network', 'tenant_id': '95fc3b4bdced4016a80b791e69ed4edc', 'project_id': '95fc3b4bdced4016a80b791e69ed4edc', 'admin_state_up': True, 'mtu': 8950, 'status': 'ACTIVE', 'subnets': [], 'shared': False, 'port_security_enabled': True, 'router:external': False, 'provider:network_type': 'vlan', 'provider:physical_network': 'default', 'provider:segmentation_id': 174, 'availability_zone_hints': [], 'availability_zones': [], 'ipv4_address_scope': None, 'ipv6_address_scope': None, 'description': '', 'tags': [], 'created_at': '2025-12-09T08:21:19Z', 'updated_at': '2025-12-09T08:21:19Z', 'revision_number': 1} available for tenant
2025-12-09 08:21:33.433 65807 INFO tempest.lib.common.rest_client [req-302d1f39-8213-4b26-b251-1a22f4919958 req-302d1f39-8213-4b26-b251-1a22f4919958 ] Request (ImagesOneServerTestJSON:setUpClass): 200 GET http://10.180.1.21/compute/v2.1/servers/e5b0540f-84db-4a40-9ceb-61eceb7182d7 3.621s
2025-12-09 08:21:33.441 65807 INFO tempest.common.waiters [-] State transition "BUILD/spawning" ==> "ACTIVE/None" after 24 second wait
2025-12-09 08:21:33.467 65781 INFO tempest.lib.common.rest_client [req-b1233473-3612-40d4-a600-d6a9edc67965 req-b1233473-3612-40d4-a600-d6a9edc67965 ] Request (FlavorsV255TestJSON:tearDownClass): 201 POST http://10.180.1.21/identity/v3/auth/tokens 0.098s
2025-12-09 08:21:33.512 65815 INFO tempest.lib.common.rest_client [req-1505f6d0-6992-4cd3-9b25-4eb48f68db34 req-1505f6d0-6992-4cd3-9b25-4eb48f68db34 ] Request (VolumesAssistedSnapshotsTest:test_volume_assisted_snapshot_create_delete): 200 GET http://10.180.1.21/compute/v2.1/servers/1aaef603-0426-445d-8612-6207d923b337 3.324s
2025-12-09 08:21:33.671 65781 INFO tempest.lib.common.rest_client [req-aa692120-3fe6-4e32-8964-6f1eb0884575 req-aa692120-3fe6-4e32-8964-6f1eb0884575 ] Request (FlavorsV255TestJSON:tearDownClass): 200 GET http://10.180.1.21/networking/v2.0/security-groups?tenant_id=cf82b88465024d14b52fb7e165066d93&name=default 0.204s
2025-12-09 08:21:33.750 65811 INFO tempest.lib.common.rest_client [req-30b2b151-772a-42f2-bfe1-8bfe34d312ff req-30b2b151-772a-42f2-bfe1-8bfe34d312ff ] Request (ServersListShow2100Test:test_list_show_rebuild_update_server_2100): 200 GET http://10.180.1.21/compute/v2.1/servers/detail 3.435s
2025-12-09 08:21:33.841 65781 INFO tempest.lib.common.rest_client [req-6275e466-7304-4e0d-87d4-af9d5601eab1 req-6275e466-7304-4e0d-87d4-af9d5601eab1 ] Request (FlavorsV255TestJSON:tearDownClass): 204 DELETE http://10.180.1.21/networking/v2.0/security-groups/34bea62f-ad87-40e8-a5a3-9146fa56137a 0.170s
2025-12-09 08:21:33.866 65827 INFO tempest.lib.common.rest_client [req-f3b441e8-cf45-4f06-aad8-3485f0693e3a req-f3b441e8-cf45-4f06-aad8-3485f0693e3a ] Request (ServerRescueTestJSONUnderV235:setUpClass): 200 GET http://10.180.1.21/compute/v2.1/servers/578c81a0-74b6-4f41-b2ed-1e48dd7e7764 2.736s
2025-12-09 08:21:33.937 65781 INFO tempest.lib.common.rest_client [req-00d2738c-6847-4501-b7ec-1f9cd0167084 req-00d2738c-6847-4501-b7ec-1f9cd0167084 ] Request (FlavorsV255TestJSON:tearDownClass): 204 DELETE http://10.180.1.21/identity/v3/projects/cf82b88465024d14b52fb7e165066d93 0.094s
2025-12-09 08:21:33.937 65781 INFO tempest.lib.common.dynamic_creds [-] Deleting project and security group for project: a56528dfd3dd489197d263db05530340
2025-12-09 08:21:33.938 65801 INFO tempest.lib.common.rest_client [req-600cca92-9e92-4338-bf06-60c13e86b78c req-600cca92-9e92-4338-bf06-60c13e86b78c ] Request (FloatingIPsAssociationNegativeTestJSON:setUpClass): 200 GET http://10.180.1.21/compute/v2.1/servers/6e7c7a3d-881f-491b-b205-2149941c8137 2.194s
2025-12-09 08:21:34.069 65769 INFO tempest.lib.common.rest_client [req-6c48c657-7a5e-490b-8e39-6e37d75b9324 req-6c48c657-7a5e-490b-8e39-6e37d75b9324 ] Request (VolumesAdminNegativeTest:test_update_attached_volume_with_nonexistent_volume_in_uri): 202 POST http://10.180.1.21/compute/v2.1/servers 4.199s
2025-12-09 08:21:34.072 65781 INFO tempest.lib.common.rest_client [req-eb88e4f4-4b6c-4bba-9ed3-d32f4030b98f req-eb88e4f4-4b6c-4bba-9ed3-d32f4030b98f ] Request (FlavorsV255TestJSON:tearDownClass): 200 GET http://10.180.1.21/networking/v2.0/security-groups?tenant_id=a56528dfd3dd489197d263db05530340&name=default 0.135s
2025-12-09 08:21:34.076 65777 INFO tempest.lib.common.rest_client [req-a32f4038-53e7-42a6-82a8-b075f68d016a req-a32f4038-53e7-42a6-82a8-b075f68d016a ] Request (HostsAdminNegativeTestJSON:test_shutdown_host_with_non_admin_user): 403 GET http://10.180.1.21/compute/v2.1/os-hosts/devstack/shutdown 2.223s
2025-12-09 08:21:34.100 65775 INFO tempest.lib.common.rest_client [req-3b745964-58ec-40c5-8b2d-e8e592aed5c1 req-3b745964-58ec-40c5-8b2d-e8e592aed5c1 ] Request (FlavorsAdminTestJSON:_run_cleanups): 200 GET http://10.180.1.21/compute/v2.1/flavors/detail 2.235s
2025-12-09 08:21:34.101 65793 INFO tempest.lib.common.rest_client [req-173efef7-d945-4f6d-b2a2-06d1cc1cd7d4 req-173efef7-d945-4f6d-b2a2-06d1cc1cd7d4 ] Request (SecurityGroupsTestAdminJSON:test_list_security_groups_list_all_tenants_filter): 200 GET http://10.180.1.21/compute/v2.1/os-security-groups?all_tenants=true 2.255s
2025-12-09 08:21:34.109 65805 INFO tempest.lib.common.rest_client [req-a641e962-1b4c-4464-aeab-79e26dedf73a req-a641e962-1b4c-4464-aeab-79e26dedf73a ] Request (FlavorsExtraSpecsNegativeTestJSON:test_flavor_non_admin_update_specific_key): 403 PUT http://10.180.1.21/compute/v2.1/flavors/818739217/os-extra_specs/hw:numa_nodes 2.227s
2025-12-09 08:21:34.134 65779 INFO tempest.lib.common.rest_client [req-5ec4dba8-82f9-4c68-a486-32c5a910b03e req-5ec4dba8-82f9-4c68-a486-32c5a910b03e ] Request (FlavorsV261TestJSON:_run_cleanups): 200 GET http://10.180.1.21/compute/v2.1/flavors/detail 2.238s
2025-12-09 08:21:34.135 65767 INFO tempest.lib.common.rest_client [req-db9182fb-e4d5-4050-9a3d-4fa95fe70a74 req-db9182fb-e4d5-4050-9a3d-4fa95fe70a74 ] Request (FlavorsAccessNegativeTestJSON:_run_cleanups): 200 GET http://10.180.1.21/compute/v2.1/flavors/detail 2.226s
2025-12-09 08:21:34.150 65795 INFO tempest.lib.common.rest_client [req-02591529-2eda-4674-9231-5c062a475db6 req-02591529-2eda-4674-9231-5c062a475db6 ] Request (ServersWithSpecificFlavorTestJSON:test_verify_created_server_ephemeral_disk): 200 POST http://10.180.1.21/compute/v2.1/flavors 2.220s
2025-12-09 08:21:34.182 65781 INFO tempest.lib.common.rest_client [req-d97c889e-5bc8-4ed2-b558-6b47104ea043 req-d97c889e-5bc8-4ed2-b558-6b47104ea043 ] Request (FlavorsV255TestJSON:tearDownClass): 204 DELETE http://10.180.1.21/networking/v2.0/security-groups/4a864cc0-7ffd-499d-a7a8-eb65a59cd100 0.109s
2025-12-09 08:21:34.211 65820 INFO tempest.lib.common.rest_client [req-239989fe-33b1-410e-a81f-d3025422691a req-239989fe-33b1-410e-a81f-d3025422691a ] Request (ServersNegativeTestMultiTenantJSON:setUpClass): 200 GET http://10.180.1.21/compute/v2.1/servers/0eade3d5-582f-47a9-b782-0e2f499b31cd 2.031s
2025-12-09 08:21:34.311 65779 INFO tempest.lib.common.rest_client [req-f007484f-40f7-4c9a-9b0c-07dc7a82bfc4 req-f007484f-40f7-4c9a-9b0c-07dc7a82bfc4 ] Request (FlavorsV261TestJSON:tearDownClass): 204 DELETE http://10.180.1.21/identity/v3/users/cdac1efa768c47e8b3bdfaa0cdf766b3 0.156s
2025-12-09 08:21:34.320 65781 INFO tempest.lib.common.rest_client [req-d2397997-3218-4b71-a320-d8e9bf7df15b req-d2397997-3218-4b71-a320-d8e9bf7df15b ] Request (FlavorsV255TestJSON:tearDownClass): 204 DELETE http://10.180.1.21/identity/v3/projects/a56528dfd3dd489197d263db05530340 0.138s
2025-12-09 08:21:34.322 65781 INFO tempest.test [-] raised in LiveMigrationManagerWorkflowTest.setUpClass. Invoking tearDownClass.
2025-12-09 08:21:34.348 65803 INFO tempest.lib.common.rest_client [req-b67aeda2-615e-4b94-b624-5828a8632b6f req-b67aeda2-615e-4b94-b624-5828a8632b6f ] Request (QuotaClassesAdminTestJSON:test_update_default_quotas): 200 PUT http://10.180.1.21/compute/v2.1/os-quota-class-sets/default 2.295s
2025-12-09 08:21:34.354 65791 INFO tempest.lib.common.rest_client [req-ec43ebd6-17b7-4d50-a6de-84d81410cb04 req-ec43ebd6-17b7-4d50-a6de-84d81410cb04 ] Request (HypervisorAdminNegativeTestJSON:test_show_nonexistent_hypervisor): 404 GET http://10.180.1.21/compute/v2.1/os-hypervisors/b6247978-74a0-41a1-9c52-875dd3a3e063 1.911s
2025-12-09 08:21:34.356 65790 INFO tempest.lib.common.rest_client [req-6088e4bb-4b94-4f25-85fa-e5b7fe910c7e req-6088e4bb-4b94-4f25-85fa-e5b7fe910c7e ] Request (ServersAdminNegativeTestJSON:setUpClass): 200 GET http://10.180.1.21/compute/v2.1/servers/eeaf6ea7-fa4b-450b-9692-9e40c6305e2c 2.039s
2025-12-09 08:21:34.380 65765 INFO tempest.lib.common.rest_client [req-d4158ecd-98ad-43e2-9438-044eb39db47b req-d4158ecd-98ad-43e2-9438-044eb39db47b ] Request (FlavorsAccessTestJSON:_run_cleanups): 200 GET http://10.180.1.21/compute/v2.1/flavors/detail 1.937s
2025-12-09 08:21:34.409 65781 INFO tempest.lib.common.rest_client [req-2824fd30-2e20-4cb4-94b7-7d3bb133bb5c req-2824fd30-2e20-4cb4-94b7-7d3bb133bb5c ] Request (AttachInterfacesUnderV243Test:setUpClass): 201 POST http://10.180.1.21/identity/v3/auth/tokens 0.082s
2025-12-09 08:21:34.445 65785 INFO tempest.lib.common.rest_client [req-7e3b5e3c-fa66-45eb-bdf8-ae526bba4621 req-7e3b5e3c-fa66-45eb-bdf8-ae526bba4621 ] Request (ServersAdmin275Test:test_rebuild_update_server_275): 200 GET http://10.180.1.21/compute/v2.1/servers/28f51cf5-480c-4300-aa9b-a302ec00701f 2.001s
2025-12-09 08:21:34.462 65797 INFO tempest.lib.common.rest_client [req-65feaf4f-b587-4d90-a3b9-db1b5ebdbd98 req-65feaf4f-b587-4d90-a3b9-db1b5ebdbd98 ] Request (KeyPairsV210TestJSON:_run_cleanups): 204 DELETE http://10.180.1.21/compute/v2.1/os-keypairs/tempest-keypair-1605910435?user_id=0752ba117fa348cf851d5b57f6f4128b 1.594s
2025-12-09 08:21:34.474 65779 INFO tempest.lib.common.rest_client [req-df43657b-a053-448a-82f2-1317eeb77827 req-df43657b-a053-448a-82f2-1317eeb77827 ] Request (FlavorsV261TestJSON:tearDownClass): 204 DELETE http://10.180.1.21/identity/v3/users/d0409f29920a427eb6841ea03861f939 0.162s
2025-12-09 08:21:34.474 65779 INFO tempest.lib.common.dynamic_creds [-] Deleting project and security group for project: 9bc37d00d17d4e36b44afbb85a2234f7
2025-12-09 08:21:34.477 65791 INFO tempest.lib.common.rest_client [req-c3197834-05c2-41ae-b499-3cc84c9c65ab req-c3197834-05c2-41ae-b499-3cc84c9c65ab ] Request (HypervisorAdminNegativeTestJSON:tearDownClass): 204 DELETE http://10.180.1.21/identity/v3/users/d41e82b9f4ae485ea3cbdb2bff1b065a 0.120s
2025-12-09 08:21:34.529 65781 INFO tempest.lib.common.rest_client [req-c0d0feb3-e0e5-4ba7-b95e-02bd125a8f2e req-c0d0feb3-e0e5-4ba7-b95e-02bd125a8f2e ] Request (AttachInterfacesUnderV243Test:setUpClass): 201 POST http://10.180.1.21/identity/v3/auth/tokens 0.116s
2025-12-09 08:21:34.574 65783 INFO tempest.lib.common.rest_client [req-e87ad632-e9ac-46ed-8b20-6dd290e0a5fa req-e87ad632-e9ac-46ed-8b20-6dd290e0a5fa ] Request (AggregatesAdminNegativeTestJSON:test_aggregate_add_host_as_user): 403 POST http://10.180.1.21/compute/v2.1/os-aggregates/2/action 1.669s
2025-12-09 08:21:34.598 65825 INFO tempest.lib.common.rest_client [req-2e8d8b86-91b9-4643-ae63-bc008489b237 req-2e8d8b86-91b9-4643-ae63-bc008489b237 ] Request (HostsAdminTestJSON:test_list_hosts_with_zone): 200 GET http://10.180.1.21/compute/v2.1/os-hosts?zone=internal 1.660s
2025-12-09 08:21:34.610 65797 INFO tempest.lib.common.rest_client [req-2c786aa7-00ba-4862-91df-2e0faab4de6f req-2c786aa7-00ba-4862-91df-2e0faab4de6f ] Request (KeyPairsV210TestJSON:tearDownClass): 204 DELETE http://10.180.1.21/identity/v3/users/0752ba117fa348cf851d5b57f6f4128b 0.142s
2025-12-09 08:21:34.625 65821 INFO tempest.lib.common.rest_client [req-beecf6c4-cffe-43c2-ac31-4b8a8daa887e req-beecf6c4-cffe-43c2-ac31-4b8a8daa887e ] Request (FlavorsExtraSpecsTestJSON:test_flavor_set_get_update_show_unset_keys): 200 POST http://10.180.1.21/compute/v2.1/flavors/630927454/os-extra_specs 1.663s
2025-12-09 08:21:34.625 65779 INFO tempest.lib.common.rest_client [req-2de7aad0-e8f7-41aa-b3d7-2e78d152eb74 req-2de7aad0-e8f7-41aa-b3d7-2e78d152eb74 ] Request (FlavorsV261TestJSON:tearDownClass): 201 POST http://10.180.1.21/identity/v3/auth/tokens 0.151s
2025-12-09 08:21:34.694 65787 INFO tempest.lib.common.rest_client [req-1e5fe678-0c44-4d17-a972-ec9b928946d5 req-1e5fe678-0c44-4d17-a972-ec9b928946d5 ] Request (AttachInterfacesTestJSON:test_create_list_show_delete_interfaces_by_fixed_ip): 200 GET http://10.180.1.21/compute/v2.1/servers/620e6e20-084a-4732-afbc-264655ecf508 1.614s
2025-12-09 08:21:34.746 65791 INFO tempest.lib.common.rest_client [req-565b3413-2430-4a46-bc37-578c52e6ce2f req-565b3413-2430-4a46-bc37-578c52e6ce2f ] Request (HypervisorAdminNegativeTestJSON:tearDownClass): 204 DELETE http://10.180.1.21/identity/v3/users/7351ea4c576a4e87b1b329aa5e942361 0.269s
2025-12-09 08:21:34.747 65791 INFO tempest.lib.common.dynamic_creds [-] Deleting project and security group for project: 446b45e7f03b4da4bc5eff0be91c5a87
2025-12-09 08:21:34.822 65817 INFO tempest.lib.common.rest_client [req-4fdade94-c32e-431d-88b7-3a5f64824654 req-4fdade94-c32e-431d-88b7-3a5f64824654 ] Request (QuotasAdminNegativeTest:test_create_server_when_memory_quota_is_full): 200 GET http://10.180.1.21/compute/v2.1/os-quota-sets/a3d37dc83a8d44e9ba3941aa695ac428 1.976s
2025-12-09 08:21:34.843 65781 INFO tempest.lib.common.rest_client [req-ad5f0de1-b2c5-47f4-b846-551c0731ca8b req-ad5f0de1-b2c5-47f4-b846-551c0731ca8b ] Request (AttachInterfacesUnderV243Test:setUpClass): 200 GET http://10.180.1.21/identity/v3/domains?name=Default 0.314s
2025-12-09 08:21:34.987 65797 INFO tempest.lib.common.rest_client [req-c2759c83-afc2-4119-a5e6-2a9df392c4c5 req-c2759c83-afc2-4119-a5e6-2a9df392c4c5 ] Request (KeyPairsV210TestJSON:tearDownClass): 204 DELETE http://10.180.1.21/identity/v3/users/dbde20544acd4aeab86e13f7c4ea596f 0.375s
2025-12-09 08:21:34.987 65797 INFO tempest.lib.common.dynamic_creds [-] Deleting project and security group for project: f47e877775724b318603e030e30c68ec
2025-12-09 08:21:35.006 65791 INFO tempest.lib.common.rest_client [req-d13ef4bb-b46f-4f7a-8db1-0413d5a67858 req-d13ef4bb-b46f-4f7a-8db1-0413d5a67858 ] Request (HypervisorAdminNegativeTestJSON:tearDownClass): 201 POST http://10.180.1.21/identity/v3/auth/tokens 0.259s
2025-12-09 08:21:35.031 65809 INFO tempest.lib.common.rest_client [req-ebbeccea-7cd5-4c9c-9c32-f4d478001ace req-ebbeccea-7cd5-4c9c-9c32-f4d478001ace ] Request (FloatingIPsNegativeTestJSON:test_allocate_floating_ip_from_nonexistent_pool): 404 POST http://10.180.1.21/compute/v2.1/os-floating-ips 1.811s
2025-12-09 08:21:35.032 65797 INFO tempest.lib.common.rest_client [req-5d7a7e43-b69a-4f80-a014-7a428d996d65 req-5d7a7e43-b69a-4f80-a014-7a428d996d65 ] Request (KeyPairsV210TestJSON:tearDownClass): 201 POST http://10.180.1.21/identity/v3/auth/tokens 0.044s
2025-12-09 08:21:35.058 65781 INFO tempest.lib.common.rest_client [req-3448d151-085e-4e71-9f5b-895d3301db7a req-3448d151-085e-4e71-9f5b-895d3301db7a ] Request (AttachInterfacesUnderV243Test:setUpClass): 201 POST http://10.180.1.21/identity/v3/projects 0.214s
2025-12-09 08:21:35.066 65779 INFO tempest.lib.common.rest_client [req-e8c269fe-75d6-4df0-8283-b7e786b3bce3 req-e8c269fe-75d6-4df0-8283-b7e786b3bce3 ] Request (FlavorsV261TestJSON:tearDownClass): 200 GET http://10.180.1.21/networking/v2.0/security-groups?tenant_id=9bc37d00d17d4e36b44afbb85a2234f7&name=default 0.440s
2025-12-09 08:21:35.101 65823 INFO tempest.lib.common.rest_client [req-07902d9e-e942-497e-9e33-1200d57e3b35 req-07902d9e-e942-497e-9e33-1200d57e3b35 ] Request (ImagesTestJSON:test_create_image_from_stopped_server): 200 GET http://10.180.1.21/compute/v2.1/servers/1c352f40-174f-42f1-b53f-81ca109158ef 1.909s
2025-12-09 08:21:35.111 65823 INFO tempest.common.waiters [-] State transition "BUILD/spawning" ==> "ACTIVE/None" after 24 second wait
2025-12-09 08:21:35.135 65781 INFO tempest.lib.common.rest_client [req-efaf31bb-b59b-4fe1-b24b-17f8f6f5915d req-efaf31bb-b59b-4fe1-b24b-17f8f6f5915d ] Request (AttachInterfacesUnderV243Test:setUpClass): 201 POST http://10.180.1.21/identity/v3/users 0.076s
2025-12-09 08:21:35.178 65781 INFO tempest.lib.common.rest_client [req-a20a43aa-14c9-4ce0-8d36-d7280c45b8c5 req-a20a43aa-14c9-4ce0-8d36-d7280c45b8c5 ] Request (AttachInterfacesUnderV243Test:setUpClass): 200 GET http://10.180.1.21/identity/v3/roles 0.042s
2025-12-09 08:21:35.209 65781 INFO tempest.lib.common.rest_client [req-577dbd45-2a3e-4f0c-a723-c6f35a39319a req-577dbd45-2a3e-4f0c-a723-c6f35a39319a ] Request (AttachInterfacesUnderV243Test:setUpClass): 204 PUT http://10.180.1.21/identity/v3/projects/0e3cc77bc7264ed5892c7433c5c04dcc/users/18e93fb3d8664ddfb60f84d86a32964b/roles/6185207536d441809aa43de388d1594e 0.030s
2025-12-09 08:21:35.209 65781 INFO tempest.lib.common.dynamic_creds [-] Dynamic test user 18e93fb3d8664ddfb60f84d86a32964b is created with scope project and roles: ['member']
2025-12-09 08:21:35.209 65781 INFO tempest.lib.common.dynamic_creds [-] Acquired dynamic creds: credentials: Credentials: {'domain_id': 'default', 'domain_name': 'Default', 'username': 'tempest-AttachInterfacesUnderV243Test-494057747-project-member', 'project_domain_id': 'default', 'project_domain_name': 'Default', 'project_id': '0e3cc77bc7264ed5892c7433c5c04dcc', 'project_name': 'tempest-AttachInterfacesUnderV243Test-494057747', 'tenant_id': '0e3cc77bc7264ed5892c7433c5c04dcc', 'tenant_name': 'tempest-AttachInterfacesUnderV243Test-494057747', 'user_domain_id': 'default', 'user_domain_name': 'Default', 'user_id': '18e93fb3d8664ddfb60f84d86a32964b', 'system': None}, Network: None, Subnet: None, Router: None
2025-12-09 08:21:35.279 65781 INFO tempest.lib.common.rest_client [req-b6521fd7-7e99-4da4-a38f-eb33a4dbf762 req-b6521fd7-7e99-4da4-a38f-eb33a4dbf762 ] Request (AttachInterfacesUnderV243Test:setUpClass): 201 POST http://10.180.1.21/identity/v3/auth/tokens 0.069s
2025-12-09 08:21:35.321 65791 INFO tempest.lib.common.rest_client [req-b607cb79-b128-46f1-a5ad-14d61faecda3 req-b607cb79-b128-46f1-a5ad-14d61faecda3 ] Request (HypervisorAdminNegativeTestJSON:tearDownClass): 200 GET http://10.180.1.21/networking/v2.0/security-groups?tenant_id=446b45e7f03b4da4bc5eff0be91c5a87&name=default 0.314s
2025-12-09 08:21:35.495 65779 INFO tempest.lib.common.rest_client [req-2a02cf92-8fd4-41ab-9797-d8da88b502e3 req-2a02cf92-8fd4-41ab-9797-d8da88b502e3 ] Request (FlavorsV261TestJSON:tearDownClass): 204 DELETE http://10.180.1.21/networking/v2.0/security-groups/5f0c24eb-1d77-405b-bda4-003638c7ce9a 0.428s
2025-12-09 08:21:35.546 65797 INFO tempest.lib.common.rest_client [req-48057d2f-bd5d-4bf5-9145-cc9ae8e4de4c req-48057d2f-bd5d-4bf5-9145-cc9ae8e4de4c ] Request (KeyPairsV210TestJSON:tearDownClass): 200 GET http://10.180.1.21/networking/v2.0/security-groups?tenant_id=f47e877775724b318603e030e30c68ec&name=default 0.513s
2025-12-09 08:21:35.564 65779 INFO tempest.lib.common.rest_client [req-482839a0-4751-42d6-8cd1-8c356b7044ea req-482839a0-4751-42d6-8cd1-8c356b7044ea ] Request (FlavorsV261TestJSON:tearDownClass): 204 DELETE http://10.180.1.21/identity/v3/projects/9bc37d00d17d4e36b44afbb85a2234f7 0.068s
2025-12-09 08:21:35.564 65779 INFO tempest.lib.common.dynamic_creds [-] Deleting project and security group for project: 6f5a258cca604ffc8aba87282e8cd3d7
2025-12-09 08:21:35.642 65791 INFO tempest.lib.common.rest_client [req-498665e2-7678-4d65-a29e-a7c25a5ccfa2 req-498665e2-7678-4d65-a29e-a7c25a5ccfa2 ] Request (HypervisorAdminNegativeTestJSON:tearDownClass): 204 DELETE http://10.180.1.21/networking/v2.0/security-groups/ea0df639-fa43-447e-9f91-5b9e528ceedd 0.321s
2025-12-09 08:21:35.723 65799 INFO tempest.lib.common.rest_client [req-aaef3aaf-9033-4557-859e-57f8d83a982d req-aaef3aaf-9033-4557-859e-57f8d83a982d ] Request (ServerDiagnosticsTest:test_get_server_diagnostics): 200 GET http://10.180.1.21/compute/v2.1/servers/c33d6bb6-9f00-4ab8-9d62-940776cb1b45/diagnostics 2.385s
2025-12-09 08:21:35.734 65791 INFO tempest.lib.common.rest_client [req-bfb0bd72-0b61-4543-b124-d4f7b17de1d4 req-bfb0bd72-0b61-4543-b124-d4f7b17de1d4 ] Request (HypervisorAdminNegativeTestJSON:tearDownClass): 204 DELETE http://10.180.1.21/identity/v3/projects/446b45e7f03b4da4bc5eff0be91c5a87 0.091s
2025-12-09 08:21:35.734 65791 INFO tempest.lib.common.dynamic_creds [-] Deleting project and security group for project: 3e2490ee377741a49bcd85de41c0cb92
2025-12-09 08:21:35.870 65781 INFO tempest.lib.common.rest_client [req-f5acb50b-0d3c-4e4e-8568-abae9b98dcc2 req-f5acb50b-0d3c-4e4e-8568-abae9b98dcc2 ] Request (AttachInterfacesUnderV243Test:setUpClass): 201 POST http://10.180.1.21/networking/v2.0/networks 0.591s
2025-12-09 08:21:35.971 65797 INFO tempest.lib.common.rest_client [req-97bb8458-bba1-4542-908a-cc74e25b8c54 req-97bb8458-bba1-4542-908a-cc74e25b8c54 ] Request (KeyPairsV210TestJSON:tearDownClass): 204 DELETE http://10.180.1.21/networking/v2.0/security-groups/04313744-c4e2-49bc-aad3-f354d0a90c87 0.425s
2025-12-09 08:21:36.095 65779 INFO tempest.lib.common.rest_client [req-572953f7-10e8-49c1-af1e-7ca1d95b0a44 req-572953f7-10e8-49c1-af1e-7ca1d95b0a44 ] Request (FlavorsV261TestJSON:tearDownClass): 200 GET http://10.180.1.21/networking/v2.0/security-groups?tenant_id=6f5a258cca604ffc8aba87282e8cd3d7&name=default 0.531s
2025-12-09 08:21:36.118 65797 INFO tempest.lib.common.rest_client [req-b81180b3-ad7f-42ec-9283-24af4dc8b6ba req-b81180b3-ad7f-42ec-9283-24af4dc8b6ba ] Request (KeyPairsV210TestJSON:tearDownClass): 204 DELETE http://10.180.1.21/identity/v3/projects/f47e877775724b318603e030e30c68ec 0.147s
2025-12-09 08:21:36.119 65797 INFO tempest.lib.common.dynamic_creds [-] Deleting project and security group for project: 50f2bc7d6a5e43cea861270385fa344b
2025-12-09 08:21:36.221 65791 INFO tempest.lib.common.rest_client [req-f25892bd-e6dd-4631-8520-e02d1b3debb1 req-f25892bd-e6dd-4631-8520-e02d1b3debb1 ] Request (HypervisorAdminNegativeTestJSON:tearDownClass): 200 GET http://10.180.1.21/networking/v2.0/security-groups?tenant_id=3e2490ee377741a49bcd85de41c0cb92&name=default 0.487s
2025-12-09 08:21:36.370 65781 INFO tempest.lib.common.rest_client [req-ffea7e67-7ebc-467c-8e25-fe690cc5dd54 req-ffea7e67-7ebc-467c-8e25-fe690cc5dd54 ] Request (AttachInterfacesUnderV243Test:setUpClass): 201 POST http://10.180.1.21/networking/v2.0/subnets 0.498s
2025-12-09 08:21:36.447 65779 INFO tempest.lib.common.rest_client [req-de00db54-0cf8-473f-9a9d-e7de604d492f req-de00db54-0cf8-473f-9a9d-e7de604d492f ] Request (FlavorsV261TestJSON:tearDownClass): 204 DELETE http://10.180.1.21/networking/v2.0/security-groups/3201f51e-fbf0-4381-839d-cd6fe1fec953 0.351s
2025-12-09 08:21:36.553 65797 INFO tempest.lib.common.rest_client [req-a9aac1a4-c144-4296-8c18-640acdb42050 req-a9aac1a4-c144-4296-8c18-640acdb42050 ] Request (KeyPairsV210TestJSON:tearDownClass): 200 GET http://10.180.1.21/networking/v2.0/security-groups?tenant_id=50f2bc7d6a5e43cea861270385fa344b&name=default 0.434s
2025-12-09 08:21:36.556 65779 INFO tempest.lib.common.rest_client [req-6f284c87-b83e-4ea1-a6f1-342b370403ce req-6f284c87-b83e-4ea1-a6f1-342b370403ce ] Request (FlavorsV261TestJSON:tearDownClass): 204 DELETE http://10.180.1.21/identity/v3/projects/6f5a258cca604ffc8aba87282e8cd3d7 0.109s
2025-12-09 08:21:36.616 65779 INFO tempest.lib.common.rest_client [req-7094d384-4c62-4044-95b9-4340f12c91c5 req-7094d384-4c62-4044-95b9-4340f12c91c5 ] Request (HypervisorAdminV253TestBase:setUpClass): 201 POST http://10.180.1.21/identity/v3/auth/tokens 0.058s
2025-12-09 08:21:36.646 65779 INFO tempest.lib.common.rest_client [req-aeed3a7c-bc67-4a40-b1f6-1302625d7e40 req-aeed3a7c-bc67-4a40-b1f6-1302625d7e40 ] Request (HypervisorAdminV253TestBase:setUpClass): 201 POST http://10.180.1.21/identity/v3/auth/tokens 0.027s
2025-12-09 08:21:36.650 65771 INFO tempest.lib.common.rest_client [req-3092bcd6-7fee-451d-a62d-12cf6c7ff5e5 req-3092bcd6-7fee-451d-a62d-12cf6c7ff5e5 ] Request (SecurityGroupsTestJSON:test_list_security_groups_by_server): 200 GET http://10.180.1.21/compute/v2.1/servers/1d97072d-5bc2-4ae7-89a6-118bac64181c 3.215s
2025-12-09 08:21:36.671 65779 INFO tempest.lib.common.rest_client [req-67c2a116-6b4b-424d-a4f8-d23cff818188 req-67c2a116-6b4b-424d-a4f8-d23cff818188 ] Request (HypervisorAdminV253TestBase:setUpClass): 200 GET http://10.180.1.21/identity/v3/domains?name=Default 0.024s
2025-12-09 08:21:36.697 65779 INFO tempest.lib.common.rest_client [req-b0c484b0-86f6-47ea-99bb-efcdc1aa023e req-b0c484b0-86f6-47ea-99bb-efcdc1aa023e ] Request (HypervisorAdminV253TestBase:setUpClass): 201 POST http://10.180.1.21/identity/v3/projects 0.026s
2025-12-09 08:21:36.710 65791 INFO tempest.lib.common.rest_client [req-13ac269c-0c25-4c06-9820-370f72e62e3c req-13ac269c-0c25-4c06-9820-370f72e62e3c ] Request (HypervisorAdminNegativeTestJSON:tearDownClass): 204 DELETE http://10.180.1.21/networking/v2.0/security-groups/6625cd32-ed20-4b63-abfd-d147e720a102 0.488s
2025-12-09 08:21:36.773 65779 INFO tempest.lib.common.rest_client [req-0976032d-8ae7-4dab-8d21-ae776ba98405 req-0976032d-8ae7-4dab-8d21-ae776ba98405 ] Request (HypervisorAdminV253TestBase:setUpClass): 201 POST http://10.180.1.21/identity/v3/users 0.075s
2025-12-09 08:21:36.796 65779 INFO tempest.lib.common.rest_client [req-a6cbe169-b524-4583-b198-9d2ee6bd5bbd req-a6cbe169-b524-4583-b198-9d2ee6bd5bbd ] Request (HypervisorAdminV253TestBase:setUpClass): 200 GET http://10.180.1.21/identity/v3/roles 0.023s
2025-12-09 08:21:36.827 65791 INFO tempest.lib.common.rest_client [req-847e7eb4-054e-47f4-97a7-4f0f2fdca06d req-847e7eb4-054e-47f4-97a7-4f0f2fdca06d ] Request (HypervisorAdminNegativeTestJSON:tearDownClass): 204 DELETE http://10.180.1.21/identity/v3/projects/3e2490ee377741a49bcd85de41c0cb92 0.116s
2025-12-09 08:21:36.895 65779 INFO tempest.lib.common.rest_client [req-142b60e5-eca0-4679-b6bb-9e7fa9e7aecf req-142b60e5-eca0-4679-b6bb-9e7fa9e7aecf ] Request (HypervisorAdminV253TestBase:setUpClass): 204 PUT http://10.180.1.21/identity/v3/projects/2dcf285707ee480cac17520bb0814e17/users/2eebb16005aa45a6b0ca3fd91008297d/roles/6185207536d441809aa43de388d1594e 0.098s
2025-12-09 08:21:36.895 65779 INFO tempest.lib.common.dynamic_creds [-] Dynamic test user 2eebb16005aa45a6b0ca3fd91008297d is created with scope project and roles: ['member']
2025-12-09 08:21:36.895 65779 INFO tempest.lib.common.dynamic_creds [-] Acquired dynamic creds: credentials: Credentials: {'domain_id': 'default', 'domain_name': 'Default', 'username': 'tempest-HypervisorAdminV253TestBase-1669674865-project-member', 'project_domain_id': 'default', 'project_domain_name': 'Default', 'project_id': '2dcf285707ee480cac17520bb0814e17', 'project_name': 'tempest-HypervisorAdminV253TestBase-1669674865', 'tenant_id': '2dcf285707ee480cac17520bb0814e17', 'tenant_name': 'tempest-HypervisorAdminV253TestBase-1669674865', 'user_domain_id': 'default', 'user_domain_name': 'Default', 'user_id': '2eebb16005aa45a6b0ca3fd91008297d', 'system': None}, Network: None, Subnet: None, Router: None
2025-12-09 08:21:36.895 65779 INFO tempest.lib.common.dynamic_creds [-] Created isolated network resources for: credentials: Credentials: {'domain_id': 'default', 'domain_name': 'Default', 'username': 'tempest-HypervisorAdminV253TestBase-1669674865-project-member', 'project_domain_id': 'default', 'project_domain_name': 'Default', 'project_id': '2dcf285707ee480cac17520bb0814e17', 'project_name': 'tempest-HypervisorAdminV253TestBase-1669674865', 'tenant_id': '2dcf285707ee480cac17520bb0814e17', 'tenant_name': 'tempest-HypervisorAdminV253TestBase-1669674865', 'user_domain_id': 'default', 'user_domain_name': 'Default', 'user_id': '2eebb16005aa45a6b0ca3fd91008297d', 'system': None}, Network: None, Subnet: None, Router: None
2025-12-09 08:21:36.944 65791 INFO tempest.lib.common.rest_client [req-4febb736-29cf-4f2f-bf75-400be5d0cd2b req-4febb736-29cf-4f2f-bf75-400be5d0cd2b ] Request (TenantUsagesTestJSON:setUpClass): 201 POST http://10.180.1.21/identity/v3/auth/tokens 0.116s
2025-12-09 08:21:36.997 65791 INFO tempest.lib.common.rest_client [req-96b1f2c8-e573-4662-ad51-0a81db7ab4cd req-96b1f2c8-e573-4662-ad51-0a81db7ab4cd ] Request (TenantUsagesTestJSON:setUpClass): 201 POST http://10.180.1.21/identity/v3/auth/tokens 0.048s
2025-12-09 08:21:37.020 65779 INFO tempest.lib.common.rest_client [req-8f06073a-090f-4056-bcc3-3eb146761303 req-8f06073a-090f-4056-bcc3-3eb146761303 ] Request (HypervisorAdminV253TestBase:setUpClass): 201 POST http://10.180.1.21/identity/v3/auth/tokens 0.121s
2025-12-09 08:21:37.047 65791 INFO tempest.lib.common.rest_client [req-e81cebde-773f-487c-bb2e-339ffd7ec79c req-e81cebde-773f-487c-bb2e-339ffd7ec79c ] Request (TenantUsagesTestJSON:setUpClass): 200 GET http://10.180.1.21/identity/v3/domains?name=Default 0.050s
2025-12-09 08:21:37.083 65779 INFO tempest.lib.common.rest_client [req-e67c942b-a805-4326-90c7-e1d607313c35 req-e67c942b-a805-4326-90c7-e1d607313c35 ] Request (HypervisorAdminV253TestBase:setUpClass): 201 POST http://10.180.1.21/identity/v3/projects 0.062s
2025-12-09 08:21:37.089 65791 INFO tempest.lib.common.rest_client [req-def5f488-2201-4087-af91-7c95f791b59a req-def5f488-2201-4087-af91-7c95f791b59a ] Request (TenantUsagesTestJSON:setUpClass): 201 POST http://10.180.1.21/identity/v3/projects 0.041s
2025-12-09 08:21:37.141 65779 INFO tempest.lib.common.rest_client [req-5f113f3e-df69-4669-bd37-c5dd70023072 req-5f113f3e-df69-4669-bd37-c5dd70023072 ] Request (HypervisorAdminV253TestBase:setUpClass): 201 POST http://10.180.1.21/identity/v3/users 0.058s
2025-12-09 08:21:37.162 65779 INFO tempest.lib.common.rest_client [req-6bb351e2-6a54-45a9-ae51-99b4196da5f3 req-6bb351e2-6a54-45a9-ae51-99b4196da5f3 ] Request (HypervisorAdminV253TestBase:setUpClass): 200 GET http://10.180.1.21/identity/v3/roles 0.020s
2025-12-09 08:21:37.171 65791 INFO tempest.lib.common.rest_client [req-24bee963-1756-4499-b553-fc26567338d3 req-24bee963-1756-4499-b553-fc26567338d3 ] Request (TenantUsagesTestJSON:setUpClass): 201 POST http://10.180.1.21/identity/v3/users 0.082s
2025-12-09 08:21:37.198 65779 INFO tempest.lib.common.rest_client [req-25d27d1a-fd3a-4576-b2df-3658836af2f4 req-25d27d1a-fd3a-4576-b2df-3658836af2f4 ] Request (HypervisorAdminV253TestBase:setUpClass): 204 PUT http://10.180.1.21/identity/v3/projects/cfb5301401cf40fd96ae8e37d9782163/users/8f304e0adb0e4a28bb3882a3eafa1e51/roles/a69919db2b63434bad6c934d6d670edc 0.036s
2025-12-09 08:21:37.203 65791 INFO tempest.lib.common.rest_client [req-c47b71a9-37b9-4ee4-86fd-ec634cce66ea req-c47b71a9-37b9-4ee4-86fd-ec634cce66ea ] Request (TenantUsagesTestJSON:setUpClass): 200 GET http://10.180.1.21/identity/v3/roles 0.031s
2025-12-09 08:21:37.257 65779 INFO tempest.lib.common.rest_client [req-47ffdee1-3d9c-400d-9103-c45adcd3817d req-47ffdee1-3d9c-400d-9103-c45adcd3817d ] Request (HypervisorAdminV253TestBase:setUpClass): 200 GET http://10.180.1.21/identity/v3/roles 0.058s
