2025-12-09 08:22:39.081 65795 INFO tempest.lib.common.rest_client [req-82ac6931-c426-4404-81d9-6b49ab4778f9 req-82ac6931-c426-4404-81d9-6b49ab4778f9 ] Request (ServersWithSpecificFlavorTestJSON:test_verify_created_server_ephemeral_disk): 200 GET http://10.180.1.21/compute/v2.1/servers/15c5af57-6269-4951-8279-d1ae41f9ae4b 5.676s
2025-12-09 08:22:39.090 65795 INFO tempest.lib.common.ssh [-] Creating ssh connection to '10.180.180.200:22' as 'cirros' with public key authentication
2025-12-09 08:22:39.163 65823 INFO tempest.lib.common.rest_client [req-6d8ebe97-f77f-4625-86fa-8757052c9f09 req-6d8ebe97-f77f-4625-86fa-8757052c9f09 ] Request (ImagesTestJSON:test_create_image_from_suspended_server): 200 GET http://10.180.1.21/compute/v2.1/servers/7a6422db-1651-47da-8b7b-04fff552b61e 5.245s
2025-12-09 08:22:39.170 65823 INFO tempest.common.waiters [-] State transition "BUILD/None" ==> "BUILD/networking" after 13 second wait
2025-12-09 08:22:39.174 65813 INFO tempest.lib.common.rest_client [req-bd5577cf-1929-4688-8f84-251fd4d028c9 req-bd5577cf-1929-4688-8f84-251fd4d028c9 ] Request (KeyPairsV22TestJSON:test_get_keypair_detail): 200 GET http://10.180.1.21/compute/v2.1/os-keypairs/tempest-keypair-1199429528 4.961s
2025-12-09 08:22:39.182 65783 INFO tempest.lib.common.rest_client [req-4d371af8-a77a-4898-b02c-42a16d974789 req-4d371af8-a77a-4898-b02c-42a16d974789 ] Request (AggregatesAdminNegativeTestJSON:test_aggregate_get_details_as_user): 403 GET http://10.180.1.21/compute/v2.1/os-aggregates/6 4.325s
2025-12-09 08:22:39.207 65775 INFO tempest.lib.common.rest_client [req-4e666786-5927-40f1-ba16-a3f8b3d0b19d req-4e666786-5927-40f1-ba16-a3f8b3d0b19d ] Request (FlavorsAdminTestJSON:test_create_server_with_non_public_flavor): 400 POST http://10.180.1.21/compute/v2.1/servers 4.325s
2025-12-09 08:22:39.227 65803 INFO tempest.lib.common.rest_client [req-fdf6edb9-14c3-4b5a-906b-732cf9a3288a req-fdf6edb9-14c3-4b5a-906b-732cf9a3288a ] Request (InstanceActionsV221TestJSON:test_get_list_deleted_instance_actions): 202 POST http://10.180.1.21/compute/v2.1/servers 5.992s
2025-12-09 08:22:39.359 65767 INFO tempest.lib.common.rest_client [req-34a338a0-8006-4fe8-926f-6fac9703f301 req-34a338a0-8006-4fe8-926f-6fac9703f301 ] Request (FlavorsAccessNegativeTestJSON:test_remove_flavor_access_not_found): 404 POST http://10.180.1.21/compute/v2.1/flavors/398998691/action 4.454s
2025-12-09 08:22:39.367 65769 INFO tempest.lib.common.rest_client [req-987a75d2-80ea-4fac-b13e-cf51c30acaf3 req-987a75d2-80ea-4fac-b13e-cf51c30acaf3 ] Request (VolumesAdminNegativeTest:tearDownClass): 204 DELETE http://10.180.1.21/networking/v2.0/routers/fe9333e2-87d8-4869-9d94-e7d8c429b49e 0.553s
2025-12-09 08:22:39.383 65817 INFO tempest.lib.common.rest_client [req-e657608d-90a6-41df-9aa7-76cfde8f2578 req-e657608d-90a6-41df-9aa7-76cfde8f2578 ] Request (ServerDiagnosticsNegativeTest:test_get_server_diagnostics_by_non_admin): 200 GET http://10.180.1.21/compute/v2.1/servers/0e785f8e-dd3d-4428-8de7-8a94ac859a79 4.481s
2025-12-09 08:22:39.392 65817 INFO tempest.common.waiters [-] State transition "BUILD/spawning" ==> "ACTIVE/None" after 31 second wait
2025-12-09 08:22:39.415 65807 INFO tempest.lib.common.rest_client [req-a7c128d2-b592-4b47-91e8-f20fb0a222f0 req-a7c128d2-b592-4b47-91e8-f20fb0a222f0 ] Request (ImagesOneServerTestJSON:test_create_image_specify_multibyte_character_image_name): 200 GET http://10.180.1.21/compute/v2.1/images/0be2af3f-b708-44ef-b1c9-0ecb42d95c8a 4.415s
2025-12-09 08:22:39.554 65771 INFO tempest.lib.common.rest_client [req-c9bedf3f-0191-447d-aa2d-654ae88ecf57 req-c9bedf3f-0191-447d-aa2d-654ae88ecf57 ] Request (SecurityGroupsTestJSON:test_security_groups_create_list_delete): 202 DELETE http://10.180.1.21/compute/v2.1/os-security-groups/322cc2ac-4868-4814-bd2a-2ff791a5ca65 4.502s
2025-12-09 08:22:39.560 65769 INFO tempest.lib.common.rest_client [req-13fad956-eb78-468e-842f-8a56eaa02710 req-13fad956-eb78-468e-842f-8a56eaa02710 ] Request (VolumesAdminNegativeTest:tearDownClass): 204 DELETE http://10.180.1.21/networking/v2.0/subnets/8d3c997e-0b9e-4192-bbdf-8682a839338f 0.192s
2025-12-09 08:22:39.647 65801 INFO tempest.lib.common.rest_client [req-2ccfeb8e-0595-4772-839c-4b99f67d0bfe req-2ccfeb8e-0595-4772-839c-4b99f67d0bfe ] Request (FloatingIPsAssociationNegativeTestJSON:test_dissociate_nonexistent_floating_ip): 404 POST http://10.180.1.21/compute/v2.1/servers/6e7c7a3d-881f-491b-b205-2149941c8137/action 4.337s
2025-12-09 08:22:40.000 65769 INFO tempest.lib.common.rest_client [req-fd9f0740-13e4-44dc-89c4-7890d173a3ca req-fd9f0740-13e4-44dc-89c4-7890d173a3ca ] Request (VolumesAdminNegativeTest:tearDownClass): 204 DELETE http://10.180.1.21/networking/v2.0/networks/35bc32a2-ee8b-4c83-a11b-1daf37001a03 0.440s
2025-12-09 08:22:40.048 65825 INFO tempest.lib.common.rest_client [req-81595a46-0c9e-4142-ac52-a5c1fbe65142 req-81595a46-0c9e-4142-ac52-a5c1fbe65142 ] Request (ServerAddressesNegativeTestJSON:setUpClass): 200 GET http://10.180.1.21/compute/v2.1/servers/79995694-c97f-4dec-9796-aa0051caf0bc 4.913s
2025-12-09 08:22:40.069 65820 INFO tempest.lib.common.rest_client [req-6088b9f9-9ecb-41ba-b4bc-95f5cb1167e3 req-6088b9f9-9ecb-41ba-b4bc-95f5cb1167e3 ] Request (ServersNegativeTestMultiTenantJSON:tearDownClass): 200 GET http://10.180.1.21/compute/v2.1/servers/0eade3d5-582f-47a9-b782-0e2f499b31cd 3.636s
2025-12-09 08:22:40.189 65809 INFO tempest.lib.common.rest_client [req-c4ba3041-e330-458c-806e-4a8dcd924242 req-c4ba3041-e330-458c-806e-4a8dcd924242 ] Request (ServerActionsTestOtherA:setUpClass): 200 POST http://10.180.1.21/compute/v2.1/os-keypairs 2.395s
2025-12-09 08:22:40.194 65790 INFO tempest.lib.common.rest_client [req-709df6d3-b579-4e51-bbb2-d7e3fb2d5ba4 req-709df6d3-b579-4e51-bbb2-d7e3fb2d5ba4 ] Request (ServersAdminNegativeTestJSON:test_reset_state_server_nonexistent_server): 404 POST http://10.180.1.21/compute/v2.1/servers/999/action 2.120s
2025-12-09 08:22:40.282 65799 INFO tempest.lib.common.rest_client [req-2dbafaab-3ca9-467c-a856-af2ee97417d7 req-2dbafaab-3ca9-467c-a856-af2ee97417d7 ] Request (SecurityGroupRulesTestJSON:test_security_group_rules_delete_when_peer_group_deleted): 200 POST http://10.180.1.21/compute/v2.1/os-security-groups 2.582s
2025-12-09 08:22:40.822 65769 INFO tempest.lib.common.rest_client [req-939ddbe2-db48-4416-b2c8-ae0c72884f36 req-939ddbe2-db48-4416-b2c8-ae0c72884f36 ] Request (VolumesAdminNegativeTest:tearDownClass): 200 PUT http://10.180.1.21/networking/v2.0/routers/e1ad7a5b-2b9e-49e3-a73a-6efb18d385b5/remove_router_interface 0.821s
2025-12-09 08:22:40.939 65809 INFO tempest.lib.common.rest_client [req-8cfdd076-2c48-446a-bda9-6731f90db582 req-8cfdd076-2c48-446a-bda9-6731f90db582 ] Request (ServerActionsTestOtherA:setUpClass): 201 POST http://10.180.1.21/networking/v2.0/security-groups 0.748s
2025-12-09 08:22:40.973 65781 WARNING tempest.lib.common.ssh [-] Failed to establish authenticated ssh connection to cirros@10.180.180.204 ([Errno None] Unable to connect to port 22 on 10.180.180.204). Number attempts: 2. Retry after 3 seconds.: paramiko.ssh_exception.NoValidConnectionsError: [Errno None] Unable to connect to port 22 on 10.180.180.204
2025-12-09 08:22:41.026 65787 INFO tempest.lib.common.rest_client [req-5e2b34e2-c058-4409-ae82-b110846374c6 req-5e2b34e2-c058-4409-ae82-b110846374c6 ] Request (AttachInterfacesTestJSON:test_create_list_show_delete_interfaces_by_fixed_ip): 200 GET http://10.180.1.21/compute/v2.1/servers/620e6e20-084a-4732-afbc-264655ecf508/os-interface 2.836s
2025-12-09 08:22:41.541 65769 INFO tempest.lib.common.rest_client [req-e15a2f3a-faa5-4f74-bfce-d073faab6ab1 req-e15a2f3a-faa5-4f74-bfce-d073faab6ab1 ] Request (VolumesAdminNegativeTest:tearDownClass): 204 DELETE http://10.180.1.21/networking/v2.0/routers/e1ad7a5b-2b9e-49e3-a73a-6efb18d385b5 0.719s
2025-12-09 08:22:41.632 65809 INFO tempest.lib.common.rest_client [req-e51a5596-b791-4de4-93e6-a73d71323f02 req-e51a5596-b791-4de4-93e6-a73d71323f02 ] Request (ServerActionsTestOtherA:setUpClass): 201 POST http://10.180.1.21/networking/v2.0/security-group-rules 0.693s
2025-12-09 08:22:41.671 65765 INFO tempest.lib.common.rest_client [req-1a193c15-213b-488d-a37d-a26c1668dd33 req-1a193c15-213b-488d-a37d-a26c1668dd33 ] Request (ServerExternalEventsTest:tearDownClass): 200 GET http://10.180.1.21/compute/v2.1/servers/f557881b-abbe-4be9-b40c-47f6f4975e5f 3.491s
2025-12-09 08:22:42.059 65809 INFO tempest.lib.common.rest_client [req-82664a69-bbf6-4677-ab00-31c5a5fa4c5a req-82664a69-bbf6-4677-ab00-31c5a5fa4c5a ] Request (ServerActionsTestOtherA:setUpClass): 201 POST http://10.180.1.21/networking/v2.0/security-group-rules 0.426s
2025-12-09 08:22:42.119 65769 INFO tempest.lib.common.rest_client [req-2fef82e3-4c9a-4899-be72-076e73a3fcb9 req-2fef82e3-4c9a-4899-be72-076e73a3fcb9 ] Request (VolumesAdminNegativeTest:tearDownClass): 204 DELETE http://10.180.1.21/networking/v2.0/subnets/0ade84c4-7374-4818-aa73-29fe1f1e6b78 0.577s
2025-12-09 08:22:42.166 65805 INFO tempest.lib.common.rest_client [req-5df62858-79b4-4616-9be5-8c58936b49ec req-5df62858-79b4-4616-9be5-8c58936b49ec ] Request (ServersTestJSON:setUpClass): 200 GET http://10.180.1.21/compute/v2.1/servers/7ed5bdd0-dff2-456e-a51c-58ea40f3d9bd 3.844s
2025-12-09 08:22:42.177 65805 INFO tempest.common.waiters [-] State transition "BUILD/spawning" ==> "ACTIVE/None" after 26 second wait
2025-12-09 08:22:42.188 65795 WARNING tempest.lib.common.ssh [-] Failed to establish authenticated ssh connection to cirros@10.180.180.200 ([Errno None] Unable to connect to port 22 on 10.180.180.200). Number attempts: 1. Retry after 2 seconds.: paramiko.ssh_exception.NoValidConnectionsError: [Errno None] Unable to connect to port 22 on 10.180.180.200
2025-12-09 08:22:42.391 65779 INFO tempest.lib.common.rest_client [req-54ec5f2d-60b5-4d4d-8a80-299a836c2040 req-54ec5f2d-60b5-4d4d-8a80-299a836c2040 ] Request (QuotasAdminTestJSON:_run_cleanups): 200 PUT http://10.180.1.21/compute/v2.1/os-quota-sets/96a6336b715d43539e3da9253aedf2e6 3.787s
2025-12-09 08:22:42.489 65769 INFO tempest.lib.common.rest_client [req-b8f7394c-b18c-447a-9644-50dc77cb13b7 req-b8f7394c-b18c-447a-9644-50dc77cb13b7 ] Request (VolumesAdminNegativeTest:tearDownClass): 204 DELETE http://10.180.1.21/networking/v2.0/networks/815319eb-670c-4e1f-86b5-ec6fec175b0f 0.370s
2025-12-09 08:22:42.492 65821 INFO tempest.lib.common.rest_client [req-92f76334-5a14-4252-86ce-1303407a9f60 req-92f76334-5a14-4252-86ce-1303407a9f60 ] Request (QuotasAdminTestV257:test_get_updated_quotas): 200 GET http://10.180.1.21/identity/v3/domains?name=Default 0.067s
2025-12-09 08:22:42.536 65779 INFO tempest.lib.common.rest_client [req-e92e1a47-fa0e-42b3-baf0-bcbfbe3811a4 req-e92e1a47-fa0e-42b3-baf0-bcbfbe3811a4 ] Request (QuotasAdminTestJSON:tearDownClass): 204 DELETE http://10.180.1.21/identity/v3/users/fdaeaa71c9ca4d059964480302c4ed6d 0.141s
2025-12-09 08:22:42.601 65769 INFO tempest.lib.common.rest_client [req-5a62e73d-c6e1-41ea-8246-ea76f6d1fab6 req-5a62e73d-c6e1-41ea-8246-ea76f6d1fab6 ] Request (VolumesAdminNegativeTest:tearDownClass): 204 DELETE http://10.180.1.21/identity/v3/users/c8794730fe664138b86a6b79db4021ab 0.110s
2025-12-09 08:22:42.615 65785 INFO tempest.lib.common.rest_client [req-be1cd0b3-b68f-4cc4-acef-358aa553c0f3 req-be1cd0b3-b68f-4cc4-acef-358aa553c0f3 ] Request (FloatingIPsAssociationTestJSON:setUpClass): 200 GET http://10.180.1.21/compute/v2.1/servers/38848c80-256b-43f6-9b1a-9c0eb88fec77 3.786s
2025-12-09 08:22:42.636 65809 INFO tempest.lib.common.rest_client [req-b120dc97-f730-42d7-aa84-1645352e1f42 req-b120dc97-f730-42d7-aa84-1645352e1f42 ] Request (ServerActionsTestOtherA:setUpClass): 201 POST http://10.180.1.21/networking/v2.0/floatingips 0.577s
2025-12-09 08:22:42.637 65821 INFO tempest.lib.common.rest_client [req-8362ecb5-1e1f-4b7e-ae81-e29528a04249 req-8362ecb5-1e1f-4b7e-ae81-e29528a04249 ] Request (QuotasAdminTestV257:test_get_updated_quotas): 201 POST http://10.180.1.21/identity/v3/projects 0.145s
2025-12-09 08:22:42.754 65769 INFO tempest.lib.common.rest_client [req-568a20d8-d95b-4cf6-b237-1365043a9370 req-568a20d8-d95b-4cf6-b237-1365043a9370 ] Request (VolumesAdminNegativeTest:tearDownClass): 204 DELETE http://10.180.1.21/identity/v3/users/e029861e86244957901962fd2f720c7b 0.152s
2025-12-09 08:22:42.754 65779 INFO tempest.lib.common.rest_client [req-f50a8375-0ff3-420a-8192-e50f63eab0bc req-f50a8375-0ff3-420a-8192-e50f63eab0bc ] Request (QuotasAdminTestJSON:tearDownClass): 204 DELETE http://10.180.1.21/identity/v3/users/2880ec665172439592a00c327866671f 0.217s
2025-12-09 08:22:42.754 65779 INFO tempest.lib.common.dynamic_creds [-] Deleting project and security group for project: f1dd18e2255e48e098fbb8a0d97dd7a6
2025-12-09 08:22:42.816 65809 INFO tempest.lib.common.rest_client [req-a7bd25d1-cdaa-4b3d-8813-5648aa19a746 req-a7bd25d1-cdaa-4b3d-8813-5648aa19a746 ] Request (ServerActionsTestOtherA:setUpClass): 201 POST http://10.180.1.21/identity/v3/auth/tokens 0.174s
2025-12-09 08:22:42.817 65809 INFO tempest.lib.common.fixed_network [-] (ServerActionsTestOtherA:setUpClass) Found network {'id': 'f740d55c-d1d4-4c8f-bca2-8e455282eb67', 'name': 'tempest-ServerActionsTestOtherA-1547100824-network', 'tenant_id': '535b965512e042b38cb72214f0203fb1', 'project_id': '535b965512e042b38cb72214f0203fb1', 'admin_state_up': True, 'mtu': 8950, 'status': 'ACTIVE', 'subnets': [], 'shared': False, 'port_security_enabled': True, 'router:external': False, 'provider:network_type': 'vlan', 'provider:physical_network': 'default', 'provider:segmentation_id': 733, 'availability_zone_hints': [], 'availability_zones': [], 'ipv4_address_scope': None, 'ipv6_address_scope': None, 'description': '', 'tags': [], 'created_at': '2025-12-09T08:22:35Z', 'updated_at': '2025-12-09T08:22:35Z', 'revision_number': 1} available for tenant
2025-12-09 08:22:42.871 65821 INFO tempest.lib.common.rest_client [req-6c61770c-cfbb-4a85-aee3-664ba7086ec7 req-6c61770c-cfbb-4a85-aee3-664ba7086ec7 ] Request (QuotasAdminTestV257:test_get_updated_quotas): 200 GET http://10.180.1.21/identity/v3/domains?name=Default 0.233s
2025-12-09 08:22:42.903 65779 INFO tempest.lib.common.rest_client [req-305ca30a-ba9c-4ac5-a510-65a3b5c1568b req-305ca30a-ba9c-4ac5-a510-65a3b5c1568b ] Request (QuotasAdminTestJSON:tearDownClass): 201 POST http://10.180.1.21/identity/v3/auth/tokens 0.148s
2025-12-09 08:22:42.949 65827 INFO tempest.lib.common.rest_client [req-3ee3c21d-5d09-4ffe-85ac-e61905be30b1 req-3ee3c21d-5d09-4ffe-85ac-e61905be30b1 ] Request (ServerRescueTestJSONUnderV235:_run_cleanups): 202 DELETE http://10.180.1.21/compute/v2.1/os-floating-ips/4924051c-05ae-442b-9644-dacfad444282 4.561s
2025-12-09 08:22:42.979 65769 INFO tempest.lib.common.rest_client [req-8cc4377c-617d-4fc6-bfed-d175a01720bb req-8cc4377c-617d-4fc6-bfed-d175a01720bb ] Request (VolumesAdminNegativeTest:tearDownClass): 204 DELETE http://10.180.1.21/identity/v3/users/97e43dff233247df8ff47ad7f2da3d51 0.224s
2025-12-09 08:22:42.979 65769 INFO tempest.lib.common.dynamic_creds [-] Deleting project and security group for project: da9d23b6bfb84955ba94034dc0228b03
2025-12-09 08:22:43.033 65769 INFO tempest.lib.common.rest_client [req-74d22afa-cebc-49aa-920e-409770b41363 req-74d22afa-cebc-49aa-920e-409770b41363 ] Request (VolumesAdminNegativeTest:tearDownClass): 200 GET http://10.180.1.21/networking/v2.0/security-groups?tenant_id=da9d23b6bfb84955ba94034dc0228b03&name=default 0.053s
2025-12-09 08:22:43.151 65779 INFO tempest.lib.common.rest_client [req-1a80a9b5-1266-42d6-92e6-d1aeeb3200e2 req-1a80a9b5-1266-42d6-92e6-d1aeeb3200e2 ] Request (QuotasAdminTestJSON:tearDownClass): 200 GET http://10.180.1.21/networking/v2.0/security-groups?tenant_id=f1dd18e2255e48e098fbb8a0d97dd7a6&name=default 0.248s
2025-12-09 08:22:43.158 65793 INFO tempest.lib.common.rest_client [req-5c9389ce-21aa-4f38-8445-36774d651d43 req-5c9389ce-21aa-4f38-8445-36774d651d43 ] Request (ServerDiagnosticsV248Test:test_get_server_diagnostics): 200 GET http://10.180.1.21/compute/v2.1/servers/c0c25e4d-b3dd-412e-aa9b-a8e447f51eb8/diagnostics 4.166s
2025-12-09 08:22:43.175 65813 INFO tempest.lib.common.rest_client [req-1f48398a-cdc3-43e5-9726-1a38f7115347 req-1f48398a-cdc3-43e5-9726-1a38f7115347 ] Request (KeyPairsV22TestJSON:_run_cleanups): 204 DELETE http://10.180.1.21/compute/v2.1/os-keypairs/tempest-keypair-1199429528 3.998s
2025-12-09 08:22:43.193 65783 INFO tempest.lib.common.rest_client [req-d10ebcf2-a938-4a7c-b9ed-c8296f11a7e8 req-d10ebcf2-a938-4a7c-b9ed-c8296f11a7e8 ] Request (AggregatesAdminNegativeTestJSON:_run_cleanups): 200 DELETE http://10.180.1.21/compute/v2.1/os-aggregates/6 4.011s
2025-12-09 08:22:43.212 65775 INFO tempest.lib.common.rest_client [req-8b697770-0fb8-42db-a3eb-c3c48f21a15c req-8b697770-0fb8-42db-a3eb-c3c48f21a15c ] Request (FlavorsAdminTestJSON:_run_cleanups): 202 DELETE http://10.180.1.21/compute/v2.1/flavors/1198615607 4.004s
2025-12-09 08:22:43.230 65797 INFO tempest.lib.common.rest_client [req-cc266a46-9a18-40cf-8f4c-1eecdbf01828 req-cc266a46-9a18-40cf-8f4c-1eecdbf01828 ] Request (MigrationsAdminTest:test_list_migrations_in_flavor_resize_situation): 200 GET http://10.180.1.21/compute/v2.1/servers/1fa745bf-8ac4-451d-8b1e-de1a0510afe2 4.152s
2025-12-09 08:22:43.239 65797 INFO tempest.common.waiters [-] State transition "RESIZE/resize_prep" ==> "RESIZE/resize_migrating" after 17 second wait
2025-12-09 08:22:43.243 65769 INFO tempest.lib.common.rest_client [req-2b454c12-e9b7-4b27-b1da-f754f0ae9f30 req-2b454c12-e9b7-4b27-b1da-f754f0ae9f30 ] Request (VolumesAdminNegativeTest:tearDownClass): 204 DELETE http://10.180.1.21/networking/v2.0/security-groups/78922c4a-6393-4b37-b55e-7e29d173c059 0.210s
2025-12-09 08:22:43.298 65779 INFO tempest.lib.common.rest_client [req-ba67d772-3b86-4f81-904f-56fb9bd1b240 req-ba67d772-3b86-4f81-904f-56fb9bd1b240 ] Request (QuotasAdminTestJSON:tearDownClass): 204 DELETE http://10.180.1.21/networking/v2.0/security-groups/0a76c72d-ffbf-42a8-abbb-aafc57b5fbd8 0.146s
2025-12-09 08:22:43.306 65803 INFO tempest.lib.common.rest_client [req-b9ad1348-11b7-453a-80f2-ff6239358456 req-b9ad1348-11b7-453a-80f2-ff6239358456 ] Request (InstanceActionsV221TestJSON:test_get_list_deleted_instance_actions): 200 GET http://10.180.1.21/compute/v2.1/servers/f19159a8-09db-4cbe-98e8-a6e81c0cd713 4.077s
2025-12-09 08:22:43.326 65791 INFO tempest.lib.common.rest_client [req-988df490-333b-4a65-805f-035d59fc050a req-988df490-333b-4a65-805f-035d59fc050a ] Request (TenantUsagesTestJSON:tearDownClass): 200 GET http://10.180.1.21/compute/v2.1/servers/b5c62583-da50-4ede-ad80-59886d7c98c0 3.984s
2025-12-09 08:22:43.326 65767 INFO tempest.lib.common.rest_client [req-05e2c0da-8ce1-453a-830c-3f63a91af99d req-05e2c0da-8ce1-453a-830c-3f63a91af99d ] Request (FlavorsAccessNegativeTestJSON:_run_cleanups): 202 DELETE http://10.180.1.21/compute/v2.1/flavors/398998691 3.966s
2025-12-09 08:22:43.368 65817 INFO tempest.lib.common.rest_client [req-8771d64d-8fc5-4cf5-9a36-442851a82ca8 req-8771d64d-8fc5-4cf5-9a36-442851a82ca8 ] Request (ServerDiagnosticsNegativeTest:test_get_server_diagnostics_by_non_admin): 403 GET http://10.180.1.21/compute/v2.1/servers/0e785f8e-dd3d-4428-8de7-8a94ac859a79/diagnostics 3.975s
2025-12-09 08:22:43.386 65807 INFO tempest.lib.common.rest_client [req-3bf93cc1-f12c-4ab2-b01f-d5ebee224577 req-3bf93cc1-f12c-4ab2-b01f-d5ebee224577 ] Request (ImagesOneServerTestJSON:test_create_image_specify_multibyte_character_image_name): 200 GET http://10.180.1.21/compute/v2.1/images/0be2af3f-b708-44ef-b1c9-0ecb42d95c8a 3.963s
2025-12-09 08:22:43.388 65771 INFO tempest.lib.common.rest_client [req-1789a417-e438-4152-b785-bc592869f9c8 req-1789a417-e438-4152-b785-bc592869f9c8 ] Request (SecurityGroupsTestJSON:test_security_groups_create_list_delete): 404 GET http://10.180.1.21/compute/v2.1/os-security-groups/322cc2ac-4868-4814-bd2a-2ff791a5ca65 3.834s
2025-12-09 08:22:43.392 65769 INFO tempest.lib.common.rest_client [req-05c3a4f6-05fd-4419-846c-148cc23f376a req-05c3a4f6-05fd-4419-846c-148cc23f376a ] Request (VolumesAdminNegativeTest:tearDownClass): 204 DELETE http://10.180.1.21/identity/v3/projects/da9d23b6bfb84955ba94034dc0228b03 0.149s
2025-12-09 08:22:43.392 65769 INFO tempest.lib.common.dynamic_creds [-] Deleting project and security group for project: 261411b5a47a4477bf3e5f9c4a293c15
2025-12-09 08:22:43.407 65779 INFO tempest.lib.common.rest_client [req-ad788f8e-f2ab-41fb-bba3-aee41697439b req-ad788f8e-f2ab-41fb-bba3-aee41697439b ] Request (QuotasAdminTestJSON:tearDownClass): 204 DELETE http://10.180.1.21/identity/v3/projects/f1dd18e2255e48e098fbb8a0d97dd7a6 0.109s
2025-12-09 08:22:43.408 65779 INFO tempest.lib.common.dynamic_creds [-] Deleting project and security group for project: 96a6336b715d43539e3da9253aedf2e6
2025-12-09 08:22:43.465 65769 INFO tempest.lib.common.rest_client [req-504e1e23-82d7-4b9d-9767-c6f411b6ac5f req-504e1e23-82d7-4b9d-9767-c6f411b6ac5f ] Request (VolumesAdminNegativeTest:tearDownClass): 200 GET http://10.180.1.21/networking/v2.0/security-groups?tenant_id=261411b5a47a4477bf3e5f9c4a293c15&name=default 0.072s
2025-12-09 08:22:43.539 65801 INFO tempest.lib.common.rest_client [req-90451b93-d170-425b-b634-95bb0ec90eee req-90451b93-d170-425b-b634-95bb0ec90eee ] Request (FloatingIPsAssociationNegativeTestJSON:tearDownClass): 204 DELETE http://10.180.1.21/compute/v2.1/servers/6e7c7a3d-881f-491b-b205-2149941c8137 3.889s
2025-12-09 08:22:43.564 65779 INFO tempest.lib.common.rest_client [req-74fca0a4-e6a4-443b-bafb-9ab54038c933 req-74fca0a4-e6a4-443b-bafb-9ab54038c933 ] Request (QuotasAdminTestJSON:tearDownClass): 200 GET http://10.180.1.21/networking/v2.0/security-groups?tenant_id=96a6336b715d43539e3da9253aedf2e6&name=default 0.156s
2025-12-09 08:22:43.612 65823 INFO tempest.lib.common.rest_client [req-1c3a62b4-b5d2-49fc-9c94-79523666186b req-1c3a62b4-b5d2-49fc-9c94-79523666186b ] Request (ImagesTestJSON:test_create_image_from_suspended_server): 200 GET http://10.180.1.21/compute/v2.1/servers/7a6422db-1651-47da-8b7b-04fff552b61e 3.436s
2025-12-09 08:22:43.620 65823 INFO tempest.common.waiters [-] State transition "BUILD/networking" ==> "BUILD/spawning" after 17 second wait
2025-12-09 08:22:43.661 65769 INFO tempest.lib.common.rest_client [req-84b2ce9a-513e-44b8-90b2-c37ad3abbe56 req-84b2ce9a-513e-44b8-90b2-c37ad3abbe56 ] Request (VolumesAdminNegativeTest:tearDownClass): 204 DELETE http://10.180.1.21/networking/v2.0/security-groups/fa93e384-e5c7-4268-bde7-db5ac38e0731 0.186s
2025-12-09 08:22:43.687 65779 INFO tempest.lib.common.rest_client [req-2f7920f8-241d-46ca-b065-745660b66e78 req-2f7920f8-241d-46ca-b065-745660b66e78 ] Request (QuotasAdminTestJSON:tearDownClass): 204 DELETE http://10.180.1.21/networking/v2.0/security-groups/56b397f3-0f1b-462f-9935-e3673139abc0 0.121s
2025-12-09 08:22:43.724 65787 INFO tempest.lib.common.rest_client [req-94bac01a-2426-4afc-ad39-23503274d2ba req-94bac01a-2426-4afc-ad39-23503274d2ba ] Request (AttachInterfacesTestJSON:test_create_list_show_delete_interfaces_by_fixed_ip): 200 GET http://10.180.1.21/compute/v2.1/servers/620e6e20-084a-4732-afbc-264655ecf508/os-interface/573f5134-af09-4eaf-909a-3bfffdb11dde 2.695s
2025-12-09 08:22:43.781 65779 INFO tempest.lib.common.rest_client [req-e21986e6-4ad2-41bc-b62b-3e02a44baa88 req-e21986e6-4ad2-41bc-b62b-3e02a44baa88 ] Request (QuotasAdminTestJSON:tearDownClass): 204 DELETE http://10.180.1.21/identity/v3/projects/96a6336b715d43539e3da9253aedf2e6 0.094s
2025-12-09 08:22:43.819 65769 INFO tempest.lib.common.rest_client [req-3968277c-14a3-4df8-8ae9-be933dc56953 req-3968277c-14a3-4df8-8ae9-be933dc56953 ] Request (VolumesAdminNegativeTest:tearDownClass): 204 DELETE http://10.180.1.21/identity/v3/projects/261411b5a47a4477bf3e5f9c4a293c15 0.158s
2025-12-09 08:22:43.820 65769 INFO tempest.lib.common.dynamic_creds [-] Deleting project and security group for project: 84475fe4edca456e84aba4abba1ca302
2025-12-09 08:22:43.831 65799 INFO tempest.lib.common.rest_client [req-3b284db8-d88e-46f1-8de6-7aaf42df7943 req-3b284db8-d88e-46f1-8de6-7aaf42df7943 ] Request (SecurityGroupRulesTestJSON:test_security_group_rules_delete_when_peer_group_deleted): 200 POST http://10.180.1.21/compute/v2.1/os-security-group-rules 3.545s
2025-12-09 08:22:43.870 65820 INFO tempest.lib.common.rest_client [req-9c9e598d-e06e-4b70-bfbc-7f88087261ce req-9c9e598d-e06e-4b70-bfbc-7f88087261ce ] Request (ServersNegativeTestMultiTenantJSON:tearDownClass): 404 GET http://10.180.1.21/compute/v2.1/servers/0eade3d5-582f-47a9-b782-0e2f499b31cd 2.792s
2025-12-09 08:22:43.877 65779 INFO tempest.lib.common.rest_client [req-735b85c9-d076-4970-8f7b-5ec016d5a98c req-735b85c9-d076-4970-8f7b-5ec016d5a98c ] Request (AbsoluteLimitsNegativeTestJSON:setUpClass): 201 POST http://10.180.1.21/identity/v3/auth/tokens 0.093s
2025-12-09 08:22:43.889 65787 INFO tempest.lib.common.rest_client [req-2302f14d-b955-499d-b397-597fafd78484 req-2302f14d-b955-499d-b397-597fafd78484 ] Request (AttachInterfacesTestJSON:test_create_list_show_delete_interfaces_by_fixed_ip): 200 GET http://10.180.1.21/networking/v2.0/ports?network_id=efa680dc-0e82-4a7a-9877-12f6e67868c3 0.161s
2025-12-09 08:22:43.926 65779 INFO tempest.lib.common.rest_client [req-af9644dc-bf40-4059-98d1-1540980f6921 req-af9644dc-bf40-4059-98d1-1540980f6921 ] Request (AbsoluteLimitsNegativeTestJSON:setUpClass): 201 POST http://10.180.1.21/identity/v3/auth/tokens 0.045s
2025-12-09 08:22:43.970 65779 INFO tempest.lib.common.rest_client [req-cfb5a0a9-a3a5-4293-bc79-0c3977937bc3 req-cfb5a0a9-a3a5-4293-bc79-0c3977937bc3 ] Request (AbsoluteLimitsNegativeTestJSON:setUpClass): 200 GET http://10.180.1.21/identity/v3/domains?name=Default 0.043s
2025-12-09 08:22:43.988 65769 INFO tempest.lib.common.rest_client [req-b6ac1e6f-4783-4f5e-9471-548524e978f9 req-b6ac1e6f-4783-4f5e-9471-548524e978f9 ] Request (VolumesAdminNegativeTest:tearDownClass): 200 GET http://10.180.1.21/networking/v2.0/security-groups?tenant_id=84475fe4edca456e84aba4abba1ca302&name=default 0.168s
2025-12-09 08:22:44.009 65779 INFO tempest.lib.common.rest_client [req-bb7979d4-c897-4c77-bcb3-7f814da567f5 req-bb7979d4-c897-4c77-bcb3-7f814da567f5 ] Request (AbsoluteLimitsNegativeTestJSON:setUpClass): 201 POST http://10.180.1.21/identity/v3/projects 0.038s
2025-12-09 08:22:44.018 65787 INFO tempest.lib.common.rest_client [req-1594678a-f63b-4582-9101-f639886602a1 req-1594678a-f63b-4582-9101-f639886602a1 ] Request (AttachInterfacesTestJSON:test_create_list_show_delete_interfaces_by_fixed_ip): 200 GET http://10.180.1.21/networking/v2.0/subnets/5d912360-c40f-422e-9777-60d1056c2f37 0.128s
2025-12-09 08:22:44.059 65825 INFO tempest.lib.common.rest_client [req-97445338-fe33-4909-a06b-d618ccf475ad req-97445338-fe33-4909-a06b-d618ccf475ad ] Request (ServerAddressesNegativeTestJSON:setUpClass): 200 GET http://10.180.1.21/compute/v2.1/servers/79995694-c97f-4dec-9796-aa0051caf0bc 2.996s
2025-12-09 08:22:44.216 65769 INFO tempest.lib.common.rest_client [req-a30a9277-b3de-4f3e-b48d-d75230fc9938 req-a30a9277-b3de-4f3e-b48d-d75230fc9938 ] Request (VolumesAdminNegativeTest:tearDownClass): 204 DELETE http://10.180.1.21/networking/v2.0/security-groups/14277918-93e7-4b1d-8bdd-a2eb46c04cdd 0.227s
2025-12-09 08:22:44.244 65779 INFO tempest.lib.common.rest_client [req-ca2d56d1-f05d-4eb5-93d4-22982d35fe31 req-ca2d56d1-f05d-4eb5-93d4-22982d35fe31 ] Request (AbsoluteLimitsNegativeTestJSON:setUpClass): 201 POST http://10.180.1.21/identity/v3/users 0.235s
2025-12-09 08:22:44.264 65779 INFO tempest.lib.common.rest_client [req-8c5a1021-7f27-4440-929f-a51e872fe65c req-8c5a1021-7f27-4440-929f-a51e872fe65c ] Request (AbsoluteLimitsNegativeTestJSON:setUpClass): 200 GET http://10.180.1.21/identity/v3/roles 0.020s
2025-12-09 08:22:44.285 65805 INFO tempest.lib.common.rest_client [req-e03d7b7f-1268-46ee-8959-a93346441982 req-e03d7b7f-1268-46ee-8959-a93346441982 ] Request (ServersTestJSON:setUpClass): 200 GET http://10.180.1.21/compute/v2.1/servers/7ed5bdd0-dff2-456e-a51c-58ea40f3d9bd/os-interface 2.106s
2025-12-09 08:22:44.294 65779 INFO tempest.lib.common.rest_client [req-dd081f83-05f4-4b2d-bdd1-fd49656b7ff4 req-dd081f83-05f4-4b2d-bdd1-fd49656b7ff4 ] Request (AbsoluteLimitsNegativeTestJSON:setUpClass): 204 PUT http://10.180.1.21/identity/v3/projects/35157684e9424c70a2d2be61f83b328c/users/65a557505cf64385bf557b17e20ed269/roles/6185207536d441809aa43de388d1594e 0.029s
2025-12-09 08:22:44.294 65779 INFO tempest.lib.common.dynamic_creds [-] Dynamic test user 65a557505cf64385bf557b17e20ed269 is created with scope project and roles: ['member']
2025-12-09 08:22:44.295 65779 INFO tempest.lib.common.dynamic_creds [-] Acquired dynamic creds: credentials: Credentials: {'domain_id': 'default', 'domain_name': 'Default', 'username': 'tempest-AbsoluteLimitsNegativeTestJSON-1591975747-project-member', 'project_domain_id': 'default', 'project_domain_name': 'Default', 'project_id': '35157684e9424c70a2d2be61f83b328c', 'project_name': 'tempest-AbsoluteLimitsNegativeTestJSON-1591975747', 'tenant_id': '35157684e9424c70a2d2be61f83b328c', 'tenant_name': 'tempest-AbsoluteLimitsNegativeTestJSON-1591975747', 'user_domain_id': 'default', 'user_domain_name': 'Default', 'user_id': '65a557505cf64385bf557b17e20ed269', 'system': None}, Network: None, Subnet: None, Router: None
2025-12-09 08:22:44.295 65779 INFO tempest.lib.common.dynamic_creds [-] Created isolated network resources for: credentials: Credentials: {'domain_id': 'default', 'domain_name': 'Default', 'username': 'tempest-AbsoluteLimitsNegativeTestJSON-1591975747-project-member', 'project_domain_id': 'default', 'project_domain_name': 'Default', 'project_id': '35157684e9424c70a2d2be61f83b328c', 'project_name': 'tempest-AbsoluteLimitsNegativeTestJSON-1591975747', 'tenant_id': '35157684e9424c70a2d2be61f83b328c', 'tenant_name': 'tempest-AbsoluteLimitsNegativeTestJSON-1591975747', 'user_domain_id': 'default', 'user_domain_name': 'Default', 'user_id': '65a557505cf64385bf557b17e20ed269', 'system': None}, Network: None, Subnet: None, Router: None
2025-12-09 08:22:44.327 65769 INFO tempest.lib.common.rest_client [req-4bb585e2-bf78-4c4d-85db-cd6b5e978242 req-4bb585e2-bf78-4c4d-85db-cd6b5e978242 ] Request (VolumesAdminNegativeTest:tearDownClass): 204 DELETE http://10.180.1.21/identity/v3/projects/84475fe4edca456e84aba4abba1ca302 0.110s
2025-12-09 08:22:44.339 65765 INFO tempest.lib.common.rest_client [req-67335a30-fc23-4ce9-a2fe-0c64eba6b3f3 req-67335a30-fc23-4ce9-a2fe-0c64eba6b3f3 ] Request (ServerExternalEventsTest:tearDownClass): 200 GET http://10.180.1.21/compute/v2.1/servers/f557881b-abbe-4be9-b40c-47f6f4975e5f 1.651s
2025-12-09 08:22:44.349 65765 INFO tempest.common.waiters [-] State transition "ACTIVE/deleting" ==> "DELETED/None" after 3 second wait
2025-12-09 08:22:44.373 65779 INFO tempest.lib.common.rest_client [req-edb64201-4a4d-4d78-9806-d5322d2f3fdf req-edb64201-4a4d-4d78-9806-d5322d2f3fdf ] Request (AbsoluteLimitsNegativeTestJSON:setUpClass): 201 POST http://10.180.1.21/identity/v3/auth/tokens 0.075s
2025-12-09 08:22:44.389 65769 INFO tempest.lib.common.rest_client [req-7728729a-ac90-4a0a-a7b0-ce4cf1a9fae7 req-7728729a-ac90-4a0a-a7b0-ce4cf1a9fae7 ] Request (ImagesMetadataNegativeTestJSON:setUpClass): 201 POST http://10.180.1.21/identity/v3/auth/tokens 0.060s
2025-12-09 08:22:44.421 65769 INFO tempest.lib.common.rest_client [req-551431aa-e5fb-47ad-98e4-548b57e1c07c req-551431aa-e5fb-47ad-98e4-548b57e1c07c ] Request (ImagesMetadataNegativeTestJSON:setUpClass): 201 POST http://10.180.1.21/identity/v3/auth/tokens 0.029s
2025-12-09 08:22:44.447 65769 INFO tempest.lib.common.rest_client [req-46d2ee6b-dc66-4019-92e1-89a9188fccf5 req-46d2ee6b-dc66-4019-92e1-89a9188fccf5 ] Request (ImagesMetadataNegativeTestJSON:setUpClass): 200 GET http://10.180.1.21/identity/v3/domains?name=Default 0.026s
2025-12-09 08:22:44.490 65773 WARNING tempest.lib.common.ssh [-] Failed to establish authenticated ssh connection to cirros@10.180.180.248 ([Errno None] Unable to connect to port 22 on 10.180.180.248). Number attempts: 5. Retry after 6 seconds.: paramiko.ssh_exception.NoValidConnectionsError: [Errno None] Unable to connect to port 22 on 10.180.180.248
2025-12-09 08:22:44.504 65769 INFO tempest.lib.common.rest_client [req-72fd0494-7765-474b-867b-f2cf4e4cbed8 req-72fd0494-7765-474b-867b-f2cf4e4cbed8 ] Request (ImagesMetadataNegativeTestJSON:setUpClass): 201 POST http://10.180.1.21/identity/v3/projects 0.054s
2025-12-09 08:22:44.541 65821 INFO tempest.lib.common.rest_client [req-d471e8ae-2286-462f-a0ca-b0d50518d7eb req-d471e8ae-2286-462f-a0ca-b0d50518d7eb ] Request (QuotasAdminTestV257:test_get_updated_quotas): 200 PUT http://10.180.1.21/compute/v2.1/os-quota-sets/2eca1082a53c41e19eb954f15dadcc2d 1.669s
2025-12-09 08:22:44.567 65769 INFO tempest.lib.common.rest_client [req-47aeb1d9-095f-4ddc-8316-d3f0e72b3442 req-47aeb1d9-095f-4ddc-8316-d3f0e72b3442 ] Request (ImagesMetadataNegativeTestJSON:setUpClass): 201 POST http://10.180.1.21/identity/v3/users 0.063s
2025-12-09 08:22:44.590 65769 INFO tempest.lib.common.rest_client [req-9d9d8d2f-e661-4d3e-96d6-4f4e4dd86bca req-9d9d8d2f-e661-4d3e-96d6-4f4e4dd86bca ] Request (ImagesMetadataNegativeTestJSON:setUpClass): 200 GET http://10.180.1.21/identity/v3/roles 0.022s
2025-12-09 08:22:44.618 65769 INFO tempest.lib.common.rest_client [req-67048a24-c47a-4549-accc-c22309b101cb req-67048a24-c47a-4549-accc-c22309b101cb ] Request (ImagesMetadataNegativeTestJSON:setUpClass): 204 PUT http://10.180.1.21/identity/v3/projects/a1c695ba66b94b15bdbc546c29ea47d2/users/ae0240b7979b4dddbe5bc73819b6159e/roles/6185207536d441809aa43de388d1594e 0.028s
2025-12-09 08:22:44.619 65769 INFO tempest.lib.common.dynamic_creds [-] Dynamic test user ae0240b7979b4dddbe5bc73819b6159e is created with scope project and roles: ['member']
2025-12-09 08:22:44.619 65769 INFO tempest.lib.common.dynamic_creds [-] Acquired dynamic creds: credentials: Credentials: {'domain_id': 'default', 'domain_name': 'Default', 'username': 'tempest-ImagesMetadataNegativeTestJSON-1426880339-project-member', 'project_domain_id': 'default', 'project_domain_name': 'Default', 'project_id': 'a1c695ba66b94b15bdbc546c29ea47d2', 'project_name': 'tempest-ImagesMetadataNegativeTestJSON-1426880339', 'tenant_id': 'a1c695ba66b94b15bdbc546c29ea47d2', 'tenant_name': 'tempest-ImagesMetadataNegativeTestJSON-1426880339', 'user_domain_id': 'default', 'user_domain_name': 'Default', 'user_id': 'ae0240b7979b4dddbe5bc73819b6159e', 'system': None}, Network: None, Subnet: None, Router: None
2025-12-09 08:22:44.619 65769 INFO tempest.lib.common.dynamic_creds [-] Created isolated network resources for: credentials: Credentials: {'domain_id': 'default', 'domain_name': 'Default', 'username': 'tempest-ImagesMetadataNegativeTestJSON-1426880339-project-member', 'project_domain_id': 'default', 'project_domain_name': 'Default', 'project_id': 'a1c695ba66b94b15bdbc546c29ea47d2', 'project_name': 'tempest-ImagesMetadataNegativeTestJSON-1426880339', 'tenant_id': 'a1c695ba66b94b15bdbc546c29ea47d2', 'tenant_name': 'tempest-ImagesMetadataNegativeTestJSON-1426880339', 'user_domain_id': 'default', 'user_domain_name': 'Default', 'user_id': 'ae0240b7979b4dddbe5bc73819b6159e', 'system': None}, Network: None, Subnet: None, Router: None
2025-12-09 08:22:44.693 65769 INFO tempest.lib.common.rest_client [req-4d0e80fc-4c36-4456-84f6-7322e624acd4 req-4d0e80fc-4c36-4456-84f6-7322e624acd4 ] Request (ImagesMetadataNegativeTestJSON:setUpClass): 201 POST http://10.180.1.21/identity/v3/auth/tokens 0.070s
2025-12-09 08:22:44.730 65820 INFO tempest.lib.common.rest_client [req-1a12a3de-71c1-4ab6-b6d1-34dc52234cf2 req-1a12a3de-71c1-4ab6-b6d1-34dc52234cf2 ] Request (ServersNegativeTestMultiTenantJSON:tearDownClass): 200 PUT http://10.180.1.21/networking/v2.0/routers/1f9d2fc2-80b4-426b-aa9b-7f6468ce31a9/remove_router_interface 0.859s
2025-12-09 08:22:44.837 65805 INFO tempest.lib.common.rest_client [req-370c62c2-a0b1-40e2-853b-2102e211158d req-370c62c2-a0b1-40e2-853b-2102e211158d ] Request (ServersTestJSON:setUpClass): 200 PUT http://10.180.1.21/networking/v2.0/floatingips/c90e0103-415a-4d0a-a88b-1174742bbaad 0.549s
2025-12-09 08:22:45.081 65827 INFO tempest.lib.common.rest_client [req-9a440308-a539-4446-a242-1d5d2a153157 req-9a440308-a539-4446-a242-1d5d2a153157 ] Request (ServerRescueTestJSONUnderV235:tearDownClass): 202 DELETE http://10.180.1.21/compute/v2.1/os-security-groups/11590a48-d7e7-4f08-a58d-17e57b9e8047 2.125s
2025-12-09 08:22:45.187 65793 INFO tempest.lib.common.rest_client [req-0b6770f7-1b07-4795-9119-56915a73412d req-0b6770f7-1b07-4795-9119-56915a73412d ] Request (ServerDiagnosticsV248Test:tearDownClass): 204 DELETE http://10.180.1.21/compute/v2.1/servers/c0c25e4d-b3dd-412e-aa9b-a8e447f51eb8 2.021s
2025-12-09 08:22:45.230 65813 INFO tempest.lib.common.rest_client [req-4e2d7d37-4f6b-4357-9a3d-98aa45117bcf req-4e2d7d37-4f6b-4357-9a3d-98aa45117bcf ] Request (KeyPairsV22TestJSON:test_keypair_create_delete): 201 POST http://10.180.1.21/compute/v2.1/os-keypairs 2.053s
2025-12-09 08:22:45.241 65783 INFO tempest.lib.common.rest_client [req-375c53fc-6a58-456a-a753-2fa6ebe9877c req-375c53fc-6a58-456a-a753-2fa6ebe9877c ] Request (AggregatesAdminNegativeTestJSON:test_aggregate_get_details_with_invalid_id): 404 GET http://10.180.1.21/compute/v2.1/os-aggregates/-1 2.046s
2025-12-09 08:22:45.259 65795 WARNING tempest.lib.common.ssh [-] Failed to establish authenticated ssh connection to cirros@10.180.180.200 ([Errno None] Unable to connect to port 22 on 10.180.180.200). Number attempts: 2. Retry after 3 seconds.: paramiko.ssh_exception.NoValidConnectionsError: [Errno None] Unable to connect to port 22 on 10.180.180.200
2025-12-09 08:22:45.265 65775 INFO tempest.lib.common.rest_client [req-fecd4d1b-b03c-4ed2-8017-2552bb7aaf4a req-fecd4d1b-b03c-4ed2-8017-2552bb7aaf4a ] Request (FlavorsAdminTestJSON:_run_cleanups): 200 GET http://10.180.1.21/compute/v2.1/flavors/detail 2.052s
2025-12-09 08:22:45.279 65820 INFO tempest.lib.common.rest_client [req-d22072e8-5f79-4192-97ed-f064aca516b2 req-d22072e8-5f79-4192-97ed-f064aca516b2 ] Request (ServersNegativeTestMultiTenantJSON:tearDownClass): 204 DELETE http://10.180.1.21/networking/v2.0/routers/1f9d2fc2-80b4-426b-aa9b-7f6468ce31a9 0.548s
2025-12-09 08:22:45.288 65767 INFO tempest.lib.common.rest_client [req-841d3212-85d4-4987-8351-825cc9bada1e req-841d3212-85d4-4987-8351-825cc9bada1e ] Request (FlavorsAccessNegativeTestJSON:_run_cleanups): 200 GET http://10.180.1.21/compute/v2.1/flavors/detail 1.961s
2025-12-09 08:22:45.371 65817 INFO tempest.lib.common.rest_client [req-7b718bdb-49ae-4ed5-bdd5-00712a3fec3d req-7b718bdb-49ae-4ed5-bdd5-00712a3fec3d ] Request (ServerDiagnosticsNegativeTest:tearDownClass): 204 DELETE http://10.180.1.21/compute/v2.1/servers/0e785f8e-dd3d-4428-8de7-8a94ac859a79 2.002s
2025-12-09 08:22:45.462 65820 INFO tempest.lib.common.rest_client [req-dd437aca-3bc0-4c6c-b958-34248f953b45 req-dd437aca-3bc0-4c6c-b958-34248f953b45 ] Request (ServersNegativeTestMultiTenantJSON:tearDownClass): 204 DELETE http://10.180.1.21/networking/v2.0/subnets/def1986e-9cf7-45b7-a5ef-f1e6734a203d 0.183s
2025-12-09 08:22:45.468 65767 INFO tempest.lib.common.rest_client [req-6bdb4c2b-d4f1-489d-8c2f-ef94b1599ff9 req-6bdb4c2b-d4f1-489d-8c2f-ef94b1599ff9 ] Request (FlavorsAccessNegativeTestJSON:tearDownClass): 204 DELETE http://10.180.1.21/identity/v3/users/edf8681b2fa9428ea1886eb3d678d5cd 0.173s
2025-12-09 08:22:45.529 65809 INFO tempest.lib.common.rest_client [req-e05e962d-2e1e-4cf8-8fe3-3d59bec5ad0b req-e05e962d-2e1e-4cf8-8fe3-3d59bec5ad0b ] Request (ServerActionsTestOtherA:setUpClass): 202 POST http://10.180.1.21/compute/v2.1/servers 2.711s
2025-12-09 08:22:45.640 65767 INFO tempest.lib.common.rest_client [req-e2cc8391-a74c-4986-acad-1ce13ded5006 req-e2cc8391-a74c-4986-acad-1ce13ded5006 ] Request (FlavorsAccessNegativeTestJSON:tearDownClass): 204 DELETE http://10.180.1.21/identity/v3/users/f12297b33069417daa77db29adf66c7b 0.172s
2025-12-09 08:22:45.711 65807 INFO tempest.lib.common.rest_client [req-03e18bab-5687-4c8f-bfda-6b6492dad185 req-03e18bab-5687-4c8f-bfda-6b6492dad185 ] Request (ImagesOneServerTestJSON:test_create_image_specify_multibyte_character_image_name): 200 GET http://10.180.1.21/compute/v2.1/servers/e5b0540f-84db-4a40-9ceb-61eceb7182d7 2.322s
2025-12-09 08:22:45.759 65767 INFO tempest.lib.common.rest_client [req-758adcfe-7924-4b23-bb65-8910bba3acca req-758adcfe-7924-4b23-bb65-8910bba3acca ] Request (FlavorsAccessNegativeTestJSON:tearDownClass): 204 DELETE http://10.180.1.21/identity/v3/users/6db3383faebc4ea198995cefc478728e 0.119s
2025-12-09 08:22:45.760 65767 INFO tempest.lib.common.dynamic_creds [-] Deleting project and security group for project: e34f657f6fc84566bf504ee357fcd072
2025-12-09 08:22:45.788 65771 INFO tempest.lib.common.rest_client [req-e7bd1b14-4acc-4219-b502-6c4fad9c413a req-e7bd1b14-4acc-4219-b502-6c4fad9c413a ] Request (SecurityGroupsTestJSON:test_security_groups_create_list_delete): 202 DELETE http://10.180.1.21/compute/v2.1/os-security-groups/611d5595-abb7-4e94-8163-f57ff337551b 2.399s
2025-12-09 08:22:45.807 65820 INFO tempest.lib.common.rest_client [req-728322f3-cc57-43c5-9450-8aee6f1abee3 req-728322f3-cc57-43c5-9450-8aee6f1abee3 ] Request (ServersNegativeTestMultiTenantJSON:tearDownClass): 204 DELETE http://10.180.1.21/networking/v2.0/networks/04fd40aa-bbed-4fca-ab42-395fafbfd281 0.344s
2025-12-09 08:22:45.850 65767 INFO tempest.lib.common.rest_client [req-518a329f-fa3c-47f3-8a19-0ed3c1f7ec26 req-518a329f-fa3c-47f3-8a19-0ed3c1f7ec26 ] Request (FlavorsAccessNegativeTestJSON:tearDownClass): 201 POST http://10.180.1.21/identity/v3/auth/tokens 0.090s
2025-12-09 08:22:45.910 65785 INFO tempest.lib.common.rest_client [req-2bb7c650-0a77-4729-961f-f9db754cf694 req-2bb7c650-0a77-4729-961f-f9db754cf694 ] Request (FloatingIPsAssociationTestJSON:setUpClass): 200 GET http://10.180.1.21/compute/v2.1/servers/38848c80-256b-43f6-9b1a-9c0eb88fec77 2.283s
2025-12-09 08:22:46.104 65767 INFO tempest.lib.common.rest_client [req-25711734-6bf4-4fed-9211-fe8bc706aafa req-25711734-6bf4-4fed-9211-fe8bc706aafa ] Request (FlavorsAccessNegativeTestJSON:tearDownClass): 200 GET http://10.180.1.21/networking/v2.0/security-groups?tenant_id=e34f657f6fc84566bf504ee357fcd072&name=default 0.254s
2025-12-09 08:22:46.367 65801 INFO tempest.lib.common.rest_client [req-f0cee1e8-76af-4b6f-96fd-47d684d1b0b8 req-f0cee1e8-76af-4b6f-96fd-47d684d1b0b8 ] Request (FloatingIPsAssociationNegativeTestJSON:tearDownClass): 200 GET http://10.180.1.21/compute/v2.1/servers/6e7c7a3d-881f-491b-b205-2149941c8137 2.826s
2025-12-09 08:22:46.462 65767 INFO tempest.lib.common.rest_client [req-94abc71f-a63e-4212-a037-2bb6d3a0cfd1 req-94abc71f-a63e-4212-a037-2bb6d3a0cfd1 ] Request (FlavorsAccessNegativeTestJSON:tearDownClass): 204 DELETE http://10.180.1.21/networking/v2.0/security-groups/43d38213-b415-4172-93b3-0b26f935d655 0.357s
2025-12-09 08:22:46.530 65767 INFO tempest.lib.common.rest_client [req-e979112f-de23-476e-9942-1129acf1381c req-e979112f-de23-476e-9942-1129acf1381c ] Request (FlavorsAccessNegativeTestJSON:tearDownClass): 204 DELETE http://10.180.1.21/identity/v3/projects/e34f657f6fc84566bf504ee357fcd072 0.067s
2025-12-09 08:22:46.531 65767 INFO tempest.lib.common.dynamic_creds [-] Deleting project and security group for project: 7fba1385f62141389e29ed9e2ce35326
2025-12-09 08:22:46.546 65799 INFO tempest.lib.common.rest_client [req-71f028b2-c4e0-4d2d-861c-fdee2c37ae48 req-71f028b2-c4e0-4d2d-861c-fdee2c37ae48 ] Request (SecurityGroupRulesTestJSON:test_security_group_rules_delete_when_peer_group_deleted): 202 DELETE http://10.180.1.21/compute/v2.1/os-security-groups/54efb386-2bd2-44ac-a276-d4c43793f13d 2.713s
2025-12-09 08:22:46.617 65820 INFO tempest.lib.common.rest_client [req-62f91552-64d2-4835-a3a1-45b7251f1d88 req-62f91552-64d2-4835-a3a1-45b7251f1d88 ] Request (ServersNegativeTestMultiTenantJSON:tearDownClass): 200 PUT http://10.180.1.21/networking/v2.0/routers/7ae3b911-4b17-4526-9f93-246197f8b358/remove_router_interface 0.809s
2025-12-09 08:22:46.648 65767 INFO tempest.lib.common.rest_client [req-9a3b6557-b5f0-481f-877a-2b2952960b5e req-9a3b6557-b5f0-481f-877a-2b2952960b5e ] Request (FlavorsAccessNegativeTestJSON:tearDownClass): 200 GET http://10.180.1.21/networking/v2.0/security-groups?tenant_id=7fba1385f62141389e29ed9e2ce35326&name=default 0.117s
2025-12-09 08:22:46.668 65815 WARNING tempest.lib.common.ssh [-] Failed to establish authenticated ssh connection to cirros@10.180.180.140 ([Errno None] Unable to connect to port 22 on 10.180.180.140). Number attempts: 7. Retry after 8 seconds.: paramiko.ssh_exception.NoValidConnectionsError: [Errno None] Unable to connect to port 22 on 10.180.180.140
2025-12-09 08:22:46.719 65767 INFO tempest.lib.common.rest_client [req-595589d0-444b-48dc-972c-f709a47469f0 req-595589d0-444b-48dc-972c-f709a47469f0 ] Request (FlavorsAccessNegativeTestJSON:tearDownClass): 204 DELETE http://10.180.1.21/networking/v2.0/security-groups/29a33b2d-c648-4c7a-9ef3-40c751cef99c 0.070s
2025-12-09 08:22:46.757 65797 INFO tempest.lib.common.rest_client [req-fd40d8b0-0d5d-4d28-b778-a219f4343ed4 req-fd40d8b0-0d5d-4d28-b778-a219f4343ed4 ] Request (MigrationsAdminTest:test_list_migrations_in_flavor_resize_situation): 200 GET http://10.180.1.21/compute/v2.1/servers/1fa745bf-8ac4-451d-8b1e-de1a0510afe2 2.516s
2025-12-09 08:22:46.770 65797 INFO tempest.common.waiters [-] State transition "RESIZE/resize_migrating" ==> "RESIZE/resize_migrated" after 20 second wait
2025-12-09 08:22:46.840 65767 INFO tempest.lib.common.rest_client [req-1c28c56d-b6cf-474a-9b24-0f805df51bb2 req-1c28c56d-b6cf-474a-9b24-0f805df51bb2 ] Request (FlavorsAccessNegativeTestJSON:tearDownClass): 204 DELETE http://10.180.1.21/identity/v3/projects/7fba1385f62141389e29ed9e2ce35326 0.121s
2025-12-09 08:22:46.841 65767 INFO tempest.lib.common.dynamic_creds [-] Deleting project and security group for project: f234429e6cdf45d29b17556bc5935197
2025-12-09 08:22:46.857 65803 INFO tempest.lib.common.rest_client [req-9844e0dc-cad7-47d0-b730-ce4b24592970 req-9844e0dc-cad7-47d0-b730-ce4b24592970 ] Request (InstanceActionsV221TestJSON:test_get_list_deleted_instance_actions): 200 GET http://10.180.1.21/compute/v2.1/servers/f19159a8-09db-4cbe-98e8-a6e81c0cd713 2.535s
2025-12-09 08:22:46.887 65791 INFO tempest.lib.common.rest_client [req-b2807245-f1b6-4a4c-9454-f4a2bd220d7f req-b2807245-f1b6-4a4c-9454-f4a2bd220d7f ] Request (TenantUsagesTestJSON:tearDownClass): 404 GET http://10.180.1.21/compute/v2.1/servers/b5c62583-da50-4ede-ad80-59886d7c98c0 2.552s
2025-12-09 08:22:46.990 65767 INFO tempest.lib.common.rest_client [req-6ca893f6-338c-49cd-a232-b2deccf8c00f req-6ca893f6-338c-49cd-a232-b2deccf8c00f ] Request (FlavorsAccessNegativeTestJSON:tearDownClass): 200 GET http://10.180.1.21/networking/v2.0/security-groups?tenant_id=f234429e6cdf45d29b17556bc5935197&name=default 0.148s
2025-12-09 08:22:47.055 65791 INFO tempest.lib.common.rest_client [req-4f9620e3-e1e6-4cba-89ef-cc5524684783 req-4f9620e3-e1e6-4cba-89ef-cc5524684783 ] Request (TenantUsagesTestJSON:tearDownClass): 204 DELETE http://10.180.1.21/identity/v3/users/9fb476db04604e7791cf02bd2d0e9c51 0.167s
2025-12-09 08:22:47.084 65767 INFO tempest.lib.common.rest_client [req-8aeae6c6-0e75-4473-bdd5-3c9f749b8ab1 req-8aeae6c6-0e75-4473-bdd5-3c9f749b8ab1 ] Request (FlavorsAccessNegativeTestJSON:tearDownClass): 204 DELETE http://10.180.1.21/networking/v2.0/security-groups/cd4db36b-8d97-4f9b-aff9-b8f2bd027c65 0.093s
2025-12-09 08:22:47.095 65821 INFO tempest.lib.common.rest_client [req-3885dec8-70dc-483e-ab18-a0917453085c req-3885dec8-70dc-483e-ab18-a0917453085c ] Request (QuotasAdminTestV257:test_get_updated_quotas): 200 GET http://10.180.1.21/compute/v2.1/os-quota-sets/2eca1082a53c41e19eb954f15dadcc2d/detail 2.552s
2025-12-09 08:22:47.132 65820 INFO tempest.lib.common.rest_client [req-3804847d-afcb-4e57-9bc1-603fbbeb2dff req-3804847d-afcb-4e57-9bc1-603fbbeb2dff ] Request (ServersNegativeTestMultiTenantJSON:tearDownClass): 204 DELETE http://10.180.1.21/networking/v2.0/routers/7ae3b911-4b17-4526-9f93-246197f8b358 0.515s
2025-12-09 08:22:47.167 65791 INFO tempest.lib.common.rest_client [req-51772322-591a-49d4-a6c1-95a8953e217e req-51772322-591a-49d4-a6c1-95a8953e217e ] Request (TenantUsagesTestJSON:tearDownClass): 204 DELETE http://10.180.1.21/identity/v3/users/2b75786bae8d4e1eb04dd43518f35862 0.112s
2025-12-09 08:22:47.168 65791 INFO tempest.lib.common.dynamic_creds [-] Deleting project and security group for project: b6bfbc2e2e864423a3c1f510017a4f69
2025-12-09 08:22:47.194 65767 INFO tempest.lib.common.rest_client [req-c4d55043-08cd-4197-9329-d2f22b9cc909 req-c4d55043-08cd-4197-9329-d2f22b9cc909 ] Request (FlavorsAccessNegativeTestJSON:tearDownClass): 204 DELETE http://10.180.1.21/identity/v3/projects/f234429e6cdf45d29b17556bc5935197 0.109s
2025-12-09 08:22:47.219 65823 INFO tempest.lib.common.rest_client [req-d6734f69-7499-411a-8f60-3a07b87e3cc8 req-d6734f69-7499-411a-8f60-3a07b87e3cc8 ] Request (ImagesTestJSON:test_create_image_from_suspended_server): 200 GET http://10.180.1.21/compute/v2.1/servers/7a6422db-1651-47da-8b7b-04fff552b61e 2.598s
2025-12-09 08:22:47.249 65791 INFO tempest.lib.common.rest_client [req-1faaced0-6f8a-4edb-8e38-d801252b7d20 req-1faaced0-6f8a-4edb-8e38-d801252b7d20 ] Request (TenantUsagesTestJSON:tearDownClass): 201 POST http://10.180.1.21/identity/v3/auth/tokens 0.081s
2025-12-09 08:22:47.259 65821 INFO tempest.lib.common.rest_client [req-f8de6a72-a307-4873-96a5-c08cbdec3418 req-f8de6a72-a307-4873-96a5-c08cbdec3418 ] Request (QuotasAdminTestV257:test_get_updated_quotas): 200 GET http://10.180.1.21/identity/v3/domains?name=Default 0.161s
2025-12-09 08:22:47.279 65767 INFO tempest.lib.common.rest_client [req-44dc0cf9-79c3-4cb8-afa4-23a9204110c4 req-44dc0cf9-79c3-4cb8-afa4-23a9204110c4 ] Request (ServicesAdminTestJSON:setUpClass): 201 POST http://10.180.1.21/identity/v3/auth/tokens 0.083s
