2025-12-09 16:45:55.716 65525 INFO tempest.lib.common.rest_client [req-f6455a4d-6bb2-4d88-8dd6-90e5c533d9ad req-f6455a4d-6bb2-4d88-8dd6-90e5c533d9ad ] Request (ServerGroupTestJSON:test_create_server_with_scheduler_hint_group): 200 GET http://10.180.1.21/compute/v2.1/servers/1ad306c3-ae7a-4f2f-8970-1fb55215b00d 0.182s
2025-12-09 16:45:55.737 65497 INFO tempest.lib.common.rest_client [req-7c106874-6355-448f-b2ff-5f0e9a93f678 req-7c106874-6355-448f-b2ff-5f0e9a93f678 ] Request (ServersTestMultiNic:_run_cleanups): 200 GET http://10.180.1.21/compute/v2.1/servers/9d033ead-84eb-4ae8-bb4e-cbdfdae3ef8b 0.146s
2025-12-09 16:45:55.769 65521 INFO tempest.lib.common.rest_client [req-dc6ec1d0-40a8-4ca4-9fb9-e19db5216389 req-dc6ec1d0-40a8-4ca4-9fb9-e19db5216389 ] Request (ServersWithSpecificFlavorTestJSON:test_verify_created_server_ephemeral_disk): 200 GET http://10.180.1.21/compute/v2.1/servers/3e03dd55-79bc-4257-bcbf-994ab4f22047 0.163s
2025-12-09 16:45:55.790 65519 WARNING tempest.lib.common.ssh [-] Failed to establish authenticated ssh connection to cirros@10.180.180.134 ([Errno None] Unable to connect to port 22 on 10.180.180.134). Number attempts: 6. Retry after 7 seconds.: paramiko.ssh_exception.NoValidConnectionsError: [Errno None] Unable to connect to port 22 on 10.180.180.134
2025-12-09 16:45:55.826 65539 INFO tempest.lib.common.rest_client [req-315d0b27-dd8e-41d4-b03b-8f09fb6afaff req-315d0b27-dd8e-41d4-b03b-8f09fb6afaff ] Request (ServersTestManualDisk:setUpClass): 200 GET http://10.180.1.21/compute/v2.1/servers/428c7568-6828-495f-a901-1c6d2ed80fbc 0.140s
2025-12-09 16:45:55.941 65533 INFO tempest.lib.common.rest_client [req-2398ea06-3120-47df-91fe-80f33683d358 req-2398ea06-3120-47df-91fe-80f33683d358 ] Request (MigrationsAdminTest:test_resize_server_revert_deleted_flavor): 200 GET http://10.180.1.21/compute/v2.1/servers/7a3a2430-ec54-4201-af5b-3f490916c56b 0.198s
2025-12-09 16:45:55.965 65517 INFO tempest.lib.common.rest_client [req-550e32e8-74a7-4313-b7af-f7da343efdb2 req-550e32e8-74a7-4313-b7af-f7da343efdb2 ] Request (ListServersNegativeTestJSON:tearDownClass): 200 GET http://10.180.1.21/compute/v2.1/servers/8e522206-6060-4e1c-b097-4cab6d7d1c4e 0.149s
2025-12-09 16:45:56.058 65509 INFO tempest.lib.common.rest_client [req-0d0ee2de-e84a-4cb7-907e-0698dedbcf9f req-0d0ee2de-e84a-4cb7-907e-0698dedbcf9f ] Request (MultipleCreateTestJSON:test_multiple_create): 200 GET http://10.180.1.21/compute/v2.1/servers/435ac28f-3cd8-4305-aa4a-56221528e78b 0.227s
2025-12-09 16:45:56.066 65509 INFO tempest.common.waiters [-] State transition "BUILD/networking" ==> "BUILD/spawning" after 66 second wait
2025-12-09 16:45:56.160 65513 INFO tempest.lib.common.rest_client [req-8f14a9a8-9247-49e9-9801-7914445692ce req-8f14a9a8-9247-49e9-9801-7914445692ce ] Request (FloatingIPsAssociationNegativeTestJSON:tearDownClass): 200 GET http://10.180.1.21/compute/v2.1/servers/613318cf-2d7f-4d1f-a403-662c0f488b9c 0.069s
2025-12-09 16:45:56.185 65527 INFO tempest.lib.common.rest_client [req-727804cb-c8c0-47a9-93be-855ffa9fe4ea req-727804cb-c8c0-47a9-93be-855ffa9fe4ea ] Request (ServerActionsTestOtherB:test_resize_server_confirm_from_stopped): 200 GET http://10.180.1.21/compute/v2.1/servers/f03ec022-41f1-4d1e-84fc-f0ff623b18d9 0.186s
2025-12-09 16:45:56.242 65511 INFO tempest.lib.common.rest_client [req-ac7a6763-3f26-44fa-96a8-597f0c33080b req-ac7a6763-3f26-44fa-96a8-597f0c33080b ] Request (DeleteServersTestJSON:test_delete_server_while_in_attached_volume): 200 GET http://10.180.1.21/compute/v2.1/servers/68bce889-518e-40bd-b4c7-b7f1334f1e73 0.099s
2025-12-09 16:45:56.267 65523 INFO tempest.lib.common.rest_client [req-55532f14-073b-4519-aba2-fa530a255a72 req-55532f14-073b-4519-aba2-fa530a255a72 ] Request (ListImageFiltersTestJSON:setUpClass): 200 GET http://10.180.1.21/compute/v2.1/servers/807663a1-f776-4788-bbf1-9bba42ebc86d 0.150s
2025-12-09 16:45:56.308 65515 INFO tempest.lib.common.rest_client [req-2ae0d135-d03a-42fd-997d-b056d6a9f685 req-2ae0d135-d03a-42fd-997d-b056d6a9f685 ] Request (ListServerFiltersTestJSON:tearDownClass): 200 GET http://10.180.1.21/compute/v2.1/servers/063851bb-1cc9-443e-97e7-c54f8a2549a6 0.115s
2025-12-09 16:45:56.424 65543 INFO tempest.lib.common.rest_client [req-c56a6123-0dc2-43ae-8942-7951ce902c75 req-c56a6123-0dc2-43ae-8942-7951ce902c75 ] Request (ServerDiskConfigTestJSON:test_resize_server_from_auto_to_manual): 200 GET http://10.180.1.21/compute/v2.1/servers/d73d4fc9-3f1a-48d1-9d66-42d0070a2924 0.089s
2025-12-09 16:45:56.467 65507 INFO tempest.lib.common.rest_client [req-dff0020c-061c-4a4b-89a2-c155d774f848 req-dff0020c-061c-4a4b-89a2-c155d774f848 ] Request (ServersAdminTestJSON:test_rebuild_server_in_error_state): 200 GET http://10.180.1.21/compute/v2.1/servers/eca677de-e4e4-4a45-a344-a354c809be29 0.155s
2025-12-09 16:45:56.511 65531 INFO tempest.lib.common.rest_client [req-3634a397-caae-4bbe-887e-e1d4ca4d2508 req-3634a397-caae-4bbe-887e-e1d4ca4d2508 ] Request (ServersListShow296Test:test_list_show_update_rebuild_server_296): 200 GET http://10.180.1.21/compute/v2.1/servers/efcc5d95-87ff-49bc-b95c-bc0eb6c64007 0.076s
2025-12-09 16:45:56.579 65505 INFO tempest.lib.common.rest_client [req-f6e469b7-c221-435e-b55f-617a4a095b17 req-f6e469b7-c221-435e-b55f-617a4a095b17 ] Request (ImagesTestJSON:test_create_server_from_snapshot): 200 GET http://10.180.1.21/compute/v2.1/servers/ceb58ac3-e947-4cb5-ad7d-f52102f3190d 0.062s
2025-12-09 16:45:56.596 65491 INFO tempest.lib.common.rest_client [req-17a21e9f-623b-4973-81b6-91e6fe9ef394 req-17a21e9f-623b-4973-81b6-91e6fe9ef394 ] Request (AttachVolumeNegativeTest:test_attach_attached_volume_to_different_server): 200 GET http://10.180.1.21/compute/v2.1/servers/07b0a0e7-85fe-4d2d-bc4b-136a55de13aa 0.069s
2025-12-09 16:45:56.705 65481 INFO tempest.lib.common.rest_client [req-dbf156bc-e9b5-455e-815e-c85f01b7aabe req-dbf156bc-e9b5-455e-815e-c85f01b7aabe ] Request (FloatingIPsAssociationTestJSON:tearDownClass): 200 GET http://10.180.1.21/compute/v2.1/servers/7b656fc1-5435-432d-818e-29e8a2576ad1 0.081s
2025-12-09 16:45:56.762 65487 INFO tempest.lib.common.rest_client [req-8897b200-e9bf-4c84-8e17-d44cbbb65c6d req-8897b200-e9bf-4c84-8e17-d44cbbb65c6d ] Request (ServerActionsTestJSON:setUpClass): 200 GET http://10.180.1.21/compute/v2.1/servers/1827d4e8-a1de-4f7c-9ccf-c4c241c8ba67 0.081s
2025-12-09 16:45:56.803 65485 INFO tempest.lib.common.rest_client [req-9ab65d2d-5334-4538-9819-b3fcef5e8e12 req-9ab65d2d-5334-4538-9819-b3fcef5e8e12 ] Request (SecurityGroupsTestJSON:tearDownClass): 200 GET http://10.180.1.21/compute/v2.1/servers/1f725518-d341-42f4-82a6-4115e3d0155b 0.141s
2025-12-09 16:45:56.816 65525 INFO tempest.lib.common.rest_client [req-070fb276-93bf-4241-85cf-adea09982cc8 req-070fb276-93bf-4241-85cf-adea09982cc8 ] Request (ServerGroupTestJSON:test_create_server_with_scheduler_hint_group): 200 GET http://10.180.1.21/compute/v2.1/servers/1ad306c3-ae7a-4f2f-8970-1fb55215b00d 0.092s
2025-12-09 16:45:56.863 65521 INFO tempest.lib.common.rest_client [req-0192c2c8-1c45-47cc-8095-0b9ad02bf23b req-0192c2c8-1c45-47cc-8095-0b9ad02bf23b ] Request (ServersWithSpecificFlavorTestJSON:test_verify_created_server_ephemeral_disk): 200 GET http://10.180.1.21/compute/v2.1/servers/3e03dd55-79bc-4257-bcbf-994ab4f22047 0.087s
2025-12-09 16:45:56.864 65497 INFO tempest.lib.common.rest_client [req-a9a7e249-fec8-4a69-8c05-f8b5809be7f5 req-a9a7e249-fec8-4a69-8c05-f8b5809be7f5 ] Request (ServersTestMultiNic:_run_cleanups): 200 GET http://10.180.1.21/compute/v2.1/servers/9d033ead-84eb-4ae8-bb4e-cbdfdae3ef8b 0.117s
2025-12-09 16:45:56.889 65483 WARNING tempest.lib.common.ssh [-] Failed to establish authenticated ssh connection to cirros@10.180.180.147 ([Errno None] Unable to connect to port 22 on 10.180.180.147). Number attempts: 7. Retry after 8 seconds.: paramiko.ssh_exception.NoValidConnectionsError: [Errno None] Unable to connect to port 22 on 10.180.180.147
2025-12-09 16:45:56.909 65539 INFO tempest.lib.common.rest_client [req-82ca5031-76b2-4f43-a589-3bcc9b6817d3 req-82ca5031-76b2-4f43-a589-3bcc9b6817d3 ] Request (ServersTestManualDisk:setUpClass): 200 GET http://10.180.1.21/compute/v2.1/servers/428c7568-6828-495f-a901-1c6d2ed80fbc 0.075s
2025-12-09 16:45:57.037 65517 INFO tempest.lib.common.rest_client [req-a106bcdf-517c-4da9-88ca-ccfb41a604c7 req-a106bcdf-517c-4da9-88ca-ccfb41a604c7 ] Request (ListServersNegativeTestJSON:tearDownClass): 200 GET http://10.180.1.21/compute/v2.1/servers/8e522206-6060-4e1c-b097-4cab6d7d1c4e 0.064s
2025-12-09 16:45:57.050 65533 INFO tempest.lib.common.rest_client [req-ba8ecad2-2c74-413b-ba22-10dabcec94f7 req-ba8ecad2-2c74-413b-ba22-10dabcec94f7 ] Request (MigrationsAdminTest:test_resize_server_revert_deleted_flavor): 200 GET http://10.180.1.21/compute/v2.1/servers/7a3a2430-ec54-4201-af5b-3f490916c56b 0.102s
2025-12-09 16:45:57.199 65509 INFO tempest.lib.common.rest_client [req-66b512a2-b346-48a7-82f4-54aa05545b7c req-66b512a2-b346-48a7-82f4-54aa05545b7c ] Request (MultipleCreateTestJSON:test_multiple_create): 200 GET http://10.180.1.21/compute/v2.1/servers/435ac28f-3cd8-4305-aa4a-56221528e78b 0.132s
2025-12-09 16:45:57.234 65513 INFO tempest.lib.common.rest_client [req-598827e2-7bb7-4ca6-a732-0d7798507144 req-598827e2-7bb7-4ca6-a732-0d7798507144 ] Request (FloatingIPsAssociationNegativeTestJSON:tearDownClass): 200 GET http://10.180.1.21/compute/v2.1/servers/613318cf-2d7f-4d1f-a403-662c0f488b9c 0.066s
2025-12-09 16:45:57.301 65527 INFO tempest.lib.common.rest_client [req-ab6fc567-a83b-41b1-8bd7-d9bb9f54dbb9 req-ab6fc567-a83b-41b1-8bd7-d9bb9f54dbb9 ] Request (ServerActionsTestOtherB:test_resize_server_confirm_from_stopped): 200 GET http://10.180.1.21/compute/v2.1/servers/f03ec022-41f1-4d1e-84fc-f0ff623b18d9 0.108s
2025-12-09 16:45:57.311 65511 INFO tempest.lib.common.rest_client [req-8e489d5f-b2de-4a8d-80b5-f564758ff7b4 req-8e489d5f-b2de-4a8d-80b5-f564758ff7b4 ] Request (DeleteServersTestJSON:test_delete_server_while_in_attached_volume): 200 GET http://10.180.1.21/compute/v2.1/servers/68bce889-518e-40bd-b4c7-b7f1334f1e73 0.061s
2025-12-09 16:45:57.375 65515 INFO tempest.lib.common.rest_client [req-5e231848-ddae-44ae-8f8f-0aba2a8af5e9 req-5e231848-ddae-44ae-8f8f-0aba2a8af5e9 ] Request (ListServerFiltersTestJSON:tearDownClass): 200 GET http://10.180.1.21/compute/v2.1/servers/063851bb-1cc9-443e-97e7-c54f8a2549a6 0.059s
2025-12-09 16:45:57.396 65523 INFO tempest.lib.common.rest_client [req-6ad46a7e-2c7a-4e48-a901-4d51ac3978d2 req-6ad46a7e-2c7a-4e48-a901-4d51ac3978d2 ] Request (ListImageFiltersTestJSON:setUpClass): 200 GET http://10.180.1.21/compute/v2.1/servers/807663a1-f776-4788-bbf1-9bba42ebc86d 0.120s
2025-12-09 16:45:57.481 65543 INFO tempest.lib.common.rest_client [req-d86bbaaa-91ba-4ccb-9219-d1e779b152af req-d86bbaaa-91ba-4ccb-9219-d1e779b152af ] Request (ServerDiskConfigTestJSON:test_resize_server_from_auto_to_manual): 200 GET http://10.180.1.21/compute/v2.1/servers/d73d4fc9-3f1a-48d1-9d66-42d0070a2924 0.049s
2025-12-09 16:45:57.571 65507 INFO tempest.lib.common.rest_client [req-b22b59ea-994c-495c-a5d1-eb3dcd4a3d23 req-b22b59ea-994c-495c-a5d1-eb3dcd4a3d23 ] Request (ServersAdminTestJSON:test_rebuild_server_in_error_state): 200 GET http://10.180.1.21/compute/v2.1/servers/eca677de-e4e4-4a45-a344-a354c809be29 0.092s
2025-12-09 16:45:57.618 65531 INFO tempest.lib.common.rest_client [req-a5e3926c-7d4b-424c-a87a-ceb771561664 req-a5e3926c-7d4b-424c-a87a-ceb771561664 ] Request (ServersListShow296Test:test_list_show_update_rebuild_server_296): 200 GET http://10.180.1.21/compute/v2.1/servers/efcc5d95-87ff-49bc-b95c-bc0eb6c64007 0.096s
2025-12-09 16:45:57.746 65505 INFO tempest.lib.common.rest_client [req-f0e5359f-0ea4-4b9e-bf1b-9311ab1adddf req-f0e5359f-0ea4-4b9e-bf1b-9311ab1adddf ] Request (ImagesTestJSON:test_create_server_from_snapshot): 200 GET http://10.180.1.21/compute/v2.1/servers/ceb58ac3-e947-4cb5-ad7d-f52102f3190d 0.158s
2025-12-09 16:45:57.764 65491 INFO tempest.lib.common.rest_client [req-6ac681a2-6e82-4218-ac89-37166714effa req-6ac681a2-6e82-4218-ac89-37166714effa ] Request (AttachVolumeNegativeTest:test_attach_attached_volume_to_different_server): 200 GET http://10.180.1.21/compute/v2.1/servers/07b0a0e7-85fe-4d2d-bc4b-136a55de13aa 0.160s
2025-12-09 16:45:57.914 65487 INFO tempest.lib.common.rest_client [req-33c37622-4623-42a3-9a05-0c5d4fd21779 req-33c37622-4623-42a3-9a05-0c5d4fd21779 ] Request (ServerActionsTestJSON:setUpClass): 200 GET http://10.180.1.21/compute/v2.1/servers/1827d4e8-a1de-4f7c-9ccf-c4c241c8ba67 0.144s
2025-12-09 16:45:57.934 65481 INFO tempest.lib.common.rest_client [req-ebbb18c7-2220-4fef-85a5-bcac43ac4504 req-ebbb18c7-2220-4fef-85a5-bcac43ac4504 ] Request (FloatingIPsAssociationTestJSON:tearDownClass): 200 GET http://10.180.1.21/compute/v2.1/servers/7b656fc1-5435-432d-818e-29e8a2576ad1 0.218s
2025-12-09 16:45:57.989 65485 INFO tempest.lib.common.rest_client [req-e0010a79-b956-475d-8a3a-83729031c2d6 req-e0010a79-b956-475d-8a3a-83729031c2d6 ] Request (SecurityGroupsTestJSON:tearDownClass): 200 GET http://10.180.1.21/compute/v2.1/servers/1f725518-d341-42f4-82a6-4115e3d0155b 0.177s
2025-12-09 16:45:58.031 65525 INFO tempest.lib.common.rest_client [req-aefb0f19-e6e2-40ab-8376-92f5b8d3781c req-aefb0f19-e6e2-40ab-8376-92f5b8d3781c ] Request (ServerGroupTestJSON:test_create_server_with_scheduler_hint_group): 200 GET http://10.180.1.21/compute/v2.1/servers/1ad306c3-ae7a-4f2f-8970-1fb55215b00d 0.206s
2025-12-09 16:45:58.088 65497 INFO tempest.lib.common.rest_client [req-7e2e7f41-d1a2-4d66-a2ae-66c782a72168 req-7e2e7f41-d1a2-4d66-a2ae-66c782a72168 ] Request (ServersTestMultiNic:_run_cleanups): 200 GET http://10.180.1.21/compute/v2.1/servers/9d033ead-84eb-4ae8-bb4e-cbdfdae3ef8b 0.217s
2025-12-09 16:45:58.105 65521 INFO tempest.lib.common.rest_client [req-7d05c9de-b0ac-4ae4-91af-cf3f3de50abe req-7d05c9de-b0ac-4ae4-91af-cf3f3de50abe ] Request (ServersWithSpecificFlavorTestJSON:test_verify_created_server_ephemeral_disk): 200 GET http://10.180.1.21/compute/v2.1/servers/3e03dd55-79bc-4257-bcbf-994ab4f22047 0.234s
2025-12-09 16:45:58.153 65539 INFO tempest.lib.common.rest_client [req-1a829770-7012-41c5-82df-7e26e5fe4c3f req-1a829770-7012-41c5-82df-7e26e5fe4c3f ] Request (ServersTestManualDisk:setUpClass): 200 GET http://10.180.1.21/compute/v2.1/servers/428c7568-6828-495f-a901-1c6d2ed80fbc 0.235s
2025-12-09 16:45:58.167 65517 INFO tempest.lib.common.rest_client [req-677660be-3152-43eb-8b02-8874b47140ee req-677660be-3152-43eb-8b02-8874b47140ee ] Request (ListServersNegativeTestJSON:tearDownClass): 200 GET http://10.180.1.21/compute/v2.1/servers/8e522206-6060-4e1c-b097-4cab6d7d1c4e 0.118s
2025-12-09 16:45:58.311 65533 INFO tempest.lib.common.rest_client [req-e1579385-86d3-4392-9313-7ca7766945ca req-e1579385-86d3-4392-9313-7ca7766945ca ] Request (MigrationsAdminTest:test_resize_server_revert_deleted_flavor): 200 GET http://10.180.1.21/compute/v2.1/servers/7a3a2430-ec54-4201-af5b-3f490916c56b 0.253s
2025-12-09 16:45:58.337 65509 INFO tempest.lib.common.rest_client [req-f5d93926-1245-4581-8749-328acbae5549 req-f5d93926-1245-4581-8749-328acbae5549 ] Request (MultipleCreateTestJSON:test_multiple_create): 200 GET http://10.180.1.21/compute/v2.1/servers/435ac28f-3cd8-4305-aa4a-56221528e78b 0.130s
2025-12-09 16:45:58.376 65513 INFO tempest.lib.common.rest_client [req-476ac800-07c5-494e-bd33-31722ff86817 req-476ac800-07c5-494e-bd33-31722ff86817 ] Request (FloatingIPsAssociationNegativeTestJSON:tearDownClass): 200 GET http://10.180.1.21/compute/v2.1/servers/613318cf-2d7f-4d1f-a403-662c0f488b9c 0.134s
2025-12-09 16:45:58.430 65527 INFO tempest.lib.common.rest_client [req-797d963c-abf9-43cc-98de-41fb3030b8cd req-797d963c-abf9-43cc-98de-41fb3030b8cd ] Request (ServerActionsTestOtherB:test_resize_server_confirm_from_stopped): 200 GET http://10.180.1.21/compute/v2.1/servers/f03ec022-41f1-4d1e-84fc-f0ff623b18d9 0.120s
2025-12-09 16:45:58.443 65511 INFO tempest.lib.common.rest_client [req-d7538a1a-b142-4018-90c6-cd5be728c665 req-d7538a1a-b142-4018-90c6-cd5be728c665 ] Request (DeleteServersTestJSON:test_delete_server_while_in_attached_volume): 200 GET http://10.180.1.21/compute/v2.1/servers/68bce889-518e-40bd-b4c7-b7f1334f1e73 0.124s
2025-12-09 16:45:58.486 65515 INFO tempest.lib.common.rest_client [req-c5ff55a6-3917-4ab4-98d5-a76aec8f90a0 req-c5ff55a6-3917-4ab4-98d5-a76aec8f90a0 ] Request (ListServerFiltersTestJSON:tearDownClass): 200 GET http://10.180.1.21/compute/v2.1/servers/063851bb-1cc9-443e-97e7-c54f8a2549a6 0.103s
2025-12-09 16:45:58.545 65523 INFO tempest.lib.common.rest_client [req-2020dbce-8e0c-4ee2-9e1e-5caf351722d7 req-2020dbce-8e0c-4ee2-9e1e-5caf351722d7 ] Request (ListImageFiltersTestJSON:setUpClass): 200 GET http://10.180.1.21/compute/v2.1/servers/807663a1-f776-4788-bbf1-9bba42ebc86d 0.140s
2025-12-09 16:45:58.556 65543 INFO tempest.lib.common.rest_client [req-e1d4954d-ecff-4050-b1d5-2339f113ec2d req-e1d4954d-ecff-4050-b1d5-2339f113ec2d ] Request (ServerDiskConfigTestJSON:test_resize_server_from_auto_to_manual): 200 GET http://10.180.1.21/compute/v2.1/servers/d73d4fc9-3f1a-48d1-9d66-42d0070a2924 0.067s
2025-12-09 16:45:58.712 65507 INFO tempest.lib.common.rest_client [req-888358c2-8cc1-45e5-9b32-e90308a0fdc0 req-888358c2-8cc1-45e5-9b32-e90308a0fdc0 ] Request (ServersAdminTestJSON:test_rebuild_server_in_error_state): 200 GET http://10.180.1.21/compute/v2.1/servers/eca677de-e4e4-4a45-a344-a354c809be29 0.133s
2025-12-09 16:45:58.720 65507 INFO tempest.common.waiters [-] State transition "REBUILD/rebuilding" ==> "REBUILD/rebuild_spawning" after 3 second wait
2025-12-09 16:45:58.731 65531 INFO tempest.lib.common.rest_client [req-f4aa3a18-e8b2-449c-ab92-997c1edb10cc req-f4aa3a18-e8b2-449c-ab92-997c1edb10cc ] Request (ServersListShow296Test:test_list_show_update_rebuild_server_296): 200 GET http://10.180.1.21/compute/v2.1/servers/efcc5d95-87ff-49bc-b95c-bc0eb6c64007 0.097s
2025-12-09 16:45:58.822 65505 INFO tempest.lib.common.rest_client [req-0649ffff-8fed-48ea-8f3b-257cd458735e req-0649ffff-8fed-48ea-8f3b-257cd458735e ] Request (ImagesTestJSON:test_create_server_from_snapshot): 200 GET http://10.180.1.21/compute/v2.1/servers/ceb58ac3-e947-4cb5-ad7d-f52102f3190d 0.066s
2025-12-09 16:45:58.837 65491 INFO tempest.lib.common.rest_client [req-d58bd8a3-1f86-4d64-a7c2-793585673ad1 req-d58bd8a3-1f86-4d64-a7c2-793585673ad1 ] Request (AttachVolumeNegativeTest:test_attach_attached_volume_to_different_server): 200 GET http://10.180.1.21/compute/v2.1/servers/07b0a0e7-85fe-4d2d-bc4b-136a55de13aa 0.064s
2025-12-09 16:45:58.976 65487 INFO tempest.lib.common.rest_client [req-e1e69a32-da8a-4590-bf82-dc0d4837c2cc req-e1e69a32-da8a-4590-bf82-dc0d4837c2cc ] Request (ServerActionsTestJSON:setUpClass): 200 GET http://10.180.1.21/compute/v2.1/servers/1827d4e8-a1de-4f7c-9ccf-c4c241c8ba67 0.053s
2025-12-09 16:45:59.009 65481 INFO tempest.lib.common.rest_client [req-746c3ba7-5009-4add-9d57-c330a102120b req-746c3ba7-5009-4add-9d57-c330a102120b ] Request (FloatingIPsAssociationTestJSON:tearDownClass): 200 GET http://10.180.1.21/compute/v2.1/servers/7b656fc1-5435-432d-818e-29e8a2576ad1 0.067s
2025-12-09 16:45:59.063 65485 INFO tempest.lib.common.rest_client [req-2fad5f3c-93c0-4324-9f3a-dc54198b292b req-2fad5f3c-93c0-4324-9f3a-dc54198b292b ] Request (SecurityGroupsTestJSON:tearDownClass): 200 GET http://10.180.1.21/compute/v2.1/servers/1f725518-d341-42f4-82a6-4115e3d0155b 0.065s
2025-12-09 16:45:59.071 65485 INFO tempest.common.waiters [-] State transition "ACTIVE/deleting" ==> "DELETED/None" after 4 second wait
2025-12-09 16:45:59.099 65525 INFO tempest.lib.common.rest_client [req-aabe8b29-d39a-4821-a206-2898b92b07bb req-aabe8b29-d39a-4821-a206-2898b92b07bb ] Request (ServerGroupTestJSON:test_create_server_with_scheduler_hint_group): 200 GET http://10.180.1.21/compute/v2.1/servers/1ad306c3-ae7a-4f2f-8970-1fb55215b00d 0.059s
2025-12-09 16:45:59.169 65497 INFO tempest.lib.common.rest_client [req-bd78059f-b71d-44a4-a02c-e49e45e1ada0 req-bd78059f-b71d-44a4-a02c-e49e45e1ada0 ] Request (ServersTestMultiNic:_run_cleanups): 200 GET http://10.180.1.21/compute/v2.1/servers/9d033ead-84eb-4ae8-bb4e-cbdfdae3ef8b 0.072s
2025-12-09 16:45:59.186 65521 INFO tempest.lib.common.rest_client [req-0de2105e-0690-470b-bc1e-3f37557db471 req-0de2105e-0690-470b-bc1e-3f37557db471 ] Request (ServersWithSpecificFlavorTestJSON:test_verify_created_server_ephemeral_disk): 200 GET http://10.180.1.21/compute/v2.1/servers/3e03dd55-79bc-4257-bcbf-994ab4f22047 0.071s
2025-12-09 16:45:59.228 65539 INFO tempest.lib.common.rest_client [req-b8be67c4-f0d6-4244-aea5-705db71149ae req-b8be67c4-f0d6-4244-aea5-705db71149ae ] Request (ServersTestManualDisk:setUpClass): 200 GET http://10.180.1.21/compute/v2.1/servers/428c7568-6828-495f-a901-1c6d2ed80fbc 0.066s
2025-12-09 16:45:59.281 65517 INFO tempest.lib.common.rest_client [req-8a7ba66f-3c65-4d35-b907-2455577a2ebe req-8a7ba66f-3c65-4d35-b907-2455577a2ebe ] Request (ListServersNegativeTestJSON:tearDownClass): 200 GET http://10.180.1.21/compute/v2.1/servers/8e522206-6060-4e1c-b097-4cab6d7d1c4e 0.106s
2025-12-09 16:45:59.439 65533 INFO tempest.lib.common.rest_client [req-307593ef-e2b4-4024-a95a-2bf012b5f57d req-307593ef-e2b4-4024-a95a-2bf012b5f57d ] Request (MigrationsAdminTest:test_resize_server_revert_deleted_flavor): 200 GET http://10.180.1.21/compute/v2.1/servers/7a3a2430-ec54-4201-af5b-3f490916c56b 0.118s
2025-12-09 16:45:59.441 65509 INFO tempest.lib.common.rest_client [req-83d144f0-51de-4093-bc6f-b89ef002da28 req-83d144f0-51de-4093-bc6f-b89ef002da28 ] Request (MultipleCreateTestJSON:test_multiple_create): 200 GET http://10.180.1.21/compute/v2.1/servers/435ac28f-3cd8-4305-aa4a-56221528e78b 0.096s
2025-12-09 16:45:59.489 65513 INFO tempest.lib.common.rest_client [req-89b2b60e-8389-4085-bc2b-85b3041a6033 req-89b2b60e-8389-4085-bc2b-85b3041a6033 ] Request (FloatingIPsAssociationNegativeTestJSON:tearDownClass): 200 GET http://10.180.1.21/compute/v2.1/servers/613318cf-2d7f-4d1f-a403-662c0f488b9c 0.105s
2025-12-09 16:45:59.530 65527 INFO tempest.lib.common.rest_client [req-1ae0bd96-ef53-40d4-8dd2-388045c6f82b req-1ae0bd96-ef53-40d4-8dd2-388045c6f82b ] Request (ServerActionsTestOtherB:test_resize_server_confirm_from_stopped): 200 GET http://10.180.1.21/compute/v2.1/servers/f03ec022-41f1-4d1e-84fc-f0ff623b18d9 0.090s
2025-12-09 16:45:59.538 65511 INFO tempest.lib.common.rest_client [req-a4af3bcb-9e79-4230-8fc5-2b1e5b5767b7 req-a4af3bcb-9e79-4230-8fc5-2b1e5b5767b7 ] Request (DeleteServersTestJSON:test_delete_server_while_in_attached_volume): 200 GET http://10.180.1.21/compute/v2.1/servers/68bce889-518e-40bd-b4c7-b7f1334f1e73 0.086s
2025-12-09 16:45:59.584 65515 INFO tempest.lib.common.rest_client [req-bf2df05a-b5ee-43ce-a7b1-fdfaacdaf6fd req-bf2df05a-b5ee-43ce-a7b1-fdfaacdaf6fd ] Request (ListServerFiltersTestJSON:tearDownClass): 200 GET http://10.180.1.21/compute/v2.1/servers/063851bb-1cc9-443e-97e7-c54f8a2549a6 0.089s
2025-12-09 16:45:59.642 65543 INFO tempest.lib.common.rest_client [req-280934ef-37f1-48af-bac1-ee5f328adce0 req-280934ef-37f1-48af-bac1-ee5f328adce0 ] Request (ServerDiskConfigTestJSON:test_resize_server_from_auto_to_manual): 200 GET http://10.180.1.21/compute/v2.1/servers/d73d4fc9-3f1a-48d1-9d66-42d0070a2924 0.077s
2025-12-09 16:45:59.653 65523 INFO tempest.lib.common.rest_client [req-e381a14d-f07e-4e3b-8bf4-3e8d589427c8 req-e381a14d-f07e-4e3b-8bf4-3e8d589427c8 ] Request (ListImageFiltersTestJSON:setUpClass): 200 GET http://10.180.1.21/compute/v2.1/servers/807663a1-f776-4788-bbf1-9bba42ebc86d 0.099s
2025-12-09 16:45:59.660 65523 INFO tempest.common.waiters [-] State transition "BUILD/spawning" ==> "ACTIVE/None" after 70 second wait
2025-12-09 16:45:59.805 65523 INFO tempest.lib.common.rest_client [req-ef68a0bb-bbbc-4c70-813b-433a54e362b6 req-ef68a0bb-bbbc-4c70-813b-433a54e362b6 ] Request (ListImageFiltersTestJSON:setUpClass): 200 GET http://10.180.1.21/compute/v2.1/servers/d1141726-36bf-40ee-8b0c-08278ba36d3f 0.144s
2025-12-09 16:45:59.820 65507 INFO tempest.lib.common.rest_client [req-6078f9cc-f0f4-4d2e-bc0a-d673d58a6f31 req-6078f9cc-f0f4-4d2e-bc0a-d673d58a6f31 ] Request (ServersAdminTestJSON:test_rebuild_server_in_error_state): 200 GET http://10.180.1.21/compute/v2.1/servers/eca677de-e4e4-4a45-a344-a354c809be29 0.098s
2025-12-09 16:45:59.864 65531 INFO tempest.lib.common.rest_client [req-58df5ccd-63c2-48d4-90fd-da05e4dddbe5 req-58df5ccd-63c2-48d4-90fd-da05e4dddbe5 ] Request (ServersListShow296Test:test_list_show_update_rebuild_server_296): 200 GET http://10.180.1.21/compute/v2.1/servers/efcc5d95-87ff-49bc-b95c-bc0eb6c64007 0.122s
2025-12-09 16:45:59.914 65505 INFO tempest.lib.common.rest_client [req-62aeb31f-592f-4369-9912-365664b065da req-62aeb31f-592f-4369-9912-365664b065da ] Request (ImagesTestJSON:test_create_server_from_snapshot): 200 GET http://10.180.1.21/compute/v2.1/servers/ceb58ac3-e947-4cb5-ad7d-f52102f3190d 0.084s
2025-12-09 16:45:59.964 65491 INFO tempest.lib.common.rest_client [req-3788d037-ee33-46f2-9ebb-ace38cd71997 req-3788d037-ee33-46f2-9ebb-ace38cd71997 ] Request (AttachVolumeNegativeTest:test_attach_attached_volume_to_different_server): 200 GET http://10.180.1.21/compute/v2.1/servers/07b0a0e7-85fe-4d2d-bc4b-136a55de13aa 0.119s
2025-12-09 16:46:00.044 65487 INFO tempest.lib.common.rest_client [req-246757bc-0b84-497d-8d8e-68236151bb56 req-246757bc-0b84-497d-8d8e-68236151bb56 ] Request (ServerActionsTestJSON:setUpClass): 200 GET http://10.180.1.21/compute/v2.1/servers/1827d4e8-a1de-4f7c-9ccf-c4c241c8ba67 0.059s
2025-12-09 16:46:00.102 65481 INFO tempest.lib.common.rest_client [req-75a1687b-3f91-49f2-aa94-83ad8cc12819 req-75a1687b-3f91-49f2-aa94-83ad8cc12819 ] Request (FloatingIPsAssociationTestJSON:tearDownClass): 200 GET http://10.180.1.21/compute/v2.1/servers/7b656fc1-5435-432d-818e-29e8a2576ad1 0.080s
2025-12-09 16:46:00.160 65485 INFO tempest.lib.common.rest_client [req-5d62fe42-4061-4056-9425-085e4a43db28 req-5d62fe42-4061-4056-9425-085e4a43db28 ] Request (SecurityGroupsTestJSON:tearDownClass): 200 GET http://10.180.1.21/compute/v2.1/servers/1f725518-d341-42f4-82a6-4115e3d0155b 0.088s
2025-12-09 16:46:00.209 65525 INFO tempest.lib.common.rest_client [req-916f564e-b961-4ac2-96fe-0b523093f2b7 req-916f564e-b961-4ac2-96fe-0b523093f2b7 ] Request (ServerGroupTestJSON:test_create_server_with_scheduler_hint_group): 200 GET http://10.180.1.21/compute/v2.1/servers/1ad306c3-ae7a-4f2f-8970-1fb55215b00d 0.101s
2025-12-09 16:46:00.243 65523 INFO tempest.lib.common.rest_client [req-7a3cd019-065c-42cb-a3f2-560f5b0045b3 req-7a3cd019-065c-42cb-a3f2-560f5b0045b3 ] Request (ListImageFiltersTestJSON:setUpClass): 202 POST http://10.180.1.21/compute/v2.1/servers/d1141726-36bf-40ee-8b0c-08278ba36d3f/action 0.430s
2025-12-09 16:46:00.266 65497 INFO tempest.lib.common.rest_client [req-bc71af81-8c65-4e25-b5f7-2fa033de6c5a req-bc71af81-8c65-4e25-b5f7-2fa033de6c5a ] Request (ServersTestMultiNic:_run_cleanups): 200 GET http://10.180.1.21/compute/v2.1/servers/9d033ead-84eb-4ae8-bb4e-cbdfdae3ef8b 0.087s
2025-12-09 16:46:00.295 65521 INFO tempest.lib.common.rest_client [req-379aae81-4dc2-403c-9598-ac66f4d1eecc req-379aae81-4dc2-403c-9598-ac66f4d1eecc ] Request (ServersWithSpecificFlavorTestJSON:test_verify_created_server_ephemeral_disk): 200 GET http://10.180.1.21/compute/v2.1/servers/3e03dd55-79bc-4257-bcbf-994ab4f22047 0.101s
2025-12-09 16:46:00.313 65539 INFO tempest.lib.common.rest_client [req-7cf6f13d-751e-4685-b6db-f741109012c0 req-7cf6f13d-751e-4685-b6db-f741109012c0 ] Request (ServersTestManualDisk:setUpClass): 200 GET http://10.180.1.21/compute/v2.1/servers/428c7568-6828-495f-a901-1c6d2ed80fbc 0.076s
2025-12-09 16:46:00.327 65523 INFO tempest.lib.common.rest_client [req-97ab8e45-c014-46a3-aa90-e33db312a0c2 req-97ab8e45-c014-46a3-aa90-e33db312a0c2 ] Request (ListImageFiltersTestJSON:setUpClass): 200 GET http://10.180.1.21/compute/v2.1/images/72be5445-ffe9-42f4-a2d2-84a8486ac045 0.083s
2025-12-09 16:46:00.369 65517 INFO tempest.lib.common.rest_client [req-339a2128-7a76-4d77-b2f3-a0186e1500cb req-339a2128-7a76-4d77-b2f3-a0186e1500cb ] Request (ListServersNegativeTestJSON:tearDownClass): 200 GET http://10.180.1.21/compute/v2.1/servers/8e522206-6060-4e1c-b097-4cab6d7d1c4e 0.079s
2025-12-09 16:46:00.450 65503 WARNING tempest.lib.common.ssh [-] Failed to establish authenticated ssh connection to cirros@10.180.180.153 ([Errno None] Unable to connect to port 22 on 10.180.180.153). Number attempts: 7. Retry after 8 seconds.: paramiko.ssh_exception.NoValidConnectionsError: [Errno None] Unable to connect to port 22 on 10.180.180.153
2025-12-09 16:46:00.549 65533 INFO tempest.lib.common.rest_client [req-2a3607e0-9419-480c-9b8e-365de2b557ee req-2a3607e0-9419-480c-9b8e-365de2b557ee ] Request (MigrationsAdminTest:test_resize_server_revert_deleted_flavor): 200 GET http://10.180.1.21/compute/v2.1/servers/7a3a2430-ec54-4201-af5b-3f490916c56b 0.103s
2025-12-09 16:46:00.615 65513 INFO tempest.lib.common.rest_client [req-8d9e7022-fdcf-4722-9482-6e6c552c3aae req-8d9e7022-fdcf-4722-9482-6e6c552c3aae ] Request (FloatingIPsAssociationNegativeTestJSON:tearDownClass): 200 GET http://10.180.1.21/compute/v2.1/servers/613318cf-2d7f-4d1f-a403-662c0f488b9c 0.118s
2025-12-09 16:46:00.818 65527 INFO tempest.lib.common.rest_client [req-dc2c173d-6aba-4ae0-9dfa-c3fd8ac7ae22 req-dc2c173d-6aba-4ae0-9dfa-c3fd8ac7ae22 ] Request (ServerActionsTestOtherB:test_resize_server_confirm_from_stopped): 200 GET http://10.180.1.21/compute/v2.1/servers/f03ec022-41f1-4d1e-84fc-f0ff623b18d9 0.278s
2025-12-09 16:46:00.858 65509 INFO tempest.lib.common.rest_client [req-b29ba36f-d375-4777-a57d-dfd6c4859c77 req-b29ba36f-d375-4777-a57d-dfd6c4859c77 ] Request (MultipleCreateTestJSON:test_multiple_create): 200 GET http://10.180.1.21/compute/v2.1/servers/435ac28f-3cd8-4305-aa4a-56221528e78b 0.409s
2025-12-09 16:46:00.888 65511 INFO tempest.lib.common.rest_client [req-580ea82f-2c39-4493-811c-a391eba33c10 req-580ea82f-2c39-4493-811c-a391eba33c10 ] Request (DeleteServersTestJSON:test_delete_server_while_in_attached_volume): 200 GET http://10.180.1.21/compute/v2.1/servers/68bce889-518e-40bd-b4c7-b7f1334f1e73 0.343s
2025-12-09 16:46:00.913 65515 INFO tempest.lib.common.rest_client [req-c8d35264-e81e-4c41-9e2e-a9755f71f4ee req-c8d35264-e81e-4c41-9e2e-a9755f71f4ee ] Request (ListServerFiltersTestJSON:tearDownClass): 200 GET http://10.180.1.21/compute/v2.1/servers/063851bb-1cc9-443e-97e7-c54f8a2549a6 0.320s
2025-12-09 16:46:00.940 65543 INFO tempest.lib.common.rest_client [req-50b51e28-7976-4ca6-acf8-57a51cb2c26a req-50b51e28-7976-4ca6-acf8-57a51cb2c26a ] Request (ServerDiskConfigTestJSON:test_resize_server_from_auto_to_manual): 200 GET http://10.180.1.21/compute/v2.1/servers/d73d4fc9-3f1a-48d1-9d66-42d0070a2924 0.290s
2025-12-09 16:46:00.996 65531 INFO tempest.lib.common.rest_client [req-96892dc5-5cce-4006-9b48-dfdaa8e6dba1 req-96892dc5-5cce-4006-9b48-dfdaa8e6dba1 ] Request (ServersListShow296Test:test_list_show_update_rebuild_server_296): 200 GET http://10.180.1.21/compute/v2.1/servers/efcc5d95-87ff-49bc-b95c-bc0eb6c64007 0.121s
2025-12-09 16:46:01.047 65505 INFO tempest.lib.common.rest_client [req-e88afa15-e3ee-4f30-a60c-d5430ec30cd3 req-e88afa15-e3ee-4f30-a60c-d5430ec30cd3 ] Request (ImagesTestJSON:test_create_server_from_snapshot): 200 GET http://10.180.1.21/compute/v2.1/servers/ceb58ac3-e947-4cb5-ad7d-f52102f3190d 0.125s
2025-12-09 16:46:01.055 65507 INFO tempest.lib.common.rest_client [req-81b19897-883e-42c2-b152-e9c2f5bd6f8d req-81b19897-883e-42c2-b152-e9c2f5bd6f8d ] Request (ServersAdminTestJSON:test_rebuild_server_in_error_state): 200 GET http://10.180.1.21/compute/v2.1/servers/eca677de-e4e4-4a45-a344-a354c809be29 0.227s
2025-12-09 16:46:01.108 65491 INFO tempest.lib.common.rest_client [req-9012cf50-79ac-4a9d-bf1b-6a71ff9d7afa req-9012cf50-79ac-4a9d-bf1b-6a71ff9d7afa ] Request (AttachVolumeNegativeTest:test_attach_attached_volume_to_different_server): 200 GET http://10.180.1.21/compute/v2.1/servers/07b0a0e7-85fe-4d2d-bc4b-136a55de13aa 0.136s
2025-12-09 16:46:01.121 65491 INFO tempest.common.waiters [-] State transition "BUILD/scheduling" ==> "BUILD/None" after 7 second wait
2025-12-09 16:46:01.126 65487 INFO tempest.lib.common.rest_client [req-4cab8709-4e89-44a3-a686-5bd5bb158ba0 req-4cab8709-4e89-44a3-a686-5bd5bb158ba0 ] Request (ServerActionsTestJSON:setUpClass): 200 GET http://10.180.1.21/compute/v2.1/servers/1827d4e8-a1de-4f7c-9ccf-c4c241c8ba67 0.074s
2025-12-09 16:46:01.232 65485 INFO tempest.lib.common.rest_client [req-e50dce79-0690-4f58-83dd-5af614323062 req-e50dce79-0690-4f58-83dd-5af614323062 ] Request (SecurityGroupsTestJSON:tearDownClass): 200 GET http://10.180.1.21/compute/v2.1/servers/1f725518-d341-42f4-82a6-4115e3d0155b 0.063s
2025-12-09 16:46:01.299 65525 INFO tempest.lib.common.rest_client [req-3d349d9d-6334-480d-89e1-9309bd229ee4 req-3d349d9d-6334-480d-89e1-9309bd229ee4 ] Request (ServerGroupTestJSON:test_create_server_with_scheduler_hint_group): 200 GET http://10.180.1.21/compute/v2.1/servers/1ad306c3-ae7a-4f2f-8970-1fb55215b00d 0.082s
2025-12-09 16:46:01.307 65525 INFO tempest.common.waiters [-] State transition "BUILD/None" ==> "BUILD/networking" after 65 second wait
2025-12-09 16:46:01.385 65497 INFO tempest.lib.common.rest_client [req-cdf7062c-6ee5-4025-85ff-0ead5a06ba26 req-cdf7062c-6ee5-4025-85ff-0ead5a06ba26 ] Request (ServersTestMultiNic:_run_cleanups): 200 GET http://10.180.1.21/compute/v2.1/servers/9d033ead-84eb-4ae8-bb4e-cbdfdae3ef8b 0.110s
2025-12-09 16:46:01.457 65521 INFO tempest.lib.common.rest_client [req-44bbbfcd-ed4a-4611-94ba-e77441ee7f01 req-44bbbfcd-ed4a-4611-94ba-e77441ee7f01 ] Request (ServersWithSpecificFlavorTestJSON:test_verify_created_server_ephemeral_disk): 200 GET http://10.180.1.21/compute/v2.1/servers/3e03dd55-79bc-4257-bcbf-994ab4f22047 0.149s
2025-12-09 16:46:01.512 65481 INFO tempest.lib.common.rest_client [req-ad11c971-0355-498e-be9c-cb3130f851f6 req-ad11c971-0355-498e-be9c-cb3130f851f6 ] Request (FloatingIPsAssociationTestJSON:tearDownClass): 200 GET http://10.180.1.21/compute/v2.1/servers/7b656fc1-5435-432d-818e-29e8a2576ad1 0.402s
2025-12-09 16:46:01.527 65539 INFO tempest.lib.common.rest_client [req-9eaa2796-a0cb-4b2f-82c8-4e472ed67fbf req-9eaa2796-a0cb-4b2f-82c8-4e472ed67fbf ] Request (ServersTestManualDisk:setUpClass): 200 GET http://10.180.1.21/compute/v2.1/servers/428c7568-6828-495f-a901-1c6d2ed80fbc 0.205s
2025-12-09 16:46:01.554 65523 INFO tempest.lib.common.rest_client [req-4d91407c-72fc-40ca-848f-a05f7152a664 req-4d91407c-72fc-40ca-848f-a05f7152a664 ] Request (ListImageFiltersTestJSON:setUpClass): 200 GET http://10.180.1.21/compute/v2.1/images/72be5445-ffe9-42f4-a2d2-84a8486ac045 0.222s
2025-12-09 16:46:01.615 65517 INFO tempest.lib.common.rest_client [req-503574bc-d997-4c40-9c90-6ae807233f4e req-503574bc-d997-4c40-9c90-6ae807233f4e ] Request (ListServersNegativeTestJSON:tearDownClass): 200 GET http://10.180.1.21/compute/v2.1/servers/8e522206-6060-4e1c-b097-4cab6d7d1c4e 0.237s
2025-12-09 16:46:01.723 65533 INFO tempest.lib.common.rest_client [req-de04739f-f15f-468e-b5de-5ebd40e0a031 req-de04739f-f15f-468e-b5de-5ebd40e0a031 ] Request (MigrationsAdminTest:test_resize_server_revert_deleted_flavor): 200 GET http://10.180.1.21/compute/v2.1/servers/7a3a2430-ec54-4201-af5b-3f490916c56b 0.165s
2025-12-09 16:46:01.737 65513 INFO tempest.lib.common.rest_client [req-7b04a907-e6f1-4f45-8a58-3e0cf1f12a63 req-7b04a907-e6f1-4f45-8a58-3e0cf1f12a63 ] Request (FloatingIPsAssociationNegativeTestJSON:tearDownClass): 200 GET http://10.180.1.21/compute/v2.1/servers/613318cf-2d7f-4d1f-a403-662c0f488b9c 0.106s
2025-12-09 16:46:01.974 65527 INFO tempest.lib.common.rest_client [req-d7372192-3646-4936-b289-b33115f5d8f7 req-d7372192-3646-4936-b289-b33115f5d8f7 ] Request (ServerActionsTestOtherB:test_resize_server_confirm_from_stopped): 200 GET http://10.180.1.21/compute/v2.1/servers/f03ec022-41f1-4d1e-84fc-f0ff623b18d9 0.148s
2025-12-09 16:46:01.997 65509 INFO tempest.lib.common.rest_client [req-8adb7af4-d172-4106-880b-44c006c17073 req-8adb7af4-d172-4106-880b-44c006c17073 ] Request (MultipleCreateTestJSON:test_multiple_create): 200 GET http://10.180.1.21/compute/v2.1/servers/435ac28f-3cd8-4305-aa4a-56221528e78b 0.131s
2025-12-09 16:46:02.028 65511 INFO tempest.lib.common.rest_client [req-73211a97-1c74-4891-8c18-950a5a765db5 req-73211a97-1c74-4891-8c18-950a5a765db5 ] Request (DeleteServersTestJSON:test_delete_server_while_in_attached_volume): 200 GET http://10.180.1.21/compute/v2.1/servers/68bce889-518e-40bd-b4c7-b7f1334f1e73 0.131s
2025-12-09 16:46:02.060 65515 INFO tempest.lib.common.rest_client [req-52f95e5e-6048-4f4e-8b82-7a0a4d9c5c45 req-52f95e5e-6048-4f4e-8b82-7a0a4d9c5c45 ] Request (ListServerFiltersTestJSON:tearDownClass): 200 GET http://10.180.1.21/compute/v2.1/servers/063851bb-1cc9-443e-97e7-c54f8a2549a6 0.135s
2025-12-09 16:46:02.083 65543 INFO tempest.lib.common.rest_client [req-6939dfe2-ff7c-48a7-87e3-f690e61654e1 req-6939dfe2-ff7c-48a7-87e3-f690e61654e1 ] Request (ServerDiskConfigTestJSON:test_resize_server_from_auto_to_manual): 200 GET http://10.180.1.21/compute/v2.1/servers/d73d4fc9-3f1a-48d1-9d66-42d0070a2924 0.135s
2025-12-09 16:46:02.122 65531 INFO tempest.lib.common.rest_client [req-4599f356-4405-45d3-87c7-581098edd985 req-4599f356-4405-45d3-87c7-581098edd985 ] Request (ServersListShow296Test:test_list_show_update_rebuild_server_296): 200 GET http://10.180.1.21/compute/v2.1/servers/efcc5d95-87ff-49bc-b95c-bc0eb6c64007 0.115s
2025-12-09 16:46:02.134 65505 INFO tempest.lib.common.rest_client [req-dc1a05af-81c6-4259-98a4-046fd064b05e req-dc1a05af-81c6-4259-98a4-046fd064b05e ] Request (ImagesTestJSON:test_create_server_from_snapshot): 200 GET http://10.180.1.21/compute/v2.1/servers/ceb58ac3-e947-4cb5-ad7d-f52102f3190d 0.078s
2025-12-09 16:46:02.233 65491 INFO tempest.lib.common.rest_client [req-9a47e5a6-5834-4803-b674-856227d5e3f7 req-9a47e5a6-5834-4803-b674-856227d5e3f7 ] Request (AttachVolumeNegativeTest:test_attach_attached_volume_to_different_server): 200 GET http://10.180.1.21/compute/v2.1/servers/07b0a0e7-85fe-4d2d-bc4b-136a55de13aa 0.111s
2025-12-09 16:46:02.256 65507 INFO tempest.lib.common.rest_client [req-79b4cc38-ab81-474f-95dc-a0335711189a req-79b4cc38-ab81-474f-95dc-a0335711189a ] Request (ServersAdminTestJSON:test_rebuild_server_in_error_state): 200 GET http://10.180.1.21/compute/v2.1/servers/eca677de-e4e4-4a45-a344-a354c809be29 0.191s
2025-12-09 16:46:02.281 65487 INFO tempest.lib.common.rest_client [req-37b82f33-0bd8-4241-b092-fcccfe4b422d req-37b82f33-0bd8-4241-b092-fcccfe4b422d ] Request (ServerActionsTestJSON:setUpClass): 200 GET http://10.180.1.21/compute/v2.1/servers/1827d4e8-a1de-4f7c-9ccf-c4c241c8ba67 0.146s
2025-12-09 16:46:02.312 65485 INFO tempest.lib.common.rest_client [req-f18f236b-51b5-4310-8bff-d59c19b9f952 req-f18f236b-51b5-4310-8bff-d59c19b9f952 ] Request (SecurityGroupsTestJSON:tearDownClass): 200 GET http://10.180.1.21/compute/v2.1/servers/1f725518-d341-42f4-82a6-4115e3d0155b 0.071s
2025-12-09 16:46:02.400 65525 INFO tempest.lib.common.rest_client [req-e076eea8-e50e-4dea-b7fc-5b023bd101a2 req-e076eea8-e50e-4dea-b7fc-5b023bd101a2 ] Request (ServerGroupTestJSON:test_create_server_with_scheduler_hint_group): 200 GET http://10.180.1.21/compute/v2.1/servers/1ad306c3-ae7a-4f2f-8970-1fb55215b00d 0.091s
2025-12-09 16:46:02.407 65525 INFO tempest.common.waiters [-] State transition "BUILD/networking" ==> "BUILD/spawning" after 66 second wait
2025-12-09 16:46:02.416 65497 INFO tempest.lib.common.rest_client [req-f99003e9-99a6-487d-b616-7f8022af22f6 req-f99003e9-99a6-487d-b616-7f8022af22f6 ] Request (ServersTestMultiNic:_run_cleanups): 404 GET http://10.180.1.21/compute/v2.1/servers/9d033ead-84eb-4ae8-bb4e-cbdfdae3ef8b 0.021s
2025-12-09 16:46:02.568 65497 INFO tempest.lib.common.rest_client [req-c9835368-6076-457d-aa5b-4b159faa4d2f req-c9835368-6076-457d-aa5b-4b159faa4d2f ] Request (ServersTestMultiNic:_run_cleanups): 204 DELETE http://10.180.1.21/networking/v2.0/subnets/e4d73e2e-d8c3-479b-a9d9-09b7995062cd 0.152s
2025-12-09 16:46:02.595 65521 INFO tempest.lib.common.rest_client [req-d950baf3-39a0-4731-81c6-7fe8ff0a4717 req-d950baf3-39a0-4731-81c6-7fe8ff0a4717 ] Request (ServersWithSpecificFlavorTestJSON:test_verify_created_server_ephemeral_disk): 200 GET http://10.180.1.21/compute/v2.1/servers/3e03dd55-79bc-4257-bcbf-994ab4f22047 0.125s
2025-12-09 16:46:02.897 65497 INFO tempest.lib.common.rest_client [req-4da00746-5ca4-4cab-b51c-5657da604891 req-4da00746-5ca4-4cab-b51c-5657da604891 ] Request (ServersTestMultiNic:_run_cleanups): 204 DELETE http://10.180.1.21/networking/v2.0/networks/48fdb8b7-2554-4fb7-8275-11c037afcc5a 0.328s
2025-12-09 16:46:02.922 65481 INFO tempest.lib.common.rest_client [req-f389ba0e-bf3d-4d92-a924-bf8282c1e384 req-f389ba0e-bf3d-4d92-a924-bf8282c1e384 ] Request (FloatingIPsAssociationTestJSON:tearDownClass): 200 GET http://10.180.1.21/compute/v2.1/servers/7b656fc1-5435-432d-818e-29e8a2576ad1 0.402s
2025-12-09 16:46:02.937 65539 INFO tempest.lib.common.rest_client [req-c19e015f-1ac9-400f-8489-b648c8d104b8 req-c19e015f-1ac9-400f-8489-b648c8d104b8 ] Request (ServersTestManualDisk:setUpClass): 200 GET http://10.180.1.21/compute/v2.1/servers/428c7568-6828-495f-a901-1c6d2ed80fbc 0.401s
2025-12-09 16:46:02.966 65523 INFO tempest.lib.common.rest_client [req-72f16502-c6e1-4597-bb7a-a6e46e451df1 req-72f16502-c6e1-4597-bb7a-a6e46e451df1 ] Request (ListImageFiltersTestJSON:setUpClass): 200 GET http://10.180.1.21/compute/v2.1/images/72be5445-ffe9-42f4-a2d2-84a8486ac045 0.407s
2025-12-09 16:46:03.063 65497 INFO tempest.lib.common.rest_client [req-48bc0659-1ff4-429a-ab56-cd50ddd8d345 req-48bc0659-1ff4-429a-ab56-cd50ddd8d345 ] Request (ServersTestMultiNic:_run_cleanups): 204 DELETE http://10.180.1.21/networking/v2.0/subnets/a7861bd7-d4a1-4917-88e0-67b34b50cdb6 0.165s
2025-12-09 16:46:03.086 65517 INFO tempest.lib.common.rest_client [req-000358e8-2684-4def-b55c-5bad0e4d9d39 req-000358e8-2684-4def-b55c-5bad0e4d9d39 ] Request (ListServersNegativeTestJSON:tearDownClass): 200 GET http://10.180.1.21/compute/v2.1/servers/8e522206-6060-4e1c-b097-4cab6d7d1c4e 0.465s
2025-12-09 16:46:03.197 65533 INFO tempest.lib.common.rest_client [req-7a5cf04e-802d-4072-9107-f375c2061ba5 req-7a5cf04e-802d-4072-9107-f375c2061ba5 ] Request (MigrationsAdminTest:test_resize_server_revert_deleted_flavor): 200 GET http://10.180.1.21/compute/v2.1/servers/7a3a2430-ec54-4201-af5b-3f490916c56b 0.465s
2025-12-09 16:46:03.212 65513 INFO tempest.lib.common.rest_client [req-f549cbfc-97bc-4907-b5ca-92cf96b2d273 req-f549cbfc-97bc-4907-b5ca-92cf96b2d273 ] Request (FloatingIPsAssociationNegativeTestJSON:tearDownClass): 200 GET http://10.180.1.21/compute/v2.1/servers/613318cf-2d7f-4d1f-a403-662c0f488b9c 0.467s
2025-12-09 16:46:03.301 65519 INFO paramiko.transport [-] Connected (version 2.0, client dropbear_2020.81)
2025-12-09 16:46:03.367 65519 INFO paramiko.transport [-] Authentication (publickey) successful!
2025-12-09 16:46:03.368 65519 INFO tempest.lib.common.ssh [-] ssh connection to cirros@10.180.180.134 successfully created
2025-12-09 16:46:03.377 65519 INFO tempest.lib.common.ssh [-] Creating ssh connection to '10.180.180.134:22' as 'cirros' with public key authentication
2025-12-09 16:46:03.381 65519 INFO paramiko.transport [-] Connected (version 2.0, client dropbear_2020.81)
2025-12-09 16:46:03.390 65527 INFO tempest.lib.common.rest_client [req-d2ec3f22-77a7-4b47-a5cd-0a347d88a2fb req-d2ec3f22-77a7-4b47-a5cd-0a347d88a2fb ] Request (ServerActionsTestOtherB:test_resize_server_confirm_from_stopped): 200 GET http://10.180.1.21/compute/v2.1/servers/f03ec022-41f1-4d1e-84fc-f0ff623b18d9 0.408s
2025-12-09 16:46:03.414 65509 INFO tempest.lib.common.rest_client [req-89687482-86ae-4e92-94fb-ca50e790f377 req-89687482-86ae-4e92-94fb-ca50e790f377 ] Request (MultipleCreateTestJSON:test_multiple_create): 200 GET http://10.180.1.21/compute/v2.1/servers/435ac28f-3cd8-4305-aa4a-56221528e78b 0.410s
2025-12-09 16:46:03.427 65497 INFO tempest.lib.common.rest_client [req-9599639a-922b-4429-a8c5-fa62761cf2cb req-9599639a-922b-4429-a8c5-fa62761cf2cb ] Request (ServersTestMultiNic:_run_cleanups): 204 DELETE http://10.180.1.21/networking/v2.0/networks/27483d8f-54d9-4ba2-880b-817a96c154f7 0.363s
2025-12-09 16:46:03.442 65519 INFO paramiko.transport [-] Authentication (publickey) successful!
2025-12-09 16:46:03.442 65519 INFO tempest.lib.common.ssh [-] ssh connection to cirros@10.180.180.134 successfully created
2025-12-09 16:46:03.454 65511 INFO tempest.lib.common.rest_client [req-f3466b8f-2baa-4045-b86c-ffb09b70e8a3 req-f3466b8f-2baa-4045-b86c-ffb09b70e8a3 ] Request (DeleteServersTestJSON:test_delete_server_while_in_attached_volume): 200 GET http://10.180.1.21/compute/v2.1/servers/68bce889-518e-40bd-b4c7-b7f1334f1e73 0.415s
2025-12-09 16:46:03.483 65515 INFO tempest.lib.common.rest_client [req-0bed0e86-6265-4a02-9cbf-970c631202f2 req-0bed0e86-6265-4a02-9cbf-970c631202f2 ] Request (ListServerFiltersTestJSON:tearDownClass): 200 GET http://10.180.1.21/compute/v2.1/servers/063851bb-1cc9-443e-97e7-c54f8a2549a6 0.413s
2025-12-09 16:46:03.511 65543 INFO tempest.lib.common.rest_client [req-ffbe786f-eb9f-4432-97d1-e8bf08a1ddb2 req-ffbe786f-eb9f-4432-97d1-e8bf08a1ddb2 ] Request (ServerDiskConfigTestJSON:test_resize_server_from_auto_to_manual): 200 GET http://10.180.1.21/compute/v2.1/servers/d73d4fc9-3f1a-48d1-9d66-42d0070a2924 0.420s
2025-12-09 16:46:03.543 65531 INFO tempest.lib.common.rest_client [req-961314a1-8714-43cf-9788-354686ae6ff7 req-961314a1-8714-43cf-9788-354686ae6ff7 ] Request (ServersListShow296Test:test_list_show_update_rebuild_server_296): 200 GET http://10.180.1.21/compute/v2.1/servers/efcc5d95-87ff-49bc-b95c-bc0eb6c64007 0.410s
2025-12-09 16:46:03.545 65497 INFO tempest.lib.common.rest_client [req-5cdd7337-c65b-4508-b8d6-feb72d6d5255 req-5cdd7337-c65b-4508-b8d6-feb72d6d5255 ] Request (ServersTestMultiNic:test_verify_multiple_nics_order): 201 POST http://10.180.1.21/networking/v2.0/networks 0.116s
2025-12-09 16:46:03.565 65505 INFO tempest.lib.common.rest_client [req-2bcea0b0-094c-441d-b409-228cf47ace9e req-2bcea0b0-094c-441d-b409-228cf47ace9e ] Request (ImagesTestJSON:test_create_server_from_snapshot): 200 GET http://10.180.1.21/compute/v2.1/servers/ceb58ac3-e947-4cb5-ad7d-f52102f3190d 0.423s
2025-12-09 16:46:03.595 65491 INFO tempest.lib.common.rest_client [req-f7adf452-92b1-45cb-8189-306f2d6ba5f8 req-f7adf452-92b1-45cb-8189-306f2d6ba5f8 ] Request (AttachVolumeNegativeTest:test_attach_attached_volume_to_different_server): 200 GET http://10.180.1.21/compute/v2.1/servers/07b0a0e7-85fe-4d2d-bc4b-136a55de13aa 0.353s
2025-12-09 16:46:03.678 65507 INFO tempest.lib.common.rest_client [req-89dad2e5-eaa3-4057-8001-b4e00d21150c req-89dad2e5-eaa3-4057-8001-b4e00d21150c ] Request (ServersAdminTestJSON:test_rebuild_server_in_error_state): 200 GET http://10.180.1.21/compute/v2.1/servers/eca677de-e4e4-4a45-a344-a354c809be29 0.414s
2025-12-09 16:46:03.690 65487 INFO tempest.lib.common.rest_client [req-5c3bb3aa-982d-45cf-ac97-5e7491c4cdeb req-5c3bb3aa-982d-45cf-ac97-5e7491c4cdeb ] Request (ServerActionsTestJSON:setUpClass): 200 GET http://10.180.1.21/compute/v2.1/servers/1827d4e8-a1de-4f7c-9ccf-c4c241c8ba67 0.402s
2025-12-09 16:46:03.770 65497 INFO tempest.lib.common.rest_client [req-da9aeb34-0e6a-4cf0-b4d0-62c5c15074de req-da9aeb34-0e6a-4cf0-b4d0-62c5c15074de ] Request (ServersTestMultiNic:test_verify_multiple_nics_order): 201 POST http://10.180.1.21/networking/v2.0/subnets 0.224s
2025-12-09 16:46:03.793 65485 INFO tempest.lib.common.rest_client [req-bf11dad0-1e91-48bb-b6ac-01e9f3b2f01a req-bf11dad0-1e91-48bb-b6ac-01e9f3b2f01a ] Request (SecurityGroupsTestJSON:tearDownClass): 200 GET http://10.180.1.21/compute/v2.1/servers/1f725518-d341-42f4-82a6-4115e3d0155b 0.472s
2025-12-09 16:46:03.809 65525 INFO tempest.lib.common.rest_client [req-ca70f25c-8b8e-489d-b161-854fd6ca066d req-ca70f25c-8b8e-489d-b161-854fd6ca066d ] Request (ServerGroupTestJSON:test_create_server_with_scheduler_hint_group): 200 GET http://10.180.1.21/compute/v2.1/servers/1ad306c3-ae7a-4f2f-8970-1fb55215b00d 0.400s
2025-12-09 16:46:03.849 65521 INFO tempest.lib.common.rest_client [req-05a19727-4df8-4e4c-a95c-873d7142ba7a req-05a19727-4df8-4e4c-a95c-873d7142ba7a ] Request (ServersWithSpecificFlavorTestJSON:test_verify_created_server_ephemeral_disk): 200 GET http://10.180.1.21/compute/v2.1/servers/3e03dd55-79bc-4257-bcbf-994ab4f22047 0.244s
2025-12-09 16:46:03.914 65497 INFO tempest.lib.common.rest_client [req-e89b17f9-6f6b-449b-a82f-98393ada3d6a req-e89b17f9-6f6b-449b-a82f-98393ada3d6a ] Request (ServersTestMultiNic:test_verify_multiple_nics_order): 201 POST http://10.180.1.21/networking/v2.0/networks 0.143s
2025-12-09 16:46:03.997 65481 INFO tempest.lib.common.rest_client [req-cb516a6d-e3ab-48c1-9be2-3a919eac0804 req-cb516a6d-e3ab-48c1-9be2-3a919eac0804 ] Request (FloatingIPsAssociationTestJSON:tearDownClass): 200 GET http://10.180.1.21/compute/v2.1/servers/7b656fc1-5435-432d-818e-29e8a2576ad1 0.065s
2025-12-09 16:46:04.009 65539 INFO tempest.lib.common.rest_client [req-39f5379c-9403-42a8-a506-63006e858d49 req-39f5379c-9403-42a8-a506-63006e858d49 ] Request (ServersTestManualDisk:setUpClass): 200 GET http://10.180.1.21/compute/v2.1/servers/428c7568-6828-495f-a901-1c6d2ed80fbc 0.063s
2025-12-09 16:46:04.031 65523 INFO tempest.lib.common.rest_client [req-78821f1b-ede4-4b15-b532-3e9dcd6e0d4e req-78821f1b-ede4-4b15-b532-3e9dcd6e0d4e ] Request (ListImageFiltersTestJSON:setUpClass): 200 GET http://10.180.1.21/compute/v2.1/images/72be5445-ffe9-42f4-a2d2-84a8486ac045 0.060s
2025-12-09 16:46:04.112 65497 INFO tempest.lib.common.rest_client [req-a38f4128-d9f5-4dec-a72b-df9735a261b3 req-a38f4128-d9f5-4dec-a72b-df9735a261b3 ] Request (ServersTestMultiNic:test_verify_multiple_nics_order): 201 POST http://10.180.1.21/networking/v2.0/subnets 0.198s
