2025-12-09 16:43:43.928 65531 INFO tempest.lib.common.rest_client [req-ec258026-3bd3-46f3-82cf-fd1b4e25e40e req-ec258026-3bd3-46f3-82cf-fd1b4e25e40e ] Request (ServerMetadataTestJSON:setUpClass): 200 GET http://10.180.1.21/compute/v2.1/servers/568c698c-bd63-4f96-81df-f84c7677629e 2.195s
2025-12-09 16:43:43.958 65497 INFO tempest.lib.common.rest_client [req-bf2d06de-4b15-4d20-adea-eeb1295b8f01 req-bf2d06de-4b15-4d20-adea-eeb1295b8f01 ] Request (ServicesAdminTestJSON:test_get_service_by_host_name): 200 GET http://10.180.1.21/compute/v2.1/os-services?host=devstack 2.004s
2025-12-09 16:43:44.036 65533 INFO tempest.lib.common.rest_client [req-fb76b0e5-5c91-40d9-be31-76826305fd52 req-fb76b0e5-5c91-40d9-be31-76826305fd52 ] Request (MigrationsAdminTest:test_list_migrations_in_flavor_resize_situation): 201 POST http://10.180.1.21/networking/v2.0/security-group-rules 0.140s
2025-12-09 16:43:44.071 65507 INFO tempest.lib.common.rest_client [req-31ed67fe-7fe9-4c3b-97fc-13184ab5b1cb req-31ed67fe-7fe9-4c3b-97fc-13184ab5b1cb ] Request (ServersAdminTestJSON:setUpClass): 200 GET http://10.180.1.21/compute/v2.1/servers/eca677de-e4e4-4a45-a344-a354c809be29 2.313s
2025-12-09 16:43:44.091 65483 INFO tempest.lib.common.rest_client [req-82dd789e-1839-401a-a3d3-98fe3fa41021 req-82dd789e-1839-401a-a3d3-98fe3fa41021 ] Request (DeleteServersAdminTestJSON:test_delete_server_while_in_error_state): 200 GET http://10.180.1.21/compute/v2.1/servers/b23272e0-6116-4d55-9e0d-0819b2106e3e 2.052s
2025-12-09 16:43:44.117 65493 INFO tempest.lib.common.rest_client [req-5edfca13-b520-4f8d-8440-67754b69749b req-5edfca13-b520-4f8d-8440-67754b69749b ] Request (FlavorsV2TestJSON:test_list_flavors): 200 GET http://10.180.1.21/compute/v2.1/flavors 1.831s
2025-12-09 16:43:44.182 65507 INFO tempest.lib.common.rest_client [req-be9d397f-c2cd-4057-8cef-1da24d756553 req-be9d397f-c2cd-4057-8cef-1da24d756553 ] Request (ServersAdminTestJSON:test_create_server_with_scheduling_hint): 201 POST http://10.180.1.21/identity/v3/auth/tokens 0.098s
2025-12-09 16:43:44.182 65507 INFO tempest.lib.common.fixed_network [-] (ServersAdminTestJSON:test_create_server_with_scheduling_hint) Found network {'id': 'b417a9fb-c7e6-4b44-a198-fa11cde2daea', 'name': 'tempest-ServersAdminTestJSON-793711545-network', 'tenant_id': '7f650f81d8494a218a1c4d8e74f1adfb', 'project_id': '7f650f81d8494a218a1c4d8e74f1adfb', 'admin_state_up': True, 'mtu': 8950, 'status': 'ACTIVE', 'subnets': [], 'shared': False, 'port_security_enabled': True, 'router:external': False, 'provider:network_type': 'vlan', 'provider:physical_network': 'default', 'provider:segmentation_id': 196, 'availability_zone_hints': [], 'availability_zones': [], 'ipv4_address_scope': None, 'ipv6_address_scope': None, 'description': '', 'tags': [], 'created_at': '2025-12-09T16:42:43Z', 'updated_at': '2025-12-09T16:42:43Z', 'revision_number': 1} available for tenant
2025-12-09 16:43:44.201 65533 INFO tempest.lib.common.rest_client [req-02213a09-de6f-41da-84ff-51aab0cfccc9 req-02213a09-de6f-41da-84ff-51aab0cfccc9 ] Request (MigrationsAdminTest:test_list_migrations_in_flavor_resize_situation): 201 POST http://10.180.1.21/networking/v2.0/security-group-rules 0.165s
2025-12-09 16:43:44.209 65499 INFO tempest.lib.common.rest_client [req-af3deacc-ccf7-4e64-9a9a-f70b4469b961 req-af3deacc-ccf7-4e64-9a9a-f70b4469b961 ] Request (TenantUsagesTestJSON:test_get_usage_tenant): 200 GET http://10.180.1.21/compute/v2.1/os-simple-tenant-usage/dc422493730649f1892b279ae8090083?start=2025-12-08T16%3A43%3A42.117481&end=2025-12-10T16%3A43%3A42.117481 2.091s
2025-12-09 16:43:44.381 65489 INFO tempest.lib.common.rest_client [req-133ce683-566d-460f-beb1-7ca2d868eff1 req-133ce683-566d-460f-beb1-7ca2d868eff1 ] Request (ServerShowV254Test:test_rebuild_server): 202 POST http://10.180.1.21/compute/v2.1/servers 2.080s
2025-12-09 16:43:44.706 65533 INFO tempest.lib.common.rest_client [req-0423f855-2e51-4e0b-824f-a67603dca580 req-0423f855-2e51-4e0b-824f-a67603dca580 ] Request (MigrationsAdminTest:test_list_migrations_in_flavor_resize_situation): 201 POST http://10.180.1.21/networking/v2.0/floatingips 0.504s
2025-12-09 16:43:44.756 65527 INFO tempest.lib.common.rest_client [req-8ae52583-8b95-481d-a78c-69bec99f772d req-8ae52583-8b95-481d-a78c-69bec99f772d ] Request (ServerActionsTestOtherB:test_create_backup): 200 GET http://10.180.1.21/image/v2/images/eb2be4be-f914-40a1-b38c-cee8787f0e9c 0.020s
2025-12-09 16:43:44.803 65523 INFO tempest.lib.common.rest_client [req-d852f4ef-7ca7-4aea-a0e1-fe67ebab4bec req-d852f4ef-7ca7-4aea-a0e1-fe67ebab4bec ] Request (VolumesAdminNegativeTest:tearDownClass): 200 GET http://10.180.1.21/compute/v2.1/servers/7f4fee31-2257-477a-8b9d-17e38c16a6e4 2.357s
2025-12-09 16:43:44.873 65503 INFO tempest.lib.common.rest_client [req-e1ece2ac-edb7-4476-8cd1-fa2994936cc8 req-e1ece2ac-edb7-4476-8cd1-fa2994936cc8 ] Request (AttachInterfacesV270Test:tearDownClass): 200 GET http://10.180.1.21/compute/v2.1/servers/09df5180-aa9d-46df-814a-865c17211ae9 2.479s
2025-12-09 16:43:44.889 65519 INFO tempest.lib.common.rest_client [req-77ff768f-53f6-4c84-9df6-711ae8428294 req-77ff768f-53f6-4c84-9df6-711ae8428294 ] Request (ServersTestBootFromVolume:test_verify_created_server_vcpus): 200 GET http://10.180.1.21/compute/v2.1/flavors/42 2.118s
2025-12-09 16:43:44.891 65519 INFO tempest.lib.common.ssh [-] Creating ssh connection to '10.180.180.237:22' as 'cirros' with public key authentication
2025-12-09 16:43:44.897 65519 INFO paramiko.transport [-] Connected (version 2.0, client dropbear_2020.81)
2025-12-09 16:43:44.957 65519 INFO paramiko.transport [-] Authentication (publickey) successful!
2025-12-09 16:43:44.961 65519 INFO tempest.lib.common.ssh [-] ssh connection to cirros@10.180.180.237 successfully created
2025-12-09 16:43:45.182 65543 INFO tempest.lib.common.rest_client [req-bb7b621f-2a5a-4b9e-a2f5-7520ff241cd7 req-bb7b621f-2a5a-4b9e-a2f5-7520ff241cd7 ] Request (ServerDiskConfigTestJSON:test_rebuild_server_with_manual_disk_config): 200 GET http://10.180.1.21/compute/v2.1/servers/392233e9-098b-4a30-be51-a95bbfc48058 2.517s
2025-12-09 16:43:45.225 65491 INFO tempest.lib.common.rest_client [req-44c03cc7-1ec1-4bce-8c73-9b4f844ed64f req-44c03cc7-1ec1-4bce-8c73-9b4f844ed64f ] Request (ImagesMetadataTestJSON:test_set_image_metadata): 200 PUT http://10.180.1.21/compute/v2.1/images/bd0690f4-a25a-4a82-ac74-db322e9bd0d5/metadata 2.385s
2025-12-09 16:43:45.280 65539 INFO tempest.lib.common.rest_client [req-902878d1-f1ec-44bb-8722-3297fcf4f1e2 req-902878d1-f1ec-44bb-8722-3297fcf4f1e2 ] Request (ServersAdminNegativeTestJSON:test_resize_server_using_overlimit_ram): 200 GET http://10.180.1.21/compute/v2.1/os-quota-sets/b6b85ecab5354fb18cbc5110287c1d1f 2.432s
2025-12-09 16:43:45.340 65509 INFO tempest.lib.common.rest_client [req-1e9af49b-8cff-491b-ba18-b59c3558be18 req-1e9af49b-8cff-491b-ba18-b59c3558be18 ] Request (ServerDiagnosticsV248Test:test_get_server_diagnostics): 200 GET http://10.180.1.21/compute/v2.1/servers/5a757dec-06a1-4738-b8d2-a119e715f46a 2.444s
2025-12-09 16:43:45.349 65509 INFO tempest.common.waiters [-] State transition "BUILD/block_device_mapping" ==> "BUILD/spawning" after 38 second wait
2025-12-09 16:43:45.363 65513 INFO tempest.lib.common.rest_client [req-0da939bd-469b-4cc8-9d30-54a1d39be1c4 req-0da939bd-469b-4cc8-9d30-54a1d39be1c4 ] Request (FlavorsAdminTestJSON:test_is_public_string_variations): 200 GET http://10.180.1.21/compute/v2.1/flavors/detail?is_public=yes 2.455s
2025-12-09 16:43:45.366 65525 INFO tempest.lib.common.rest_client [req-ccae09f7-0d70-4b3a-b78f-ec62bcf76179 req-ccae09f7-0d70-4b3a-b78f-ec62bcf76179 ] Request (AggregatesAdminNegativeTestJSON:test_aggregate_remove_host_as_user): 200 POST http://10.180.1.21/compute/v2.1/os-aggregates/7/action 2.488s
2025-12-09 16:43:45.396 65487 INFO tempest.lib.common.rest_client [req-8e0ca558-6d2e-4ee2-9ee9-1dc38f6b586c req-8e0ca558-6d2e-4ee2-9ee9-1dc38f6b586c ] Request (ImagesOneServerTestJSON:test_create_delete_image): 200 GET http://10.180.1.21/compute/v2.1/images/dbda1feb-c41e-4165-841c-090d16eb4f4f 2.464s
2025-12-09 16:43:45.422 65535 INFO tempest.lib.common.rest_client [req-bf12ffdd-44f0-403a-8d31-41daa4f89ed4 req-bf12ffdd-44f0-403a-8d31-41daa4f89ed4 ] Request (ServerRescueTestJSONUnderV235:tearDownClass): 200 GET http://10.180.1.21/compute/v2.1/servers/eba2d02a-ad35-4e00-8c7b-1be8c91c9615 2.365s
2025-12-09 16:43:45.560 65515 INFO tempest.lib.common.rest_client [req-fc04f9d3-0c23-483c-87c2-2db0860bada0 req-fc04f9d3-0c23-483c-87c2-2db0860bada0 ] Request (ListServerFiltersTestJSON:test_list_servers_detailed_limit_results): 200 GET http://10.180.1.21/compute/v2.1/servers/detail?limit=1 2.453s
2025-12-09 16:43:45.597 65511 INFO tempest.lib.common.rest_client [req-2c027631-5316-4a3e-8878-2a11c22a06f8 req-2c027631-5316-4a3e-8878-2a11c22a06f8 ] Request (DeleteServersTestJSON:test_delete_active_server): 200 GET http://10.180.1.21/compute/v2.1/servers/6ab5880d-a2db-4987-91b1-402d904fc14f 2.452s
2025-12-09 16:43:45.606 65511 INFO tempest.common.waiters [-] State transition "BUILD/None" ==> "BUILD/spawning" after 31 second wait
2025-12-09 16:43:45.647 65495 INFO tempest.lib.common.rest_client [req-409436d7-2140-44c9-8888-05b8117c16dc req-409436d7-2140-44c9-8888-05b8117c16dc ] Request (ServerShowV257Test:tearDownClass): 200 GET http://10.180.1.21/compute/v2.1/servers/5e991c44-f21a-4316-8215-4f103922e5bf 2.429s
2025-12-09 16:43:45.656 65505 INFO tempest.lib.common.rest_client [req-1e15d63d-98c0-4605-aaa1-884d965bdc9d req-1e15d63d-98c0-4605-aaa1-884d965bdc9d ] Request (ImagesTestJSON:test_create_image_from_suspended_server): 200 GET http://10.180.1.21/compute/v2.1/servers/aec599dd-0526-4a08-bb8f-0ebad4172cd6 2.376s
2025-12-09 16:43:45.710 65481 INFO tempest.lib.common.rest_client [req-6b32ffce-8d2b-4c14-a2c4-b18ee0556b4a req-6b32ffce-8d2b-4c14-a2c4-b18ee0556b4a ] Request (FloatingIPsAssociationTestJSON:setUpClass): 200 GET http://10.180.1.21/compute/v2.1/servers/c6ddcb10-74db-42a9-ac4f-890a059602d6 2.337s
2025-12-09 16:43:45.723 65541 INFO tempest.lib.common.rest_client [req-bb9d4eb4-c771-415d-9f95-034829d6af42 req-bb9d4eb4-c771-415d-9f95-034829d6af42 ] Request (KeyPairsV2TestJSON:test_get_keypair_detail): 200 GET http://10.180.1.21/compute/v2.1/os-keypairs/tempest-keypair-1545535230 2.174s
2025-12-09 16:43:45.726 65517 INFO tempest.lib.common.rest_client [req-df5e23b4-1eb2-4d7e-8d6d-ac73f184333c req-df5e23b4-1eb2-4d7e-8d6d-ac73f184333c ] Request (ListServersNegativeTestJSON:setUpClass): 200 GET http://10.180.1.21/compute/v2.1/servers/41753c19-b9bc-4e4e-bfaf-ad66dcea3095 2.254s
2025-12-09 16:43:45.777 65527 INFO tempest.lib.common.rest_client [req-5c7ea98b-0b22-470a-9e55-fbd57b122397 req-5c7ea98b-0b22-470a-9e55-fbd57b122397 ] Request (ServerActionsTestOtherB:test_create_backup): 200 GET http://10.180.1.21/image/v2/images/eb2be4be-f914-40a1-b38c-cee8787f0e9c 0.020s
2025-12-09 16:43:45.779 65501 INFO tempest.lib.common.rest_client [req-e9888952-bf2d-4e43-aeab-238d8b474bba req-e9888952-bf2d-4e43-aeab-238d8b474bba ] Request (ServerMetadataNegativeTestJSON:setUpClass): 200 GET http://10.180.1.21/compute/v2.1/servers/e78f8705-554a-459f-9a11-1d96e73f467c 1.923s
2025-12-09 16:43:45.802 65497 INFO tempest.lib.common.rest_client [req-7b3a7bd5-cce5-4960-8d25-d31836cc9d6c req-7b3a7bd5-cce5-4960-8d25-d31836cc9d6c ] Request (ServicesAdminTestJSON:test_get_service_by_service_binary_name): 200 GET http://10.180.1.21/compute/v2.1/os-services?binary=nova-compute 1.838s
2025-12-09 16:43:45.842 65493 INFO tempest.lib.common.rest_client [req-d8395258-47d9-48e4-a25d-067c6aacfca2 req-d8395258-47d9-48e4-a25d-067c6aacfca2 ] Request (FlavorsV2TestJSON:test_list_flavors): 200 GET http://10.180.1.21/compute/v2.1/flavors/42 1.719s
2025-12-09 16:43:45.854 65485 INFO tempest.lib.common.rest_client [req-abdd1628-fc98-4c42-a4d3-0b33e987745b req-abdd1628-fc98-4c42-a4d3-0b33e987745b ] Request (SecurityGroupsTestJSON:test_server_security_groups): 200 POST http://10.180.1.21/compute/v2.1/os-security-groups 2.111s
2025-12-09 16:43:45.939 65529 INFO tempest.lib.common.rest_client [req-e35d6e24-888b-4c07-98ef-8ca5502a92bd req-e35d6e24-888b-4c07-98ef-8ca5502a92bd ] Request (ServersListShow2100Test:tearDownClass): 200 GET http://10.180.1.21/compute/v2.1/servers/f24f86f6-9ea3-45fa-a7c1-8287f51ce96a 1.749s
2025-12-09 16:43:45.973 65499 INFO tempest.lib.common.rest_client [req-a31fa689-3b72-42ad-9f8b-8448d81eeab1 req-a31fa689-3b72-42ad-9f8b-8448d81eeab1 ] Request (TenantUsagesTestJSON:test_get_usage_tenant_with_non_admin_user): 200 GET http://10.180.1.21/compute/v2.1/os-simple-tenant-usage/dc422493730649f1892b279ae8090083?start=2025-12-08T16%3A43%3A42.117481&end=2025-12-10T16%3A43%3A42.117481 1.759s
2025-12-09 16:43:46.026 65489 INFO tempest.lib.common.rest_client [req-39e190ae-0448-44c5-ade0-4447ec9a8a67 req-39e190ae-0448-44c5-ade0-4447ec9a8a67 ] Request (ServerShowV254Test:test_rebuild_server): 200 GET http://10.180.1.21/compute/v2.1/servers/a67c70d6-e435-453d-a720-89c1578ed076 1.642s
2025-12-09 16:43:46.057 65521 INFO tempest.lib.common.rest_client [req-174d827b-0c19-4b25-b888-451fa31be104 req-174d827b-0c19-4b25-b888-451fa31be104 ] Request (VolumesAssistedSnapshotsTest:_run_cleanups): 200 GET http://10.180.1.21/compute/v2.1/servers/c72075a1-39f2-49c3-8011-fde2c5f030de/os-volume_attachments 1.457s
2025-12-09 16:43:46.072 65533 INFO tempest.lib.common.rest_client [req-8a82b40e-beb6-4e55-9ce3-ef481a09607d req-8a82b40e-beb6-4e55-9ce3-ef481a09607d ] Request (MigrationsAdminTest:test_list_migrations_in_flavor_resize_situation): 200 GET http://10.180.1.21/compute/v2.1/os-migrations 1.364s
2025-12-09 16:43:46.090 65521 INFO tempest.lib.common.rest_client [req-f321b202-061c-4a2c-8b22-4c3a85645df8 req-f321b202-061c-4a2c-8b22-4c3a85645df8 ] Request (VolumesAssistedSnapshotsTest:_run_cleanups): 200 GET http://10.180.1.21/volume/v3/volumes/8f0fd962-d634-49a4-a76e-d929e0eb0f65 0.031s
2025-12-09 16:43:46.097 65521 INFO tempest.common.waiters [-] volume 8f0fd962-d634-49a4-a76e-d929e0eb0f65 reached available after waiting for 0.097102 seconds
2025-12-09 16:43:46.127 65531 INFO tempest.lib.common.rest_client [req-1485f39a-a640-45ae-b335-7d551ca8885a req-1485f39a-a640-45ae-b335-7d551ca8885a ] Request (ServerMetadataTestJSON:setUpClass): 200 GET http://10.180.1.21/compute/v2.1/servers/568c698c-bd63-4f96-81df-f84c7677629e 1.179s
2025-12-09 16:43:46.129 65507 INFO tempest.lib.common.rest_client [req-0601dc16-d709-443f-a0e4-c6a3bbb9fdb7 req-0601dc16-d709-443f-a0e4-c6a3bbb9fdb7 ] Request (ServersAdminTestJSON:test_create_server_with_scheduling_hint): 202 POST http://10.180.1.21/compute/v2.1/servers 1.946s
2025-12-09 16:43:46.131 65521 INFO tempest.lib.common.rest_client [req-53e5f71d-e363-4274-9f1b-fcf5ad8f7279 req-53e5f71d-e363-4274-9f1b-fcf5ad8f7279 ] Request (VolumesAssistedSnapshotsTest:_run_cleanups): 202 DELETE http://10.180.1.21/volume/v3/volumes/8f0fd962-d634-49a4-a76e-d929e0eb0f65 0.034s
2025-12-09 16:43:46.159 65521 INFO tempest.lib.common.rest_client [req-d99fb81f-28cb-4ae5-8db8-1f78b7943f79 req-d99fb81f-28cb-4ae5-8db8-1f78b7943f79 ] Request (VolumesAssistedSnapshotsTest:_run_cleanups): 200 GET http://10.180.1.21/volume/v3/volumes/8f0fd962-d634-49a4-a76e-d929e0eb0f65 0.027s
2025-12-09 16:43:46.204 65483 INFO tempest.lib.common.rest_client [req-0a38a89e-c187-448d-a222-d3ca5deb050d req-0a38a89e-c187-448d-a222-d3ca5deb050d ] Request (DeleteServersAdminTestJSON:test_delete_server_while_in_error_state): 200 GET http://10.180.1.21/compute/v2.1/servers/b23272e0-6116-4d55-9e0d-0819b2106e3e 1.104s
2025-12-09 16:43:46.231 65519 INFO tempest.lib.common.rest_client [req-bd55b5c3-aab3-42eb-8a9d-a70735c35e6e req-bd55b5c3-aab3-42eb-8a9d-a70735c35e6e ] Request (ServersTestBootFromVolume:tearDownClass): 204 DELETE http://10.180.1.21/compute/v2.1/servers/0141edf7-24e3-4cc4-8ce4-35bc9583e02f 1.260s
2025-12-09 16:43:46.256 65539 INFO tempest.lib.common.rest_client [req-ed4ad538-2d2c-4adb-b7c3-11cf50e8a00a req-ed4ad538-2d2c-4adb-b7c3-11cf50e8a00a ] Request (ServersAdminNegativeTestJSON:test_resize_server_using_overlimit_ram): 200 POST http://10.180.1.21/compute/v2.1/flavors 0.972s
2025-12-09 16:43:46.277 65491 INFO tempest.lib.common.rest_client [req-865a82fc-0708-40b3-ae44-6e84ee0e9e66 req-865a82fc-0708-40b3-ae44-6e84ee0e9e66 ] Request (ImagesMetadataTestJSON:test_set_image_metadata): 200 GET http://10.180.1.21/compute/v2.1/images/bd0690f4-a25a-4a82-ac74-db322e9bd0d5/metadata 1.051s
2025-12-09 16:43:46.281 65525 INFO tempest.lib.common.rest_client [req-985825c0-b9e2-4854-b0be-32d9923c2ce9 req-985825c0-b9e2-4854-b0be-32d9923c2ce9 ] Request (AggregatesAdminNegativeTestJSON:test_aggregate_remove_host_as_user): 403 POST http://10.180.1.21/compute/v2.1/os-aggregates/7/action 0.912s
2025-12-09 16:43:46.283 65513 INFO tempest.lib.common.rest_client [req-4b9b476f-c45e-42f5-b118-f64cc972ce5b req-4b9b476f-c45e-42f5-b118-f64cc972ce5b ] Request (FlavorsAdminTestJSON:test_is_public_string_variations): 200 GET http://10.180.1.21/compute/v2.1/flavors/detail?is_public=1 0.915s
2025-12-09 16:43:46.301 65541 INFO tempest.lib.common.rest_client [req-6463fdbc-19ef-45c4-9e77-02bc48622a0d req-6463fdbc-19ef-45c4-9e77-02bc48622a0d ] Request (KeyPairsV2TestJSON:_run_cleanups): 202 DELETE http://10.180.1.21/compute/v2.1/os-keypairs/tempest-keypair-1545535230 0.576s
2025-12-09 16:43:46.323 65497 INFO tempest.lib.common.rest_client [req-0a02a698-3a67-4c16-aca4-eddc69d99ade req-0a02a698-3a67-4c16-aca4-eddc69d99ade ] Request (ServicesAdminTestJSON:test_list_services): 200 GET http://10.180.1.21/compute/v2.1/os-services 0.518s
2025-12-09 16:43:46.380 65515 INFO tempest.lib.common.rest_client [req-6e442cbd-ab02-4d79-a4e6-ef8eff9cd3a1 req-6e442cbd-ab02-4d79-a4e6-ef8eff9cd3a1 ] Request (ListServerFiltersTestJSON:test_list_servers_filter_by_active_status): 200 GET http://10.180.1.21/compute/v2.1/servers?status=active 0.811s
2025-12-09 16:43:46.397 65493 INFO tempest.lib.common.rest_client [req-775d9491-6970-4b57-b889-c4942e58770e req-775d9491-6970-4b57-b889-c4942e58770e ] Request (FlavorsV2TestJSON:test_list_flavors_detailed_filter_by_min_disk): 200 GET http://10.180.1.21/compute/v2.1/flavors/42 0.551s
2025-12-09 16:43:46.413 65523 INFO tempest.lib.common.rest_client [req-e95ee778-9ab2-4276-8ac7-9a6fe9556184 req-e95ee778-9ab2-4276-8ac7-9a6fe9556184 ] Request (VolumesAdminNegativeTest:tearDownClass): 200 GET http://10.180.1.21/compute/v2.1/servers/7f4fee31-2257-477a-8b9d-17e38c16a6e4 0.598s
2025-12-09 16:43:46.472 65497 INFO tempest.lib.common.rest_client [req-ed081b28-ca55-4693-a72f-df1c2581ff5c req-ed081b28-ca55-4693-a72f-df1c2581ff5c ] Request (ServicesAdminTestJSON:tearDownClass): 204 DELETE http://10.180.1.21/identity/v3/users/b4cfd1b22bf8455fa17e6341b423e249 0.145s
2025-12-09 16:43:46.528 65485 INFO tempest.lib.common.rest_client [req-6bb92c45-338f-4ecc-8688-d089064a3239 req-6bb92c45-338f-4ecc-8688-d089064a3239 ] Request (SecurityGroupsTestJSON:test_server_security_groups): 200 POST http://10.180.1.21/compute/v2.1/os-security-groups 0.670s
2025-12-09 16:43:46.557 65503 INFO tempest.lib.common.rest_client [req-183d9fc6-fc08-4ce4-abd2-69bb7907cf80 req-183d9fc6-fc08-4ce4-abd2-69bb7907cf80 ] Request (AttachInterfacesV270Test:tearDownClass): 200 GET http://10.180.1.21/compute/v2.1/servers/09df5180-aa9d-46df-814a-865c17211ae9 0.670s
2025-12-09 16:43:46.569 65503 INFO tempest.common.waiters [-] State transition "ACTIVE/deleting" ==> "DELETED/None" after 2 second wait
2025-12-09 16:43:46.575 65533 INFO tempest.lib.common.rest_client [req-dcf80c86-bf8f-4261-83b5-9f00a203ee87 req-dcf80c86-bf8f-4261-83b5-9f00a203ee87 ] Request (MigrationsAdminTest:test_resize_server_revert_deleted_flavor): 200 GET http://10.180.1.21/compute/v2.1/flavors/42 0.496s
2025-12-09 16:43:46.583 65499 INFO tempest.lib.common.rest_client [req-08a8b96c-6368-4c22-bca3-396b1da4f3b7 req-08a8b96c-6368-4c22-bca3-396b1da4f3b7 ] Request (TenantUsagesTestJSON:test_list_usage_all_tenants): 200 GET http://10.180.1.21/compute/v2.1/os-simple-tenant-usage?start=2025-12-08T16%3A43%3A42.117481&end=2025-12-10T16%3A43%3A42.117481&detailed=1 0.606s
2025-12-09 16:43:46.611 65497 INFO tempest.lib.common.rest_client [req-edf86139-be81-482a-afce-95e2a77e215a req-edf86139-be81-482a-afce-95e2a77e215a ] Request (ServicesAdminTestJSON:tearDownClass): 204 DELETE http://10.180.1.21/identity/v3/users/d52fccd569d2407c89e3159ca8e69dda 0.138s
2025-12-09 16:43:46.612 65497 INFO tempest.lib.common.dynamic_creds [-] Deleting project and security group for project: 7bc2550870dc47ac9688c469cbbe903d
2025-12-09 16:43:46.630 65507 INFO tempest.lib.common.rest_client [req-52925824-037e-4af2-a298-fcf742699eff req-52925824-037e-4af2-a298-fcf742699eff ] Request (ServersAdminTestJSON:test_create_server_with_scheduling_hint): 200 GET http://10.180.1.21/compute/v2.1/servers/a534b20d-bbc8-4c73-bb00-02b3d2d01cdf 0.498s
2025-12-09 16:43:46.637 65485 INFO tempest.lib.common.rest_client [req-26d8bd72-241d-400f-b483-fe81a519372d req-26d8bd72-241d-400f-b483-fe81a519372d ] Request (SecurityGroupsTestJSON:test_server_security_groups): 201 POST http://10.180.1.21/identity/v3/auth/tokens 0.102s
2025-12-09 16:43:46.637 65485 INFO tempest.lib.common.fixed_network [-] (SecurityGroupsTestJSON:test_server_security_groups) Found network {'id': '8141b452-f891-4926-83be-c835e4e10eb5', 'name': 'tempest-SecurityGroupsTestJSON-1944094015-network', 'tenant_id': '18c9828a6c64463d83e8017430c565fb', 'project_id': '18c9828a6c64463d83e8017430c565fb', 'admin_state_up': True, 'mtu': 8950, 'status': 'ACTIVE', 'subnets': [], 'shared': False, 'port_security_enabled': True, 'router:external': False, 'provider:network_type': 'vlan', 'provider:physical_network': 'default', 'provider:segmentation_id': 770, 'availability_zone_hints': [], 'availability_zones': [], 'ipv4_address_scope': None, 'ipv6_address_scope': None, 'description': '', 'tags': [], 'created_at': '2025-12-09T16:41:44Z', 'updated_at': '2025-12-09T16:41:44Z', 'revision_number': 1} available for tenant
2025-12-09 16:43:46.673 65543 INFO tempest.lib.common.rest_client [req-0e12a8c1-b39b-4c71-9902-640a6d1a91d8 req-0e12a8c1-b39b-4c71-9902-640a6d1a91d8 ] Request (ServerDiskConfigTestJSON:test_rebuild_server_with_manual_disk_config): 200 GET http://10.180.1.21/compute/v2.1/servers/392233e9-098b-4a30-be51-a95bbfc48058 0.481s
2025-12-09 16:43:46.705 65497 INFO tempest.lib.common.rest_client [req-8855b666-ecd0-4b17-850e-79c3af382f4d req-8855b666-ecd0-4b17-850e-79c3af382f4d ] Request (ServicesAdminTestJSON:tearDownClass): 201 POST http://10.180.1.21/identity/v3/auth/tokens 0.093s
2025-12-09 16:43:46.797 65527 INFO tempest.lib.common.rest_client [req-9d8be887-329d-41da-b557-2a049c977663 req-9d8be887-329d-41da-b557-2a049c977663 ] Request (ServerActionsTestOtherB:test_create_backup): 200 GET http://10.180.1.21/image/v2/images/eb2be4be-f914-40a1-b38c-cee8787f0e9c 0.019s
2025-12-09 16:43:46.805 65539 INFO tempest.lib.common.rest_client [req-97442bff-ac68-42b3-9034-63d3c41f8d91 req-97442bff-ac68-42b3-9034-63d3c41f8d91 ] Request (ServersAdminNegativeTestJSON:test_resize_server_using_overlimit_ram): 403 POST http://10.180.1.21/compute/v2.1/servers/6134e9ef-6255-498a-a6a0-ecadf470c3d3/action 0.546s
2025-12-09 16:43:46.953 65497 INFO tempest.lib.common.rest_client [req-68bc48c2-6cc5-4110-9166-6868b710605d req-68bc48c2-6cc5-4110-9166-6868b710605d ] Request (ServicesAdminTestJSON:tearDownClass): 200 GET http://10.180.1.21/networking/v2.0/security-groups?tenant_id=7bc2550870dc47ac9688c469cbbe903d&name=default 0.247s
2025-12-09 16:43:47.012 65519 INFO tempest.lib.common.rest_client [req-79d668dc-6798-4c03-bf7d-95012bd3d125 req-79d668dc-6798-4c03-bf7d-95012bd3d125 ] Request (ServersTestBootFromVolume:tearDownClass): 200 GET http://10.180.1.21/compute/v2.1/servers/0141edf7-24e3-4cc4-8ce4-35bc9583e02f 0.775s
2025-12-09 16:43:47.054 65491 INFO tempest.lib.common.rest_client [req-ad1e1010-7ac1-42f9-80aa-f405604a9a85 req-ad1e1010-7ac1-42f9-80aa-f405604a9a85 ] Request (ImagesMetadataTestJSON:setUp): 200 PUT http://10.180.1.21/compute/v2.1/images/bd0690f4-a25a-4a82-ac74-db322e9bd0d5/metadata 0.776s
2025-12-09 16:43:47.077 65513 INFO tempest.lib.common.rest_client [req-6b989fc7-6e2d-4beb-a796-af67699ff9d6 req-6b989fc7-6e2d-4beb-a796-af67699ff9d6 ] Request (FlavorsAdminTestJSON:_run_cleanups): 202 DELETE http://10.180.1.21/compute/v2.1/flavors/177914378 0.788s
2025-12-09 16:43:47.103 65497 INFO tempest.lib.common.rest_client [req-274fb8c5-bb6e-4d5e-80d3-8d8447814d9f req-274fb8c5-bb6e-4d5e-80d3-8d8447814d9f ] Request (ServicesAdminTestJSON:tearDownClass): 204 DELETE http://10.180.1.21/networking/v2.0/security-groups/6ff5eb3d-fdee-4a63-9d0e-72b411f5d225 0.150s
2025-12-09 16:43:47.117 65541 INFO tempest.lib.common.rest_client [req-90c9d71e-3844-4c61-84da-b8ab6be07adb req-90c9d71e-3844-4c61-84da-b8ab6be07adb ] Request (KeyPairsV2TestJSON:test_keypair_create_delete): 200 POST http://10.180.1.21/compute/v2.1/os-keypairs 0.813s
2025-12-09 16:43:47.145 65525 INFO tempest.lib.common.rest_client [req-f7d46397-00c9-40f5-8317-43840da817dc req-f7d46397-00c9-40f5-8317-43840da817dc ] Request (AggregatesAdminNegativeTestJSON:_run_cleanups): 200 POST http://10.180.1.21/compute/v2.1/os-aggregates/7/action 0.863s
2025-12-09 16:43:47.184 65509 INFO tempest.lib.common.rest_client [req-dd854c47-d6b3-4481-992f-2789f15c4213 req-dd854c47-d6b3-4481-992f-2789f15c4213 ] Request (ServerDiagnosticsV248Test:test_get_server_diagnostics): 200 GET http://10.180.1.21/compute/v2.1/servers/5a757dec-06a1-4738-b8d2-a119e715f46a 0.834s
2025-12-09 16:43:47.185 65497 INFO tempest.lib.common.rest_client [req-3b5f6b73-d492-4c30-9903-489cd238820b req-3b5f6b73-d492-4c30-9903-489cd238820b ] Request (ServicesAdminTestJSON:tearDownClass): 204 DELETE http://10.180.1.21/identity/v3/projects/7bc2550870dc47ac9688c469cbbe903d 0.081s
2025-12-09 16:43:47.185 65497 INFO tempest.lib.common.dynamic_creds [-] Deleting project and security group for project: 5ecc113493d846dbace63fc6eaac5ed7
2025-12-09 16:43:47.206 65521 INFO tempest.lib.common.rest_client [req-627e44d7-3e9f-464b-a715-323f31a4d055 req-627e44d7-3e9f-464b-a715-323f31a4d055 ] Request (VolumesAssistedSnapshotsTest:_run_cleanups): 200 GET http://10.180.1.21/volume/v3/volumes/8f0fd962-d634-49a4-a76e-d929e0eb0f65 0.036s
2025-12-09 16:43:47.228 65487 INFO tempest.lib.common.rest_client [req-19ed814e-91d4-4fea-bbc4-afbad4697007 req-19ed814e-91d4-4fea-bbc4-afbad4697007 ] Request (ImagesOneServerTestJSON:test_create_delete_image): 200 GET http://10.180.1.21/compute/v2.1/images/dbda1feb-c41e-4165-841c-090d16eb4f4f 0.826s
2025-12-09 16:43:47.247 65515 INFO tempest.lib.common.rest_client [req-bde1d024-3f89-4764-abb1-a2d648df3797 req-bde1d024-3f89-4764-abb1-a2d648df3797 ] Request (ListServerFiltersTestJSON:test_list_servers_filter_by_exceed_limit): 200 GET http://10.180.1.21/compute/v2.1/servers?limit=100000 0.863s
2025-12-09 16:43:47.253 65493 INFO tempest.lib.common.rest_client [req-21c13727-94e3-40ae-b66f-0d6e3f909338 req-21c13727-94e3-40ae-b66f-0d6e3f909338 ] Request (FlavorsV2TestJSON:test_list_flavors_detailed_filter_by_min_disk): 200 GET http://10.180.1.21/compute/v2.1/flavors/detail?minDisk=2 0.850s
2025-12-09 16:43:47.275 65533 INFO tempest.lib.common.rest_client [req-4fc2512f-369a-4bd2-9f71-5a5d5dbf70eb req-4fc2512f-369a-4bd2-9f71-5a5d5dbf70eb ] Request (MigrationsAdminTest:test_resize_server_revert_deleted_flavor): 200 POST http://10.180.1.21/compute/v2.1/flavors 0.697s
2025-12-09 16:43:47.316 65497 INFO tempest.lib.common.rest_client [req-df1f72a7-f215-4584-b780-f9e6466f210a req-df1f72a7-f215-4584-b780-f9e6466f210a ] Request (ServicesAdminTestJSON:tearDownClass): 200 GET http://10.180.1.21/networking/v2.0/security-groups?tenant_id=5ecc113493d846dbace63fc6eaac5ed7&name=default 0.130s
2025-12-09 16:43:47.355 65499 INFO tempest.lib.common.rest_client [req-0de0bed8-16b0-487b-9c00-65d5ff2adc9e req-0de0bed8-16b0-487b-9c00-65d5ff2adc9e ] Request (TenantUsagesTestJSON:tearDownClass): 204 DELETE http://10.180.1.21/compute/v2.1/servers/1e2694b1-8fae-423d-852a-77330cfb76ba 0.762s
2025-12-09 16:43:47.388 65535 INFO tempest.lib.common.rest_client [req-5c37e4fa-c887-490b-a527-6c223d9b67b4 req-5c37e4fa-c887-490b-a527-6c223d9b67b4 ] Request (ServerRescueTestJSONUnderV235:tearDownClass): 200 GET http://10.180.1.21/compute/v2.1/servers/eba2d02a-ad35-4e00-8c7b-1be8c91c9615 0.958s
2025-12-09 16:43:47.476 65497 INFO tempest.lib.common.rest_client [req-2c5f9aad-412a-483f-acad-5087188024a4 req-2c5f9aad-412a-483f-acad-5087188024a4 ] Request (ServicesAdminTestJSON:tearDownClass): 204 DELETE http://10.180.1.21/networking/v2.0/security-groups/a8fa8cea-3a1d-42e8-8790-ff3d161c93f7 0.159s
2025-12-09 16:43:47.613 65497 INFO tempest.lib.common.rest_client [req-cb26966a-fca5-4e91-90f7-fb9f6308ae83 req-cb26966a-fca5-4e91-90f7-fb9f6308ae83 ] Request (ServicesAdminTestJSON:tearDownClass): 204 DELETE http://10.180.1.21/identity/v3/projects/5ecc113493d846dbace63fc6eaac5ed7 0.136s
2025-12-09 16:43:47.694 65497 INFO tempest.lib.common.rest_client [req-8f1c3bcc-c9b1-4048-8d4b-9d058df92d74 req-8f1c3bcc-c9b1-4048-8d4b-9d058df92d74 ] Request (ServersTestMultiNic:setUpClass): 201 POST http://10.180.1.21/identity/v3/auth/tokens 0.079s
2025-12-09 16:43:47.706 65511 INFO tempest.lib.common.rest_client [req-8bcc32a4-20c4-4889-aefd-ec93081d84d4 req-8bcc32a4-20c4-4889-aefd-ec93081d84d4 ] Request (DeleteServersTestJSON:test_delete_active_server): 200 GET http://10.180.1.21/compute/v2.1/servers/6ab5880d-a2db-4987-91b1-402d904fc14f 1.098s
2025-12-09 16:43:47.730 65497 INFO tempest.lib.common.rest_client [req-120f0dc1-93dc-43cd-853c-bdc4d67339f7 req-120f0dc1-93dc-43cd-853c-bdc4d67339f7 ] Request (ServersTestMultiNic:setUpClass): 201 POST http://10.180.1.21/identity/v3/auth/tokens 0.034s
2025-12-09 16:43:47.762 65497 INFO tempest.lib.common.rest_client [req-d6e72d00-955a-48a4-b63e-db664cfaf0fe req-d6e72d00-955a-48a4-b63e-db664cfaf0fe ] Request (ServersTestMultiNic:setUpClass): 200 GET http://10.180.1.21/identity/v3/domains?name=Default 0.031s
2025-12-09 16:43:47.798 65497 INFO tempest.lib.common.rest_client [req-9910ea51-22c6-4a30-910c-7bfc2651ad3f req-9910ea51-22c6-4a30-910c-7bfc2651ad3f ] Request (ServersTestMultiNic:setUpClass): 201 POST http://10.180.1.21/identity/v3/projects 0.034s
2025-12-09 16:43:47.798 65495 INFO tempest.lib.common.rest_client [req-fdd064ec-15f2-46b6-8e4c-a87be970ed5e req-fdd064ec-15f2-46b6-8e4c-a87be970ed5e ] Request (ServerShowV257Test:tearDownClass): 200 GET http://10.180.1.21/compute/v2.1/servers/5e991c44-f21a-4316-8215-4f103922e5bf 1.139s
2025-12-09 16:43:47.814 65527 INFO tempest.lib.common.rest_client [req-37c1633f-38f6-4861-a667-bf4e93ebade9 req-37c1633f-38f6-4861-a667-bf4e93ebade9 ] Request (ServerActionsTestOtherB:test_create_backup): 200 GET http://10.180.1.21/image/v2/images/eb2be4be-f914-40a1-b38c-cee8787f0e9c 0.017s
2025-12-09 16:43:47.867 65497 INFO tempest.lib.common.rest_client [req-32c05f23-a53c-4ac2-bfc5-9034efb23313 req-32c05f23-a53c-4ac2-bfc5-9034efb23313 ] Request (ServersTestMultiNic:setUpClass): 201 POST http://10.180.1.21/identity/v3/users 0.068s
2025-12-09 16:43:47.894 65497 INFO tempest.lib.common.rest_client [req-d4f61d84-7189-4cb9-b0ec-3962f4339c40 req-d4f61d84-7189-4cb9-b0ec-3962f4339c40 ] Request (ServersTestMultiNic:setUpClass): 200 GET http://10.180.1.21/identity/v3/roles 0.027s
2025-12-09 16:43:47.932 65497 INFO tempest.lib.common.rest_client [req-31e4af46-a638-4fc9-bfbe-8c4c767650a9 req-31e4af46-a638-4fc9-bfbe-8c4c767650a9 ] Request (ServersTestMultiNic:setUpClass): 204 PUT http://10.180.1.21/identity/v3/projects/eab62a7a1d0e46919332672a10a1f436/users/5879775174b4412f8d8d3e98ea69d769/roles/e0a713cb0f2a4c4ebf6a7984e1ab9458 0.036s
2025-12-09 16:43:47.932 65497 INFO tempest.lib.common.dynamic_creds [-] Dynamic test user 5879775174b4412f8d8d3e98ea69d769 is created with scope project and roles: ['member']
2025-12-09 16:43:47.932 65497 INFO tempest.lib.common.dynamic_creds [-] Acquired dynamic creds: credentials: Credentials: {'domain_id': 'default', 'domain_name': 'Default', 'username': 'tempest-ServersTestMultiNic-878550190-project-member', 'project_domain_id': 'default', 'project_domain_name': 'Default', 'project_id': 'eab62a7a1d0e46919332672a10a1f436', 'project_name': 'tempest-ServersTestMultiNic-878550190', 'tenant_id': 'eab62a7a1d0e46919332672a10a1f436', 'tenant_name': 'tempest-ServersTestMultiNic-878550190', 'user_domain_id': 'default', 'user_domain_name': 'Default', 'user_id': '5879775174b4412f8d8d3e98ea69d769', 'system': None}, Network: None, Subnet: None, Router: None
2025-12-09 16:43:47.957 65505 INFO tempest.lib.common.rest_client [req-f69021df-84c5-4eaf-85dd-552b35f72fd6 req-f69021df-84c5-4eaf-85dd-552b35f72fd6 ] Request (ImagesTestJSON:test_create_image_from_suspended_server): 200 GET http://10.180.1.21/compute/v2.1/servers/aec599dd-0526-4a08-bb8f-0ebad4172cd6 1.290s
2025-12-09 16:43:47.965 65505 INFO tempest.common.waiters [-] State transition "BUILD/None" ==> "BUILD/spawning" after 32 second wait
2025-12-09 16:43:47.966 65485 INFO tempest.lib.common.rest_client [req-c68f050b-380e-4837-9257-40a9c09adde3 req-c68f050b-380e-4837-9257-40a9c09adde3 ] Request (SecurityGroupsTestJSON:test_server_security_groups): 202 POST http://10.180.1.21/compute/v2.1/servers 1.328s
2025-12-09 16:43:48.027 65497 INFO tempest.lib.common.rest_client [req-9b482149-952e-4a2c-bd76-66105f769c72 req-9b482149-952e-4a2c-bd76-66105f769c72 ] Request (ServersTestMultiNic:setUpClass): 201 POST http://10.180.1.21/identity/v3/auth/tokens 0.094s
2025-12-09 16:43:48.031 65481 INFO tempest.lib.common.rest_client [req-e08021e8-5acf-430a-a210-ceb27a9a15de req-e08021e8-5acf-430a-a210-ceb27a9a15de ] Request (FloatingIPsAssociationTestJSON:setUpClass): 200 GET http://10.180.1.21/compute/v2.1/servers/c6ddcb10-74db-42a9-ac4f-890a059602d6 1.311s
2025-12-09 16:43:48.050 65517 INFO tempest.lib.common.rest_client [req-599c355d-46da-45e7-8b18-26ea03d004e3 req-599c355d-46da-45e7-8b18-26ea03d004e3 ] Request (ListServersNegativeTestJSON:setUpClass): 200 GET http://10.180.1.21/compute/v2.1/servers/41753c19-b9bc-4e4e-bfaf-ad66dcea3095 1.315s
2025-12-09 16:43:48.079 65539 INFO tempest.lib.common.rest_client [req-222bad64-f3e2-442d-93f2-9e2264ef5d12 req-222bad64-f3e2-442d-93f2-9e2264ef5d12 ] Request (ServersAdminNegativeTestJSON:_run_cleanups): 202 DELETE http://10.180.1.21/compute/v2.1/flavors/789758281 1.274s
2025-12-09 16:43:48.264 65521 INFO tempest.lib.common.rest_client [req-ce81a8fb-8d76-486d-86e3-7f7db097dd56 req-ce81a8fb-8d76-486d-86e3-7f7db097dd56 ] Request (VolumesAssistedSnapshotsTest:_run_cleanups): 200 GET http://10.180.1.21/volume/v3/volumes/8f0fd962-d634-49a4-a76e-d929e0eb0f65 0.049s
2025-12-09 16:43:48.337 65501 INFO tempest.lib.common.rest_client [req-594360aa-11cc-4638-a871-6ba29be41133 req-594360aa-11cc-4638-a871-6ba29be41133 ] Request (ServerMetadataNegativeTestJSON:setUpClass): 200 GET http://10.180.1.21/compute/v2.1/servers/e78f8705-554a-459f-9a11-1d96e73f467c 1.548s
2025-12-09 16:43:48.356 65529 INFO tempest.lib.common.rest_client [req-e2bd8811-04b5-4773-a496-157246f5a1d9 req-e2bd8811-04b5-4773-a496-157246f5a1d9 ] Request (ServersListShow2100Test:tearDownClass): 200 GET http://10.180.1.21/compute/v2.1/servers/f24f86f6-9ea3-45fa-a7c1-8287f51ce96a 1.404s
2025-12-09 16:43:48.381 65497 INFO tempest.lib.common.rest_client [req-52e165a3-edd9-4c03-8cac-377d8d03f2c5 req-52e165a3-edd9-4c03-8cac-377d8d03f2c5 ] Request (ServersTestMultiNic:setUpClass): 201 POST http://10.180.1.21/networking/v2.0/networks 0.353s
2025-12-09 16:43:48.407 65489 INFO tempest.lib.common.rest_client [req-32d548d1-6376-4b40-a981-ab1570b665ec req-32d548d1-6376-4b40-a981-ab1570b665ec ] Request (ServerShowV254Test:test_rebuild_server): 200 GET http://10.180.1.21/compute/v2.1/servers/a67c70d6-e435-453d-a720-89c1578ed076 1.367s
2025-12-09 16:43:48.434 65513 INFO tempest.lib.common.rest_client [req-f2600e44-3920-4521-9bd0-4c8d7dd2cd8b req-f2600e44-3920-4521-9bd0-4c8d7dd2cd8b ] Request (FlavorsAdminTestJSON:_run_cleanups): 200 GET http://10.180.1.21/compute/v2.1/flavors/detail 1.356s
2025-12-09 16:43:48.469 65541 INFO tempest.lib.common.rest_client [req-a2a6ec9f-94a0-4786-91dc-70508f0da94b req-a2a6ec9f-94a0-4786-91dc-70508f0da94b ] Request (KeyPairsV2TestJSON:_run_cleanups): 202 DELETE http://10.180.1.21/compute/v2.1/os-keypairs/tempest-keypair-1050910396 1.350s
2025-12-09 16:43:48.583 65531 INFO tempest.lib.common.rest_client [req-33868cf6-629b-485a-8966-f569de4935ac req-33868cf6-629b-485a-8966-f569de4935ac ] Request (ServerMetadataTestJSON:setUpClass): 200 GET http://10.180.1.21/compute/v2.1/servers/568c698c-bd63-4f96-81df-f84c7677629e 1.446s
2025-12-09 16:43:48.594 65531 INFO tempest.common.waiters [-] State transition "BUILD/None" ==> "BUILD/networking" after 32 second wait
2025-12-09 16:43:48.615 65525 INFO tempest.lib.common.rest_client [req-8d654204-bb0c-4270-a51f-60fe0d17681e req-8d654204-bb0c-4270-a51f-60fe0d17681e ] Request (AggregatesAdminNegativeTestJSON:_run_cleanups): 200 DELETE http://10.180.1.21/compute/v2.1/os-aggregates/7 1.468s
2025-12-09 16:43:48.666 65491 INFO tempest.lib.common.rest_client [req-28706aeb-8db4-46ea-8d89-244c042eb880 req-28706aeb-8db4-46ea-8d89-244c042eb880 ] Request (ImagesMetadataTestJSON:test_set_image_metadata_item): 200 PUT http://10.180.1.21/compute/v2.1/images/bd0690f4-a25a-4a82-ac74-db322e9bd0d5/metadata/os_version 1.611s
2025-12-09 16:43:48.669 65497 INFO tempest.lib.common.rest_client [req-92dae1a7-4785-4359-9d6c-9157fae81f31 req-92dae1a7-4785-4359-9d6c-9157fae81f31 ] Request (ServersTestMultiNic:setUpClass): 201 POST http://10.180.1.21/networking/v2.0/subnets 0.288s
2025-12-09 16:43:48.713 65483 INFO tempest.lib.common.rest_client [req-ac6ee4d4-e66a-466e-a5df-1d4d2459ca50 req-ac6ee4d4-e66a-466e-a5df-1d4d2459ca50 ] Request (DeleteServersAdminTestJSON:test_delete_server_while_in_error_state): 200 GET http://10.180.1.21/compute/v2.1/servers/b23272e0-6116-4d55-9e0d-0819b2106e3e 1.495s
2025-12-09 16:43:48.725 65515 INFO tempest.lib.common.rest_client [req-055a20a4-af37-4690-9c89-bae854fdc1f3 req-055a20a4-af37-4690-9c89-bae854fdc1f3 ] Request (ListServerFiltersTestJSON:test_list_servers_filter_by_exceed_limit): 200 GET http://10.180.1.21/compute/v2.1/servers 1.475s
2025-12-09 16:43:48.734 65493 INFO tempest.lib.common.rest_client [req-dfea4321-aa51-4ec4-83b0-5781264933b1 req-dfea4321-aa51-4ec4-83b0-5781264933b1 ] Request (FlavorsV2TestJSON:test_list_flavors_detailed_filter_by_min_ram): 200 GET http://10.180.1.21/compute/v2.1/flavors/42 1.474s
2025-12-09 16:43:48.737 65533 INFO tempest.lib.common.rest_client [req-dd5aa3c6-3585-4713-9246-742eb96de44f req-dd5aa3c6-3585-4713-9246-742eb96de44f ] Request (MigrationsAdminTest:test_resize_server_revert_deleted_flavor): 200 GET http://10.180.1.21/compute/v2.1/flavors/42/os-extra_specs 1.458s
2025-12-09 16:43:48.841 65527 INFO tempest.lib.common.rest_client [req-6e62e827-a04e-4051-9184-a904f0262a79 req-6e62e827-a04e-4051-9184-a904f0262a79 ] Request (ServerActionsTestOtherB:test_create_backup): 200 GET http://10.180.1.21/image/v2/images/eb2be4be-f914-40a1-b38c-cee8787f0e9c 0.026s
2025-12-09 16:43:48.953 65523 INFO tempest.lib.common.rest_client [req-5e407198-a13b-4122-9261-75b0919319d7 req-5e407198-a13b-4122-9261-75b0919319d7 ] Request (VolumesAdminNegativeTest:tearDownClass): 200 GET http://10.180.1.21/compute/v2.1/servers/7f4fee31-2257-477a-8b9d-17e38c16a6e4 1.530s
2025-12-09 16:43:48.992 65499 INFO tempest.lib.common.rest_client [req-2ec673c4-7c92-49de-bac9-a542577d0bc6 req-2ec673c4-7c92-49de-bac9-a542577d0bc6 ] Request (TenantUsagesTestJSON:tearDownClass): 200 GET http://10.180.1.21/compute/v2.1/servers/1e2694b1-8fae-423d-852a-77330cfb76ba 1.637s
2025-12-09 16:43:49.293 65521 INFO tempest.lib.common.rest_client [req-be01b578-3eea-42bb-9e5a-3f00b9f873bf req-be01b578-3eea-42bb-9e5a-3f00b9f873bf ] Request (VolumesAssistedSnapshotsTest:_run_cleanups): 404 GET http://10.180.1.21/volume/v3/volumes/8f0fd962-d634-49a4-a76e-d929e0eb0f65 0.019s
2025-12-09 16:43:49.335 65503 INFO tempest.lib.common.rest_client [req-33b8b0dd-fa7d-4161-a66a-7b6ccb2add2c req-33b8b0dd-fa7d-4161-a66a-7b6ccb2add2c ] Request (AttachInterfacesV270Test:tearDownClass): 200 GET http://10.180.1.21/compute/v2.1/servers/09df5180-aa9d-46df-814a-865c17211ae9 1.765s
2025-12-09 16:43:49.345 65507 INFO tempest.lib.common.rest_client [req-4b7fbe15-227c-48b2-9b13-37b208afb82a req-4b7fbe15-227c-48b2-9b13-37b208afb82a ] Request (ServersAdminTestJSON:test_create_server_with_scheduling_hint): 200 GET http://10.180.1.21/compute/v2.1/servers/a534b20d-bbc8-4c73-bb00-02b3d2d01cdf 1.704s
2025-12-09 16:43:49.482 65497 INFO tempest.lib.common.rest_client [req-cf46ad1c-6f11-420f-a67d-72004a105dc2 req-cf46ad1c-6f11-420f-a67d-72004a105dc2 ] Request (ServersTestMultiNic:setUpClass): 201 POST http://10.180.1.21/networking/v2.0/routers 0.812s
2025-12-09 16:43:49.554 65543 INFO tempest.lib.common.rest_client [req-f85fcdd4-d2b1-44ef-8e7d-6fc34f234756 req-f85fcdd4-d2b1-44ef-8e7d-6fc34f234756 ] Request (ServerDiskConfigTestJSON:test_rebuild_server_with_manual_disk_config): 200 GET http://10.180.1.21/compute/v2.1/servers/392233e9-098b-4a30-be51-a95bbfc48058 1.872s
2025-12-09 16:43:49.814 65485 INFO tempest.lib.common.rest_client [req-a7cf9cfe-618b-43d9-b855-892e470d6490 req-a7cf9cfe-618b-43d9-b855-892e470d6490 ] Request (SecurityGroupsTestJSON:test_server_security_groups): 200 GET http://10.180.1.21/compute/v2.1/servers/26d8a896-820c-401b-9880-dc54cb1d43fe 1.846s
2025-12-09 16:43:49.839 65539 INFO tempest.lib.common.rest_client [req-c571a25c-b6ba-4e77-8f97-5eefde6548eb req-c571a25c-b6ba-4e77-8f97-5eefde6548eb ] Request (ServersAdminNegativeTestJSON:_run_cleanups): 200 GET http://10.180.1.21/compute/v2.1/flavors/detail 1.759s
2025-12-09 16:43:49.859 65527 INFO tempest.lib.common.rest_client [req-4221227e-cb50-4150-a8c7-f0e2280fe5ce req-4221227e-cb50-4150-a8c7-f0e2280fe5ce ] Request (ServerActionsTestOtherB:test_create_backup): 200 GET http://10.180.1.21/image/v2/images/eb2be4be-f914-40a1-b38c-cee8787f0e9c 0.017s
2025-12-09 16:43:50.771 65497 INFO tempest.lib.common.rest_client [req-0552b956-92ff-4941-9491-67122bd7f991 req-0552b956-92ff-4941-9491-67122bd7f991 ] Request (ServersTestMultiNic:setUpClass): 200 PUT http://10.180.1.21/networking/v2.0/routers/cd552a61-da46-40eb-8eb9-be88557b0430/add_router_interface 1.289s
2025-12-09 16:43:50.772 65497 INFO tempest.lib.common.dynamic_creds [-] Created isolated network resources for: credentials: Credentials: {'domain_id': 'default', 'domain_name': 'Default', 'username': 'tempest-ServersTestMultiNic-878550190-project-member', 'project_domain_id': 'default', 'project_domain_name': 'Default', 'project_id': 'eab62a7a1d0e46919332672a10a1f436', 'project_name': 'tempest-ServersTestMultiNic-878550190', 'tenant_id': 'eab62a7a1d0e46919332672a10a1f436', 'tenant_name': 'tempest-ServersTestMultiNic-878550190', 'user_domain_id': 'default', 'user_domain_name': 'Default', 'user_id': '5879775174b4412f8d8d3e98ea69d769', 'system': None}, Network: {'id': '43b736dc-d042-4fbe-8416-e641b6644b72', 'name': 'tempest-ServersTestMultiNic-1280623705-network', 'tenant_id': 'eab62a7a1d0e46919332672a10a1f436', 'project_id': 'eab62a7a1d0e46919332672a10a1f436', 'admin_state_up': True, 'mtu': 8950, 'status': 'ACTIVE', 'subnets': [], 'shared': False, 'port_security_enabled': True, 'router:external': False, 'provider:network_type': 'vlan', 'provider:physical_network': 'default', 'provider:segmentation_id': 903, 'availability_zone_hints': [], 'availability_zones': [], 'ipv4_address_scope': None, 'ipv6_address_scope': None, 'description': '', 'tags': [], 'created_at': '2025-12-09T16:43:48Z', 'updated_at': '2025-12-09T16:43:48Z', 'revision_number': 1}, Subnet: {'id': '72399e29-5728-4013-baed-d92ef329dba4', 'name': 'tempest-ServersTestMultiNic-1280623705-subnet', 'tenant_id': 'eab62a7a1d0e46919332672a10a1f436', 'network_id': '43b736dc-d042-4fbe-8416-e641b6644b72', 'ip_version': 4, 'subnetpool_id': None, 'enable_dhcp': True, 'ipv6_ra_mode': None, 'ipv6_address_mode': None, 'gateway_ip': '192.168.128.1', 'cidr': '192.168.128.0/28', 'allocation_pools': [{'start': '192.168.128.2', 'end': '192.168.128.14'}], 'host_routes': [], 'dns_nameservers': [], 'description': '', 'router:external': False, 'service_types': [], 'tags': [], 'created_at': '2025-12-09T16:43:48Z', 'updated_at': '2025-12-09T16:43:48Z', 'revision_number': 0, 'project_id': 'eab62a7a1d0e46919332672a10a1f436'}, Router: {'id': 'cd552a61-da46-40eb-8eb9-be88557b0430', 'name': 'tempest-ServersTestMultiNic-1280623705-router', 'tenant_id': 'eab62a7a1d0e46919332672a10a1f436', 'admin_state_up': True, 'status': 'ACTIVE', 'external_gateway_info': {'network_id': '530bd5ab-bb1c-4352-881c-e9f3bb4dd017', 'external_fixed_ips': [{'subnet_id': '5a6bac23-e2b3-4d07-ae16-18503da879af', 'ip_address': '10.180.180.191'}], 'enable_snat': True}, 'description': '', 'availability_zones': [], 'distributed': False, 'ha': False, 'availability_zone_hints': [], 'routes': [], 'flavor_id': None, 'tags': [], 'created_at': '2025-12-09T16:43:48Z', 'updated_at': '2025-12-09T16:43:49Z', 'revision_number': 2, 'project_id': 'eab62a7a1d0e46919332672a10a1f436'}
2025-12-09 16:43:50.872 65497 INFO tempest.lib.common.rest_client [req-10ff71cf-bf1c-42b9-8e22-8969ecd9b4d0 req-10ff71cf-bf1c-42b9-8e22-8969ecd9b4d0 ] Request (ServersTestMultiNic:setUpClass): 201 POST http://10.180.1.21/identity/v3/auth/tokens 0.095s
2025-12-09 16:43:50.881 65527 INFO tempest.lib.common.rest_client [req-f6347c0a-f93b-4b69-8609-682522f94836 req-f6347c0a-f93b-4b69-8609-682522f94836 ] Request (ServerActionsTestOtherB:test_create_backup): 200 GET http://10.180.1.21/image/v2/images/eb2be4be-f914-40a1-b38c-cee8787f0e9c 0.020s
2025-12-09 16:43:50.960 65509 INFO tempest.lib.common.rest_client [req-15368f99-f8f7-4156-9f14-167f0f84a32b req-15368f99-f8f7-4156-9f14-167f0f84a32b ] Request (ServerDiagnosticsV248Test:test_get_server_diagnostics): 200 GET http://10.180.1.21/compute/v2.1/servers/5a757dec-06a1-4738-b8d2-a119e715f46a 2.766s
2025-12-09 16:43:50.974 65509 INFO tempest.common.waiters [-] State transition "BUILD/spawning" ==> "ACTIVE/None" after 43 second wait
2025-12-09 16:43:51.010 65487 INFO tempest.lib.common.rest_client [req-4d14a4b1-693f-4fca-9551-5e37ab9aac96 req-4d14a4b1-693f-4fca-9551-5e37ab9aac96 ] Request (ImagesOneServerTestJSON:test_create_delete_image): 200 GET http://10.180.1.21/compute/v2.1/images/dbda1feb-c41e-4165-841c-090d16eb4f4f 2.777s
2025-12-09 16:43:51.187 65497 INFO tempest.lib.common.rest_client [req-f7bd8710-ae6d-46b0-81ba-d2599586e263 req-f7bd8710-ae6d-46b0-81ba-d2599586e263 ] Request (ServersTestMultiNic:test_verify_duplicate_network_nics): 201 POST http://10.180.1.21/networking/v2.0/networks 0.313s
2025-12-09 16:43:51.230 65519 INFO tempest.lib.common.rest_client [req-7f8d7c84-3e9a-460d-bf89-8db104c9b090 req-7f8d7c84-3e9a-460d-bf89-8db104c9b090 ] Request (ServersTestBootFromVolume:tearDownClass): 200 GET http://10.180.1.21/compute/v2.1/servers/0141edf7-24e3-4cc4-8ce4-35bc9583e02f 3.210s
2025-12-09 16:43:51.254 65513 INFO tempest.lib.common.rest_client [req-e6cc7021-9db0-41c1-b64d-e71414c7e4f2 req-e6cc7021-9db0-41c1-b64d-e71414c7e4f2 ] Request (FlavorsAdminTestJSON:_run_cleanups): 202 DELETE http://10.180.1.21/compute/v2.1/flavors/1430739834 2.813s
2025-12-09 16:43:51.303 65541 INFO tempest.lib.common.rest_client [req-d57d2efb-36a5-484c-9419-d44ec53b5f7e req-d57d2efb-36a5-484c-9419-d44ec53b5f7e ] Request (KeyPairsV2TestJSON:test_keypair_create_with_pub_key): 200 POST http://10.180.1.21/compute/v2.1/os-keypairs 2.832s
2025-12-09 16:43:51.342 65535 INFO tempest.lib.common.rest_client [req-4c98a079-d862-40d5-a402-80d27625c004 req-4c98a079-d862-40d5-a402-80d27625c004 ] Request (ServerRescueTestJSONUnderV235:tearDownClass): 200 GET http://10.180.1.21/compute/v2.1/servers/eba2d02a-ad35-4e00-8c7b-1be8c91c9615 2.946s
2025-12-09 16:43:51.350 65525 INFO tempest.lib.common.rest_client [req-663bf1f8-b2e6-4ad4-a55b-7ea721310712 req-663bf1f8-b2e6-4ad4-a55b-7ea721310712 ] Request (AggregatesAdminNegativeTestJSON:test_aggregate_remove_nonexistent_host): 200 POST http://10.180.1.21/compute/v2.1/os-aggregates 2.732s
2025-12-09 16:43:51.403 65491 INFO tempest.lib.common.rest_client [req-584bfe31-8b65-4692-9d3d-d062b0294010 req-584bfe31-8b65-4692-9d3d-d062b0294010 ] Request (ImagesMetadataTestJSON:test_set_image_metadata_item): 200 GET http://10.180.1.21/compute/v2.1/images/bd0690f4-a25a-4a82-ac74-db322e9bd0d5/metadata 2.735s
2025-12-09 16:43:51.548 65515 INFO tempest.lib.common.rest_client [req-fa8a3ba0-3ef0-4d0a-b80e-469924c2d9d9 req-fa8a3ba0-3ef0-4d0a-b80e-469924c2d9d9 ] Request (ListServerFiltersTestJSON:test_list_servers_filter_by_flavor): 200 GET http://10.180.1.21/compute/v2.1/servers?flavor=84 2.818s
2025-12-09 16:43:51.587 65533 INFO tempest.lib.common.rest_client [req-14471e88-4164-4f40-a025-b9bd131d8584 req-14471e88-4164-4f40-a025-b9bd131d8584 ] Request (MigrationsAdminTest:test_resize_server_revert_deleted_flavor): 200 POST http://10.180.1.21/compute/v2.1/flavors/8bf403c1-a435-49eb-be58-620d628dedfc/os-extra_specs 2.849s
2025-12-09 16:43:51.621 65493 INFO tempest.lib.common.rest_client [req-52f77ab5-0807-4b8a-ab61-0244415d5d88 req-52f77ab5-0807-4b8a-ab61-0244415d5d88 ] Request (FlavorsV2TestJSON:test_list_flavors_detailed_filter_by_min_ram): 200 GET http://10.180.1.21/compute/v2.1/flavors/detail?minRam=193 2.883s
2025-12-09 16:43:51.645 65495 INFO tempest.lib.common.rest_client [req-9b1ac151-94b6-435c-ac5d-bc10cdf9acea req-9b1ac151-94b6-435c-ac5d-bc10cdf9acea ] Request (ServerShowV257Test:tearDownClass): 404 GET http://10.180.1.21/compute/v2.1/servers/5e991c44-f21a-4316-8215-4f103922e5bf 2.836s
2025-12-09 16:43:51.665 65497 INFO tempest.lib.common.rest_client [req-70605651-9fc0-4329-8c26-e1f23e46025e req-70605651-9fc0-4329-8c26-e1f23e46025e ] Request (ServersTestMultiNic:test_verify_duplicate_network_nics): 201 POST http://10.180.1.21/networking/v2.0/subnets 0.477s
