2025-12-09 16:45:00.240 65493 INFO tempest.lib.common.dynamic_creds [-] Created isolated network resources for: credentials: Credentials: {'domain_id': 'default', 'domain_name': 'Default', 'username': 'tempest-ComputeTenantNetworksTest-1348264599-project-member', 'project_domain_id': 'default', 'project_domain_name': 'Default', 'project_id': 'eff1e110eb1242108342470a2fc2106d', 'project_name': 'tempest-ComputeTenantNetworksTest-1348264599', 'tenant_id': 'eff1e110eb1242108342470a2fc2106d', 'tenant_name': 'tempest-ComputeTenantNetworksTest-1348264599', 'user_domain_id': 'default', 'user_domain_name': 'Default', 'user_id': '6fb471918cef4bb2be73f421be092549', 'system': None}, Network: {'id': '937b890e-866b-4546-9841-31d544036567', 'name': 'tempest-ComputeTenantNetworksTest-1761357619-network', 'tenant_id': 'eff1e110eb1242108342470a2fc2106d', 'project_id': 'eff1e110eb1242108342470a2fc2106d', 'admin_state_up': True, 'mtu': 8950, 'status': 'ACTIVE', 'subnets': [], 'shared': False, 'port_security_enabled': True, 'router:external': False, 'provider:network_type': 'vlan', 'provider:physical_network': 'default', 'provider:segmentation_id': 968, 'availability_zone_hints': [], 'availability_zones': [], 'ipv4_address_scope': None, 'ipv6_address_scope': None, 'description': '', 'tags': [], 'created_at': '2025-12-09T16:45:00Z', 'updated_at': '2025-12-09T16:45:00Z', 'revision_number': 1}, Subnet: None, Router: None
2025-12-09 16:45:00.257 65533 INFO tempest.lib.common.rest_client [req-5b3ea39e-135d-4ece-8275-bde3186e87cd req-5b3ea39e-135d-4ece-8275-bde3186e87cd ] Request (MigrationsAdminTest:test_resize_server_revert_deleted_flavor): 200 GET http://10.180.1.21/compute/v2.1/servers/7a3a2430-ec54-4201-af5b-3f490916c56b 1.038s
2025-12-09 16:45:00.368 65493 INFO tempest.lib.common.rest_client [req-e2d2dc6a-c852-4457-8a0d-3794de2c9671 req-e2d2dc6a-c852-4457-8a0d-3794de2c9671 ] Request (ComputeTenantNetworksTest:setUpClass): 201 POST http://10.180.1.21/identity/v3/auth/tokens 0.123s
2025-12-09 16:45:00.400 65493 INFO tempest.lib.common.rest_client [req-1638424a-611b-44f6-a8a1-662b5434cd37 req-1638424a-611b-44f6-a8a1-662b5434cd37 ] Request (ComputeTenantNetworksTest:setUpClass): 201 POST http://10.180.1.21/identity/v3/auth/tokens 0.028s
2025-12-09 16:45:00.400 65493 INFO tempest.lib.common.fixed_network [-] (ComputeTenantNetworksTest:setUpClass) Found network {'id': '937b890e-866b-4546-9841-31d544036567', 'name': 'tempest-ComputeTenantNetworksTest-1761357619-network', 'tenant_id': 'eff1e110eb1242108342470a2fc2106d', 'project_id': 'eff1e110eb1242108342470a2fc2106d', 'admin_state_up': True, 'mtu': 8950, 'status': 'ACTIVE', 'subnets': [], 'shared': False, 'port_security_enabled': True, 'router:external': False, 'provider:network_type': 'vlan', 'provider:physical_network': 'default', 'provider:segmentation_id': 968, 'availability_zone_hints': [], 'availability_zones': [], 'ipv4_address_scope': None, 'ipv6_address_scope': None, 'description': '', 'tags': [], 'created_at': '2025-12-09T16:45:00Z', 'updated_at': '2025-12-09T16:45:00Z', 'revision_number': 1} available for tenant
2025-12-09 16:45:00.425 65521 INFO tempest.lib.common.rest_client [req-a217acf6-d144-4cbe-8b41-8b1453732c2c req-a217acf6-d144-4cbe-8b41-8b1453732c2c ] Request (ServersWithSpecificFlavorTestJSON:test_verify_created_server_ephemeral_disk): 200 GET http://10.180.1.21/compute/v2.1/servers/3e03dd55-79bc-4257-bcbf-994ab4f22047 0.964s
2025-12-09 16:45:00.469 65497 INFO tempest.lib.common.rest_client [req-c556879e-28c7-4836-b4b7-ae1f7a60debb req-c556879e-28c7-4836-b4b7-ae1f7a60debb ] Request (ServersTestMultiNic:test_verify_duplicate_network_nics): 200 GET http://10.180.1.21/compute/v2.1/servers/9d033ead-84eb-4ae8-bb4e-cbdfdae3ef8b 1.103s
2025-12-09 16:45:00.533 65519 INFO tempest.lib.common.rest_client [req-229148e1-a85b-4e14-ac4c-136899520c1f req-229148e1-a85b-4e14-ac4c-136899520c1f ] Request (ServersV294TestFqdnHostnames:setUpClass): 200 GET http://10.180.1.21/compute/v2.1/servers/2a92126f-6014-4fa9-9893-32032ebf7f9a 1.059s
2025-12-09 16:45:00.588 65501 INFO tempest.lib.common.rest_client [req-71648395-656a-4fd6-a6e4-19341bb67d8d req-71648395-656a-4fd6-a6e4-19341bb67d8d ] Request (ServerMetadataNegativeTestJSON:tearDownClass): 204 DELETE http://10.180.1.21/compute/v2.1/servers/e78f8705-554a-459f-9a11-1d96e73f467c 1.102s
2025-12-09 16:45:00.796 65527 INFO tempest.lib.common.rest_client [req-51ba2064-994d-4e54-8009-ecb0dd5a85bd req-51ba2064-994d-4e54-8009-ecb0dd5a85bd ] Request (ServerActionsTestOtherB:test_resize_server_confirm_from_stopped): 200 GET http://10.180.1.21/compute/v2.1/servers/f03ec022-41f1-4d1e-84fc-f0ff623b18d9 1.310s
2025-12-09 16:45:01.190 65485 INFO tempest.lib.common.rest_client [req-f95c348b-fc50-4f39-a7da-7854056c171b req-f95c348b-fc50-4f39-a7da-7854056c171b ] Request (SecurityGroupsTestJSON:test_server_security_groups): 202 POST http://10.180.1.21/compute/v2.1/servers/26d8a896-820c-401b-9880-dc54cb1d43fe/action 1.702s
2025-12-09 16:45:01.406 65513 INFO tempest.lib.common.rest_client [req-c285c47d-873f-4ab9-bada-748d7266ca50 req-c285c47d-873f-4ab9-bada-748d7266ca50 ] Request (FloatingIPsAssociationNegativeTestJSON:setUpClass): 200 GET http://10.180.1.21/compute/v2.1/servers/613318cf-2d7f-4d1f-a403-662c0f488b9c 1.705s
2025-12-09 16:45:01.466 65483 INFO tempest.lib.common.rest_client [req-1f5f42ae-eb32-4ca3-9a4d-58f29b503ac2 req-1f5f42ae-eb32-4ca3-9a4d-58f29b503ac2 ] Request (ServersTestJSON:setUpClass): 200 GET http://10.180.1.21/compute/v2.1/servers/51003dd4-0f23-4d4b-83bb-da04373ae8fc 1.747s
2025-12-09 16:45:01.481 65509 INFO tempest.lib.common.rest_client [req-b6d88a24-4ccb-43ae-a464-91a587805f6f req-b6d88a24-4ccb-43ae-a464-91a587805f6f ] Request (MultipleCreateTestJSON:test_multiple_create): 200 GET http://10.180.1.21/compute/v2.1/servers/435ac28f-3cd8-4305-aa4a-56221528e78b 1.702s
2025-12-09 16:45:01.523 65523 INFO tempest.lib.common.rest_client [req-c453a163-569b-41cc-b1a8-74e8bbdeff65 req-c453a163-569b-41cc-b1a8-74e8bbdeff65 ] Request (ListImageFiltersTestJSON:setUpClass): 200 GET http://10.180.1.21/compute/v2.1/servers/807663a1-f776-4788-bbf1-9bba42ebc86d 1.736s
2025-12-09 16:45:01.537 65481 INFO tempest.lib.common.rest_client [req-568ac6db-dac4-4f96-94a9-5bd240374e61 req-568ac6db-dac4-4f96-94a9-5bd240374e61 ] Request (FloatingIPsAssociationTestJSON:test_associate_already_associated_floating_ip): 200 GET http://10.180.1.21/compute/v2.1/servers/7b656fc1-5435-432d-818e-29e8a2576ad1 1.689s
2025-12-09 16:45:01.599 65543 INFO tempest.lib.common.rest_client [req-315db514-b0be-4608-9617-d0a910d9f99c req-315db514-b0be-4608-9617-d0a910d9f99c ] Request (ServerDiskConfigTestJSON:test_resize_server_from_auto_to_manual): 200 GET http://10.180.1.21/compute/v2.1/servers/d73d4fc9-3f1a-48d1-9d66-42d0070a2924 1.670s
2025-12-09 16:45:01.613 65517 INFO tempest.lib.common.rest_client [req-7d2780b4-a699-4ba8-a6eb-fee2e4a7f2a8 req-7d2780b4-a699-4ba8-a6eb-fee2e4a7f2a8 ] Request (ListServersNegativeTestJSON:setUpClass): 200 GET http://10.180.1.21/compute/v2.1/servers/7c652542-0f97-41ac-b5d5-31b5befb3a4b 1.730s
2025-12-09 16:45:01.684 65525 INFO tempest.lib.common.rest_client [req-fa77eb8d-2808-403f-8fb0-ab6455cb4490 req-fa77eb8d-2808-403f-8fb0-ab6455cb4490 ] Request (ServerGroupTestJSON:test_create_server_with_scheduler_hint_group): 200 GET http://10.180.1.21/compute/v2.1/servers/1ad306c3-ae7a-4f2f-8970-1fb55215b00d 1.709s
2025-12-09 16:45:01.701 65487 INFO tempest.lib.common.rest_client [req-a2f1ec90-07bf-41a3-9494-05dbdaf91856 req-a2f1ec90-07bf-41a3-9494-05dbdaf91856 ] Request (ImagesOneServerTestJSON:tearDownClass): 200 GET http://10.180.1.21/compute/v2.1/servers/dd72bee4-7131-4179-93bb-b631550071aa 1.764s
2025-12-09 16:45:01.718 65491 INFO tempest.lib.common.rest_client [req-5b63b22a-1fa3-4dc2-820c-f1a581dfc665 req-5b63b22a-1fa3-4dc2-820c-f1a581dfc665 ] Request (ServerPasswordTestJSON:test_get_server_password): 200 GET http://10.180.1.21/compute/v2.1/servers/6a6ba825-f7d3-4532-8339-3c7fa1802090/os-server-password 1.731s
2025-12-09 16:45:01.760 65511 INFO tempest.lib.common.rest_client [req-062b7373-d161-4eff-8e1d-85fd954cf41b req-062b7373-d161-4eff-8e1d-85fd954cf41b ] Request (DeleteServersTestJSON:test_delete_server_while_in_attached_volume): 200 GET http://10.180.1.21/compute/v2.1/servers/68bce889-518e-40bd-b4c7-b7f1334f1e73 1.742s
2025-12-09 16:45:01.787 65531 INFO tempest.lib.common.rest_client [req-3bc44db6-5c0a-4217-b95f-17ae01ecc52c req-3bc44db6-5c0a-4217-b95f-17ae01ecc52c ] Request (ServerMetadataTestJSON:tearDownClass): 200 GET http://10.180.1.21/compute/v2.1/servers/568c698c-bd63-4f96-81df-f84c7677629e 1.472s
2025-12-09 16:45:01.863 65507 INFO tempest.lib.common.rest_client [req-45d49bab-2326-4386-b66a-43e7b8d8cb82 req-45d49bab-2326-4386-b66a-43e7b8d8cb82 ] Request (ServersAdminTestJSON:test_inject_network_info): 200 GET http://10.180.1.21/compute/v2.1/servers/d6f1c925-ed6d-4a56-8b25-5c7200fa2f75 1.324s
2025-12-09 16:45:01.870 65507 INFO tempest.common.waiters [-] State transition "BUILD/scheduling" ==> "BUILD/None" after 14 second wait
2025-12-09 16:45:01.988 65493 INFO tempest.lib.common.rest_client [req-987e7e18-eb88-41e8-ba75-bcce4930fd1e req-987e7e18-eb88-41e8-ba75-bcce4930fd1e ] Request (ComputeTenantNetworksTest:test_list_show_tenant_networks): 200 GET http://10.180.1.21/compute/v2.1/os-tenant-networks 1.586s
2025-12-09 16:45:02.101 65489 INFO tempest.lib.common.rest_client [req-108e118f-c923-4474-af5f-6b4d3a265ac5 req-108e118f-c923-4474-af5f-6b4d3a265ac5 ] Request (ServerShowV254Test:tearDownClass): 200 GET http://10.180.1.21/compute/v2.1/servers/a67c70d6-e435-453d-a720-89c1578ed076 1.380s
2025-12-09 16:45:02.126 65501 INFO tempest.lib.common.rest_client [req-c12a4c0d-7290-48aa-820d-f20c51cf1fd3 req-c12a4c0d-7290-48aa-820d-f20c51cf1fd3 ] Request (ServerMetadataNegativeTestJSON:tearDownClass): 200 GET http://10.180.1.21/compute/v2.1/servers/e78f8705-554a-459f-9a11-1d96e73f467c 1.538s
2025-12-09 16:45:02.177 65515 INFO tempest.lib.common.rest_client [req-8fdc61aa-5076-4351-889b-5397ce4f73fc req-8fdc61aa-5076-4351-889b-5397ce4f73fc ] Request (ListServerFiltersTestJSON:tearDownClass): 200 GET http://10.180.1.21/compute/v2.1/servers/74a310cd-a22d-4e7d-ad33-5de1fe170243 1.369s
2025-12-09 16:45:02.223 65505 INFO tempest.lib.common.rest_client [req-b1cb4088-40a4-4f85-803a-11346ac91b1b req-b1cb4088-40a4-4f85-803a-11346ac91b1b ] Request (ImagesTestJSON:test_create_server_from_snapshot): 200 GET http://10.180.1.21/compute/v2.1/servers/2a3bb4f1-c66b-4d50-acdc-8c54e80c41f3 1.350s
2025-12-09 16:45:02.270 65539 INFO tempest.lib.common.rest_client [req-16eacbea-58af-4461-9159-d56bf2c8460f req-16eacbea-58af-4461-9159-d56bf2c8460f ] Request (ServersAdminNegativeTestJSON:tearDownClass): 200 GET http://10.180.1.21/compute/v2.1/servers/6134e9ef-6255-498a-a6a0-ecadf470c3d3 1.319s
2025-12-09 16:45:02.339 65485 INFO tempest.lib.common.rest_client [req-b53b4bd6-243b-4fce-b117-1adfc86eeb8f req-b53b4bd6-243b-4fce-b117-1adfc86eeb8f ] Request (SecurityGroupsTestJSON:test_server_security_groups): 400 DELETE http://10.180.1.21/compute/v2.1/os-security-groups/3df96746-b67b-4d06-9916-684e3d836127 1.149s
2025-12-09 16:45:02.438 65503 INFO tempest.lib.common.rest_client [req-f725cda3-2b18-4888-8d8f-151711f92664 req-f725cda3-2b18-4888-8d8f-151711f92664 ] Request (ServersTestFqdnHostnames:test_create_server_with_fqdn_name): 200 GET http://10.180.1.21/compute/v2.1/servers/d45ef7a1-b35c-4bfb-851e-be790120a1fc 1.239s
2025-12-09 16:45:02.440 65533 INFO tempest.lib.common.rest_client [req-925760be-427b-4dc4-97d9-d553ab194aac req-925760be-427b-4dc4-97d9-d553ab194aac ] Request (MigrationsAdminTest:test_resize_server_revert_deleted_flavor): 200 GET http://10.180.1.21/compute/v2.1/servers/7a3a2430-ec54-4201-af5b-3f490916c56b 1.162s
2025-12-09 16:45:02.448 65503 INFO tempest.common.waiters [-] State transition "BUILD/networking" ==> "BUILD/spawning" after 25 second wait
2025-12-09 16:45:02.497 65521 INFO tempest.lib.common.rest_client [req-3ec4f765-5ea7-4ff2-bef7-199ceb47e0df req-3ec4f765-5ea7-4ff2-bef7-199ceb47e0df ] Request (ServersWithSpecificFlavorTestJSON:test_verify_created_server_ephemeral_disk): 200 GET http://10.180.1.21/compute/v2.1/servers/3e03dd55-79bc-4257-bcbf-994ab4f22047 1.060s
2025-12-09 16:45:02.552 65519 INFO tempest.lib.common.rest_client [req-06b2f39f-d311-4fc8-969e-77a65d2692f5 req-06b2f39f-d311-4fc8-969e-77a65d2692f5 ] Request (ServersV294TestFqdnHostnames:setUpClass): 200 GET http://10.180.1.21/compute/v2.1/servers/2a92126f-6014-4fa9-9893-32032ebf7f9a 1.003s
2025-12-09 16:45:02.629 65497 INFO tempest.lib.common.rest_client [req-220819a0-0328-44b1-94d7-f236d351a002 req-220819a0-0328-44b1-94d7-f236d351a002 ] Request (ServersTestMultiNic:test_verify_duplicate_network_nics): 200 GET http://10.180.1.21/compute/v2.1/servers/9d033ead-84eb-4ae8-bb4e-cbdfdae3ef8b 1.151s
2025-12-09 16:45:02.708 65491 INFO tempest.lib.common.rest_client [req-b60cf51d-31a6-452e-95be-57aba6337a80 req-b60cf51d-31a6-452e-95be-57aba6337a80 ] Request (ServerPasswordTestJSON:tearDownClass): 204 DELETE http://10.180.1.21/compute/v2.1/servers/6a6ba825-f7d3-4532-8339-3c7fa1802090 0.988s
2025-12-09 16:45:02.764 65493 INFO tempest.lib.common.rest_client [req-8981f348-0117-4587-9107-0951d1f53471 req-8981f348-0117-4587-9107-0951d1f53471 ] Request (ComputeTenantNetworksTest:test_list_show_tenant_networks): 200 GET http://10.180.1.21/compute/v2.1/os-tenant-networks/937b890e-866b-4546-9841-31d544036567 0.775s
2025-12-09 16:45:02.847 65527 INFO tempest.lib.common.rest_client [req-fc6450d4-febc-49cd-94a3-c48c7140a15b req-fc6450d4-febc-49cd-94a3-c48c7140a15b ] Request (ServerActionsTestOtherB:test_resize_server_confirm_from_stopped): 200 GET http://10.180.1.21/compute/v2.1/servers/f03ec022-41f1-4d1e-84fc-f0ff623b18d9 1.037s
2025-12-09 16:45:02.897 65485 INFO tempest.lib.common.rest_client [req-8e8ce1a5-a33c-445f-a3cb-ee38189015e2 req-8e8ce1a5-a33c-445f-a3cb-ee38189015e2 ] Request (SecurityGroupsTestJSON:test_server_security_groups): 204 DELETE http://10.180.1.21/compute/v2.1/servers/26d8a896-820c-401b-9880-dc54cb1d43fe 0.557s
2025-12-09 16:45:02.962 65493 INFO tempest.lib.common.rest_client [req-7e95684a-d675-4ba6-9c34-ad57bec450a7 req-7e95684a-d675-4ba6-9c34-ad57bec450a7 ] Request (ComputeTenantNetworksTest:tearDownClass): 204 DELETE http://10.180.1.21/networking/v2.0/networks/937b890e-866b-4546-9841-31d544036567 0.186s
2025-12-09 16:45:03.099 65493 INFO tempest.lib.common.rest_client [req-bae23ad3-e14c-465c-a196-06f61f7ea704 req-bae23ad3-e14c-465c-a196-06f61f7ea704 ] Request (ComputeTenantNetworksTest:tearDownClass): 204 DELETE http://10.180.1.21/identity/v3/users/6fb471918cef4bb2be73f421be092549 0.136s
2025-12-09 16:45:03.099 65493 INFO tempest.lib.common.dynamic_creds [-] Deleting project and security group for project: eff1e110eb1242108342470a2fc2106d
2025-12-09 16:45:03.131 65513 INFO tempest.lib.common.rest_client [req-62819b16-7aed-4515-8961-f91bfbd57763 req-62819b16-7aed-4515-8961-f91bfbd57763 ] Request (FloatingIPsAssociationNegativeTestJSON:setUpClass): 200 GET http://10.180.1.21/compute/v2.1/servers/613318cf-2d7f-4d1f-a403-662c0f488b9c 0.715s
2025-12-09 16:45:03.162 65493 INFO tempest.lib.common.rest_client [req-de705b38-e807-4084-94fc-f461c015e8d7 req-de705b38-e807-4084-94fc-f461c015e8d7 ] Request (ComputeTenantNetworksTest:tearDownClass): 200 GET http://10.180.1.21/networking/v2.0/security-groups?tenant_id=eff1e110eb1242108342470a2fc2106d&name=default 0.063s
2025-12-09 16:45:03.191 65483 INFO tempest.lib.common.rest_client [req-e782956d-7783-4063-ac46-ba7d7c929b2b req-e782956d-7783-4063-ac46-ba7d7c929b2b ] Request (ServersTestJSON:setUpClass): 200 GET http://10.180.1.21/compute/v2.1/servers/51003dd4-0f23-4d4b-83bb-da04373ae8fc 0.715s
2025-12-09 16:45:03.236 65509 INFO tempest.lib.common.rest_client [req-8fa49c1a-9e18-4737-8231-8d8c1402aadd req-8fa49c1a-9e18-4737-8231-8d8c1402aadd ] Request (MultipleCreateTestJSON:test_multiple_create): 200 GET http://10.180.1.21/compute/v2.1/servers/435ac28f-3cd8-4305-aa4a-56221528e78b 0.746s
2025-12-09 16:45:03.265 65523 INFO tempest.lib.common.rest_client [req-79b4cb61-7fb8-462b-9495-5c36ad6c5d77 req-79b4cb61-7fb8-462b-9495-5c36ad6c5d77 ] Request (ListImageFiltersTestJSON:setUpClass): 200 GET http://10.180.1.21/compute/v2.1/servers/807663a1-f776-4788-bbf1-9bba42ebc86d 0.733s
2025-12-09 16:45:03.280 65493 INFO tempest.lib.common.rest_client [req-511142e0-e8c3-4165-961e-ee43510ddd6d req-511142e0-e8c3-4165-961e-ee43510ddd6d ] Request (ComputeTenantNetworksTest:tearDownClass): 204 DELETE http://10.180.1.21/networking/v2.0/security-groups/b4fde667-6c93-4454-8dea-e534930c1f62 0.117s
2025-12-09 16:45:03.304 65481 INFO tempest.lib.common.rest_client [req-1224c2e7-326b-4f21-a9eb-aac0413ab5d7 req-1224c2e7-326b-4f21-a9eb-aac0413ab5d7 ] Request (FloatingIPsAssociationTestJSON:test_associate_already_associated_floating_ip): 200 GET http://10.180.1.21/compute/v2.1/servers/7b656fc1-5435-432d-818e-29e8a2576ad1 0.757s
2025-12-09 16:45:03.338 65543 INFO tempest.lib.common.rest_client [req-0acfcef6-71e1-4f4d-9e62-187b2c2aacc2 req-0acfcef6-71e1-4f4d-9e62-187b2c2aacc2 ] Request (ServerDiskConfigTestJSON:test_resize_server_from_auto_to_manual): 200 GET http://10.180.1.21/compute/v2.1/servers/d73d4fc9-3f1a-48d1-9d66-42d0070a2924 0.728s
2025-12-09 16:45:03.379 65517 INFO tempest.lib.common.rest_client [req-4eb608f1-154f-46b3-a58e-c778730f93ab req-4eb608f1-154f-46b3-a58e-c778730f93ab ] Request (ListServersNegativeTestJSON:setUpClass): 200 GET http://10.180.1.21/compute/v2.1/servers/7c652542-0f97-41ac-b5d5-31b5befb3a4b 0.754s
2025-12-09 16:45:03.415 65493 INFO tempest.lib.common.rest_client [req-e8e14301-715e-4021-b93c-863f43f9f6f5 req-e8e14301-715e-4021-b93c-863f43f9f6f5 ] Request (ComputeTenantNetworksTest:tearDownClass): 204 DELETE http://10.180.1.21/identity/v3/projects/eff1e110eb1242108342470a2fc2106d 0.134s
2025-12-09 16:45:03.434 65525 INFO tempest.lib.common.rest_client [req-7a31ce29-1555-4dac-90f0-007aadc0fc4f req-7a31ce29-1555-4dac-90f0-007aadc0fc4f ] Request (ServerGroupTestJSON:test_create_server_with_scheduler_hint_group): 200 GET http://10.180.1.21/compute/v2.1/servers/1ad306c3-ae7a-4f2f-8970-1fb55215b00d 0.738s
2025-12-09 16:45:03.458 65487 INFO tempest.lib.common.rest_client [req-11bdb0c2-39b0-4e69-a1a7-71276c7a81b4 req-11bdb0c2-39b0-4e69-a1a7-71276c7a81b4 ] Request (ImagesOneServerTestJSON:tearDownClass): 404 GET http://10.180.1.21/compute/v2.1/servers/dd72bee4-7131-4179-93bb-b631550071aa 0.749s
2025-12-09 16:45:03.497 65491 INFO tempest.lib.common.rest_client [req-de739045-379e-4b0b-b4d2-56b338bd6385 req-de739045-379e-4b0b-b4d2-56b338bd6385 ] Request (ServerPasswordTestJSON:tearDownClass): 200 GET http://10.180.1.21/compute/v2.1/servers/6a6ba825-f7d3-4532-8339-3c7fa1802090 0.788s
2025-12-09 16:45:03.529 65511 INFO tempest.lib.common.rest_client [req-5a468e5d-3ca9-4469-8e50-e573c184119c req-5a468e5d-3ca9-4469-8e50-e573c184119c ] Request (DeleteServersTestJSON:test_delete_server_while_in_attached_volume): 200 GET http://10.180.1.21/compute/v2.1/servers/68bce889-518e-40bd-b4c7-b7f1334f1e73 0.756s
2025-12-09 16:45:03.593 65531 INFO tempest.lib.common.rest_client [req-97c8f19e-8f54-4af9-b226-c3303a8599d1 req-97c8f19e-8f54-4af9-b226-c3303a8599d1 ] Request (ServerMetadataTestJSON:tearDownClass): 200 GET http://10.180.1.21/compute/v2.1/servers/568c698c-bd63-4f96-81df-f84c7677629e 0.796s
2025-12-09 16:45:03.666 65507 INFO tempest.lib.common.rest_client [req-9d94e078-5404-486c-b365-d9779158efeb req-9d94e078-5404-486c-b365-d9779158efeb ] Request (ServersAdminTestJSON:test_inject_network_info): 200 GET http://10.180.1.21/compute/v2.1/servers/d6f1c925-ed6d-4a56-8b25-5c7200fa2f75 0.794s
2025-12-09 16:45:03.740 65485 INFO tempest.lib.common.rest_client [req-cba375b7-4a78-41b1-b5b4-18c94b177449 req-cba375b7-4a78-41b1-b5b4-18c94b177449 ] Request (SecurityGroupsTestJSON:test_server_security_groups): 200 GET http://10.180.1.21/compute/v2.1/servers/26d8a896-820c-401b-9880-dc54cb1d43fe 0.843s
2025-12-09 16:45:03.758 65489 INFO tempest.lib.common.rest_client [req-2e6bec10-a2af-4918-ba0e-115040135690 req-2e6bec10-a2af-4918-ba0e-115040135690 ] Request (ServerShowV254Test:tearDownClass): 200 GET http://10.180.1.21/compute/v2.1/servers/a67c70d6-e435-453d-a720-89c1578ed076 0.645s
2025-12-09 16:45:03.795 65501 INFO tempest.lib.common.rest_client [req-eb9a2147-8799-4581-8ec2-41c6440a9057 req-eb9a2147-8799-4581-8ec2-41c6440a9057 ] Request (ServerMetadataNegativeTestJSON:tearDownClass): 200 GET http://10.180.1.21/compute/v2.1/servers/e78f8705-554a-459f-9a11-1d96e73f467c 0.659s
2025-12-09 16:45:03.825 65515 INFO tempest.lib.common.rest_client [req-53bd9aaf-ccc6-4e25-a400-843ef582566a req-53bd9aaf-ccc6-4e25-a400-843ef582566a ] Request (ListServerFiltersTestJSON:tearDownClass): 200 GET http://10.180.1.21/compute/v2.1/servers/74a310cd-a22d-4e7d-ad33-5de1fe170243 0.638s
2025-12-09 16:45:03.856 65505 INFO tempest.lib.common.rest_client [req-50da159d-d2d1-449b-adf4-881c9276a342 req-50da159d-d2d1-449b-adf4-881c9276a342 ] Request (ImagesTestJSON:test_create_server_from_snapshot): 200 GET http://10.180.1.21/compute/v2.1/servers/2a3bb4f1-c66b-4d50-acdc-8c54e80c41f3 0.625s
2025-12-09 16:45:03.998 65533 INFO tempest.lib.common.rest_client [req-d5a95771-1ac3-4790-9bb1-3647431e5050 req-d5a95771-1ac3-4790-9bb1-3647431e5050 ] Request (MigrationsAdminTest:test_resize_server_revert_deleted_flavor): 200 GET http://10.180.1.21/compute/v2.1/servers/7a3a2430-ec54-4201-af5b-3f490916c56b 0.549s
2025-12-09 16:45:04.136 65503 INFO tempest.lib.common.rest_client [req-69e4a9aa-ce5b-41b4-9210-b0f02eb34246 req-69e4a9aa-ce5b-41b4-9210-b0f02eb34246 ] Request (ServersTestFqdnHostnames:test_create_server_with_fqdn_name): 200 GET http://10.180.1.21/compute/v2.1/servers/d45ef7a1-b35c-4bfb-851e-be790120a1fc 0.686s
2025-12-09 16:45:04.197 65539 INFO tempest.lib.common.rest_client [req-c19fee8e-9cc4-40c2-892b-93209ac44fdb req-c19fee8e-9cc4-40c2-892b-93209ac44fdb ] Request (ServersAdminNegativeTestJSON:tearDownClass): 200 GET http://10.180.1.21/compute/v2.1/servers/6134e9ef-6255-498a-a6a0-ecadf470c3d3 0.914s
2025-12-09 16:45:04.222 65521 INFO tempest.lib.common.rest_client [req-f9b60764-254e-40cb-aafc-5c8d99d72649 req-f9b60764-254e-40cb-aafc-5c8d99d72649 ] Request (ServersWithSpecificFlavorTestJSON:test_verify_created_server_ephemeral_disk): 200 GET http://10.180.1.21/compute/v2.1/servers/3e03dd55-79bc-4257-bcbf-994ab4f22047 0.716s
2025-12-09 16:45:04.259 65519 INFO tempest.lib.common.rest_client [req-1742b837-67c5-4933-825b-e72c75957c75 req-1742b837-67c5-4933-825b-e72c75957c75 ] Request (ServersV294TestFqdnHostnames:setUpClass): 200 GET http://10.180.1.21/compute/v2.1/servers/2a92126f-6014-4fa9-9893-32032ebf7f9a 0.697s
2025-12-09 16:45:04.362 65487 INFO tempest.lib.common.rest_client [req-1210ffab-0788-4eea-ad8d-9ded9a27015c req-1210ffab-0788-4eea-ad8d-9ded9a27015c ] Request (ImagesOneServerTestJSON:tearDownClass): 200 PUT http://10.180.1.21/networking/v2.0/routers/e6c6040b-3bb8-4edf-aa06-7056b3317b2b/remove_router_interface 0.904s
2025-12-09 16:45:04.374 65497 INFO tempest.lib.common.rest_client [req-b234a45a-7dc2-4392-8ca4-8cf1755d1c85 req-b234a45a-7dc2-4392-8ca4-8cf1755d1c85 ] Request (ServersTestMultiNic:test_verify_duplicate_network_nics): 200 GET http://10.180.1.21/compute/v2.1/servers/9d033ead-84eb-4ae8-bb4e-cbdfdae3ef8b 0.735s
2025-12-09 16:45:04.406 65527 INFO tempest.lib.common.rest_client [req-c41b0f6a-d11d-414f-946e-e155e58085cd req-c41b0f6a-d11d-414f-946e-e155e58085cd ] Request (ServerActionsTestOtherB:test_resize_server_confirm_from_stopped): 200 GET http://10.180.1.21/compute/v2.1/servers/f03ec022-41f1-4d1e-84fc-f0ff623b18d9 0.540s
2025-12-09 16:45:04.518 65513 INFO tempest.lib.common.rest_client [req-e57ab9f7-c3eb-40cf-bbe2-8a9583ce57a5 req-e57ab9f7-c3eb-40cf-bbe2-8a9583ce57a5 ] Request (FloatingIPsAssociationNegativeTestJSON:setUpClass): 200 GET http://10.180.1.21/compute/v2.1/servers/613318cf-2d7f-4d1f-a403-662c0f488b9c 0.377s
2025-12-09 16:45:04.544 65483 INFO tempest.lib.common.rest_client [req-c830abec-7a03-42c0-9413-e655d77dedfc req-c830abec-7a03-42c0-9413-e655d77dedfc ] Request (ServersTestJSON:setUpClass): 200 GET http://10.180.1.21/compute/v2.1/servers/51003dd4-0f23-4d4b-83bb-da04373ae8fc 0.340s
2025-12-09 16:45:04.593 65509 INFO tempest.lib.common.rest_client [req-c38102e4-c561-47f8-9601-5d6aa6c117a4 req-c38102e4-c561-47f8-9601-5d6aa6c117a4 ] Request (MultipleCreateTestJSON:test_multiple_create): 200 GET http://10.180.1.21/compute/v2.1/servers/435ac28f-3cd8-4305-aa4a-56221528e78b 0.349s
2025-12-09 16:45:04.616 65523 INFO tempest.lib.common.rest_client [req-99bbe45c-9bca-4072-90e7-52daacfb0cb7 req-99bbe45c-9bca-4072-90e7-52daacfb0cb7 ] Request (ListImageFiltersTestJSON:setUpClass): 200 GET http://10.180.1.21/compute/v2.1/servers/807663a1-f776-4788-bbf1-9bba42ebc86d 0.336s
2025-12-09 16:45:04.671 65481 INFO tempest.lib.common.rest_client [req-101ca63d-32aa-42c2-b6ad-d16442a751fd req-101ca63d-32aa-42c2-b6ad-d16442a751fd ] Request (FloatingIPsAssociationTestJSON:test_associate_already_associated_floating_ip): 200 GET http://10.180.1.21/compute/v2.1/servers/7b656fc1-5435-432d-818e-29e8a2576ad1 0.357s
2025-12-09 16:45:04.689 65543 INFO tempest.lib.common.rest_client [req-aeaa86b8-1c10-418f-b9e0-c4da28e761a4 req-aeaa86b8-1c10-418f-b9e0-c4da28e761a4 ] Request (ServerDiskConfigTestJSON:test_resize_server_from_auto_to_manual): 200 GET http://10.180.1.21/compute/v2.1/servers/d73d4fc9-3f1a-48d1-9d66-42d0070a2924 0.340s
2025-12-09 16:45:04.702 65517 INFO tempest.lib.common.rest_client [req-c8f2481a-0f1d-4786-aacf-d596521d480f req-c8f2481a-0f1d-4786-aacf-d596521d480f ] Request (ListServersNegativeTestJSON:setUpClass): 404 GET http://10.180.1.21/compute/v2.1/servers/7c652542-0f97-41ac-b5d5-31b5befb3a4b 0.307s
2025-12-09 16:45:04.768 65525 INFO tempest.lib.common.rest_client [req-371a5893-04c6-4996-869d-92d9ba91a8f2 req-371a5893-04c6-4996-869d-92d9ba91a8f2 ] Request (ServerGroupTestJSON:test_create_server_with_scheduler_hint_group): 200 GET http://10.180.1.21/compute/v2.1/servers/1ad306c3-ae7a-4f2f-8970-1fb55215b00d 0.325s
2025-12-09 16:45:04.835 65487 INFO tempest.lib.common.rest_client [req-ce49e09b-2f9b-417e-af87-c1379b338853 req-ce49e09b-2f9b-417e-af87-c1379b338853 ] Request (ImagesOneServerTestJSON:tearDownClass): 204 DELETE http://10.180.1.21/networking/v2.0/routers/e6c6040b-3bb8-4edf-aa06-7056b3317b2b 0.472s
2025-12-09 16:45:04.856 65511 INFO tempest.lib.common.rest_client [req-f7b3823a-041d-45ef-857d-de4521fd76fd req-f7b3823a-041d-45ef-857d-de4521fd76fd ] Request (DeleteServersTestJSON:test_delete_server_while_in_attached_volume): 200 GET http://10.180.1.21/compute/v2.1/servers/68bce889-518e-40bd-b4c7-b7f1334f1e73 0.316s
2025-12-09 16:45:04.887 65491 INFO tempest.lib.common.rest_client [req-9282fb90-2758-4911-aee3-7e554fda2fff req-9282fb90-2758-4911-aee3-7e554fda2fff ] Request (ServerPasswordTestJSON:tearDownClass): 200 GET http://10.180.1.21/compute/v2.1/servers/6a6ba825-f7d3-4532-8339-3c7fa1802090 0.381s
2025-12-09 16:45:04.959 65531 INFO tempest.lib.common.rest_client [req-7520a23c-1333-420c-ad08-cd8792a484d8 req-7520a23c-1333-420c-ad08-cd8792a484d8 ] Request (ServerMetadataTestJSON:tearDownClass): 200 GET http://10.180.1.21/compute/v2.1/servers/568c698c-bd63-4f96-81df-f84c7677629e 0.354s
2025-12-09 16:45:04.963 65487 INFO tempest.lib.common.rest_client [req-46b3277c-f37e-4593-8ecf-fe8bc96b3683 req-46b3277c-f37e-4593-8ecf-fe8bc96b3683 ] Request (ImagesOneServerTestJSON:tearDownClass): 204 DELETE http://10.180.1.21/networking/v2.0/subnets/6543d430-9fa6-464b-803e-d8739855c9a6 0.128s
2025-12-09 16:45:04.969 65507 INFO tempest.lib.common.rest_client [req-afafc92a-d9d3-4a06-92cb-374d3d26c5c9 req-afafc92a-d9d3-4a06-92cb-374d3d26c5c9 ] Request (ServersAdminTestJSON:test_inject_network_info): 200 GET http://10.180.1.21/compute/v2.1/servers/d6f1c925-ed6d-4a56-8b25-5c7200fa2f75 0.293s
2025-12-09 16:45:05.035 65517 INFO tempest.lib.common.rest_client [req-b4eb7ed7-699c-4d04-b848-2f681eea87f9 req-b4eb7ed7-699c-4d04-b848-2f681eea87f9 ] Request (ListServersNegativeTestJSON:test_list_servers_by_changes_since_future_date): 200 GET http://10.180.1.21/compute/v2.1/servers?changes-since=2051-01-01T12%3A34%3A00Z&status=ACTIVE 0.332s
2025-12-09 16:45:05.221 65487 INFO tempest.lib.common.rest_client [req-d06a137e-f017-4724-a893-c24fd0ddccfa req-d06a137e-f017-4724-a893-c24fd0ddccfa ] Request (ImagesOneServerTestJSON:tearDownClass): 204 DELETE http://10.180.1.21/networking/v2.0/networks/8ad2113e-5cda-4a22-b62f-c68962b79fec 0.257s
2025-12-09 16:45:05.258 65489 INFO tempest.lib.common.rest_client [req-59bf59c4-08ed-4655-a2f4-2073c2e4c064 req-59bf59c4-08ed-4655-a2f4-2073c2e4c064 ] Request (ServerShowV254Test:tearDownClass): 200 GET http://10.180.1.21/compute/v2.1/servers/a67c70d6-e435-453d-a720-89c1578ed076 0.490s
2025-12-09 16:45:05.308 65485 INFO tempest.lib.common.rest_client [req-8a30d108-3692-4927-bb00-90dd1eb2e403 req-8a30d108-3692-4927-bb00-90dd1eb2e403 ] Request (SecurityGroupsTestJSON:test_server_security_groups): 200 GET http://10.180.1.21/compute/v2.1/servers/26d8a896-820c-401b-9880-dc54cb1d43fe 0.558s
2025-12-09 16:45:05.397 65487 INFO tempest.lib.common.rest_client [req-0e9c1d3c-ed0e-44ae-bc7b-7fbc079c59b7 req-0e9c1d3c-ed0e-44ae-bc7b-7fbc079c59b7 ] Request (ImagesOneServerTestJSON:tearDownClass): 204 DELETE http://10.180.1.21/identity/v3/users/e758bb4fa0c742619b9747a082f786e6 0.175s
2025-12-09 16:45:05.397 65487 INFO tempest.lib.common.dynamic_creds [-] Deleting project and security group for project: 4abaf0d89ea6459dbddaa12446037d6d
2025-12-09 16:45:05.434 65501 INFO tempest.lib.common.rest_client [req-94ab3336-3fe2-4a91-ae74-ce04e877de32 req-94ab3336-3fe2-4a91-ae74-ce04e877de32 ] Request (ServerMetadataNegativeTestJSON:tearDownClass): 200 GET http://10.180.1.21/compute/v2.1/servers/e78f8705-554a-459f-9a11-1d96e73f467c 0.627s
2025-12-09 16:45:05.447 65501 INFO tempest.common.waiters [-] State transition "ACTIVE/deleting" ==> "DELETED/None" after 3 second wait
2025-12-09 16:45:05.452 65515 INFO tempest.lib.common.rest_client [req-e4cb8f14-da67-4863-873f-85001a676055 req-e4cb8f14-da67-4863-873f-85001a676055 ] Request (ListServerFiltersTestJSON:tearDownClass): 200 GET http://10.180.1.21/compute/v2.1/servers/74a310cd-a22d-4e7d-ad33-5de1fe170243 0.618s
2025-12-09 16:45:05.469 65487 INFO tempest.lib.common.rest_client [req-c233dbce-04ab-40b7-82f2-39ea0a1a3411 req-c233dbce-04ab-40b7-82f2-39ea0a1a3411 ] Request (ImagesOneServerTestJSON:tearDownClass): 200 GET http://10.180.1.21/networking/v2.0/security-groups?tenant_id=4abaf0d89ea6459dbddaa12446037d6d&name=default 0.071s
2025-12-09 16:45:05.608 65487 INFO tempest.lib.common.rest_client [req-8878e3ea-cafb-4b3e-ae05-f602908af16f req-8878e3ea-cafb-4b3e-ae05-f602908af16f ] Request (ImagesOneServerTestJSON:tearDownClass): 204 DELETE http://10.180.1.21/networking/v2.0/security-groups/07660c72-b919-4d62-b37d-9ae294d80c7d 0.139s
2025-12-09 16:45:05.671 65505 INFO tempest.lib.common.rest_client [req-d83b47ed-b341-44c4-b0a5-6eb6f90c0172 req-d83b47ed-b341-44c4-b0a5-6eb6f90c0172 ] Request (ImagesTestJSON:test_create_server_from_snapshot): 200 GET http://10.180.1.21/compute/v2.1/servers/2a3bb4f1-c66b-4d50-acdc-8c54e80c41f3 0.806s
2025-12-09 16:45:05.680 65517 INFO tempest.lib.common.rest_client [req-8bfd266f-7444-4389-96a6-a59d73ee9b0f req-8bfd266f-7444-4389-96a6-a59d73ee9b0f ] Request (ListServersNegativeTestJSON:test_list_servers_by_changes_since_invalid_date): 400 GET http://10.180.1.21/compute/v2.1/servers?changes-since=2011%2F01%2F01 0.641s
2025-12-09 16:45:05.722 65533 INFO tempest.lib.common.rest_client [req-3b5b5801-d711-4de6-9ece-8f4684483b8d req-3b5b5801-d711-4de6-9ece-8f4684483b8d ] Request (MigrationsAdminTest:test_resize_server_revert_deleted_flavor): 200 GET http://10.180.1.21/compute/v2.1/servers/7a3a2430-ec54-4201-af5b-3f490916c56b 0.716s
2025-12-09 16:45:05.798 65487 INFO tempest.lib.common.rest_client [req-8cb20b4e-32aa-407b-8d66-5ed47b0d0d2c req-8cb20b4e-32aa-407b-8d66-5ed47b0d0d2c ] Request (ImagesOneServerTestJSON:tearDownClass): 204 DELETE http://10.180.1.21/identity/v3/projects/4abaf0d89ea6459dbddaa12446037d6d 0.189s
2025-12-09 16:45:05.815 65539 INFO tempest.lib.common.rest_client [req-1ef53fb6-66fa-45b6-8aec-0821c45ebddf req-1ef53fb6-66fa-45b6-8aec-0821c45ebddf ] Request (ServersAdminNegativeTestJSON:tearDownClass): 200 GET http://10.180.1.21/compute/v2.1/servers/6134e9ef-6255-498a-a6a0-ecadf470c3d3 0.604s
2025-12-09 16:45:05.834 65503 INFO tempest.lib.common.rest_client [req-4c752b99-653b-477c-957c-b95e0b5c8b63 req-4c752b99-653b-477c-957c-b95e0b5c8b63 ] Request (ServersTestFqdnHostnames:test_create_server_with_fqdn_name): 200 GET http://10.180.1.21/compute/v2.1/servers/d45ef7a1-b35c-4bfb-851e-be790120a1fc 0.687s
2025-12-09 16:45:05.879 65521 INFO tempest.lib.common.rest_client [req-fc5a082e-f913-4d17-8fcf-47a9841e90d7 req-fc5a082e-f913-4d17-8fcf-47a9841e90d7 ] Request (ServersWithSpecificFlavorTestJSON:test_verify_created_server_ephemeral_disk): 200 GET http://10.180.1.21/compute/v2.1/servers/3e03dd55-79bc-4257-bcbf-994ab4f22047 0.649s
2025-12-09 16:45:05.884 65487 INFO tempest.lib.common.rest_client [req-e5f475e4-8af3-402e-a5a9-b4d0f22973b3 req-e5f475e4-8af3-402e-a5a9-b4d0f22973b3 ] Request (ServerActionsTestJSON:setUpClass): 201 POST http://10.180.1.21/identity/v3/auth/tokens 0.084s
2025-12-09 16:45:05.896 65519 INFO tempest.lib.common.rest_client [req-f2b25a64-fb70-48ac-a496-52ec0cc894dd req-f2b25a64-fb70-48ac-a496-52ec0cc894dd ] Request (ServersV294TestFqdnHostnames:setUpClass): 200 GET http://10.180.1.21/compute/v2.1/servers/2a92126f-6014-4fa9-9893-32032ebf7f9a 0.625s
2025-12-09 16:45:05.918 65487 INFO tempest.lib.common.rest_client [req-d6b7e5f5-db2c-4005-97f6-aaa68ba49a23 req-d6b7e5f5-db2c-4005-97f6-aaa68ba49a23 ] Request (ServerActionsTestJSON:setUpClass): 201 POST http://10.180.1.21/identity/v3/auth/tokens 0.031s
2025-12-09 16:45:05.944 65487 INFO tempest.lib.common.rest_client [req-f0fe8b07-331a-4665-a526-d2a4bd23ee7a req-f0fe8b07-331a-4665-a526-d2a4bd23ee7a ] Request (ServerActionsTestJSON:setUpClass): 200 GET http://10.180.1.21/identity/v3/domains?name=Default 0.026s
2025-12-09 16:45:05.978 65487 INFO tempest.lib.common.rest_client [req-bdf70295-37d4-4781-8490-d9ca52c53993 req-bdf70295-37d4-4781-8490-d9ca52c53993 ] Request (ServerActionsTestJSON:setUpClass): 201 POST http://10.180.1.21/identity/v3/projects 0.033s
2025-12-09 16:45:05.993 65497 INFO tempest.lib.common.rest_client [req-2861713e-3d42-4e6f-b001-b2535673cbe4 req-2861713e-3d42-4e6f-b001-b2535673cbe4 ] Request (ServersTestMultiNic:test_verify_duplicate_network_nics): 200 GET http://10.180.1.21/compute/v2.1/servers/9d033ead-84eb-4ae8-bb4e-cbdfdae3ef8b 0.605s
2025-12-09 16:45:06.001 65497 INFO tempest.common.waiters [-] State transition "BUILD/spawning" ==> "ACTIVE/None" after 71 second wait
2025-12-09 16:45:06.045 65527 INFO tempest.lib.common.rest_client [req-666f8e81-c1c4-48e4-9535-7bb34ca1c003 req-666f8e81-c1c4-48e4-9535-7bb34ca1c003 ] Request (ServerActionsTestOtherB:test_resize_server_confirm_from_stopped): 200 GET http://10.180.1.21/compute/v2.1/servers/f03ec022-41f1-4d1e-84fc-f0ff623b18d9 0.629s
2025-12-09 16:45:06.051 65487 INFO tempest.lib.common.rest_client [req-4cf4b0a4-67c6-4790-a383-75257425ece4 req-4cf4b0a4-67c6-4790-a383-75257425ece4 ] Request (ServerActionsTestJSON:setUpClass): 201 POST http://10.180.1.21/identity/v3/users 0.073s
2025-12-09 16:45:06.078 65487 INFO tempest.lib.common.rest_client [req-481ab04d-693e-41e1-bff2-00fcaf9e5157 req-481ab04d-693e-41e1-bff2-00fcaf9e5157 ] Request (ServerActionsTestJSON:setUpClass): 200 GET http://10.180.1.21/identity/v3/roles 0.026s
2025-12-09 16:45:06.108 65487 INFO tempest.lib.common.rest_client [req-75a3569d-431a-43b7-8ac6-67a0114751e9 req-75a3569d-431a-43b7-8ac6-67a0114751e9 ] Request (ServerActionsTestJSON:setUpClass): 204 PUT http://10.180.1.21/identity/v3/projects/7496ff00398f4d5fbc7d45746e64515a/users/859f4ef7fe3f42ccb193d55ae66f99a2/roles/e0a713cb0f2a4c4ebf6a7984e1ab9458 0.029s
2025-12-09 16:45:06.108 65487 INFO tempest.lib.common.dynamic_creds [-] Dynamic test user 859f4ef7fe3f42ccb193d55ae66f99a2 is created with scope project and roles: ['member']
2025-12-09 16:45:06.108 65487 INFO tempest.lib.common.dynamic_creds [-] Acquired dynamic creds: credentials: Credentials: {'domain_id': 'default', 'domain_name': 'Default', 'username': 'tempest-ServerActionsTestJSON-1302388731-project-member', 'project_domain_id': 'default', 'project_domain_name': 'Default', 'project_id': '7496ff00398f4d5fbc7d45746e64515a', 'project_name': 'tempest-ServerActionsTestJSON-1302388731', 'tenant_id': '7496ff00398f4d5fbc7d45746e64515a', 'tenant_name': 'tempest-ServerActionsTestJSON-1302388731', 'user_domain_id': 'default', 'user_domain_name': 'Default', 'user_id': '859f4ef7fe3f42ccb193d55ae66f99a2', 'system': None}, Network: None, Subnet: None, Router: None
2025-12-09 16:45:06.142 65513 INFO tempest.lib.common.rest_client [req-c12e49db-1876-4dcc-9f14-734a8a9fe304 req-c12e49db-1876-4dcc-9f14-734a8a9fe304 ] Request (FloatingIPsAssociationNegativeTestJSON:setUpClass): 200 GET http://10.180.1.21/compute/v2.1/servers/613318cf-2d7f-4d1f-a403-662c0f488b9c 0.610s
2025-12-09 16:45:06.163 65483 INFO tempest.lib.common.rest_client [req-8fbb5451-9721-4eaf-938b-fdf775ff6e50 req-8fbb5451-9721-4eaf-938b-fdf775ff6e50 ] Request (ServersTestJSON:setUpClass): 200 GET http://10.180.1.21/compute/v2.1/servers/51003dd4-0f23-4d4b-83bb-da04373ae8fc 0.609s
2025-12-09 16:45:06.173 65483 INFO tempest.common.waiters [-] State transition "BUILD/spawning" ==> "ACTIVE/None" after 34 second wait
2025-12-09 16:45:06.177 65487 INFO tempest.lib.common.rest_client [req-ed57c2b5-e484-4aad-b424-1b343a4c8bc3 req-ed57c2b5-e484-4aad-b424-1b343a4c8bc3 ] Request (ServerActionsTestJSON:setUpClass): 201 POST http://10.180.1.21/identity/v3/auth/tokens 0.069s
2025-12-09 16:45:06.192 65509 INFO tempest.lib.common.rest_client [req-29eb95e7-ae63-4428-bc57-38cb56dc0907 req-29eb95e7-ae63-4428-bc57-38cb56dc0907 ] Request (MultipleCreateTestJSON:test_multiple_create): 200 GET http://10.180.1.21/compute/v2.1/servers/435ac28f-3cd8-4305-aa4a-56221528e78b 0.589s
2025-12-09 16:45:06.220 65523 INFO tempest.lib.common.rest_client [req-c5d08215-c070-40dc-9bf6-1886e502eb5c req-c5d08215-c070-40dc-9bf6-1886e502eb5c ] Request (ListImageFiltersTestJSON:setUpClass): 200 GET http://10.180.1.21/compute/v2.1/servers/807663a1-f776-4788-bbf1-9bba42ebc86d 0.593s
2025-12-09 16:45:06.253 65481 INFO tempest.lib.common.rest_client [req-2afba63d-8bc7-4e63-9c94-6bf3c80e5c64 req-2afba63d-8bc7-4e63-9c94-6bf3c80e5c64 ] Request (FloatingIPsAssociationTestJSON:test_associate_already_associated_floating_ip): 200 GET http://10.180.1.21/compute/v2.1/servers/7b656fc1-5435-432d-818e-29e8a2576ad1 0.573s
2025-12-09 16:45:06.272 65517 INFO tempest.lib.common.rest_client [req-798ca765-44ce-4909-be11-470207ce1909 req-798ca765-44ce-4909-be11-470207ce1909 ] Request (ListServersNegativeTestJSON:test_list_servers_by_limits_greater_than_actual_count): 200 GET http://10.180.1.21/compute/v2.1/servers 0.589s
2025-12-09 16:45:06.313 65543 INFO tempest.lib.common.rest_client [req-095cc049-043e-4b7b-84fa-64e4abdc9462 req-095cc049-043e-4b7b-84fa-64e4abdc9462 ] Request (ServerDiskConfigTestJSON:test_resize_server_from_auto_to_manual): 200 GET http://10.180.1.21/compute/v2.1/servers/d73d4fc9-3f1a-48d1-9d66-42d0070a2924 0.611s
2025-12-09 16:45:06.329 65525 INFO tempest.lib.common.rest_client [req-e99767b3-443c-4386-8ef3-a4beb7cec823 req-e99767b3-443c-4386-8ef3-a4beb7cec823 ] Request (ServerGroupTestJSON:test_create_server_with_scheduler_hint_group): 200 GET http://10.180.1.21/compute/v2.1/servers/1ad306c3-ae7a-4f2f-8970-1fb55215b00d 0.549s
2025-12-09 16:45:06.370 65511 INFO tempest.lib.common.rest_client [req-c97a2e50-96bc-4c14-b81e-019429e1d93d req-c97a2e50-96bc-4c14-b81e-019429e1d93d ] Request (DeleteServersTestJSON:test_delete_server_while_in_attached_volume): 200 GET http://10.180.1.21/compute/v2.1/servers/68bce889-518e-40bd-b4c7-b7f1334f1e73 0.505s
2025-12-09 16:45:06.394 65491 INFO tempest.lib.common.rest_client [req-dc1e883a-732b-4584-ba10-1f1bc067d0bb req-dc1e883a-732b-4584-ba10-1f1bc067d0bb ] Request (ServerPasswordTestJSON:tearDownClass): 200 GET http://10.180.1.21/compute/v2.1/servers/6a6ba825-f7d3-4532-8339-3c7fa1802090 0.500s
2025-12-09 16:45:06.402 65491 INFO tempest.common.waiters [-] State transition "ACTIVE/deleting" ==> "DELETED/None" after 3 second wait
2025-12-09 16:45:06.433 65531 INFO tempest.lib.common.rest_client [req-b3c4a776-00b4-4caa-a15e-41920d64b09b req-b3c4a776-00b4-4caa-a15e-41920d64b09b ] Request (ServerMetadataTestJSON:tearDownClass): 200 GET http://10.180.1.21/compute/v2.1/servers/568c698c-bd63-4f96-81df-f84c7677629e 0.460s
2025-12-09 16:45:06.459 65497 INFO tempest.lib.common.rest_client [req-5972fb79-8dc6-4558-8436-3daa12ed0b2c req-5972fb79-8dc6-4558-8436-3daa12ed0b2c ] Request (ServersTestMultiNic:test_verify_duplicate_network_nics): 200 GET http://10.180.1.21/compute/v2.1/servers/9d033ead-84eb-4ae8-bb4e-cbdfdae3ef8b/ips 0.458s
2025-12-09 16:45:06.463 65507 INFO tempest.lib.common.rest_client [req-35d04652-0545-4f3e-a1e7-678ca509b14f req-35d04652-0545-4f3e-a1e7-678ca509b14f ] Request (ServersAdminTestJSON:test_inject_network_info): 200 GET http://10.180.1.21/compute/v2.1/servers/d6f1c925-ed6d-4a56-8b25-5c7200fa2f75 0.481s
2025-12-09 16:45:06.498 65487 INFO tempest.lib.common.rest_client [req-fc577687-7a4a-4335-9e28-5b7f5f85f668 req-fc577687-7a4a-4335-9e28-5b7f5f85f668 ] Request (ServerActionsTestJSON:setUpClass): 201 POST http://10.180.1.21/networking/v2.0/networks 0.320s
2025-12-09 16:45:06.516 65517 INFO tempest.lib.common.rest_client [req-efa5250d-27e0-4726-9d06-faacc2ce5950 req-efa5250d-27e0-4726-9d06-faacc2ce5950 ] Request (ListServersNegativeTestJSON:test_list_servers_by_limits_greater_than_actual_count): 200 GET http://10.180.1.21/compute/v2.1/servers?limit=102 0.241s
2025-12-09 16:45:06.555 65483 INFO tempest.lib.common.rest_client [req-03c0d808-f5cb-4950-893a-55a337c5a058 req-03c0d808-f5cb-4950-893a-55a337c5a058 ] Request (ServersTestJSON:setUpClass): 200 GET http://10.180.1.21/compute/v2.1/servers/51003dd4-0f23-4d4b-83bb-da04373ae8fc/os-interface 0.382s
2025-12-09 16:45:06.581 65489 INFO tempest.lib.common.rest_client [req-315c20ac-a8e8-4994-866f-fd030149c23f req-315c20ac-a8e8-4994-866f-fd030149c23f ] Request (ServerShowV254Test:tearDownClass): 200 GET http://10.180.1.21/compute/v2.1/servers/a67c70d6-e435-453d-a720-89c1578ed076 0.306s
2025-12-09 16:45:06.693 65487 INFO tempest.lib.common.rest_client [req-9744a856-4eb5-486d-9fd3-7923b3a3f79f req-9744a856-4eb5-486d-9fd3-7923b3a3f79f ] Request (ServerActionsTestJSON:setUpClass): 201 POST http://10.180.1.21/networking/v2.0/subnets 0.194s
2025-12-09 16:45:06.717 65485 INFO tempest.lib.common.rest_client [req-2d03994b-2889-4500-9a9a-0bfe6ca1a068 req-2d03994b-2889-4500-9a9a-0bfe6ca1a068 ] Request (SecurityGroupsTestJSON:test_server_security_groups): 200 GET http://10.180.1.21/compute/v2.1/servers/26d8a896-820c-401b-9880-dc54cb1d43fe 0.399s
2025-12-09 16:45:06.733 65501 INFO tempest.lib.common.rest_client [req-c5752aff-95b2-4cb0-b695-3541b350198f req-c5752aff-95b2-4cb0-b695-3541b350198f ] Request (ServerMetadataNegativeTestJSON:tearDownClass): 200 GET http://10.180.1.21/compute/v2.1/servers/e78f8705-554a-459f-9a11-1d96e73f467c 0.285s
2025-12-09 16:45:06.828 65497 INFO tempest.lib.common.rest_client [req-9e646d6e-be8a-46da-bbb9-169ae7b46a46 req-9e646d6e-be8a-46da-bbb9-169ae7b46a46 ] Request (ServersTestMultiNic:_run_cleanups): 204 DELETE http://10.180.1.21/compute/v2.1/servers/9d033ead-84eb-4ae8-bb4e-cbdfdae3ef8b 0.365s
2025-12-09 16:45:06.832 65517 INFO tempest.lib.common.rest_client [req-dd7223f4-0ae1-486c-b84b-44682cfd6f06 req-dd7223f4-0ae1-486c-b84b-44682cfd6f06 ] Request (ListServersNegativeTestJSON:test_list_servers_by_limits_pass_negative_value): 400 GET http://10.180.1.21/compute/v2.1/servers?limit=-1 0.312s
2025-12-09 16:45:07.129 65483 INFO tempest.lib.common.rest_client [req-333e037d-32fd-49f2-8f9e-c975cea6414f req-333e037d-32fd-49f2-8f9e-c975cea6414f ] Request (ServersTestJSON:setUpClass): 200 PUT http://10.180.1.21/networking/v2.0/floatingips/9664c838-8d04-4602-b116-878ee0a78f3a 0.571s
2025-12-09 16:45:07.161 65515 INFO tempest.lib.common.rest_client [req-acfc481b-e393-4148-aaa5-46650f8e2422 req-acfc481b-e393-4148-aaa5-46650f8e2422 ] Request (ListServerFiltersTestJSON:tearDownClass): 200 GET http://10.180.1.21/compute/v2.1/servers/74a310cd-a22d-4e7d-ad33-5de1fe170243 0.694s
2025-12-09 16:45:07.180 65505 INFO tempest.lib.common.rest_client [req-371e36ab-7cd8-4fdc-ab52-e7cf0b0f2f44 req-371e36ab-7cd8-4fdc-ab52-e7cf0b0f2f44 ] Request (ImagesTestJSON:test_create_server_from_snapshot): 200 GET http://10.180.1.21/compute/v2.1/servers/2a3bb4f1-c66b-4d50-acdc-8c54e80c41f3 0.500s
2025-12-09 16:45:07.264 65539 INFO tempest.lib.common.rest_client [req-5c0e0625-693a-4bbc-819f-9c8631e846be req-5c0e0625-693a-4bbc-819f-9c8631e846be ] Request (ServersAdminNegativeTestJSON:tearDownClass): 200 GET http://10.180.1.21/compute/v2.1/servers/6134e9ef-6255-498a-a6a0-ecadf470c3d3 0.439s
2025-12-09 16:45:07.296 65533 INFO tempest.lib.common.rest_client [req-84c94c44-18d1-41cf-a4e4-f8590ee3b95a req-84c94c44-18d1-41cf-a4e4-f8590ee3b95a ] Request (MigrationsAdminTest:test_resize_server_revert_deleted_flavor): 200 GET http://10.180.1.21/compute/v2.1/servers/7a3a2430-ec54-4201-af5b-3f490916c56b 0.562s
2025-12-09 16:45:07.303 65517 INFO tempest.lib.common.rest_client [req-55bc1ecd-ef75-44ee-b065-466c9dc9fb79 req-55bc1ecd-ef75-44ee-b065-466c9dc9fb79 ] Request (ListServersNegativeTestJSON:test_list_servers_by_limits_pass_string): 400 GET http://10.180.1.21/compute/v2.1/servers?limit=testing 0.470s
2025-12-09 16:45:07.439 65487 INFO tempest.lib.common.rest_client [req-6b9cb2a8-9ecd-48d8-848b-752ac1c516a1 req-6b9cb2a8-9ecd-48d8-848b-752ac1c516a1 ] Request (ServerActionsTestJSON:setUpClass): 201 POST http://10.180.1.21/networking/v2.0/routers 0.745s
2025-12-09 16:45:07.479 65497 INFO tempest.lib.common.rest_client [req-c533c26d-8b43-4d53-bd04-401ec642b96a req-c533c26d-8b43-4d53-bd04-401ec642b96a ] Request (ServersTestMultiNic:_run_cleanups): 200 GET http://10.180.1.21/compute/v2.1/servers/9d033ead-84eb-4ae8-bb4e-cbdfdae3ef8b 0.651s
2025-12-09 16:45:07.516 65503 INFO tempest.lib.common.rest_client [req-23101e95-9d9a-4473-9164-75b1a5f1e957 req-23101e95-9d9a-4473-9164-75b1a5f1e957 ] Request (ServersTestFqdnHostnames:test_create_server_with_fqdn_name): 200 GET http://10.180.1.21/compute/v2.1/servers/d45ef7a1-b35c-4bfb-851e-be790120a1fc 0.672s
2025-12-09 16:45:07.541 65521 INFO tempest.lib.common.rest_client [req-b0c2f151-e518-4690-b249-f9c7af41d32d req-b0c2f151-e518-4690-b249-f9c7af41d32d ] Request (ServersWithSpecificFlavorTestJSON:test_verify_created_server_ephemeral_disk): 200 GET http://10.180.1.21/compute/v2.1/servers/3e03dd55-79bc-4257-bcbf-994ab4f22047 0.653s
2025-12-09 16:45:07.653 65519 INFO tempest.lib.common.rest_client [req-9cffb1f0-fb68-4947-a6a4-f8e281ff7c5b req-9cffb1f0-fb68-4947-a6a4-f8e281ff7c5b ] Request (ServersV294TestFqdnHostnames:setUpClass): 200 GET http://10.180.1.21/compute/v2.1/servers/2a92126f-6014-4fa9-9893-32032ebf7f9a 0.745s
2025-12-09 16:45:07.682 65527 INFO tempest.lib.common.rest_client [req-f99d1233-03f3-4870-bd26-6253b7a7d6b4 req-f99d1233-03f3-4870-bd26-6253b7a7d6b4 ] Request (ServerActionsTestOtherB:test_resize_server_confirm_from_stopped): 200 GET http://10.180.1.21/compute/v2.1/servers/f03ec022-41f1-4d1e-84fc-f0ff623b18d9 0.625s
2025-12-09 16:45:07.809 65483 INFO tempest.lib.common.rest_client [req-905f01ba-cfba-4ae8-bf26-38b718cf66c5 req-905f01ba-cfba-4ae8-bf26-38b718cf66c5 ] Request (ServersTestJSON:setUpClass): 200 GET http://10.180.1.21/compute/v2.1/servers/51003dd4-0f23-4d4b-83bb-da04373ae8fc 0.679s
2025-12-09 16:45:07.822 65483 INFO tempest.lib.common.ssh [-] Creating ssh connection to '10.180.180.147:22' as 'cirros' with public key authentication
2025-12-09 16:45:07.835 65513 INFO tempest.lib.common.rest_client [req-c20b047f-8ee3-467f-a836-83ab83348954 req-c20b047f-8ee3-467f-a836-83ab83348954 ] Request (FloatingIPsAssociationNegativeTestJSON:setUpClass): 200 GET http://10.180.1.21/compute/v2.1/servers/613318cf-2d7f-4d1f-a403-662c0f488b9c 0.685s
2025-12-09 16:45:07.843 65513 INFO tempest.common.waiters [-] State transition "BUILD/spawning" ==> "ACTIVE/None" after 55 second wait
2025-12-09 16:45:07.891 65509 INFO tempest.lib.common.rest_client [req-1ddd6900-f5b3-4541-84f1-7f101066734d req-1ddd6900-f5b3-4541-84f1-7f101066734d ] Request (MultipleCreateTestJSON:test_multiple_create): 200 GET http://10.180.1.21/compute/v2.1/servers/435ac28f-3cd8-4305-aa4a-56221528e78b 0.689s
2025-12-09 16:45:07.897 65509 INFO tempest.common.waiters [-] State transition "BUILD/scheduling" ==> "BUILD/None" after 17 second wait
2025-12-09 16:45:07.909 65523 INFO tempest.lib.common.rest_client [req-c9beb44b-4ad9-45f9-a646-757d78814d1f req-c9beb44b-4ad9-45f9-a646-757d78814d1f ] Request (ListImageFiltersTestJSON:setUpClass): 200 GET http://10.180.1.21/compute/v2.1/servers/807663a1-f776-4788-bbf1-9bba42ebc86d 0.677s
2025-12-09 16:45:07.917 65523 INFO tempest.common.waiters [-] State transition "BUILD/scheduling" ==> "BUILD/None" after 18 second wait
2025-12-09 16:45:07.926 65517 INFO tempest.lib.common.rest_client [req-5fdbacde-a251-404b-8c69-fc077b7d10a3 req-5fdbacde-a251-404b-8c69-fc077b7d10a3 ] Request (ListServersNegativeTestJSON:test_list_servers_by_non_existing_flavor): 200 GET http://10.180.1.21/compute/v2.1/servers?flavor=non_existing_flavor 0.621s
2025-12-09 16:45:07.949 65481 INFO tempest.lib.common.rest_client [req-a8f47bce-0158-417c-b47b-db4454d75e2a req-a8f47bce-0158-417c-b47b-db4454d75e2a ] Request (FloatingIPsAssociationTestJSON:test_associate_already_associated_floating_ip): 200 GET http://10.180.1.21/compute/v2.1/servers/7b656fc1-5435-432d-818e-29e8a2576ad1 0.687s
