2025-12-09 16:44:02.323 65521 INFO tempest.lib.common.rest_client [req-afc6b5ed-6419-4ac8-9f57-175e6e1c53e6 req-afc6b5ed-6419-4ac8-9f57-175e6e1c53e6 ] Request (VolumesAssistedSnapshotsTest:tearDownClass): 200 GET http://10.180.1.21/compute/v2.1/servers/c72075a1-39f2-49c3-8011-fde2c5f030de 1.992s
2025-12-09 16:44:02.335 65519 INFO tempest.lib.common.rest_client [req-11402413-4634-4622-b206-b292df95694b req-11402413-4634-4622-b206-b292df95694b ] Request (ServersTestBootFromVolume:tearDownClass): 200 GET http://10.180.1.21/compute/v2.1/servers/0141edf7-24e3-4cc4-8ce4-35bc9583e02f 2.068s
2025-12-09 16:44:02.351 65535 INFO tempest.lib.common.rest_client [req-07660c5c-8cbf-44aa-b843-affa42c226ae req-07660c5c-8cbf-44aa-b843-affa42c226ae ] Request (ServerRescueTestJSONUnderV235:tearDownClass): 404 GET http://10.180.1.21/compute/v2.1/servers/eba2d02a-ad35-4e00-8c7b-1be8c91c9615 1.965s
2025-12-09 16:44:02.368 65525 INFO tempest.lib.common.rest_client [req-7aba165f-9c91-4b7d-a0de-931ffdea5b09 req-7aba165f-9c91-4b7d-a0de-931ffdea5b09 ] Request (QuotasAdminTestV236:setUpClass): 201 POST http://10.180.1.21/identity/v3/users 0.092s
2025-12-09 16:44:02.400 65525 INFO tempest.lib.common.rest_client [req-e3a95cf7-df4e-460c-9ef3-c5377716c7fe req-e3a95cf7-df4e-460c-9ef3-c5377716c7fe ] Request (QuotasAdminTestV236:setUpClass): 200 GET http://10.180.1.21/identity/v3/roles 0.032s
2025-12-09 16:44:02.459 65525 INFO tempest.lib.common.rest_client [req-a57c2018-d58b-48b0-9cd6-f7d1f9ba8a21 req-a57c2018-d58b-48b0-9cd6-f7d1f9ba8a21 ] Request (QuotasAdminTestV236:setUpClass): 204 PUT http://10.180.1.21/identity/v3/projects/dde56798b5744451a074ce14262ba288/users/6c94aa9efe2d49de92a163f37479ed8c/roles/5957d3e5dad24693ace5cd243f7107a5 0.058s
2025-12-09 16:44:02.523 65525 INFO tempest.lib.common.rest_client [req-2787ebf6-8dd2-4be3-bd66-0fb7816f10e6 req-2787ebf6-8dd2-4be3-bd66-0fb7816f10e6 ] Request (QuotasAdminTestV236:setUpClass): 200 GET http://10.180.1.21/identity/v3/roles 0.063s
2025-12-09 16:44:02.548 65513 INFO tempest.lib.common.rest_client [req-f162acd1-33bb-45fa-9857-b5735c4750d3 req-f162acd1-33bb-45fa-9857-b5735c4750d3 ] Request (FloatingIPsAssociationNegativeTestJSON:setUpClass): 201 POST http://10.180.1.21/networking/v2.0/networks 0.502s
2025-12-09 16:44:02.551 65525 INFO tempest.lib.common.rest_client [req-de049fb6-d36b-4e04-9a39-888207ac4530 req-de049fb6-d36b-4e04-9a39-888207ac4530 ] Request (QuotasAdminTestV236:setUpClass): 204 PUT http://10.180.1.21/identity/v3/projects/dde56798b5744451a074ce14262ba288/users/6c94aa9efe2d49de92a163f37479ed8c/roles/5957d3e5dad24693ace5cd243f7107a5 0.027s
2025-12-09 16:44:02.552 65525 INFO tempest.lib.common.dynamic_creds [-] Dynamic test user 6c94aa9efe2d49de92a163f37479ed8c is created with scope project and roles: ['admin']
2025-12-09 16:44:02.552 65525 INFO tempest.lib.common.dynamic_creds [-] Acquired dynamic creds: credentials: Credentials: {'domain_id': 'default', 'domain_name': 'Default', 'username': 'tempest-QuotasAdminTestV236-1361980268-project-admin', 'project_domain_id': 'default', 'project_domain_name': 'Default', 'project_id': 'dde56798b5744451a074ce14262ba288', 'project_name': 'tempest-QuotasAdminTestV236-1361980268', 'tenant_id': 'dde56798b5744451a074ce14262ba288', 'tenant_name': 'tempest-QuotasAdminTestV236-1361980268', 'user_domain_id': 'default', 'user_domain_name': 'Default', 'user_id': '6c94aa9efe2d49de92a163f37479ed8c', 'system': None}, Network: None, Subnet: None, Router: None
2025-12-09 16:44:02.552 65525 INFO tempest.lib.common.dynamic_creds [-] Created isolated network resources for: credentials: Credentials: {'domain_id': 'default', 'domain_name': 'Default', 'username': 'tempest-QuotasAdminTestV236-1361980268-project-admin', 'project_domain_id': 'default', 'project_domain_name': 'Default', 'project_id': 'dde56798b5744451a074ce14262ba288', 'project_name': 'tempest-QuotasAdminTestV236-1361980268', 'tenant_id': 'dde56798b5744451a074ce14262ba288', 'tenant_name': 'tempest-QuotasAdminTestV236-1361980268', 'user_domain_id': 'default', 'user_domain_name': 'Default', 'user_id': '6c94aa9efe2d49de92a163f37479ed8c', 'system': None}, Network: None, Subnet: None, Router: None
2025-12-09 16:44:02.660 65525 INFO tempest.lib.common.rest_client [req-cf961b70-a77b-4dbc-85cf-fac98b527ed0 req-cf961b70-a77b-4dbc-85cf-fac98b527ed0 ] Request (QuotasAdminTestV236:setUpClass): 201 POST http://10.180.1.21/identity/v3/auth/tokens 0.104s
2025-12-09 16:44:02.661 65525 WARNING tempest.lib.common.rest_client [-] Deprecated: "tenant_id" property is deprecated for removal, use "project_id" instead
2025-12-09 16:44:02.691 65525 INFO tempest.lib.common.rest_client [req-f1a91be9-de62-4526-9cbb-4bcf1347f0d1 req-f1a91be9-de62-4526-9cbb-4bcf1347f0d1 ] Request (QuotasAdminTestV236:test_get_updated_quotas): 200 GET http://10.180.1.21/identity/v3/domains?name=Default 0.029s
2025-12-09 16:44:02.722 65525 INFO tempest.lib.common.rest_client [req-62ecc6db-52b2-4bae-b51a-e681c7cab5f6 req-62ecc6db-52b2-4bae-b51a-e681c7cab5f6 ] Request (QuotasAdminTestV236:test_get_updated_quotas): 201 POST http://10.180.1.21/identity/v3/projects 0.030s
2025-12-09 16:44:02.800 65525 INFO tempest.lib.common.rest_client [req-e1888578-a4d5-435a-b9c5-ed2418333773 req-e1888578-a4d5-435a-b9c5-ed2418333773 ] Request (QuotasAdminTestV236:test_get_updated_quotas): 200 GET http://10.180.1.21/identity/v3/domains?name=Default 0.077s
2025-12-09 16:44:03.157 65523 INFO tempest.lib.common.rest_client [req-5ee3627a-24ba-424e-bd97-a1b5ce66e188 req-5ee3627a-24ba-424e-bd97-a1b5ce66e188 ] Request (VolumesAdminNegativeTest:tearDownClass): 200 PUT http://10.180.1.21/networking/v2.0/routers/772cf537-f3ba-41e1-a25b-28c4197a65fa/remove_router_interface 0.862s
2025-12-09 16:44:03.214 65481 INFO tempest.lib.common.rest_client [req-dcf6579e-3135-4f8d-b5e4-99f351e7cf8d req-dcf6579e-3135-4f8d-b5e4-99f351e7cf8d ] Request (FloatingIPsAssociationTestJSON:setUpClass): 200 GET http://10.180.1.21/compute/v2.1/servers/c6ddcb10-74db-42a9-ac4f-890a059602d6 2.591s
2025-12-09 16:44:03.231 65517 INFO tempest.lib.common.rest_client [req-af44d9c1-5412-49a5-8dff-f3f36193188a req-af44d9c1-5412-49a5-8dff-f3f36193188a ] Request (ListServersNegativeTestJSON:setUpClass): 200 GET http://10.180.1.21/compute/v2.1/servers/41753c19-b9bc-4e4e-bfaf-ad66dcea3095 2.596s
2025-12-09 16:44:03.288 65535 INFO tempest.lib.common.rest_client [req-874b3f0f-c88b-4437-8b70-da536b63e00a req-874b3f0f-c88b-4437-8b70-da536b63e00a ] Request (ServerRescueTestJSONUnderV235:tearDownClass): 200 PUT http://10.180.1.21/networking/v2.0/routers/33726d9b-2645-4f5c-b4fd-56b0b37f4261/remove_router_interface 0.936s
2025-12-09 16:44:03.373 65513 INFO tempest.lib.common.rest_client [req-a49c78e7-5efb-4213-accc-42ba5a1f6395 req-a49c78e7-5efb-4213-accc-42ba5a1f6395 ] Request (FloatingIPsAssociationNegativeTestJSON:setUpClass): 201 POST http://10.180.1.21/networking/v2.0/subnets 0.824s
2025-12-09 16:44:03.443 65501 INFO tempest.lib.common.rest_client [req-34138ad2-8e83-4745-9933-c7f6f4313076 req-34138ad2-8e83-4745-9933-c7f6f4313076 ] Request (ServerMetadataNegativeTestJSON:setUpClass): 200 GET http://10.180.1.21/compute/v2.1/servers/e78f8705-554a-459f-9a11-1d96e73f467c 2.744s
2025-12-09 16:44:03.701 65523 INFO tempest.lib.common.rest_client [req-841a8942-5536-438a-bac5-2a421d9373a7 req-841a8942-5536-438a-bac5-2a421d9373a7 ] Request (VolumesAdminNegativeTest:tearDownClass): 204 DELETE http://10.180.1.21/networking/v2.0/routers/772cf537-f3ba-41e1-a25b-28c4197a65fa 0.543s
2025-12-09 16:44:03.932 65535 INFO tempest.lib.common.rest_client [req-aca0479a-aa33-4039-85f4-0eac86e857c7 req-aca0479a-aa33-4039-85f4-0eac86e857c7 ] Request (ServerRescueTestJSONUnderV235:tearDownClass): 204 DELETE http://10.180.1.21/networking/v2.0/routers/33726d9b-2645-4f5c-b4fd-56b0b37f4261 0.644s
2025-12-09 16:44:04.299 65529 INFO tempest.lib.common.rest_client [req-ff3e94f5-34f7-4156-8f32-1767e2216e61 req-ff3e94f5-34f7-4156-8f32-1767e2216e61 ] Request (ServersListShow2100Test:tearDownClass): 200 GET http://10.180.1.21/compute/v2.1/servers/f24f86f6-9ea3-45fa-a7c1-8287f51ce96a 3.500s
2025-12-09 16:44:04.323 65505 INFO tempest.lib.common.rest_client [req-248bf5e3-7877-4f89-9798-c695171e8021 req-248bf5e3-7877-4f89-9798-c695171e8021 ] Request (ImagesTestJSON:test_create_image_from_suspended_server): 200 GET http://10.180.1.21/compute/v2.1/servers/aec599dd-0526-4a08-bb8f-0ebad4172cd6 3.614s
2025-12-09 16:44:04.355 65483 INFO tempest.lib.common.rest_client [req-f2d42d46-116a-499a-9612-0bbc906aea62 req-f2d42d46-116a-499a-9612-0bbc906aea62 ] Request (DeleteServersAdminTestJSON:tearDownClass): 404 GET http://10.180.1.21/compute/v2.1/servers/b23272e0-6116-4d55-9e0d-0819b2106e3e 3.522s
2025-12-09 16:44:04.412 65531 INFO tempest.lib.common.rest_client [req-79e33b78-2411-49b6-92c4-703b837a0291 req-79e33b78-2411-49b6-92c4-703b837a0291 ] Request (ServerMetadataTestJSON:setUp): 200 PUT http://10.180.1.21/compute/v2.1/servers/568c698c-bd63-4f96-81df-f84c7677629e/metadata 3.590s
2025-12-09 16:44:04.447 65513 INFO tempest.lib.common.rest_client [req-60487c4b-624a-4fa4-b1a7-738f6d2ed8b9 req-60487c4b-624a-4fa4-b1a7-738f6d2ed8b9 ] Request (FloatingIPsAssociationNegativeTestJSON:setUpClass): 201 POST http://10.180.1.21/networking/v2.0/routers 1.073s
2025-12-09 16:44:04.481 65523 INFO tempest.lib.common.rest_client [req-7cba72fd-0739-428a-9a70-7b13008909f2 req-7cba72fd-0739-428a-9a70-7b13008909f2 ] Request (VolumesAdminNegativeTest:tearDownClass): 204 DELETE http://10.180.1.21/networking/v2.0/subnets/6da9df73-f8e6-4755-80fb-14f54a78db72 0.780s
2025-12-09 16:44:04.548 65535 INFO tempest.lib.common.rest_client [req-40b1a19f-06f1-4d32-ab0a-742d713e5079 req-40b1a19f-06f1-4d32-ab0a-742d713e5079 ] Request (ServerRescueTestJSONUnderV235:tearDownClass): 204 DELETE http://10.180.1.21/networking/v2.0/subnets/db985d52-dbda-44c0-8761-bfb3041b0574 0.615s
2025-12-09 16:44:04.573 65489 INFO tempest.lib.common.rest_client [req-6bfc2b84-5ea4-486f-a974-34835d3dfa98 req-6bfc2b84-5ea4-486f-a974-34835d3dfa98 ] Request (ServerShowV254Test:test_rebuild_server): 200 GET http://10.180.1.21/compute/v2.1/servers/a67c70d6-e435-453d-a720-89c1578ed076 3.719s
2025-12-09 16:44:05.400 65513 INFO tempest.lib.common.rest_client [req-8ee2c5ad-eefb-427b-9074-06bcd4fe1fdd req-8ee2c5ad-eefb-427b-9074-06bcd4fe1fdd ] Request (FloatingIPsAssociationNegativeTestJSON:setUpClass): 200 PUT http://10.180.1.21/networking/v2.0/routers/0064f020-5a84-4cad-a4da-5451ceac5842/add_router_interface 0.953s
2025-12-09 16:44:05.401 65513 INFO tempest.lib.common.dynamic_creds [-] Created isolated network resources for: credentials: Credentials: {'domain_id': 'default', 'domain_name': 'Default', 'username': 'tempest-FloatingIPsAssociationNegativeTestJSON-2122394855-project-member', 'project_domain_id': 'default', 'project_domain_name': 'Default', 'project_id': '64f91ed8277f4a4385f865d2c0d221f1', 'project_name': 'tempest-FloatingIPsAssociationNegativeTestJSON-2122394855', 'tenant_id': '64f91ed8277f4a4385f865d2c0d221f1', 'tenant_name': 'tempest-FloatingIPsAssociationNegativeTestJSON-2122394855', 'user_domain_id': 'default', 'user_domain_name': 'Default', 'user_id': '953a7c47b3514be0be175c5e400bf0d7', 'system': None}, Network: {'id': 'ac99c6c4-3086-4e62-b4b0-625e0655f576', 'name': 'tempest-FloatingIPsAssociationNegativeTestJSON-523772998-network', 'tenant_id': '64f91ed8277f4a4385f865d2c0d221f1', 'project_id': '64f91ed8277f4a4385f865d2c0d221f1', 'admin_state_up': True, 'mtu': 8950, 'status': 'ACTIVE', 'subnets': [], 'shared': False, 'port_security_enabled': True, 'router:external': False, 'provider:network_type': 'vlan', 'provider:physical_network': 'default', 'provider:segmentation_id': 321, 'availability_zone_hints': [], 'availability_zones': [], 'ipv4_address_scope': None, 'ipv6_address_scope': None, 'description': '', 'tags': [], 'created_at': '2025-12-09T16:44:02Z', 'updated_at': '2025-12-09T16:44:02Z', 'revision_number': 1}, Subnet: {'id': '302f0f44-0e27-408b-939d-258c61e0c08d', 'name': 'tempest-FloatingIPsAssociationNegativeTestJSON-523772998-subnet', 'tenant_id': '64f91ed8277f4a4385f865d2c0d221f1', 'network_id': 'ac99c6c4-3086-4e62-b4b0-625e0655f576', 'ip_version': 4, 'subnetpool_id': None, 'enable_dhcp': True, 'ipv6_ra_mode': None, 'ipv6_address_mode': None, 'gateway_ip': '192.168.128.1', 'cidr': '192.168.128.0/28', 'allocation_pools': [{'start': '192.168.128.2', 'end': '192.168.128.14'}], 'host_routes': [], 'dns_nameservers': [], 'description': '', 'router:external': False, 'service_types': [], 'tags': [], 'created_at': '2025-12-09T16:44:03Z', 'updated_at': '2025-12-09T16:44:03Z', 'revision_number': 0, 'project_id': '64f91ed8277f4a4385f865d2c0d221f1'}, Router: {'id': '0064f020-5a84-4cad-a4da-5451ceac5842', 'name': 'tempest-FloatingIPsAssociationNegativeTestJSON-523772998-router', 'tenant_id': '64f91ed8277f4a4385f865d2c0d221f1', 'admin_state_up': True, 'status': 'ACTIVE', 'external_gateway_info': {'network_id': '530bd5ab-bb1c-4352-881c-e9f3bb4dd017', 'external_fixed_ips': [{'subnet_id': '5a6bac23-e2b3-4d07-ae16-18503da879af', 'ip_address': '10.180.180.174'}], 'enable_snat': True}, 'description': '', 'availability_zones': [], 'distributed': False, 'ha': False, 'availability_zone_hints': [], 'routes': [], 'flavor_id': None, 'tags': [], 'created_at': '2025-12-09T16:44:03Z', 'updated_at': '2025-12-09T16:44:04Z', 'revision_number': 2, 'project_id': '64f91ed8277f4a4385f865d2c0d221f1'}
2025-12-09 16:44:05.509 65513 INFO tempest.lib.common.rest_client [req-2d6e13e7-4361-4dcf-8715-05a1da2f0ad7 req-2d6e13e7-4361-4dcf-8715-05a1da2f0ad7 ] Request (FloatingIPsAssociationNegativeTestJSON:setUpClass): 201 POST http://10.180.1.21/identity/v3/auth/tokens 0.105s
2025-12-09 16:44:05.558 65513 INFO tempest.lib.common.rest_client [req-6844af90-7156-44f5-b115-eeefeda174d1 req-6844af90-7156-44f5-b115-eeefeda174d1 ] Request (FloatingIPsAssociationNegativeTestJSON:setUpClass): 201 POST http://10.180.1.21/identity/v3/auth/tokens 0.045s
2025-12-09 16:44:05.559 65513 INFO tempest.lib.common.fixed_network [-] (FloatingIPsAssociationNegativeTestJSON:setUpClass) Found network {'id': 'ac99c6c4-3086-4e62-b4b0-625e0655f576', 'name': 'tempest-FloatingIPsAssociationNegativeTestJSON-523772998-network', 'tenant_id': '64f91ed8277f4a4385f865d2c0d221f1', 'project_id': '64f91ed8277f4a4385f865d2c0d221f1', 'admin_state_up': True, 'mtu': 8950, 'status': 'ACTIVE', 'subnets': [], 'shared': False, 'port_security_enabled': True, 'router:external': False, 'provider:network_type': 'vlan', 'provider:physical_network': 'default', 'provider:segmentation_id': 321, 'availability_zone_hints': [], 'availability_zones': [], 'ipv4_address_scope': None, 'ipv6_address_scope': None, 'description': '', 'tags': [], 'created_at': '2025-12-09T16:44:02Z', 'updated_at': '2025-12-09T16:44:02Z', 'revision_number': 1} available for tenant
2025-12-09 16:44:05.776 65523 INFO tempest.lib.common.rest_client [req-c8754337-d9ac-4af4-88e5-018def1ff528 req-c8754337-d9ac-4af4-88e5-018def1ff528 ] Request (VolumesAdminNegativeTest:tearDownClass): 204 DELETE http://10.180.1.21/networking/v2.0/networks/234f5206-55f7-47bc-8ec9-81ac2fc96150 1.294s
2025-12-09 16:44:05.946 65535 INFO tempest.lib.common.rest_client [req-81920880-b445-4e39-ac8d-1ea5fd2acda2 req-81920880-b445-4e39-ac8d-1ea5fd2acda2 ] Request (ServerRescueTestJSONUnderV235:tearDownClass): 204 DELETE http://10.180.1.21/networking/v2.0/networks/624d6435-d431-4b0f-9d34-03d21130a0f1 1.397s
2025-12-09 16:44:05.976 65539 INFO tempest.lib.common.rest_client [req-9b2673b7-c7f7-414c-bd0e-2fe27cd00a64 req-9b2673b7-c7f7-414c-bd0e-2fe27cd00a64 ] Request (ServersAdminNegativeTestJSON:tearDownClass): 200 GET http://10.180.1.21/compute/v2.1/servers/94de8c6c-2fa9-457b-b870-21c03ad2b16c 4.764s
2025-12-09 16:44:05.983 65539 INFO tempest.common.waiters [-] State transition "SUSPENDED/deleting" ==> "DELETED/None" after 7 second wait
2025-12-09 16:44:05.988 65493 INFO tempest.lib.common.rest_client [req-1e5c4480-4502-4ad2-9d75-e4d436940612 req-1e5c4480-4502-4ad2-9d75-e4d436940612 ] Request (FlavorsV2TestJSON:test_list_flavors_with_detail): 200 GET http://10.180.1.21/compute/v2.1/flavors/42 4.468s
2025-12-09 16:44:06.009 65527 INFO tempest.lib.common.rest_client [req-8ee10762-70a2-43f8-9348-b54cd004f239 req-8ee10762-70a2-43f8-9348-b54cd004f239 ] Request (ServerActionsTestOtherB:test_create_backup): 200 GET http://10.180.1.21/compute/v2.1/servers/f03ec022-41f1-4d1e-84fc-f0ff623b18d9 4.967s
2025-12-09 16:44:06.022 65527 INFO tempest.common.waiters [-] State transition "ACTIVE/image_uploading" ==> "ACTIVE/None" after 6 second wait
2025-12-09 16:44:06.069 65487 INFO tempest.lib.common.rest_client [req-8d40cfaf-3398-4f40-81b5-822534c65d13 req-8d40cfaf-3398-4f40-81b5-822534c65d13 ] Request (ImagesOneServerTestJSON:test_create_image_specify_multibyte_character_image_name): 200 GET http://10.180.1.21/compute/v2.1/images/fa633af7-d3cd-4029-b8b3-bc2f06599ff6 4.478s
2025-12-09 16:44:06.123 65535 INFO tempest.lib.common.rest_client [req-f3b64014-96ec-4d96-9fec-ef078d997b00 req-f3b64014-96ec-4d96-9fec-ef078d997b00 ] Request (ServerRescueTestJSONUnderV235:tearDownClass): 204 DELETE http://10.180.1.21/identity/v3/users/674eb716a186444dac32d271b2da74b5 0.176s
2025-12-09 16:44:06.124 65535 INFO tempest.lib.common.dynamic_creds [-] Deleting project and security group for project: 1370431be133444e9548697ae2c0efa1
2025-12-09 16:44:06.154 65493 INFO tempest.lib.common.rest_client [req-354e084c-4af1-4d59-97b0-4855759103fe req-354e084c-4af1-4d59-97b0-4855759103fe ] Request (FlavorsV2TestJSON:tearDownClass): 204 DELETE http://10.180.1.21/identity/v3/users/5917b741369f438192835e3007ee5ce8 0.161s
2025-12-09 16:44:06.154 65493 INFO tempest.lib.common.dynamic_creds [-] Deleting project and security group for project: 785d75b38079400eb778a469c9433e85
2025-12-09 16:44:06.243 65493 INFO tempest.lib.common.rest_client [req-191c8ebe-3eff-4b54-a9af-42382e54e4f4 req-191c8ebe-3eff-4b54-a9af-42382e54e4f4 ] Request (FlavorsV2TestJSON:tearDownClass): 201 POST http://10.180.1.21/identity/v3/auth/tokens 0.089s
2025-12-09 16:44:06.272 65533 INFO tempest.lib.common.rest_client [req-040fc224-7835-478b-af79-96de76ac2719 req-040fc224-7835-478b-af79-96de76ac2719 ] Request (MigrationsAdminTest:test_resize_server_revert_deleted_flavor): 200 GET http://10.180.1.21/compute/v2.1/servers/7a3a2430-ec54-4201-af5b-3f490916c56b 4.719s
2025-12-09 16:44:06.279 65533 INFO tempest.common.waiters [-] State transition "BUILD/scheduling" ==> "BUILD/None" after 11 second wait
2025-12-09 16:44:06.292 65535 INFO tempest.lib.common.rest_client [req-e443ddb5-d728-46d9-a77e-cdf918a5e676 req-e443ddb5-d728-46d9-a77e-cdf918a5e676 ] Request (ServerRescueTestJSONUnderV235:tearDownClass): 200 GET http://10.180.1.21/networking/v2.0/security-groups?tenant_id=1370431be133444e9548697ae2c0efa1&name=default 0.168s
2025-12-09 16:44:06.312 65491 INFO tempest.lib.common.rest_client [req-00d5572b-c2bd-45fa-a090-3a359f02fe7b req-00d5572b-c2bd-45fa-a090-3a359f02fe7b ] Request (ServerPasswordTestJSON:setUpClass): 200 GET http://10.180.1.21/compute/v2.1/servers/6a6ba825-f7d3-4532-8339-3c7fa1802090 4.555s
2025-12-09 16:44:06.325 65541 INFO tempest.lib.common.rest_client [req-68e525e0-3d0b-453f-94ea-52d5209bbdba req-68e525e0-3d0b-453f-94ea-52d5209bbdba ] Request (VolumesGetTestJSON:test_volume_create_get_delete): 200 GET http://10.180.1.21/compute/v2.1/os-volumes/5339e651-2df7-48bc-b151-3d70e2f097d2 4.326s
2025-12-09 16:44:06.501 65493 INFO tempest.lib.common.rest_client [req-44b0dd9a-d343-4dc1-99ef-4b762942ef41 req-44b0dd9a-d343-4dc1-99ef-4b762942ef41 ] Request (FlavorsV2TestJSON:tearDownClass): 200 GET http://10.180.1.21/networking/v2.0/security-groups?tenant_id=785d75b38079400eb778a469c9433e85&name=default 0.257s
2025-12-09 16:44:06.842 65523 INFO tempest.lib.common.rest_client [req-76fa70d1-5252-4056-826e-da770e682802 req-76fa70d1-5252-4056-826e-da770e682802 ] Request (VolumesAdminNegativeTest:tearDownClass): 200 PUT http://10.180.1.21/networking/v2.0/routers/a91d23c6-70ba-4e04-ba4d-e30588598ce6/remove_router_interface 1.065s
2025-12-09 16:44:06.870 65499 INFO tempest.lib.common.rest_client [req-95e2b782-cf40-4fe8-8109-0c1c015361a3 req-95e2b782-cf40-4fe8-8109-0c1c015361a3 ] Request (TenantUsagesTestJSON:tearDownClass): 200 GET http://10.180.1.21/compute/v2.1/servers/1e2694b1-8fae-423d-852a-77330cfb76ba 4.826s
2025-12-09 16:44:06.891 65503 INFO tempest.lib.common.rest_client [req-9fc3e7c2-554b-43cc-8edf-34b57d9c1c8e req-9fc3e7c2-554b-43cc-8edf-34b57d9c1c8e ] Request (AttachInterfacesV270Test:tearDownClass): 200 GET http://10.180.1.21/compute/v2.1/servers/09df5180-aa9d-46df-814a-865c17211ae9 4.672s
2025-12-09 16:44:06.920 65535 INFO tempest.lib.common.rest_client [req-6f80097f-1653-436e-b13b-aee325fd53b0 req-6f80097f-1653-436e-b13b-aee325fd53b0 ] Request (ServerRescueTestJSONUnderV235:tearDownClass): 204 DELETE http://10.180.1.21/networking/v2.0/security-groups/81cbcc67-f57a-4093-8432-a803e36e5a2f 0.628s
2025-12-09 16:44:06.977 65493 INFO tempest.lib.common.rest_client [req-147ed408-11c8-455f-a89f-ccea17aac935 req-147ed408-11c8-455f-a89f-ccea17aac935 ] Request (FlavorsV2TestJSON:tearDownClass): 204 DELETE http://10.180.1.21/networking/v2.0/security-groups/21809c20-479a-46c5-9f44-cf6265d4d64b 0.475s
2025-12-09 16:44:07.032 65535 INFO tempest.lib.common.rest_client [req-5d1fa4f9-bc09-4261-a6b5-88b597ef03c7 req-5d1fa4f9-bc09-4261-a6b5-88b597ef03c7 ] Request (ServerRescueTestJSONUnderV235:tearDownClass): 204 DELETE http://10.180.1.21/identity/v3/projects/1370431be133444e9548697ae2c0efa1 0.111s
2025-12-09 16:44:07.104 65535 INFO tempest.lib.common.rest_client [req-13d5688a-d2ab-4c38-b672-68ca266a8436 req-13d5688a-d2ab-4c38-b672-68ca266a8436 ] Request (ServerShowV263Test:setUpClass): 201 POST http://10.180.1.21/identity/v3/auth/tokens 0.069s
2025-12-09 16:44:07.114 65493 INFO tempest.lib.common.rest_client [req-2945e008-240d-419a-8644-b1acc6256a0a req-2945e008-240d-419a-8644-b1acc6256a0a ] Request (FlavorsV2TestJSON:tearDownClass): 204 DELETE http://10.180.1.21/identity/v3/projects/785d75b38079400eb778a469c9433e85 0.136s
2025-12-09 16:44:07.163 65535 INFO tempest.lib.common.rest_client [req-65a3f417-facc-44a9-b03c-ed6fcb031f70 req-65a3f417-facc-44a9-b03c-ed6fcb031f70 ] Request (ServerShowV263Test:setUpClass): 201 POST http://10.180.1.21/identity/v3/auth/tokens 0.057s
2025-12-09 16:44:07.176 65493 INFO tempest.lib.common.rest_client [req-5df54f4a-63bd-4de2-b47f-f42123030910 req-5df54f4a-63bd-4de2-b47f-f42123030910 ] Request (SecurityGroupRulesNegativeTestJSON:setUpClass): 201 POST http://10.180.1.21/identity/v3/auth/tokens 0.060s
2025-12-09 16:44:07.186 65535 INFO tempest.lib.common.rest_client [req-2dab11d7-b544-4be4-b990-80db21e13c91 req-2dab11d7-b544-4be4-b990-80db21e13c91 ] Request (ServerShowV263Test:setUpClass): 200 GET http://10.180.1.21/identity/v3/domains?name=Default 0.023s
2025-12-09 16:44:07.206 65493 INFO tempest.lib.common.rest_client [req-87561394-e685-4e5a-89b9-e821af2015b5 req-87561394-e685-4e5a-89b9-e821af2015b5 ] Request (SecurityGroupRulesNegativeTestJSON:setUpClass): 201 POST http://10.180.1.21/identity/v3/auth/tokens 0.027s
2025-12-09 16:44:07.222 65535 INFO tempest.lib.common.rest_client [req-7a90feb9-8d33-4bbd-bed7-2d020561bafe req-7a90feb9-8d33-4bbd-bed7-2d020561bafe ] Request (ServerShowV263Test:setUpClass): 201 POST http://10.180.1.21/identity/v3/projects 0.035s
2025-12-09 16:44:07.233 65493 INFO tempest.lib.common.rest_client [req-67094a6b-4a16-433d-b214-a2deab246722 req-67094a6b-4a16-433d-b214-a2deab246722 ] Request (SecurityGroupRulesNegativeTestJSON:setUpClass): 200 GET http://10.180.1.21/identity/v3/domains?name=Default 0.026s
2025-12-09 16:44:07.279 65535 INFO tempest.lib.common.rest_client [req-8ae3f202-9491-43ef-9200-f329746b0d87 req-8ae3f202-9491-43ef-9200-f329746b0d87 ] Request (ServerShowV263Test:setUpClass): 201 POST http://10.180.1.21/identity/v3/users 0.056s
2025-12-09 16:44:07.290 65493 INFO tempest.lib.common.rest_client [req-8541699f-5967-44c2-a212-388a2aac9f60 req-8541699f-5967-44c2-a212-388a2aac9f60 ] Request (SecurityGroupRulesNegativeTestJSON:setUpClass): 201 POST http://10.180.1.21/identity/v3/projects 0.056s
2025-12-09 16:44:07.298 65535 INFO tempest.lib.common.rest_client [req-a2c6eb88-e46e-4b9a-8ef0-8d33c217cc73 req-a2c6eb88-e46e-4b9a-8ef0-8d33c217cc73 ] Request (ServerShowV263Test:setUpClass): 200 GET http://10.180.1.21/identity/v3/roles 0.019s
2025-12-09 16:44:07.358 65493 INFO tempest.lib.common.rest_client [req-e860f59a-71d0-4aca-ba5e-f30aa0e27a55 req-e860f59a-71d0-4aca-ba5e-f30aa0e27a55 ] Request (SecurityGroupRulesNegativeTestJSON:setUpClass): 201 POST http://10.180.1.21/identity/v3/users 0.068s
2025-12-09 16:44:07.397 65493 INFO tempest.lib.common.rest_client [req-0168c235-9e57-4bcb-a585-c10919654607 req-0168c235-9e57-4bcb-a585-c10919654607 ] Request (SecurityGroupRulesNegativeTestJSON:setUpClass): 200 GET http://10.180.1.21/identity/v3/roles 0.036s
2025-12-09 16:44:07.407 65535 INFO tempest.lib.common.rest_client [req-6c991eff-65b6-488d-8d0c-8febe5ee4afd req-6c991eff-65b6-488d-8d0c-8febe5ee4afd ] Request (ServerShowV263Test:setUpClass): 204 PUT http://10.180.1.21/identity/v3/projects/01162b92c9d3425d9296891b095d6dac/users/e9e36e3d1fd24d969465d4389a54ff0f/roles/e0a713cb0f2a4c4ebf6a7984e1ab9458 0.108s
2025-12-09 16:44:07.407 65535 INFO tempest.lib.common.dynamic_creds [-] Dynamic test user e9e36e3d1fd24d969465d4389a54ff0f is created with scope project and roles: ['member']
2025-12-09 16:44:07.407 65535 INFO tempest.lib.common.dynamic_creds [-] Acquired dynamic creds: credentials: Credentials: {'domain_id': 'default', 'domain_name': 'Default', 'username': 'tempest-ServerShowV263Test-47529835-project-member', 'project_domain_id': 'default', 'project_domain_name': 'Default', 'project_id': '01162b92c9d3425d9296891b095d6dac', 'project_name': 'tempest-ServerShowV263Test-47529835', 'tenant_id': '01162b92c9d3425d9296891b095d6dac', 'tenant_name': 'tempest-ServerShowV263Test-47529835', 'user_domain_id': 'default', 'user_domain_name': 'Default', 'user_id': 'e9e36e3d1fd24d969465d4389a54ff0f', 'system': None}, Network: None, Subnet: None, Router: None
2025-12-09 16:44:07.407 65535 INFO tempest.lib.common.dynamic_creds [-] Created isolated network resources for: credentials: Credentials: {'domain_id': 'default', 'domain_name': 'Default', 'username': 'tempest-ServerShowV263Test-47529835-project-member', 'project_domain_id': 'default', 'project_domain_name': 'Default', 'project_id': '01162b92c9d3425d9296891b095d6dac', 'project_name': 'tempest-ServerShowV263Test-47529835', 'tenant_id': '01162b92c9d3425d9296891b095d6dac', 'tenant_name': 'tempest-ServerShowV263Test-47529835', 'user_domain_id': 'default', 'user_domain_name': 'Default', 'user_id': 'e9e36e3d1fd24d969465d4389a54ff0f', 'system': None}, Network: None, Subnet: None, Router: None
2025-12-09 16:44:07.429 65523 INFO tempest.lib.common.rest_client [req-4dc3a134-39e3-4f76-9b7c-e5ff8b80f091 req-4dc3a134-39e3-4f76-9b7c-e5ff8b80f091 ] Request (VolumesAdminNegativeTest:tearDownClass): 204 DELETE http://10.180.1.21/networking/v2.0/routers/a91d23c6-70ba-4e04-ba4d-e30588598ce6 0.586s
2025-12-09 16:44:07.458 65543 INFO tempest.lib.common.rest_client [req-b9260deb-f27a-44e4-afed-9064ef602fdd req-b9260deb-f27a-44e4-afed-9064ef602fdd ] Request (ServerDiskConfigTestJSON:test_rebuild_server_with_manual_disk_config): 200 GET http://10.180.1.21/compute/v2.1/servers/392233e9-098b-4a30-be51-a95bbfc48058 4.967s
2025-12-09 16:44:07.474 65485 INFO tempest.lib.common.rest_client [req-58e15aa3-a372-4be1-9709-67a37495cc33 req-58e15aa3-a372-4be1-9709-67a37495cc33 ] Request (SecurityGroupsTestJSON:test_server_security_groups): 200 GET http://10.180.1.21/compute/v2.1/servers/26d8a896-820c-401b-9880-dc54cb1d43fe 4.809s
2025-12-09 16:44:07.477 65493 INFO tempest.lib.common.rest_client [req-ce707c2f-a873-46e8-a52b-d56879c2fe1d req-ce707c2f-a873-46e8-a52b-d56879c2fe1d ] Request (SecurityGroupRulesNegativeTestJSON:setUpClass): 204 PUT http://10.180.1.21/identity/v3/projects/94eb503cddf84fff8267944fac33af20/users/4ccebc3952c54afa859ab86bf2f98607/roles/e0a713cb0f2a4c4ebf6a7984e1ab9458 0.077s
2025-12-09 16:44:07.477 65493 INFO tempest.lib.common.dynamic_creds [-] Dynamic test user 4ccebc3952c54afa859ab86bf2f98607 is created with scope project and roles: ['member']
2025-12-09 16:44:07.477 65493 INFO tempest.lib.common.dynamic_creds [-] Acquired dynamic creds: credentials: Credentials: {'domain_id': 'default', 'domain_name': 'Default', 'username': 'tempest-SecurityGroupRulesNegativeTestJSON-1925687686-project-member', 'project_domain_id': 'default', 'project_domain_name': 'Default', 'project_id': '94eb503cddf84fff8267944fac33af20', 'project_name': 'tempest-SecurityGroupRulesNegativeTestJSON-1925687686', 'tenant_id': '94eb503cddf84fff8267944fac33af20', 'tenant_name': 'tempest-SecurityGroupRulesNegativeTestJSON-1925687686', 'user_domain_id': 'default', 'user_domain_name': 'Default', 'user_id': '4ccebc3952c54afa859ab86bf2f98607', 'system': None}, Network: None, Subnet: None, Router: None
2025-12-09 16:44:07.503 65535 INFO tempest.lib.common.rest_client [req-a7bc71ab-3125-4055-832d-2f7479ae2fa6 req-a7bc71ab-3125-4055-832d-2f7479ae2fa6 ] Request (ServerShowV263Test:setUpClass): 201 POST http://10.180.1.21/identity/v3/auth/tokens 0.092s
2025-12-09 16:44:07.608 65493 INFO tempest.lib.common.rest_client [req-f18d51cf-7c83-43d3-8027-88472a480d1d req-f18d51cf-7c83-43d3-8027-88472a480d1d ] Request (SecurityGroupRulesNegativeTestJSON:setUpClass): 201 POST http://10.180.1.21/identity/v3/auth/tokens 0.130s
2025-12-09 16:44:07.632 65535 INFO tempest.lib.common.rest_client [req-4628a227-25d0-4a35-8229-6601e0fe503e req-4628a227-25d0-4a35-8229-6601e0fe503e ] Request (ServerShowV263Test:setUpClass): 200 GET http://10.180.1.21/identity/v3/projects/01162b92c9d3425d9296891b095d6dac 0.126s
2025-12-09 16:44:07.632 65535 INFO tempest.lib.common.dynamic_creds [-] Using the existing project 01162b92c9d3425d9296891b095d6dac for scope project and roles: ['reader']
2025-12-09 16:44:07.667 65523 INFO tempest.lib.common.rest_client [req-1a2101e7-5a67-4045-b2ed-eabf47735378 req-1a2101e7-5a67-4045-b2ed-eabf47735378 ] Request (VolumesAdminNegativeTest:tearDownClass): 204 DELETE http://10.180.1.21/networking/v2.0/subnets/97419b49-a36b-40ea-bccc-4a0eb9ec1e8a 0.238s
2025-12-09 16:44:07.677 65535 INFO tempest.lib.common.rest_client [req-d5db8743-d0cb-4c36-9ec9-478705d2a51c req-d5db8743-d0cb-4c36-9ec9-478705d2a51c ] Request (ServerShowV263Test:setUpClass): 201 POST http://10.180.1.21/identity/v3/users 0.044s
2025-12-09 16:44:07.708 65535 INFO tempest.lib.common.rest_client [req-ea936c2c-8cbd-436e-b32b-16a15c11ba03 req-ea936c2c-8cbd-436e-b32b-16a15c11ba03 ] Request (ServerShowV263Test:setUpClass): 200 GET http://10.180.1.21/identity/v3/roles 0.030s
2025-12-09 16:44:07.715 65507 INFO tempest.lib.common.rest_client [req-c7902575-5165-4b7c-a8fd-a62662e566df req-c7902575-5165-4b7c-a8fd-a62662e566df ] Request (ServersAdminTestJSON:test_create_server_with_scheduling_hint): 200 GET http://10.180.1.21/compute/v2.1/servers/a534b20d-bbc8-4c73-bb00-02b3d2d01cdf 4.966s
2025-12-09 16:44:07.717 65525 INFO tempest.lib.common.rest_client [req-5c1e5feb-e3b3-4d62-9c68-6683aa9a587c req-5c1e5feb-e3b3-4d62-9c68-6683aa9a587c ] Request (QuotasAdminTestV236:test_get_updated_quotas): 200 PUT http://10.180.1.21/compute/v2.1/os-quota-sets/7304ef3dc10e4c228dca4edd0b248245 4.917s
2025-12-09 16:44:07.747 65535 INFO tempest.lib.common.rest_client [req-01dd6148-1d1e-4a1e-a749-414174e11857 req-01dd6148-1d1e-4a1e-a749-414174e11857 ] Request (ServerShowV263Test:setUpClass): 204 PUT http://10.180.1.21/identity/v3/projects/01162b92c9d3425d9296891b095d6dac/users/15325e48e487467a8af4544dcae912a0/roles/a2c97b39d2ca4171aac29cca842e042d 0.039s
2025-12-09 16:44:07.748 65535 INFO tempest.lib.common.dynamic_creds [-] Dynamic test user 15325e48e487467a8af4544dcae912a0 is created with scope project and roles: ['reader']
2025-12-09 16:44:07.748 65535 INFO tempest.lib.common.dynamic_creds [-] Acquired dynamic creds: credentials: Credentials: {'domain_id': 'default', 'domain_name': 'Default', 'username': 'tempest-ServerShowV263Test-47529835-project-reader', 'project_domain_id': 'default', 'project_domain_name': 'Default', 'project_id': '01162b92c9d3425d9296891b095d6dac', 'project_name': 'tempest-ServerShowV263Test-47529835', 'tenant_id': '01162b92c9d3425d9296891b095d6dac', 'tenant_name': 'tempest-ServerShowV263Test-47529835', 'user_domain_id': 'default', 'user_domain_name': 'Default', 'user_id': '15325e48e487467a8af4544dcae912a0', 'system': None}, Network: None, Subnet: None, Router: None
2025-12-09 16:44:07.748 65535 INFO tempest.lib.common.dynamic_creds [-] Network resources are not created for requested scope: project and credentials: Credentials: {'domain_id': 'default', 'domain_name': 'Default', 'username': 'tempest-ServerShowV263Test-47529835-project-reader', 'project_domain_id': 'default', 'project_domain_name': 'Default', 'project_id': '01162b92c9d3425d9296891b095d6dac', 'project_name': 'tempest-ServerShowV263Test-47529835', 'tenant_id': '01162b92c9d3425d9296891b095d6dac', 'tenant_name': 'tempest-ServerShowV263Test-47529835', 'user_domain_id': 'default', 'user_domain_name': 'Default', 'user_id': '15325e48e487467a8af4544dcae912a0', 'system': None}, Network: None, Subnet: None, Router: None
2025-12-09 16:44:07.830 65535 INFO tempest.lib.common.rest_client [req-37456c7a-b832-4148-8c85-6f939f57dd23 req-37456c7a-b832-4148-8c85-6f939f57dd23 ] Request (ServerShowV263Test:setUpClass): 201 POST http://10.180.1.21/identity/v3/auth/tokens 0.079s
2025-12-09 16:44:07.961 65535 INFO tempest.lib.common.rest_client [req-ba2ed229-6234-453b-8203-ecf7a62310cf req-ba2ed229-6234-453b-8203-ecf7a62310cf ] Request (ServerShowV263Test:tearDownClass): 204 DELETE http://10.180.1.21/identity/v3/users/e9e36e3d1fd24d969465d4389a54ff0f 0.126s
2025-12-09 16:44:08.055 65535 INFO tempest.lib.common.rest_client [req-efaa37b3-0a2d-4843-ab44-38115d9bdac4 req-efaa37b3-0a2d-4843-ab44-38115d9bdac4 ] Request (ServerShowV263Test:tearDownClass): 204 DELETE http://10.180.1.21/identity/v3/users/15325e48e487467a8af4544dcae912a0 0.093s
2025-12-09 16:44:08.055 65535 INFO tempest.lib.common.dynamic_creds [-] Deleting project and security group for project: 01162b92c9d3425d9296891b095d6dac
2025-12-09 16:44:08.093 65493 INFO tempest.lib.common.rest_client [req-592104a4-5e07-44bd-856f-8b1ce4360135 req-592104a4-5e07-44bd-856f-8b1ce4360135 ] Request (SecurityGroupRulesNegativeTestJSON:setUpClass): 201 POST http://10.180.1.21/networking/v2.0/networks 0.485s
2025-12-09 16:44:08.125 65535 INFO tempest.lib.common.rest_client [req-7c50e128-68f1-49c0-9a93-e2cd2e56005a req-7c50e128-68f1-49c0-9a93-e2cd2e56005a ] Request (ServerShowV263Test:tearDownClass): 201 POST http://10.180.1.21/identity/v3/auth/tokens 0.068s
2025-12-09 16:44:08.370 65523 INFO tempest.lib.common.rest_client [req-c474f882-3d1f-49c3-acfb-dff01ca3501b req-c474f882-3d1f-49c3-acfb-dff01ca3501b ] Request (VolumesAdminNegativeTest:tearDownClass): 204 DELETE http://10.180.1.21/networking/v2.0/networks/ba5f4701-5c7c-4806-8ed8-cc4bbb63fcc7 0.702s
2025-12-09 16:44:08.421 65497 INFO tempest.lib.common.rest_client [req-604d9c3e-a5f8-4ec1-bbe0-0818cfa020d2 req-604d9c3e-a5f8-4ec1-bbe0-0818cfa020d2 ] Request (ServersTestMultiNic:test_verify_duplicate_network_nics): 200 GET http://10.180.1.21/compute/v2.1/servers/9d033ead-84eb-4ae8-bb4e-cbdfdae3ef8b 5.503s
2025-12-09 16:44:08.447 65523 INFO tempest.lib.common.rest_client [req-d5a2b682-f599-40e7-8309-3081d4c11422 req-d5a2b682-f599-40e7-8309-3081d4c11422 ] Request (VolumesAdminNegativeTest:tearDownClass): 204 DELETE http://10.180.1.21/identity/v3/users/f3cd36583c2941d18cb7b530d17786d0 0.076s
2025-12-09 16:44:08.544 65523 INFO tempest.lib.common.rest_client [req-85b68862-17d6-4d99-9de4-f55d2bc9ea8b req-85b68862-17d6-4d99-9de4-f55d2bc9ea8b ] Request (VolumesAdminNegativeTest:tearDownClass): 204 DELETE http://10.180.1.21/identity/v3/users/5c0bf8093ae5403d85bf15e2b979b76c 0.097s
2025-12-09 16:44:08.672 65493 INFO tempest.lib.common.rest_client [req-0f20bcc2-0346-47a1-a099-1b057a6194d9 req-0f20bcc2-0346-47a1-a099-1b057a6194d9 ] Request (SecurityGroupRulesNegativeTestJSON:setUpClass): 201 POST http://10.180.1.21/networking/v2.0/subnets 0.578s
2025-12-09 16:44:08.692 65523 INFO tempest.lib.common.rest_client [req-2d14b513-90fb-4b23-a71a-69a27598a2e3 req-2d14b513-90fb-4b23-a71a-69a27598a2e3 ] Request (VolumesAdminNegativeTest:tearDownClass): 204 DELETE http://10.180.1.21/identity/v3/users/d98193e8da1f43e78e61f3c09d2fc1ca 0.147s
2025-12-09 16:44:08.692 65523 INFO tempest.lib.common.dynamic_creds [-] Deleting project and security group for project: d5e45d7d93e945c7bea92105abb78ece
2025-12-09 16:44:08.738 65511 INFO tempest.lib.common.rest_client [req-6e9ebcbb-38a8-4dfb-9e0c-ec52c8306f12 req-6e9ebcbb-38a8-4dfb-9e0c-ec52c8306f12 ] Request (DeleteServersTestJSON:test_delete_active_server): 200 GET http://10.180.1.21/compute/v2.1/servers/6ab5880d-a2db-4987-91b1-402d904fc14f 5.745s
2025-12-09 16:44:08.766 65515 INFO tempest.lib.common.rest_client [req-968a1d7d-7ae7-43ad-8455-7469d42bdc3f req-968a1d7d-7ae7-43ad-8455-7469d42bdc3f ] Request (ListServerFiltersTestJSON:test_list_servers_filter_by_shutoff_status): 200 GET http://10.180.1.21/compute/v2.1/servers/a322bd65-f1ec-4017-bb6c-a15a43572484 5.816s
2025-12-09 16:44:08.774 65535 INFO tempest.lib.common.rest_client [req-d9d6d821-d6a7-4581-9c7c-b92b1db64921 req-d9d6d821-d6a7-4581-9c7c-b92b1db64921 ] Request (ServerShowV263Test:tearDownClass): 200 GET http://10.180.1.21/networking/v2.0/security-groups?tenant_id=01162b92c9d3425d9296891b095d6dac&name=default 0.649s
2025-12-09 16:44:08.848 65523 INFO tempest.lib.common.rest_client [req-cae815da-2fba-4dfd-8378-be052132904f req-cae815da-2fba-4dfd-8378-be052132904f ] Request (VolumesAdminNegativeTest:tearDownClass): 200 GET http://10.180.1.21/networking/v2.0/security-groups?tenant_id=d5e45d7d93e945c7bea92105abb78ece&name=default 0.155s
2025-12-09 16:44:08.970 65535 INFO tempest.lib.common.rest_client [req-25917c93-05c5-4db7-91ce-95a244d86a98 req-25917c93-05c5-4db7-91ce-95a244d86a98 ] Request (ServerShowV263Test:tearDownClass): 204 DELETE http://10.180.1.21/networking/v2.0/security-groups/cfacad9a-667d-4223-9d61-6eb42adfe32f 0.196s
2025-12-09 16:44:08.992 65521 INFO tempest.lib.common.rest_client [req-3c4e4e8d-6c1d-49a2-92a7-840ada39bcbe req-3c4e4e8d-6c1d-49a2-92a7-840ada39bcbe ] Request (VolumesAssistedSnapshotsTest:tearDownClass): 200 GET http://10.180.1.21/compute/v2.1/servers/c72075a1-39f2-49c3-8011-fde2c5f030de 5.660s
2025-12-09 16:44:09.093 65535 INFO tempest.lib.common.rest_client [req-4eb2c1db-edc4-426e-a58e-c5d3ffb483c9 req-4eb2c1db-edc4-426e-a58e-c5d3ffb483c9 ] Request (ServerShowV263Test:tearDownClass): 204 DELETE http://10.180.1.21/identity/v3/projects/01162b92c9d3425d9296891b095d6dac 0.122s
2025-12-09 16:44:09.336 65519 INFO tempest.lib.common.rest_client [req-c7dd0bc2-ca30-41b8-add9-1d3c2ff3d9bb req-c7dd0bc2-ca30-41b8-add9-1d3c2ff3d9bb ] Request (ServersTestBootFromVolume:tearDownClass): 200 GET http://10.180.1.21/compute/v2.1/servers/0141edf7-24e3-4cc4-8ce4-35bc9583e02f 5.992s
2025-12-09 16:44:09.414 65523 INFO tempest.lib.common.rest_client [req-38935e3f-af34-476f-93ee-9e44be72da64 req-38935e3f-af34-476f-93ee-9e44be72da64 ] Request (VolumesAdminNegativeTest:tearDownClass): 204 DELETE http://10.180.1.21/networking/v2.0/security-groups/4f03b9f6-e4b1-44b3-aca2-7b582115532c 0.565s
2025-12-09 16:44:09.450 65493 INFO tempest.lib.common.rest_client [req-5f7f6b13-4ac3-4e56-9f8a-9d9e07a64653 req-5f7f6b13-4ac3-4e56-9f8a-9d9e07a64653 ] Request (SecurityGroupRulesNegativeTestJSON:setUpClass): 201 POST http://10.180.1.21/networking/v2.0/routers 0.776s
2025-12-09 16:44:09.477 65481 INFO tempest.lib.common.rest_client [req-7b34aa39-a662-44ff-b1ac-a28222e3ab21 req-7b34aa39-a662-44ff-b1ac-a28222e3ab21 ] Request (FloatingIPsAssociationTestJSON:setUpClass): 200 GET http://10.180.1.21/compute/v2.1/servers/c6ddcb10-74db-42a9-ac4f-890a059602d6 5.253s
2025-12-09 16:44:09.530 65509 INFO tempest.lib.common.rest_client [req-44cfdd00-597d-4592-bfe5-471a220b709a req-44cfdd00-597d-4592-bfe5-471a220b709a ] Request (ServerDiagnosticsV248Test:test_get_server_diagnostics): 200 GET http://10.180.1.21/compute/v2.1/servers/5a757dec-06a1-4738-b8d2-a119e715f46a/diagnostics 5.954s
2025-12-09 16:44:09.558 65523 INFO tempest.lib.common.rest_client [req-33f78613-4c94-4529-8130-e36b3f2e3c45 req-33f78613-4c94-4529-8130-e36b3f2e3c45 ] Request (VolumesAdminNegativeTest:tearDownClass): 204 DELETE http://10.180.1.21/identity/v3/projects/d5e45d7d93e945c7bea92105abb78ece 0.143s
2025-12-09 16:44:09.558 65523 INFO tempest.lib.common.dynamic_creds [-] Deleting project and security group for project: 36c34dd178c64ed1ae7909a648641e74
2025-12-09 16:44:10.075 65505 INFO tempest.lib.common.rest_client [req-9a78d6a5-166f-469b-b901-badb0531f04c req-9a78d6a5-166f-469b-b901-badb0531f04c ] Request (ImagesTestJSON:test_create_image_from_suspended_server): 202 POST http://10.180.1.21/compute/v2.1/servers/aec599dd-0526-4a08-bb8f-0ebad4172cd6/action 5.741s
2025-12-09 16:44:10.104 65483 INFO tempest.lib.common.rest_client [req-ffa76be9-f7f0-4ff9-a134-c992ce6440b6 req-ffa76be9-f7f0-4ff9-a134-c992ce6440b6 ] Request (DeleteServersAdminTestJSON:tearDownClass): 404 DELETE http://10.180.1.21/compute/v2.1/servers/3d2d493c-9e0b-43a9-aba4-055df10729eb 5.748s
2025-12-09 16:44:10.142 65531 INFO tempest.lib.common.rest_client [req-3db2fdc0-754b-4927-a81b-bd107e1deef3 req-3db2fdc0-754b-4927-a81b-bd107e1deef3 ] Request (ServerMetadataTestJSON:test_delete_server_metadata_item): 204 DELETE http://10.180.1.21/compute/v2.1/servers/568c698c-bd63-4f96-81df-f84c7677629e/metadata/key1 5.725s
2025-12-09 16:44:10.402 65493 INFO tempest.lib.common.rest_client [req-70cbff1e-0197-4801-9c23-1e3395782856 req-70cbff1e-0197-4801-9c23-1e3395782856 ] Request (SecurityGroupRulesNegativeTestJSON:setUpClass): 200 PUT http://10.180.1.21/networking/v2.0/routers/5a232c77-9d27-49cb-99e0-3c11ab397e30/add_router_interface 0.951s
2025-12-09 16:44:10.402 65493 INFO tempest.lib.common.dynamic_creds [-] Created isolated network resources for: credentials: Credentials: {'domain_id': 'default', 'domain_name': 'Default', 'username': 'tempest-SecurityGroupRulesNegativeTestJSON-1925687686-project-member', 'project_domain_id': 'default', 'project_domain_name': 'Default', 'project_id': '94eb503cddf84fff8267944fac33af20', 'project_name': 'tempest-SecurityGroupRulesNegativeTestJSON-1925687686', 'tenant_id': '94eb503cddf84fff8267944fac33af20', 'tenant_name': 'tempest-SecurityGroupRulesNegativeTestJSON-1925687686', 'user_domain_id': 'default', 'user_domain_name': 'Default', 'user_id': '4ccebc3952c54afa859ab86bf2f98607', 'system': None}, Network: {'id': '2a74173c-97fd-45a1-b22a-83f5c0bd1389', 'name': 'tempest-SecurityGroupRulesNegativeTestJSON-2093489836-network', 'tenant_id': '94eb503cddf84fff8267944fac33af20', 'project_id': '94eb503cddf84fff8267944fac33af20', 'admin_state_up': True, 'mtu': 8950, 'status': 'ACTIVE', 'subnets': [], 'shared': False, 'port_security_enabled': True, 'router:external': False, 'provider:network_type': 'vlan', 'provider:physical_network': 'default', 'provider:segmentation_id': 228, 'availability_zone_hints': [], 'availability_zones': [], 'ipv4_address_scope': None, 'ipv6_address_scope': None, 'description': '', 'tags': [], 'created_at': '2025-12-09T16:44:07Z', 'updated_at': '2025-12-09T16:44:08Z', 'revision_number': 1}, Subnet: {'id': 'dcc5deca-ebaa-4c28-97e0-77cc1f4a201e', 'name': 'tempest-SecurityGroupRulesNegativeTestJSON-2093489836-subnet', 'tenant_id': '94eb503cddf84fff8267944fac33af20', 'network_id': '2a74173c-97fd-45a1-b22a-83f5c0bd1389', 'ip_version': 4, 'subnetpool_id': None, 'enable_dhcp': True, 'ipv6_ra_mode': None, 'ipv6_address_mode': None, 'gateway_ip': '192.168.128.1', 'cidr': '192.168.128.0/28', 'allocation_pools': [{'start': '192.168.128.2', 'end': '192.168.128.14'}], 'host_routes': [], 'dns_nameservers': [], 'description': '', 'router:external': False, 'service_types': [], 'tags': [], 'created_at': '2025-12-09T16:44:08Z', 'updated_at': '2025-12-09T16:44:08Z', 'revision_number': 0, 'project_id': '94eb503cddf84fff8267944fac33af20'}, Router: {'id': '5a232c77-9d27-49cb-99e0-3c11ab397e30', 'name': 'tempest-SecurityGroupRulesNegativeTestJSON-2093489836-router', 'tenant_id': '94eb503cddf84fff8267944fac33af20', 'admin_state_up': True, 'status': 'ACTIVE', 'external_gateway_info': {'network_id': '530bd5ab-bb1c-4352-881c-e9f3bb4dd017', 'external_fixed_ips': [{'subnet_id': '5a6bac23-e2b3-4d07-ae16-18503da879af', 'ip_address': '10.180.180.246'}], 'enable_snat': True}, 'description': '', 'availability_zones': [], 'distributed': False, 'ha': False, 'availability_zone_hints': [], 'routes': [], 'flavor_id': None, 'tags': [], 'created_at': '2025-12-09T16:44:08Z', 'updated_at': '2025-12-09T16:44:09Z', 'revision_number': 2, 'project_id': '94eb503cddf84fff8267944fac33af20'}
2025-12-09 16:44:10.486 65493 INFO tempest.lib.common.rest_client [req-a3ccd4ba-1186-49ed-b283-45bcfe5c8c3d req-a3ccd4ba-1186-49ed-b283-45bcfe5c8c3d ] Request (SecurityGroupRulesNegativeTestJSON:setUpClass): 201 POST http://10.180.1.21/identity/v3/auth/tokens 0.080s
2025-12-09 16:44:10.495 65523 INFO tempest.lib.common.rest_client [req-5224d104-925a-4dfa-bc7e-64e96083f20d req-5224d104-925a-4dfa-bc7e-64e96083f20d ] Request (VolumesAdminNegativeTest:tearDownClass): 200 GET http://10.180.1.21/networking/v2.0/security-groups?tenant_id=36c34dd178c64ed1ae7909a648641e74&name=default 0.937s
2025-12-09 16:44:10.530 65501 INFO tempest.lib.common.rest_client [req-9d456aae-1dad-472f-95d8-ce640c83be14 req-9d456aae-1dad-472f-95d8-ce640c83be14 ] Request (ServerMetadataNegativeTestJSON:setUpClass): 200 GET http://10.180.1.21/compute/v2.1/servers/e78f8705-554a-459f-9a11-1d96e73f467c 6.078s
2025-12-09 16:44:10.563 65529 INFO tempest.lib.common.rest_client [req-822cf392-852e-48c7-809d-ff212c875e9e req-822cf392-852e-48c7-809d-ff212c875e9e ] Request (ServersListShow2100Test:tearDownClass): 404 GET http://10.180.1.21/compute/v2.1/servers/f24f86f6-9ea3-45fa-a7c1-8287f51ce96a 5.246s
2025-12-09 16:44:10.585 65517 INFO tempest.lib.common.rest_client [req-1906572a-2212-4838-815e-600f581ed54b req-1906572a-2212-4838-815e-600f581ed54b ] Request (ListServersNegativeTestJSON:setUpClass): 200 GET http://10.180.1.21/compute/v2.1/servers/41753c19-b9bc-4e4e-bfaf-ad66dcea3095 6.343s
2025-12-09 16:44:10.598 65517 INFO tempest.common.waiters [-] State transition "BUILD/None" ==> "BUILD/spawning" after 28 second wait
2025-12-09 16:44:10.680 65523 INFO tempest.lib.common.rest_client [req-465e19a6-568d-4ff9-bbed-0f41bf9947ec req-465e19a6-568d-4ff9-bbed-0f41bf9947ec ] Request (VolumesAdminNegativeTest:tearDownClass): 204 DELETE http://10.180.1.21/networking/v2.0/security-groups/8e015246-4b0a-4bef-99d0-4c11f448b4bf 0.184s
2025-12-09 16:44:10.695 65529 INFO tempest.lib.common.rest_client [req-ed73d0ff-78fd-4a7b-a6e8-8d6a92779dad req-ed73d0ff-78fd-4a7b-a6e8-8d6a92779dad ] Request (ServersListShow2100Test:tearDownClass): 204 DELETE http://10.180.1.21/identity/v3/users/6a8e7deaf3c24cb791fd40dea44f7496 0.131s
2025-12-09 16:44:10.695 65529 INFO tempest.lib.common.dynamic_creds [-] Deleting project and security group for project: 44ce04fa41654dc897e719d05a5fff9e
2025-12-09 16:44:10.739 65489 INFO tempest.lib.common.rest_client [req-5e903bea-c225-4882-998e-b35b350e6ad6 req-5e903bea-c225-4882-998e-b35b350e6ad6 ] Request (ServerShowV254Test:test_rebuild_server): 200 GET http://10.180.1.21/compute/v2.1/servers/a67c70d6-e435-453d-a720-89c1578ed076 5.152s
2025-12-09 16:44:10.761 65529 INFO tempest.lib.common.rest_client [req-ccb51fd7-1475-4273-95f6-72e39ec31029 req-ccb51fd7-1475-4273-95f6-72e39ec31029 ] Request (ServersListShow2100Test:tearDownClass): 201 POST http://10.180.1.21/identity/v3/auth/tokens 0.065s
2025-12-09 16:44:10.788 65523 INFO tempest.lib.common.rest_client [req-4d9faa1c-415b-48be-ae0d-051686cff503 req-4d9faa1c-415b-48be-ae0d-051686cff503 ] Request (VolumesAdminNegativeTest:tearDownClass): 204 DELETE http://10.180.1.21/identity/v3/projects/36c34dd178c64ed1ae7909a648641e74 0.107s
2025-12-09 16:44:10.788 65523 INFO tempest.lib.common.dynamic_creds [-] Deleting project and security group for project: 2db43d5aaf4f476fb862d3733df84ce5
2025-12-09 16:44:11.106 65529 INFO tempest.lib.common.rest_client [req-5645e3cc-3f46-4343-a663-6fc0ced73d50 req-5645e3cc-3f46-4343-a663-6fc0ced73d50 ] Request (ServersListShow2100Test:tearDownClass): 200 GET http://10.180.1.21/networking/v2.0/security-groups?tenant_id=44ce04fa41654dc897e719d05a5fff9e&name=default 0.344s
2025-12-09 16:44:11.130 65523 INFO tempest.lib.common.rest_client [req-cd60a18e-0a34-4492-bf42-7eae83203fa7 req-cd60a18e-0a34-4492-bf42-7eae83203fa7 ] Request (VolumesAdminNegativeTest:tearDownClass): 200 GET http://10.180.1.21/networking/v2.0/security-groups?tenant_id=2db43d5aaf4f476fb862d3733df84ce5&name=default 0.341s
2025-12-09 16:44:11.222 65529 INFO tempest.lib.common.rest_client [req-e78bd6d9-387d-4b25-83bd-1de034995233 req-e78bd6d9-387d-4b25-83bd-1de034995233 ] Request (ServersListShow2100Test:tearDownClass): 204 DELETE http://10.180.1.21/networking/v2.0/security-groups/39351b94-9029-4c7d-bd43-712d4654f60b 0.116s
2025-12-09 16:44:11.222 65523 INFO tempest.lib.common.rest_client [req-1318a0cb-f3e7-40f5-9e1d-341e484da095 req-1318a0cb-f3e7-40f5-9e1d-341e484da095 ] Request (VolumesAdminNegativeTest:tearDownClass): 204 DELETE http://10.180.1.21/networking/v2.0/security-groups/75aafba1-23a9-48ba-a855-7337f0a9b868 0.092s
2025-12-09 16:44:11.258 65527 INFO tempest.lib.common.rest_client [req-bdaf1943-4a4b-4332-ae8e-a96196a02cfc req-bdaf1943-4a4b-4332-ae8e-a96196a02cfc ] Request (ServerActionsTestOtherB:test_create_backup): 202 POST http://10.180.1.21/compute/v2.1/servers/f03ec022-41f1-4d1e-84fc-f0ff623b18d9/action 5.236s
