2025-12-09 05:24:12.177 65445 INFO tempest.lib.common.rest_client [req-a21a6cf2-4b1e-4e43-9c6d-6c3e34dcddd3 req-a21a6cf2-4b1e-4e43-9c6d-6c3e34dcddd3 ] Request (ServersTestMultiNic:_run_cleanups): 200 GET http://10.180.1.21/compute/v2.1/servers/11acc8cb-4a8d-4599-970a-02d98eb20720 2.688s
2025-12-09 05:24:12.249 65429 INFO tempest.lib.common.rest_client [req-b5fb9123-64c7-47ce-94d6-6ed408e959ac req-b5fb9123-64c7-47ce-94d6-6ed408e959ac ] Request (ServerActionsTestJSON:test_lock_unlock_server): 202 POST http://10.180.1.21/compute/v2.1/servers/1347b0a8-a371-4506-adbe-3c4048105946/action 2.604s
2025-12-09 05:24:12.315 65419 INFO tempest.lib.common.rest_client [req-94df4ec9-d782-47e6-b65e-414d756fb0ee req-94df4ec9-d782-47e6-b65e-414d756fb0ee ] Request (FloatingIPsNegativeTestJSON:tearDownClass): 200 GET http://10.180.1.21/networking/v2.0/security-groups?tenant_id=abed17921f074f1d935b166f12528f77&name=default 0.222s
2025-12-09 05:24:12.503 65409 INFO tempest.lib.common.rest_client [req-67587e9c-fb9d-4ec8-b254-12b0d320a3c0 req-67587e9c-fb9d-4ec8-b254-12b0d320a3c0 ] Request (AttachVolumeNegativeTest:test_attach_attached_volume_to_different_server): 200 GET http://10.180.1.21/compute/v2.1/servers/3c993aa1-a435-4c4d-a652-3f30b81658ff 2.917s
2025-12-09 05:24:12.521 65463 INFO tempest.lib.common.rest_client [req-c167b26b-c01d-44c6-abc9-8c58f6d69342 req-c167b26b-c01d-44c6-abc9-8c58f6d69342 ] Request (ListServersNegativeTestJSON:test_list_servers_by_non_existing_flavor): 200 GET http://10.180.1.21/compute/v2.1/servers?flavor=non_existing_flavor 2.746s
2025-12-09 05:24:12.849 65419 INFO tempest.lib.common.rest_client [req-de2b9f9f-db02-4453-b4bf-8073cddd29c7 req-de2b9f9f-db02-4453-b4bf-8073cddd29c7 ] Request (FloatingIPsNegativeTestJSON:tearDownClass): 204 DELETE http://10.180.1.21/networking/v2.0/security-groups/f30290c1-1435-491c-bc56-87e38131a34c 0.534s
2025-12-09 05:24:12.852 65447 INFO tempest.lib.common.rest_client [req-2301f639-e75c-4a8b-ad08-7c35ccf0035a req-2301f639-e75c-4a8b-ad08-7c35ccf0035a ] Request (ServerPasswordTestJSON:tearDownClass): 200 GET http://10.180.1.21/compute/v2.1/servers/be3117f3-aff5-4e50-a4cc-e30456a197b6 3.026s
2025-12-09 05:24:12.994 65401 INFO tempest.lib.common.rest_client [req-e77062eb-74a3-4f98-afad-58161214285d req-e77062eb-74a3-4f98-afad-58161214285d ] Request (ImagesOneServerTestJSON:tearDownClass): 200 GET http://10.180.1.21/compute/v2.1/servers/b3b5558b-f6cd-41c7-bd5d-3f0657842c24 3.226s
2025-12-09 05:24:13.030 65413 INFO tempest.lib.common.rest_client [req-888cfe24-c486-405c-83f5-a9abc5fafb46 req-888cfe24-c486-405c-83f5-a9abc5fafb46 ] Request (AggregatesAdminNegativeTestJSON:test_aggregate_remove_nonexistent_host): 404 POST http://10.180.1.21/compute/v2.1/os-aggregates/8/action 3.171s
2025-12-09 05:24:13.044 65451 INFO tempest.lib.common.rest_client [req-f56f6d6c-2cdf-453b-8420-35b79da99605 req-f56f6d6c-2cdf-453b-8420-35b79da99605 ] Request (KeyPairsV22TestJSON:test_keypairs_create_list_delete): 200 GET http://10.180.1.21/compute/v2.1/os-keypairs 3.132s
2025-12-09 05:24:13.051 65419 INFO tempest.lib.common.rest_client [req-b71e1148-a3c2-48d5-b0ad-010da6e20b99 req-b71e1148-a3c2-48d5-b0ad-010da6e20b99 ] Request (FloatingIPsNegativeTestJSON:tearDownClass): 204 DELETE http://10.180.1.21/identity/v3/projects/abed17921f074f1d935b166f12528f77 0.201s
2025-12-09 05:24:13.064 65436 INFO tempest.lib.common.rest_client [req-d1929814-a89a-42bc-9eba-381120dea8ee req-d1929814-a89a-42bc-9eba-381120dea8ee ] Request (ServerExternalEventsTest:tearDownClass): 200 GET http://10.180.1.21/compute/v2.1/servers/f3a643d9-1226-4483-941e-74deeb5fe995 3.229s
2025-12-09 05:24:13.153 65419 INFO tempest.lib.common.rest_client [req-f0676862-4f3b-4973-83a2-9d404ef0fee0 req-f0676862-4f3b-4973-83a2-9d404ef0fee0 ] Request (ServersV294TestFqdnHostnames:setUpClass): 201 POST http://10.180.1.21/identity/v3/auth/tokens 0.100s
2025-12-09 05:24:13.187 65441 INFO tempest.lib.common.rest_client [req-c28b4bf2-8381-40b5-ae2e-3c46eea98b93 req-c28b4bf2-8381-40b5-ae2e-3c46eea98b93 ] Request (ServersTestBootFromVolume:setUpClass): 200 GET http://10.180.1.21/volume/v3/volumes/3499f1e1-4e37-480d-8364-a32f7f705a91 0.043s
2025-12-09 05:24:13.198 65419 INFO tempest.lib.common.rest_client [req-9672c6c5-dbd9-4730-a27f-59b96ed2cc95 req-9672c6c5-dbd9-4730-a27f-59b96ed2cc95 ] Request (ServersV294TestFqdnHostnames:setUpClass): 201 POST http://10.180.1.21/identity/v3/auth/tokens 0.042s
2025-12-09 05:24:13.231 65419 INFO tempest.lib.common.rest_client [req-ec46f51f-d937-4959-81b0-b36feeec690a req-ec46f51f-d937-4959-81b0-b36feeec690a ] Request (ServersV294TestFqdnHostnames:setUpClass): 200 GET http://10.180.1.21/identity/v3/domains?name=Default 0.032s
2025-12-09 05:24:13.268 65419 INFO tempest.lib.common.rest_client [req-09914a2e-d65f-4701-9680-71081f32bfd6 req-09914a2e-d65f-4701-9680-71081f32bfd6 ] Request (ServersV294TestFqdnHostnames:setUpClass): 201 POST http://10.180.1.21/identity/v3/projects 0.037s
2025-12-09 05:24:13.353 65459 INFO tempest.lib.common.rest_client [req-1d98b95e-d508-4f30-a8c3-d550b345f3b0 req-1d98b95e-d508-4f30-a8c3-d550b345f3b0 ] Request (ServerShowV257Test:tearDownClass): 200 GET http://10.180.1.21/compute/v2.1/servers/96bf48d9-4faa-4b9a-9eaf-a1a8b51ad6db 3.410s
2025-12-09 05:24:13.365 65459 INFO tempest.common.waiters [-] State transition "ACTIVE/deleting" ==> "DELETED/None" after 5 second wait
2025-12-09 05:24:13.366 65419 INFO tempest.lib.common.rest_client [req-4d769bdc-1d47-4e3b-b853-db66f030b383 req-4d769bdc-1d47-4e3b-b853-db66f030b383 ] Request (ServersV294TestFqdnHostnames:setUpClass): 201 POST http://10.180.1.21/identity/v3/users 0.097s
2025-12-09 05:24:13.388 65411 INFO tempest.lib.common.rest_client [req-72d36264-4621-4cf4-808f-40120c38f716 req-72d36264-4621-4cf4-808f-40120c38f716 ] Request (ServerTagsTestJSON:setUpClass): 200 GET http://10.180.1.21/compute/v2.1/servers/2ccf61d8-b5c6-453c-bc2c-e3698d885260 3.373s
2025-12-09 05:24:13.399 65419 INFO tempest.lib.common.rest_client [req-bed9c61e-abb6-4c78-b2d5-8fd675d9c2b6 req-bed9c61e-abb6-4c78-b2d5-8fd675d9c2b6 ] Request (ServersV294TestFqdnHostnames:setUpClass): 200 GET http://10.180.1.21/identity/v3/roles 0.032s
2025-12-09 05:24:13.438 65419 INFO tempest.lib.common.rest_client [req-1ee5dfde-c7ff-489f-bd5f-8e5cc527468b req-1ee5dfde-c7ff-489f-bd5f-8e5cc527468b ] Request (ServersV294TestFqdnHostnames:setUpClass): 204 PUT http://10.180.1.21/identity/v3/projects/ccfc43bab211450cbda45eb1e4a15b6b/users/9b945e5f08e94c63a861d0be3234fb89/roles/9ba0b6d87dd34f2682c6d4cf03918c53 0.039s
2025-12-09 05:24:13.439 65419 INFO tempest.lib.common.dynamic_creds [-] Dynamic test user 9b945e5f08e94c63a861d0be3234fb89 is created with scope project and roles: ['member']
2025-12-09 05:24:13.439 65419 INFO tempest.lib.common.dynamic_creds [-] Acquired dynamic creds: credentials: Credentials: {'domain_id': 'default', 'domain_name': 'Default', 'username': 'tempest-ServersV294TestFqdnHostnames-1083439850-project-member', 'project_domain_id': 'default', 'project_domain_name': 'Default', 'project_id': 'ccfc43bab211450cbda45eb1e4a15b6b', 'project_name': 'tempest-ServersV294TestFqdnHostnames-1083439850', 'tenant_id': 'ccfc43bab211450cbda45eb1e4a15b6b', 'tenant_name': 'tempest-ServersV294TestFqdnHostnames-1083439850', 'user_domain_id': 'default', 'user_domain_name': 'Default', 'user_id': '9b945e5f08e94c63a861d0be3234fb89', 'system': None}, Network: None, Subnet: None, Router: None
2025-12-09 05:24:13.459 65403 INFO tempest.lib.common.rest_client [req-89dbbffa-80de-4f76-8d7b-894c3771c09b req-89dbbffa-80de-4f76-8d7b-894c3771c09b ] Request (AttachInterfacesV270Test:test_create_get_list_interfaces): 200 GET http://10.180.1.21/compute/v2.1/servers/14edc7c9-bb6a-43bf-a9c3-a98dc6f717c6 3.420s
2025-12-09 05:24:13.478 65449 INFO tempest.lib.common.rest_client [req-c7e0dc77-a24e-4c20-a138-1a3205ce80c8 req-c7e0dc77-a24e-4c20-a138-1a3205ce80c8 ] Request (ImagesNegativeTestJSON:test_create_image_from_deleted_server): 200 GET http://10.180.1.21/compute/v2.1/servers/c8fdd2f2-9d1f-4530-b9ab-874f17848963 3.377s
2025-12-09 05:24:13.480 65439 WARNING tempest.lib.common.ssh [-] Failed to establish authenticated ssh connection to cirros@10.180.180.242 ([Errno None] Unable to connect to port 22 on 10.180.180.242). Number attempts: 2. Retry after 3 seconds.: paramiko.ssh_exception.NoValidConnectionsError: [Errno None] Unable to connect to port 22 on 10.180.180.242
2025-12-09 05:24:13.517 65415 INFO tempest.lib.common.rest_client [req-e919b608-d833-442a-ab17-504e80c9b432 req-e919b608-d833-442a-ab17-504e80c9b432 ] Request (ImagesTestJSON:test_create_image_from_stopped_server): 200 GET http://10.180.1.21/compute/v2.1/images/2b523ecd-7490-443c-875d-2168d38edc6e 3.376s
2025-12-09 05:24:13.536 65419 INFO tempest.lib.common.rest_client [req-cf592123-5126-4f84-9588-a3db5e9481c3 req-cf592123-5126-4f84-9588-a3db5e9481c3 ] Request (ServersV294TestFqdnHostnames:setUpClass): 201 POST http://10.180.1.21/identity/v3/auth/tokens 0.097s
2025-12-09 05:24:13.562 65453 INFO tempest.lib.common.rest_client [req-88cce88f-a82d-4103-b4d3-9f79deeebd63 req-88cce88f-a82d-4103-b4d3-9f79deeebd63 ] Request (ListServerFiltersTestJSON:setUpClass): 200 GET http://10.180.1.21/compute/v2.1/servers/f9213540-9d3b-4304-b379-58870faa2ce9 3.365s
2025-12-09 05:24:13.863 65419 INFO tempest.lib.common.rest_client [req-11c7fb3c-e6a5-4de1-93b4-f3cd7b586a09 req-11c7fb3c-e6a5-4de1-93b4-f3cd7b586a09 ] Request (ServersV294TestFqdnHostnames:setUpClass): 201 POST http://10.180.1.21/networking/v2.0/networks 0.326s
2025-12-09 05:24:14.166 65419 INFO tempest.lib.common.rest_client [req-c49d18cc-67b0-4b36-b7bf-bd629f9f28f6 req-c49d18cc-67b0-4b36-b7bf-bd629f9f28f6 ] Request (ServersV294TestFqdnHostnames:setUpClass): 201 POST http://10.180.1.21/networking/v2.0/subnets 0.302s
2025-12-09 05:24:14.234 65441 INFO tempest.lib.common.rest_client [req-c3d8f160-f279-4082-9720-54c12b790495 req-c3d8f160-f279-4082-9720-54c12b790495 ] Request (ServersTestBootFromVolume:setUpClass): 200 GET http://10.180.1.21/volume/v3/volumes/3499f1e1-4e37-480d-8364-a32f7f705a91 0.036s
2025-12-09 05:24:14.240 65421 INFO tempest.lib.common.rest_client [req-16d65d10-7c4c-4e32-bfa2-cfae84a44513 req-16d65d10-7c4c-4e32-bfa2-cfae84a44513 ] Request (ServersTestManualDisk:setUpClass): 200 GET http://10.180.1.21/compute/v2.1/servers/c4656991-cd93-4d92-a0d1-510f8af22522 3.981s
2025-12-09 05:24:14.247 65421 INFO tempest.common.waiters [-] State transition "BUILD/networking" ==> "BUILD/spawning" after 16 second wait
2025-12-09 05:24:14.287 65437 INFO tempest.lib.common.rest_client [req-a737b26c-dd12-4da1-b5a7-3ef891df3a4f req-a737b26c-dd12-4da1-b5a7-3ef891df3a4f ] Request (ListImageFiltersTestJSON:setUpClass): 200 GET http://10.180.1.21/compute/v2.1/servers/5c9c89de-39cc-4405-91b7-56a661a81aa3 3.976s
2025-12-09 05:24:14.294 65437 INFO tempest.common.waiters [-] State transition "BUILD/None" ==> "BUILD/spawning" after 16 second wait
2025-12-09 05:24:14.459 65427 INFO paramiko.transport [-] Connected (version 2.0, client dropbear_2020.81)
2025-12-09 05:24:14.525 65427 INFO paramiko.transport [-] Authentication (publickey) successful!
2025-12-09 05:24:14.526 65427 INFO tempest.lib.common.ssh [-] ssh connection to cirros@10.180.180.165 successfully created
2025-12-09 05:24:15.094 65419 INFO tempest.lib.common.rest_client [req-cf0a96ab-e803-4f56-8bf3-e6fa3bb0a4d4 req-cf0a96ab-e803-4f56-8bf3-e6fa3bb0a4d4 ] Request (ServersV294TestFqdnHostnames:setUpClass): 201 POST http://10.180.1.21/networking/v2.0/routers 0.928s
2025-12-09 05:24:15.217 65461 INFO tempest.lib.common.rest_client [req-a864a744-62d9-4667-b4c4-86e5e8d7a603 req-a864a744-62d9-4667-b4c4-86e5e8d7a603 ] Request (ServerDiagnosticsV248Test:tearDownClass): 200 GET http://10.180.1.21/compute/v2.1/servers/80329a38-8969-455e-a207-8e584282216b 4.559s
2025-12-09 05:24:15.268 65431 INFO tempest.lib.common.rest_client [req-07984849-778c-4aeb-ad23-47977f74827c req-07984849-778c-4aeb-ad23-47977f74827c ] Request (VolumesAssistedSnapshotsTest:_run_cleanups): 200 GET http://10.180.1.21/compute/v2.1/servers/426d6fdc-cf12-4450-822c-26a872b4ebeb/os-volume_attachments 4.460s
2025-12-09 05:24:15.279 65441 INFO tempest.lib.common.rest_client [req-e850bb07-2cde-46b8-8e2d-7a3632c30066 req-e850bb07-2cde-46b8-8e2d-7a3632c30066 ] Request (ServersTestBootFromVolume:setUpClass): 200 GET http://10.180.1.21/volume/v3/volumes/3499f1e1-4e37-480d-8364-a32f7f705a91 0.037s
2025-12-09 05:24:15.301 65431 INFO tempest.lib.common.rest_client [req-aa860461-94ed-4a81-9070-cf7ff8b8b7d3 req-aa860461-94ed-4a81-9070-cf7ff8b8b7d3 ] Request (VolumesAssistedSnapshotsTest:_run_cleanups): 200 GET http://10.180.1.21/volume/v3/volumes/f28f72e3-3f83-4383-9bf0-03bcc8eae8d7 0.031s
2025-12-09 05:24:15.310 65431 INFO tempest.common.waiters [-] volume f28f72e3-3f83-4383-9bf0-03bcc8eae8d7 reached available after waiting for 0.310539 seconds
2025-12-09 05:24:15.314 65455 INFO tempest.lib.common.rest_client [req-d613c8b3-b5e0-43a3-b0a5-8a27f6ada4af req-d613c8b3-b5e0-43a3-b0a5-8a27f6ada4af ] Request (InstanceActionsTestJSON:test_list_instance_actions): 200 GET http://10.180.1.21/compute/v2.1/servers/b02ca23a-168b-4549-af64-659542da0ed2 4.896s
2025-12-09 05:24:15.325 65455 INFO tempest.common.waiters [-] State transition "HARD_REBOOT/reboot_started_hard" ==> "ACTIVE/None" after 8 second wait
2025-12-09 05:24:15.354 65431 INFO tempest.lib.common.rest_client [req-17a00330-e8ec-45c0-928c-baf83133ceda req-17a00330-e8ec-45c0-928c-baf83133ceda ] Request (VolumesAssistedSnapshotsTest:_run_cleanups): 202 DELETE http://10.180.1.21/volume/v3/volumes/f28f72e3-3f83-4383-9bf0-03bcc8eae8d7 0.043s
2025-12-09 05:24:15.383 65431 INFO tempest.lib.common.rest_client [req-2e234ff3-3aaf-43be-8b37-19a8ff3d39eb req-2e234ff3-3aaf-43be-8b37-19a8ff3d39eb ] Request (VolumesAssistedSnapshotsTest:_run_cleanups): 200 GET http://10.180.1.21/volume/v3/volumes/f28f72e3-3f83-4383-9bf0-03bcc8eae8d7 0.028s
2025-12-09 05:24:15.388 65405 INFO tempest.lib.common.rest_client [req-61ebef7d-32cf-428a-9ed4-2057b6bb7084 req-61ebef7d-32cf-428a-9ed4-2057b6bb7084 ] Request (VolumesAdminNegativeTest:test_update_attached_volume_with_nonexistent_volume_in_uri): 200 GET http://10.180.1.21/compute/v2.1/servers/4e23b32a-773b-4593-9467-9593e843d730 4.013s
2025-12-09 05:24:15.534 65425 INFO tempest.lib.common.rest_client [req-03ca303c-d131-44fc-8f78-ff4f52fb6e3b req-03ca303c-d131-44fc-8f78-ff4f52fb6e3b ] Request (MigrationsAdminTest:test_list_migrations_in_flavor_resize_situation): 200 GET http://10.180.1.21/compute/v2.1/servers/6e4da3bb-8db2-4f78-8ef4-d6a3098167e5 3.908s
2025-12-09 05:24:15.677 65434 INFO tempest.lib.common.rest_client [req-03e7db73-e625-4323-a514-53b74584bda9 req-03e7db73-e625-4323-a514-53b74584bda9 ] Request (ImagesMetadataTestJSON:setUp): 200 PUT http://10.180.1.21/compute/v2.1/images/339a7d4c-c2df-4008-9882-8e69f294c0e8/metadata 3.510s
2025-12-09 05:24:15.705 65429 INFO tempest.lib.common.rest_client [req-013297df-7b3a-4a6f-af1d-f678db5e4131 req-013297df-7b3a-4a6f-af1d-f678db5e4131 ] Request (ServerActionsTestJSON:test_lock_unlock_server): 200 GET http://10.180.1.21/compute/v2.1/servers/1347b0a8-a371-4506-adbe-3c4048105946 3.456s
2025-12-09 05:24:15.777 65463 INFO tempest.lib.common.rest_client [req-f952b65e-ea66-406b-a7ef-f50d5ab116a7 req-f952b65e-ea66-406b-a7ef-f50d5ab116a7 ] Request (ListServersNegativeTestJSON:test_list_servers_by_non_existing_image): 200 GET http://10.180.1.21/compute/v2.1/servers?image=non_existing_image 3.248s
2025-12-09 05:24:15.920 65417 INFO tempest.lib.common.rest_client [req-30edc7b8-25ca-4143-b2d1-899e7cd78522 req-30edc7b8-25ca-4143-b2d1-899e7cd78522 ] Request (ServerMetadataNegativeTestJSON:tearDownClass): 200 GET http://10.180.1.21/compute/v2.1/servers/c0bb8b0d-e7af-4d42-b363-b98b86704a5c 3.381s
2025-12-09 05:24:15.929 65417 INFO tempest.common.waiters [-] State transition "ACTIVE/deleting" ==> "DELETED/None" after 4 second wait
2025-12-09 05:24:15.942 65413 INFO tempest.lib.common.rest_client [req-6cbb3514-8c52-4d20-a608-28d927edfd3d req-6cbb3514-8c52-4d20-a608-28d927edfd3d ] Request (AggregatesAdminNegativeTestJSON:_run_cleanups): 200 DELETE http://10.180.1.21/compute/v2.1/os-aggregates/8 2.911s
2025-12-09 05:24:15.955 65423 INFO tempest.lib.common.rest_client [req-bd0882a8-1dec-4c20-8a8c-93ad7b2d48d9 req-bd0882a8-1dec-4c20-8a8c-93ad7b2d48d9 ] Request (ServersAdminTestJSON:test_create_server_with_scheduling_hint): 200 GET http://10.180.1.21/compute/v2.1/servers/9eb60c5c-9d1a-4754-9b33-013c97b95df5 3.190s
2025-12-09 05:24:15.964 65423 INFO tempest.common.waiters [-] State transition "BUILD/spawning" ==> "ACTIVE/None" after 24 second wait
2025-12-09 05:24:15.965 65451 INFO tempest.lib.common.rest_client [req-18ae1213-5199-4896-aa30-5e284f595191 req-18ae1213-5199-4896-aa30-5e284f595191 ] Request (KeyPairsV22TestJSON:_run_cleanups): 204 DELETE http://10.180.1.21/compute/v2.1/os-keypairs/tempest-KeyPairsV22TestJSON-keypair-693116972 2.919s
2025-12-09 05:24:16.052 65423 INFO tempest.lib.common.rest_client [req-d14bea74-2402-4dac-b409-e88995a30c02 req-d14bea74-2402-4dac-b409-e88995a30c02 ] Request (ServersAdminTestJSON:test_inject_network_info): 201 POST http://10.180.1.21/identity/v3/auth/tokens 0.081s
2025-12-09 05:24:16.052 65423 INFO tempest.lib.common.fixed_network [-] (ServersAdminTestJSON:test_inject_network_info) Found network {'id': 'd2bd09ec-c6e8-49c4-99b3-7fa13b50fd30', 'name': 'tempest-ServersAdminTestJSON-727371935-network', 'tenant_id': 'eea97d2855294a449ca1ba9c7df8ed26', 'project_id': 'eea97d2855294a449ca1ba9c7df8ed26', 'admin_state_up': True, 'mtu': 8950, 'status': 'ACTIVE', 'subnets': [], 'shared': False, 'port_security_enabled': True, 'router:external': False, 'provider:network_type': 'vlan', 'provider:physical_network': 'default', 'provider:segmentation_id': 429, 'availability_zone_hints': [], 'availability_zones': [], 'ipv4_address_scope': None, 'ipv6_address_scope': None, 'description': '', 'tags': [], 'created_at': '2025-12-09T05:22:41Z', 'updated_at': '2025-12-09T05:22:41Z', 'revision_number': 1} available for tenant
2025-12-09 05:24:16.060 65413 INFO tempest.lib.common.rest_client [req-d1ade9da-bdde-49e9-8699-d143a273c84c req-d1ade9da-bdde-49e9-8699-d143a273c84c ] Request (AggregatesAdminNegativeTestJSON:tearDownClass): 204 DELETE http://10.180.1.21/identity/v3/users/3e496deefe314179b667965fb5fbabbc 0.116s
2025-12-09 05:24:16.065 65457 INFO tempest.lib.common.rest_client [req-be2abb14-7cce-4008-b352-5a7fc4ad924f req-be2abb14-7cce-4008-b352-5a7fc4ad924f ] Request (ServerMetadataTestJSON:setUpClass): 200 GET http://10.180.1.21/compute/v2.1/servers/c7498066-4d39-4a16-a7ae-167bad029fa1 2.924s
2025-12-09 05:24:16.080 65445 INFO tempest.lib.common.rest_client [req-4eb93fbe-2148-4c4e-aede-ef7b34069d12 req-4eb93fbe-2148-4c4e-aede-ef7b34069d12 ] Request (ServersTestMultiNic:_run_cleanups): 200 GET http://10.180.1.21/compute/v2.1/servers/11acc8cb-4a8d-4599-970a-02d98eb20720 2.892s
2025-12-09 05:24:16.088 65445 INFO tempest.common.waiters [-] State transition "ACTIVE/deleting" ==> "DELETED/None" after 4 second wait
2025-12-09 05:24:16.127 65409 INFO tempest.lib.common.rest_client [req-bc5d29ff-1118-439c-9c67-007819bf15b0 req-bc5d29ff-1118-439c-9c67-007819bf15b0 ] Request (AttachVolumeNegativeTest:test_attach_attached_volume_to_different_server): 200 GET http://10.180.1.21/compute/v2.1/servers/3c993aa1-a435-4c4d-a652-3f30b81658ff 2.607s
2025-12-09 05:24:16.164 65447 INFO tempest.lib.common.rest_client [req-20ba0deb-14d1-46ec-9532-653d613d1ec9 req-20ba0deb-14d1-46ec-9532-653d613d1ec9 ] Request (ServerPasswordTestJSON:tearDownClass): 200 GET http://10.180.1.21/compute/v2.1/servers/be3117f3-aff5-4e50-a4cc-e30456a197b6 2.295s
2025-12-09 05:24:16.190 65436 INFO tempest.lib.common.rest_client [req-c5466aed-5d51-44db-83db-e5c9d7fb1500 req-c5466aed-5d51-44db-83db-e5c9d7fb1500 ] Request (ServerExternalEventsTest:tearDownClass): 404 GET http://10.180.1.21/compute/v2.1/servers/f3a643d9-1226-4483-941e-74deeb5fe995 2.116s
2025-12-09 05:24:16.199 65413 INFO tempest.lib.common.rest_client [req-d24bca36-835c-4bf6-b024-68a956adb694 req-d24bca36-835c-4bf6-b024-68a956adb694 ] Request (AggregatesAdminNegativeTestJSON:tearDownClass): 204 DELETE http://10.180.1.21/identity/v3/users/377f29e0af5c4710803a7f84622b6de6 0.138s
2025-12-09 05:24:16.199 65413 INFO tempest.lib.common.dynamic_creds [-] Deleting project and security group for project: 256e6663a41341f082600e77e7c71300
2025-12-09 05:24:16.234 65401 INFO tempest.lib.common.rest_client [req-e39dc8ab-03e9-4afa-bf46-a0f96b21c821 req-e39dc8ab-03e9-4afa-bf46-a0f96b21c821 ] Request (ImagesOneServerTestJSON:tearDownClass): 200 GET http://10.180.1.21/compute/v2.1/servers/b3b5558b-f6cd-41c7-bd5d-3f0657842c24 2.225s
2025-12-09 05:24:16.245 65401 INFO tempest.common.waiters [-] State transition "ACTIVE/deleting" ==> "DELETED/None" after 3 second wait
2025-12-09 05:24:16.277 65413 INFO tempest.lib.common.rest_client [req-cbd6d470-b35d-4efb-a873-091b5031b8c7 req-cbd6d470-b35d-4efb-a873-091b5031b8c7 ] Request (AggregatesAdminNegativeTestJSON:tearDownClass): 201 POST http://10.180.1.21/identity/v3/auth/tokens 0.077s
2025-12-09 05:24:16.325 65441 INFO tempest.lib.common.rest_client [req-508f08bb-7140-437b-9489-0720b5dd7d8f req-508f08bb-7140-437b-9489-0720b5dd7d8f ] Request (ServersTestBootFromVolume:setUpClass): 200 GET http://10.180.1.21/volume/v3/volumes/3499f1e1-4e37-480d-8364-a32f7f705a91 0.038s
2025-12-09 05:24:16.330 65459 INFO tempest.lib.common.rest_client [req-3efa89f7-2ce7-4f15-a8a4-117eb86d64e9 req-3efa89f7-2ce7-4f15-a8a4-117eb86d64e9 ] Request (ServerShowV257Test:tearDownClass): 200 GET http://10.180.1.21/compute/v2.1/servers/96bf48d9-4faa-4b9a-9eaf-a1a8b51ad6db 1.963s
2025-12-09 05:24:16.345 65436 INFO tempest.lib.common.rest_client [req-8b3a96f0-bf76-4652-b7aa-60238f63a0ed req-8b3a96f0-bf76-4652-b7aa-60238f63a0ed ] Request (ServerExternalEventsTest:tearDownClass): 204 DELETE http://10.180.1.21/identity/v3/users/033715ae52b740088333840f6023a1cc 0.154s
2025-12-09 05:24:16.374 65419 INFO tempest.lib.common.rest_client [req-c63cfaed-c0ee-4153-ac29-8d03fd9ed119 req-c63cfaed-c0ee-4153-ac29-8d03fd9ed119 ] Request (ServersV294TestFqdnHostnames:setUpClass): 200 PUT http://10.180.1.21/networking/v2.0/routers/e32024d9-dfa4-4f53-8709-45e4aaef94ae/add_router_interface 1.280s
2025-12-09 05:24:16.375 65419 INFO tempest.lib.common.dynamic_creds [-] Created isolated network resources for: credentials: Credentials: {'domain_id': 'default', 'domain_name': 'Default', 'username': 'tempest-ServersV294TestFqdnHostnames-1083439850-project-member', 'project_domain_id': 'default', 'project_domain_name': 'Default', 'project_id': 'ccfc43bab211450cbda45eb1e4a15b6b', 'project_name': 'tempest-ServersV294TestFqdnHostnames-1083439850', 'tenant_id': 'ccfc43bab211450cbda45eb1e4a15b6b', 'tenant_name': 'tempest-ServersV294TestFqdnHostnames-1083439850', 'user_domain_id': 'default', 'user_domain_name': 'Default', 'user_id': '9b945e5f08e94c63a861d0be3234fb89', 'system': None}, Network: {'id': 'f7fb95d4-1be7-4177-a323-875b4054abc1', 'name': 'tempest-ServersV294TestFqdnHostnames-1597818291-network', 'tenant_id': 'ccfc43bab211450cbda45eb1e4a15b6b', 'project_id': 'ccfc43bab211450cbda45eb1e4a15b6b', 'admin_state_up': True, 'mtu': 8950, 'status': 'ACTIVE', 'subnets': [], 'shared': False, 'port_security_enabled': True, 'router:external': False, 'provider:network_type': 'vlan', 'provider:physical_network': 'default', 'provider:segmentation_id': 566, 'availability_zone_hints': [], 'availability_zones': [], 'ipv4_address_scope': None, 'ipv6_address_scope': None, 'description': '', 'tags': [], 'created_at': '2025-12-09T05:24:13Z', 'updated_at': '2025-12-09T05:24:13Z', 'revision_number': 1}, Subnet: {'id': 'ad065fff-8056-4260-b77c-d59f9bf4ff66', 'name': 'tempest-ServersV294TestFqdnHostnames-1597818291-subnet', 'tenant_id': 'ccfc43bab211450cbda45eb1e4a15b6b', 'network_id': 'f7fb95d4-1be7-4177-a323-875b4054abc1', 'ip_version': 4, 'subnetpool_id': None, 'enable_dhcp': True, 'ipv6_ra_mode': None, 'ipv6_address_mode': None, 'gateway_ip': '192.168.128.1', 'cidr': '192.168.128.0/28', 'allocation_pools': [{'start': '192.168.128.2', 'end': '192.168.128.14'}], 'host_routes': [], 'dns_nameservers': [], 'description': '', 'router:external': False, 'service_types': [], 'tags': [], 'created_at': '2025-12-09T05:24:14Z', 'updated_at': '2025-12-09T05:24:14Z', 'revision_number': 0, 'project_id': 'ccfc43bab211450cbda45eb1e4a15b6b'}, Router: {'id': 'e32024d9-dfa4-4f53-8709-45e4aaef94ae', 'name': 'tempest-ServersV294TestFqdnHostnames-1597818291-router', 'tenant_id': 'ccfc43bab211450cbda45eb1e4a15b6b', 'admin_state_up': True, 'status': 'ACTIVE', 'external_gateway_info': {'network_id': '7db8ef34-7245-48b0-857a-80efa241af49', 'external_fixed_ips': [{'subnet_id': '9c3c9211-2c49-43d9-97e8-5136a02e8ce2', 'ip_address': '10.180.180.168'}], 'enable_snat': True}, 'description': '', 'availability_zones': [], 'distributed': False, 'ha': False, 'availability_zone_hints': [], 'routes': [], 'flavor_id': None, 'tags': [], 'created_at': '2025-12-09T05:24:14Z', 'updated_at': '2025-12-09T05:24:14Z', 'revision_number': 2, 'project_id': 'ccfc43bab211450cbda45eb1e4a15b6b'}
2025-12-09 05:24:16.424 65431 INFO tempest.lib.common.rest_client [req-59db8664-c99e-485c-a510-a961eec0954c req-59db8664-c99e-485c-a510-a961eec0954c ] Request (VolumesAssistedSnapshotsTest:_run_cleanups): 200 GET http://10.180.1.21/volume/v3/volumes/f28f72e3-3f83-4383-9bf0-03bcc8eae8d7 0.033s
2025-12-09 05:24:16.466 65403 INFO tempest.lib.common.rest_client [req-2f6f8e87-eaa0-46cc-b11a-c8d00aeac4f9 req-2f6f8e87-eaa0-46cc-b11a-c8d00aeac4f9 ] Request (AttachInterfacesV270Test:test_create_get_list_interfaces): 200 GET http://10.180.1.21/compute/v2.1/servers/14edc7c9-bb6a-43bf-a9c3-a98dc6f717c6 1.992s
2025-12-09 05:24:16.473 65436 INFO tempest.lib.common.rest_client [req-72ece85b-23f4-42e8-bcde-74fa919fc09c req-72ece85b-23f4-42e8-bcde-74fa919fc09c ] Request (ServerExternalEventsTest:tearDownClass): 204 DELETE http://10.180.1.21/identity/v3/users/64741a5abc1a4d9b91eb2e1cb183d0e3 0.126s
2025-12-09 05:24:16.499 65411 INFO tempest.lib.common.rest_client [req-901ec0e4-3478-4105-9c72-10513b7a791e req-901ec0e4-3478-4105-9c72-10513b7a791e ] Request (ServerTagsTestJSON:setUpClass): 200 GET http://10.180.1.21/compute/v2.1/servers/2ccf61d8-b5c6-453c-bc2c-e3698d885260 2.097s
2025-12-09 05:24:16.512 65411 INFO tempest.common.waiters [-] State transition "BUILD/spawning" ==> "ACTIVE/None" after 22 second wait
2025-12-09 05:24:16.526 65419 INFO tempest.lib.common.rest_client [req-2e01ea04-abc0-4b3a-9942-670df9682d97 req-2e01ea04-abc0-4b3a-9942-670df9682d97 ] Request (ServersV294TestFqdnHostnames:setUpClass): 201 POST http://10.180.1.21/identity/v3/auth/tokens 0.145s
2025-12-09 05:24:16.550 65449 INFO tempest.lib.common.rest_client [req-4500004b-d3b7-463f-bdee-67350fb64e37 req-4500004b-d3b7-463f-bdee-67350fb64e37 ] Request (ImagesNegativeTestJSON:test_create_image_from_deleted_server): 200 GET http://10.180.1.21/compute/v2.1/servers/c8fdd2f2-9d1f-4530-b9ab-874f17848963 2.061s
2025-12-09 05:24:16.554 65415 INFO tempest.lib.common.rest_client [req-1a07382c-0430-4d3a-b97f-b5b8a2226f11 req-1a07382c-0430-4d3a-b97f-b5b8a2226f11 ] Request (ImagesTestJSON:test_create_image_from_stopped_server): 200 GET http://10.180.1.21/compute/v2.1/images/2b523ecd-7490-443c-875d-2168d38edc6e 2.031s
2025-12-09 05:24:16.559 65449 INFO tempest.common.waiters [-] State transition "BUILD/scheduling" ==> "BUILD/None" after 7 second wait
2025-12-09 05:24:16.572 65413 INFO tempest.lib.common.rest_client [req-6e633231-fc89-4422-a0c3-b013eaded691 req-6e633231-fc89-4422-a0c3-b013eaded691 ] Request (AggregatesAdminNegativeTestJSON:tearDownClass): 200 GET http://10.180.1.21/networking/v2.0/security-groups?tenant_id=256e6663a41341f082600e77e7c71300&name=default 0.295s
2025-12-09 05:24:16.602 65436 INFO tempest.lib.common.rest_client [req-e36314d8-79b9-4cea-b288-b06bc849a072 req-e36314d8-79b9-4cea-b288-b06bc849a072 ] Request (ServerExternalEventsTest:tearDownClass): 204 DELETE http://10.180.1.21/identity/v3/users/4f6dcd4618434a9f972f21a67b78d78e 0.128s
2025-12-09 05:24:16.602 65436 INFO tempest.lib.common.dynamic_creds [-] Deleting project and security group for project: b3d0b7b8d54d4c9090dcd1c35b9f6fbc
2025-12-09 05:24:16.672 65436 INFO tempest.lib.common.rest_client [req-4e591483-ea3c-4d2f-ad26-882b118dd3f5 req-4e591483-ea3c-4d2f-ad26-882b118dd3f5 ] Request (ServerExternalEventsTest:tearDownClass): 201 POST http://10.180.1.21/identity/v3/auth/tokens 0.069s
2025-12-09 05:24:16.682 65413 INFO tempest.lib.common.rest_client [req-20a54c25-a2b0-4c6d-9429-be24a646fb44 req-20a54c25-a2b0-4c6d-9429-be24a646fb44 ] Request (AggregatesAdminNegativeTestJSON:tearDownClass): 204 DELETE http://10.180.1.21/networking/v2.0/security-groups/eb7b7c55-44d7-4723-b087-37f7f3ec7f95 0.110s
2025-12-09 05:24:16.704 65427 INFO tempest.lib.common.rest_client [req-be5f58b0-e80d-4b55-80dc-ed977fa281fd req-be5f58b0-e80d-4b55-80dc-ed977fa281fd ] Request (AttachInterfacesTestJSON:test_create_list_show_delete_interfaces_by_fixed_ip): 200 GET http://10.180.1.21/compute/v2.1/servers/64546c48-7191-4dd8-a2b4-dd5522686691/os-interface 2.178s
2025-12-09 05:24:16.712 65453 INFO tempest.lib.common.rest_client [req-5f5e4df7-8401-4889-b3cc-e97980dc107c req-5f5e4df7-8401-4889-b3cc-e97980dc107c ] Request (ListServerFiltersTestJSON:setUpClass): 200 GET http://10.180.1.21/compute/v2.1/servers/f9213540-9d3b-4304-b379-58870faa2ce9 2.140s
2025-12-09 05:24:16.723 65453 INFO tempest.common.waiters [-] State transition "BUILD/scheduling" ==> "BUILD/None" after 10 second wait
2025-12-09 05:24:16.765 65413 INFO tempest.lib.common.rest_client [req-9f4323d0-408e-4513-965d-e6100a031c86 req-9f4323d0-408e-4513-965d-e6100a031c86 ] Request (AggregatesAdminNegativeTestJSON:tearDownClass): 204 DELETE http://10.180.1.21/identity/v3/projects/256e6663a41341f082600e77e7c71300 0.082s
2025-12-09 05:24:16.765 65413 INFO tempest.lib.common.dynamic_creds [-] Deleting project and security group for project: c3c1fa4882f142a498e1c62521de470e
2025-12-09 05:24:16.874 65436 INFO tempest.lib.common.rest_client [req-8ce8e5a9-3bcb-469b-b701-a7b97b5c5bfa req-8ce8e5a9-3bcb-469b-b701-a7b97b5c5bfa ] Request (ServerExternalEventsTest:tearDownClass): 200 GET http://10.180.1.21/networking/v2.0/security-groups?tenant_id=b3d0b7b8d54d4c9090dcd1c35b9f6fbc&name=default 0.202s
2025-12-09 05:24:16.950 65421 INFO tempest.lib.common.rest_client [req-a186be39-0b97-4cfd-aaac-c565db3a6489 req-a186be39-0b97-4cfd-aaac-c565db3a6489 ] Request (ServersTestManualDisk:setUpClass): 200 GET http://10.180.1.21/compute/v2.1/servers/c4656991-cd93-4d92-a0d1-510f8af22522 1.701s
2025-12-09 05:24:16.986 65439 WARNING tempest.lib.common.ssh [-] Failed to establish authenticated ssh connection to cirros@10.180.180.242 ([Errno None] Unable to connect to port 22 on 10.180.180.242). Number attempts: 3. Retry after 4 seconds.: paramiko.ssh_exception.NoValidConnectionsError: [Errno None] Unable to connect to port 22 on 10.180.180.242
2025-12-09 05:24:17.000 65455 INFO tempest.lib.common.rest_client [req-d8e7bb91-f805-4c49-bb94-74b85a74d12e req-d8e7bb91-f805-4c49-bb94-74b85a74d12e ] Request (InstanceActionsTestJSON:test_list_instance_actions): 200 GET http://10.180.1.21/compute/v2.1/servers/b02ca23a-168b-4549-af64-659542da0ed2/os-instance-actions 1.675s
2025-12-09 05:24:17.004 65413 INFO tempest.lib.common.rest_client [req-a7cf1110-8a35-42e4-9301-ad4db6d32a2d req-a7cf1110-8a35-42e4-9301-ad4db6d32a2d ] Request (AggregatesAdminNegativeTestJSON:tearDownClass): 200 GET http://10.180.1.21/networking/v2.0/security-groups?tenant_id=c3c1fa4882f142a498e1c62521de470e&name=default 0.239s
2025-12-09 05:24:17.043 65436 INFO tempest.lib.common.rest_client [req-a1eb78e3-0639-4278-8846-505de4d4395d req-a1eb78e3-0639-4278-8846-505de4d4395d ] Request (ServerExternalEventsTest:tearDownClass): 204 DELETE http://10.180.1.21/networking/v2.0/security-groups/e1d3e87a-3c42-42e7-b682-d2b2673d238e 0.168s
2025-12-09 05:24:17.049 65437 INFO tempest.lib.common.rest_client [req-8b046e96-f1ad-4be2-a971-dab3282c3ca7 req-8b046e96-f1ad-4be2-a971-dab3282c3ca7 ] Request (ListImageFiltersTestJSON:setUpClass): 200 GET http://10.180.1.21/compute/v2.1/servers/5c9c89de-39cc-4405-91b7-56a661a81aa3 1.752s
2025-12-09 05:24:17.124 65413 INFO tempest.lib.common.rest_client [req-a8fa2e37-abab-40c2-9707-67be7eb7c9a6 req-a8fa2e37-abab-40c2-9707-67be7eb7c9a6 ] Request (AggregatesAdminNegativeTestJSON:tearDownClass): 204 DELETE http://10.180.1.21/networking/v2.0/security-groups/fbe52c14-c199-4729-87cb-8ab7affc302d 0.119s
2025-12-09 05:24:17.129 65429 INFO tempest.lib.common.rest_client [req-deec4cb3-197e-418d-a078-ff5e9a211680 req-deec4cb3-197e-418d-a078-ff5e9a211680 ] Request (ServerActionsTestJSON:test_lock_unlock_server): 202 POST http://10.180.1.21/compute/v2.1/servers/1347b0a8-a371-4506-adbe-3c4048105946/action 1.413s
2025-12-09 05:24:17.147 65436 INFO tempest.lib.common.rest_client [req-8988d50f-888b-4b21-a4ab-ccc850cbfb45 req-8988d50f-888b-4b21-a4ab-ccc850cbfb45 ] Request (ServerExternalEventsTest:tearDownClass): 204 DELETE http://10.180.1.21/identity/v3/projects/b3d0b7b8d54d4c9090dcd1c35b9f6fbc 0.104s
2025-12-09 05:24:17.148 65436 INFO tempest.lib.common.dynamic_creds [-] Deleting project and security group for project: eecbf66cf88f40aa96e6c01cea9805cc
2025-12-09 05:24:17.198 65463 INFO tempest.lib.common.rest_client [req-6627bafb-ef0c-4503-9bb6-e0aea2c88407 req-6627bafb-ef0c-4503-9bb6-e0aea2c88407 ] Request (ListServersNegativeTestJSON:test_list_servers_by_non_existing_server_name): 200 GET http://10.180.1.21/compute/v2.1/servers?name=non_existing_server_name 1.418s
2025-12-09 05:24:17.218 65451 INFO tempest.lib.common.rest_client [req-fc81bc15-aa46-4fde-9137-ca5938dbb7ca req-fc81bc15-aa46-4fde-9137-ca5938dbb7ca ] Request (KeyPairsV22TestJSON:_run_cleanups): 204 DELETE http://10.180.1.21/compute/v2.1/os-keypairs/tempest-KeyPairsV22TestJSON-keypair-1973765115 1.252s
2025-12-09 05:24:17.283 65413 INFO tempest.lib.common.rest_client [req-1e6a9381-3200-4c4e-9b6d-425f92f575d9 req-1e6a9381-3200-4c4e-9b6d-425f92f575d9 ] Request (AggregatesAdminNegativeTestJSON:tearDownClass): 204 DELETE http://10.180.1.21/identity/v3/projects/c3c1fa4882f142a498e1c62521de470e 0.159s
2025-12-09 05:24:17.307 65436 INFO tempest.lib.common.rest_client [req-6f34a681-cb30-49fa-8ba1-e389f23ff648 req-6f34a681-cb30-49fa-8ba1-e389f23ff648 ] Request (ServerExternalEventsTest:tearDownClass): 200 GET http://10.180.1.21/networking/v2.0/security-groups?tenant_id=eecbf66cf88f40aa96e6c01cea9805cc&name=default 0.159s
2025-12-09 05:24:17.319 65434 INFO tempest.lib.common.rest_client [req-06beb334-dd30-439f-aa29-d559242070c9 req-06beb334-dd30-439f-aa29-d559242070c9 ] Request (ImagesMetadataTestJSON:test_update_image_metadata): 200 POST http://10.180.1.21/compute/v2.1/images/339a7d4c-c2df-4008-9882-8e69f294c0e8/metadata 1.641s
2025-12-09 05:24:17.383 65441 INFO tempest.lib.common.rest_client [req-62d16a15-cff3-4454-a57e-e21f25f8ce39 req-62d16a15-cff3-4454-a57e-e21f25f8ce39 ] Request (ServersTestBootFromVolume:setUpClass): 200 GET http://10.180.1.21/volume/v3/volumes/3499f1e1-4e37-480d-8364-a32f7f705a91 0.049s
2025-12-09 05:24:17.406 65413 INFO tempest.lib.common.rest_client [req-2dda5f06-3979-4b0a-b440-e66de35a418e req-2dda5f06-3979-4b0a-b440-e66de35a418e ] Request (FlavorsAdminTestJSON:setUpClass): 201 POST http://10.180.1.21/identity/v3/auth/tokens 0.121s
2025-12-09 05:24:17.456 65461 INFO tempest.lib.common.rest_client [req-2ae968be-568a-42f7-a378-babd0aad304b req-2ae968be-568a-42f7-a378-babd0aad304b ] Request (ServerDiagnosticsV248Test:tearDownClass): 200 GET http://10.180.1.21/compute/v2.1/servers/80329a38-8969-455e-a207-8e584282216b 1.219s
2025-12-09 05:24:17.469 65461 INFO tempest.common.waiters [-] State transition "ACTIVE/deleting" ==> "DELETED/None" after 8 second wait
2025-12-09 05:24:17.469 65431 INFO tempest.lib.common.rest_client [req-c269f1e0-331e-446f-8fcc-6d10b8f73ff6 req-c269f1e0-331e-446f-8fcc-6d10b8f73ff6 ] Request (VolumesAssistedSnapshotsTest:_run_cleanups): 200 GET http://10.180.1.21/volume/v3/volumes/f28f72e3-3f83-4383-9bf0-03bcc8eae8d7 0.037s
2025-12-09 05:24:17.479 65413 INFO tempest.lib.common.rest_client [req-6c2b99b1-1eab-472f-8e11-256b83b10394 req-6c2b99b1-1eab-472f-8e11-256b83b10394 ] Request (FlavorsAdminTestJSON:setUpClass): 201 POST http://10.180.1.21/identity/v3/auth/tokens 0.068s
2025-12-09 05:24:17.489 65436 INFO tempest.lib.common.rest_client [req-c9489d47-ec8e-41ef-ad41-ff81a9ac2ea1 req-c9489d47-ec8e-41ef-ad41-ff81a9ac2ea1 ] Request (ServerExternalEventsTest:tearDownClass): 204 DELETE http://10.180.1.21/networking/v2.0/security-groups/58525d7f-638d-48e1-b989-7b20b1d9272e 0.181s
2025-12-09 05:24:17.522 65413 INFO tempest.lib.common.rest_client [req-a38ea2f2-0bd9-4b15-87ef-9aa737b2edac req-a38ea2f2-0bd9-4b15-87ef-9aa737b2edac ] Request (FlavorsAdminTestJSON:setUpClass): 200 GET http://10.180.1.21/identity/v3/domains?name=Default 0.043s
2025-12-09 05:24:17.560 65405 INFO tempest.lib.common.rest_client [req-6ca157d5-8122-4f44-a7d7-732a29019387 req-6ca157d5-8122-4f44-a7d7-732a29019387 ] Request (VolumesAdminNegativeTest:test_update_attached_volume_with_nonexistent_volume_in_uri): 200 GET http://10.180.1.21/compute/v2.1/servers/4e23b32a-773b-4593-9467-9593e843d730 1.160s
2025-12-09 05:24:17.568 65413 INFO tempest.lib.common.rest_client [req-c2bdb185-a3cb-4d1f-b8dc-263fefddcae8 req-c2bdb185-a3cb-4d1f-b8dc-263fefddcae8 ] Request (FlavorsAdminTestJSON:setUpClass): 201 POST http://10.180.1.21/identity/v3/projects 0.045s
2025-12-09 05:24:17.571 65405 INFO tempest.common.waiters [-] State transition "BUILD/None" ==> "BUILD/networking" after 19 second wait
2025-12-09 05:24:17.584 65436 INFO tempest.lib.common.rest_client [req-f3acbb44-de1a-49b9-bc2b-0cfb49c73ac7 req-f3acbb44-de1a-49b9-bc2b-0cfb49c73ac7 ] Request (ServerExternalEventsTest:tearDownClass): 204 DELETE http://10.180.1.21/identity/v3/projects/eecbf66cf88f40aa96e6c01cea9805cc 0.093s
2025-12-09 05:24:17.584 65436 INFO tempest.lib.common.dynamic_creds [-] Deleting project and security group for project: 7d88f9fd93504866bcd4eb36d9d67614
2025-12-09 05:24:17.653 65413 INFO tempest.lib.common.rest_client [req-95840be1-dc45-40e8-b6e2-29468bb471c4 req-95840be1-dc45-40e8-b6e2-29468bb471c4 ] Request (FlavorsAdminTestJSON:setUpClass): 201 POST http://10.180.1.21/identity/v3/users 0.084s
2025-12-09 05:24:17.659 65411 INFO tempest.lib.common.rest_client [req-8fd3db17-1dee-4b5b-b1b8-714dea1de27e req-8fd3db17-1dee-4b5b-b1b8-714dea1de27e ] Request (ServerTagsTestJSON:test_check_tag_existence): 201 PUT http://10.180.1.21/compute/v2.1/servers/2ccf61d8-b5c6-453c-bc2c-e3698d885260/tags/tempest-tag-675072367 1.145s
2025-12-09 05:24:17.705 65436 INFO tempest.lib.common.rest_client [req-70718c6f-6b21-463c-8150-35fad8c19fcb req-70718c6f-6b21-463c-8150-35fad8c19fcb ] Request (ServerExternalEventsTest:tearDownClass): 200 GET http://10.180.1.21/networking/v2.0/security-groups?tenant_id=7d88f9fd93504866bcd4eb36d9d67614&name=default 0.121s
2025-12-09 05:24:17.731 65413 INFO tempest.lib.common.rest_client [req-bb933480-d99d-4843-8af4-d17aadfcd622 req-bb933480-d99d-4843-8af4-d17aadfcd622 ] Request (FlavorsAdminTestJSON:setUpClass): 200 GET http://10.180.1.21/identity/v3/roles 0.078s
2025-12-09 05:24:17.770 65413 INFO tempest.lib.common.rest_client [req-2206db8f-599d-46c4-99a9-b3764c9a3a88 req-2206db8f-599d-46c4-99a9-b3764c9a3a88 ] Request (FlavorsAdminTestJSON:setUpClass): 204 PUT http://10.180.1.21/identity/v3/projects/3e9aa4c56a374829b67bf74509050091/users/5de0176354da4468a5a3c0ed7c815ced/roles/9ba0b6d87dd34f2682c6d4cf03918c53 0.038s
2025-12-09 05:24:17.770 65413 INFO tempest.lib.common.dynamic_creds [-] Dynamic test user 5de0176354da4468a5a3c0ed7c815ced is created with scope project and roles: ['member']
2025-12-09 05:24:17.771 65413 INFO tempest.lib.common.dynamic_creds [-] Acquired dynamic creds: credentials: Credentials: {'domain_id': 'default', 'domain_name': 'Default', 'username': 'tempest-FlavorsAdminTestJSON-1232188776-project-member', 'project_domain_id': 'default', 'project_domain_name': 'Default', 'project_id': '3e9aa4c56a374829b67bf74509050091', 'project_name': 'tempest-FlavorsAdminTestJSON-1232188776', 'tenant_id': '3e9aa4c56a374829b67bf74509050091', 'tenant_name': 'tempest-FlavorsAdminTestJSON-1232188776', 'user_domain_id': 'default', 'user_domain_name': 'Default', 'user_id': '5de0176354da4468a5a3c0ed7c815ced', 'system': None}, Network: None, Subnet: None, Router: None
2025-12-09 05:24:17.771 65413 INFO tempest.lib.common.dynamic_creds [-] Created isolated network resources for: credentials: Credentials: {'domain_id': 'default', 'domain_name': 'Default', 'username': 'tempest-FlavorsAdminTestJSON-1232188776-project-member', 'project_domain_id': 'default', 'project_domain_name': 'Default', 'project_id': '3e9aa4c56a374829b67bf74509050091', 'project_name': 'tempest-FlavorsAdminTestJSON-1232188776', 'tenant_id': '3e9aa4c56a374829b67bf74509050091', 'tenant_name': 'tempest-FlavorsAdminTestJSON-1232188776', 'user_domain_id': 'default', 'user_domain_name': 'Default', 'user_id': '5de0176354da4468a5a3c0ed7c815ced', 'system': None}, Network: None, Subnet: None, Router: None
2025-12-09 05:24:17.775 65423 INFO tempest.lib.common.rest_client [req-d721f99e-a17e-4f6c-a086-aa6f59b7aa74 req-d721f99e-a17e-4f6c-a086-aa6f59b7aa74 ] Request (ServersAdminTestJSON:test_inject_network_info): 202 POST http://10.180.1.21/compute/v2.1/servers 1.722s
2025-12-09 05:24:17.842 65419 INFO tempest.lib.common.rest_client [req-aa2a1bc6-601a-4593-afa4-b3e6a8f1ae54 req-aa2a1bc6-601a-4593-afa4-b3e6a8f1ae54 ] Request (ServersV294TestFqdnHostnames:setUpClass): 201 POST http://10.180.1.21/compute/v2.1/os-keypairs 1.314s
2025-12-09 05:24:17.855 65436 INFO tempest.lib.common.rest_client [req-9ada04ed-819d-4ea7-819a-ffd69b4cc9d8 req-9ada04ed-819d-4ea7-819a-ffd69b4cc9d8 ] Request (ServerExternalEventsTest:tearDownClass): 204 DELETE http://10.180.1.21/networking/v2.0/security-groups/64d8ffb7-7bad-4183-bf0b-6c5b364d8106 0.148s
2025-12-09 05:24:17.883 65413 INFO tempest.lib.common.rest_client [req-1b52c042-e6d6-47c2-8062-989cfad2a824 req-1b52c042-e6d6-47c2-8062-989cfad2a824 ] Request (FlavorsAdminTestJSON:setUpClass): 201 POST http://10.180.1.21/identity/v3/auth/tokens 0.107s
2025-12-09 05:24:17.989 65413 INFO tempest.lib.common.rest_client [req-1c70a312-8727-4df5-af84-861a6f098f93 req-1c70a312-8727-4df5-af84-861a6f098f93 ] Request (FlavorsAdminTestJSON:setUpClass): 201 POST http://10.180.1.21/identity/v3/projects 0.105s
2025-12-09 05:24:18.028 65436 INFO tempest.lib.common.rest_client [req-e6b0fda1-a27e-4034-91a8-538ea7e2d4d4 req-e6b0fda1-a27e-4034-91a8-538ea7e2d4d4 ] Request (ServerExternalEventsTest:tearDownClass): 204 DELETE http://10.180.1.21/identity/v3/projects/7d88f9fd93504866bcd4eb36d9d67614 0.173s
2025-12-09 05:24:18.040 65419 INFO tempest.lib.common.rest_client [req-b771b640-cbf7-4748-b9f5-f092a0d45283 req-b771b640-cbf7-4748-b9f5-f092a0d45283 ] Request (ServersV294TestFqdnHostnames:setUpClass): 201 POST http://10.180.1.21/networking/v2.0/security-groups 0.196s
2025-12-09 05:24:18.068 65436 INFO tempest.lib.common.rest_client [req-cc1768cc-ace1-4e57-9579-a6a8f909527a req-cc1768cc-ace1-4e57-9579-a6a8f909527a ] Request (FloatingIPsAssociationTestJSON:setUpClass): 201 POST http://10.180.1.21/identity/v3/auth/tokens 0.038s
2025-12-09 05:24:18.085 65413 INFO tempest.lib.common.rest_client [req-29054cc5-d34e-4e95-954c-74c1d1508d52 req-29054cc5-d34e-4e95-954c-74c1d1508d52 ] Request (FlavorsAdminTestJSON:setUpClass): 201 POST http://10.180.1.21/identity/v3/users 0.095s
2025-12-09 05:24:18.106 65436 INFO tempest.lib.common.rest_client [req-a5125221-62ee-48ea-8240-f3d9232c1108 req-a5125221-62ee-48ea-8240-f3d9232c1108 ] Request (FloatingIPsAssociationTestJSON:setUpClass): 201 POST http://10.180.1.21/identity/v3/auth/tokens 0.035s
2025-12-09 05:24:18.125 65413 INFO tempest.lib.common.rest_client [req-7e80cf3a-13f3-4b2e-8e71-05983f1f3a0c req-7e80cf3a-13f3-4b2e-8e71-05983f1f3a0c ] Request (FlavorsAdminTestJSON:setUpClass): 200 GET http://10.180.1.21/identity/v3/roles 0.039s
2025-12-09 05:24:18.143 65436 INFO tempest.lib.common.rest_client [req-859c5d2f-eafa-4f89-b211-6673a8dfd015 req-859c5d2f-eafa-4f89-b211-6673a8dfd015 ] Request (FloatingIPsAssociationTestJSON:setUpClass): 200 GET http://10.180.1.21/identity/v3/domains?name=Default 0.036s
2025-12-09 05:24:18.170 65413 INFO tempest.lib.common.rest_client [req-36e93973-20d1-4413-9510-b9895bdfb1cc req-36e93973-20d1-4413-9510-b9895bdfb1cc ] Request (FlavorsAdminTestJSON:setUpClass): 204 PUT http://10.180.1.21/identity/v3/projects/6fbbf88bf66e47959ba9033a3440c9f0/users/dc3391d9f7aa4d708e31ad4f5d92d0e3/roles/fee65f4875f0425b814ea59f154a4a9d 0.044s
2025-12-09 05:24:18.178 65427 INFO tempest.lib.common.rest_client [req-05029f2e-2cda-4d03-a7b2-77ed9b5dea4b req-05029f2e-2cda-4d03-a7b2-77ed9b5dea4b ] Request (AttachInterfacesTestJSON:test_create_list_show_delete_interfaces_by_fixed_ip): 200 GET http://10.180.1.21/compute/v2.1/servers/64546c48-7191-4dd8-a2b4-dd5522686691/os-interface/25e03cff-a1e8-44e9-afee-7d8cd159cc72 1.470s
2025-12-09 05:24:18.179 65436 INFO tempest.lib.common.rest_client [req-b47a2d6e-ae9d-4333-923d-5be0be279f4b req-b47a2d6e-ae9d-4333-923d-5be0be279f4b ] Request (FloatingIPsAssociationTestJSON:setUpClass): 201 POST http://10.180.1.21/identity/v3/projects 0.035s
2025-12-09 05:24:18.258 65413 INFO tempest.lib.common.rest_client [req-4270cf90-1423-4ee2-8011-9f57f884bd74 req-4270cf90-1423-4ee2-8011-9f57f884bd74 ] Request (FlavorsAdminTestJSON:setUpClass): 200 GET http://10.180.1.21/identity/v3/roles 0.087s
2025-12-09 05:24:18.265 65436 INFO tempest.lib.common.rest_client [req-89a2f38a-2615-4a98-a1bd-70b8ee6e69ad req-89a2f38a-2615-4a98-a1bd-70b8ee6e69ad ] Request (FloatingIPsAssociationTestJSON:setUpClass): 201 POST http://10.180.1.21/identity/v3/users 0.085s
2025-12-09 05:24:18.287 65413 INFO tempest.lib.common.rest_client [req-4f099456-2890-4174-a6e4-92353b43586d req-4f099456-2890-4174-a6e4-92353b43586d ] Request (FlavorsAdminTestJSON:setUpClass): 204 PUT http://10.180.1.21/identity/v3/projects/6fbbf88bf66e47959ba9033a3440c9f0/users/dc3391d9f7aa4d708e31ad4f5d92d0e3/roles/fee65f4875f0425b814ea59f154a4a9d 0.028s
2025-12-09 05:24:18.288 65413 INFO tempest.lib.common.dynamic_creds [-] Dynamic test user dc3391d9f7aa4d708e31ad4f5d92d0e3 is created with scope project and roles: ['admin']
2025-12-09 05:24:18.288 65413 INFO tempest.lib.common.dynamic_creds [-] Acquired dynamic creds: credentials: Credentials: {'domain_id': 'default', 'domain_name': 'Default', 'username': 'tempest-FlavorsAdminTestJSON-753887478-project-admin', 'project_domain_id': 'default', 'project_domain_name': 'Default', 'project_id': '6fbbf88bf66e47959ba9033a3440c9f0', 'project_name': 'tempest-FlavorsAdminTestJSON-753887478', 'tenant_id': '6fbbf88bf66e47959ba9033a3440c9f0', 'tenant_name': 'tempest-FlavorsAdminTestJSON-753887478', 'user_domain_id': 'default', 'user_domain_name': 'Default', 'user_id': 'dc3391d9f7aa4d708e31ad4f5d92d0e3', 'system': None}, Network: None, Subnet: None, Router: None
2025-12-09 05:24:18.288 65413 INFO tempest.lib.common.dynamic_creds [-] Created isolated network resources for: credentials: Credentials: {'domain_id': 'default', 'domain_name': 'Default', 'username': 'tempest-FlavorsAdminTestJSON-753887478-project-admin', 'project_domain_id': 'default', 'project_domain_name': 'Default', 'project_id': '6fbbf88bf66e47959ba9033a3440c9f0', 'project_name': 'tempest-FlavorsAdminTestJSON-753887478', 'tenant_id': '6fbbf88bf66e47959ba9033a3440c9f0', 'tenant_name': 'tempest-FlavorsAdminTestJSON-753887478', 'user_domain_id': 'default', 'user_domain_name': 'Default', 'user_id': 'dc3391d9f7aa4d708e31ad4f5d92d0e3', 'system': None}, Network: None, Subnet: None, Router: None
2025-12-09 05:24:18.290 65436 INFO tempest.lib.common.rest_client [req-15504401-0bda-4147-a394-423a79865575 req-15504401-0bda-4147-a394-423a79865575 ] Request (FloatingIPsAssociationTestJSON:setUpClass): 200 GET http://10.180.1.21/identity/v3/roles 0.025s
2025-12-09 05:24:18.310 65419 INFO tempest.lib.common.rest_client [req-737a9656-2aad-453e-8e2f-77b549aff35d req-737a9656-2aad-453e-8e2f-77b549aff35d ] Request (ServersV294TestFqdnHostnames:setUpClass): 201 POST http://10.180.1.21/networking/v2.0/security-group-rules 0.270s
2025-12-09 05:24:18.359 65425 INFO tempest.lib.common.rest_client [req-bc39a13b-3231-4cfd-8e0c-dd7e354a45ec req-bc39a13b-3231-4cfd-8e0c-dd7e354a45ec ] Request (MigrationsAdminTest:test_list_migrations_in_flavor_resize_situation): 200 GET http://10.180.1.21/compute/v2.1/servers/6e4da3bb-8db2-4f78-8ef4-d6a3098167e5 1.813s
2025-12-09 05:24:18.393 65417 INFO tempest.lib.common.rest_client [req-8a8a7650-1fff-4569-bb18-479f9d49753a req-8a8a7650-1fff-4569-bb18-479f9d49753a ] Request (ServerMetadataNegativeTestJSON:tearDownClass): 200 GET http://10.180.1.21/compute/v2.1/servers/c0bb8b0d-e7af-4d42-b363-b98b86704a5c 1.462s
2025-12-09 05:24:18.406 65436 INFO tempest.lib.common.rest_client [req-89b2cebb-4c43-4502-aa00-78d516288237 req-89b2cebb-4c43-4502-aa00-78d516288237 ] Request (FloatingIPsAssociationTestJSON:setUpClass): 204 PUT http://10.180.1.21/identity/v3/projects/1bfd51c057574083a05887608a662a58/users/efb6e2ca76f2413aad717883a5404d30/roles/9ba0b6d87dd34f2682c6d4cf03918c53 0.115s
2025-12-09 05:24:18.406 65436 INFO tempest.lib.common.dynamic_creds [-] Dynamic test user efb6e2ca76f2413aad717883a5404d30 is created with scope project and roles: ['member']
