2025-12-09 05:24:45.013 65413 INFO tempest.lib.common.rest_client [req-3e2359f0-4205-42da-8d4b-f3264aa68a36 req-3e2359f0-4205-42da-8d4b-f3264aa68a36 ] Request (FlavorsAdminTestJSON:_run_cleanups): 200 GET http://10.180.1.21/compute/v2.1/flavors/detail 0.267s
2025-12-09 05:24:45.016 65451 INFO tempest.lib.common.rest_client [req-430fb480-27a2-4005-8f18-7c7ef3b9ac5b req-430fb480-27a2-4005-8f18-7c7ef3b9ac5b ] Request (VolumesNegativeTest:test_get_volume_without_passing_volume_id): 404 GET http://10.180.1.21/compute/v2.1/os-volumes/ 0.265s
2025-12-09 05:24:45.018 65436 INFO tempest.lib.common.rest_client [req-04cd04ef-2347-47e3-874a-8b4bb36e1ff4 req-04cd04ef-2347-47e3-874a-8b4bb36e1ff4 ] Request (FloatingIPsAssociationTestJSON:setUpClass): 200 GET http://10.180.1.21/compute/v2.1/servers/478d0b33-7911-4114-9474-8da3ac8688a4 0.280s
2025-12-09 05:24:45.062 65401 INFO tempest.lib.common.rest_client [req-7182bc73-887c-4f03-be79-6cca41aaf0c5 req-7182bc73-887c-4f03-be79-6cca41aaf0c5 ] Request (ListImagesTestJSON:setUpClass): 201 POST http://10.180.1.21/identity/v3/auth/tokens 0.114s
2025-12-09 05:24:45.101 65417 INFO tempest.lib.common.rest_client [req-ae8c2204-1460-41ae-9d9e-845731d39d9e req-ae8c2204-1460-41ae-9d9e-845731d39d9e ] Request (VolumesGetTestJSON:tearDownClass): 201 POST http://10.180.1.21/identity/v3/auth/tokens 0.116s
2025-12-09 05:24:45.183 65415 INFO tempest.lib.common.rest_client [req-df386ef5-eb90-4bdd-85e2-41fec97b3528 req-df386ef5-eb90-4bdd-85e2-41fec97b3528 ] Request (ImagesTestJSON:test_create_image_from_suspended_server): 200 GET http://10.180.1.21/compute/v2.1/servers/8ff5b372-42a6-4953-992c-04e179187421 0.340s
2025-12-09 05:24:45.368 65417 INFO tempest.lib.common.rest_client [req-90ab4ec6-268e-4b66-8012-1bb61f4e8916 req-90ab4ec6-268e-4b66-8012-1bb61f4e8916 ] Request (VolumesGetTestJSON:tearDownClass): 200 GET http://10.180.1.21/networking/v2.0/security-groups?tenant_id=f28e7a8e9f1a49668fb921462b99021f&name=default 0.267s
2025-12-09 05:24:45.397 65409 INFO tempest.lib.common.rest_client [req-38c94205-c0d9-4d35-b60a-2a28b591ccc2 req-38c94205-c0d9-4d35-b60a-2a28b591ccc2 ] Request (AttachVolumeNegativeTest:test_attach_attached_volume_to_different_server): 200 GET http://10.180.1.21/compute/v2.1/servers/3c993aa1-a435-4c4d-a652-3f30b81658ff 0.629s
2025-12-09 05:24:45.414 65463 INFO tempest.lib.common.rest_client [req-9de34fd8-625e-40b2-832d-179da2a47eeb req-9de34fd8-625e-40b2-832d-179da2a47eeb ] Request (ListServersNegativeTestJSON:tearDownClass): 200 GET http://10.180.1.21/compute/v2.1/servers/f1935c9b-2016-40ea-a16e-8e3bdb0417e8 0.567s
2025-12-09 05:24:45.419 65411 INFO tempest.lib.common.rest_client [req-f91a0f78-5a84-45b5-9a3d-e803dd99e2c8 req-f91a0f78-5a84-45b5-9a3d-e803dd99e2c8 ] Request (ServerTagsTestJSON:test_update_all_tags): 200 GET http://10.180.1.21/compute/v2.1/servers/2ccf61d8-b5c6-453c-bc2c-e3698d885260/tags 0.496s
2025-12-09 05:24:45.450 65457 INFO tempest.lib.common.rest_client [req-2b9e7d2c-1b98-40c5-b92d-33a2aa61477c req-2b9e7d2c-1b98-40c5-b92d-33a2aa61477c ] Request (ServerMetadataTestJSON:test_get_server_metadata_item): 200 GET http://10.180.1.21/compute/v2.1/servers/c7498066-4d39-4a16-a7ae-167bad029fa1/metadata/key2 0.473s
2025-12-09 05:24:45.488 65417 INFO tempest.lib.common.rest_client [req-68c203d4-a23d-4146-8ad0-b4c25e2e247d req-68c203d4-a23d-4146-8ad0-b4c25e2e247d ] Request (VolumesGetTestJSON:tearDownClass): 204 DELETE http://10.180.1.21/networking/v2.0/security-groups/0bace9f7-1121-4e8c-830b-a1ad82c647df 0.119s
2025-12-09 05:24:45.513 65405 INFO tempest.lib.common.rest_client [req-fbc7ddf4-bfb1-40dd-9556-a31dc8c6e43a req-fbc7ddf4-bfb1-40dd-9556-a31dc8c6e43a ] Request (VolumesAdminNegativeTest:tearDownClass): 200 GET http://10.180.1.21/compute/v2.1/servers/4e23b32a-773b-4593-9467-9593e843d730 0.561s
2025-12-09 05:24:45.530 65431 INFO tempest.lib.common.rest_client [req-73cf4d02-01b2-43db-ad8c-660a4bef32cf req-73cf4d02-01b2-43db-ad8c-660a4bef32cf ] Request (VolumesAssistedSnapshotsTest:tearDownClass): 200 GET http://10.180.1.21/compute/v2.1/servers/426d6fdc-cf12-4450-822c-26a872b4ebeb 0.541s
2025-12-09 05:24:45.537 65451 INFO tempest.lib.common.rest_client [req-83d3c546-5ac2-42c5-8eb2-901ba946e1b2 req-83d3c546-5ac2-42c5-8eb2-901ba946e1b2 ] Request (VolumesNegativeTest:test_volume_delete_nonexistent_volume_id): 404 DELETE http://10.180.1.21/compute/v2.1/os-volumes/5cd219ee-fe84-4d81-990f-82189d39f413 0.519s
2025-12-09 05:24:45.554 65413 INFO tempest.lib.common.rest_client [req-1ab91764-7ab5-4bd3-a712-9252914856e8 req-1ab91764-7ab5-4bd3-a712-9252914856e8 ] Request (FlavorsAdminTestJSON:test_create_list_flavor_without_extra_data): 200 POST http://10.180.1.21/compute/v2.1/flavors 0.534s
2025-12-09 05:24:45.568 65417 INFO tempest.lib.common.rest_client [req-f1e3f37f-0446-4edb-841e-cd2d32db5c24 req-f1e3f37f-0446-4edb-841e-cd2d32db5c24 ] Request (VolumesGetTestJSON:tearDownClass): 204 DELETE http://10.180.1.21/identity/v3/projects/f28e7a8e9f1a49668fb921462b99021f 0.079s
2025-12-09 05:24:45.651 65449 INFO tempest.lib.common.rest_client [req-d9ea1dea-1a6f-4e62-ba02-0abc5374a197 req-d9ea1dea-1a6f-4e62-ba02-0abc5374a197 ] Request (ImagesNegativeTestJSON:test_create_image_from_deleted_server): 200 GET http://10.180.1.21/compute/v2.1/servers/c8fdd2f2-9d1f-4530-b9ab-874f17848963 0.603s
2025-12-09 05:24:45.676 65453 INFO tempest.lib.common.rest_client [req-1e9da113-ea8e-46da-8710-8af60c0298ea req-1e9da113-ea8e-46da-8710-8af60c0298ea ] Request (ListServerFiltersTestJSON:setUpClass): 200 GET http://10.180.1.21/compute/v2.1/servers/f9213540-9d3b-4304-b379-58870faa2ce9 0.650s
2025-12-09 05:24:45.683 65453 INFO tempest.common.waiters [-] State transition "BUILD/None" ==> "BUILD/spawning" after 39 second wait
2025-12-09 05:24:45.729 65423 INFO tempest.lib.common.rest_client [req-062dcd9a-68ee-483f-874f-1b3af4fc7b94 req-062dcd9a-68ee-483f-874f-1b3af4fc7b94 ] Request (ServersAdminTestJSON:test_inject_network_info): 200 GET http://10.180.1.21/compute/v2.1/servers/92e46b55-1c2c-421c-ae03-030c8c5fd688 0.613s
2025-12-09 05:24:45.779 65425 INFO tempest.lib.common.rest_client [req-0b07bdd8-e7bf-4de5-b077-768cb5788280 req-0b07bdd8-e7bf-4de5-b077-768cb5788280 ] Request (MigrationsAdminTest:test_resize_server_revert_deleted_flavor): 200 GET http://10.180.1.21/compute/v2.1/servers/b3021170-7080-447e-b4ca-3dd4d3216a3f 0.625s
2025-12-09 05:24:45.843 65461 INFO tempest.lib.common.rest_client [req-3569dae5-8c23-478c-b465-9fd94adab89d req-3569dae5-8c23-478c-b465-9fd94adab89d ] Request (ServerDiagnosticsV248Test:tearDownClass): 200 GET http://10.180.1.21/compute/v2.1/servers/80329a38-8969-455e-a207-8e584282216b 0.633s
2025-12-09 05:24:45.863 65401 INFO tempest.lib.common.rest_client [req-bf445bc9-467c-4c37-a3fe-3a3f3f8ced3e req-bf445bc9-467c-4c37-a3fe-3a3f3f8ced3e ] Request (ListImagesTestJSON:test_get_image): 200 GET http://10.180.1.21/compute/v2.1/images/a622c864-9f3c-46d2-bc2f-242863e570e3 0.800s
2025-12-09 05:24:45.998 65427 INFO tempest.lib.common.rest_client [req-3207f280-1f15-449e-bbb1-54acf2dbd981 req-3207f280-1f15-449e-bbb1-54acf2dbd981 ] Request (AttachInterfacesTestJSON:test_create_list_show_delete_interfaces_by_fixed_ip): 200 GET http://10.180.1.21/compute/v2.1/servers/64546c48-7191-4dd8-a2b4-dd5522686691/os-interface 0.700s
2025-12-09 05:24:46.018 65455 INFO tempest.lib.common.rest_client [req-80eb6aa8-d84f-47dd-a97e-3ab2390c4013 req-80eb6aa8-d84f-47dd-a97e-3ab2390c4013 ] Request (InstanceActionsTestJSON:tearDownClass): 200 GET http://10.180.1.21/compute/v2.1/servers/b02ca23a-168b-4549-af64-659542da0ed2 0.699s
2025-12-09 05:24:46.060 65439 INFO tempest.lib.common.rest_client [req-8efb4312-6567-4fdf-9222-fae1aff2dfae req-8efb4312-6567-4fdf-9222-fae1aff2dfae ] Request (ServerActionsTestOtherA:test_rebuild_server_in_stop_state): 200 GET http://10.180.1.21/compute/v2.1/servers/f616b66f-6354-4cc5-85ed-d5183341549e 0.705s
2025-12-09 05:24:46.082 65419 INFO tempest.lib.common.rest_client [req-17c2453c-fa49-420a-bf5a-d70ccb1a756e req-17c2453c-fa49-420a-bf5a-d70ccb1a756e ] Request (ServersV294TestFqdnHostnames:setUpClass): 200 GET http://10.180.1.21/compute/v2.1/servers/39fa95b7-20b9-44c3-ab8c-9a2df3d770db 0.696s
2025-12-09 05:24:46.105 65411 INFO tempest.lib.common.rest_client [req-ee5511f9-259b-429b-9b2e-e7483bdbb796 req-ee5511f9-259b-429b-9b2e-e7483bdbb796 ] Request (ServerTagsTestJSON:_run_cleanups): 204 DELETE http://10.180.1.21/compute/v2.1/servers/2ccf61d8-b5c6-453c-bc2c-e3698d885260/tags 0.684s
2025-12-09 05:24:46.146 65457 INFO tempest.lib.common.rest_client [req-8f93b8e6-e961-4776-b5d1-d7f8b7920e2f req-8f93b8e6-e961-4776-b5d1-d7f8b7920e2f ] Request (ServerMetadataTestJSON:setUp): 200 PUT http://10.180.1.21/compute/v2.1/servers/c7498066-4d39-4a16-a7ae-167bad029fa1/metadata 0.693s
2025-12-09 05:24:46.154 65434 INFO tempest.lib.common.rest_client [req-f5d49272-1672-46ef-9562-df36896ecdec req-f5d49272-1672-46ef-9562-df36896ecdec ] Request (ServersTestFqdnHostnames:test_create_server_with_fqdn_name): 200 GET http://10.180.1.21/compute/v2.1/servers/7fa5026b-ff42-4e7c-9801-32705081c37e 0.657s
2025-12-09 05:24:46.169 65451 INFO tempest.lib.common.rest_client [req-0320fb4e-74e8-4fa7-b226-b4e43e8ce9f7 req-0320fb4e-74e8-4fa7-b226-b4e43e8ce9f7 ] Request (VolumesNegativeTest:test_volume_get_nonexistent_volume_id): 404 GET http://10.180.1.21/compute/v2.1/os-volumes/64bbc09b-3050-4967-8ea2-36cd774d8c4a 0.631s
2025-12-09 05:24:46.183 65413 INFO tempest.lib.common.rest_client [req-bdba25af-857f-49b5-b5f0-ea1bef4fd5e2 req-bdba25af-857f-49b5-b5f0-ea1bef4fd5e2 ] Request (FlavorsAdminTestJSON:test_create_list_flavor_without_extra_data): 200 GET http://10.180.1.21/compute/v2.1/flavors/54962183 0.627s
2025-12-09 05:24:46.221 65437 INFO tempest.lib.common.rest_client [req-669ce1f2-49bb-4ce3-be4b-4a4db89dbbab req-669ce1f2-49bb-4ce3-be4b-4a4db89dbbab ] Request (ListImageFiltersTestJSON:setUpClass): 200 GET http://10.180.1.21/compute/v2.1/images/9c454faa-ef2f-40f7-9de1-4b9a318d88db 0.608s
2025-12-09 05:24:46.223 65403 INFO tempest.lib.common.rest_client [req-f98f8aa6-db16-47d6-b606-1f8b3c54da79 req-f98f8aa6-db16-47d6-b606-1f8b3c54da79 ] Request (AttachInterfacesV270Test:tearDownClass): 200 GET http://10.180.1.21/compute/v2.1/servers/14edc7c9-bb6a-43bf-a9c3-a98dc6f717c6 0.676s
2025-12-09 05:24:46.283 65447 INFO tempest.lib.common.rest_client [req-948ff250-39f8-4b00-a78f-aaa363dc8952 req-948ff250-39f8-4b00-a78f-aaa363dc8952 ] Request (ServerRescueTestJSON:setUpClass): 200 GET http://10.180.1.21/compute/v2.1/servers/e5be0d77-ca9c-4497-bd58-f92ce9f2ac35 0.463s
2025-12-09 05:24:46.300 65445 INFO tempest.lib.common.rest_client [req-86705e39-48b6-49ff-a4f8-14150e226fed req-86705e39-48b6-49ff-a4f8-14150e226fed ] Request (ServersTestMultiNic:_run_cleanups): 200 GET http://10.180.1.21/compute/v2.1/servers/11acc8cb-4a8d-4599-970a-02d98eb20720 0.558s
2025-12-09 05:24:46.338 65451 INFO tempest.lib.common.rest_client [req-7fee3cbd-8034-4e58-b499-c6d479c89d14 req-7fee3cbd-8034-4e58-b499-c6d479c89d14 ] Request (VolumesNegativeTest:tearDownClass): 204 DELETE http://10.180.1.21/identity/v3/users/c5ed1e23285d43c08400ba762208739a 0.163s
2025-12-09 05:24:46.338 65451 INFO tempest.lib.common.dynamic_creds [-] Deleting project and security group for project: 2097011adba04590954a5b985866bf6b
2025-12-09 05:24:46.365 65401 INFO tempest.lib.common.rest_client [req-6981aebd-ce58-4a4f-aa46-1074f8c546f0 req-6981aebd-ce58-4a4f-aa46-1074f8c546f0 ] Request (ListImagesTestJSON:test_list_images): 200 GET http://10.180.1.21/compute/v2.1/images 0.497s
2025-12-09 05:24:46.367 65441 INFO tempest.lib.common.rest_client [req-4b8c86e7-c1e6-4d1e-b4e5-f262ed7dc23a req-4b8c86e7-c1e6-4d1e-b4e5-f262ed7dc23a ] Request (ServersTestBootFromVolume:setUpClass): 200 GET http://10.180.1.21/compute/v2.1/servers/9bebae24-fd09-4e5e-acf0-a1ae5ab118da 0.520s
2025-12-09 05:24:46.418 65451 INFO tempest.lib.common.rest_client [req-2bc5e66b-bc2f-4352-9d74-414c3856c495 req-2bc5e66b-bc2f-4352-9d74-414c3856c495 ] Request (VolumesNegativeTest:tearDownClass): 201 POST http://10.180.1.21/identity/v3/auth/tokens 0.079s
2025-12-09 05:24:46.431 65436 INFO tempest.lib.common.rest_client [req-7f5433e0-5d24-4853-b29c-10dc400bcf3a req-7f5433e0-5d24-4853-b29c-10dc400bcf3a ] Request (FloatingIPsAssociationTestJSON:setUpClass): 200 GET http://10.180.1.21/compute/v2.1/servers/478d0b33-7911-4114-9474-8da3ac8688a4 0.401s
2025-12-09 05:24:46.458 65457 INFO tempest.lib.common.rest_client [req-64e2fae7-6f31-4640-a666-476a2aff849d req-64e2fae7-6f31-4640-a666-476a2aff849d ] Request (ServerMetadataTestJSON:test_list_server_metadata): 200 GET http://10.180.1.21/compute/v2.1/servers/c7498066-4d39-4a16-a7ae-167bad029fa1/metadata 0.311s
2025-12-09 05:24:46.462 65411 INFO tempest.lib.common.rest_client [req-72a86d5f-055c-4683-9466-873239b33fe7 req-72a86d5f-055c-4683-9466-873239b33fe7 ] Request (ServerTagsTestJSON:tearDownClass): 204 DELETE http://10.180.1.21/compute/v2.1/servers/2ccf61d8-b5c6-453c-bc2c-e3698d885260 0.352s
2025-12-09 05:24:46.579 65413 INFO tempest.lib.common.rest_client [req-43c29e9e-4a28-48e4-8e5d-6809c9562580 req-43c29e9e-4a28-48e4-8e5d-6809c9562580 ] Request (FlavorsAdminTestJSON:test_create_list_flavor_without_extra_data): 200 GET http://10.180.1.21/compute/v2.1/flavors/detail 0.393s
2025-12-09 05:24:46.588 65451 INFO tempest.lib.common.rest_client [req-590614e9-e1b3-48c0-bce6-f41a63848ed1 req-590614e9-e1b3-48c0-bce6-f41a63848ed1 ] Request (VolumesNegativeTest:tearDownClass): 200 GET http://10.180.1.21/networking/v2.0/security-groups?tenant_id=2097011adba04590954a5b985866bf6b&name=default 0.169s
2025-12-09 05:24:46.606 65415 INFO tempest.lib.common.rest_client [req-8f7ba820-5ea4-4f17-b000-be1d8977fe44 req-8f7ba820-5ea4-4f17-b000-be1d8977fe44 ] Request (ImagesTestJSON:test_create_image_from_suspended_server): 200 GET http://10.180.1.21/compute/v2.1/servers/8ff5b372-42a6-4953-992c-04e179187421 0.415s
2025-12-09 05:24:46.616 65401 INFO tempest.lib.common.rest_client [req-0cbd4c07-23b8-4004-bbac-a852f80eae56 req-0cbd4c07-23b8-4004-bbac-a852f80eae56 ] Request (ListImagesTestJSON:test_list_images_with_detail): 200 GET http://10.180.1.21/compute/v2.1/images/detail 0.247s
2025-12-09 05:24:46.696 65451 INFO tempest.lib.common.rest_client [req-b93f443c-e5b8-4046-bf3c-d0af4550138c req-b93f443c-e5b8-4046-bf3c-d0af4550138c ] Request (VolumesNegativeTest:tearDownClass): 204 DELETE http://10.180.1.21/networking/v2.0/security-groups/9fa80a40-8224-49da-8b4d-1ea03f9bcfff 0.107s
2025-12-09 05:24:46.719 65401 INFO tempest.lib.common.rest_client [req-4236c196-3e50-4075-9776-3309a909ffb4 req-4236c196-3e50-4075-9776-3309a909ffb4 ] Request (ListImagesTestJSON:tearDownClass): 204 DELETE http://10.180.1.21/identity/v3/users/387ccb5545d54e47bb8c2e3504edb5b7 0.096s
2025-12-09 05:24:46.719 65401 INFO tempest.lib.common.dynamic_creds [-] Deleting project and security group for project: 86ab7e278785406bbbe1d78a130d0821
2025-12-09 05:24:46.725 65463 INFO tempest.lib.common.rest_client [req-8779a829-e320-424a-85fc-4ba8ac1bf0d5 req-8779a829-e320-424a-85fc-4ba8ac1bf0d5 ] Request (ListServersNegativeTestJSON:tearDownClass): 200 GET http://10.180.1.21/compute/v2.1/servers/f1935c9b-2016-40ea-a16e-8e3bdb0417e8 0.304s
2025-12-09 05:24:46.774 65409 INFO tempest.lib.common.rest_client [req-a0d42b29-2496-4a14-b6f6-700ac9135143 req-a0d42b29-2496-4a14-b6f6-700ac9135143 ] Request (AttachVolumeNegativeTest:test_attach_attached_volume_to_different_server): 200 GET http://10.180.1.21/compute/v2.1/servers/3c993aa1-a435-4c4d-a652-3f30b81658ff 0.369s
2025-12-09 05:24:46.782 65401 INFO tempest.lib.common.rest_client [req-6291c4eb-c646-4190-b69c-fc1813cd4887 req-6291c4eb-c646-4190-b69c-fc1813cd4887 ] Request (ListImagesTestJSON:tearDownClass): 201 POST http://10.180.1.21/identity/v3/auth/tokens 0.062s
2025-12-09 05:24:46.782 65409 INFO tempest.common.waiters [-] State transition "BUILD/spawning" ==> "ACTIVE/None" after 41 second wait
2025-12-09 05:24:46.806 65451 INFO tempest.lib.common.rest_client [req-81187e21-6cd8-491b-9240-6cb6806485ce req-81187e21-6cd8-491b-9240-6cb6806485ce ] Request (VolumesNegativeTest:tearDownClass): 204 DELETE http://10.180.1.21/identity/v3/projects/2097011adba04590954a5b985866bf6b 0.110s
2025-12-09 05:24:46.830 65457 INFO tempest.lib.common.rest_client [req-5c325920-bd25-4d22-8c18-534891bc4226 req-5c325920-bd25-4d22-8c18-534891bc4226 ] Request (ServerMetadataTestJSON:setUp): 200 PUT http://10.180.1.21/compute/v2.1/servers/c7498066-4d39-4a16-a7ae-167bad029fa1/metadata 0.369s
2025-12-09 05:24:46.903 65405 INFO tempest.lib.common.rest_client [req-053f766a-776f-4492-b5c6-3cd89fc96b06 req-053f766a-776f-4492-b5c6-3cd89fc96b06 ] Request (VolumesAdminNegativeTest:tearDownClass): 200 GET http://10.180.1.21/compute/v2.1/servers/4e23b32a-773b-4593-9467-9593e843d730 0.382s
2025-12-09 05:24:46.939 65411 INFO tempest.lib.common.rest_client [req-b6d37660-7ae2-4b25-a015-151af792efb7 req-b6d37660-7ae2-4b25-a015-151af792efb7 ] Request (ServerTagsTestJSON:tearDownClass): 200 GET http://10.180.1.21/compute/v2.1/servers/2ccf61d8-b5c6-453c-bc2c-e3698d885260 0.476s
2025-12-09 05:24:46.975 65413 INFO tempest.lib.common.rest_client [req-7f3c5df7-3985-46e2-9709-595c1752f46d req-7f3c5df7-3985-46e2-9709-595c1752f46d ] Request (FlavorsAdminTestJSON:_run_cleanups): 202 DELETE http://10.180.1.21/compute/v2.1/flavors/54962183 0.388s
2025-12-09 05:24:47.037 65431 INFO tempest.lib.common.rest_client [req-448f7799-99e4-4e18-a246-a8bbb79ade41 req-448f7799-99e4-4e18-a246-a8bbb79ade41 ] Request (VolumesAssistedSnapshotsTest:tearDownClass): 200 GET http://10.180.1.21/compute/v2.1/servers/426d6fdc-cf12-4450-822c-26a872b4ebeb 0.499s
2025-12-09 05:24:47.052 65449 INFO tempest.lib.common.rest_client [req-9cdf47a1-0f52-4806-b220-aa1bee1e649d req-9cdf47a1-0f52-4806-b220-aa1bee1e649d ] Request (ImagesNegativeTestJSON:test_create_image_from_deleted_server): 200 GET http://10.180.1.21/compute/v2.1/servers/c8fdd2f2-9d1f-4530-b9ab-874f17848963 0.392s
2025-12-09 05:24:47.086 65401 INFO tempest.lib.common.rest_client [req-0ebc974c-4b76-4f2b-ac53-f114a19bba42 req-0ebc974c-4b76-4f2b-ac53-f114a19bba42 ] Request (ListImagesTestJSON:tearDownClass): 200 GET http://10.180.1.21/networking/v2.0/security-groups?tenant_id=86ab7e278785406bbbe1d78a130d0821&name=default 0.303s
2025-12-09 05:24:47.108 65423 INFO tempest.lib.common.rest_client [req-ff5b0a0e-45b7-40ea-b1fd-f088221558b2 req-ff5b0a0e-45b7-40ea-b1fd-f088221558b2 ] Request (ServersAdminTestJSON:test_inject_network_info): 200 GET http://10.180.1.21/compute/v2.1/servers/92e46b55-1c2c-421c-ae03-030c8c5fd688 0.368s
2025-12-09 05:24:47.169 65409 INFO tempest.lib.common.rest_client [req-ca0d9bf0-150c-44cd-873f-be98190e281b req-ca0d9bf0-150c-44cd-873f-be98190e281b ] Request (AttachVolumeNegativeTest:test_attach_attached_volume_to_different_server): 200 GET http://10.180.1.21/compute/v2.1/servers/3c993aa1-a435-4c4d-a652-3f30b81658ff/os-interface 0.386s
2025-12-09 05:24:47.183 65401 INFO tempest.lib.common.rest_client [req-b4ec060a-44d0-4be2-81ea-905ddb3d5082 req-b4ec060a-44d0-4be2-81ea-905ddb3d5082 ] Request (ListImagesTestJSON:tearDownClass): 204 DELETE http://10.180.1.21/networking/v2.0/security-groups/9e5302fc-e423-42ff-ba8d-2e02840e8425 0.097s
2025-12-09 05:24:47.201 65453 INFO tempest.lib.common.rest_client [req-1bc9638c-645d-4767-b450-3227e755f615 req-1bc9638c-645d-4767-b450-3227e755f615 ] Request (ListServerFiltersTestJSON:setUpClass): 200 GET http://10.180.1.21/compute/v2.1/servers/f9213540-9d3b-4304-b379-58870faa2ce9 0.516s
2025-12-09 05:24:47.229 65425 INFO tempest.lib.common.rest_client [req-3cfb0910-447a-4e0c-8dce-0e03c79a383f req-3cfb0910-447a-4e0c-8dce-0e03c79a383f ] Request (MigrationsAdminTest:test_resize_server_revert_deleted_flavor): 200 GET http://10.180.1.21/compute/v2.1/servers/b3021170-7080-447e-b4ca-3dd4d3216a3f 0.441s
2025-12-09 05:24:47.238 65425 INFO tempest.common.waiters [-] State transition "BUILD/scheduling" ==> "BUILD/None" after 5 second wait
2025-12-09 05:24:47.285 65401 INFO tempest.lib.common.rest_client [req-8641e0f6-1ee7-4119-a863-7730053daeb0 req-8641e0f6-1ee7-4119-a863-7730053daeb0 ] Request (ListImagesTestJSON:tearDownClass): 204 DELETE http://10.180.1.21/identity/v3/projects/86ab7e278785406bbbe1d78a130d0821 0.101s
2025-12-09 05:24:47.293 65457 INFO tempest.lib.common.rest_client [req-a5917f29-3cf9-4760-b7a4-e5dbc8c32990 req-a5917f29-3cf9-4760-b7a4-e5dbc8c32990 ] Request (ServerMetadataTestJSON:test_set_server_metadata): 200 PUT http://10.180.1.21/compute/v2.1/servers/c7498066-4d39-4a16-a7ae-167bad029fa1/metadata 0.461s
2025-12-09 05:24:47.317 65413 INFO tempest.lib.common.rest_client [req-f62a6f06-f26b-4064-b7e8-b701202458c3 req-f62a6f06-f26b-4064-b7e8-b701202458c3 ] Request (FlavorsAdminTestJSON:_run_cleanups): 200 GET http://10.180.1.21/compute/v2.1/flavors/detail 0.342s
2025-12-09 05:24:47.375 65401 INFO tempest.lib.common.rest_client [req-8190928f-d5e7-4465-a9e9-8ce4f3b00729 req-8190928f-d5e7-4465-a9e9-8ce4f3b00729 ] Request (ServerAddressesNegativeTestJSON:setUpClass): 201 POST http://10.180.1.21/identity/v3/auth/tokens 0.089s
2025-12-09 05:24:47.406 65401 INFO tempest.lib.common.rest_client [req-3fa3ddec-e49d-4dd8-b903-345a4d38add0 req-3fa3ddec-e49d-4dd8-b903-345a4d38add0 ] Request (ServerAddressesNegativeTestJSON:setUpClass): 201 POST http://10.180.1.21/identity/v3/auth/tokens 0.028s
2025-12-09 05:24:47.434 65401 INFO tempest.lib.common.rest_client [req-9dfccec7-210f-421a-9ef4-fbfba2fd421e req-9dfccec7-210f-421a-9ef4-fbfba2fd421e ] Request (ServerAddressesNegativeTestJSON:setUpClass): 200 GET http://10.180.1.21/identity/v3/domains?name=Default 0.028s
2025-12-09 05:24:47.474 65401 INFO tempest.lib.common.rest_client [req-a599a8f9-76a8-4448-8660-d13d83a784a8 req-a599a8f9-76a8-4448-8660-d13d83a784a8 ] Request (ServerAddressesNegativeTestJSON:setUpClass): 201 POST http://10.180.1.21/identity/v3/projects 0.039s
2025-12-09 05:24:47.549 65427 INFO tempest.lib.common.rest_client [req-542fbb79-2b08-4c7f-949c-338f6910a210 req-542fbb79-2b08-4c7f-949c-338f6910a210 ] Request (AttachInterfacesTestJSON:test_create_list_show_delete_interfaces_by_fixed_ip): 200 GET http://10.180.1.21/compute/v2.1/servers/64546c48-7191-4dd8-a2b4-dd5522686691/os-interface 0.547s
2025-12-09 05:24:47.562 65461 INFO tempest.lib.common.rest_client [req-ec64fb94-cde3-442e-8fdb-9f502d57c1ef req-ec64fb94-cde3-442e-8fdb-9f502d57c1ef ] Request (ServerDiagnosticsV248Test:tearDownClass): 200 GET http://10.180.1.21/compute/v2.1/servers/80329a38-8969-455e-a207-8e584282216b 0.710s
2025-12-09 05:24:47.567 65401 INFO tempest.lib.common.rest_client [req-cb70d870-1246-497a-beca-1f733d445625 req-cb70d870-1246-497a-beca-1f733d445625 ] Request (ServerAddressesNegativeTestJSON:setUpClass): 201 POST http://10.180.1.21/identity/v3/users 0.092s
2025-12-09 05:24:47.578 65427 INFO tempest.lib.common.rest_client [req-a8c8e51b-8463-486f-842b-7e024ec90719 req-a8c8e51b-8463-486f-842b-7e024ec90719 ] Request (AttachInterfacesTestJSON:_run_cleanups): 404 DELETE http://10.180.1.21/networking/v2.0/ports/0228776e-1d3e-4f59-9f78-94696ac739c6 0.023s
2025-12-09 05:24:47.595 65401 INFO tempest.lib.common.rest_client [req-7b7ae1df-42ac-486e-a06c-2d797a6827fb req-7b7ae1df-42ac-486e-a06c-2d797a6827fb ] Request (ServerAddressesNegativeTestJSON:setUpClass): 200 GET http://10.180.1.21/identity/v3/roles 0.027s
2025-12-09 05:24:47.617 65439 INFO tempest.lib.common.rest_client [req-8b3c89e4-8600-4210-be53-9c29d7b87edf req-8b3c89e4-8600-4210-be53-9c29d7b87edf ] Request (ServerActionsTestOtherA:test_rebuild_server_in_stop_state): 200 GET http://10.180.1.21/compute/v2.1/servers/f616b66f-6354-4cc5-85ed-d5183341549e 0.547s
2025-12-09 05:24:47.628 65401 INFO tempest.lib.common.rest_client [req-a4cdd7bc-7bfa-48e3-abf6-0d6a40c4cd80 req-a4cdd7bc-7bfa-48e3-abf6-0d6a40c4cd80 ] Request (ServerAddressesNegativeTestJSON:setUpClass): 204 PUT http://10.180.1.21/identity/v3/projects/790a29d143c94fb8844c6bdfea751b9a/users/304a39b01e56482ca33a86ce8ea55063/roles/9ba0b6d87dd34f2682c6d4cf03918c53 0.033s
2025-12-09 05:24:47.628 65401 INFO tempest.lib.common.dynamic_creds [-] Dynamic test user 304a39b01e56482ca33a86ce8ea55063 is created with scope project and roles: ['member']
2025-12-09 05:24:47.629 65401 INFO tempest.lib.common.dynamic_creds [-] Acquired dynamic creds: credentials: Credentials: {'domain_id': 'default', 'domain_name': 'Default', 'username': 'tempest-ServerAddressesNegativeTestJSON-1144168614-project-member', 'project_domain_id': 'default', 'project_domain_name': 'Default', 'project_id': '790a29d143c94fb8844c6bdfea751b9a', 'project_name': 'tempest-ServerAddressesNegativeTestJSON-1144168614', 'tenant_id': '790a29d143c94fb8844c6bdfea751b9a', 'tenant_name': 'tempest-ServerAddressesNegativeTestJSON-1144168614', 'user_domain_id': 'default', 'user_domain_name': 'Default', 'user_id': '304a39b01e56482ca33a86ce8ea55063', 'system': None}, Network: None, Subnet: None, Router: None
2025-12-09 05:24:47.662 65455 INFO tempest.lib.common.rest_client [req-403e7f9f-9faa-455f-99a4-e38077be97fc req-403e7f9f-9faa-455f-99a4-e38077be97fc ] Request (InstanceActionsTestJSON:tearDownClass): 200 GET http://10.180.1.21/compute/v2.1/servers/b02ca23a-168b-4549-af64-659542da0ed2 0.636s
2025-12-09 05:24:47.697 65401 INFO tempest.lib.common.rest_client [req-ccbc9ee0-7b63-4ab9-8daa-fd4f101d6948 req-ccbc9ee0-7b63-4ab9-8daa-fd4f101d6948 ] Request (ServerAddressesNegativeTestJSON:setUpClass): 201 POST http://10.180.1.21/identity/v3/auth/tokens 0.068s
2025-12-09 05:24:47.703 65419 INFO tempest.lib.common.rest_client [req-b27a4e06-f118-4bcb-92fb-951d8c67f4d5 req-b27a4e06-f118-4bcb-92fb-951d8c67f4d5 ] Request (ServersV294TestFqdnHostnames:setUpClass): 200 GET http://10.180.1.21/compute/v2.1/servers/39fa95b7-20b9-44c3-ab8c-9a2df3d770db 0.607s
2025-12-09 05:24:47.749 65437 INFO tempest.lib.common.rest_client [req-e7cb30e5-7f3d-4ec4-a733-2a47279197f5 req-e7cb30e5-7f3d-4ec4-a733-2a47279197f5 ] Request (ListImageFiltersTestJSON:setUpClass): 200 GET http://10.180.1.21/compute/v2.1/images/9c454faa-ef2f-40f7-9de1-4b9a318d88db 0.524s
2025-12-09 05:24:47.762 65409 INFO tempest.lib.common.rest_client [req-e9821264-7dd6-4a8b-baad-15a352ba113b req-e9821264-7dd6-4a8b-baad-15a352ba113b ] Request (AttachVolumeNegativeTest:test_attach_attached_volume_to_different_server): 200 PUT http://10.180.1.21/networking/v2.0/floatingips/9bba5c67-da8c-48e0-a8cf-4409473c2251 0.591s
2025-12-09 05:24:47.764 65409 INFO tempest.lib.common.ssh [-] Creating ssh connection to '10.180.180.202:22' as 'cirros' with public key authentication
2025-12-09 05:24:47.785 65434 INFO tempest.lib.common.rest_client [req-2c935ea3-0c9c-4749-b3f2-e939e88266c4 req-2c935ea3-0c9c-4749-b3f2-e939e88266c4 ] Request (ServersTestFqdnHostnames:test_create_server_with_fqdn_name): 200 GET http://10.180.1.21/compute/v2.1/servers/7fa5026b-ff42-4e7c-9801-32705081c37e 0.621s
2025-12-09 05:24:47.887 65403 INFO tempest.lib.common.rest_client [req-c05cdeea-5551-46a9-bebb-d357ef4ef867 req-c05cdeea-5551-46a9-bebb-d357ef4ef867 ] Request (AttachInterfacesV270Test:tearDownClass): 200 GET http://10.180.1.21/compute/v2.1/servers/14edc7c9-bb6a-43bf-a9c3-a98dc6f717c6 0.651s
2025-12-09 05:24:47.893 65447 INFO tempest.lib.common.rest_client [req-cbf8d2c4-684e-410b-a41f-324370629a5d req-cbf8d2c4-684e-410b-a41f-324370629a5d ] Request (ServerRescueTestJSON:setUpClass): 200 GET http://10.180.1.21/compute/v2.1/servers/e5be0d77-ca9c-4497-bd58-f92ce9f2ac35 0.601s
2025-12-09 05:24:47.915 65445 INFO tempest.lib.common.rest_client [req-e8169b8f-3555-4500-add4-d4cfb128088f req-e8169b8f-3555-4500-add4-d4cfb128088f ] Request (ServersTestMultiNic:_run_cleanups): 404 GET http://10.180.1.21/compute/v2.1/servers/11acc8cb-4a8d-4599-970a-02d98eb20720 0.607s
2025-12-09 05:24:47.927 65457 INFO tempest.lib.common.rest_client [req-96885dcb-2e7f-4931-9a69-1337a57a361d req-96885dcb-2e7f-4931-9a69-1337a57a361d ] Request (ServerMetadataTestJSON:test_set_server_metadata): 200 GET http://10.180.1.21/compute/v2.1/servers/c7498066-4d39-4a16-a7ae-167bad029fa1/metadata 0.633s
2025-12-09 05:24:47.959 65413 INFO tempest.lib.common.rest_client [req-299ae536-b9bb-4851-911f-9817211da739 req-299ae536-b9bb-4851-911f-9817211da739 ] Request (FlavorsAdminTestJSON:test_create_server_with_non_public_flavor): 200 POST http://10.180.1.21/compute/v2.1/flavors 0.635s
2025-12-09 05:24:48.021 65429 WARNING tempest.lib.common.ssh [-] Failed to establish authenticated ssh connection to cirros@10.180.180.232 ([Errno None] Unable to connect to port 22 on 10.180.180.232). Number attempts: 4. Retry after 5 seconds.: paramiko.ssh_exception.NoValidConnectionsError: [Errno None] Unable to connect to port 22 on 10.180.180.232
2025-12-09 05:24:48.090 65401 INFO tempest.lib.common.rest_client [req-0f5c08f3-487a-47ca-9d88-a06d7da0b5c0 req-0f5c08f3-487a-47ca-9d88-a06d7da0b5c0 ] Request (ServerAddressesNegativeTestJSON:setUpClass): 201 POST http://10.180.1.21/networking/v2.0/networks 0.393s
2025-12-09 05:24:48.127 65441 INFO tempest.lib.common.rest_client [req-1f32d6d7-bf2e-4fb2-9d23-94d3cc86801c req-1f32d6d7-bf2e-4fb2-9d23-94d3cc86801c ] Request (ServersTestBootFromVolume:setUpClass): 200 GET http://10.180.1.21/compute/v2.1/servers/9bebae24-fd09-4e5e-acf0-a1ae5ab118da 0.752s
2025-12-09 05:24:48.133 65436 INFO tempest.lib.common.rest_client [req-caf582d3-2654-4aac-91fb-3b4714254212 req-caf582d3-2654-4aac-91fb-3b4714254212 ] Request (FloatingIPsAssociationTestJSON:setUpClass): 200 GET http://10.180.1.21/compute/v2.1/servers/478d0b33-7911-4114-9474-8da3ac8688a4 0.690s
2025-12-09 05:24:48.151 65445 INFO tempest.lib.common.rest_client [req-b31e3d9b-922c-476d-80c7-5b6ce7dcd7cf req-b31e3d9b-922c-476d-80c7-5b6ce7dcd7cf ] Request (ServersTestMultiNic:_run_cleanups): 204 DELETE http://10.180.1.21/networking/v2.0/subnets/a0a1afcf-88d1-439f-a603-5d3929e55c87 0.235s
2025-12-09 05:24:48.247 65427 INFO tempest.lib.common.rest_client [req-2e429d1d-b9fc-4c7e-9e8d-3d51827af07c req-2e429d1d-b9fc-4c7e-9e8d-3d51827af07c ] Request (AttachInterfacesTestJSON:_run_cleanups): 204 DELETE http://10.180.1.21/compute/v2.1/servers/64546c48-7191-4dd8-a2b4-dd5522686691 0.668s
2025-12-09 05:24:48.314 65401 INFO tempest.lib.common.rest_client [req-3fdb2ec3-5a9a-440d-a0a4-40fa15d0fbcb req-3fdb2ec3-5a9a-440d-a0a4-40fa15d0fbcb ] Request (ServerAddressesNegativeTestJSON:setUpClass): 201 POST http://10.180.1.21/networking/v2.0/subnets 0.224s
2025-12-09 05:24:48.344 65415 INFO tempest.lib.common.rest_client [req-5c191912-ad91-4060-abe8-508208ba8539 req-5c191912-ad91-4060-abe8-508208ba8539 ] Request (ImagesTestJSON:test_create_image_from_suspended_server): 200 GET http://10.180.1.21/compute/v2.1/servers/8ff5b372-42a6-4953-992c-04e179187421 0.730s
2025-12-09 05:24:48.360 65463 INFO tempest.lib.common.rest_client [req-5149fa1f-71d9-4245-ad95-cc0ab55f28de req-5149fa1f-71d9-4245-ad95-cc0ab55f28de ] Request (ListServersNegativeTestJSON:tearDownClass): 200 GET http://10.180.1.21/compute/v2.1/servers/f1935c9b-2016-40ea-a16e-8e3bdb0417e8 0.624s
2025-12-09 05:24:48.444 65445 INFO tempest.lib.common.rest_client [req-825d2e9c-b561-4a3b-8926-a5cc52f20d79 req-825d2e9c-b561-4a3b-8926-a5cc52f20d79 ] Request (ServersTestMultiNic:_run_cleanups): 204 DELETE http://10.180.1.21/networking/v2.0/networks/f0f1ce02-a227-47b0-98a4-b87c425394fd 0.292s
2025-12-09 05:24:48.450 65457 INFO tempest.lib.common.rest_client [req-27d37c4d-b130-453d-a8ba-ef66eaa9f458 req-27d37c4d-b130-453d-a8ba-ef66eaa9f458 ] Request (ServerMetadataTestJSON:setUp): 200 PUT http://10.180.1.21/compute/v2.1/servers/c7498066-4d39-4a16-a7ae-167bad029fa1/metadata 0.521s
2025-12-09 05:24:48.467 65405 INFO tempest.lib.common.rest_client [req-e369f947-0dad-4bf2-8d66-1f3186c12d13 req-e369f947-0dad-4bf2-8d66-1f3186c12d13 ] Request (VolumesAdminNegativeTest:tearDownClass): 200 GET http://10.180.1.21/compute/v2.1/servers/4e23b32a-773b-4593-9467-9593e843d730 0.555s
2025-12-09 05:24:48.483 65413 INFO tempest.lib.common.rest_client [req-bea772fe-e290-4bd0-9685-5e014f0dcb3d req-bea772fe-e290-4bd0-9685-5e014f0dcb3d ] Request (FlavorsAdminTestJSON:test_create_server_with_non_public_flavor): 400 POST http://10.180.1.21/compute/v2.1/servers 0.521s
2025-12-09 05:24:48.644 65445 INFO tempest.lib.common.rest_client [req-a7bbe536-f326-404a-8462-dd5ba3cc78f5 req-a7bbe536-f326-404a-8462-dd5ba3cc78f5 ] Request (ServersTestMultiNic:_run_cleanups): 204 DELETE http://10.180.1.21/networking/v2.0/subnets/effb4ff1-e15e-4654-baf6-bf48038aa6b8 0.200s
2025-12-09 05:24:48.724 65431 INFO tempest.lib.common.rest_client [req-388dec88-c398-4cd1-aa0c-6402dc1b61e9 req-388dec88-c398-4cd1-aa0c-6402dc1b61e9 ] Request (VolumesAssistedSnapshotsTest:tearDownClass): 200 GET http://10.180.1.21/compute/v2.1/servers/426d6fdc-cf12-4450-822c-26a872b4ebeb 0.678s
2025-12-09 05:24:49.124 65445 INFO tempest.lib.common.rest_client [req-cf8a268a-ef31-4b68-9baa-d7371bbb93d6 req-cf8a268a-ef31-4b68-9baa-d7371bbb93d6 ] Request (ServersTestMultiNic:_run_cleanups): 204 DELETE http://10.180.1.21/networking/v2.0/networks/0ec47e70-2cfa-4596-83ce-39fcb1fe8c9b 0.480s
2025-12-09 05:24:49.163 65411 INFO tempest.lib.common.rest_client [req-bf4a3f89-ed4a-4dcf-885c-2bfd42b82db9 req-bf4a3f89-ed4a-4dcf-885c-2bfd42b82db9 ] Request (ServerTagsTestJSON:tearDownClass): 200 GET http://10.180.1.21/compute/v2.1/servers/2ccf61d8-b5c6-453c-bc2c-e3698d885260 1.208s
2025-12-09 05:24:49.446 65449 INFO tempest.lib.common.rest_client [req-2aabec71-0b32-4231-ba1f-884420fda159 req-2aabec71-0b32-4231-ba1f-884420fda159 ] Request (ImagesNegativeTestJSON:test_create_image_from_deleted_server): 200 GET http://10.180.1.21/compute/v2.1/servers/c8fdd2f2-9d1f-4530-b9ab-874f17848963 1.382s
2025-12-09 05:24:49.520 65423 INFO tempest.lib.common.rest_client [req-164e4ee3-d909-44c4-81b6-1eac29ef6618 req-164e4ee3-d909-44c4-81b6-1eac29ef6618 ] Request (ServersAdminTestJSON:test_inject_network_info): 200 GET http://10.180.1.21/compute/v2.1/servers/92e46b55-1c2c-421c-ae03-030c8c5fd688 1.404s
2025-12-09 05:24:49.592 65401 INFO tempest.lib.common.rest_client [req-e6821641-c256-418b-92e4-da6d9affd9a3 req-e6821641-c256-418b-92e4-da6d9affd9a3 ] Request (ServerAddressesNegativeTestJSON:setUpClass): 201 POST http://10.180.1.21/networking/v2.0/routers 1.277s
2025-12-09 05:24:49.618 65425 INFO tempest.lib.common.rest_client [req-efecf120-9ecd-4a03-a610-30a27f5ecdaa req-efecf120-9ecd-4a03-a610-30a27f5ecdaa ] Request (MigrationsAdminTest:test_resize_server_revert_deleted_flavor): 200 GET http://10.180.1.21/compute/v2.1/servers/b3021170-7080-447e-b4ca-3dd4d3216a3f 1.379s
2025-12-09 05:24:49.678 65453 INFO tempest.lib.common.rest_client [req-20405c15-31b9-4e50-a5bf-55773f27ab86 req-20405c15-31b9-4e50-a5bf-55773f27ab86 ] Request (ListServerFiltersTestJSON:setUpClass): 200 GET http://10.180.1.21/compute/v2.1/servers/f9213540-9d3b-4304-b379-58870faa2ce9 1.466s
2025-12-09 05:24:49.757 65457 INFO tempest.lib.common.rest_client [req-66ebff0e-35a8-4c74-bfbf-0a111806535c req-66ebff0e-35a8-4c74-bfbf-0a111806535c ] Request (ServerMetadataTestJSON:test_set_server_metadata_item): 200 PUT http://10.180.1.21/compute/v2.1/servers/c7498066-4d39-4a16-a7ae-167bad029fa1/metadata/nova 1.306s
2025-12-09 05:24:49.772 65413 INFO tempest.lib.common.rest_client [req-4260a83d-6d79-43c0-a36e-5e320827f25d req-4260a83d-6d79-43c0-a36e-5e320827f25d ] Request (FlavorsAdminTestJSON:_run_cleanups): 202 DELETE http://10.180.1.21/compute/v2.1/flavors/149143036 1.288s
2025-12-09 05:24:49.779 65427 INFO tempest.lib.common.rest_client [req-31dc1bd2-0314-464b-be76-d32825e95631 req-31dc1bd2-0314-464b-be76-d32825e95631 ] Request (AttachInterfacesTestJSON:_run_cleanups): 200 GET http://10.180.1.21/compute/v2.1/servers/64546c48-7191-4dd8-a2b4-dd5522686691 1.532s
2025-12-09 05:24:49.809 65461 INFO tempest.lib.common.rest_client [req-c174d685-5727-4c88-8f9d-3744b0933bbe req-c174d685-5727-4c88-8f9d-3744b0933bbe ] Request (ServerDiagnosticsV248Test:tearDownClass): 404 GET http://10.180.1.21/compute/v2.1/servers/80329a38-8969-455e-a207-8e584282216b 1.236s
2025-12-09 05:24:49.845 65439 INFO tempest.lib.common.rest_client [req-d88cde2e-e2a9-48a1-8347-9bcf67ec55bb req-d88cde2e-e2a9-48a1-8347-9bcf67ec55bb ] Request (ServerActionsTestOtherA:test_rebuild_server_in_stop_state): 200 GET http://10.180.1.21/compute/v2.1/servers/f616b66f-6354-4cc5-85ed-d5183341549e 1.221s
2025-12-09 05:24:49.946 65455 INFO tempest.lib.common.rest_client [req-dbc05651-b686-4eec-9a94-350f1c4a5024 req-dbc05651-b686-4eec-9a94-350f1c4a5024 ] Request (InstanceActionsTestJSON:tearDownClass): 200 GET http://10.180.1.21/compute/v2.1/servers/b02ca23a-168b-4549-af64-659542da0ed2 1.276s
2025-12-09 05:24:49.956 65419 INFO tempest.lib.common.rest_client [req-340c8009-de42-4bbb-9842-3b4ef51bc875 req-340c8009-de42-4bbb-9842-3b4ef51bc875 ] Request (ServersV294TestFqdnHostnames:setUpClass): 200 GET http://10.180.1.21/compute/v2.1/servers/39fa95b7-20b9-44c3-ab8c-9a2df3d770db 1.232s
2025-12-09 05:24:49.968 65461 INFO tempest.lib.common.rest_client [req-cff24c5b-efec-4307-91cf-9aaa05e8353e req-cff24c5b-efec-4307-91cf-9aaa05e8353e ] Request (ServerDiagnosticsV248Test:tearDownClass): 204 DELETE http://10.180.1.21/identity/v3/users/bbf58f4b5b974c759f5c6c347314e6ad 0.158s
2025-12-09 05:24:50.002 65437 INFO tempest.lib.common.rest_client [req-78a05514-846a-47d8-aa6b-81d26e64855a req-78a05514-846a-47d8-aa6b-81d26e64855a ] Request (ListImageFiltersTestJSON:setUpClass): 200 GET http://10.180.1.21/compute/v2.1/images/9c454faa-ef2f-40f7-9de1-4b9a318d88db 1.246s
2025-12-09 05:24:50.084 65434 INFO tempest.lib.common.rest_client [req-27429110-d321-44b8-8fb7-0e9420e998ec req-27429110-d321-44b8-8fb7-0e9420e998ec ] Request (ServersTestFqdnHostnames:test_create_server_with_fqdn_name): 200 GET http://10.180.1.21/compute/v2.1/servers/7fa5026b-ff42-4e7c-9801-32705081c37e 1.289s
2025-12-09 05:24:50.104 65403 INFO tempest.lib.common.rest_client [req-afc7bae6-55c9-440c-a751-6f056231c3af req-afc7bae6-55c9-440c-a751-6f056231c3af ] Request (AttachInterfacesV270Test:tearDownClass): 200 GET http://10.180.1.21/compute/v2.1/servers/14edc7c9-bb6a-43bf-a9c3-a98dc6f717c6 1.203s
2025-12-09 05:24:50.119 65461 INFO tempest.lib.common.rest_client [req-c99e8551-7711-4deb-b277-fd9cf05707ea req-c99e8551-7711-4deb-b277-fd9cf05707ea ] Request (ServerDiagnosticsV248Test:tearDownClass): 204 DELETE http://10.180.1.21/identity/v3/users/383677f433614b7da1933095aba97954 0.151s
2025-12-09 05:24:50.119 65461 INFO tempest.lib.common.dynamic_creds [-] Deleting project and security group for project: e6f53dc19c034aeeb2570e35b145c06d
2025-12-09 05:24:50.142 65445 INFO tempest.lib.common.rest_client [req-2589a29d-b498-4d42-ab22-45810de728b5 req-2589a29d-b498-4d42-ab22-45810de728b5 ] Request (ServersTestMultiNic:tearDownClass): 404 DELETE http://10.180.1.21/compute/v2.1/servers/11acc8cb-4a8d-4599-970a-02d98eb20720 1.017s
2025-12-09 05:24:50.161 65447 INFO tempest.lib.common.rest_client [req-5880edeb-c9bd-48ae-8eee-d304d1493e4c req-5880edeb-c9bd-48ae-8eee-d304d1493e4c ] Request (ServerRescueTestJSON:setUpClass): 200 GET http://10.180.1.21/compute/v2.1/servers/e5be0d77-ca9c-4497-bd58-f92ce9f2ac35 1.252s
2025-12-09 05:24:50.204 65441 INFO tempest.lib.common.rest_client [req-2d6e7e69-3728-437d-8333-55a734c4f0e2 req-2d6e7e69-3728-437d-8333-55a734c4f0e2 ] Request (ServersTestBootFromVolume:setUpClass): 200 GET http://10.180.1.21/compute/v2.1/servers/9bebae24-fd09-4e5e-acf0-a1ae5ab118da 1.065s
2025-12-09 05:24:50.210 65461 INFO tempest.lib.common.rest_client [req-d02a35d3-df6e-48a1-8748-f45563306231 req-d02a35d3-df6e-48a1-8748-f45563306231 ] Request (ServerDiagnosticsV248Test:tearDownClass): 201 POST http://10.180.1.21/identity/v3/auth/tokens 0.091s
2025-12-09 05:24:50.223 65436 INFO tempest.lib.common.rest_client [req-a25a313e-067d-4c97-93f4-c33afe4f2410 req-a25a313e-067d-4c97-93f4-c33afe4f2410 ] Request (FloatingIPsAssociationTestJSON:setUpClass): 200 GET http://10.180.1.21/compute/v2.1/servers/478d0b33-7911-4114-9474-8da3ac8688a4 1.081s
2025-12-09 05:24:50.413 65461 INFO tempest.lib.common.rest_client [req-fdf2046b-00d6-436e-8b60-503f4b7a7387 req-fdf2046b-00d6-436e-8b60-503f4b7a7387 ] Request (ServerDiagnosticsV248Test:tearDownClass): 200 GET http://10.180.1.21/networking/v2.0/security-groups?tenant_id=e6f53dc19c034aeeb2570e35b145c06d&name=default 0.202s
2025-12-09 05:24:50.443 65415 INFO tempest.lib.common.rest_client [req-b9511fd5-4f4f-44e8-954b-3f92d76f0cf1 req-b9511fd5-4f4f-44e8-954b-3f92d76f0cf1 ] Request (ImagesTestJSON:test_create_image_from_suspended_server): 200 GET http://10.180.1.21/compute/v2.1/servers/8ff5b372-42a6-4953-992c-04e179187421 1.087s
2025-12-09 05:24:50.457 65463 INFO tempest.lib.common.rest_client [req-9bc390d8-708f-4cb6-8510-ead8013c0c7e req-9bc390d8-708f-4cb6-8510-ead8013c0c7e ] Request (ListServersNegativeTestJSON:tearDownClass): 200 GET http://10.180.1.21/compute/v2.1/servers/f1935c9b-2016-40ea-a16e-8e3bdb0417e8 1.087s
2025-12-09 05:24:50.563 65461 INFO tempest.lib.common.rest_client [req-503da9c5-f527-43de-913f-103b39e4faf5 req-503da9c5-f527-43de-913f-103b39e4faf5 ] Request (ServerDiagnosticsV248Test:tearDownClass): 204 DELETE http://10.180.1.21/networking/v2.0/security-groups/5180defa-41d5-4734-bada-630e81674656 0.149s
2025-12-09 05:24:50.631 65431 INFO tempest.lib.common.rest_client [req-a46a4c0f-409c-44c4-87f1-c87e61f6608a req-a46a4c0f-409c-44c4-87f1-c87e61f6608a ] Request (VolumesAssistedSnapshotsTest:tearDownClass): 200 GET http://10.180.1.21/compute/v2.1/servers/426d6fdc-cf12-4450-822c-26a872b4ebeb 0.897s
2025-12-09 05:24:50.647 65405 INFO tempest.lib.common.rest_client [req-822cac0d-a155-4de7-b9eb-7d1ab408125f req-822cac0d-a155-4de7-b9eb-7d1ab408125f ] Request (VolumesAdminNegativeTest:tearDownClass): 200 GET http://10.180.1.21/compute/v2.1/servers/4e23b32a-773b-4593-9467-9593e843d730 1.171s
2025-12-09 05:24:50.671 65461 INFO tempest.lib.common.rest_client [req-2bb25313-b259-4b23-97b9-a9d7d1009ba3 req-2bb25313-b259-4b23-97b9-a9d7d1009ba3 ] Request (ServerDiagnosticsV248Test:tearDownClass): 204 DELETE http://10.180.1.21/identity/v3/projects/e6f53dc19c034aeeb2570e35b145c06d 0.107s
2025-12-09 05:24:50.671 65461 INFO tempest.lib.common.dynamic_creds [-] Deleting project and security group for project: 7ef8dbd7673c433e81301d3f75f2b3e3
2025-12-09 05:24:50.673 65413 INFO tempest.lib.common.rest_client [req-ba38c178-6871-4279-be0b-74f99017046d req-ba38c178-6871-4279-be0b-74f99017046d ] Request (FlavorsAdminTestJSON:_run_cleanups): 200 GET http://10.180.1.21/compute/v2.1/flavors/detail 0.900s
2025-12-09 05:24:50.674 65457 INFO tempest.lib.common.rest_client [req-2eb64d6e-4e5c-4c1e-8093-3c051baeae7f req-2eb64d6e-4e5c-4c1e-8093-3c051baeae7f ] Request (ServerMetadataTestJSON:test_set_server_metadata_item): 200 GET http://10.180.1.21/compute/v2.1/servers/c7498066-4d39-4a16-a7ae-167bad029fa1/metadata 0.916s
2025-12-09 05:24:50.701 65445 INFO tempest.lib.common.rest_client [req-b3a16b3b-8e3f-4aab-9958-8c2e03111eed req-b3a16b3b-8e3f-4aab-9958-8c2e03111eed ] Request (ServersTestMultiNic:tearDownClass): 404 GET http://10.180.1.21/compute/v2.1/servers/11acc8cb-4a8d-4599-970a-02d98eb20720 0.558s
2025-12-09 05:24:50.711 65401 INFO tempest.lib.common.rest_client [req-5af31b80-b577-4684-892f-c1617cd6fb94 req-5af31b80-b577-4684-892f-c1617cd6fb94 ] Request (ServerAddressesNegativeTestJSON:setUpClass): 200 PUT http://10.180.1.21/networking/v2.0/routers/b5dde097-9e34-4c61-bd47-99b869950ef4/add_router_interface 1.118s
2025-12-09 05:24:50.711 65401 INFO tempest.lib.common.dynamic_creds [-] Created isolated network resources for: credentials: Credentials: {'domain_id': 'default', 'domain_name': 'Default', 'username': 'tempest-ServerAddressesNegativeTestJSON-1144168614-project-member', 'project_domain_id': 'default', 'project_domain_name': 'Default', 'project_id': '790a29d143c94fb8844c6bdfea751b9a', 'project_name': 'tempest-ServerAddressesNegativeTestJSON-1144168614', 'tenant_id': '790a29d143c94fb8844c6bdfea751b9a', 'tenant_name': 'tempest-ServerAddressesNegativeTestJSON-1144168614', 'user_domain_id': 'default', 'user_domain_name': 'Default', 'user_id': '304a39b01e56482ca33a86ce8ea55063', 'system': None}, Network: {'id': '49052b66-a5a7-4b9a-b485-b537f738057c', 'name': 'tempest-ServerAddressesNegativeTestJSON-371332925-network', 'tenant_id': '790a29d143c94fb8844c6bdfea751b9a', 'project_id': '790a29d143c94fb8844c6bdfea751b9a', 'admin_state_up': True, 'mtu': 8950, 'status': 'ACTIVE', 'subnets': [], 'shared': False, 'port_security_enabled': True, 'router:external': False, 'provider:network_type': 'vlan', 'provider:physical_network': 'default', 'provider:segmentation_id': 664, 'availability_zone_hints': [], 'availability_zones': [], 'ipv4_address_scope': None, 'ipv6_address_scope': None, 'description': '', 'tags': [], 'created_at': '2025-12-09T05:24:47Z', 'updated_at': '2025-12-09T05:24:47Z', 'revision_number': 1}, Subnet: {'id': '307cfab9-04ba-4b7f-9d69-74dad4bbc7eb', 'name': 'tempest-ServerAddressesNegativeTestJSON-371332925-subnet', 'tenant_id': '790a29d143c94fb8844c6bdfea751b9a', 'network_id': '49052b66-a5a7-4b9a-b485-b537f738057c', 'ip_version': 4, 'subnetpool_id': None, 'enable_dhcp': True, 'ipv6_ra_mode': None, 'ipv6_address_mode': None, 'gateway_ip': '192.168.128.1', 'cidr': '192.168.128.0/28', 'allocation_pools': [{'start': '192.168.128.2', 'end': '192.168.128.14'}], 'host_routes': [], 'dns_nameservers': [], 'description': '', 'router:external': False, 'service_types': [], 'tags': [], 'created_at': '2025-12-09T05:24:48Z', 'updated_at': '2025-12-09T05:24:48Z', 'revision_number': 0, 'project_id': '790a29d143c94fb8844c6bdfea751b9a'}, Router: {'id': 'b5dde097-9e34-4c61-bd47-99b869950ef4', 'name': 'tempest-ServerAddressesNegativeTestJSON-371332925-router', 'tenant_id': '790a29d143c94fb8844c6bdfea751b9a', 'admin_state_up': True, 'status': 'ACTIVE', 'external_gateway_info': {'network_id': '7db8ef34-7245-48b0-857a-80efa241af49', 'external_fixed_ips': [{'subnet_id': '9c3c9211-2c49-43d9-97e8-5136a02e8ce2', 'ip_address': '10.180.180.195'}], 'enable_snat': True}, 'description': '', 'availability_zones': [], 'distributed': False, 'ha': False, 'availability_zone_hints': [], 'routes': [], 'flavor_id': None, 'tags': [], 'created_at': '2025-12-09T05:24:48Z', 'updated_at': '2025-12-09T05:24:48Z', 'revision_number': 2, 'project_id': '790a29d143c94fb8844c6bdfea751b9a'}
2025-12-09 05:24:50.728 65437 INFO tempest.lib.common.rest_client [req-799f3c85-8b5a-4c8a-87dc-91bb678bfe84 req-799f3c85-8b5a-4c8a-87dc-91bb678bfe84 ] Request (ListImageFiltersTestJSON:setUpClass): 200 GET http://10.180.1.21/compute/v2.1/images/9c454faa-ef2f-40f7-9de1-4b9a318d88db 0.723s
2025-12-09 05:24:50.828 65401 INFO tempest.lib.common.rest_client [req-b00dca31-360f-4e00-8f86-c9f015b97830 req-b00dca31-360f-4e00-8f86-c9f015b97830 ] Request (ServerAddressesNegativeTestJSON:setUpClass): 201 POST http://10.180.1.21/identity/v3/auth/tokens 0.111s
2025-12-09 05:24:50.874 65401 INFO tempest.lib.common.rest_client [req-f49b9b02-3874-4a60-a6fa-880b2a8cba66 req-f49b9b02-3874-4a60-a6fa-880b2a8cba66 ] Request (ServerAddressesNegativeTestJSON:setUpClass): 201 POST http://10.180.1.21/identity/v3/auth/tokens 0.041s
2025-12-09 05:24:50.874 65401 INFO tempest.lib.common.fixed_network [-] (ServerAddressesNegativeTestJSON:setUpClass) Found network {'id': '49052b66-a5a7-4b9a-b485-b537f738057c', 'name': 'tempest-ServerAddressesNegativeTestJSON-371332925-network', 'tenant_id': '790a29d143c94fb8844c6bdfea751b9a', 'project_id': '790a29d143c94fb8844c6bdfea751b9a', 'admin_state_up': True, 'mtu': 8950, 'status': 'ACTIVE', 'subnets': [], 'shared': False, 'port_security_enabled': True, 'router:external': False, 'provider:network_type': 'vlan', 'provider:physical_network': 'default', 'provider:segmentation_id': 664, 'availability_zone_hints': [], 'availability_zones': [], 'ipv4_address_scope': None, 'ipv6_address_scope': None, 'description': '', 'tags': [], 'created_at': '2025-12-09T05:24:47Z', 'updated_at': '2025-12-09T05:24:47Z', 'revision_number': 1} available for tenant
2025-12-09 05:24:50.930 65461 INFO tempest.lib.common.rest_client [req-8308b3e8-352b-4a6d-96fe-31f9e32a8f05 req-8308b3e8-352b-4a6d-96fe-31f9e32a8f05 ] Request (ServerDiagnosticsV248Test:tearDownClass): 200 GET http://10.180.1.21/networking/v2.0/security-groups?tenant_id=7ef8dbd7673c433e81301d3f75f2b3e3&name=default 0.258s
2025-12-09 05:24:50.963 65411 INFO tempest.lib.common.rest_client [req-08a2e1bb-0af7-4239-a7f5-cc5e79c3a58f req-08a2e1bb-0af7-4239-a7f5-cc5e79c3a58f ] Request (ServerTagsTestJSON:tearDownClass): 200 GET http://10.180.1.21/compute/v2.1/servers/2ccf61d8-b5c6-453c-bc2c-e3698d885260 0.789s
2025-12-09 05:24:50.975 65411 INFO tempest.common.waiters [-] State transition "ACTIVE/deleting" ==> "DELETED/None" after 4 second wait
2025-12-09 05:24:50.998 65449 INFO tempest.lib.common.rest_client [req-4a41554c-f57e-4d02-b27e-19732a62f058 req-4a41554c-f57e-4d02-b27e-19732a62f058 ] Request (ImagesNegativeTestJSON:test_create_image_from_deleted_server): 200 GET http://10.180.1.21/compute/v2.1/servers/c8fdd2f2-9d1f-4530-b9ab-874f17848963 0.539s
2025-12-09 05:24:51.100 65461 INFO tempest.lib.common.rest_client [req-34fa3db0-8b8c-4db7-9a5c-cbbf3682c16d req-34fa3db0-8b8c-4db7-9a5c-cbbf3682c16d ] Request (ServerDiagnosticsV248Test:tearDownClass): 204 DELETE http://10.180.1.21/networking/v2.0/security-groups/28bd46e0-0f54-4cd3-a2ea-f7159a250088 0.170s
2025-12-09 05:24:51.155 65423 INFO tempest.lib.common.rest_client [req-8b7474cb-593e-4aaf-afa0-5f30af92209a req-8b7474cb-593e-4aaf-afa0-5f30af92209a ] Request (ServersAdminTestJSON:test_inject_network_info): 200 GET http://10.180.1.21/compute/v2.1/servers/92e46b55-1c2c-421c-ae03-030c8c5fd688 0.625s
2025-12-09 05:24:51.164 65421 WARNING tempest.lib.common.ssh [-] Failed to establish authenticated ssh connection to cirros@10.180.180.193 ([Errno None] Unable to connect to port 22 on 10.180.180.193). Number attempts: 4. Retry after 5 seconds.: paramiko.ssh_exception.NoValidConnectionsError: [Errno None] Unable to connect to port 22 on 10.180.180.193
