2025-12-09 05:25:38.059 65411 INFO tempest.lib.common.rest_client [req-d184ea88-1d06-4698-8f5f-60ac1454361b req-d184ea88-1d06-4698-8f5f-60ac1454361b ] Request (ServerTagsTestJSON:tearDownClass): 204 DELETE http://10.180.1.21/identity/v3/projects/42cfc301293e430f9ecce63a4c39faa8 0.160s
2025-12-09 05:25:38.100 65405 INFO tempest.lib.common.rest_client [req-281496a3-221b-43d8-97bd-4e8b7f2c6690 req-281496a3-221b-43d8-97bd-4e8b7f2c6690 ] Request (AttachInterfacesUnderV243Test:test_add_remove_fixed_ip): 202 POST http://10.180.1.21/compute/v2.1/servers 1.782s
2025-12-09 05:25:38.110 65415 INFO tempest.lib.common.rest_client [req-0913949e-1d1b-4686-ac57-35bb10416459 req-0913949e-1d1b-4686-ac57-35bb10416459 ] Request (ImagesTestJSON:test_create_image_from_suspended_server): 200 GET http://10.180.1.21/compute/v2.1/servers/8ff5b372-42a6-4953-992c-04e179187421 1.444s
2025-12-09 05:25:38.121 65415 INFO tempest.common.waiters [-] State transition "ACTIVE/suspending" ==> "SUSPENDED/None" after 3 second wait
2025-12-09 05:25:38.216 65403 INFO tempest.lib.common.rest_client [req-fad695d5-a33c-4816-b9a1-32ec035fdcff req-fad695d5-a33c-4816-b9a1-32ec035fdcff ] Request (ServersListShow298Test:test_list_show_update_rebuild_server_298): 200 GET http://10.180.1.21/compute/v2.1/servers/4e01d4f5-092a-4036-ab23-4b0628105f97 1.415s
2025-12-09 05:25:38.247 65463 INFO tempest.lib.common.rest_client [req-c2cbd267-91a5-4d94-b42d-e79e180ab6e7 req-c2cbd267-91a5-4d94-b42d-e79e180ab6e7 ] Request (ServerGroupTestJSON:test_create_delete_multiple_server_groups_with_same_name_policy): 204 DELETE http://10.180.1.21/compute/v2.1/os-server-groups/c6d70239-a2b2-42f2-a564-68924c5596c3 1.398s
2025-12-09 05:25:38.300 65453 INFO tempest.lib.common.rest_client [req-dc6027bc-54fd-4617-856a-e8b95af4ce4b req-dc6027bc-54fd-4617-856a-e8b95af4ce4b ] Request (ListServerFiltersTestJSON:test_list_servers_filtered_by_ip_regex): 200 GET http://10.180.1.21/compute/v2.1/servers/detail 1.618s
2025-12-09 05:25:38.378 65413 INFO tempest.lib.common.rest_client [req-ade3955c-3d27-46b8-96b5-86246ede02af req-ade3955c-3d27-46b8-96b5-86246ede02af ] Request (SecurityGroupRulesTestJSON:test_security_group_rules_delete_when_peer_group_deleted): 200 POST http://10.180.1.21/compute/v2.1/os-security-groups 1.371s
2025-12-09 05:25:38.391 65421 INFO tempest.lib.common.rest_client [req-4a36aef3-1e25-4bb6-a5b7-2f97bf46d827 req-4a36aef3-1e25-4bb6-a5b7-2f97bf46d827 ] Request (ServersTestManualDisk:tearDownClass): 204 DELETE http://10.180.1.21/compute/v2.1/servers/c4656991-cd93-4d92-a0d1-510f8af22522 1.121s
2025-12-09 05:25:38.465 65437 INFO tempest.lib.common.rest_client [req-ae21944c-9a3f-4e27-b259-002636efa682 req-ae21944c-9a3f-4e27-b259-002636efa682 ] Request (ListImageFiltersTestJSON:test_list_images_filter_by_changes_since): 200 GET http://10.180.1.21/compute/v2.1/images?changes-since=2025-12-09T05%3A23%3A27Z 1.006s
2025-12-09 05:25:38.480 65409 INFO tempest.lib.common.rest_client [req-55e8422b-0514-4fbe-8a25-a2b031e81805 req-55e8422b-0514-4fbe-8a25-a2b031e81805 ] Request (AttachVolumeNegativeTest:test_attach_attached_volume_to_different_server): 200 GET http://10.180.1.21/volume/v3/volumes/5700b89c-c763-4ab5-913c-f33be912e07b 0.045s
2025-12-09 05:25:38.626 65447 INFO tempest.lib.common.rest_client [req-9965f536-36d3-4f13-8da5-3e98ffde91ba req-9965f536-36d3-4f13-8da5-3e98ffde91ba ] Request (ServerRescueTestJSON:setUpClass): 200 GET http://10.180.1.21/compute/v2.1/servers/e5be0d77-ca9c-4497-bd58-f92ce9f2ac35 0.956s
2025-12-09 05:25:38.634 65447 INFO tempest.common.waiters [-] State transition "BUILD/spawning" ==> "ACTIVE/None" after 59 second wait
2025-12-09 05:25:38.684 65445 INFO tempest.lib.common.rest_client [req-68963707-eea9-4928-8800-c2666a60ab97 req-68963707-eea9-4928-8800-c2666a60ab97 ] Request (ServerDiskConfigTestJSON:test_rebuild_server_with_auto_disk_config): 200 GET http://10.180.1.21/compute/v2.1/servers/d13647ee-b20b-44c7-832f-a784ee8cca02 0.911s
2025-12-09 05:25:38.722 65431 INFO tempest.lib.common.rest_client [req-c98a9d84-8aa3-4d46-8dbe-e80804baa3df req-c98a9d84-8aa3-4d46-8dbe-e80804baa3df ] Request (ServersAdminNegativeTestJSON:setUpClass): 200 GET http://10.180.1.21/compute/v2.1/servers/6e262b0c-76a1-4f0c-8104-cf20761ca9ad 1.320s
2025-12-09 05:25:38.742 65461 INFO tempest.lib.common.rest_client [req-5b2c2305-d729-42d3-9418-01d057eba378 req-5b2c2305-d729-42d3-9418-01d057eba378 ] Request (InstanceActionsNegativeTestJSON:setUpClass): 200 GET http://10.180.1.21/compute/v2.1/servers/9c21077f-96d0-4428-b43c-0eb0e10e741d 0.957s
2025-12-09 05:25:38.768 65427 INFO tempest.lib.common.rest_client [req-98ff33c5-093c-4461-a51c-615665633a68 req-98ff33c5-093c-4461-a51c-615665633a68 ] Request (ValidationResourcesFixture:setUp): 200 POST http://10.180.1.21/compute/v2.1/os-keypairs 0.961s
2025-12-09 05:25:38.887 65405 INFO tempest.lib.common.rest_client [req-f5735608-3145-422d-be8e-4d48b61008bd req-f5735608-3145-422d-be8e-4d48b61008bd ] Request (AttachInterfacesUnderV243Test:test_add_remove_fixed_ip): 200 GET http://10.180.1.21/compute/v2.1/servers/a2b0d6ff-0783-42bd-ba4a-665b58e07e72 0.785s
2025-12-09 05:25:38.893 65427 INFO tempest.lib.common.rest_client [req-7208513e-2b0f-42cc-9671-a973163e651a req-7208513e-2b0f-42cc-9671-a973163e651a ] Request (ValidationResourcesFixture:setUp): 201 POST http://10.180.1.21/networking/v2.0/security-groups 0.124s
2025-12-09 05:25:38.916 65423 INFO tempest.lib.common.rest_client [req-09f2e57c-ffa7-4368-8268-dcd7be86d682 req-09f2e57c-ffa7-4368-8268-dcd7be86d682 ] Request (ServersAdminTestJSON:_run_cleanups): 200 GET http://10.180.1.21/compute/v2.1/servers/d1b66b11-971d-455d-a87f-15177e7926e7 1.006s
2025-12-09 05:25:39.004 65449 INFO tempest.lib.common.rest_client [req-486f688a-7a47-4ae4-b2af-ca9f6a1438f3 req-486f688a-7a47-4ae4-b2af-ca9f6a1438f3 ] Request (ImagesNegativeTestJSON:test_create_image_from_deleted_server): 200 GET http://10.180.1.21/compute/v2.1/servers/c8fdd2f2-9d1f-4530-b9ab-874f17848963 0.869s
2025-12-09 05:25:39.015 65427 INFO tempest.lib.common.rest_client [req-0f8a694a-2454-4889-8b6e-03ce80557e54 req-0f8a694a-2454-4889-8b6e-03ce80557e54 ] Request (ValidationResourcesFixture:setUp): 201 POST http://10.180.1.21/networking/v2.0/security-group-rules 0.121s
2025-12-09 05:25:39.106 65457 INFO tempest.lib.common.rest_client [req-ae0d263d-6df2-4009-a6c4-e82c892a7483 req-ae0d263d-6df2-4009-a6c4-e82c892a7483 ] Request (ServerMetadataTestJSON:tearDownClass): 200 GET http://10.180.1.21/compute/v2.1/servers/c7498066-4d39-4a16-a7ae-167bad029fa1 0.933s
2025-12-09 05:25:39.112 65427 INFO tempest.lib.common.rest_client [req-33230318-5d70-430f-ac25-2933dbcd2473 req-33230318-5d70-430f-ac25-2933dbcd2473 ] Request (ValidationResourcesFixture:setUp): 201 POST http://10.180.1.21/networking/v2.0/security-group-rules 0.097s
2025-12-09 05:25:39.121 65463 INFO tempest.lib.common.rest_client [req-51ee6199-3ac2-4693-8d4b-53f479f7a7ef req-51ee6199-3ac2-4693-8d4b-53f479f7a7ef ] Request (ServerGroupTestJSON:test_create_delete_multiple_server_groups_with_same_name_policy): 200 GET http://10.180.1.21/compute/v2.1/os-server-groups 0.874s
2025-12-09 05:25:39.462 65415 INFO tempest.lib.common.rest_client [req-67aa50f3-0006-43f9-815d-8f9067478c2c req-67aa50f3-0006-43f9-815d-8f9067478c2c ] Request (ImagesTestJSON:test_create_image_from_suspended_server): 202 POST http://10.180.1.21/compute/v2.1/servers/8ff5b372-42a6-4953-992c-04e179187421/action 1.341s
2025-12-09 05:25:39.543 65409 INFO tempest.lib.common.rest_client [req-a264e888-2820-44f8-81df-bb277ba32a3a req-a264e888-2820-44f8-81df-bb277ba32a3a ] Request (AttachVolumeNegativeTest:test_attach_attached_volume_to_different_server): 200 GET http://10.180.1.21/volume/v3/volumes/5700b89c-c763-4ab5-913c-f33be912e07b 0.054s
2025-12-09 05:25:39.551 65409 INFO tempest.common.waiters [-] Attachment 387cdf97-3efd-4099-8fbe-071fd0ecadfa created for volume 5700b89c-c763-4ab5-913c-f33be912e07b to server 3c993aa1-a435-4c4d-a652-3f30b81658ff after waiting for 7.551726 seconds
2025-12-09 05:25:39.555 65427 INFO tempest.lib.common.rest_client [req-ea9d6b44-ae0b-4c25-82e3-250c022beb20 req-ea9d6b44-ae0b-4c25-82e3-250c022beb20 ] Request (ValidationResourcesFixture:setUp): 201 POST http://10.180.1.21/networking/v2.0/floatingips 0.442s
2025-12-09 05:25:39.573 65453 INFO tempest.lib.common.rest_client [req-4c3b3c28-7323-4e25-88ee-e80b530c4b7c req-4c3b3c28-7323-4e25-88ee-e80b530c4b7c ] Request (ListServerFiltersTestJSON:test_list_servers_filtered_by_ip_regex): 200 GET http://10.180.1.21/compute/v2.1/servers?ip=192.168.128. 1.263s
2025-12-09 05:25:39.589 65443 INFO tempest.lib.common.rest_client [req-52c57ffa-a326-43df-827e-bfc629e40b83 req-52c57ffa-a326-43df-827e-bfc629e40b83 ] Request (ServersWithSpecificFlavorTestJSON:test_verify_created_server_ephemeral_disk): 200 GET http://10.180.1.21/compute/v2.1/servers/9e8515fa-f3d0-466f-bac8-5ccc5dfe85c4 1.277s
2025-12-09 05:25:39.599 65409 INFO tempest.lib.common.rest_client [req-55cedfa2-9b8e-465a-a7a7-f877fe6d4ed6 req-55cedfa2-9b8e-465a-a7a7-f877fe6d4ed6 ] Request (AttachVolumeNegativeTest:test_attach_attached_volume_to_different_server): 200 GET http://10.180.1.21/volume/v3/volumes/5700b89c-c763-4ab5-913c-f33be912e07b 0.045s
2025-12-09 05:25:39.609 65409 INFO tempest.common.waiters [-] volume 5700b89c-c763-4ab5-913c-f33be912e07b reached in-use after waiting for 0.609002 seconds
2025-12-09 05:25:39.649 65427 INFO tempest.lib.common.rest_client [req-bfb28803-0d38-411b-ab4b-3a7519f3635a req-bfb28803-0d38-411b-ab4b-3a7519f3635a ] Request (AttachInterfacesTestJSON:test_create_list_show_delete_interfaces_by_network_port): 201 POST http://10.180.1.21/identity/v3/auth/tokens 0.090s
2025-12-09 05:25:39.649 65427 INFO tempest.lib.common.fixed_network [-] (AttachInterfacesTestJSON:test_create_list_show_delete_interfaces_by_network_port) Found network {'id': '027b9915-1ba3-426e-b703-a211fbc86c06', 'name': 'tempest-AttachInterfacesTestJSON-776924322-network', 'tenant_id': '2a75fb24280e423b932a2edc2d449013', 'project_id': '2a75fb24280e423b932a2edc2d449013', 'admin_state_up': True, 'mtu': 8950, 'status': 'ACTIVE', 'subnets': [], 'shared': False, 'port_security_enabled': True, 'router:external': False, 'provider:network_type': 'vlan', 'provider:physical_network': 'default', 'provider:segmentation_id': 143, 'availability_zone_hints': [], 'availability_zones': [], 'ipv4_address_scope': None, 'ipv6_address_scope': None, 'description': '', 'tags': [], 'created_at': '2025-12-09T05:22:36Z', 'updated_at': '2025-12-09T05:22:36Z', 'revision_number': 1} available for tenant
2025-12-09 05:25:39.681 65434 WARNING tempest.lib.common.ssh [-] Failed to establish authenticated ssh connection to cirros@10.180.180.143 ([Errno None] Unable to connect to port 22 on 10.180.180.143). Number attempts: 1. Retry after 2 seconds.: paramiko.ssh_exception.NoValidConnectionsError: [Errno None] Unable to connect to port 22 on 10.180.180.143
2025-12-09 05:25:39.772 65421 INFO tempest.lib.common.rest_client [req-25b44819-8342-4a76-87f3-4eed40bac1ab req-25b44819-8342-4a76-87f3-4eed40bac1ab ] Request (ServersTestManualDisk:tearDownClass): 200 GET http://10.180.1.21/compute/v2.1/servers/c4656991-cd93-4d92-a0d1-510f8af22522 1.381s
2025-12-09 05:25:39.836 65437 INFO tempest.lib.common.rest_client [req-6ae2ce02-5cf1-4869-b6b4-5bfa723b74e2 req-6ae2ce02-5cf1-4869-b6b4-5bfa723b74e2 ] Request (ListImageFiltersTestJSON:test_list_images_filter_by_name): 200 GET http://10.180.1.21/compute/v2.1/images?name=tempest-ListImageFiltersTestJSON-image-518148330 1.367s
2025-12-09 05:25:39.878 65413 INFO tempest.lib.common.rest_client [req-b0a406f8-2b8b-47cf-9c27-b10bc0ac2994 req-b0a406f8-2b8b-47cf-9c27-b10bc0ac2994 ] Request (SecurityGroupRulesTestJSON:test_security_group_rules_delete_when_peer_group_deleted): 200 POST http://10.180.1.21/compute/v2.1/os-security-group-rules 1.495s
2025-12-09 05:25:39.902 65455 INFO tempest.lib.common.rest_client [req-80120171-930e-4e72-8ad6-b9c681c670d8 req-80120171-930e-4e72-8ad6-b9c681c670d8 ] Request (ServerShowV247Test:test_update_rebuild_list_server): 200 GET http://10.180.1.21/compute/v2.1/servers/0947bfb6-a031-46ef-97e4-aefb99e944b7 1.360s
2025-12-09 05:25:39.958 65401 INFO tempest.lib.common.rest_client [req-bcd61f51-b78e-46f3-88ce-5a62e18fb178 req-bcd61f51-b78e-46f3-88ce-5a62e18fb178 ] Request (ServerAddressesNegativeTestJSON:setUpClass): 200 GET http://10.180.1.21/compute/v2.1/servers/904108eb-d099-4b29-85e6-bfd68d338666 1.350s
2025-12-09 05:25:39.996 65425 INFO tempest.lib.common.rest_client [req-0e285357-0da6-47ae-be61-d4ddb9f5a77e req-0e285357-0da6-47ae-be61-d4ddb9f5a77e ] Request (MigrationsAdminTest:test_resize_server_revert_deleted_flavor): 200 GET http://10.180.1.21/compute/v2.1/servers/b3021170-7080-447e-b4ca-3dd4d3216a3f 1.436s
2025-12-09 05:25:40.102 65447 INFO tempest.lib.common.rest_client [req-a09a8c70-39b4-4aeb-91c6-11b1107ded61 req-a09a8c70-39b4-4aeb-91c6-11b1107ded61 ] Request (ServerRescueTestJSON:setUpClass): 200 POST http://10.180.1.21/compute/v2.1/servers/e5be0d77-ca9c-4497-bd58-f92ce9f2ac35/action 1.467s
2025-12-09 05:25:40.141 65439 INFO tempest.lib.common.rest_client [req-bf62413d-a372-42e4-b873-ca30b225f310 req-bf62413d-a372-42e4-b873-ca30b225f310 ] Request (ServerActionsTestOtherA:test_rebuild_server_in_stop_state): 200 GET http://10.180.1.21/compute/v2.1/servers/f616b66f-6354-4cc5-85ed-d5183341549e 1.519s
2025-12-09 05:25:40.149 65439 INFO tempest.common.waiters [-] State transition "BUILD/None" ==> "BUILD/block_device_mapping" after 56 second wait
2025-12-09 05:25:40.168 65436 INFO tempest.lib.common.rest_client [req-4f4884ea-bc69-4fec-8150-5b2df70125bd req-4f4884ea-bc69-4fec-8150-5b2df70125bd ] Request (FloatingIPsAssociationTestJSON:test_associate_already_associated_floating_ip): 200 GET http://10.180.1.21/compute/v2.1/servers/1dc7359c-8dac-470a-b5da-1ec327e37ffe 1.467s
2025-12-09 05:25:40.170 65463 INFO tempest.lib.common.rest_client [req-0c1e205c-c44c-4605-8576-f209178162a1 req-0c1e205c-c44c-4605-8576-f209178162a1 ] Request (ServerGroupTestJSON:test_create_delete_multiple_server_groups_with_same_name_policy): 204 DELETE http://10.180.1.21/compute/v2.1/os-server-groups/5aaf4a4b-172d-4811-82f4-72f8e549e465 1.047s
2025-12-09 05:25:40.215 65415 INFO tempest.lib.common.rest_client [req-9114f0e9-1ffc-4cc0-86df-6d502f33aea7 req-9114f0e9-1ffc-4cc0-86df-6d502f33aea7 ] Request (ImagesTestJSON:test_create_image_from_suspended_server): 200 GET http://10.180.1.21/compute/v2.1/images/76bef000-a2be-4034-bffd-7b4af8440ff1 0.751s
2025-12-09 05:25:40.249 65403 INFO tempest.lib.common.rest_client [req-0f9d6389-35d4-401a-b208-742f77fdb228 req-0f9d6389-35d4-401a-b208-742f77fdb228 ] Request (ServersListShow298Test:test_list_show_update_rebuild_server_298): 200 GET http://10.180.1.21/compute/v2.1/servers/4e01d4f5-092a-4036-ab23-4b0628105f97 1.020s
2025-12-09 05:25:40.282 65409 INFO tempest.lib.common.rest_client [req-a07f466f-775e-47fa-b028-dcd25bbeca03 req-a07f466f-775e-47fa-b028-dcd25bbeca03 ] Request (ValidationResourcesFixture:setUp): 200 POST http://10.180.1.21/compute/v2.1/os-keypairs 0.672s
2025-12-09 05:25:40.301 65453 INFO tempest.lib.common.rest_client [req-3207a3af-cf89-4e52-9fda-89cc6ee6be31 req-3207a3af-cf89-4e52-9fda-89cc6ee6be31 ] Request (ListServerFiltersTestJSON:test_list_servers_filtered_by_name_regex): 200 GET http://10.180.1.21/compute/v2.1/servers?name=%5E.%2A%5C-instance%5C-%5B0-9%5D%2B%24 0.719s
2025-12-09 05:25:40.401 65409 INFO tempest.lib.common.rest_client [req-be9a3404-46b2-4428-9f9a-29f59949c4fe req-be9a3404-46b2-4428-9f9a-29f59949c4fe ] Request (ValidationResourcesFixture:setUp): 201 POST http://10.180.1.21/networking/v2.0/security-groups 0.117s
2025-12-09 05:25:40.431 65445 INFO tempest.lib.common.rest_client [req-51b435f3-e53e-4306-a593-6d6f48e36086 req-51b435f3-e53e-4306-a593-6d6f48e36086 ] Request (ServerDiskConfigTestJSON:test_rebuild_server_with_auto_disk_config): 200 GET http://10.180.1.21/compute/v2.1/servers/d13647ee-b20b-44c7-832f-a784ee8cca02 0.736s
2025-12-09 05:25:40.532 65409 INFO tempest.lib.common.rest_client [req-ada08909-149c-4dcb-a5b2-fe7fa90bfe08 req-ada08909-149c-4dcb-a5b2-fe7fa90bfe08 ] Request (ValidationResourcesFixture:setUp): 201 POST http://10.180.1.21/networking/v2.0/security-group-rules 0.130s
2025-12-09 05:25:40.613 65431 INFO tempest.lib.common.rest_client [req-15bc7a1e-a3f6-49a7-b002-11b8a533cf7b req-15bc7a1e-a3f6-49a7-b002-11b8a533cf7b ] Request (ServersAdminNegativeTestJSON:setUpClass): 200 GET http://10.180.1.21/compute/v2.1/servers/6e262b0c-76a1-4f0c-8104-cf20761ca9ad 0.878s
2025-12-09 05:25:40.622 65431 INFO tempest.common.waiters [-] State transition "BUILD/scheduling" ==> "BUILD/None" after 6 second wait
2025-12-09 05:25:40.703 65409 INFO tempest.lib.common.rest_client [req-f2765e84-8949-462f-a343-7b14ac2a4e0a req-f2765e84-8949-462f-a343-7b14ac2a4e0a ] Request (ValidationResourcesFixture:setUp): 201 POST http://10.180.1.21/networking/v2.0/security-group-rules 0.170s
2025-12-09 05:25:40.736 65461 INFO tempest.lib.common.rest_client [req-9e493eca-6dcf-4cc3-9f60-77f56911eaa1 req-9e493eca-6dcf-4cc3-9f60-77f56911eaa1 ] Request (InstanceActionsNegativeTestJSON:setUpClass): 200 GET http://10.180.1.21/compute/v2.1/servers/9c21077f-96d0-4428-b43c-0eb0e10e741d 0.986s
2025-12-09 05:25:40.798 65437 INFO tempest.lib.common.rest_client [req-3c53149a-61e6-4b56-9de9-7c312876e382 req-3c53149a-61e6-4b56-9de9-7c312876e382 ] Request (ListImageFiltersTestJSON:test_list_images_filter_by_server_id): 200 GET http://10.180.1.21/compute/v2.1/images?server=a44f0d90-7b95-4cbf-b1a4-db36ba1ead41 0.958s
2025-12-09 05:25:41.195 65409 INFO tempest.lib.common.rest_client [req-f9ed7e98-5c6a-4501-8a2d-da34e12d1947 req-f9ed7e98-5c6a-4501-8a2d-da34e12d1947 ] Request (ValidationResourcesFixture:setUp): 201 POST http://10.180.1.21/networking/v2.0/floatingips 0.491s
2025-12-09 05:25:41.222 65429 WARNING tempest.lib.common.ssh [-] Failed to establish authenticated ssh connection to cirros@10.180.180.232 ([Errno None] Unable to connect to port 22 on 10.180.180.232). Number attempts: 6. Retry after 7 seconds.: paramiko.ssh_exception.NoValidConnectionsError: [Errno None] Unable to connect to port 22 on 10.180.180.232
2025-12-09 05:25:41.271 65409 INFO tempest.lib.common.rest_client [req-8ec4f306-0bf7-4ef0-9ed8-cd38cb8d5135 req-8ec4f306-0bf7-4ef0-9ed8-cd38cb8d5135 ] Request (AttachVolumeNegativeTest:test_attach_attached_volume_to_different_server): 201 POST http://10.180.1.21/identity/v3/auth/tokens 0.073s
2025-12-09 05:25:41.272 65409 INFO tempest.lib.common.fixed_network [-] (AttachVolumeNegativeTest:test_attach_attached_volume_to_different_server) Found network {'id': '8dce3ae7-2b7e-47ca-9ec7-744bf07e5c9d', 'name': 'tempest-AttachVolumeNegativeTest-1011024001-network', 'tenant_id': '50ccf060bde44a22b2f83f82591fda3f', 'project_id': '50ccf060bde44a22b2f83f82591fda3f', 'admin_state_up': True, 'mtu': 8950, 'status': 'ACTIVE', 'subnets': [], 'shared': False, 'port_security_enabled': True, 'router:external': False, 'provider:network_type': 'vlan', 'provider:physical_network': 'default', 'provider:segmentation_id': 312, 'availability_zone_hints': [], 'availability_zones': [], 'ipv4_address_scope': None, 'ipv6_address_scope': None, 'description': '', 'tags': [], 'created_at': '2025-12-09T05:23:43Z', 'updated_at': '2025-12-09T05:23:43Z', 'revision_number': 1} available for tenant
2025-12-09 05:25:41.334 65413 INFO tempest.lib.common.rest_client [req-8a4b9549-2ab9-4832-a199-caa6858993db req-8a4b9549-2ab9-4832-a199-caa6858993db ] Request (SecurityGroupRulesTestJSON:test_security_group_rules_delete_when_peer_group_deleted): 202 DELETE http://10.180.1.21/compute/v2.1/os-security-groups/ca22773d-b76d-4fd2-b55d-b709e8fb1c60 1.450s
2025-12-09 05:25:41.405 65405 INFO tempest.lib.common.rest_client [req-0eb68e7b-88d3-4b67-8c60-f280197e3094 req-0eb68e7b-88d3-4b67-8c60-f280197e3094 ] Request (AttachInterfacesUnderV243Test:test_add_remove_fixed_ip): 200 GET http://10.180.1.21/compute/v2.1/servers/a2b0d6ff-0783-42bd-ba4a-665b58e07e72 1.511s
2025-12-09 05:25:41.449 65427 INFO tempest.lib.common.rest_client [req-a5b46a87-5fe3-4d8a-83cb-0d41bd48bd86 req-a5b46a87-5fe3-4d8a-83cb-0d41bd48bd86 ] Request (AttachInterfacesTestJSON:test_create_list_show_delete_interfaces_by_network_port): 202 POST http://10.180.1.21/compute/v2.1/servers 1.799s
2025-12-09 05:25:41.537 65423 INFO tempest.lib.common.rest_client [req-b1219bf4-9995-4907-89c8-5d61f53f5981 req-b1219bf4-9995-4907-89c8-5d61f53f5981 ] Request (ServersAdminTestJSON:_run_cleanups): 200 GET http://10.180.1.21/compute/v2.1/servers/d1b66b11-971d-455d-a87f-15177e7926e7 1.608s
2025-12-09 05:25:41.550 65423 INFO tempest.common.waiters [-] State transition "REBUILD/rebuilding" ==> "REBUILD/rebuild_spawning" after 3 second wait
2025-12-09 05:25:41.553 65449 INFO tempest.lib.common.rest_client [req-c847e307-4679-4b74-88dd-16a3fb25b95a req-c847e307-4679-4b74-88dd-16a3fb25b95a ] Request (ImagesNegativeTestJSON:test_create_image_from_deleted_server): 200 GET http://10.180.1.21/compute/v2.1/servers/c8fdd2f2-9d1f-4530-b9ab-874f17848963 1.533s
2025-12-09 05:25:41.575 65457 INFO tempest.lib.common.rest_client [req-9c861858-7a86-43a4-afe0-40680876fe70 req-9c861858-7a86-43a4-afe0-40680876fe70 ] Request (ServerMetadataTestJSON:tearDownClass): 404 GET http://10.180.1.21/compute/v2.1/servers/c7498066-4d39-4a16-a7ae-167bad029fa1 1.458s
2025-12-09 05:25:41.588 65463 INFO tempest.lib.common.rest_client [req-2c1b2d8a-1332-40a8-87d0-a684c0972cb0 req-2c1b2d8a-1332-40a8-87d0-a684c0972cb0 ] Request (ServerGroupTestJSON:test_create_delete_multiple_server_groups_with_same_name_policy): 200 GET http://10.180.1.21/compute/v2.1/os-server-groups 1.417s
2025-12-09 05:25:41.651 65453 INFO tempest.lib.common.rest_client [req-ce7923e2-b61c-487a-a557-fedde514e3f0 req-ce7923e2-b61c-487a-a557-fedde514e3f0 ] Request (ListServerFiltersTestJSON:test_list_servers_filtered_by_name_regex): 200 GET http://10.180.1.21/compute/v2.1/servers?name=%5E.%2A%5C-instance%5C-.%2A%24 1.347s
2025-12-09 05:25:41.850 65443 INFO tempest.lib.common.rest_client [req-3280a6e4-7ee8-4f65-870f-2ff693442b2c req-3280a6e4-7ee8-4f65-870f-2ff693442b2c ] Request (ServersWithSpecificFlavorTestJSON:test_verify_created_server_ephemeral_disk): 200 GET http://10.180.1.21/compute/v2.1/servers/9e8515fa-f3d0-466f-bac8-5ccc5dfe85c4 1.246s
2025-12-09 05:25:41.880 65447 INFO tempest.lib.common.rest_client [req-d5fbd942-12f1-4900-9b56-555f5fd98a90 req-d5fbd942-12f1-4900-9b56-555f5fd98a90 ] Request (ServerRescueTestJSON:setUpClass): 200 GET http://10.180.1.21/compute/v2.1/servers/e5be0d77-ca9c-4497-bd58-f92ce9f2ac35 1.777s
2025-12-09 05:25:41.929 65421 INFO tempest.lib.common.rest_client [req-eb6d83af-7695-49fd-891e-11eefe41129c req-eb6d83af-7695-49fd-891e-11eefe41129c ] Request (ServersTestManualDisk:tearDownClass): 200 GET http://10.180.1.21/compute/v2.1/servers/c4656991-cd93-4d92-a0d1-510f8af22522 1.148s
2025-12-09 05:25:41.940 65437 INFO tempest.lib.common.rest_client [req-b080007e-255b-4d0d-9634-e6d37e194d13 req-b080007e-255b-4d0d-9634-e6d37e194d13 ] Request (ListImageFiltersTestJSON:test_list_images_filter_by_server_ref): 200 GET http://10.180.1.21/compute/v2.1/images?server=http%3A%2F%2F10.180.1.21%2Fcompute%2Fv2.1%2Fservers%2F5c9c89de-39cc-4405-91b7-56a661a81aa3 1.138s
2025-12-09 05:25:41.980 65441 WARNING tempest.lib.common.ssh [-] Failed to establish authenticated ssh connection to cirros@10.180.180.204 ([Errno None] Unable to connect to port 22 on 10.180.180.204). Number attempts: 4. Retry after 5 seconds.: paramiko.ssh_exception.NoValidConnectionsError: [Errno None] Unable to connect to port 22 on 10.180.180.204
2025-12-09 05:25:42.024 65455 INFO tempest.lib.common.rest_client [req-4439617d-aa08-4aee-a7e2-5549e0d6a598 req-4439617d-aa08-4aee-a7e2-5549e0d6a598 ] Request (ServerShowV247Test:test_update_rebuild_list_server): 200 GET http://10.180.1.21/compute/v2.1/servers/0947bfb6-a031-46ef-97e4-aefb99e944b7 1.110s
2025-12-09 05:25:42.058 65401 INFO tempest.lib.common.rest_client [req-355b7ed5-a11e-49d2-802d-c650af5c73da req-355b7ed5-a11e-49d2-802d-c650af5c73da ] Request (ServerAddressesNegativeTestJSON:setUpClass): 200 GET http://10.180.1.21/compute/v2.1/servers/904108eb-d099-4b29-85e6-bfd68d338666 1.091s
2025-12-09 05:25:42.188 65434 WARNING tempest.lib.common.ssh [-] Failed to establish authenticated ssh connection to cirros@10.180.180.143 ([Errno None] Unable to connect to port 22 on 10.180.180.143). Number attempts: 2. Retry after 3 seconds.: paramiko.ssh_exception.NoValidConnectionsError: [Errno None] Unable to connect to port 22 on 10.180.180.143
2025-12-09 05:25:42.196 65425 INFO tempest.lib.common.rest_client [req-eca19526-4a3c-49c3-80dc-d386cc39add8 req-eca19526-4a3c-49c3-80dc-d386cc39add8 ] Request (MigrationsAdminTest:test_resize_server_revert_deleted_flavor): 200 GET http://10.180.1.21/compute/v2.1/servers/b3021170-7080-447e-b4ca-3dd4d3216a3f 1.192s
2025-12-09 05:25:42.207 65425 INFO tempest.common.waiters [-] State transition "BUILD/spawning" ==> "ACTIVE/None" after 60 second wait
2025-12-09 05:25:42.272 65439 INFO tempest.lib.common.rest_client [req-309038c4-606f-47f9-97d4-0038515c031a req-309038c4-606f-47f9-97d4-0038515c031a ] Request (ServerActionsTestOtherA:test_rebuild_server_in_stop_state): 200 GET http://10.180.1.21/compute/v2.1/servers/f616b66f-6354-4cc5-85ed-d5183341549e 1.121s
2025-12-09 05:25:42.279 65439 INFO tempest.common.waiters [-] State transition "BUILD/block_device_mapping" ==> "BUILD/spawning" after 58 second wait
2025-12-09 05:25:42.288 65436 INFO tempest.lib.common.rest_client [req-6739b7a0-3c62-46c3-a2a2-956f92d79539 req-6739b7a0-3c62-46c3-a2a2-956f92d79539 ] Request (FloatingIPsAssociationTestJSON:test_associate_already_associated_floating_ip): 200 GET http://10.180.1.21/compute/v2.1/servers/1dc7359c-8dac-470a-b5da-1ec327e37ffe 1.109s
2025-12-09 05:25:42.319 65415 INFO tempest.lib.common.rest_client [req-e5fd70a1-cc80-42f7-859e-4948fc14a85e req-e5fd70a1-cc80-42f7-859e-4948fc14a85e ] Request (ImagesTestJSON:test_create_image_from_suspended_server): 200 GET http://10.180.1.21/compute/v2.1/images/76bef000-a2be-4034-bffd-7b4af8440ff1 1.097s
2025-12-09 05:25:42.368 65403 INFO tempest.lib.common.rest_client [req-a96e14e7-40c0-4334-85ae-3ab75b832dea req-a96e14e7-40c0-4334-85ae-3ab75b832dea ] Request (ServersListShow298Test:test_list_show_update_rebuild_server_298): 200 GET http://10.180.1.21/compute/v2.1/servers/4e01d4f5-092a-4036-ab23-4b0628105f97 1.108s
2025-12-09 05:25:42.398 65457 INFO tempest.lib.common.rest_client [req-b98ce196-86a3-4817-9296-2bc5c4f55c9e req-b98ce196-86a3-4817-9296-2bc5c4f55c9e ] Request (ServerMetadataTestJSON:tearDownClass): 200 PUT http://10.180.1.21/networking/v2.0/routers/cb4f9f07-313c-4ccf-91b9-f57193f97279/remove_router_interface 0.822s
2025-12-09 05:25:42.425 65413 INFO tempest.lib.common.rest_client [req-fd766528-e9e9-4857-90e5-8d3f68b60ea2 req-fd766528-e9e9-4857-90e5-8d3f68b60ea2 ] Request (SecurityGroupRulesTestJSON:test_security_group_rules_delete_when_peer_group_deleted): 200 GET http://10.180.1.21/compute/v2.1/os-security-groups/203d03bc-e7df-4fb1-978d-70197abdebc9 1.091s
2025-12-09 05:25:42.546 65445 INFO tempest.lib.common.rest_client [req-5fd65b02-8598-4bf2-b0cb-9a62938c5ac2 req-5fd65b02-8598-4bf2-b0cb-9a62938c5ac2 ] Request (ServerDiskConfigTestJSON:test_rebuild_server_with_auto_disk_config): 200 GET http://10.180.1.21/compute/v2.1/servers/d13647ee-b20b-44c7-832f-a784ee8cca02 1.104s
2025-12-09 05:25:42.658 65427 INFO tempest.lib.common.rest_client [req-fd5f34bf-0476-4d84-a692-e729c54ab35c req-fd5f34bf-0476-4d84-a692-e729c54ab35c ] Request (AttachInterfacesTestJSON:test_create_list_show_delete_interfaces_by_network_port): 200 GET http://10.180.1.21/compute/v2.1/servers/67817087-2472-425f-ab3a-3fe995be2f1e 1.207s
2025-12-09 05:25:42.739 65463 INFO tempest.lib.common.rest_client [req-2da75a88-0e11-4292-85c0-8d07778e26da req-2da75a88-0e11-4292-85c0-8d07778e26da ] Request (ServerGroupTestJSON:test_create_delete_server_group_with_affinity_policy): 200 POST http://10.180.1.21/compute/v2.1/os-server-groups 1.148s
2025-12-09 05:25:42.797 65409 INFO tempest.lib.common.rest_client [req-f4183efa-01c7-4a18-bed7-03c1c44e1575 req-f4183efa-01c7-4a18-bed7-03c1c44e1575 ] Request (AttachVolumeNegativeTest:test_attach_attached_volume_to_different_server): 202 POST http://10.180.1.21/compute/v2.1/servers 1.525s
2025-12-09 05:25:42.801 65431 INFO tempest.lib.common.rest_client [req-7d8203d2-ccda-4b9f-93a0-93dcce688619 req-7d8203d2-ccda-4b9f-93a0-93dcce688619 ] Request (ServersAdminNegativeTestJSON:setUpClass): 200 GET http://10.180.1.21/compute/v2.1/servers/6e262b0c-76a1-4f0c-8104-cf20761ca9ad 1.177s
2025-12-09 05:25:42.822 65457 INFO tempest.lib.common.rest_client [req-50540b50-ddcd-42ee-b866-8a5740e979f5 req-50540b50-ddcd-42ee-b866-8a5740e979f5 ] Request (ServerMetadataTestJSON:tearDownClass): 204 DELETE http://10.180.1.21/networking/v2.0/routers/cb4f9f07-313c-4ccf-91b9-f57193f97279 0.423s
2025-12-09 05:25:42.860 65461 INFO tempest.lib.common.rest_client [req-59e0c178-b113-46e6-85bc-172ea6054506 req-59e0c178-b113-46e6-85bc-172ea6054506 ] Request (InstanceActionsNegativeTestJSON:setUpClass): 200 GET http://10.180.1.21/compute/v2.1/servers/9c21077f-96d0-4428-b43c-0eb0e10e741d 1.116s
2025-12-09 05:25:42.874 65453 INFO tempest.lib.common.rest_client [req-12b1109b-fa57-405a-825b-4c8e64ad570d req-12b1109b-fa57-405a-825b-4c8e64ad570d ] Request (ListServerFiltersTestJSON:test_list_servers_filtered_by_name_regex): 200 GET http://10.180.1.21/compute/v2.1/servers?name=1582802370 1.221s
2025-12-09 05:25:42.919 65437 INFO tempest.lib.common.rest_client [req-0edf3d95-afab-4237-8e8f-307dd52ed138 req-0edf3d95-afab-4237-8e8f-307dd52ed138 ] Request (ListImageFiltersTestJSON:test_list_images_filter_by_server_ref): 200 GET http://10.180.1.21/compute/v2.1/images?server=http%3A%2F%2F10.180.1.21%2Fcompute%2Fservers%2F5c9c89de-39cc-4405-91b7-56a661a81aa3 0.973s
2025-12-09 05:25:43.002 65457 INFO tempest.lib.common.rest_client [req-208c717a-8bd4-4939-b815-a26ecbd1d01b req-208c717a-8bd4-4939-b815-a26ecbd1d01b ] Request (ServerMetadataTestJSON:tearDownClass): 204 DELETE http://10.180.1.21/networking/v2.0/subnets/06c452ca-39ce-4e7a-9473-24711b99217d 0.180s
2025-12-09 05:25:43.024 65405 INFO tempest.lib.common.rest_client [req-a5c559a6-4542-4508-aeef-f6fc1c6cf5ae req-a5c559a6-4542-4508-aeef-f6fc1c6cf5ae ] Request (AttachInterfacesUnderV243Test:test_add_remove_fixed_ip): 200 GET http://10.180.1.21/compute/v2.1/servers/a2b0d6ff-0783-42bd-ba4a-665b58e07e72 0.609s
2025-12-09 05:25:43.043 65425 INFO tempest.lib.common.rest_client [req-5fe0d3c1-d15e-428c-912d-51ad14d46528 req-5fe0d3c1-d15e-428c-912d-51ad14d46528 ] Request (MigrationsAdminTest:test_resize_server_revert_deleted_flavor): 200 GET http://10.180.1.21/compute/v2.1/servers/b3021170-7080-447e-b4ca-3dd4d3216a3f 0.835s
2025-12-09 05:25:43.160 65413 INFO tempest.lib.common.rest_client [req-38f1a1ec-5734-45fc-9d9a-2b1f9efbeee1 req-38f1a1ec-5734-45fc-9d9a-2b1f9efbeee1 ] Request (SecurityGroupRulesTestJSON:test_security_group_rules_list): 200 POST http://10.180.1.21/compute/v2.1/os-security-groups 0.731s
2025-12-09 05:25:43.246 65423 INFO tempest.lib.common.rest_client [req-285883c9-853e-4626-b318-2cf729805f06 req-285883c9-853e-4626-b318-2cf729805f06 ] Request (ServersAdminTestJSON:_run_cleanups): 200 GET http://10.180.1.21/compute/v2.1/servers/d1b66b11-971d-455d-a87f-15177e7926e7 0.694s
2025-12-09 05:25:43.262 65449 INFO tempest.lib.common.rest_client [req-145060ad-890c-4f8e-ac16-5595ec6110df req-145060ad-890c-4f8e-ac16-5595ec6110df ] Request (ImagesNegativeTestJSON:test_create_image_from_deleted_server): 200 GET http://10.180.1.21/compute/v2.1/servers/c8fdd2f2-9d1f-4530-b9ab-874f17848963 0.700s
2025-12-09 05:25:43.282 65463 INFO tempest.lib.common.rest_client [req-a09442c9-cb9f-4c59-888a-3c667e04b04e req-a09442c9-cb9f-4c59-888a-3c667e04b04e ] Request (ServerGroupTestJSON:test_create_delete_server_group_with_affinity_policy): 204 DELETE http://10.180.1.21/compute/v2.1/os-server-groups/4e12becb-e701-4778-8395-5dab003d2bde 0.541s
2025-12-09 05:25:43.307 65409 INFO tempest.lib.common.rest_client [req-39d654e2-1ed5-45c3-b8ff-58b5801fbe7d req-39d654e2-1ed5-45c3-b8ff-58b5801fbe7d ] Request (AttachVolumeNegativeTest:test_attach_attached_volume_to_different_server): 200 GET http://10.180.1.21/compute/v2.1/servers/e769a165-a058-49ca-8653-183f13099dc2 0.507s
2025-12-09 05:25:43.313 65457 INFO tempest.lib.common.rest_client [req-0f674e5e-de50-48cd-8ed0-8392c5ac63d5 req-0f674e5e-de50-48cd-8ed0-8392c5ac63d5 ] Request (ServerMetadataTestJSON:tearDownClass): 204 DELETE http://10.180.1.21/networking/v2.0/networks/972399eb-f4bc-46c2-98f4-41ffc0d457fc 0.310s
2025-12-09 05:25:43.348 65443 INFO tempest.lib.common.rest_client [req-be9d6b55-dc1d-4dc7-8957-88e9558ca7c1 req-be9d6b55-dc1d-4dc7-8957-88e9558ca7c1 ] Request (ServersWithSpecificFlavorTestJSON:test_verify_created_server_ephemeral_disk): 200 GET http://10.180.1.21/compute/v2.1/servers/9e8515fa-f3d0-466f-bac8-5ccc5dfe85c4 0.488s
2025-12-09 05:25:43.367 65453 INFO tempest.lib.common.rest_client [req-b7d3473c-cf7a-43b8-962f-be7388b5a78e req-b7d3473c-cf7a-43b8-962f-be7388b5a78e ] Request (ListServerFiltersTestJSON:test_list_servers_filtered_by_name_wildcard): 200 GET http://10.180.1.21/compute/v2.1/servers?name=-instance 0.489s
2025-12-09 05:25:43.452 65419 WARNING tempest.lib.common.ssh [-] Failed to establish authenticated ssh connection to cirros@10.180.180.190 ([Errno None] Unable to connect to port 22 on 10.180.180.190). Number attempts: 5. Retry after 6 seconds.: paramiko.ssh_exception.NoValidConnectionsError: [Errno None] Unable to connect to port 22 on 10.180.180.190
2025-12-09 05:25:43.454 65437 INFO tempest.lib.common.rest_client [req-bcda2dfe-1e3f-4ea0-9419-c521556f8ceb req-bcda2dfe-1e3f-4ea0-9419-c521556f8ceb ] Request (ListImageFiltersTestJSON:test_list_images_filter_by_status): 200 GET http://10.180.1.21/compute/v2.1/images?status=ACTIVE 0.530s
2025-12-09 05:25:43.463 65457 INFO tempest.lib.common.rest_client [req-62911194-4d66-43cf-a1a0-97d3dfc5eaa0 req-62911194-4d66-43cf-a1a0-97d3dfc5eaa0 ] Request (ServerMetadataTestJSON:tearDownClass): 204 DELETE http://10.180.1.21/identity/v3/users/a63e4f4b0a2849c0ae5a07a6272742be 0.149s
2025-12-09 05:25:43.463 65457 INFO tempest.lib.common.dynamic_creds [-] Deleting project and security group for project: 06f1b0cbca1b400dac860814aa4ec325
2025-12-09 05:25:43.476 65447 INFO tempest.lib.common.rest_client [req-fe49ea5e-024d-436d-891e-a737296bd20a req-fe49ea5e-024d-436d-891e-a737296bd20a ] Request (ServerRescueTestJSON:setUpClass): 200 GET http://10.180.1.21/compute/v2.1/servers/e5be0d77-ca9c-4497-bd58-f92ce9f2ac35 0.583s
2025-12-09 05:25:43.491 65457 INFO tempest.lib.common.rest_client [req-3fba391d-ff07-451f-bb73-8ef2285ca03e req-3fba391d-ff07-451f-bb73-8ef2285ca03e ] Request (ServerMetadataTestJSON:tearDownClass): 200 GET http://10.180.1.21/networking/v2.0/security-groups?tenant_id=06f1b0cbca1b400dac860814aa4ec325&name=default 0.027s
2025-12-09 05:25:43.524 65421 INFO tempest.lib.common.rest_client [req-7d9b7a06-d54f-4598-aaf4-b58fc179a7ba req-7d9b7a06-d54f-4598-aaf4-b58fc179a7ba ] Request (ServersTestManualDisk:tearDownClass): 200 GET http://10.180.1.21/compute/v2.1/servers/c4656991-cd93-4d92-a0d1-510f8af22522 0.583s
2025-12-09 05:25:43.531 65421 INFO tempest.common.waiters [-] State transition "ACTIVE/deleting" ==> "DELETED/None" after 4 second wait
2025-12-09 05:25:43.539 65455 INFO tempest.lib.common.rest_client [req-f706f906-10fa-48d4-83a9-103bb5fe06a1 req-f706f906-10fa-48d4-83a9-103bb5fe06a1 ] Request (ServerShowV247Test:test_update_rebuild_list_server): 200 GET http://10.180.1.21/compute/v2.1/servers/0947bfb6-a031-46ef-97e4-aefb99e944b7 0.502s
2025-12-09 05:25:43.540 65425 INFO tempest.lib.common.rest_client [req-d0be3654-5124-4588-8f5a-7e2d4b474b7b req-d0be3654-5124-4588-8f5a-7e2d4b474b7b ] Request (MigrationsAdminTest:test_resize_server_revert_deleted_flavor): 202 DELETE http://10.180.1.21/compute/v2.1/flavors/54e4978c-33a4-4c76-8d39-cbc2f4930998 0.489s
2025-12-09 05:25:43.577 65457 INFO tempest.lib.common.rest_client [req-49c8aa80-da09-4a1e-b34a-73c6b0476a46 req-49c8aa80-da09-4a1e-b34a-73c6b0476a46 ] Request (ServerMetadataTestJSON:tearDownClass): 204 DELETE http://10.180.1.21/networking/v2.0/security-groups/38bfac23-3a9a-4154-941b-05461f33e86e 0.086s
2025-12-09 05:25:43.591 65401 INFO tempest.lib.common.rest_client [req-4737596b-40ea-4cdb-b99e-173521f97cb1 req-4737596b-40ea-4cdb-b99e-173521f97cb1 ] Request (ServerAddressesNegativeTestJSON:setUpClass): 200 GET http://10.180.1.21/compute/v2.1/servers/904108eb-d099-4b29-85e6-bfd68d338666 0.523s
2025-12-09 05:25:43.700 65413 INFO tempest.lib.common.rest_client [req-61627fe7-c285-4a01-8199-3f4095c3ab8b req-61627fe7-c285-4a01-8199-3f4095c3ab8b ] Request (SecurityGroupRulesTestJSON:test_security_group_rules_list): 200 POST http://10.180.1.21/compute/v2.1/os-security-group-rules 0.537s
2025-12-09 05:25:43.702 65439 INFO tempest.lib.common.rest_client [req-0d7de8b4-8328-486b-8302-fa4b4e4961a7 req-0d7de8b4-8328-486b-8302-fa4b4e4961a7 ] Request (ServerActionsTestOtherA:test_rebuild_server_in_stop_state): 200 GET http://10.180.1.21/compute/v2.1/servers/f616b66f-6354-4cc5-85ed-d5183341549e 0.422s
2025-12-09 05:25:43.718 65457 INFO tempest.lib.common.rest_client [req-fc96eafd-536d-4436-b57e-bccdbbe507e6 req-fc96eafd-536d-4436-b57e-bccdbbe507e6 ] Request (ServerMetadataTestJSON:tearDownClass): 204 DELETE http://10.180.1.21/identity/v3/projects/06f1b0cbca1b400dac860814aa4ec325 0.140s
2025-12-09 05:25:43.720 65463 INFO tempest.lib.common.rest_client [req-62da41cc-ee18-46a4-9bdf-70be1e4ba2ba req-62da41cc-ee18-46a4-9bdf-70be1e4ba2ba ] Request (ServerGroupTestJSON:test_create_delete_server_group_with_affinity_policy): 200 GET http://10.180.1.21/compute/v2.1/os-server-groups 0.437s
2025-12-09 05:25:43.765 65415 INFO tempest.lib.common.rest_client [req-bbda8e32-59bb-4a90-a89c-564f91f55d79 req-bbda8e32-59bb-4a90-a89c-564f91f55d79 ] Request (ImagesTestJSON:test_create_image_from_suspended_server): 200 GET http://10.180.1.21/compute/v2.1/images/76bef000-a2be-4034-bffd-7b4af8440ff1 0.439s
2025-12-09 05:25:43.775 65436 INFO tempest.lib.common.rest_client [req-15988e20-c923-475c-b853-e104af98cd5d req-15988e20-c923-475c-b853-e104af98cd5d ] Request (FloatingIPsAssociationTestJSON:test_associate_already_associated_floating_ip): 200 GET http://10.180.1.21/compute/v2.1/servers/1dc7359c-8dac-470a-b5da-1ec327e37ffe 0.471s
2025-12-09 05:25:43.820 65457 INFO tempest.lib.common.rest_client [req-32d8d857-59e2-48b3-b65f-0ae533a9a62f req-32d8d857-59e2-48b3-b65f-0ae533a9a62f ] Request (AttachVolumeShelveTestJSON:setUpClass): 201 POST http://10.180.1.21/identity/v3/auth/tokens 0.100s
2025-12-09 05:25:43.826 65453 INFO tempest.lib.common.rest_client [req-79c0a44e-df9d-440d-acce-62b00a1b4c06 req-79c0a44e-df9d-440d-acce-62b00a1b4c06 ] Request (ListServerFiltersTestJSON:test_list_servers_filtered_by_name_wildcard): 200 GET http://10.180.1.21/compute/v2.1/servers?name=t-ListServerFiltersTestJSON-instance-158280237 0.457s
2025-12-09 05:25:43.852 65403 INFO tempest.lib.common.rest_client [req-dcda8dac-a1c8-42e9-b570-af09328a3b5b req-dcda8dac-a1c8-42e9-b570-af09328a3b5b ] Request (ServersListShow298Test:test_list_show_update_rebuild_server_298): 200 GET http://10.180.1.21/compute/v2.1/servers/4e01d4f5-092a-4036-ab23-4b0628105f97 0.470s
2025-12-09 05:25:43.858 65457 INFO tempest.lib.common.rest_client [req-164aadee-76ca-4aef-9aa4-1e732e0defae req-164aadee-76ca-4aef-9aa4-1e732e0defae ] Request (AttachVolumeShelveTestJSON:setUpClass): 201 POST http://10.180.1.21/identity/v3/auth/tokens 0.035s
2025-12-09 05:25:43.863 65403 INFO tempest.common.waiters [-] State transition "BUILD/scheduling" ==> "BUILD/None" after 8 second wait
2025-12-09 05:25:43.879 65425 INFO tempest.lib.common.rest_client [req-1ac90663-750b-4b04-a4b5-fffda5a3f8ca req-1ac90663-750b-4b04-a4b5-fffda5a3f8ca ] Request (MigrationsAdminTest:test_resize_server_revert_deleted_flavor): 200 GET http://10.180.1.21/compute/v2.1/flavors/detail 0.338s
2025-12-09 05:25:43.883 65437 INFO tempest.lib.common.rest_client [req-af2c1248-07b0-4293-9bfc-202a830dc77b req-af2c1248-07b0-4293-9bfc-202a830dc77b ] Request (ListImageFiltersTestJSON:test_list_images_filter_by_type): 200 GET http://10.180.1.21/compute/v2.1/images?type=snapshot 0.424s
2025-12-09 05:25:43.892 65457 INFO tempest.lib.common.rest_client [req-33e2d5f3-533c-4ee2-9f23-9312f7811a03 req-33e2d5f3-533c-4ee2-9f23-9312f7811a03 ] Request (AttachVolumeShelveTestJSON:setUpClass): 200 GET http://10.180.1.21/identity/v3/domains?name=Default 0.033s
2025-12-09 05:25:43.937 65457 INFO tempest.lib.common.rest_client [req-85825c4a-9e32-4016-9cc3-5498b45ade18 req-85825c4a-9e32-4016-9cc3-5498b45ade18 ] Request (AttachVolumeShelveTestJSON:setUpClass): 201 POST http://10.180.1.21/identity/v3/projects 0.044s
2025-12-09 05:25:43.945 65427 INFO tempest.lib.common.rest_client [req-f4ed19cb-a5bb-435d-ad20-236d90a12948 req-f4ed19cb-a5bb-435d-ad20-236d90a12948 ] Request (AttachInterfacesTestJSON:test_create_list_show_delete_interfaces_by_network_port): 200 GET http://10.180.1.21/compute/v2.1/servers/67817087-2472-425f-ab3a-3fe995be2f1e 0.276s
2025-12-09 05:25:43.947 65445 INFO tempest.lib.common.rest_client [req-df49ce13-7847-4d38-8d96-db36b23717e9 req-df49ce13-7847-4d38-8d96-db36b23717e9 ] Request (ServerDiskConfigTestJSON:test_rebuild_server_with_auto_disk_config): 200 GET http://10.180.1.21/compute/v2.1/servers/d13647ee-b20b-44c7-832f-a784ee8cca02 0.389s
2025-12-09 05:25:44.018 65463 INFO tempest.lib.common.rest_client [req-b6677143-58b3-4cf9-89cb-ba8144b06d1b req-b6677143-58b3-4cf9-89cb-ba8144b06d1b ] Request (ServerGroupTestJSON:test_create_delete_server_group_with_anti_affinity_policy): 200 POST http://10.180.1.21/compute/v2.1/os-server-groups 0.294s
2025-12-09 05:25:44.022 65457 INFO tempest.lib.common.rest_client [req-027f691f-14ad-4aa6-a574-e2627748c66c req-027f691f-14ad-4aa6-a574-e2627748c66c ] Request (AttachVolumeShelveTestJSON:setUpClass): 201 POST http://10.180.1.21/identity/v3/users 0.084s
2025-12-09 05:25:44.046 65457 INFO tempest.lib.common.rest_client [req-d23a2fee-fec0-47dd-b703-a983fcce1dc8 req-d23a2fee-fec0-47dd-b703-a983fcce1dc8 ] Request (AttachVolumeShelveTestJSON:setUpClass): 200 GET http://10.180.1.21/identity/v3/roles 0.023s
2025-12-09 05:25:44.085 65457 INFO tempest.lib.common.rest_client [req-4572587a-a272-48c6-bd8e-429b5733871b req-4572587a-a272-48c6-bd8e-429b5733871b ] Request (AttachVolumeShelveTestJSON:setUpClass): 204 PUT http://10.180.1.21/identity/v3/projects/13f1ff12029445928b49fe054e5f92fc/users/77b917250a154cec975233607d556532/roles/9ba0b6d87dd34f2682c6d4cf03918c53 0.038s
2025-12-09 05:25:44.085 65457 INFO tempest.lib.common.dynamic_creds [-] Dynamic test user 77b917250a154cec975233607d556532 is created with scope project and roles: ['member']
2025-12-09 05:25:44.085 65457 INFO tempest.lib.common.dynamic_creds [-] Acquired dynamic creds: credentials: Credentials: {'domain_id': 'default', 'domain_name': 'Default', 'username': 'tempest-AttachVolumeShelveTestJSON-399532935-project-member', 'project_domain_id': 'default', 'project_domain_name': 'Default', 'project_id': '13f1ff12029445928b49fe054e5f92fc', 'project_name': 'tempest-AttachVolumeShelveTestJSON-399532935', 'tenant_id': '13f1ff12029445928b49fe054e5f92fc', 'tenant_name': 'tempest-AttachVolumeShelveTestJSON-399532935', 'user_domain_id': 'default', 'user_domain_name': 'Default', 'user_id': '77b917250a154cec975233607d556532', 'system': None}, Network: None, Subnet: None, Router: None
2025-12-09 05:25:44.091 65431 INFO tempest.lib.common.rest_client [req-d58ae9d9-baf5-45b0-bfa1-c88f57b3e37c req-d58ae9d9-baf5-45b0-bfa1-c88f57b3e37c ] Request (ServersAdminNegativeTestJSON:setUpClass): 200 GET http://10.180.1.21/compute/v2.1/servers/6e262b0c-76a1-4f0c-8104-cf20761ca9ad 0.281s
2025-12-09 05:25:44.141 65413 INFO tempest.lib.common.rest_client [req-ae04aa29-490b-43ee-869e-f616d8c8d4a0 req-ae04aa29-490b-43ee-869e-f616d8c8d4a0 ] Request (SecurityGroupRulesTestJSON:test_security_group_rules_list): 200 POST http://10.180.1.21/compute/v2.1/os-security-group-rules 0.439s
2025-12-09 05:25:44.175 65457 INFO tempest.lib.common.rest_client [req-f8026ce6-08ee-4901-bf7f-e74a38d970fe req-f8026ce6-08ee-4901-bf7f-e74a38d970fe ] Request (AttachVolumeShelveTestJSON:setUpClass): 201 POST http://10.180.1.21/identity/v3/auth/tokens 0.090s
2025-12-09 05:25:44.211 65453 INFO tempest.lib.common.rest_client [req-99fecd70-9aa4-4d10-9478-52b957de2b25 req-99fecd70-9aa4-4d10-9478-52b957de2b25 ] Request (ListServerFiltersTestJSON:tearDownClass): 204 DELETE http://10.180.1.21/compute/v2.1/servers/f9213540-9d3b-4304-b379-58870faa2ce9 0.380s
2025-12-09 05:25:44.458 65425 INFO tempest.lib.common.rest_client [req-7751f21b-2fdd-4266-abaf-5de5f4c0f1e9 req-7751f21b-2fdd-4266-abaf-5de5f4c0f1e9 ] Request (MigrationsAdminTest:test_resize_server_revert_deleted_flavor): 202 POST http://10.180.1.21/compute/v2.1/servers/b3021170-7080-447e-b4ca-3dd4d3216a3f/action 0.572s
2025-12-09 05:25:44.519 65437 INFO tempest.lib.common.rest_client [req-3b003a0b-8174-4901-966b-b6d234b241b9 req-3b003a0b-8174-4901-966b-b6d234b241b9 ] Request (ListImageFiltersTestJSON:test_list_images_limit_results): 200 GET http://10.180.1.21/compute/v2.1/images?limit=1 0.628s
2025-12-09 05:25:44.590 65463 INFO tempest.lib.common.rest_client [req-ec44f7e0-dbaa-44a7-b433-e42dc95359ce req-ec44f7e0-dbaa-44a7-b433-e42dc95359ce ] Request (ServerGroupTestJSON:test_create_delete_server_group_with_anti_affinity_policy): 204 DELETE http://10.180.1.21/compute/v2.1/os-server-groups/a731e261-22a7-4695-ae30-72d61ae2a9e4 0.570s
2025-12-09 05:25:44.601 65457 INFO tempest.lib.common.rest_client [req-664dbb48-d2f3-45f9-ac56-70afed6aee3b req-664dbb48-d2f3-45f9-ac56-70afed6aee3b ] Request (AttachVolumeShelveTestJSON:setUpClass): 201 POST http://10.180.1.21/networking/v2.0/networks 0.425s
2025-12-09 05:25:44.640 65461 INFO tempest.lib.common.rest_client [req-c41864f6-9ce9-4228-83bf-8deb3d948d14 req-c41864f6-9ce9-4228-83bf-8deb3d948d14 ] Request (InstanceActionsNegativeTestJSON:setUpClass): 200 GET http://10.180.1.21/compute/v2.1/servers/9c21077f-96d0-4428-b43c-0eb0e10e741d 0.771s
2025-12-09 05:25:44.669 65405 INFO tempest.lib.common.rest_client [req-c6d3b094-f501-413d-b5b0-5e11705b1bff req-c6d3b094-f501-413d-b5b0-5e11705b1bff ] Request (AttachInterfacesUnderV243Test:test_add_remove_fixed_ip): 200 GET http://10.180.1.21/compute/v2.1/servers/a2b0d6ff-0783-42bd-ba4a-665b58e07e72 0.637s
2025-12-09 05:25:44.693 65413 INFO tempest.lib.common.rest_client [req-6e4cebc7-72cf-4e66-9f09-87fe84932614 req-6e4cebc7-72cf-4e66-9f09-87fe84932614 ] Request (SecurityGroupRulesTestJSON:test_security_group_rules_list): 200 GET http://10.180.1.21/compute/v2.1/os-security-groups/24625423-80b9-4191-84fa-0946949889f6 0.549s
2025-12-09 05:25:44.831 65457 INFO tempest.lib.common.rest_client [req-983ebc11-b335-4bc4-a2ff-724bf32b9220 req-983ebc11-b335-4bc4-a2ff-724bf32b9220 ] Request (AttachVolumeShelveTestJSON:setUpClass): 201 POST http://10.180.1.21/networking/v2.0/subnets 0.229s
2025-12-09 05:25:45.693 65434 WARNING tempest.lib.common.ssh [-] Failed to establish authenticated ssh connection to cirros@10.180.180.143 ([Errno None] Unable to connect to port 22 on 10.180.180.143). Number attempts: 3. Retry after 4 seconds.: paramiko.ssh_exception.NoValidConnectionsError: [Errno None] Unable to connect to port 22 on 10.180.180.143
2025-12-09 05:25:45.761 65457 INFO tempest.lib.common.rest_client [req-ed4a3de4-0a52-45d2-a7fe-327eb3d11ce5 req-ed4a3de4-0a52-45d2-a7fe-327eb3d11ce5 ] Request (AttachVolumeShelveTestJSON:setUpClass): 201 POST http://10.180.1.21/networking/v2.0/routers 0.929s
2025-12-09 05:25:45.824 65453 INFO tempest.lib.common.rest_client [req-56a7115f-780c-4a53-bc51-4d85edcc0d1f req-56a7115f-780c-4a53-bc51-4d85edcc0d1f ] Request (ListServerFiltersTestJSON:tearDownClass): 200 GET http://10.180.1.21/compute/v2.1/servers/f9213540-9d3b-4304-b379-58870faa2ce9 1.613s
2025-12-09 05:25:45.905 65423 INFO tempest.lib.common.rest_client [req-62115370-0d98-4af7-98a3-0401f0e6570f req-62115370-0d98-4af7-98a3-0401f0e6570f ] Request (ServersAdminTestJSON:_run_cleanups): 200 GET http://10.180.1.21/compute/v2.1/servers/d1b66b11-971d-455d-a87f-15177e7926e7 1.651s
2025-12-09 05:25:46.380 65449 INFO tempest.lib.common.rest_client [req-19ed78e0-6153-4444-a341-81db62dc8cf5 req-19ed78e0-6153-4444-a341-81db62dc8cf5 ] Request (ImagesNegativeTestJSON:test_create_image_from_deleted_server): 200 GET http://10.180.1.21/compute/v2.1/servers/c8fdd2f2-9d1f-4530-b9ab-874f17848963 2.110s
2025-12-09 05:25:46.399 65409 INFO tempest.lib.common.rest_client [req-20683117-75fe-42e1-80b4-2d2ab09fb71c req-20683117-75fe-42e1-80b4-2d2ab09fb71c ] Request (AttachVolumeNegativeTest:test_attach_attached_volume_to_different_server): 200 GET http://10.180.1.21/compute/v2.1/servers/e769a165-a058-49ca-8653-183f13099dc2 2.076s
2025-12-09 05:25:46.538 65443 INFO tempest.lib.common.rest_client [req-77d64e93-3e4a-4da3-a917-f5dbdd092add req-77d64e93-3e4a-4da3-a917-f5dbdd092add ] Request (ServersWithSpecificFlavorTestJSON:test_verify_created_server_ephemeral_disk): 200 GET http://10.180.1.21/compute/v2.1/servers/9e8515fa-f3d0-466f-bac8-5ccc5dfe85c4 2.179s
2025-12-09 05:25:46.697 65425 INFO tempest.lib.common.rest_client [req-8303a475-08d1-41eb-9b32-a316d60e6324 req-8303a475-08d1-41eb-9b32-a316d60e6324 ] Request (MigrationsAdminTest:test_resize_server_revert_deleted_flavor): 200 GET http://10.180.1.21/compute/v2.1/servers/b3021170-7080-447e-b4ca-3dd4d3216a3f 2.238s
2025-12-09 05:25:46.786 65437 INFO tempest.lib.common.rest_client [req-8fac5410-a2ef-474c-a356-3d5d93b4ad58 req-8fac5410-a2ef-474c-a356-3d5d93b4ad58 ] Request (ListImageFiltersTestJSON:test_list_images_with_detail_filter_by_changes_since): 200 GET http://10.180.1.21/compute/v2.1/images/detail?changes-since=2025-12-09T05%3A23%3A10Z 2.260s
