2025-12-09 06:20:07.440 66715 INFO tempest.lib.common.rest_client [req-06cef58f-0738-4f34-863e-3b14581210a2 req-06cef58f-0738-4f34-863e-3b14581210a2 ] Request (ServerDiagnosticsNegativeTest:tearDownClass): 204 DELETE http://10.180.1.21/identity/v3/projects/57a854edd60e45f8938326c26803a4cf 0.079s
2025-12-09 06:20:07.441 66715 INFO tempest.lib.common.dynamic_creds [-] Deleting project and security group for project: f02920068ec94d7699c1ed5fb821204e
2025-12-09 06:20:07.487 66751 INFO tempest.lib.common.rest_client [req-4d2e66f8-4e3d-41bb-94b1-3c824b847610 req-4d2e66f8-4e3d-41bb-94b1-3c824b847610 ] Request (MigrationsAdminTest:test_list_migrations_in_flavor_resize_situation): 200 GET http://10.180.1.21/compute/v2.1/servers/d1457fde-9566-4a2d-bf77-ae84c94ab6fb 2.477s
2025-12-09 06:20:07.566 66715 INFO tempest.lib.common.rest_client [req-6027b5f0-c6fb-40e8-9a17-3601237c0a32 req-6027b5f0-c6fb-40e8-9a17-3601237c0a32 ] Request (ServerDiagnosticsNegativeTest:tearDownClass): 200 GET http://10.180.1.21/networking/v2.0/security-groups?tenant_id=f02920068ec94d7699c1ed5fb821204e&name=default 0.125s
2025-12-09 06:20:07.643 66731 INFO tempest.lib.common.rest_client [req-189154bb-22a4-40fa-9bf3-59e633ea6ef9 req-189154bb-22a4-40fa-9bf3-59e633ea6ef9 ] Request (ServersAdmin275Test:tearDownClass): 200 GET http://10.180.1.21/compute/v2.1/servers/b41f5eef-6e86-41e1-b433-61605c562b0d 2.512s
2025-12-09 06:20:07.799 66747 INFO tempest.lib.common.rest_client [req-9f93d881-cf01-4ae9-bcec-b8ef43668721 req-9f93d881-cf01-4ae9-bcec-b8ef43668721 ] Request (SecurityGroupRulesTestJSON:tearDownClass): 204 DELETE http://10.180.1.21/networking/v2.0/routers/f3c759ff-1ff4-409d-ae01-2a1231fcb885 0.579s
2025-12-09 06:20:07.856 66715 INFO tempest.lib.common.rest_client [req-d03c57fd-ece2-455d-ab4c-1ad881db3504 req-d03c57fd-ece2-455d-ab4c-1ad881db3504 ] Request (ServerDiagnosticsNegativeTest:tearDownClass): 204 DELETE http://10.180.1.21/networking/v2.0/security-groups/27f6cc7c-06a1-45b8-ba2e-983580c7b920 0.289s
2025-12-09 06:20:07.984 66715 INFO tempest.lib.common.rest_client [req-9b65c945-a45e-42a9-a9f9-42eb39860198 req-9b65c945-a45e-42a9-a9f9-42eb39860198 ] Request (ServerDiagnosticsNegativeTest:tearDownClass): 204 DELETE http://10.180.1.21/identity/v3/projects/f02920068ec94d7699c1ed5fb821204e 0.128s
2025-12-09 06:20:08.079 66715 INFO tempest.lib.common.rest_client [req-2d2e42d0-044e-4a1b-9f55-c9ab82a70ffa req-2d2e42d0-044e-4a1b-9f55-c9ab82a70ffa ] Request (InstanceActionsNegativeTestJSON:setUpClass): 201 POST http://10.180.1.21/identity/v3/auth/tokens 0.094s
2025-12-09 06:20:08.090 66743 INFO tempest.lib.common.rest_client [req-328b9264-0c76-489d-8999-90904442aa29 req-328b9264-0c76-489d-8999-90904442aa29 ] Request (ImagesOneServerTestJSON:test_create_delete_image): 200 GET http://10.180.1.21/compute/v2.1/servers/320f3e0b-9774-4f0d-9cca-74ad96a4cb05 2.939s
2025-12-09 06:20:08.103 66747 INFO tempest.lib.common.rest_client [req-a4697c84-b17a-4194-b91f-8b01bef0c332 req-a4697c84-b17a-4194-b91f-8b01bef0c332 ] Request (SecurityGroupRulesTestJSON:tearDownClass): 204 DELETE http://10.180.1.21/networking/v2.0/subnets/b990cedb-bfc3-44de-bdfb-6963c513b657 0.303s
2025-12-09 06:20:08.124 66715 INFO tempest.lib.common.rest_client [req-cb68d315-261b-4f27-bfc9-bb6a61315eb5 req-cb68d315-261b-4f27-bfc9-bb6a61315eb5 ] Request (InstanceActionsNegativeTestJSON:setUpClass): 201 POST http://10.180.1.21/identity/v3/auth/tokens 0.040s
2025-12-09 06:20:08.128 66745 INFO tempest.lib.common.rest_client [req-2d00ca56-c507-435f-a6c3-5f01f3424b18 req-2d00ca56-c507-435f-a6c3-5f01f3424b18 ] Request (FloatingIPsAssociationTestJSON:test_associate_already_associated_floating_ip): 409 POST http://10.180.1.21/compute/v2.1/servers/a4ec574c-9ff0-48d3-9b1f-5b741aaffc9c/action 3.017s
2025-12-09 06:20:08.159 66765 INFO tempest.lib.common.rest_client [req-ba1d6dc7-7b87-4ce6-86c6-0f98e12390d2 req-ba1d6dc7-7b87-4ce6-86c6-0f98e12390d2 ] Request (FlavorsAdminTestJSON:_run_cleanups): 200 GET http://10.180.1.21/compute/v2.1/flavors/detail 2.990s
2025-12-09 06:20:08.162 66715 INFO tempest.lib.common.rest_client [req-315db764-961f-4c90-88b5-ff3f00a645fa req-315db764-961f-4c90-88b5-ff3f00a645fa ] Request (InstanceActionsNegativeTestJSON:setUpClass): 200 GET http://10.180.1.21/identity/v3/domains?name=Default 0.037s
2025-12-09 06:20:08.199 66715 INFO tempest.lib.common.rest_client [req-158ccca0-4c26-45c3-aea2-993977298dd1 req-158ccca0-4c26-45c3-aea2-993977298dd1 ] Request (InstanceActionsNegativeTestJSON:setUpClass): 201 POST http://10.180.1.21/identity/v3/projects 0.036s
2025-12-09 06:20:08.281 66715 INFO tempest.lib.common.rest_client [req-1b215527-f975-4ea9-9bcb-6d70d827682c req-1b215527-f975-4ea9-9bcb-6d70d827682c ] Request (InstanceActionsNegativeTestJSON:setUpClass): 201 POST http://10.180.1.21/identity/v3/users 0.082s
2025-12-09 06:20:08.313 66715 INFO tempest.lib.common.rest_client [req-a3a315df-7af8-4a68-8b8e-19ccdb009214 req-a3a315df-7af8-4a68-8b8e-19ccdb009214 ] Request (InstanceActionsNegativeTestJSON:setUpClass): 200 GET http://10.180.1.21/identity/v3/roles 0.032s
2025-12-09 06:20:08.349 66754 INFO tempest.lib.common.rest_client [req-a9b6d557-b030-4efb-9c4c-4b1b4e4222c0 req-a9b6d557-b030-4efb-9c4c-4b1b4e4222c0 ] Request (QuotasAdminNegativeTest:_run_cleanups): 200 PUT http://10.180.1.21/compute/v2.1/os-quota-sets/96f95b09ba3e4d08804b11c2d0e8cf99 3.188s
2025-12-09 06:20:08.359 66715 INFO tempest.lib.common.rest_client [req-09f7d9e0-6450-43f9-9222-3c34c34f5254 req-09f7d9e0-6450-43f9-9222-3c34c34f5254 ] Request (InstanceActionsNegativeTestJSON:setUpClass): 204 PUT http://10.180.1.21/identity/v3/projects/edc3c0bee830450da3000f974913898e/users/9da69264b4f944c88a2aa988e18c86f0/roles/143e2d802c984103be04b86b7b1cf837 0.045s
2025-12-09 06:20:08.359 66715 INFO tempest.lib.common.dynamic_creds [-] Dynamic test user 9da69264b4f944c88a2aa988e18c86f0 is created with scope project and roles: ['member']
2025-12-09 06:20:08.359 66715 INFO tempest.lib.common.dynamic_creds [-] Acquired dynamic creds: credentials: Credentials: {'domain_id': 'default', 'domain_name': 'Default', 'username': 'tempest-InstanceActionsNegativeTestJSON-2007462262-project-member', 'project_domain_id': 'default', 'project_domain_name': 'Default', 'project_id': 'edc3c0bee830450da3000f974913898e', 'project_name': 'tempest-InstanceActionsNegativeTestJSON-2007462262', 'tenant_id': 'edc3c0bee830450da3000f974913898e', 'tenant_name': 'tempest-InstanceActionsNegativeTestJSON-2007462262', 'user_domain_id': 'default', 'user_domain_name': 'Default', 'user_id': '9da69264b4f944c88a2aa988e18c86f0', 'system': None}, Network: None, Subnet: None, Router: None
2025-12-09 06:20:08.416 66715 INFO tempest.lib.common.rest_client [req-2dc5aa8a-efbd-435d-9370-be56e1263fa3 req-2dc5aa8a-efbd-435d-9370-be56e1263fa3 ] Request (InstanceActionsNegativeTestJSON:setUpClass): 201 POST http://10.180.1.21/identity/v3/auth/tokens 0.056s
2025-12-09 06:20:08.452 66721 INFO tempest.lib.common.rest_client [req-bbcae0b2-9f96-4244-9bbf-9a924789f6a6 req-bbcae0b2-9f96-4244-9bbf-9a924789f6a6 ] Request (SecurityGroupsTestJSON:test_security_groups_create_list_delete): 200 GET http://10.180.1.21/compute/v2.1/os-security-groups 3.168s
2025-12-09 06:20:08.462 66747 INFO tempest.lib.common.rest_client [req-eebcdb32-24b9-4ac4-8294-f971c19af07b req-eebcdb32-24b9-4ac4-8294-f971c19af07b ] Request (SecurityGroupRulesTestJSON:tearDownClass): 204 DELETE http://10.180.1.21/networking/v2.0/networks/26929397-f886-4d3e-aa52-94cc92b11984 0.359s
2025-12-09 06:20:08.509 66749 INFO tempest.lib.common.rest_client [req-5d518c03-994e-4877-99bd-cbe2709c6e2b req-5d518c03-994e-4877-99bd-cbe2709c6e2b ] Request (ServersAdminNegativeTestJSON:test_migrate_server_invalid_state): 200 GET http://10.180.1.21/compute/v2.1/servers/cf65ea21-1566-461b-b0bb-44571975cc2b 2.855s
2025-12-09 06:20:08.530 66755 INFO tempest.lib.common.rest_client [req-2ee1107d-6d25-4cc0-97cf-bbcbf25de83a req-2ee1107d-6d25-4cc0-97cf-bbcbf25de83a ] Request (FlavorsV261TestJSON:test_crud_flavor): 200 POST http://10.180.1.21/compute/v2.1/flavors 2.914s
2025-12-09 06:20:08.534 66735 INFO tempest.lib.common.rest_client [req-07ef1560-94db-4956-bfb3-b65d5d6b218c req-07ef1560-94db-4956-bfb3-b65d5d6b218c ] Request (AggregatesAdminNegativeTestJSON:test_aggregate_remove_host_as_user): 200 POST http://10.180.1.21/compute/v2.1/os-aggregates 2.532s
2025-12-09 06:20:08.580 66747 INFO tempest.lib.common.rest_client [req-04106234-1187-4c2e-991c-c61d3fafabb9 req-04106234-1187-4c2e-991c-c61d3fafabb9 ] Request (SecurityGroupRulesTestJSON:tearDownClass): 204 DELETE http://10.180.1.21/identity/v3/users/c9c8f6aed9c640c7a04f5be526f0cd34 0.117s
2025-12-09 06:20:08.580 66747 INFO tempest.lib.common.dynamic_creds [-] Deleting project and security group for project: 022bf80c2466463683fe7d4cc84253c8
2025-12-09 06:20:08.629 66717 INFO tempest.lib.common.rest_client [req-cf273ff3-0471-4088-94d6-f46bffb4239f req-cf273ff3-0471-4088-94d6-f46bffb4239f ] Request (ServerDiagnosticsV248Test:tearDownClass): 200 GET http://10.180.1.21/compute/v2.1/servers/00be09a1-23b7-4cb3-92f2-3e76c7949df5 2.252s
2025-12-09 06:20:08.652 66713 INFO tempest.lib.common.rest_client [req-b5d6c11d-ccdc-4e18-9a9c-07ec8be1faad req-b5d6c11d-ccdc-4e18-9a9c-07ec8be1faad ] Request (FlavorsV2TestJSON:test_list_flavors_using_marker): 200 GET http://10.180.1.21/compute/v2.1/flavors?marker=42 2.242s
2025-12-09 06:20:08.653 66747 INFO tempest.lib.common.rest_client [req-192a2cad-4d95-42ad-9a1f-82f40a356c7e req-192a2cad-4d95-42ad-9a1f-82f40a356c7e ] Request (SecurityGroupRulesTestJSON:tearDownClass): 200 GET http://10.180.1.21/networking/v2.0/security-groups?tenant_id=022bf80c2466463683fe7d4cc84253c8&name=default 0.072s
2025-12-09 06:20:08.694 66725 INFO tempest.lib.common.rest_client [req-4cb5c514-34c8-4e4d-975e-0e9200078618 req-4cb5c514-34c8-4e4d-975e-0e9200078618 ] Request (ServersNegativeTestJSON:setUpClass): 200 GET http://10.180.1.21/compute/v2.1/servers/d77862c7-486e-4945-b585-50eea8e6b891 2.292s
2025-12-09 06:20:08.704 66725 INFO tempest.common.waiters [-] State transition "BUILD/networking" ==> "BUILD/spawning" after 23 second wait
2025-12-09 06:20:08.807 66715 INFO tempest.lib.common.rest_client [req-79d0f72f-9ed8-43fe-b8db-78eec1006ac5 req-79d0f72f-9ed8-43fe-b8db-78eec1006ac5 ] Request (InstanceActionsNegativeTestJSON:setUpClass): 201 POST http://10.180.1.21/networking/v2.0/networks 0.390s
2025-12-09 06:20:08.824 66747 INFO tempest.lib.common.rest_client [req-add4455c-b358-4d0e-8474-b4414803b0a9 req-add4455c-b358-4d0e-8474-b4414803b0a9 ] Request (SecurityGroupRulesTestJSON:tearDownClass): 204 DELETE http://10.180.1.21/networking/v2.0/security-groups/f763a99e-5d5c-4071-92de-7c36c17991dc 0.170s
2025-12-09 06:20:08.852 66761 INFO tempest.lib.common.rest_client [req-e893c4ff-210a-4708-9ac9-413e462b4d85 req-e893c4ff-210a-4708-9ac9-413e462b4d85 ] Request (ServerMetadataNegativeTestJSON:setUpClass): 200 GET http://10.180.1.21/compute/v2.1/servers/ebf5cf99-3e32-4dc3-b40b-72798cd51eac 2.408s
2025-12-09 06:20:08.869 66737 INFO tempest.lib.common.rest_client [req-5f2bfe2d-84d7-46dc-ba5b-4e90c718a8c6 req-5f2bfe2d-84d7-46dc-ba5b-4e90c718a8c6 ] Request (ListServersNegativeTestJSON:setUpClass): 200 GET http://10.180.1.21/compute/v2.1/servers/08a9c032-6782-40fc-b7ac-50742b304003 2.386s
2025-12-09 06:20:08.914 66773 INFO tempest.lib.common.rest_client [req-54d8f7e8-3a3d-4ec7-bbd3-c920c022537b req-54d8f7e8-3a3d-4ec7-bbd3-c920c022537b ] Request (ListImagesTestJSON:test_list_images_with_detail): 200 GET http://10.180.1.21/compute/v2.1/images/detail 2.330s
2025-12-09 06:20:09.018 66773 INFO tempest.lib.common.rest_client [req-c6f0dc1b-6232-4f23-8951-66c557cdb117 req-c6f0dc1b-6232-4f23-8951-66c557cdb117 ] Request (ListImagesTestJSON:tearDownClass): 204 DELETE http://10.180.1.21/identity/v3/users/ed71140b6dc94ed0b25b8ccaefe51600 0.098s
2025-12-09 06:20:09.018 66773 INFO tempest.lib.common.dynamic_creds [-] Deleting project and security group for project: 7d73f6878e2647dca219fb64dab5bf46
2025-12-09 06:20:09.028 66747 INFO tempest.lib.common.rest_client [req-bd2a8ded-0315-44e7-8aa4-841ec422c59b req-bd2a8ded-0315-44e7-8aa4-841ec422c59b ] Request (SecurityGroupRulesTestJSON:tearDownClass): 204 DELETE http://10.180.1.21/identity/v3/projects/022bf80c2466463683fe7d4cc84253c8 0.204s
2025-12-09 06:20:09.070 66715 INFO tempest.lib.common.rest_client [req-f6d8aeb7-674d-48f3-a53f-459c96c2e48f req-f6d8aeb7-674d-48f3-a53f-459c96c2e48f ] Request (InstanceActionsNegativeTestJSON:setUpClass): 201 POST http://10.180.1.21/networking/v2.0/subnets 0.262s
2025-12-09 06:20:09.085 66773 INFO tempest.lib.common.rest_client [req-48588459-be19-4cc9-8c69-76fecc755f6a req-48588459-be19-4cc9-8c69-76fecc755f6a ] Request (ListImagesTestJSON:tearDownClass): 201 POST http://10.180.1.21/identity/v3/auth/tokens 0.067s
2025-12-09 06:20:09.098 66739 INFO tempest.lib.common.rest_client [req-852c9060-6da6-450e-8d0d-c566628beec7 req-852c9060-6da6-450e-8d0d-c566628beec7 ] Request (MultipleCreateTestJSON:test_multiple_create): 200 GET http://10.180.1.21/compute/v2.1/servers/e2c7ad71-4566-4145-98e9-e6ebeaf7d348 2.093s
2025-12-09 06:20:09.116 66747 INFO tempest.lib.common.rest_client [req-0d700c6d-30ff-477b-a40f-257fabe6005a req-0d700c6d-30ff-477b-a40f-257fabe6005a ] Request (AZV2TestJSON:setUpClass): 201 POST http://10.180.1.21/identity/v3/auth/tokens 0.086s
2025-12-09 06:20:09.156 66747 INFO tempest.lib.common.rest_client [req-2955e046-e6af-497e-ac06-5e069117ce37 req-2955e046-e6af-497e-ac06-5e069117ce37 ] Request (AZV2TestJSON:setUpClass): 201 POST http://10.180.1.21/identity/v3/auth/tokens 0.034s
2025-12-09 06:20:09.193 66747 INFO tempest.lib.common.rest_client [req-8e34365c-27c5-43a7-b460-a8e95dd6123e req-8e34365c-27c5-43a7-b460-a8e95dd6123e ] Request (AZV2TestJSON:setUpClass): 200 GET http://10.180.1.21/identity/v3/domains?name=Default 0.037s
2025-12-09 06:20:09.225 66747 INFO tempest.lib.common.rest_client [req-6d878584-c49c-4450-a5cf-fa841cf2c5ef req-6d878584-c49c-4450-a5cf-fa841cf2c5ef ] Request (AZV2TestJSON:setUpClass): 201 POST http://10.180.1.21/identity/v3/projects 0.031s
2025-12-09 06:20:09.293 66747 INFO tempest.lib.common.rest_client [req-749c5057-e102-4768-bd13-16d39cc6962b req-749c5057-e102-4768-bd13-16d39cc6962b ] Request (AZV2TestJSON:setUpClass): 201 POST http://10.180.1.21/identity/v3/users 0.067s
2025-12-09 06:20:09.324 66747 INFO tempest.lib.common.rest_client [req-f0424ce4-d192-42d0-833f-276caff3cb23 req-f0424ce4-d192-42d0-833f-276caff3cb23 ] Request (AZV2TestJSON:setUpClass): 200 GET http://10.180.1.21/identity/v3/roles 0.030s
2025-12-09 06:20:09.366 66747 INFO tempest.lib.common.rest_client [req-ed58789d-8eaf-4cfe-aa59-46fd4ed73441 req-ed58789d-8eaf-4cfe-aa59-46fd4ed73441 ] Request (AZV2TestJSON:setUpClass): 204 PUT http://10.180.1.21/identity/v3/projects/bef9c033e7494344b8a04ed62233c8b2/users/a23553018adf40c2989636473d02c8ab/roles/143e2d802c984103be04b86b7b1cf837 0.041s
2025-12-09 06:20:09.367 66747 INFO tempest.lib.common.dynamic_creds [-] Dynamic test user a23553018adf40c2989636473d02c8ab is created with scope project and roles: ['member']
2025-12-09 06:20:09.367 66747 INFO tempest.lib.common.dynamic_creds [-] Acquired dynamic creds: credentials: Credentials: {'domain_id': 'default', 'domain_name': 'Default', 'username': 'tempest-AZV2TestJSON-890246185-project-member', 'project_domain_id': 'default', 'project_domain_name': 'Default', 'project_id': 'bef9c033e7494344b8a04ed62233c8b2', 'project_name': 'tempest-AZV2TestJSON-890246185', 'tenant_id': 'bef9c033e7494344b8a04ed62233c8b2', 'tenant_name': 'tempest-AZV2TestJSON-890246185', 'user_domain_id': 'default', 'user_domain_name': 'Default', 'user_id': 'a23553018adf40c2989636473d02c8ab', 'system': None}, Network: None, Subnet: None, Router: None
2025-12-09 06:20:09.367 66747 INFO tempest.lib.common.dynamic_creds [-] Created isolated network resources for: credentials: Credentials: {'domain_id': 'default', 'domain_name': 'Default', 'username': 'tempest-AZV2TestJSON-890246185-project-member', 'project_domain_id': 'default', 'project_domain_name': 'Default', 'project_id': 'bef9c033e7494344b8a04ed62233c8b2', 'project_name': 'tempest-AZV2TestJSON-890246185', 'tenant_id': 'bef9c033e7494344b8a04ed62233c8b2', 'tenant_name': 'tempest-AZV2TestJSON-890246185', 'user_domain_id': 'default', 'user_domain_name': 'Default', 'user_id': 'a23553018adf40c2989636473d02c8ab', 'system': None}, Network: None, Subnet: None, Router: None
2025-12-09 06:20:09.454 66747 INFO tempest.lib.common.rest_client [req-324b8a20-ff0a-4ef3-8424-22e5ee3ea2a3 req-324b8a20-ff0a-4ef3-8424-22e5ee3ea2a3 ] Request (AZV2TestJSON:setUpClass): 201 POST http://10.180.1.21/identity/v3/auth/tokens 0.083s
2025-12-09 06:20:09.578 66741 WARNING tempest.lib.common.ssh [-] Failed to establish authenticated ssh connection to cirros@10.180.180.194 ([Errno None] Unable to connect to port 22 on 10.180.180.194). Number attempts: 7. Retry after 8 seconds.: paramiko.ssh_exception.NoValidConnectionsError: [Errno None] Unable to connect to port 22 on 10.180.180.194
2025-12-09 06:20:09.639 66773 INFO tempest.lib.common.rest_client [req-0ba05ec6-1fa6-431d-91ca-eb546eda9ffc req-0ba05ec6-1fa6-431d-91ca-eb546eda9ffc ] Request (ListImagesTestJSON:tearDownClass): 200 GET http://10.180.1.21/networking/v2.0/security-groups?tenant_id=7d73f6878e2647dca219fb64dab5bf46&name=default 0.553s
2025-12-09 06:20:09.685 66769 INFO tempest.lib.common.rest_client [req-9fbb0f24-2ac3-466d-9580-4b1a0fb2cda2 req-9fbb0f24-2ac3-466d-9580-4b1a0fb2cda2 ] Request (ImagesNegativeTestJSON:test_create_image_from_deleted_server): 200 GET http://10.180.1.21/compute/v2.1/servers/4f1da5c4-2fb2-45ef-8b9c-6db17f41bd8f 2.659s
2025-12-09 06:20:09.696 66769 INFO tempest.common.waiters [-] State transition "BUILD/spawning" ==> "ACTIVE/None" after 33 second wait
2025-12-09 06:20:09.697 66730 INFO tempest.lib.common.rest_client [req-3d98b580-939f-4713-807a-a7e4df140f8b req-3d98b580-939f-4713-807a-a7e4df140f8b ] Request (ServerMetadataTestJSON:setUpClass): 200 GET http://10.180.1.21/compute/v2.1/servers/ec0375cf-515b-4528-b367-071babf1fa85 2.631s
2025-12-09 06:20:09.707 66730 INFO tempest.common.waiters [-] State transition "BUILD/scheduling" ==> "BUILD/None" after 3 second wait
2025-12-09 06:20:09.942 66715 INFO tempest.lib.common.rest_client [req-ef8b85e0-aa80-4882-8738-ffc38ff8dd47 req-ef8b85e0-aa80-4882-8738-ffc38ff8dd47 ] Request (InstanceActionsNegativeTestJSON:setUpClass): 201 POST http://10.180.1.21/networking/v2.0/routers 0.871s
2025-12-09 06:20:10.105 66773 INFO tempest.lib.common.rest_client [req-fa48629e-107c-4c84-928d-1bd75c11ea42 req-fa48629e-107c-4c84-928d-1bd75c11ea42 ] Request (ListImagesTestJSON:tearDownClass): 204 DELETE http://10.180.1.21/networking/v2.0/security-groups/ef984218-8ae8-4890-9338-79961ed63a83 0.465s
2025-12-09 06:20:10.189 66773 INFO tempest.lib.common.rest_client [req-be8358b2-aa60-4b04-9fee-ef8fc7a1981f req-be8358b2-aa60-4b04-9fee-ef8fc7a1981f ] Request (ListImagesTestJSON:tearDownClass): 204 DELETE http://10.180.1.21/identity/v3/projects/7d73f6878e2647dca219fb64dab5bf46 0.084s
2025-12-09 06:20:10.262 66773 INFO tempest.lib.common.rest_client [req-c15ff88e-3df4-4779-b9da-ad9083a8bdbf req-c15ff88e-3df4-4779-b9da-ad9083a8bdbf ] Request (ServersAaction247Test:setUpClass): 201 POST http://10.180.1.21/identity/v3/auth/tokens 0.071s
2025-12-09 06:20:10.293 66773 INFO tempest.lib.common.rest_client [req-a1e2167c-46cc-4040-b63b-a08c48370870 req-a1e2167c-46cc-4040-b63b-a08c48370870 ] Request (ServersAaction247Test:setUpClass): 201 POST http://10.180.1.21/identity/v3/auth/tokens 0.028s
2025-12-09 06:20:10.322 66773 INFO tempest.lib.common.rest_client [req-6cc3ec61-8b07-4327-9eb7-9f456a24870d req-6cc3ec61-8b07-4327-9eb7-9f456a24870d ] Request (ServersAaction247Test:setUpClass): 200 GET http://10.180.1.21/identity/v3/domains?name=Default 0.028s
2025-12-09 06:20:10.351 66773 INFO tempest.lib.common.rest_client [req-023c4eb5-67c5-415f-a772-5bd441dc1f0c req-023c4eb5-67c5-415f-a772-5bd441dc1f0c ] Request (ServersAaction247Test:setUpClass): 201 POST http://10.180.1.21/identity/v3/projects 0.028s
2025-12-09 06:20:10.450 66773 INFO tempest.lib.common.rest_client [req-56622c2f-64f8-4af2-8673-8f01b9c58ce2 req-56622c2f-64f8-4af2-8673-8f01b9c58ce2 ] Request (ServersAaction247Test:setUpClass): 201 POST http://10.180.1.21/identity/v3/users 0.098s
2025-12-09 06:20:10.483 66773 INFO tempest.lib.common.rest_client [req-47cbc89b-9d5a-4029-a897-3fa837bf9602 req-47cbc89b-9d5a-4029-a897-3fa837bf9602 ] Request (ServersAaction247Test:setUpClass): 200 GET http://10.180.1.21/identity/v3/roles 0.033s
2025-12-09 06:20:10.515 66719 WARNING tempest.lib.common.ssh [-] Failed to establish authenticated ssh connection to cirros@10.180.180.146 ([Errno None] Unable to connect to port 22 on 10.180.180.146). Number attempts: 1. Retry after 2 seconds.: paramiko.ssh_exception.NoValidConnectionsError: [Errno None] Unable to connect to port 22 on 10.180.180.146
2025-12-09 06:20:10.540 66773 INFO tempest.lib.common.rest_client [req-091c4353-81d5-453b-a783-559ccafb3673 req-091c4353-81d5-453b-a783-559ccafb3673 ] Request (ServersAaction247Test:setUpClass): 204 PUT http://10.180.1.21/identity/v3/projects/6f187aedeaec4fd8b8bc9138e4a1c81f/users/6ff7870ecd704ab5b37e0713eb87dedd/roles/143e2d802c984103be04b86b7b1cf837 0.056s
2025-12-09 06:20:10.540 66773 INFO tempest.lib.common.dynamic_creds [-] Dynamic test user 6ff7870ecd704ab5b37e0713eb87dedd is created with scope project and roles: ['member']
2025-12-09 06:20:10.540 66773 INFO tempest.lib.common.dynamic_creds [-] Acquired dynamic creds: credentials: Credentials: {'domain_id': 'default', 'domain_name': 'Default', 'username': 'tempest-ServersAaction247Test-1046040449-project-member', 'project_domain_id': 'default', 'project_domain_name': 'Default', 'project_id': '6f187aedeaec4fd8b8bc9138e4a1c81f', 'project_name': 'tempest-ServersAaction247Test-1046040449', 'tenant_id': '6f187aedeaec4fd8b8bc9138e4a1c81f', 'tenant_name': 'tempest-ServersAaction247Test-1046040449', 'user_domain_id': 'default', 'user_domain_name': 'Default', 'user_id': '6ff7870ecd704ab5b37e0713eb87dedd', 'system': None}, Network: None, Subnet: None, Router: None
2025-12-09 06:20:10.541 66773 INFO tempest.lib.common.dynamic_creds [-] Created isolated network resources for: credentials: Credentials: {'domain_id': 'default', 'domain_name': 'Default', 'username': 'tempest-ServersAaction247Test-1046040449-project-member', 'project_domain_id': 'default', 'project_domain_name': 'Default', 'project_id': '6f187aedeaec4fd8b8bc9138e4a1c81f', 'project_name': 'tempest-ServersAaction247Test-1046040449', 'tenant_id': '6f187aedeaec4fd8b8bc9138e4a1c81f', 'tenant_name': 'tempest-ServersAaction247Test-1046040449', 'user_domain_id': 'default', 'user_domain_name': 'Default', 'user_id': '6ff7870ecd704ab5b37e0713eb87dedd', 'system': None}, Network: None, Subnet: None, Router: None
2025-12-09 06:20:10.633 66773 INFO tempest.lib.common.rest_client [req-3e0e137b-6e3f-43c2-a0f0-da9721e03f1a req-3e0e137b-6e3f-43c2-a0f0-da9721e03f1a ] Request (ServersAaction247Test:setUpClass): 201 POST http://10.180.1.21/identity/v3/auth/tokens 0.088s
2025-12-09 06:20:10.666 66773 INFO tempest.lib.common.rest_client [req-7a6d1403-1e8a-4271-921f-72e23a2fbfb9 req-7a6d1403-1e8a-4271-921f-72e23a2fbfb9 ] Request (ServersAaction247Test:test_create_backup): 201 POST http://10.180.1.21/identity/v3/auth/tokens 0.028s
2025-12-09 06:20:10.666 66773 INFO tempest.lib.common.fixed_network [-] (ServersAaction247Test:test_create_backup) Found network None available for tenant
2025-12-09 06:20:11.249 66715 INFO tempest.lib.common.rest_client [req-c13ba666-c4bd-4ac4-ad6b-aa08d11ae727 req-c13ba666-c4bd-4ac4-ad6b-aa08d11ae727 ] Request (InstanceActionsNegativeTestJSON:setUpClass): 200 PUT http://10.180.1.21/networking/v2.0/routers/0b501849-59ca-4ddc-89de-4181252cf6e8/add_router_interface 1.307s
2025-12-09 06:20:11.250 66715 INFO tempest.lib.common.dynamic_creds [-] Created isolated network resources for: credentials: Credentials: {'domain_id': 'default', 'domain_name': 'Default', 'username': 'tempest-InstanceActionsNegativeTestJSON-2007462262-project-member', 'project_domain_id': 'default', 'project_domain_name': 'Default', 'project_id': 'edc3c0bee830450da3000f974913898e', 'project_name': 'tempest-InstanceActionsNegativeTestJSON-2007462262', 'tenant_id': 'edc3c0bee830450da3000f974913898e', 'tenant_name': 'tempest-InstanceActionsNegativeTestJSON-2007462262', 'user_domain_id': 'default', 'user_domain_name': 'Default', 'user_id': '9da69264b4f944c88a2aa988e18c86f0', 'system': None}, Network: {'id': 'a930639b-fd0b-460c-a346-79e03b720b0c', 'name': 'tempest-InstanceActionsNegativeTestJSON-439443235-network', 'tenant_id': 'edc3c0bee830450da3000f974913898e', 'project_id': 'edc3c0bee830450da3000f974913898e', 'admin_state_up': True, 'mtu': 8950, 'status': 'ACTIVE', 'subnets': [], 'shared': False, 'port_security_enabled': True, 'router:external': False, 'provider:network_type': 'vlan', 'provider:physical_network': 'default', 'provider:segmentation_id': 606, 'availability_zone_hints': [], 'availability_zones': [], 'ipv4_address_scope': None, 'ipv6_address_scope': None, 'description': '', 'tags': [], 'created_at': '2025-12-09T06:20:08Z', 'updated_at': '2025-12-09T06:20:08Z', 'revision_number': 1}, Subnet: {'id': '3b53600d-75f2-4fe2-a3f9-2cd47043209a', 'name': 'tempest-InstanceActionsNegativeTestJSON-439443235-subnet', 'tenant_id': 'edc3c0bee830450da3000f974913898e', 'network_id': 'a930639b-fd0b-460c-a346-79e03b720b0c', 'ip_version': 4, 'subnetpool_id': None, 'enable_dhcp': True, 'ipv6_ra_mode': None, 'ipv6_address_mode': None, 'gateway_ip': '192.168.128.1', 'cidr': '192.168.128.0/28', 'allocation_pools': [{'start': '192.168.128.2', 'end': '192.168.128.14'}], 'host_routes': [], 'dns_nameservers': [], 'description': '', 'router:external': False, 'service_types': [], 'tags': [], 'created_at': '2025-12-09T06:20:08Z', 'updated_at': '2025-12-09T06:20:08Z', 'revision_number': 0, 'project_id': 'edc3c0bee830450da3000f974913898e'}, Router: {'id': '0b501849-59ca-4ddc-89de-4181252cf6e8', 'name': 'tempest-InstanceActionsNegativeTestJSON-439443235-router', 'tenant_id': 'edc3c0bee830450da3000f974913898e', 'admin_state_up': True, 'status': 'ACTIVE', 'external_gateway_info': {'network_id': '94b11daa-471e-4ea7-a892-0c2bfd238115', 'external_fixed_ips': [{'subnet_id': '2c9220be-15b0-4143-9202-f4d3c201ed14', 'ip_address': '10.180.180.138'}], 'enable_snat': True}, 'description': '', 'availability_zones': [], 'distributed': False, 'ha': False, 'availability_zone_hints': [], 'routes': [], 'flavor_id': None, 'tags': [], 'created_at': '2025-12-09T06:20:09Z', 'updated_at': '2025-12-09T06:20:09Z', 'revision_number': 2, 'project_id': 'edc3c0bee830450da3000f974913898e'}
2025-12-09 06:20:11.332 66715 INFO tempest.lib.common.rest_client [req-faedfaa8-190e-4644-9029-9a785fc76359 req-faedfaa8-190e-4644-9029-9a785fc76359 ] Request (InstanceActionsNegativeTestJSON:setUpClass): 201 POST http://10.180.1.21/identity/v3/auth/tokens 0.079s
2025-12-09 06:20:11.376 66715 INFO tempest.lib.common.rest_client [req-c711d4c1-2134-47d4-9cd7-7e0019176ca4 req-c711d4c1-2134-47d4-9cd7-7e0019176ca4 ] Request (InstanceActionsNegativeTestJSON:setUpClass): 201 POST http://10.180.1.21/identity/v3/auth/tokens 0.040s
2025-12-09 06:20:11.376 66715 INFO tempest.lib.common.fixed_network [-] (InstanceActionsNegativeTestJSON:setUpClass) Found network {'id': 'a930639b-fd0b-460c-a346-79e03b720b0c', 'name': 'tempest-InstanceActionsNegativeTestJSON-439443235-network', 'tenant_id': 'edc3c0bee830450da3000f974913898e', 'project_id': 'edc3c0bee830450da3000f974913898e', 'admin_state_up': True, 'mtu': 8950, 'status': 'ACTIVE', 'subnets': [], 'shared': False, 'port_security_enabled': True, 'router:external': False, 'provider:network_type': 'vlan', 'provider:physical_network': 'default', 'provider:segmentation_id': 606, 'availability_zone_hints': [], 'availability_zones': [], 'ipv4_address_scope': None, 'ipv6_address_scope': None, 'description': '', 'tags': [], 'created_at': '2025-12-09T06:20:08Z', 'updated_at': '2025-12-09T06:20:08Z', 'revision_number': 1} available for tenant
2025-12-09 06:20:11.388 66763 INFO tempest.lib.common.rest_client [req-588c44f9-06d4-4904-bcd9-f252e85aae70 req-588c44f9-06d4-4904-bcd9-f252e85aae70 ] Request (ServerDiagnosticsTest:test_get_server_diagnostics): 200 GET http://10.180.1.21/compute/v2.1/servers/00b9fb7c-992d-4d37-b9f8-d5f1dfc94e57 4.303s
2025-12-09 06:20:11.398 66763 INFO tempest.common.waiters [-] State transition "BUILD/None" ==> "BUILD/spawning" after 21 second wait
2025-12-09 06:20:11.439 66727 INFO tempest.lib.common.rest_client [req-a2e5a8a9-fe00-4c73-b0fa-16c2dd222dce req-a2e5a8a9-fe00-4c73-b0fa-16c2dd222dce ] Request (ServersTestJSON:_run_cleanups): 200 GET http://10.180.1.21/compute/v2.1/servers/66057963-085a-4ece-ab55-7b138a8e8b07 4.294s
2025-12-09 06:20:11.573 66733 INFO tempest.lib.common.rest_client [req-c1dcf562-06e7-46ed-8463-1738e13127b2 req-c1dcf562-06e7-46ed-8463-1738e13127b2 ] Request (DeleteServersAdminTestJSON:test_delete_server_while_in_error_state): 200 GET http://10.180.1.21/compute/v2.1/servers/ba48419f-33cc-4ee3-9c62-ffa5882f515b 4.348s
2025-12-09 06:20:11.625 66723 INFO tempest.lib.common.rest_client [req-029d16f2-aca5-4036-b415-d379582d12e1 req-029d16f2-aca5-4036-b415-d379582d12e1 ] Request (ServerActionsTestOtherA:setUp): 200 GET http://10.180.1.21/compute/v2.1/servers/6c03d72d-d4ab-4c25-919c-2982f19829d1 4.382s
2025-12-09 06:20:11.730 66723 INFO tempest.lib.common.rest_client [req-d99e1081-e6ed-4df6-879c-1f20bf939bf8 req-d99e1081-e6ed-4df6-879c-1f20bf939bf8 ] Request (ServerActionsTestOtherA:test_rebuild_server_in_stop_state): 201 POST http://10.180.1.21/identity/v3/auth/tokens 0.087s
2025-12-09 06:20:11.730 66723 INFO tempest.lib.common.fixed_network [-] (ServerActionsTestOtherA:test_rebuild_server_in_stop_state) Found network {'id': '0d200529-09ae-48e0-a28f-eb6d5fd83809', 'name': 'tempest-ServerActionsTestOtherA-768150968-network', 'tenant_id': '6cdd1d5c51a447fba70308283dcac99b', 'project_id': '6cdd1d5c51a447fba70308283dcac99b', 'admin_state_up': True, 'mtu': 8950, 'status': 'ACTIVE', 'subnets': [], 'shared': False, 'port_security_enabled': True, 'router:external': False, 'provider:network_type': 'vlan', 'provider:physical_network': 'default', 'provider:segmentation_id': 213, 'availability_zone_hints': [], 'availability_zones': [], 'ipv4_address_scope': None, 'ipv6_address_scope': None, 'description': '', 'tags': [], 'created_at': '2025-12-09T06:18:32Z', 'updated_at': '2025-12-09T06:18:32Z', 'revision_number': 1} available for tenant
2025-12-09 06:20:11.746 66759 INFO tempest.lib.common.rest_client [req-033f7b1f-6a93-4f90-813d-57bf62b9c2fd req-033f7b1f-6a93-4f90-813d-57bf62b9c2fd ] Request (FloatingIPsAssociationNegativeTestJSON:tearDownClass): 200 GET http://10.180.1.21/compute/v2.1/servers/a84a714f-c288-4c99-b6ea-21c629302e36 4.462s
2025-12-09 06:20:11.781 66771 INFO tempest.lib.common.rest_client [req-1c96f510-131c-4fd7-958a-b8c1f43ecc0a req-1c96f510-131c-4fd7-958a-b8c1f43ecc0a ] Request (InstanceActionsTestJSON:setUpClass): 200 GET http://10.180.1.21/compute/v2.1/servers/36fa59d4-045a-4071-808f-e9ddda9f3b2d 4.537s
2025-12-09 06:20:11.791 66771 INFO tempest.common.waiters [-] State transition "BUILD/spawning" ==> "ACTIVE/None" after 35 second wait
2025-12-09 06:20:11.825 66743 INFO tempest.lib.common.rest_client [req-cb808efe-b9a6-43af-8d8f-0f986b843d77 req-cb808efe-b9a6-43af-8d8f-0f986b843d77 ] Request (ImagesOneServerTestJSON:test_create_delete_image): 200 GET http://10.180.1.21/compute/v2.1/images/1a1471c9-9962-44da-9e85-05afd551a5dd 3.721s
2025-12-09 06:20:11.881 66767 INFO tempest.lib.common.rest_client [req-fbeb2988-3ad7-4625-a2a1-b02f27757a64 req-fbeb2988-3ad7-4625-a2a1-b02f27757a64 ] Request (ListImageFiltersTestJSON:setUpClass): 200 GET http://10.180.1.21/compute/v2.1/servers/fe9250fe-c61e-4a51-9aec-01b6c1a05602 3.820s
2025-12-09 06:20:11.896 66767 INFO tempest.common.waiters [-] State transition "BUILD/spawning" ==> "ACTIVE/None" after 36 second wait
2025-12-09 06:20:11.903 66765 INFO tempest.lib.common.rest_client [req-1bb7b416-f009-4710-8a47-bbee7c58a6d2 req-1bb7b416-f009-4710-8a47-bbee7c58a6d2 ] Request (FlavorsAdminTestJSON:test_is_public_string_variations): 200 POST http://10.180.1.21/compute/v2.1/flavors 3.738s
2025-12-09 06:20:12.067 66754 INFO tempest.lib.common.rest_client [req-6bd51b70-c57b-4da7-8cd9-4b4da20d2bcc req-6bd51b70-c57b-4da7-8cd9-4b4da20d2bcc ] Request (QuotasAdminNegativeTest:test_create_server_when_instances_quota_is_full): 200 GET http://10.180.1.21/compute/v2.1/os-quota-sets/96f95b09ba3e4d08804b11c2d0e8cf99 3.713s
2025-12-09 06:20:12.187 66721 INFO tempest.lib.common.rest_client [req-0939ade4-d9e2-4128-8e3d-b19c10caa59a req-0939ade4-d9e2-4128-8e3d-b19c10caa59a ] Request (SecurityGroupsTestJSON:test_security_groups_create_list_delete): 202 DELETE http://10.180.1.21/compute/v2.1/os-security-groups/d9bd89d1-9ba1-41c6-bf97-039d5e7f3959 3.731s
2025-12-09 06:20:12.283 66751 INFO tempest.lib.common.rest_client [req-477714c7-fb3f-44f8-afc9-95116893b2ce req-477714c7-fb3f-44f8-afc9-95116893b2ce ] Request (MigrationsAdminTest:test_list_migrations_in_flavor_resize_situation): 200 GET http://10.180.1.21/compute/v2.1/servers/d1457fde-9566-4a2d-bf77-ae84c94ab6fb 3.780s
2025-12-09 06:20:12.386 66755 INFO tempest.lib.common.rest_client [req-52d01515-f114-4d5a-aacf-f6e510b7edd8 req-52d01515-f114-4d5a-aacf-f6e510b7edd8 ] Request (FlavorsV261TestJSON:test_crud_flavor): 200 GET http://10.180.1.21/compute/v2.1/flavors/1317665962 3.850s
2025-12-09 06:20:12.681 66745 INFO tempest.lib.common.rest_client [req-aba03397-9dd3-4431-ab77-753f67d9751d req-aba03397-9dd3-4431-ab77-753f67d9751d ] Request (FloatingIPsAssociationTestJSON:_run_cleanups): 202 POST http://10.180.1.21/compute/v2.1/servers/433511f7-8649-4379-85ca-4a991b2a7262/action 4.552s
2025-12-09 06:20:12.713 66735 INFO tempest.lib.common.rest_client [req-b3917c17-b6d5-4a3e-8612-b8d1dcc4622d req-b3917c17-b6d5-4a3e-8612-b8d1dcc4622d ] Request (AggregatesAdminNegativeTestJSON:test_aggregate_remove_host_as_user): 200 POST http://10.180.1.21/compute/v2.1/os-aggregates/7/action 4.175s
2025-12-09 06:20:12.750 66713 INFO tempest.lib.common.rest_client [req-6cf343bf-f787-4dad-b232-89a41689c383 req-6cf343bf-f787-4dad-b232-89a41689c383 ] Request (FlavorsV2TestJSON:test_list_flavors_with_detail): 200 GET http://10.180.1.21/compute/v2.1/flavors/detail 4.091s
2025-12-09 06:20:12.789 66731 INFO tempest.lib.common.rest_client [req-4251e8bf-5784-420f-81bd-5a534a553950 req-4251e8bf-5784-420f-81bd-5a534a553950 ] Request (ServersAdmin275Test:tearDownClass): 200 GET http://10.180.1.21/compute/v2.1/servers/b41f5eef-6e86-41e1-b433-61605c562b0d 4.133s
2025-12-09 06:20:12.848 66747 INFO tempest.lib.common.rest_client [req-71198d54-40e9-4ba2-a8aa-741e0c7f6e28 req-71198d54-40e9-4ba2-a8aa-741e0c7f6e28 ] Request (AZV2TestJSON:test_get_availability_zone_list_with_non_admin_user): 200 GET http://10.180.1.21/compute/v2.1/os-availability-zone 3.393s
2025-12-09 06:20:12.880 66717 INFO tempest.lib.common.rest_client [req-d9a7cec7-aef2-4f94-8886-724a926f8f28 req-d9a7cec7-aef2-4f94-8886-724a926f8f28 ] Request (ServerDiagnosticsV248Test:tearDownClass): 404 GET http://10.180.1.21/compute/v2.1/servers/00be09a1-23b7-4cb3-92f2-3e76c7949df5 3.239s
2025-12-09 06:20:12.893 66749 INFO tempest.lib.common.rest_client [req-c4001329-cf7a-4b14-9df0-46a346ce38a4 req-c4001329-cf7a-4b14-9df0-46a346ce38a4 ] Request (ServersAdminNegativeTestJSON:test_migrate_server_invalid_state): 200 GET http://10.180.1.21/compute/v2.1/servers/cf65ea21-1566-461b-b0bb-44571975cc2b 3.375s
2025-12-09 06:20:12.964 66769 INFO tempest.lib.common.rest_client [req-7670e9a0-96a3-4334-b35e-fa428f3621cb req-7670e9a0-96a3-4334-b35e-fa428f3621cb ] Request (ImagesNegativeTestJSON:test_create_image_from_deleted_server): 204 DELETE http://10.180.1.21/compute/v2.1/servers/4f1da5c4-2fb2-45ef-8b9c-6db17f41bd8f 3.267s
2025-12-09 06:20:13.016 66717 INFO tempest.lib.common.rest_client [req-f9230dd3-8af5-4d51-a83b-9689a5b6980b req-f9230dd3-8af5-4d51-a83b-9689a5b6980b ] Request (ServerDiagnosticsV248Test:tearDownClass): 204 DELETE http://10.180.1.21/identity/v3/users/5c261b96d32e4b04a1a33e7fa3dffbdc 0.136s
2025-12-09 06:20:13.018 66747 INFO tempest.lib.common.rest_client [req-fc4daf68-a362-446a-a6fd-6996c0b59dae req-fc4daf68-a362-446a-a6fd-6996c0b59dae ] Request (AZV2TestJSON:tearDownClass): 204 DELETE http://10.180.1.21/identity/v3/users/a23553018adf40c2989636473d02c8ab 0.168s
2025-12-09 06:20:13.019 66747 INFO tempest.lib.common.dynamic_creds [-] Deleting project and security group for project: bef9c033e7494344b8a04ed62233c8b2
2025-12-09 06:20:13.068 66761 INFO tempest.lib.common.rest_client [req-c6fc3136-fff3-44fc-a142-69df81f48c8d req-c6fc3136-fff3-44fc-a142-69df81f48c8d ] Request (ServerMetadataNegativeTestJSON:setUpClass): 200 GET http://10.180.1.21/compute/v2.1/servers/ebf5cf99-3e32-4dc3-b40b-72798cd51eac 3.200s
2025-12-09 06:20:13.097 66747 INFO tempest.lib.common.rest_client [req-4bd64a7d-3642-4303-9e7b-0d1b8a9d94f2 req-4bd64a7d-3642-4303-9e7b-0d1b8a9d94f2 ] Request (AZV2TestJSON:tearDownClass): 201 POST http://10.180.1.21/identity/v3/auth/tokens 0.077s
2025-12-09 06:20:13.133 66725 INFO tempest.lib.common.rest_client [req-3595479f-0005-4491-a8be-2d6a510d8899 req-3595479f-0005-4491-a8be-2d6a510d8899 ] Request (ServersNegativeTestJSON:setUpClass): 200 GET http://10.180.1.21/compute/v2.1/servers/d77862c7-486e-4945-b585-50eea8e6b891 3.427s
2025-12-09 06:20:13.170 66717 INFO tempest.lib.common.rest_client [req-9094a72a-321a-45a6-92e9-20b31762c68e req-9094a72a-321a-45a6-92e9-20b31762c68e ] Request (ServerDiagnosticsV248Test:tearDownClass): 204 DELETE http://10.180.1.21/identity/v3/users/b88621b410764f8fb34cbb45556e45b4 0.153s
2025-12-09 06:20:13.170 66717 INFO tempest.lib.common.dynamic_creds [-] Deleting project and security group for project: f4bbe7ec0bd04bbd98b4ecd4311bc433
2025-12-09 06:20:13.210 66737 INFO tempest.lib.common.rest_client [req-bedb2a8f-074e-4326-8936-6b427adfe85e req-bedb2a8f-074e-4326-8936-6b427adfe85e ] Request (ListServersNegativeTestJSON:setUpClass): 200 GET http://10.180.1.21/compute/v2.1/servers/08a9c032-6782-40fc-b7ac-50742b304003 3.325s
2025-12-09 06:20:13.240 66717 INFO tempest.lib.common.rest_client [req-444f58d4-68db-4edd-b137-d06e854caf63 req-444f58d4-68db-4edd-b137-d06e854caf63 ] Request (ServerDiagnosticsV248Test:tearDownClass): 201 POST http://10.180.1.21/identity/v3/auth/tokens 0.069s
2025-12-09 06:20:13.254 66739 INFO tempest.lib.common.rest_client [req-4abd7803-fcf7-4f13-a3de-905e51f849c9 req-4abd7803-fcf7-4f13-a3de-905e51f849c9 ] Request (MultipleCreateTestJSON:test_multiple_create): 200 GET http://10.180.1.21/compute/v2.1/servers/e2c7ad71-4566-4145-98e9-e6ebeaf7d348 3.146s
2025-12-09 06:20:13.386 66747 INFO tempest.lib.common.rest_client [req-cc797634-70b0-4cdd-8094-2993882d0d4a req-cc797634-70b0-4cdd-8094-2993882d0d4a ] Request (AZV2TestJSON:tearDownClass): 200 GET http://10.180.1.21/networking/v2.0/security-groups?tenant_id=bef9c033e7494344b8a04ed62233c8b2&name=default 0.289s
2025-12-09 06:20:13.414 66730 INFO tempest.lib.common.rest_client [req-1dc8bb41-1f5a-443b-84fe-dfc4e8be88a1 req-1dc8bb41-1f5a-443b-84fe-dfc4e8be88a1 ] Request (ServerMetadataTestJSON:setUpClass): 200 GET http://10.180.1.21/compute/v2.1/servers/ec0375cf-515b-4528-b367-071babf1fa85 2.706s
2025-12-09 06:20:13.436 66717 INFO tempest.lib.common.rest_client [req-ebc88baa-f1f4-4ecf-8023-4fa1a5c348c0 req-ebc88baa-f1f4-4ecf-8023-4fa1a5c348c0 ] Request (ServerDiagnosticsV248Test:tearDownClass): 200 GET http://10.180.1.21/networking/v2.0/security-groups?tenant_id=f4bbe7ec0bd04bbd98b4ecd4311bc433&name=default 0.196s
2025-12-09 06:20:13.488 66747 INFO tempest.lib.common.rest_client [req-0281072a-8142-4dd4-919e-6c79a89406ef req-0281072a-8142-4dd4-919e-6c79a89406ef ] Request (AZV2TestJSON:tearDownClass): 204 DELETE http://10.180.1.21/networking/v2.0/security-groups/24f83854-db3d-405d-952e-af541af5b270 0.102s
2025-12-09 06:20:13.491 66773 INFO tempest.lib.common.rest_client [req-066fd683-59ba-4556-b7da-7c1ee53d36fb req-066fd683-59ba-4556-b7da-7c1ee53d36fb ] Request (ServersAaction247Test:test_create_backup): 202 POST http://10.180.1.21/compute/v2.1/servers 2.824s
2025-12-09 06:20:13.525 66717 INFO tempest.lib.common.rest_client [req-cba8bc90-cfc5-4afc-b149-988d3b3ad2db req-cba8bc90-cfc5-4afc-b149-988d3b3ad2db ] Request (ServerDiagnosticsV248Test:tearDownClass): 204 DELETE http://10.180.1.21/networking/v2.0/security-groups/72ef460d-3806-41bf-a5b5-cc258a9a6738 0.088s
2025-12-09 06:20:13.583 66719 WARNING tempest.lib.common.ssh [-] Failed to establish authenticated ssh connection to cirros@10.180.180.146 ([Errno None] Unable to connect to port 22 on 10.180.180.146). Number attempts: 2. Retry after 3 seconds.: paramiko.ssh_exception.NoValidConnectionsError: [Errno None] Unable to connect to port 22 on 10.180.180.146
2025-12-09 06:20:13.607 66747 INFO tempest.lib.common.rest_client [req-57186d0f-2b18-483d-ac74-b120d9113873 req-57186d0f-2b18-483d-ac74-b120d9113873 ] Request (AZV2TestJSON:tearDownClass): 204 DELETE http://10.180.1.21/identity/v3/projects/bef9c033e7494344b8a04ed62233c8b2 0.117s
2025-12-09 06:20:13.633 66717 INFO tempest.lib.common.rest_client [req-eff7ee6a-70f3-4804-ae9c-23108b587bc1 req-eff7ee6a-70f3-4804-ae9c-23108b587bc1 ] Request (ServerDiagnosticsV248Test:tearDownClass): 204 DELETE http://10.180.1.21/identity/v3/projects/f4bbe7ec0bd04bbd98b4ecd4311bc433 0.107s
2025-12-09 06:20:13.633 66717 INFO tempest.lib.common.dynamic_creds [-] Deleting project and security group for project: 9243c05686d44a31b676508746049139
2025-12-09 06:20:13.682 66747 INFO tempest.lib.common.rest_client [req-80d9b63f-2d28-4c53-ab90-25d604ac084f req-80d9b63f-2d28-4c53-ab90-25d604ac084f ] Request (ServersListShow2100Test:setUpClass): 201 POST http://10.180.1.21/identity/v3/auth/tokens 0.073s
2025-12-09 06:20:13.731 66747 INFO tempest.lib.common.rest_client [req-c2a18da9-4a37-402d-b0ed-9933355f6e4a req-c2a18da9-4a37-402d-b0ed-9933355f6e4a ] Request (ServersListShow2100Test:setUpClass): 201 POST http://10.180.1.21/identity/v3/auth/tokens 0.046s
2025-12-09 06:20:13.757 66747 INFO tempest.lib.common.rest_client [req-74c58e1d-494c-4da8-bfc2-79536c195872 req-74c58e1d-494c-4da8-bfc2-79536c195872 ] Request (ServersListShow2100Test:setUpClass): 200 GET http://10.180.1.21/identity/v3/domains?name=Default 0.025s
2025-12-09 06:20:13.763 66717 INFO tempest.lib.common.rest_client [req-1f8ee462-90e6-4d12-8d8d-c21aa4a8af1e req-1f8ee462-90e6-4d12-8d8d-c21aa4a8af1e ] Request (ServerDiagnosticsV248Test:tearDownClass): 200 GET http://10.180.1.21/networking/v2.0/security-groups?tenant_id=9243c05686d44a31b676508746049139&name=default 0.129s
2025-12-09 06:20:13.805 66747 INFO tempest.lib.common.rest_client [req-ead4602a-f078-4ae3-95d0-0c23a2435556 req-ead4602a-f078-4ae3-95d0-0c23a2435556 ] Request (ServersListShow2100Test:setUpClass): 201 POST http://10.180.1.21/identity/v3/projects 0.047s
2025-12-09 06:20:13.881 66747 INFO tempest.lib.common.rest_client [req-b66d8ce5-67c7-4860-9119-44436b0631a0 req-b66d8ce5-67c7-4860-9119-44436b0631a0 ] Request (ServersListShow2100Test:setUpClass): 201 POST http://10.180.1.21/identity/v3/users 0.075s
2025-12-09 06:20:13.903 66747 INFO tempest.lib.common.rest_client [req-c8e6755c-8c67-49ca-a909-c2d1ec7324fe req-c8e6755c-8c67-49ca-a909-c2d1ec7324fe ] Request (ServersListShow2100Test:setUpClass): 200 GET http://10.180.1.21/identity/v3/roles 0.021s
2025-12-09 06:20:13.923 66717 INFO tempest.lib.common.rest_client [req-106727ac-06bf-42a7-aef2-8dff3f22f460 req-106727ac-06bf-42a7-aef2-8dff3f22f460 ] Request (ServerDiagnosticsV248Test:tearDownClass): 204 DELETE http://10.180.1.21/networking/v2.0/security-groups/4f16b147-5d2c-4fa7-8ebb-a84aec82f3ee 0.159s
2025-12-09 06:20:13.938 66747 INFO tempest.lib.common.rest_client [req-58c113cc-dfb8-40df-83f2-207962f4f0c6 req-58c113cc-dfb8-40df-83f2-207962f4f0c6 ] Request (ServersListShow2100Test:setUpClass): 204 PUT http://10.180.1.21/identity/v3/projects/1d9b3148f48a425797980038e7385820/users/e4e21668849846b6a26576d3ea7671c8/roles/143e2d802c984103be04b86b7b1cf837 0.034s
2025-12-09 06:20:13.938 66747 INFO tempest.lib.common.dynamic_creds [-] Dynamic test user e4e21668849846b6a26576d3ea7671c8 is created with scope project and roles: ['member']
2025-12-09 06:20:13.938 66747 INFO tempest.lib.common.dynamic_creds [-] Acquired dynamic creds: credentials: Credentials: {'domain_id': 'default', 'domain_name': 'Default', 'username': 'tempest-ServersListShow2100Test-1695248705-project-member', 'project_domain_id': 'default', 'project_domain_name': 'Default', 'project_id': '1d9b3148f48a425797980038e7385820', 'project_name': 'tempest-ServersListShow2100Test-1695248705', 'tenant_id': '1d9b3148f48a425797980038e7385820', 'tenant_name': 'tempest-ServersListShow2100Test-1695248705', 'user_domain_id': 'default', 'user_domain_name': 'Default', 'user_id': 'e4e21668849846b6a26576d3ea7671c8', 'system': None}, Network: None, Subnet: None, Router: None
2025-12-09 06:20:13.938 66747 INFO tempest.lib.common.dynamic_creds [-] Created isolated network resources for: credentials: Credentials: {'domain_id': 'default', 'domain_name': 'Default', 'username': 'tempest-ServersListShow2100Test-1695248705-project-member', 'project_domain_id': 'default', 'project_domain_name': 'Default', 'project_id': '1d9b3148f48a425797980038e7385820', 'project_name': 'tempest-ServersListShow2100Test-1695248705', 'tenant_id': '1d9b3148f48a425797980038e7385820', 'tenant_name': 'tempest-ServersListShow2100Test-1695248705', 'user_domain_id': 'default', 'user_domain_name': 'Default', 'user_id': 'e4e21668849846b6a26576d3ea7671c8', 'system': None}, Network: None, Subnet: None, Router: None
2025-12-09 06:20:14.015 66747 INFO tempest.lib.common.rest_client [req-db8fd64a-f7b7-4406-9b6c-51aaa737f5bd req-db8fd64a-f7b7-4406-9b6c-51aaa737f5bd ] Request (ServersListShow2100Test:setUpClass): 201 POST http://10.180.1.21/identity/v3/auth/tokens 0.073s
2025-12-09 06:20:14.061 66717 INFO tempest.lib.common.rest_client [req-decbb81e-2da6-4ec3-acca-1eecd9d67f3a req-decbb81e-2da6-4ec3-acca-1eecd9d67f3a ] Request (ServerDiagnosticsV248Test:tearDownClass): 204 DELETE http://10.180.1.21/identity/v3/projects/9243c05686d44a31b676508746049139 0.137s
2025-12-09 06:20:14.118 66747 INFO tempest.lib.common.rest_client [req-f881e8fe-71cb-4c71-89f1-9c8dc69332df req-f881e8fe-71cb-4c71-89f1-9c8dc69332df ] Request (ServersListShow2100Test:test_list_show_rebuild_update_server_2100): 201 POST http://10.180.1.21/identity/v3/auth/tokens 0.097s
2025-12-09 06:20:14.119 66747 INFO tempest.lib.common.fixed_network [-] (ServersListShow2100Test:test_list_show_rebuild_update_server_2100) Found network None available for tenant
2025-12-09 06:20:14.146 66717 INFO tempest.lib.common.rest_client [req-634e9782-afde-4b11-9e13-c228f267e368 req-634e9782-afde-4b11-9e13-c228f267e368 ] Request (ServersTestManualDisk:setUpClass): 201 POST http://10.180.1.21/identity/v3/auth/tokens 0.083s
2025-12-09 06:20:14.176 66715 INFO tempest.lib.common.rest_client [req-b53c21a2-93da-4823-bebb-7e584a8d48da req-b53c21a2-93da-4823-bebb-7e584a8d48da ] Request (InstanceActionsNegativeTestJSON:setUpClass): 202 POST http://10.180.1.21/compute/v2.1/servers 2.799s
2025-12-09 06:20:14.199 66717 INFO tempest.lib.common.rest_client [req-c0b322ea-d37e-43f7-a471-517b1e9de39e req-c0b322ea-d37e-43f7-a471-517b1e9de39e ] Request (ServersTestManualDisk:setUpClass): 201 POST http://10.180.1.21/identity/v3/auth/tokens 0.048s
2025-12-09 06:20:14.211 66723 INFO tempest.lib.common.rest_client [req-e2b141b5-a7f8-4082-ad96-80ed445e0878 req-e2b141b5-a7f8-4082-ad96-80ed445e0878 ] Request (ServerActionsTestOtherA:test_rebuild_server_in_stop_state): 202 POST http://10.180.1.21/compute/v2.1/servers 2.480s
2025-12-09 06:20:14.230 66743 INFO tempest.lib.common.rest_client [req-24e581a5-672a-48c3-b44b-66d1e66b185d req-24e581a5-672a-48c3-b44b-66d1e66b185d ] Request (ImagesOneServerTestJSON:test_create_delete_image): 200 GET http://10.180.1.21/compute/v2.1/flavors/42 2.400s
2025-12-09 06:20:14.234 66717 INFO tempest.lib.common.rest_client [req-a515bf0a-802a-47f7-a022-fbfcf9c76c49 req-a515bf0a-802a-47f7-a022-fbfcf9c76c49 ] Request (ServersTestManualDisk:setUpClass): 200 GET http://10.180.1.21/identity/v3/domains?name=Default 0.035s
2025-12-09 06:20:14.235 66771 INFO tempest.lib.common.rest_client [req-522f120f-3ddc-44e7-a51d-fa876dcff81b req-522f120f-3ddc-44e7-a51d-fa876dcff81b ] Request (InstanceActionsTestJSON:test_get_instance_action): 200 GET http://10.180.1.21/compute/v2.1/servers/36fa59d4-045a-4071-808f-e9ddda9f3b2d/os-instance-actions/req-e9911bbe-bea8-45c9-98e4-199c55b3906b 2.443s
2025-12-09 06:20:14.258 66765 INFO tempest.lib.common.rest_client [req-af559f23-c7bd-4ee7-9a4c-d315d4075fcb req-af559f23-c7bd-4ee7-9a4c-d315d4075fcb ] Request (FlavorsAdminTestJSON:test_is_public_string_variations): 200 POST http://10.180.1.21/compute/v2.1/flavors 2.352s
2025-12-09 06:20:14.292 66717 INFO tempest.lib.common.rest_client [req-7b00cad7-33b3-4a1e-aa3e-8ac680929275 req-7b00cad7-33b3-4a1e-aa3e-8ac680929275 ] Request (ServersTestManualDisk:setUpClass): 201 POST http://10.180.1.21/identity/v3/projects 0.057s
2025-12-09 06:20:14.397 66717 INFO tempest.lib.common.rest_client [req-f1b2ad9d-6caa-4a82-a2cc-a8ff76e70c75 req-f1b2ad9d-6caa-4a82-a2cc-a8ff76e70c75 ] Request (ServersTestManualDisk:setUpClass): 201 POST http://10.180.1.21/identity/v3/users 0.103s
2025-12-09 06:20:14.429 66717 INFO tempest.lib.common.rest_client [req-b84db789-6ab3-428f-a4d9-ab9abf915f7b req-b84db789-6ab3-428f-a4d9-ab9abf915f7b ] Request (ServersTestManualDisk:setUpClass): 200 GET http://10.180.1.21/identity/v3/roles 0.031s
