2025-12-09 06:21:14.588 66765 INFO tempest.lib.common.rest_client [req-3c526528-03c8-447e-b19b-604b1e78844b req-3c526528-03c8-447e-b19b-604b1e78844b ] Request (FlavorsAccessTestJSON:tearDownClass): 204 DELETE http://10.180.1.21/identity/v3/projects/cc2c393063f3477a8fee3869b9620261 0.145s
2025-12-09 06:21:14.639 66755 INFO tempest.lib.common.rest_client [req-fc0d774b-7343-497d-9c8c-4724d08fccc3 req-fc0d774b-7343-497d-9c8c-4724d08fccc3 ] Request (ServerActionsV293TestJSON:setUpClass): 201 POST http://10.180.1.21/networking/v2.0/security-groups 0.234s
2025-12-09 06:21:14.656 66765 INFO tempest.lib.common.rest_client [req-04dfb0bd-53bb-4b94-b945-41a84461136e req-04dfb0bd-53bb-4b94-b945-41a84461136e ] Request (ServersTestMultiNic:setUpClass): 201 POST http://10.180.1.21/identity/v3/auth/tokens 0.067s
2025-12-09 06:21:14.679 66771 INFO tempest.lib.common.rest_client [req-ac88ae6d-3806-4bf5-814e-bdf3914865ef req-ac88ae6d-3806-4bf5-814e-bdf3914865ef ] Request (ServerAddressesTestJSON:setUpClass): 201 POST http://10.180.1.21/networking/v2.0/networks 0.456s
2025-12-09 06:21:14.693 66765 INFO tempest.lib.common.rest_client [req-77300a8d-fcc7-4bd3-868e-3323304a6e84 req-77300a8d-fcc7-4bd3-868e-3323304a6e84 ] Request (ServersTestMultiNic:setUpClass): 201 POST http://10.180.1.21/identity/v3/auth/tokens 0.034s
2025-12-09 06:21:14.718 66765 INFO tempest.lib.common.rest_client [req-ee1e4ba4-b9b4-4b87-8f67-a6ee2ffc4819 req-ee1e4ba4-b9b4-4b87-8f67-a6ee2ffc4819 ] Request (ServersTestMultiNic:setUpClass): 200 GET http://10.180.1.21/identity/v3/domains?name=Default 0.024s
2025-12-09 06:21:14.720 66725 INFO tempest.lib.common.rest_client [req-c863eab4-84a3-43bb-a7b4-156f15175b49 req-c863eab4-84a3-43bb-a7b4-156f15175b49 ] Request (ServersNegativeTestJSON:setUp): 200 GET http://10.180.1.21/compute/v2.1/servers/26fec902-f263-457b-bbcc-b8881f17174d 1.679s
2025-12-09 06:21:14.733 66763 INFO tempest.lib.common.rest_client [req-d659a1f6-85a3-475f-ba3a-7f6757194105 req-d659a1f6-85a3-475f-ba3a-7f6757194105 ] Request (DeleteServersTestJSON:test_delete_active_server): 200 GET http://10.180.1.21/compute/v2.1/servers/9caa8091-b2ff-46e6-b3dd-a7fe626434ec 1.563s
2025-12-09 06:21:14.778 66735 INFO tempest.lib.common.rest_client [req-0c3654dc-87f9-42b6-9810-20df0c97948a req-0c3654dc-87f9-42b6-9810-20df0c97948a ] Request (KeyPairsNegativeTestJSON:test_keypair_create_with_invalid_pub_key): 400 POST http://10.180.1.21/compute/v2.1/os-keypairs 1.597s
2025-12-09 06:21:14.797 66765 INFO tempest.lib.common.rest_client [req-ce33c58e-ccf0-4d6b-9b50-d6588ee4ed24 req-ce33c58e-ccf0-4d6b-9b50-d6588ee4ed24 ] Request (ServersTestMultiNic:setUpClass): 201 POST http://10.180.1.21/identity/v3/projects 0.078s
2025-12-09 06:21:14.799 66733 INFO tempest.lib.common.rest_client [req-1203e0e0-6f40-4562-afac-4dd79eeb3ca5 req-1203e0e0-6f40-4562-afac-4dd79eeb3ca5 ] Request (HypervisorAdminV228Test:tearDownClass): 200 GET http://10.180.1.21/networking/v2.0/security-groups?tenant_id=9d2762c27971408db08047bc472b82bc&name=default 0.379s
2025-12-09 06:21:14.855 66725 INFO tempest.lib.common.rest_client [req-fb332776-7388-43f8-a576-d1a124fcdea4 req-fb332776-7388-43f8-a576-d1a124fcdea4 ] Request (ServersNegativeTestJSON:test_create_server_metadata_exceeds_length_limit): 201 POST http://10.180.1.21/identity/v3/auth/tokens 0.114s
2025-12-09 06:21:14.855 66725 INFO tempest.lib.common.fixed_network [-] (ServersNegativeTestJSON:test_create_server_metadata_exceeds_length_limit) Found network {'id': '460d3bde-5b78-4bcf-9eaa-eda085c75c21', 'name': 'tempest-ServersNegativeTestJSON-115365025-network', 'tenant_id': '141ee87e5e9b45ef873e7c67285b11ec', 'project_id': '141ee87e5e9b45ef873e7c67285b11ec', 'admin_state_up': True, 'mtu': 8950, 'status': 'ACTIVE', 'subnets': [], 'shared': False, 'port_security_enabled': True, 'router:external': False, 'provider:network_type': 'vlan', 'provider:physical_network': 'default', 'provider:segmentation_id': 390, 'availability_zone_hints': [], 'availability_zones': [], 'ipv4_address_scope': None, 'ipv6_address_scope': None, 'description': '', 'tags': [], 'created_at': '2025-12-09T06:19:04Z', 'updated_at': '2025-12-09T06:19:04Z', 'revision_number': 1} available for tenant
2025-12-09 06:21:14.887 66755 INFO tempest.lib.common.rest_client [req-a6ddc307-99cc-4675-b4b0-f5ed05a09141 req-a6ddc307-99cc-4675-b4b0-f5ed05a09141 ] Request (ServerActionsV293TestJSON:setUpClass): 201 POST http://10.180.1.21/networking/v2.0/security-group-rules 0.248s
2025-12-09 06:21:14.891 66765 INFO tempest.lib.common.rest_client [req-db573f26-66b5-4b2c-afbb-0e61e30218ac req-db573f26-66b5-4b2c-afbb-0e61e30218ac ] Request (ServersTestMultiNic:setUpClass): 201 POST http://10.180.1.21/identity/v3/users 0.092s
2025-12-09 06:21:14.914 66765 INFO tempest.lib.common.rest_client [req-e9f00ce1-191e-45ee-9709-4ba8d3adfb39 req-e9f00ce1-191e-45ee-9709-4ba8d3adfb39 ] Request (ServersTestMultiNic:setUpClass): 200 GET http://10.180.1.21/identity/v3/roles 0.022s
2025-12-09 06:21:14.922 66747 INFO tempest.lib.common.rest_client [req-f02c9594-8376-49e3-ace9-9de214ad7c8c req-f02c9594-8376-49e3-ace9-9de214ad7c8c ] Request (ServersListShow2100Test:test_list_show_rebuild_update_server_2100): 200 GET http://10.180.1.21/compute/v2.1/servers/96178865-200a-4e82-b11f-bdd258b3c4cf 1.641s
2025-12-09 06:21:14.961 66765 INFO tempest.lib.common.rest_client [req-92b90972-de6a-4d6a-86a8-16603ae3e191 req-92b90972-de6a-4d6a-86a8-16603ae3e191 ] Request (ServersTestMultiNic:setUpClass): 204 PUT http://10.180.1.21/identity/v3/projects/03cbad9be59941b9a56fa9e10fd6afa9/users/bbe862f9e50e40a28914840628b24b21/roles/143e2d802c984103be04b86b7b1cf837 0.046s
2025-12-09 06:21:14.961 66765 INFO tempest.lib.common.dynamic_creds [-] Dynamic test user bbe862f9e50e40a28914840628b24b21 is created with scope project and roles: ['member']
2025-12-09 06:21:14.962 66765 INFO tempest.lib.common.dynamic_creds [-] Acquired dynamic creds: credentials: Credentials: {'domain_id': 'default', 'domain_name': 'Default', 'username': 'tempest-ServersTestMultiNic-535127727-project-member', 'project_domain_id': 'default', 'project_domain_name': 'Default', 'project_id': '03cbad9be59941b9a56fa9e10fd6afa9', 'project_name': 'tempest-ServersTestMultiNic-535127727', 'tenant_id': '03cbad9be59941b9a56fa9e10fd6afa9', 'tenant_name': 'tempest-ServersTestMultiNic-535127727', 'user_domain_id': 'default', 'user_domain_name': 'Default', 'user_id': 'bbe862f9e50e40a28914840628b24b21', 'system': None}, Network: None, Subnet: None, Router: None
2025-12-09 06:21:15.013 66733 INFO tempest.lib.common.rest_client [req-f8fd0f6d-22dd-4527-ac73-f8d136517561 req-f8fd0f6d-22dd-4527-ac73-f8d136517561 ] Request (HypervisorAdminV228Test:tearDownClass): 204 DELETE http://10.180.1.21/networking/v2.0/security-groups/3d986d08-efe0-44d1-a639-51c238a56a06 0.214s
2025-12-09 06:21:15.017 66730 INFO tempest.lib.common.rest_client [req-67972461-de47-4e3a-a1c5-d8ecb1794185 req-67972461-de47-4e3a-a1c5-d8ecb1794185 ] Request (ServerMetadataTestJSON:test_update_metadata_empty_body): 200 POST http://10.180.1.21/compute/v2.1/servers/ec0375cf-515b-4528-b367-071babf1fa85/metadata 1.606s
2025-12-09 06:21:15.064 66765 INFO tempest.lib.common.rest_client [req-41355d86-ac81-4622-9545-ad1e58375caa req-41355d86-ac81-4622-9545-ad1e58375caa ] Request (ServersTestMultiNic:setUpClass): 201 POST http://10.180.1.21/identity/v3/auth/tokens 0.102s
2025-12-09 06:21:15.093 66771 INFO tempest.lib.common.rest_client [req-1af4548b-e9c4-4bf8-b395-716a4cd6787c req-1af4548b-e9c4-4bf8-b395-716a4cd6787c ] Request (ServerAddressesTestJSON:setUpClass): 201 POST http://10.180.1.21/networking/v2.0/subnets 0.413s
2025-12-09 06:21:15.109 66723 INFO tempest.lib.common.rest_client [req-d2e1f2c3-763e-448f-a8b7-ff8ae2dfd9bc req-d2e1f2c3-763e-448f-a8b7-ff8ae2dfd9bc ] Request (ServerActionsTestOtherA:test_rebuild_server_in_stop_state): 202 POST http://10.180.1.21/compute/v2.1/servers/d0389f66-b3cf-48aa-bb27-59152d83066a/action 1.606s
2025-12-09 06:21:15.156 66733 INFO tempest.lib.common.rest_client [req-e66a8c08-d62f-466a-a79f-076bc3a4430c req-e66a8c08-d62f-466a-a79f-076bc3a4430c ] Request (HypervisorAdminV228Test:tearDownClass): 204 DELETE http://10.180.1.21/identity/v3/projects/9d2762c27971408db08047bc472b82bc 0.142s
2025-12-09 06:21:15.183 66755 INFO tempest.lib.common.rest_client [req-035a9e20-46e0-42ce-b18e-9bdcae6f1089 req-035a9e20-46e0-42ce-b18e-9bdcae6f1089 ] Request (ServerActionsV293TestJSON:setUpClass): 201 POST http://10.180.1.21/networking/v2.0/security-group-rules 0.295s
2025-12-09 06:21:15.243 66733 INFO tempest.lib.common.rest_client [req-b525cb27-bbe7-42b1-8df7-bee581620b3f req-b525cb27-bbe7-42b1-8df7-bee581620b3f ] Request (QuotaClassesAdmin257Test:setUpClass): 201 POST http://10.180.1.21/identity/v3/auth/tokens 0.086s
2025-12-09 06:21:15.277 66733 INFO tempest.lib.common.rest_client [req-a49ab1d4-6308-4334-80ad-07ad9a834300 req-a49ab1d4-6308-4334-80ad-07ad9a834300 ] Request (QuotaClassesAdmin257Test:setUpClass): 201 POST http://10.180.1.21/identity/v3/auth/tokens 0.031s
2025-12-09 06:21:15.302 66733 INFO tempest.lib.common.rest_client [req-0693e636-7051-42cd-a9b9-fbe9fc7a3e28 req-0693e636-7051-42cd-a9b9-fbe9fc7a3e28 ] Request (QuotaClassesAdmin257Test:setUpClass): 200 GET http://10.180.1.21/identity/v3/domains?name=Default 0.025s
2025-12-09 06:21:15.338 66733 INFO tempest.lib.common.rest_client [req-891da10a-8646-4821-aa6b-8de5c8efe57d req-891da10a-8646-4821-aa6b-8de5c8efe57d ] Request (QuotaClassesAdmin257Test:setUpClass): 201 POST http://10.180.1.21/identity/v3/projects 0.035s
2025-12-09 06:21:15.411 66733 INFO tempest.lib.common.rest_client [req-d54a8434-20be-496d-9a07-652c51d10910 req-d54a8434-20be-496d-9a07-652c51d10910 ] Request (QuotaClassesAdmin257Test:setUpClass): 201 POST http://10.180.1.21/identity/v3/users 0.072s
2025-12-09 06:21:15.433 66733 INFO tempest.lib.common.rest_client [req-2db07012-b752-42bc-9627-da8a33e3ab1c req-2db07012-b752-42bc-9627-da8a33e3ab1c ] Request (QuotaClassesAdmin257Test:setUpClass): 200 GET http://10.180.1.21/identity/v3/roles 0.022s
2025-12-09 06:21:15.465 66765 INFO tempest.lib.common.rest_client [req-6ecc433a-3c06-4bc8-830a-0a8ffdcf3fce req-6ecc433a-3c06-4bc8-830a-0a8ffdcf3fce ] Request (ServersTestMultiNic:setUpClass): 201 POST http://10.180.1.21/networking/v2.0/networks 0.400s
2025-12-09 06:21:15.471 66733 INFO tempest.lib.common.rest_client [req-c5a2f1b3-2625-48c2-ba22-c2c37129f8a7 req-c5a2f1b3-2625-48c2-ba22-c2c37129f8a7 ] Request (QuotaClassesAdmin257Test:setUpClass): 204 PUT http://10.180.1.21/identity/v3/projects/47e0e5139a284e5f846750b8ffdafef7/users/edcbdbd0eb304eca9a3dd1a699bc29af/roles/143e2d802c984103be04b86b7b1cf837 0.037s
2025-12-09 06:21:15.472 66733 INFO tempest.lib.common.dynamic_creds [-] Dynamic test user edcbdbd0eb304eca9a3dd1a699bc29af is created with scope project and roles: ['member']
2025-12-09 06:21:15.472 66733 INFO tempest.lib.common.dynamic_creds [-] Acquired dynamic creds: credentials: Credentials: {'domain_id': 'default', 'domain_name': 'Default', 'username': 'tempest-QuotaClassesAdmin257Test-50027269-project-member', 'project_domain_id': 'default', 'project_domain_name': 'Default', 'project_id': '47e0e5139a284e5f846750b8ffdafef7', 'project_name': 'tempest-QuotaClassesAdmin257Test-50027269', 'tenant_id': '47e0e5139a284e5f846750b8ffdafef7', 'tenant_name': 'tempest-QuotaClassesAdmin257Test-50027269', 'user_domain_id': 'default', 'user_domain_name': 'Default', 'user_id': 'edcbdbd0eb304eca9a3dd1a699bc29af', 'system': None}, Network: None, Subnet: None, Router: None
2025-12-09 06:21:15.472 66733 INFO tempest.lib.common.dynamic_creds [-] Created isolated network resources for: credentials: Credentials: {'domain_id': 'default', 'domain_name': 'Default', 'username': 'tempest-QuotaClassesAdmin257Test-50027269-project-member', 'project_domain_id': 'default', 'project_domain_name': 'Default', 'project_id': '47e0e5139a284e5f846750b8ffdafef7', 'project_name': 'tempest-QuotaClassesAdmin257Test-50027269', 'tenant_id': '47e0e5139a284e5f846750b8ffdafef7', 'tenant_name': 'tempest-QuotaClassesAdmin257Test-50027269', 'user_domain_id': 'default', 'user_domain_name': 'Default', 'user_id': 'edcbdbd0eb304eca9a3dd1a699bc29af', 'system': None}, Network: None, Subnet: None, Router: None
2025-12-09 06:21:15.522 66754 INFO tempest.lib.common.rest_client [req-f13e6bcc-a434-4261-b09c-9402e3b33727 req-f13e6bcc-a434-4261-b09c-9402e3b33727 ] Request (ServerActionsTestOtherB:setUpClass): 200 GET http://10.180.1.21/compute/v2.1/servers/4fee822f-7286-4337-ae97-a1dff697afe7 2.013s
2025-12-09 06:21:15.580 66733 INFO tempest.lib.common.rest_client [req-9c180ebd-2b22-4ff3-a81f-e0f1c866e38d req-9c180ebd-2b22-4ff3-a81f-e0f1c866e38d ] Request (QuotaClassesAdmin257Test:setUpClass): 201 POST http://10.180.1.21/identity/v3/auth/tokens 0.104s
2025-12-09 06:21:15.666 66733 INFO tempest.lib.common.rest_client [req-8f30c267-8441-4e85-8752-e062124a7fee req-8f30c267-8441-4e85-8752-e062124a7fee ] Request (QuotaClassesAdmin257Test:setUpClass): 201 POST http://10.180.1.21/identity/v3/projects 0.084s
2025-12-09 06:21:15.741 66733 INFO tempest.lib.common.rest_client [req-0f5d8db7-eb67-4080-b3b1-fc504b3329d7 req-0f5d8db7-eb67-4080-b3b1-fc504b3329d7 ] Request (QuotaClassesAdmin257Test:setUpClass): 201 POST http://10.180.1.21/identity/v3/users 0.074s
2025-12-09 06:21:15.772 66733 INFO tempest.lib.common.rest_client [req-dcdde514-a6b5-4ee8-a457-1f6c450ae9de req-dcdde514-a6b5-4ee8-a457-1f6c450ae9de ] Request (QuotaClassesAdmin257Test:setUpClass): 200 GET http://10.180.1.21/identity/v3/roles 0.031s
2025-12-09 06:21:15.821 66733 INFO tempest.lib.common.rest_client [req-4cd73c7d-3d71-47be-9da9-1b7355ce32e5 req-4cd73c7d-3d71-47be-9da9-1b7355ce32e5 ] Request (QuotaClassesAdmin257Test:setUpClass): 204 PUT http://10.180.1.21/identity/v3/projects/5fc13632c0624b0282f6a7beec3a260b/users/4d31a38fcb194bc4af6dbfd22a620932/roles/f511ea9f040c434ba53320bcdd1f742a 0.047s
2025-12-09 06:21:15.907 66733 INFO tempest.lib.common.rest_client [req-97357fe6-ad4a-4430-ace5-b1087327bf4f req-97357fe6-ad4a-4430-ace5-b1087327bf4f ] Request (QuotaClassesAdmin257Test:setUpClass): 200 GET http://10.180.1.21/identity/v3/roles 0.085s
2025-12-09 06:21:15.929 66733 INFO tempest.lib.common.rest_client [req-654cc392-801c-4504-8df4-0953fdb5159b req-654cc392-801c-4504-8df4-0953fdb5159b ] Request (QuotaClassesAdmin257Test:setUpClass): 204 PUT http://10.180.1.21/identity/v3/projects/5fc13632c0624b0282f6a7beec3a260b/users/4d31a38fcb194bc4af6dbfd22a620932/roles/f511ea9f040c434ba53320bcdd1f742a 0.022s
2025-12-09 06:21:15.929 66733 INFO tempest.lib.common.dynamic_creds [-] Dynamic test user 4d31a38fcb194bc4af6dbfd22a620932 is created with scope project and roles: ['admin']
2025-12-09 06:21:15.930 66733 INFO tempest.lib.common.dynamic_creds [-] Acquired dynamic creds: credentials: Credentials: {'domain_id': 'default', 'domain_name': 'Default', 'username': 'tempest-QuotaClassesAdmin257Test-19919248-project-admin', 'project_domain_id': 'default', 'project_domain_name': 'Default', 'project_id': '5fc13632c0624b0282f6a7beec3a260b', 'project_name': 'tempest-QuotaClassesAdmin257Test-19919248', 'tenant_id': '5fc13632c0624b0282f6a7beec3a260b', 'tenant_name': 'tempest-QuotaClassesAdmin257Test-19919248', 'user_domain_id': 'default', 'user_domain_name': 'Default', 'user_id': '4d31a38fcb194bc4af6dbfd22a620932', 'system': None}, Network: None, Subnet: None, Router: None
2025-12-09 06:21:15.930 66733 INFO tempest.lib.common.dynamic_creds [-] Created isolated network resources for: credentials: Credentials: {'domain_id': 'default', 'domain_name': 'Default', 'username': 'tempest-QuotaClassesAdmin257Test-19919248-project-admin', 'project_domain_id': 'default', 'project_domain_name': 'Default', 'project_id': '5fc13632c0624b0282f6a7beec3a260b', 'project_name': 'tempest-QuotaClassesAdmin257Test-19919248', 'tenant_id': '5fc13632c0624b0282f6a7beec3a260b', 'tenant_name': 'tempest-QuotaClassesAdmin257Test-19919248', 'user_domain_id': 'default', 'user_domain_name': 'Default', 'user_id': '4d31a38fcb194bc4af6dbfd22a620932', 'system': None}, Network: None, Subnet: None, Router: None
2025-12-09 06:21:16.023 66733 INFO tempest.lib.common.rest_client [req-8773b3f0-c39f-46cb-8713-6fc93ca9a302 req-8773b3f0-c39f-46cb-8713-6fc93ca9a302 ] Request (QuotaClassesAdmin257Test:setUpClass): 201 POST http://10.180.1.21/identity/v3/auth/tokens 0.089s
2025-12-09 06:21:16.033 66771 INFO tempest.lib.common.rest_client [req-255d6856-abd4-4dbf-848a-18d791c4d442 req-255d6856-abd4-4dbf-848a-18d791c4d442 ] Request (ServerAddressesTestJSON:setUpClass): 201 POST http://10.180.1.21/networking/v2.0/routers 0.940s
2025-12-09 06:21:16.038 66755 INFO tempest.lib.common.rest_client [req-dd6b5f61-445d-4c1e-9bb8-a47fc28d73fb req-dd6b5f61-445d-4c1e-9bb8-a47fc28d73fb ] Request (ServerActionsV293TestJSON:setUpClass): 201 POST http://10.180.1.21/networking/v2.0/floatingips 0.855s
2025-12-09 06:21:16.109 66755 INFO tempest.lib.common.rest_client [req-e418ef63-9d36-45da-8911-51368790a738 req-e418ef63-9d36-45da-8911-51368790a738 ] Request (ServerActionsV293TestJSON:setUpClass): 201 POST http://10.180.1.21/identity/v3/auth/tokens 0.067s
2025-12-09 06:21:16.110 66755 INFO tempest.lib.common.fixed_network [-] (ServerActionsV293TestJSON:setUpClass) Found network {'id': 'e8beb990-b0de-40b5-8012-79ec9a55490d', 'name': 'tempest-ServerActionsV293TestJSON-1286149574-network', 'tenant_id': '4ba10864755b436e85288ebb8bbe9642', 'project_id': '4ba10864755b436e85288ebb8bbe9642', 'admin_state_up': True, 'mtu': 8950, 'status': 'ACTIVE', 'subnets': [], 'shared': False, 'port_security_enabled': True, 'router:external': False, 'provider:network_type': 'vlan', 'provider:physical_network': 'default', 'provider:segmentation_id': 652, 'availability_zone_hints': [], 'availability_zones': [], 'ipv4_address_scope': None, 'ipv6_address_scope': None, 'description': '', 'tags': [], 'created_at': '2025-12-09T06:21:10Z', 'updated_at': '2025-12-09T06:21:10Z', 'revision_number': 1} available for tenant
2025-12-09 06:21:16.159 66741 INFO tempest.lib.common.rest_client [req-c3dfb19e-1439-45e7-8316-310596a9a2d0 req-c3dfb19e-1439-45e7-8316-310596a9a2d0 ] Request (VolumesAssistedSnapshotsTest:tearDownClass): 200 GET http://10.180.1.21/compute/v2.1/servers/5a5fa8e6-c5cb-4b60-bc0e-bb8c3a49a17b 1.852s
2025-12-09 06:21:16.253 66765 INFO tempest.lib.common.rest_client [req-c55a349f-2804-4285-935e-61055b03e35d req-c55a349f-2804-4285-935e-61055b03e35d ] Request (ServersTestMultiNic:setUpClass): 201 POST http://10.180.1.21/networking/v2.0/subnets 0.786s
2025-12-09 06:21:16.363 66751 INFO tempest.lib.common.rest_client [req-17bd5f50-b6ea-492a-aa26-baa086e71c18 req-17bd5f50-b6ea-492a-aa26-baa086e71c18 ] Request (MigrationsAdminTest:test_resize_server_revert_deleted_flavor): 200 GET http://10.180.1.21/compute/v2.1/servers/ab063d16-243e-4480-ae25-c53adf368520 1.988s
2025-12-09 06:21:16.458 66755 INFO tempest.lib.common.rest_client [req-dc2435b2-7dcd-43a7-872d-2097aa1cb068 req-dc2435b2-7dcd-43a7-872d-2097aa1cb068 ] Request (ServerActionsV293TestJSON:setUpClass): 202 POST http://10.180.1.21/volume/v3/volumes 0.347s
2025-12-09 06:21:16.520 66755 INFO tempest.lib.common.rest_client [req-677020c8-173c-4ebf-a36d-49b17b80aefc req-677020c8-173c-4ebf-a36d-49b17b80aefc ] Request (ServerActionsV293TestJSON:setUpClass): 200 GET http://10.180.1.21/volume/v3/volumes/87d37813-6120-48b3-abcc-564c5fc72c96 0.050s
2025-12-09 06:21:17.175 66771 INFO tempest.lib.common.rest_client [req-030743d2-f849-462b-8b01-74d2522b5ef9 req-030743d2-f849-462b-8b01-74d2522b5ef9 ] Request (ServerAddressesTestJSON:setUpClass): 200 PUT http://10.180.1.21/networking/v2.0/routers/ab65f577-ef69-467b-a67b-065e8aab56ae/add_router_interface 1.141s
2025-12-09 06:21:17.176 66771 INFO tempest.lib.common.dynamic_creds [-] Created isolated network resources for: credentials: Credentials: {'domain_id': 'default', 'domain_name': 'Default', 'username': 'tempest-ServerAddressesTestJSON-1193968181-project-member', 'project_domain_id': 'default', 'project_domain_name': 'Default', 'project_id': '5a3fbb19cd49461f9da234a9cf4379a1', 'project_name': 'tempest-ServerAddressesTestJSON-1193968181', 'tenant_id': '5a3fbb19cd49461f9da234a9cf4379a1', 'tenant_name': 'tempest-ServerAddressesTestJSON-1193968181', 'user_domain_id': 'default', 'user_domain_name': 'Default', 'user_id': '18850e78dc234ac8a741ba8100059374', 'system': None}, Network: {'id': '0d37154e-933c-438e-9def-873fb30e0482', 'name': 'tempest-ServerAddressesTestJSON-1115088541-network', 'tenant_id': '5a3fbb19cd49461f9da234a9cf4379a1', 'project_id': '5a3fbb19cd49461f9da234a9cf4379a1', 'admin_state_up': True, 'mtu': 8950, 'status': 'ACTIVE', 'subnets': [], 'shared': False, 'port_security_enabled': True, 'router:external': False, 'provider:network_type': 'vlan', 'provider:physical_network': 'default', 'provider:segmentation_id': 97, 'availability_zone_hints': [], 'availability_zones': [], 'ipv4_address_scope': None, 'ipv6_address_scope': None, 'description': '', 'tags': [], 'created_at': '2025-12-09T06:21:14Z', 'updated_at': '2025-12-09T06:21:14Z', 'revision_number': 1}, Subnet: {'id': '542be24f-a7cc-4cba-ab09-30eb3eb835ff', 'name': 'tempest-ServerAddressesTestJSON-1115088541-subnet', 'tenant_id': '5a3fbb19cd49461f9da234a9cf4379a1', 'network_id': '0d37154e-933c-438e-9def-873fb30e0482', 'ip_version': 4, 'subnetpool_id': None, 'enable_dhcp': True, 'ipv6_ra_mode': None, 'ipv6_address_mode': None, 'gateway_ip': '192.168.128.1', 'cidr': '192.168.128.0/28', 'allocation_pools': [{'start': '192.168.128.2', 'end': '192.168.128.14'}], 'host_routes': [], 'dns_nameservers': [], 'description': '', 'router:external': False, 'service_types': [], 'tags': [], 'created_at': '2025-12-09T06:21:14Z', 'updated_at': '2025-12-09T06:21:14Z', 'revision_number': 0, 'project_id': '5a3fbb19cd49461f9da234a9cf4379a1'}, Router: {'id': 'ab65f577-ef69-467b-a67b-065e8aab56ae', 'name': 'tempest-ServerAddressesTestJSON-1115088541-router', 'tenant_id': '5a3fbb19cd49461f9da234a9cf4379a1', 'admin_state_up': True, 'status': 'ACTIVE', 'external_gateway_info': {'network_id': '94b11daa-471e-4ea7-a892-0c2bfd238115', 'external_fixed_ips': [{'subnet_id': '2c9220be-15b0-4143-9202-f4d3c201ed14', 'ip_address': '10.180.180.145'}], 'enable_snat': True}, 'description': '', 'availability_zones': [], 'distributed': False, 'ha': False, 'availability_zone_hints': [], 'routes': [], 'flavor_id': None, 'tags': [], 'created_at': '2025-12-09T06:21:15Z', 'updated_at': '2025-12-09T06:21:15Z', 'revision_number': 2, 'project_id': '5a3fbb19cd49461f9da234a9cf4379a1'}
2025-12-09 06:21:17.194 66765 INFO tempest.lib.common.rest_client [req-229a292b-991e-45f1-a16f-bc7bfd28e113 req-229a292b-991e-45f1-a16f-bc7bfd28e113 ] Request (ServersTestMultiNic:setUpClass): 201 POST http://10.180.1.21/networking/v2.0/routers 0.940s
2025-12-09 06:21:17.290 66771 INFO tempest.lib.common.rest_client [req-0e404414-feb7-47bf-9352-dccae6476300 req-0e404414-feb7-47bf-9352-dccae6476300 ] Request (ServerAddressesTestJSON:setUpClass): 201 POST http://10.180.1.21/identity/v3/auth/tokens 0.109s
2025-12-09 06:21:17.333 66771 INFO tempest.lib.common.rest_client [req-180ab01a-ba64-42db-9e1c-cc8e71f99dd2 req-180ab01a-ba64-42db-9e1c-cc8e71f99dd2 ] Request (ServerAddressesTestJSON:setUpClass): 201 POST http://10.180.1.21/identity/v3/auth/tokens 0.039s
2025-12-09 06:21:17.334 66771 INFO tempest.lib.common.fixed_network [-] (ServerAddressesTestJSON:setUpClass) Found network {'id': '0d37154e-933c-438e-9def-873fb30e0482', 'name': 'tempest-ServerAddressesTestJSON-1115088541-network', 'tenant_id': '5a3fbb19cd49461f9da234a9cf4379a1', 'project_id': '5a3fbb19cd49461f9da234a9cf4379a1', 'admin_state_up': True, 'mtu': 8950, 'status': 'ACTIVE', 'subnets': [], 'shared': False, 'port_security_enabled': True, 'router:external': False, 'provider:network_type': 'vlan', 'provider:physical_network': 'default', 'provider:segmentation_id': 97, 'availability_zone_hints': [], 'availability_zones': [], 'ipv4_address_scope': None, 'ipv6_address_scope': None, 'description': '', 'tags': [], 'created_at': '2025-12-09T06:21:14Z', 'updated_at': '2025-12-09T06:21:14Z', 'revision_number': 1} available for tenant
2025-12-09 06:21:17.340 66739 INFO tempest.lib.common.rest_client [req-85c78f2f-f3b0-4f12-b0a8-3dc698cad952 req-85c78f2f-f3b0-4f12-b0a8-3dc698cad952 ] Request (MultipleCreateTestJSON:test_multiple_create_with_reservation_return): 202 POST http://10.180.1.21/compute/v2.1/servers 3.949s
2025-12-09 06:21:17.487 66715 INFO tempest.lib.common.rest_client [req-09bb7d1b-f789-4ef3-a604-a4ca90f55686 req-09bb7d1b-f789-4ef3-a604-a4ca90f55686 ] Request (InstanceActionsNegativeTestJSON:tearDownClass): 200 GET http://10.180.1.21/compute/v2.1/servers/676ea782-828b-4154-8055-537bebd01b9e 2.982s
2025-12-09 06:21:17.563 66755 INFO tempest.lib.common.rest_client [req-813652d2-37c3-45e2-a513-e3853864dcae req-813652d2-37c3-45e2-a513-e3853864dcae ] Request (ServerActionsV293TestJSON:setUpClass): 200 GET http://10.180.1.21/volume/v3/volumes/87d37813-6120-48b3-abcc-564c5fc72c96 0.030s
2025-12-09 06:21:17.764 66773 INFO tempest.lib.common.rest_client [req-aefe5fad-4f8e-4c8c-8597-f34639e95a37 req-aefe5fad-4f8e-4c8c-8597-f34639e95a37 ] Request (ServersAaction247Test:tearDownClass): 200 GET http://10.180.1.21/compute/v2.1/servers/c44d6109-2049-48f1-b545-d9aa42a45cb2 3.255s
2025-12-09 06:21:17.891 66775 WARNING tempest.lib.common.ssh [-] Failed to establish authenticated ssh connection to cirros@10.180.180.213 ([Errno None] Unable to connect to port 22 on 10.180.180.213). Number attempts: 11. Retry after 12 seconds.: paramiko.ssh_exception.NoValidConnectionsError: [Errno None] Unable to connect to port 22 on 10.180.180.213
2025-12-09 06:21:18.205 66743 INFO tempest.lib.common.rest_client [req-78ba5daa-b8aa-45c3-97aa-fd3f847da478 req-78ba5daa-b8aa-45c3-97aa-fd3f847da478 ] Request (ImagesOneServerTestJSON:tearDownClass): 200 GET http://10.180.1.21/compute/v2.1/servers/320f3e0b-9774-4f0d-9cca-74ad96a4cb05 3.635s
2025-12-09 06:21:18.390 66765 INFO tempest.lib.common.rest_client [req-ddeea762-0794-466a-9f92-868d19ee8817 req-ddeea762-0794-466a-9f92-868d19ee8817 ] Request (ServersTestMultiNic:setUpClass): 200 PUT http://10.180.1.21/networking/v2.0/routers/8d3be8d9-619b-48ff-960f-3937ab5a8df6/add_router_interface 1.195s
2025-12-09 06:21:18.390 66765 INFO tempest.lib.common.dynamic_creds [-] Created isolated network resources for: credentials: Credentials: {'domain_id': 'default', 'domain_name': 'Default', 'username': 'tempest-ServersTestMultiNic-535127727-project-member', 'project_domain_id': 'default', 'project_domain_name': 'Default', 'project_id': '03cbad9be59941b9a56fa9e10fd6afa9', 'project_name': 'tempest-ServersTestMultiNic-535127727', 'tenant_id': '03cbad9be59941b9a56fa9e10fd6afa9', 'tenant_name': 'tempest-ServersTestMultiNic-535127727', 'user_domain_id': 'default', 'user_domain_name': 'Default', 'user_id': 'bbe862f9e50e40a28914840628b24b21', 'system': None}, Network: {'id': '5f08141a-828d-4f88-b028-6781e3d4f20e', 'name': 'tempest-ServersTestMultiNic-2131589-network', 'tenant_id': '03cbad9be59941b9a56fa9e10fd6afa9', 'project_id': '03cbad9be59941b9a56fa9e10fd6afa9', 'admin_state_up': True, 'mtu': 8950, 'status': 'ACTIVE', 'subnets': [], 'shared': False, 'port_security_enabled': True, 'router:external': False, 'provider:network_type': 'vlan', 'provider:physical_network': 'default', 'provider:segmentation_id': 822, 'availability_zone_hints': [], 'availability_zones': [], 'ipv4_address_scope': None, 'ipv6_address_scope': None, 'description': '', 'tags': [], 'created_at': '2025-12-09T06:21:15Z', 'updated_at': '2025-12-09T06:21:15Z', 'revision_number': 1}, Subnet: {'id': '5ef8e1ef-6720-4f34-9fb2-c9ff41eaae29', 'name': 'tempest-ServersTestMultiNic-2131589-subnet', 'tenant_id': '03cbad9be59941b9a56fa9e10fd6afa9', 'network_id': '5f08141a-828d-4f88-b028-6781e3d4f20e', 'ip_version': 4, 'subnetpool_id': None, 'enable_dhcp': True, 'ipv6_ra_mode': None, 'ipv6_address_mode': None, 'gateway_ip': '192.168.128.1', 'cidr': '192.168.128.0/28', 'allocation_pools': [{'start': '192.168.128.2', 'end': '192.168.128.14'}], 'host_routes': [], 'dns_nameservers': [], 'description': '', 'router:external': False, 'service_types': [], 'tags': [], 'created_at': '2025-12-09T06:21:16Z', 'updated_at': '2025-12-09T06:21:16Z', 'revision_number': 0, 'project_id': '03cbad9be59941b9a56fa9e10fd6afa9'}, Router: {'id': '8d3be8d9-619b-48ff-960f-3937ab5a8df6', 'name': 'tempest-ServersTestMultiNic-2131589-router', 'tenant_id': '03cbad9be59941b9a56fa9e10fd6afa9', 'admin_state_up': True, 'status': 'ACTIVE', 'external_gateway_info': {'network_id': '94b11daa-471e-4ea7-a892-0c2bfd238115', 'external_fixed_ips': [{'subnet_id': '2c9220be-15b0-4143-9202-f4d3c201ed14', 'ip_address': '10.180.180.201'}], 'enable_snat': True}, 'description': '', 'availability_zones': [], 'distributed': False, 'ha': False, 'availability_zone_hints': [], 'routes': [], 'flavor_id': None, 'tags': [], 'created_at': '2025-12-09T06:21:16Z', 'updated_at': '2025-12-09T06:21:16Z', 'revision_number': 2, 'project_id': '03cbad9be59941b9a56fa9e10fd6afa9'}
2025-12-09 06:21:18.411 66759 INFO tempest.lib.common.rest_client [req-28973509-ebf8-4a97-b54e-721afc36349b req-28973509-ebf8-4a97-b54e-721afc36349b ] Request (ServersTestJSON:setUpClass): 200 GET http://10.180.1.21/compute/v2.1/servers/b9907240-9fea-41ac-8f7c-f74309a6c0ec 3.769s
2025-12-09 06:21:18.443 66713 INFO tempest.lib.common.rest_client [req-adde0e4a-2aa9-44f0-853c-24769da651d1 req-adde0e4a-2aa9-44f0-853c-24769da651d1 ] Request (AttachInterfacesTestJSON:test_create_list_show_delete_interfaces_by_fixed_ip): 200 GET http://10.180.1.21/compute/v2.1/servers/e354df13-33ff-48f4-8609-de69e2e0e08c 3.840s
2025-12-09 06:21:18.450 66713 INFO tempest.common.waiters [-] State transition "BUILD/None" ==> "BUILD/spawning" after 42 second wait
2025-12-09 06:21:18.495 66765 INFO tempest.lib.common.rest_client [req-bf0c7ce7-490f-4ac9-a9f7-2bff5c341cf3 req-bf0c7ce7-490f-4ac9-a9f7-2bff5c341cf3 ] Request (ServersTestMultiNic:setUpClass): 201 POST http://10.180.1.21/identity/v3/auth/tokens 0.102s
2025-12-09 06:21:18.498 66737 INFO tempest.lib.common.rest_client [req-ee77b553-21a4-45df-9dcd-95010912e697 req-ee77b553-21a4-45df-9dcd-95010912e697 ] Request (ListServersNegativeTestJSON:setUpClass): 200 GET http://10.180.1.21/compute/v2.1/servers/290fa4cc-f0bb-4f58-9d81-2aeb5e765c5f 3.831s
2025-12-09 06:21:18.513 66719 INFO tempest.lib.common.rest_client [req-67b6f5fe-89fa-46b2-8e3d-dc283dc0c49d req-67b6f5fe-89fa-46b2-8e3d-dc283dc0c49d ] Request (ServersWithSpecificFlavorTestJSON:test_verify_created_server_ephemeral_disk): 200 GET http://10.180.1.21/compute/v2.1/servers/84d866bc-4ffb-4f40-8412-ce246c570ead 3.816s
2025-12-09 06:21:18.611 66755 INFO tempest.lib.common.rest_client [req-b3656aaa-57cf-47f7-b615-85b4b07fae0a req-b3656aaa-57cf-47f7-b615-85b4b07fae0a ] Request (ServerActionsV293TestJSON:setUpClass): 200 GET http://10.180.1.21/volume/v3/volumes/87d37813-6120-48b3-abcc-564c5fc72c96 0.036s
2025-12-09 06:21:18.721 66765 INFO tempest.lib.common.rest_client [req-bb7da3e9-60eb-4d84-a2c6-7b66fc0bbc91 req-bb7da3e9-60eb-4d84-a2c6-7b66fc0bbc91 ] Request (ServersTestMultiNic:test_verify_duplicate_network_nics): 201 POST http://10.180.1.21/networking/v2.0/networks 0.224s
2025-12-09 06:21:18.745 66731 INFO tempest.lib.common.rest_client [req-56e8f189-f22b-45a4-ac2e-634adb52356c req-56e8f189-f22b-45a4-ac2e-634adb52356c ] Request (ServersAdminTestJSON:setUpClass): 200 GET http://10.180.1.21/compute/v2.1/servers/ea7121e2-fc17-463f-8176-b98425358b2b 3.980s
2025-12-09 06:21:18.761 66735 INFO tempest.lib.common.rest_client [req-c780a0a9-bb81-4707-86fb-a5e320d63512 req-c780a0a9-bb81-4707-86fb-a5e320d63512 ] Request (KeyPairsNegativeTestJSON:test_keypair_delete_nonexistent_key): 404 DELETE http://10.180.1.21/compute/v2.1/os-keypairs/tempest-keypair-non-existent-750545370 3.980s
2025-12-09 06:21:18.764 66727 INFO tempest.lib.common.rest_client [req-65f9d7d9-011b-405b-8911-7a2cb9dee3d0 req-65f9d7d9-011b-405b-8911-7a2cb9dee3d0 ] Request (ServersTestJSON:test_create_specify_keypair): 200 GET http://10.180.1.21/compute/v2.1/servers/f7f07cce-fd0f-4c9a-9e88-0589fb035992 4.029s
2025-12-09 06:21:18.771 66725 INFO tempest.lib.common.rest_client [req-5ec48708-74e9-4a2e-95da-1b780fc4041b req-5ec48708-74e9-4a2e-95da-1b780fc4041b ] Request (ServersNegativeTestJSON:test_create_server_metadata_exceeds_length_limit): 400 POST http://10.180.1.21/compute/v2.1/servers 3.915s
2025-12-09 06:21:18.968 66735 INFO tempest.lib.common.rest_client [req-2f35bc54-d28e-4e0c-983d-d63e1aff6d61 req-2f35bc54-d28e-4e0c-983d-d63e1aff6d61 ] Request (KeyPairsNegativeTestJSON:tearDownClass): 204 DELETE http://10.180.1.21/identity/v3/users/8716f4b9796242dda96440eaeeb054f5 0.206s
2025-12-09 06:21:18.969 66735 INFO tempest.lib.common.dynamic_creds [-] Deleting project and security group for project: 0a5ed51ce85e4569b6c327737c00402c
2025-12-09 06:21:19.032 66735 INFO tempest.lib.common.rest_client [req-1043efb3-d759-42ef-bbc8-1831428d2d6a req-1043efb3-d759-42ef-bbc8-1831428d2d6a ] Request (KeyPairsNegativeTestJSON:tearDownClass): 201 POST http://10.180.1.21/identity/v3/auth/tokens 0.063s
2025-12-09 06:21:19.042 66765 INFO tempest.lib.common.rest_client [req-cd072fae-868b-4881-a556-9840b0e6d843 req-cd072fae-868b-4881-a556-9840b0e6d843 ] Request (ServersTestMultiNic:test_verify_duplicate_network_nics): 201 POST http://10.180.1.21/networking/v2.0/subnets 0.320s
2025-12-09 06:21:19.522 66745 INFO tempest.lib.common.rest_client [req-34a99c14-2c39-41e7-9294-d61606112aeb req-34a99c14-2c39-41e7-9294-d61606112aeb ] Request (FloatingIPsAssociationTestJSON:tearDownClass): 200 GET http://10.180.1.21/compute/v2.1/servers/a4ec574c-9ff0-48d3-9b1f-5b741aaffc9c 4.575s
2025-12-09 06:21:19.543 66747 INFO tempest.lib.common.rest_client [req-1b9b146b-c1de-46b2-a1ac-12234425418b req-1b9b146b-c1de-46b2-a1ac-12234425418b ] Request (ServersListShow2100Test:test_list_show_rebuild_update_server_2100): 200 PUT http://10.180.1.21/compute/v2.1/servers/96178865-200a-4e82-b11f-bdd258b3c4cf 4.606s
2025-12-09 06:21:19.588 66730 INFO tempest.lib.common.rest_client [req-a88a952a-08ac-4c41-a228-d7c99b693449 req-a88a952a-08ac-4c41-a228-d7c99b693449 ] Request (ServerMetadataTestJSON:test_update_metadata_empty_body): 200 GET http://10.180.1.21/compute/v2.1/servers/ec0375cf-515b-4528-b367-071babf1fa85/metadata 4.567s
2025-12-09 06:21:19.657 66755 INFO tempest.lib.common.rest_client [req-3b7e7682-2a5a-46f5-8fc1-0b8e687a515a req-3b7e7682-2a5a-46f5-8fc1-0b8e687a515a ] Request (ServerActionsV293TestJSON:setUpClass): 200 GET http://10.180.1.21/volume/v3/volumes/87d37813-6120-48b3-abcc-564c5fc72c96 0.038s
2025-12-09 06:21:19.726 66735 INFO tempest.lib.common.rest_client [req-91b75696-400d-4752-aec3-a39e5590f656 req-91b75696-400d-4752-aec3-a39e5590f656 ] Request (KeyPairsNegativeTestJSON:tearDownClass): 200 GET http://10.180.1.21/networking/v2.0/security-groups?tenant_id=0a5ed51ce85e4569b6c327737c00402c&name=default 0.694s
2025-12-09 06:21:19.865 66765 INFO tempest.lib.common.rest_client [req-8d245236-2a24-4753-990a-83c3a7f5f060 req-8d245236-2a24-4753-990a-83c3a7f5f060 ] Request (ServersTestMultiNic:test_verify_duplicate_network_nics): 201 POST http://10.180.1.21/networking/v2.0/networks 0.823s
2025-12-09 06:21:20.075 66735 INFO tempest.lib.common.rest_client [req-a0cfd8f5-2b15-4ea3-9bf9-f5ee5c938d09 req-a0cfd8f5-2b15-4ea3-9bf9-f5ee5c938d09 ] Request (KeyPairsNegativeTestJSON:tearDownClass): 204 DELETE http://10.180.1.21/networking/v2.0/security-groups/8d08a0ff-44fa-4633-b0ce-f5a75e92a8ca 0.348s
2025-12-09 06:21:20.127 66717 INFO tempest.lib.common.rest_client [req-c2a92328-f9a3-491e-8dd7-ff425ae286ae req-c2a92328-f9a3-491e-8dd7-ff425ae286ae ] Request (ServersTestManualDisk:setUpClass): 200 GET http://10.180.1.21/compute/v2.1/servers/d130691a-db52-4c62-808a-94cff74cf6c9 5.141s
2025-12-09 06:21:20.149 66723 INFO tempest.lib.common.rest_client [req-80b2f702-08cb-412f-8c72-c89cc132392e req-80b2f702-08cb-412f-8c72-c89cc132392e ] Request (ServerActionsTestOtherA:test_rebuild_server_in_stop_state): 200 GET http://10.180.1.21/compute/v2.1/servers/d0389f66-b3cf-48aa-bb27-59152d83066a 5.040s
2025-12-09 06:21:20.184 66735 INFO tempest.lib.common.rest_client [req-c7c78aa6-e7c0-4a30-b7cb-9750a745f952 req-c7c78aa6-e7c0-4a30-b7cb-9750a745f952 ] Request (KeyPairsNegativeTestJSON:tearDownClass): 204 DELETE http://10.180.1.21/identity/v3/projects/0a5ed51ce85e4569b6c327737c00402c 0.108s
2025-12-09 06:21:20.192 66721 INFO tempest.lib.common.rest_client [req-73504336-25bb-42b3-bb91-da2e1dbdc66d req-73504336-25bb-42b3-bb91-da2e1dbdc66d ] Request (SecurityGroupsTestJSON:test_server_security_groups): 200 GET http://10.180.1.21/compute/v2.1/servers/7698df95-a58d-4273-9b02-92ddb5ba22a5 5.068s
2025-12-09 06:21:20.234 66749 INFO tempest.lib.common.rest_client [req-05c1d7d9-158b-49af-8db4-79bed2a73fbc req-05c1d7d9-158b-49af-8db4-79bed2a73fbc ] Request (ServersAdminNegativeTestJSON:tearDownClass): 200 GET http://10.180.1.21/compute/v2.1/servers/cf65ea21-1566-461b-b0bb-44571975cc2b 5.090s
2025-12-09 06:21:20.236 66765 INFO tempest.lib.common.rest_client [req-e7e2cf6d-7491-4d77-a00e-2dc4a0ccfaf7 req-e7e2cf6d-7491-4d77-a00e-2dc4a0ccfaf7 ] Request (ServersTestMultiNic:test_verify_duplicate_network_nics): 201 POST http://10.180.1.21/networking/v2.0/subnets 0.370s
2025-12-09 06:21:20.256 66735 INFO tempest.lib.common.rest_client [req-9ff1f72e-163b-448e-a48f-7eddb8f2521a req-9ff1f72e-163b-448e-a48f-7eddb8f2521a ] Request (ServersTestFqdnHostnames:setUpClass): 201 POST http://10.180.1.21/identity/v3/auth/tokens 0.070s
2025-12-09 06:21:20.269 66761 INFO tempest.lib.common.rest_client [req-2ca1d13c-912e-49bd-a4c6-524022614a9d req-2ca1d13c-912e-49bd-a4c6-524022614a9d ] Request (ServerMetadataNegativeTestJSON:tearDownClass): 200 GET http://10.180.1.21/compute/v2.1/servers/ebf5cf99-3e32-4dc3-b40b-72798cd51eac 4.905s
2025-12-09 06:21:20.279 66767 INFO tempest.lib.common.rest_client [req-f159848c-ccd6-448d-b03c-03dbf24af978 req-f159848c-ccd6-448d-b03c-03dbf24af978 ] Request (ListImageFiltersTestJSON:setUpClass): 200 GET http://10.180.1.21/compute/v2.1/images/6fec7b11-7569-486e-b0e4-8beac056d93e 4.721s
2025-12-09 06:21:20.286 66735 INFO tempest.lib.common.rest_client [req-dc679e16-2eed-432b-b334-b875441e22ba req-dc679e16-2eed-432b-b334-b875441e22ba ] Request (ServersTestFqdnHostnames:setUpClass): 201 POST http://10.180.1.21/identity/v3/auth/tokens 0.027s
2025-12-09 06:21:20.310 66765 INFO tempest.lib.common.rest_client [req-aaaae2a7-c966-4535-97fb-8b652ae6cc60 req-aaaae2a7-c966-4535-97fb-8b652ae6cc60 ] Request (ServersTestMultiNic:test_verify_duplicate_network_nics): 201 POST http://10.180.1.21/identity/v3/auth/tokens 0.070s
2025-12-09 06:21:20.311 66765 INFO tempest.lib.common.fixed_network [-] (ServersTestMultiNic:test_verify_duplicate_network_nics) Found network {'id': '5f08141a-828d-4f88-b028-6781e3d4f20e', 'name': 'tempest-ServersTestMultiNic-2131589-network', 'tenant_id': '03cbad9be59941b9a56fa9e10fd6afa9', 'project_id': '03cbad9be59941b9a56fa9e10fd6afa9', 'admin_state_up': True, 'mtu': 8950, 'status': 'ACTIVE', 'subnets': [], 'shared': False, 'port_security_enabled': True, 'router:external': False, 'provider:network_type': 'vlan', 'provider:physical_network': 'default', 'provider:segmentation_id': 822, 'availability_zone_hints': [], 'availability_zones': [], 'ipv4_address_scope': None, 'ipv6_address_scope': None, 'description': '', 'tags': [], 'created_at': '2025-12-09T06:21:15Z', 'updated_at': '2025-12-09T06:21:15Z', 'revision_number': 1} available for tenant
2025-12-09 06:21:20.327 66763 INFO tempest.lib.common.rest_client [req-b3dba5bf-aa72-481a-8e1d-4d3bc7e150f7 req-b3dba5bf-aa72-481a-8e1d-4d3bc7e150f7 ] Request (DeleteServersTestJSON:test_delete_active_server): 200 GET http://10.180.1.21/compute/v2.1/servers/9caa8091-b2ff-46e6-b3dd-a7fe626434ec 4.579s
2025-12-09 06:21:20.348 66735 INFO tempest.lib.common.rest_client [req-52d63233-8f73-48b0-8360-f352be8bf148 req-52d63233-8f73-48b0-8360-f352be8bf148 ] Request (ServersTestFqdnHostnames:setUpClass): 200 GET http://10.180.1.21/identity/v3/domains?name=Default 0.062s
2025-12-09 06:21:20.388 66735 INFO tempest.lib.common.rest_client [req-a896ac4b-2266-44af-a09c-fb8b98858239 req-a896ac4b-2266-44af-a09c-fb8b98858239 ] Request (ServersTestFqdnHostnames:setUpClass): 201 POST http://10.180.1.21/identity/v3/projects 0.039s
2025-12-09 06:21:20.401 66754 INFO tempest.lib.common.rest_client [req-ecf18b21-73dc-48f4-a87b-240ccf35f3ac req-ecf18b21-73dc-48f4-a87b-240ccf35f3ac ] Request (ServerActionsTestOtherB:setUpClass): 200 GET http://10.180.1.21/compute/v2.1/servers/4fee822f-7286-4337-ae97-a1dff697afe7 3.867s
2025-12-09 06:21:20.410 66733 INFO tempest.lib.common.rest_client [req-bd96ecfc-7d58-4f8a-8263-c8012100db61 req-bd96ecfc-7d58-4f8a-8263-c8012100db61 ] Request (QuotaClassesAdmin257Test:test_update_default_quotas): 200 GET http://10.180.1.21/compute/v2.1/os-quota-class-sets/default 4.385s
2025-12-09 06:21:20.451 66735 INFO tempest.lib.common.rest_client [req-912153f1-e0c9-45a3-9410-ca8ee3d48551 req-912153f1-e0c9-45a3-9410-ca8ee3d48551 ] Request (ServersTestFqdnHostnames:setUpClass): 201 POST http://10.180.1.21/identity/v3/users 0.063s
2025-12-09 06:21:20.472 66735 INFO tempest.lib.common.rest_client [req-3350919a-015d-41d1-b432-69cde99742e2 req-3350919a-015d-41d1-b432-69cde99742e2 ] Request (ServersTestFqdnHostnames:setUpClass): 200 GET http://10.180.1.21/identity/v3/roles 0.020s
2025-12-09 06:21:20.482 66741 INFO tempest.lib.common.rest_client [req-295cae60-4455-4e13-92ed-08c5a9d8a989 req-295cae60-4455-4e13-92ed-08c5a9d8a989 ] Request (VolumesAssistedSnapshotsTest:tearDownClass): 200 GET http://10.180.1.21/compute/v2.1/servers/5a5fa8e6-c5cb-4b60-bc0e-bb8c3a49a17b 3.310s
2025-12-09 06:21:20.506 66735 INFO tempest.lib.common.rest_client [req-506387e6-faaf-4bca-bbd0-a8758fabbc78 req-506387e6-faaf-4bca-bbd0-a8758fabbc78 ] Request (ServersTestFqdnHostnames:setUpClass): 204 PUT http://10.180.1.21/identity/v3/projects/42a9c7d2512347bab09c962989994d5d/users/bb59801866b445779b747314f4862ffe/roles/143e2d802c984103be04b86b7b1cf837 0.032s
2025-12-09 06:21:20.506 66735 INFO tempest.lib.common.dynamic_creds [-] Dynamic test user bb59801866b445779b747314f4862ffe is created with scope project and roles: ['member']
2025-12-09 06:21:20.506 66735 INFO tempest.lib.common.dynamic_creds [-] Acquired dynamic creds: credentials: Credentials: {'domain_id': 'default', 'domain_name': 'Default', 'username': 'tempest-ServersTestFqdnHostnames-1179254519-project-member', 'project_domain_id': 'default', 'project_domain_name': 'Default', 'project_id': '42a9c7d2512347bab09c962989994d5d', 'project_name': 'tempest-ServersTestFqdnHostnames-1179254519', 'tenant_id': '42a9c7d2512347bab09c962989994d5d', 'tenant_name': 'tempest-ServersTestFqdnHostnames-1179254519', 'user_domain_id': 'default', 'user_domain_name': 'Default', 'user_id': 'bb59801866b445779b747314f4862ffe', 'system': None}, Network: None, Subnet: None, Router: None
2025-12-09 06:21:20.578 66735 INFO tempest.lib.common.rest_client [req-47e6b672-7a18-4a14-a7d9-3f95bce2f40f req-47e6b672-7a18-4a14-a7d9-3f95bce2f40f ] Request (ServersTestFqdnHostnames:setUpClass): 201 POST http://10.180.1.21/identity/v3/auth/tokens 0.071s
2025-12-09 06:21:20.580 66739 INFO tempest.lib.common.rest_client [req-060bacbb-1e0a-4e38-b4fe-a6ed8c06464a req-060bacbb-1e0a-4e38-b4fe-a6ed8c06464a ] Request (MultipleCreateTestJSON:test_multiple_create_with_reservation_return): 200 GET http://10.180.1.21/compute/v2.1/servers 3.239s
2025-12-09 06:21:20.653 66751 INFO tempest.lib.common.rest_client [req-7749cd4c-f69f-4cb1-89a9-3b1b9c9817a5 req-7749cd4c-f69f-4cb1-89a9-3b1b9c9817a5 ] Request (MigrationsAdminTest:test_resize_server_revert_deleted_flavor): 200 GET http://10.180.1.21/compute/v2.1/servers/ab063d16-243e-4480-ae25-c53adf368520 3.278s
2025-12-09 06:21:20.702 66755 INFO tempest.lib.common.rest_client [req-fd049984-4b10-4f0f-9c69-7705b6bfeb8d req-fd049984-4b10-4f0f-9c69-7705b6bfeb8d ] Request (ServerActionsV293TestJSON:setUpClass): 200 GET http://10.180.1.21/volume/v3/volumes/87d37813-6120-48b3-abcc-564c5fc72c96 0.034s
2025-12-09 06:21:20.790 66715 INFO tempest.lib.common.rest_client [req-826f1e20-451d-4def-8e24-d0ac7381230a req-826f1e20-451d-4def-8e24-d0ac7381230a ] Request (InstanceActionsNegativeTestJSON:tearDownClass): 200 GET http://10.180.1.21/compute/v2.1/servers/676ea782-828b-4154-8055-537bebd01b9e 2.291s
2025-12-09 06:21:20.799 66715 INFO tempest.common.waiters [-] State transition "ACTIVE/deleting" ==> "DELETED/None" after 3 second wait
2025-12-09 06:21:20.916 66735 INFO tempest.lib.common.rest_client [req-6e46043f-9012-4278-aa60-b0d2f5a8d0e1 req-6e46043f-9012-4278-aa60-b0d2f5a8d0e1 ] Request (ServersTestFqdnHostnames:setUpClass): 201 POST http://10.180.1.21/networking/v2.0/networks 0.338s
2025-12-09 06:21:20.921 66771 INFO tempest.lib.common.rest_client [req-56357411-1bc1-41cf-98cb-c1b98fc1470f req-56357411-1bc1-41cf-98cb-c1b98fc1470f ] Request (ServerAddressesTestJSON:setUpClass): 202 POST http://10.180.1.21/compute/v2.1/servers 3.586s
2025-12-09 06:21:20.981 66725 INFO tempest.lib.common.rest_client [req-ba4edb9a-ce60-47ae-be15-84264654dc95 req-ba4edb9a-ce60-47ae-be15-84264654dc95 ] Request (ServersNegativeTestJSON:tearDown): 200 GET http://10.180.1.21/compute/v2.1/servers/26fec902-f263-457b-bbcc-b8881f17174d 2.209s
2025-12-09 06:21:21.021 66743 INFO tempest.lib.common.rest_client [req-12a0a6d7-372b-4881-be0a-d39509373e0d req-12a0a6d7-372b-4881-be0a-d39509373e0d ] Request (ImagesOneServerTestJSON:tearDownClass): 404 GET http://10.180.1.21/compute/v2.1/servers/320f3e0b-9774-4f0d-9cca-74ad96a4cb05 1.805s
2025-12-09 06:21:21.044 66773 INFO tempest.lib.common.rest_client [req-4d0af0b9-eecb-456f-8e6e-909824e74b38 req-4d0af0b9-eecb-456f-8e6e-909824e74b38 ] Request (ServersAaction247Test:tearDownClass): 200 GET http://10.180.1.21/compute/v2.1/servers/c44d6109-2049-48f1-b545-d9aa42a45cb2 2.261s
2025-12-09 06:21:21.116 66735 INFO tempest.lib.common.rest_client [req-4c1ef744-43d1-4d08-b70f-5b89755c6847 req-4c1ef744-43d1-4d08-b70f-5b89755c6847 ] Request (ServersTestFqdnHostnames:setUpClass): 201 POST http://10.180.1.21/networking/v2.0/subnets 0.199s
2025-12-09 06:21:21.154 66759 INFO tempest.lib.common.rest_client [req-d6c97a51-8f50-46fe-a331-1e82c6bd1d9e req-d6c97a51-8f50-46fe-a331-1e82c6bd1d9e ] Request (ServersTestJSON:setUpClass): 200 GET http://10.180.1.21/compute/v2.1/servers/b9907240-9fea-41ac-8f7c-f74309a6c0ec 1.733s
2025-12-09 06:21:21.743 66743 INFO tempest.lib.common.rest_client [req-f6cbbbda-c329-462d-a5f4-55f9c7925385 req-f6cbbbda-c329-462d-a5f4-55f9c7925385 ] Request (ImagesOneServerTestJSON:tearDownClass): 200 PUT http://10.180.1.21/networking/v2.0/routers/90b08e51-8ce7-4238-97e4-8f49e86e938f/remove_router_interface 0.722s
2025-12-09 06:21:21.746 66755 INFO tempest.lib.common.rest_client [req-29401c74-a231-4453-a744-0f1b0d035773 req-29401c74-a231-4453-a744-0f1b0d035773 ] Request (ServerActionsV293TestJSON:setUpClass): 200 GET http://10.180.1.21/volume/v3/volumes/87d37813-6120-48b3-abcc-564c5fc72c96 0.035s
2025-12-09 06:21:21.827 66713 INFO tempest.lib.common.rest_client [req-02857ee3-b574-4c02-81f5-6b73b10fdcd5 req-02857ee3-b574-4c02-81f5-6b73b10fdcd5 ] Request (AttachInterfacesTestJSON:test_create_list_show_delete_interfaces_by_fixed_ip): 200 GET http://10.180.1.21/compute/v2.1/servers/e354df13-33ff-48f4-8609-de69e2e0e08c 2.375s
2025-12-09 06:21:21.849 66737 INFO tempest.lib.common.rest_client [req-2373de39-c583-4758-874d-3aad7fcf1ed8 req-2373de39-c583-4758-874d-3aad7fcf1ed8 ] Request (ListServersNegativeTestJSON:setUpClass): 200 GET http://10.180.1.21/compute/v2.1/servers/290fa4cc-f0bb-4f58-9d81-2aeb5e765c5f 2.338s
2025-12-09 06:21:21.976 66735 INFO tempest.lib.common.rest_client [req-5922a129-0013-44d7-afa7-46a78e77040a req-5922a129-0013-44d7-afa7-46a78e77040a ] Request (ServersTestFqdnHostnames:setUpClass): 201 POST http://10.180.1.21/networking/v2.0/routers 0.860s
2025-12-09 06:21:22.035 66719 INFO tempest.lib.common.rest_client [req-0f45ee05-58bd-47fe-8882-e2bd31a7a432 req-0f45ee05-58bd-47fe-8882-e2bd31a7a432 ] Request (ServersWithSpecificFlavorTestJSON:test_verify_created_server_ephemeral_disk): 200 GET http://10.180.1.21/compute/v2.1/servers/84d866bc-4ffb-4f40-8412-ce246c570ead 2.513s
2025-12-09 06:21:22.128 66730 INFO tempest.lib.common.rest_client [req-b0fbb0ab-f1d8-4ca6-841a-cc2bf18f01f4 req-b0fbb0ab-f1d8-4ca6-841a-cc2bf18f01f4 ] Request (ServerMetadataTestJSON:setUp): 200 PUT http://10.180.1.21/compute/v2.1/servers/ec0375cf-515b-4528-b367-071babf1fa85/metadata 2.538s
2025-12-09 06:21:22.321 66743 INFO tempest.lib.common.rest_client [req-84e7e745-2fc5-451a-a33e-b7e28b306fea req-84e7e745-2fc5-451a-a33e-b7e28b306fea ] Request (ImagesOneServerTestJSON:tearDownClass): 204 DELETE http://10.180.1.21/networking/v2.0/routers/90b08e51-8ce7-4238-97e4-8f49e86e938f 0.577s
2025-12-09 06:21:22.353 66747 INFO tempest.lib.common.rest_client [req-83049b6a-adcd-460e-9f47-98bb97bb9884 req-83049b6a-adcd-460e-9f47-98bb97bb9884 ] Request (ServersListShow2100Test:test_list_show_rebuild_update_server_2100): 200 GET http://10.180.1.21/compute/v2.1/servers/96178865-200a-4e82-b11f-bdd258b3c4cf 2.797s
2025-12-09 06:21:22.459 66731 INFO tempest.lib.common.rest_client [req-e4118416-a500-4c8b-b452-b449c9c2aa00 req-e4118416-a500-4c8b-b452-b449c9c2aa00 ] Request (ServersAdminTestJSON:setUpClass): 200 GET http://10.180.1.21/compute/v2.1/servers/ea7121e2-fc17-463f-8176-b98425358b2b 2.700s
2025-12-09 06:21:22.576 66743 INFO tempest.lib.common.rest_client [req-ce2f7ec6-26e9-485f-9415-3438b743c5bf req-ce2f7ec6-26e9-485f-9415-3438b743c5bf ] Request (ImagesOneServerTestJSON:tearDownClass): 204 DELETE http://10.180.1.21/networking/v2.0/subnets/cf0c31a2-e849-4d73-8712-1c16cff6d91a 0.252s
