2025-12-09 06:21:59.496 66749 INFO tempest.common.waiters [-] State transition "ACTIVE/deleting" ==> "DELETED/None" after 4 second wait
2025-12-09 06:21:59.544 66771 INFO tempest.lib.common.rest_client [req-f9b8daef-0e7e-4533-b5ec-07f4b7cd6db0 req-f9b8daef-0e7e-4533-b5ec-07f4b7cd6db0 ] Request (ServerAddressesTestJSON:setUpClass): 200 GET http://10.180.1.21/compute/v2.1/servers/aa7bfb12-b46e-4b70-8b2c-6738343f146f 0.377s
2025-12-09 06:21:59.554 66725 INFO tempest.lib.common.rest_client [req-2ce93d56-c66c-4f91-9d15-b56e03089a04 req-2ce93d56-c66c-4f91-9d15-b56e03089a04 ] Request (ServersNegativeTestJSON:tearDown): 200 GET http://10.180.1.21/compute/v2.1/servers/26fec902-f263-457b-bbcc-b8881f17174d 0.463s
2025-12-09 06:21:59.607 66767 INFO tempest.lib.common.rest_client [req-38e624b3-fb07-43d0-9670-ac021f1654a3 req-38e624b3-fb07-43d0-9670-ac021f1654a3 ] Request (ListImageFiltersTestJSON:tearDownClass): 200 GET http://10.180.1.21/compute/v2.1/servers/fe9250fe-c61e-4a51-9aec-01b6c1a05602 0.378s
2025-12-09 06:21:59.636 66751 INFO tempest.lib.common.rest_client [req-311eb4cd-658d-4ea2-85a0-4afcd93fd6b5 req-311eb4cd-658d-4ea2-85a0-4afcd93fd6b5 ] Request (MigrationsAdminTest:test_resize_server_revert_deleted_flavor): 200 GET http://10.180.1.21/compute/v2.1/servers/ab063d16-243e-4480-ae25-c53adf368520 0.443s
2025-12-09 06:21:59.656 66743 INFO tempest.lib.common.rest_client [req-999e6cc9-dd71-4b84-9171-55543b656879 req-999e6cc9-dd71-4b84-9171-55543b656879 ] Request (ImagesOneServerNegativeTestJSON:setUpClass): 200 GET http://10.180.1.21/compute/v2.1/servers/8f0bb16d-46aa-4f23-927e-c6d1990f7d28 0.407s
2025-12-09 06:21:59.684 66745 INFO tempest.lib.common.rest_client [req-19aa3d5e-5dc1-4bc6-9cc4-0d0a9b2c7900 req-19aa3d5e-5dc1-4bc6-9cc4-0d0a9b2c7900 ] Request (ServerDiskConfigTestJSON:test_rebuild_server_with_auto_disk_config): 200 GET http://10.180.1.21/compute/v2.1/servers/0d8a9b48-e937-4a15-8567-192aa4637ca2 0.407s
2025-12-09 06:21:59.712 66723 INFO tempest.lib.common.rest_client [req-49c1f19b-2084-4681-a074-7fcfac2b875b req-49c1f19b-2084-4681-a074-7fcfac2b875b ] Request (ServerActionsTestOtherA:_run_cleanups): 200 GET http://10.180.1.21/compute/v2.1/servers/d0389f66-b3cf-48aa-bb27-59152d83066a 0.401s
2025-12-09 06:21:59.732 66763 INFO tempest.lib.common.rest_client [req-c2c8ff02-eb6e-455d-bd33-0afdc7135aab req-c2c8ff02-eb6e-455d-bd33-0afdc7135aab ] Request (DeleteServersTestJSON:test_delete_active_server): 200 GET http://10.180.1.21/compute/v2.1/servers/9caa8091-b2ff-46e6-b3dd-a7fe626434ec 0.404s
2025-12-09 06:21:59.809 66754 INFO tempest.lib.common.rest_client [req-5fff6a02-df5e-4d49-bbda-3acd9e777cb4 req-5fff6a02-df5e-4d49-bbda-3acd9e777cb4 ] Request (ServerActionsTestOtherB:setUpClass): 200 GET http://10.180.1.21/compute/v2.1/servers/4fee822f-7286-4337-ae97-a1dff697afe7 0.333s
2025-12-09 06:21:59.814 66755 INFO tempest.lib.common.rest_client [req-92e30aa2-1915-460d-a133-76fe292a91a1 req-92e30aa2-1915-460d-a133-76fe292a91a1 ] Request (ServerActionsV293TestJSON:setUpClass): 200 GET http://10.180.1.21/compute/v2.1/servers/086625ac-0dff-436a-abcc-26e4693fa164 0.263s
2025-12-09 06:21:59.816 66754 INFO tempest.common.waiters [-] State transition "BUILD/block_device_mapping" ==> "BUILD/spawning" after 47 second wait
2025-12-09 06:21:59.867 66727 INFO tempest.lib.common.rest_client [req-b3ae6eac-c980-4b89-b82c-d4b0695f167a req-b3ae6eac-c980-4b89-b82c-d4b0695f167a ] Request (ServersTestJSON:_run_cleanups): 200 GET http://10.180.1.21/compute/v2.1/servers/f7f07cce-fd0f-4c9a-9e88-0589fb035992 0.297s
2025-12-09 06:21:59.885 66715 INFO tempest.lib.common.rest_client [req-6ea93be6-bec6-40ef-8908-16ad4fd4ec2b req-6ea93be6-bec6-40ef-8908-16ad4fd4ec2b ] Request (InstanceActionsNegativeTestJSON:tearDownClass): 404 GET http://10.180.1.21/compute/v2.1/servers/676ea782-828b-4154-8055-537bebd01b9e 0.257s
2025-12-09 06:21:59.920 66725 INFO tempest.lib.common.rest_client [req-385dc3a8-0eeb-4581-9fb3-a4284a55bb50 req-385dc3a8-0eeb-4581-9fb3-a4284a55bb50 ] Request (ServersNegativeTestJSON:setUp): 200 GET http://10.180.1.21/compute/v2.1/servers/26fec902-f263-457b-bbcc-b8881f17174d 0.358s
2025-12-09 06:21:59.936 66721 INFO tempest.lib.common.rest_client [req-687285af-12b0-4b27-9ced-d383a82d49f7 req-687285af-12b0-4b27-9ced-d383a82d49f7 ] Request (SecurityGroupsTestJSON:test_server_security_groups): 200 GET http://10.180.1.21/compute/v2.1/servers/7698df95-a58d-4273-9b02-92ddb5ba22a5 0.283s
2025-12-09 06:21:59.980 66775 INFO tempest.lib.common.rest_client [req-19888417-e41d-4b34-902a-1fe0629e4323 req-19888417-e41d-4b34-902a-1fe0629e4323 ] Request (ServersTestBootFromVolume:tearDownClass): 200 GET http://10.180.1.21/compute/v2.1/servers/85e8a541-8327-4d50-b213-1d753c7cc37a 0.269s
2025-12-09 06:21:59.994 66737 INFO tempest.lib.common.rest_client [req-0ddeb16c-8545-401d-ad88-f961b5fd8c06 req-0ddeb16c-8545-401d-ad88-f961b5fd8c06 ] Request (ListServersNegativeTestJSON:tearDownClass): 200 GET http://10.180.1.21/compute/v2.1/servers/fbe765d1-bdd6-4bd1-bf10-2fdddd73d41f 0.199s
2025-12-09 06:22:00.011 66725 INFO tempest.lib.common.rest_client [req-7cd93cea-5c81-456e-afee-96d98e515978 req-7cd93cea-5c81-456e-afee-96d98e515978 ] Request (ServersNegativeTestJSON:test_reboot_non_existent_server): 404 POST http://10.180.1.21/compute/v2.1/servers/e4d1c593-bf64-4bda-8514-af656a31c634/action 0.084s
2025-12-09 06:22:00.040 66735 INFO tempest.lib.common.rest_client [req-81493b10-9b4d-4d4a-8ab1-f1299e46e351 req-81493b10-9b4d-4d4a-8ab1-f1299e46e351 ] Request (ServersTestFqdnHostnames:test_create_server_with_fqdn_name): 200 GET http://10.180.1.21/compute/v2.1/servers/efe87f71-1848-4f96-a1a4-6d76ffd95360 0.229s
2025-12-09 06:22:00.146 66730 INFO tempest.lib.common.rest_client [req-aede3bd6-36f6-4c6e-8827-c1ce333a6c13 req-aede3bd6-36f6-4c6e-8827-c1ce333a6c13 ] Request (ServerMetadataTestJSON:tearDownClass): 200 GET http://10.180.1.21/compute/v2.1/servers/ec0375cf-515b-4528-b367-071babf1fa85 0.085s
2025-12-09 06:22:00.176 66725 INFO tempest.lib.common.rest_client [req-e5e29fcb-28d1-48cf-b358-745a48a12b70 req-e5e29fcb-28d1-48cf-b358-745a48a12b70 ] Request (ServersNegativeTestJSON:tearDown): 200 GET http://10.180.1.21/compute/v2.1/servers/26fec902-f263-457b-bbcc-b8881f17174d 0.164s
2025-12-09 06:22:00.202 66741 INFO tempest.lib.common.rest_client [req-19eff07e-301e-4b46-9301-e9c15c562fd0 req-19eff07e-301e-4b46-9301-e9c15c562fd0 ] Request (ImagesTestJSON:test_create_image_from_stopped_server): 200 GET http://10.180.1.21/compute/v2.1/servers/eac98a81-72eb-4ab0-ad60-f3d41959ce60 0.121s
2025-12-09 06:22:00.237 66731 INFO tempest.lib.common.rest_client [req-99bdafde-0155-49f6-af30-46d611b7b3cf req-99bdafde-0155-49f6-af30-46d611b7b3cf ] Request (ServersAdminTestJSON:test_create_server_with_scheduling_hint): 200 GET http://10.180.1.21/compute/v2.1/servers/63ec2b80-4dfc-491b-94d8-968515b16ece 0.105s
2025-12-09 06:22:00.296 66765 INFO tempest.lib.common.rest_client [req-2c8e7cc3-a2ec-4380-82b3-faca9f4c857d req-2c8e7cc3-a2ec-4380-82b3-faca9f4c857d ] Request (ServersTestMultiNic:test_verify_duplicate_network_nics): 200 GET http://10.180.1.21/compute/v2.1/servers/dccedb85-6e69-46ae-b3f5-b49eb533b385 0.109s
2025-12-09 06:22:00.324 66725 INFO tempest.lib.common.rest_client [req-6b37c85d-5843-480a-b91c-29134c205a36 req-6b37c85d-5843-480a-b91c-29134c205a36 ] Request (ServersNegativeTestJSON:setUp): 200 GET http://10.180.1.21/compute/v2.1/servers/26fec902-f263-457b-bbcc-b8881f17174d 0.140s
2025-12-09 06:22:00.356 66739 INFO tempest.lib.common.rest_client [req-f1374b96-539f-4231-82fd-e071ba26de28 req-f1374b96-539f-4231-82fd-e071ba26de28 ] Request (MultipleCreateTestJSON:test_multiple_create_with_reservation_return): 200 GET http://10.180.1.21/compute/v2.1/servers/b4747d6c-309d-4e07-9f47-a3271f9bd62e 0.159s
2025-12-09 06:22:00.359 66725 INFO tempest.lib.common.rest_client [req-e70786a2-30e9-428e-952d-20a809d3573d req-e70786a2-30e9-428e-952d-20a809d3573d ] Request (ServersNegativeTestJSON:test_rebuild_deleted_server): 404 POST http://10.180.1.21/compute/v2.1/servers/d77862c7-486e-4945-b585-50eea8e6b891/action 0.026s
2025-12-09 06:22:00.464 66725 INFO tempest.lib.common.rest_client [req-cf616af9-0b98-427d-b825-d0a5f1250912 req-cf616af9-0b98-427d-b825-d0a5f1250912 ] Request (ServersNegativeTestJSON:tearDown): 200 GET http://10.180.1.21/compute/v2.1/servers/26fec902-f263-457b-bbcc-b8881f17174d 0.104s
2025-12-09 06:22:00.528 66747 INFO tempest.lib.common.rest_client [req-fe216433-b92f-4f6d-8d46-f33576fe0375 req-fe216433-b92f-4f6d-8d46-f33576fe0375 ] Request (ServersListShow2100Test:tearDownClass): 200 GET http://10.180.1.21/compute/v2.1/servers/96178865-200a-4e82-b11f-bdd258b3c4cf 0.083s
2025-12-09 06:22:00.590 66715 INFO tempest.lib.common.rest_client [req-49ddab62-9f6a-4258-80e1-7aba82e8fe94 req-49ddab62-9f6a-4258-80e1-7aba82e8fe94 ] Request (InstanceActionsNegativeTestJSON:tearDownClass): 200 PUT http://10.180.1.21/networking/v2.0/routers/0b501849-59ca-4ddc-89de-4181252cf6e8/remove_router_interface 0.705s
2025-12-09 06:22:00.642 66719 INFO tempest.lib.common.rest_client [req-5e35884a-808c-4fa2-9c2b-f0d4c25686c1 req-5e35884a-808c-4fa2-9c2b-f0d4c25686c1 ] Request (ServersWithSpecificFlavorTestJSON:test_verify_created_server_ephemeral_disk): 200 GET http://10.180.1.21/compute/v2.1/servers/84d866bc-4ffb-4f40-8412-ce246c570ead 0.182s
2025-12-09 06:22:00.710 66725 INFO tempest.lib.common.rest_client [req-daadf178-b940-4d17-93c9-f46b4c48b4a7 req-daadf178-b940-4d17-93c9-f46b4c48b4a7 ] Request (ServersNegativeTestJSON:setUp): 200 GET http://10.180.1.21/compute/v2.1/servers/26fec902-f263-457b-bbcc-b8881f17174d 0.238s
2025-12-09 06:22:00.757 66749 INFO tempest.lib.common.rest_client [req-c2341f06-0702-45fb-b1c7-e37d0cc3ec5d req-c2341f06-0702-45fb-b1c7-e37d0cc3ec5d ] Request (ServersAdminNegativeTestJSON:tearDownClass): 200 GET http://10.180.1.21/compute/v2.1/servers/2641d7dd-5ada-4b70-b2cd-9e412ff83b34 0.259s
2025-12-09 06:22:00.794 66771 INFO tempest.lib.common.rest_client [req-443b82f5-d541-4b1e-acb2-5f7e116cbc22 req-443b82f5-d541-4b1e-acb2-5f7e116cbc22 ] Request (ServerAddressesTestJSON:setUpClass): 200 GET http://10.180.1.21/compute/v2.1/servers/aa7bfb12-b46e-4b70-8b2c-6738343f146f 0.243s
2025-12-09 06:22:00.866 66767 INFO tempest.lib.common.rest_client [req-e6584f89-e584-4d93-a26e-18afb239e129 req-e6584f89-e584-4d93-a26e-18afb239e129 ] Request (ListImageFiltersTestJSON:tearDownClass): 200 GET http://10.180.1.21/compute/v2.1/servers/fe9250fe-c61e-4a51-9aec-01b6c1a05602 0.250s
2025-12-09 06:22:00.971 66751 INFO tempest.lib.common.rest_client [req-5049d09a-1575-43ca-bfc6-532448212294 req-5049d09a-1575-43ca-bfc6-532448212294 ] Request (MigrationsAdminTest:test_resize_server_revert_deleted_flavor): 200 GET http://10.180.1.21/compute/v2.1/servers/ab063d16-243e-4480-ae25-c53adf368520 0.327s
2025-12-09 06:22:00.983 66743 INFO tempest.lib.common.rest_client [req-84ad8454-b636-485c-9bc6-1e67835a194a req-84ad8454-b636-485c-9bc6-1e67835a194a ] Request (ImagesOneServerNegativeTestJSON:setUpClass): 200 GET http://10.180.1.21/compute/v2.1/servers/8f0bb16d-46aa-4f23-927e-c6d1990f7d28 0.318s
2025-12-09 06:22:00.991 66725 INFO tempest.lib.common.rest_client [req-b9f7ca0b-50af-4b76-bcbe-9f32b799d4cf req-b9f7ca0b-50af-4b76-bcbe-9f32b799d4cf ] Request (ServersNegativeTestJSON:test_rebuild_non_existent_server): 404 POST http://10.180.1.21/compute/v2.1/servers/e7f291fc-1fd6-438f-8674-959d0f7ff225/action 0.271s
2025-12-09 06:22:01.030 66745 INFO tempest.lib.common.rest_client [req-a3c4b6f1-66a7-440e-b50b-49edde0cdf92 req-a3c4b6f1-66a7-440e-b50b-49edde0cdf92 ] Request (ServerDiskConfigTestJSON:test_rebuild_server_with_auto_disk_config): 200 GET http://10.180.1.21/compute/v2.1/servers/0d8a9b48-e937-4a15-8567-192aa4637ca2 0.338s
2025-12-09 06:22:01.050 66723 INFO tempest.lib.common.rest_client [req-db320702-bce5-40f4-92ad-09909176c2db req-db320702-bce5-40f4-92ad-09909176c2db ] Request (ServerActionsTestOtherA:_run_cleanups): 200 GET http://10.180.1.21/compute/v2.1/servers/d0389f66-b3cf-48aa-bb27-59152d83066a 0.328s
2025-12-09 06:22:01.056 66715 INFO tempest.lib.common.rest_client [req-037c709e-6269-4d57-988d-c2f0f7742971 req-037c709e-6269-4d57-988d-c2f0f7742971 ] Request (InstanceActionsNegativeTestJSON:tearDownClass): 204 DELETE http://10.180.1.21/networking/v2.0/routers/0b501849-59ca-4ddc-89de-4181252cf6e8 0.465s
2025-12-09 06:22:01.088 66763 INFO tempest.lib.common.rest_client [req-b20ebd5c-6e24-43a5-8beb-960885f140f4 req-b20ebd5c-6e24-43a5-8beb-960885f140f4 ] Request (DeleteServersTestJSON:test_delete_active_server): 200 GET http://10.180.1.21/compute/v2.1/servers/9caa8091-b2ff-46e6-b3dd-a7fe626434ec 0.349s
2025-12-09 06:22:01.157 66755 INFO tempest.lib.common.rest_client [req-fb421c8d-1b08-4a49-86c3-070f89fc15c8 req-fb421c8d-1b08-4a49-86c3-070f89fc15c8 ] Request (ServerActionsV293TestJSON:setUpClass): 200 GET http://10.180.1.21/compute/v2.1/servers/086625ac-0dff-436a-abcc-26e4693fa164 0.332s
2025-12-09 06:22:01.183 66754 INFO tempest.lib.common.rest_client [req-db05e21f-f03a-440c-ba24-74881b45ca92 req-db05e21f-f03a-440c-ba24-74881b45ca92 ] Request (ServerActionsTestOtherB:setUpClass): 200 GET http://10.180.1.21/compute/v2.1/servers/4fee822f-7286-4337-ae97-a1dff697afe7 0.365s
2025-12-09 06:22:01.223 66715 INFO tempest.lib.common.rest_client [req-58cfcfd5-b67a-48bc-bc8f-76cc64b31f7a req-58cfcfd5-b67a-48bc-bc8f-76cc64b31f7a ] Request (InstanceActionsNegativeTestJSON:tearDownClass): 204 DELETE http://10.180.1.21/networking/v2.0/subnets/3b53600d-75f2-4fe2-a3f9-2cd47043209a 0.166s
2025-12-09 06:22:01.225 66727 INFO tempest.lib.common.rest_client [req-0769ecc8-4b2f-430f-9f81-6880d715b84f req-0769ecc8-4b2f-430f-9f81-6880d715b84f ] Request (ServersTestJSON:_run_cleanups): 200 GET http://10.180.1.21/compute/v2.1/servers/f7f07cce-fd0f-4c9a-9e88-0589fb035992 0.351s
2025-12-09 06:22:01.235 66727 INFO tempest.common.waiters [-] State transition "ACTIVE/deleting" ==> "DELETED/None" after 4 second wait
2025-12-09 06:22:01.245 66721 INFO tempest.lib.common.rest_client [req-27320d57-566a-48b3-94a4-1cb3e6c5baba req-27320d57-566a-48b3-94a4-1cb3e6c5baba ] Request (SecurityGroupsTestJSON:test_server_security_groups): 200 GET http://10.180.1.21/compute/v2.1/servers/7698df95-a58d-4273-9b02-92ddb5ba22a5 0.302s
2025-12-09 06:22:01.254 66721 INFO tempest.common.waiters [-] State transition "ACTIVE/deleting" ==> "DELETED/None" after 4 second wait
2025-12-09 06:22:01.290 66775 INFO tempest.lib.common.rest_client [req-84022652-4989-4474-a20a-8008740cd1e1 req-84022652-4989-4474-a20a-8008740cd1e1 ] Request (ServersTestBootFromVolume:tearDownClass): 200 GET http://10.180.1.21/compute/v2.1/servers/85e8a541-8327-4d50-b213-1d753c7cc37a 0.303s
2025-12-09 06:22:01.348 66725 INFO tempest.lib.common.rest_client [req-5b4782af-c6eb-4d2d-b82b-2b6d4a26f9c9 req-5b4782af-c6eb-4d2d-b82b-2b6d4a26f9c9 ] Request (ServersNegativeTestJSON:tearDown): 200 GET http://10.180.1.21/compute/v2.1/servers/26fec902-f263-457b-bbcc-b8881f17174d 0.356s
2025-12-09 06:22:01.363 66737 INFO tempest.lib.common.rest_client [req-c473e4b7-329b-43a6-afbd-bd76140a422c req-c473e4b7-329b-43a6-afbd-bd76140a422c ] Request (ListServersNegativeTestJSON:tearDownClass): 200 GET http://10.180.1.21/compute/v2.1/servers/fbe765d1-bdd6-4bd1-bf10-2fdddd73d41f 0.361s
2025-12-09 06:22:01.405 66735 INFO tempest.lib.common.rest_client [req-945d8f38-18da-4ee1-b1c7-0791a9a56666 req-945d8f38-18da-4ee1-b1c7-0791a9a56666 ] Request (ServersTestFqdnHostnames:test_create_server_with_fqdn_name): 200 GET http://10.180.1.21/compute/v2.1/servers/efe87f71-1848-4f96-a1a4-6d76ffd95360 0.356s
2025-12-09 06:22:01.433 66730 INFO tempest.lib.common.rest_client [req-e2d51b97-cd90-4e0f-8d6a-44f837045347 req-e2d51b97-cd90-4e0f-8d6a-44f837045347 ] Request (ServerMetadataTestJSON:tearDownClass): 200 GET http://10.180.1.21/compute/v2.1/servers/ec0375cf-515b-4528-b367-071babf1fa85 0.278s
2025-12-09 06:22:01.469 66741 INFO tempest.lib.common.rest_client [req-13dd0797-c121-4940-8c37-bed266bb9ca3 req-13dd0797-c121-4940-8c37-bed266bb9ca3 ] Request (ImagesTestJSON:test_create_image_from_stopped_server): 200 GET http://10.180.1.21/compute/v2.1/servers/eac98a81-72eb-4ab0-ad60-f3d41959ce60 0.260s
2025-12-09 06:22:01.492 66715 INFO tempest.lib.common.rest_client [req-bc0f08aa-ce56-49b0-92df-31c7b4654765 req-bc0f08aa-ce56-49b0-92df-31c7b4654765 ] Request (InstanceActionsNegativeTestJSON:tearDownClass): 204 DELETE http://10.180.1.21/networking/v2.0/networks/a930639b-fd0b-460c-a346-79e03b720b0c 0.268s
2025-12-09 06:22:01.514 66731 INFO tempest.lib.common.rest_client [req-11f188d3-6faf-4ace-835d-c4d2eb14a37e req-11f188d3-6faf-4ace-835d-c4d2eb14a37e ] Request (ServersAdminTestJSON:test_create_server_with_scheduling_hint): 200 GET http://10.180.1.21/compute/v2.1/servers/63ec2b80-4dfc-491b-94d8-968515b16ece 0.268s
2025-12-09 06:22:01.527 66765 INFO tempest.lib.common.rest_client [req-b7580c0d-4918-44d4-9f7d-1498e5767970 req-b7580c0d-4918-44d4-9f7d-1498e5767970 ] Request (ServersTestMultiNic:test_verify_duplicate_network_nics): 200 GET http://10.180.1.21/compute/v2.1/servers/dccedb85-6e69-46ae-b3f5-b49eb533b385 0.221s
2025-12-09 06:22:01.553 66717 WARNING tempest.lib.common.ssh [-] Failed to establish authenticated ssh connection to cirros@10.180.180.223 ([Errno None] Unable to connect to port 22 on 10.180.180.223). Number attempts: 5. Retry after 6 seconds.: paramiko.ssh_exception.NoValidConnectionsError: [Errno None] Unable to connect to port 22 on 10.180.180.223
2025-12-09 06:22:01.590 66739 INFO tempest.lib.common.rest_client [req-76838d64-e6ac-4b2f-99fc-346ceca991af req-76838d64-e6ac-4b2f-99fc-346ceca991af ] Request (MultipleCreateTestJSON:test_multiple_create_with_reservation_return): 200 GET http://10.180.1.21/compute/v2.1/servers/b4747d6c-309d-4e07-9f47-a3271f9bd62e 0.225s
2025-12-09 06:22:01.613 66715 INFO tempest.lib.common.rest_client [req-561645b3-f691-4594-9fdf-2741525e564c req-561645b3-f691-4594-9fdf-2741525e564c ] Request (InstanceActionsNegativeTestJSON:tearDownClass): 204 DELETE http://10.180.1.21/identity/v3/users/9da69264b4f944c88a2aa988e18c86f0 0.121s
2025-12-09 06:22:01.613 66715 INFO tempest.lib.common.dynamic_creds [-] Deleting project and security group for project: edc3c0bee830450da3000f974913898e
2025-12-09 06:22:01.643 66725 INFO tempest.lib.common.rest_client [req-05421ae9-1eca-4e66-940a-b5c0e9751cf7 req-05421ae9-1eca-4e66-940a-b5c0e9751cf7 ] Request (ServersNegativeTestJSON:setUp): 200 GET http://10.180.1.21/compute/v2.1/servers/26fec902-f263-457b-bbcc-b8881f17174d 0.286s
2025-12-09 06:22:01.662 66715 INFO tempest.lib.common.rest_client [req-654a20a6-d3ce-46a9-9957-68efef494083 req-654a20a6-d3ce-46a9-9957-68efef494083 ] Request (InstanceActionsNegativeTestJSON:tearDownClass): 200 GET http://10.180.1.21/networking/v2.0/security-groups?tenant_id=edc3c0bee830450da3000f974913898e&name=default 0.049s
2025-12-09 06:22:01.672 66725 INFO tempest.lib.common.rest_client [req-7e1ce36f-74a1-4da6-a9dd-cd022e70cf64 req-7e1ce36f-74a1-4da6-a9dd-cd022e70cf64 ] Request (ServersNegativeTestJSON:test_resize_nonexistent_server): 404 POST http://10.180.1.21/compute/v2.1/servers/77720de2-15e5-49d4-bd48-2b335cb560c0/action 0.021s
2025-12-09 06:22:01.675 66747 INFO tempest.lib.common.rest_client [req-a7c72ac9-dada-4e10-b513-5e11e5a6d17e req-a7c72ac9-dada-4e10-b513-5e11e5a6d17e ] Request (ServersListShow2100Test:tearDownClass): 200 GET http://10.180.1.21/compute/v2.1/servers/96178865-200a-4e82-b11f-bdd258b3c4cf 0.130s
2025-12-09 06:22:01.753 66715 INFO tempest.lib.common.rest_client [req-bfeacffb-17ed-4c60-a28d-e647f6d0e979 req-bfeacffb-17ed-4c60-a28d-e647f6d0e979 ] Request (InstanceActionsNegativeTestJSON:tearDownClass): 204 DELETE http://10.180.1.21/networking/v2.0/security-groups/2cead930-01d2-40fb-a344-ae97701323cc 0.090s
2025-12-09 06:22:01.843 66719 INFO tempest.lib.common.rest_client [req-81c49e3d-79db-48ef-80b0-c464a07e6979 req-81c49e3d-79db-48ef-80b0-c464a07e6979 ] Request (ServersWithSpecificFlavorTestJSON:test_verify_created_server_ephemeral_disk): 200 GET http://10.180.1.21/compute/v2.1/servers/84d866bc-4ffb-4f40-8412-ce246c570ead 0.185s
2025-12-09 06:22:01.843 66725 INFO tempest.lib.common.rest_client [req-a22d91e3-617a-4d1d-8e5c-78f584b506ad req-a22d91e3-617a-4d1d-8e5c-78f584b506ad ] Request (ServersNegativeTestJSON:tearDown): 200 GET http://10.180.1.21/compute/v2.1/servers/26fec902-f263-457b-bbcc-b8881f17174d 0.171s
2025-12-09 06:22:01.888 66715 INFO tempest.lib.common.rest_client [req-5ad4d7bf-3ead-44b8-9b15-2ec6165bd33d req-5ad4d7bf-3ead-44b8-9b15-2ec6165bd33d ] Request (InstanceActionsNegativeTestJSON:tearDownClass): 204 DELETE http://10.180.1.21/identity/v3/projects/edc3c0bee830450da3000f974913898e 0.134s
2025-12-09 06:22:01.917 66771 INFO tempest.lib.common.rest_client [req-df1cbcf8-efe5-45cf-9250-0fba131d782f req-df1cbcf8-efe5-45cf-9250-0fba131d782f ] Request (ServerAddressesTestJSON:setUpClass): 200 GET http://10.180.1.21/compute/v2.1/servers/aa7bfb12-b46e-4b70-8b2c-6738343f146f 0.108s
2025-12-09 06:22:01.934 66749 INFO tempest.lib.common.rest_client [req-d131f090-215d-41c4-92a5-b04356939a12 req-d131f090-215d-41c4-92a5-b04356939a12 ] Request (ServersAdminNegativeTestJSON:tearDownClass): 200 GET http://10.180.1.21/compute/v2.1/servers/2641d7dd-5ada-4b70-b2cd-9e412ff83b34 0.168s
2025-12-09 06:22:01.956 66715 INFO tempest.lib.common.rest_client [req-7788a927-3164-40d7-859c-f1076865ca7b req-7788a927-3164-40d7-859c-f1076865ca7b ] Request (ServerGroupTestJSON:setUpClass): 201 POST http://10.180.1.21/identity/v3/auth/tokens 0.066s
2025-12-09 06:22:01.983 66715 INFO tempest.lib.common.rest_client [req-44205070-429c-4edf-abc6-f86e79d15d31 req-44205070-429c-4edf-abc6-f86e79d15d31 ] Request (ServerGroupTestJSON:setUpClass): 201 POST http://10.180.1.21/identity/v3/auth/tokens 0.025s
2025-12-09 06:22:01.991 66767 INFO tempest.lib.common.rest_client [req-78c5ae43-b404-492a-9b7f-b9ec2b87fd9e req-78c5ae43-b404-492a-9b7f-b9ec2b87fd9e ] Request (ListImageFiltersTestJSON:tearDownClass): 200 GET http://10.180.1.21/compute/v2.1/servers/fe9250fe-c61e-4a51-9aec-01b6c1a05602 0.117s
2025-12-09 06:22:02.013 66715 INFO tempest.lib.common.rest_client [req-f3b53a74-132d-4b6c-99f1-f29a7b0e81b3 req-f3b53a74-132d-4b6c-99f1-f29a7b0e81b3 ] Request (ServerGroupTestJSON:setUpClass): 200 GET http://10.180.1.21/identity/v3/domains?name=Default 0.029s
2025-12-09 06:22:02.042 66715 INFO tempest.lib.common.rest_client [req-4f41e1fa-5fcf-4f45-9964-e156c4f0d3db req-4f41e1fa-5fcf-4f45-9964-e156c4f0d3db ] Request (ServerGroupTestJSON:setUpClass): 201 POST http://10.180.1.21/identity/v3/projects 0.029s
2025-12-09 06:22:02.048 66725 INFO tempest.lib.common.rest_client [req-9203c3d3-f840-4abd-857b-789e2afbfc61 req-9203c3d3-f840-4abd-857b-789e2afbfc61 ] Request (ServersNegativeTestJSON:setUp): 200 GET http://10.180.1.21/compute/v2.1/servers/26fec902-f263-457b-bbcc-b8881f17174d 0.194s
2025-12-09 06:22:02.104 66751 INFO tempest.lib.common.rest_client [req-5b7db35b-5c0e-4845-8f9a-c4fa48c8bfeb req-5b7db35b-5c0e-4845-8f9a-c4fa48c8bfeb ] Request (MigrationsAdminTest:test_resize_server_revert_deleted_flavor): 200 GET http://10.180.1.21/compute/v2.1/servers/ab063d16-243e-4480-ae25-c53adf368520 0.126s
2025-12-09 06:22:02.110 66743 INFO tempest.lib.common.rest_client [req-3d1464b6-55d9-44e7-aa8e-afca3a2dc2a0 req-3d1464b6-55d9-44e7-aa8e-afca3a2dc2a0 ] Request (ImagesOneServerNegativeTestJSON:setUpClass): 200 GET http://10.180.1.21/compute/v2.1/servers/8f0bb16d-46aa-4f23-927e-c6d1990f7d28 0.119s
2025-12-09 06:22:02.118 66715 INFO tempest.lib.common.rest_client [req-fd976efd-f7c2-4b0e-8878-212f6a8dd0fb req-fd976efd-f7c2-4b0e-8878-212f6a8dd0fb ] Request (ServerGroupTestJSON:setUpClass): 201 POST http://10.180.1.21/identity/v3/users 0.075s
2025-12-09 06:22:02.140 66715 INFO tempest.lib.common.rest_client [req-5cc9a8c1-3482-4aec-b716-50304cf4a317 req-5cc9a8c1-3482-4aec-b716-50304cf4a317 ] Request (ServerGroupTestJSON:setUpClass): 200 GET http://10.180.1.21/identity/v3/roles 0.021s
2025-12-09 06:22:02.155 66745 INFO tempest.lib.common.rest_client [req-0421271e-9c3c-429b-b38f-599aa8c2fcd1 req-0421271e-9c3c-429b-b38f-599aa8c2fcd1 ] Request (ServerDiskConfigTestJSON:test_rebuild_server_with_auto_disk_config): 200 GET http://10.180.1.21/compute/v2.1/servers/0d8a9b48-e937-4a15-8567-192aa4637ca2 0.116s
2025-12-09 06:22:02.164 66723 INFO tempest.lib.common.rest_client [req-9f106f18-856c-41dd-953f-350c410d924c req-9f106f18-856c-41dd-953f-350c410d924c ] Request (ServerActionsTestOtherA:_run_cleanups): 200 GET http://10.180.1.21/compute/v2.1/servers/d0389f66-b3cf-48aa-bb27-59152d83066a 0.107s
2025-12-09 06:22:02.171 66715 INFO tempest.lib.common.rest_client [req-704119d0-e959-490d-841a-d7cd2d804ecc req-704119d0-e959-490d-841a-d7cd2d804ecc ] Request (ServerGroupTestJSON:setUpClass): 204 PUT http://10.180.1.21/identity/v3/projects/cae60e2aeadc4ababb8e2410bd08bcac/users/9e755d3a2f1b44598554ec15ae4fbcbc/roles/143e2d802c984103be04b86b7b1cf837 0.030s
2025-12-09 06:22:02.171 66715 INFO tempest.lib.common.dynamic_creds [-] Dynamic test user 9e755d3a2f1b44598554ec15ae4fbcbc is created with scope project and roles: ['member']
2025-12-09 06:22:02.171 66715 INFO tempest.lib.common.dynamic_creds [-] Acquired dynamic creds: credentials: Credentials: {'domain_id': 'default', 'domain_name': 'Default', 'username': 'tempest-ServerGroupTestJSON-205092239-project-member', 'project_domain_id': 'default', 'project_domain_name': 'Default', 'project_id': 'cae60e2aeadc4ababb8e2410bd08bcac', 'project_name': 'tempest-ServerGroupTestJSON-205092239', 'tenant_id': 'cae60e2aeadc4ababb8e2410bd08bcac', 'tenant_name': 'tempest-ServerGroupTestJSON-205092239', 'user_domain_id': 'default', 'user_domain_name': 'Default', 'user_id': '9e755d3a2f1b44598554ec15ae4fbcbc', 'system': None}, Network: None, Subnet: None, Router: None
2025-12-09 06:22:02.215 66763 INFO tempest.lib.common.rest_client [req-3dd0d320-a902-46aa-87f1-fdffd03ff319 req-3dd0d320-a902-46aa-87f1-fdffd03ff319 ] Request (DeleteServersTestJSON:test_delete_active_server): 200 GET http://10.180.1.21/compute/v2.1/servers/9caa8091-b2ff-46e6-b3dd-a7fe626434ec 0.118s
2025-12-09 06:22:02.222 66763 INFO tempest.common.waiters [-] State transition "BUILD/None" ==> "BUILD/networking" after 48 second wait
2025-12-09 06:22:02.234 66715 INFO tempest.lib.common.rest_client [req-45bb06b2-4775-444f-8071-f318ef7568be req-45bb06b2-4775-444f-8071-f318ef7568be ] Request (ServerGroupTestJSON:setUpClass): 201 POST http://10.180.1.21/identity/v3/auth/tokens 0.062s
2025-12-09 06:22:02.237 66725 INFO tempest.lib.common.rest_client [req-1162967b-d5cf-4cab-a5d3-40f280f935ed req-1162967b-d5cf-4cab-a5d3-40f280f935ed ] Request (ServersNegativeTestJSON:test_resize_server_with_non_existent_flavor): 400 POST http://10.180.1.21/compute/v2.1/servers/26fec902-f263-457b-bbcc-b8881f17174d/action 0.181s
2025-12-09 06:22:02.270 66755 INFO tempest.lib.common.rest_client [req-409f3a3c-5dec-45b9-93ac-bf7fc6c81d15 req-409f3a3c-5dec-45b9-93ac-bf7fc6c81d15 ] Request (ServerActionsV293TestJSON:setUpClass): 200 GET http://10.180.1.21/compute/v2.1/servers/086625ac-0dff-436a-abcc-26e4693fa164 0.103s
2025-12-09 06:22:02.323 66727 INFO tempest.lib.common.rest_client [req-7961f459-86cc-4ce1-a00f-dc959c479ece req-7961f459-86cc-4ce1-a00f-dc959c479ece ] Request (ServersTestJSON:_run_cleanups): 200 GET http://10.180.1.21/compute/v2.1/servers/f7f07cce-fd0f-4c9a-9e88-0589fb035992 0.086s
2025-12-09 06:22:02.343 66754 INFO tempest.lib.common.rest_client [req-76ca2a44-d51e-4570-b050-679c52042162 req-76ca2a44-d51e-4570-b050-679c52042162 ] Request (ServerActionsTestOtherB:setUpClass): 200 GET http://10.180.1.21/compute/v2.1/servers/4fee822f-7286-4337-ae97-a1dff697afe7 0.151s
2025-12-09 06:22:02.398 66721 INFO tempest.lib.common.rest_client [req-ea819268-842b-46d7-90b2-ccf3810306ae req-ea819268-842b-46d7-90b2-ccf3810306ae ] Request (SecurityGroupsTestJSON:test_server_security_groups): 200 GET http://10.180.1.21/compute/v2.1/servers/7698df95-a58d-4273-9b02-92ddb5ba22a5 0.143s
2025-12-09 06:22:02.420 66725 INFO tempest.lib.common.rest_client [req-8a29caac-ab32-4461-b298-89b420c24048 req-8a29caac-ab32-4461-b298-89b420c24048 ] Request (ServersNegativeTestJSON:tearDown): 200 GET http://10.180.1.21/compute/v2.1/servers/26fec902-f263-457b-bbcc-b8881f17174d 0.183s
2025-12-09 06:22:02.461 66715 INFO tempest.lib.common.rest_client [req-963d1995-3500-4286-8308-d4b607d54622 req-963d1995-3500-4286-8308-d4b607d54622 ] Request (ServerGroupTestJSON:setUpClass): 201 POST http://10.180.1.21/networking/v2.0/networks 0.227s
2025-12-09 06:22:02.484 66737 INFO tempest.lib.common.rest_client [req-5bf73907-1a93-431b-b035-86029644422b req-5bf73907-1a93-431b-b035-86029644422b ] Request (ListServersNegativeTestJSON:tearDownClass): 200 GET http://10.180.1.21/compute/v2.1/servers/fbe765d1-bdd6-4bd1-bf10-2fdddd73d41f 0.112s
2025-12-09 06:22:02.485 66775 INFO tempest.lib.common.rest_client [req-bb340066-9cbf-48a4-afb5-d8bea4fafad0 req-bb340066-9cbf-48a4-afb5-d8bea4fafad0 ] Request (ServersTestBootFromVolume:tearDownClass): 200 GET http://10.180.1.21/compute/v2.1/servers/85e8a541-8327-4d50-b213-1d753c7cc37a 0.186s
2025-12-09 06:22:02.618 66715 INFO tempest.lib.common.rest_client [req-68445ce0-346f-4607-8f26-4fca1151c46e req-68445ce0-346f-4607-8f26-4fca1151c46e ] Request (ServerGroupTestJSON:setUpClass): 201 POST http://10.180.1.21/networking/v2.0/subnets 0.155s
2025-12-09 06:22:02.639 66735 INFO tempest.lib.common.rest_client [req-3517d479-e4dd-4ace-8b44-114ebbfc9b55 req-3517d479-e4dd-4ace-8b44-114ebbfc9b55 ] Request (ServersTestFqdnHostnames:test_create_server_with_fqdn_name): 200 GET http://10.180.1.21/compute/v2.1/servers/efe87f71-1848-4f96-a1a4-6d76ffd95360 0.225s
2025-12-09 06:22:02.822 66725 INFO tempest.lib.common.rest_client [req-750e43a5-e026-4156-b399-6bded06481b3 req-750e43a5-e026-4156-b399-6bded06481b3 ] Request (ServersNegativeTestJSON:setUp): 200 GET http://10.180.1.21/compute/v2.1/servers/26fec902-f263-457b-bbcc-b8881f17174d 0.393s
2025-12-09 06:22:02.834 66730 INFO tempest.lib.common.rest_client [req-8be0f217-0866-4958-a8f7-3b0814efe406 req-8be0f217-0866-4958-a8f7-3b0814efe406 ] Request (ServerMetadataTestJSON:tearDownClass): 200 GET http://10.180.1.21/compute/v2.1/servers/ec0375cf-515b-4528-b367-071babf1fa85 0.391s
2025-12-09 06:22:02.895 66759 WARNING tempest.lib.common.ssh [-] Failed to establish authenticated ssh connection to cirros@10.180.180.240 ([Errno None] Unable to connect to port 22 on 10.180.180.240). Number attempts: 4. Retry after 5 seconds.: paramiko.ssh_exception.NoValidConnectionsError: [Errno None] Unable to connect to port 22 on 10.180.180.240
2025-12-09 06:22:03.441 66715 INFO tempest.lib.common.rest_client [req-e368f159-6d08-49eb-ba17-6cf2e8bc431f req-e368f159-6d08-49eb-ba17-6cf2e8bc431f ] Request (ServerGroupTestJSON:setUpClass): 201 POST http://10.180.1.21/networking/v2.0/routers 0.823s
2025-12-09 06:22:03.469 66741 INFO tempest.lib.common.rest_client [req-cefafba4-4ee7-4bc9-befe-043f9cc70c4b req-cefafba4-4ee7-4bc9-befe-043f9cc70c4b ] Request (ImagesTestJSON:test_create_image_from_stopped_server): 200 GET http://10.180.1.21/compute/v2.1/servers/eac98a81-72eb-4ab0-ad60-f3d41959ce60 0.991s
2025-12-09 06:22:03.491 66731 INFO tempest.lib.common.rest_client [req-ae302eef-3bfe-4365-9702-6972b6f32a9b req-ae302eef-3bfe-4365-9702-6972b6f32a9b ] Request (ServersAdminTestJSON:test_create_server_with_scheduling_hint): 200 GET http://10.180.1.21/compute/v2.1/servers/63ec2b80-4dfc-491b-94d8-968515b16ece 0.968s
2025-12-09 06:22:04.290 66715 INFO tempest.lib.common.rest_client [req-b874b985-fb22-4695-bd6c-efd500481aa4 req-b874b985-fb22-4695-bd6c-efd500481aa4 ] Request (ServerGroupTestJSON:setUpClass): 200 PUT http://10.180.1.21/networking/v2.0/routers/de363c67-f441-4a24-b61c-ff2550dce417/add_router_interface 0.849s
2025-12-09 06:22:04.291 66715 INFO tempest.lib.common.dynamic_creds [-] Created isolated network resources for: credentials: Credentials: {'domain_id': 'default', 'domain_name': 'Default', 'username': 'tempest-ServerGroupTestJSON-205092239-project-member', 'project_domain_id': 'default', 'project_domain_name': 'Default', 'project_id': 'cae60e2aeadc4ababb8e2410bd08bcac', 'project_name': 'tempest-ServerGroupTestJSON-205092239', 'tenant_id': 'cae60e2aeadc4ababb8e2410bd08bcac', 'tenant_name': 'tempest-ServerGroupTestJSON-205092239', 'user_domain_id': 'default', 'user_domain_name': 'Default', 'user_id': '9e755d3a2f1b44598554ec15ae4fbcbc', 'system': None}, Network: {'id': '106c4cde-aea0-4b03-8bf8-9aeadd93853f', 'name': 'tempest-ServerGroupTestJSON-2147112901-network', 'tenant_id': 'cae60e2aeadc4ababb8e2410bd08bcac', 'project_id': 'cae60e2aeadc4ababb8e2410bd08bcac', 'admin_state_up': True, 'mtu': 8950, 'status': 'ACTIVE', 'subnets': [], 'shared': False, 'port_security_enabled': True, 'router:external': False, 'provider:network_type': 'vlan', 'provider:physical_network': 'default', 'provider:segmentation_id': 256, 'availability_zone_hints': [], 'availability_zones': [], 'ipv4_address_scope': None, 'ipv6_address_scope': None, 'description': '', 'tags': [], 'created_at': '2025-12-09T06:22:02Z', 'updated_at': '2025-12-09T06:22:02Z', 'revision_number': 1}, Subnet: {'id': '73471807-4c78-46ef-b04e-7c0f71b98061', 'name': 'tempest-ServerGroupTestJSON-2147112901-subnet', 'tenant_id': 'cae60e2aeadc4ababb8e2410bd08bcac', 'network_id': '106c4cde-aea0-4b03-8bf8-9aeadd93853f', 'ip_version': 4, 'subnetpool_id': None, 'enable_dhcp': True, 'ipv6_ra_mode': None, 'ipv6_address_mode': None, 'gateway_ip': '192.168.128.1', 'cidr': '192.168.128.0/28', 'allocation_pools': [{'start': '192.168.128.2', 'end': '192.168.128.14'}], 'host_routes': [], 'dns_nameservers': [], 'description': '', 'router:external': False, 'service_types': [], 'tags': [], 'created_at': '2025-12-09T06:22:02Z', 'updated_at': '2025-12-09T06:22:02Z', 'revision_number': 0, 'project_id': 'cae60e2aeadc4ababb8e2410bd08bcac'}, Router: {'id': 'de363c67-f441-4a24-b61c-ff2550dce417', 'name': 'tempest-ServerGroupTestJSON-2147112901-router', 'tenant_id': 'cae60e2aeadc4ababb8e2410bd08bcac', 'admin_state_up': True, 'status': 'ACTIVE', 'external_gateway_info': {'network_id': '94b11daa-471e-4ea7-a892-0c2bfd238115', 'external_fixed_ips': [{'subnet_id': '2c9220be-15b0-4143-9202-f4d3c201ed14', 'ip_address': '10.180.180.200'}], 'enable_snat': True}, 'description': '', 'availability_zones': [], 'distributed': False, 'ha': False, 'availability_zone_hints': [], 'routes': [], 'flavor_id': None, 'tags': [], 'created_at': '2025-12-09T06:22:02Z', 'updated_at': '2025-12-09T06:22:03Z', 'revision_number': 2, 'project_id': 'cae60e2aeadc4ababb8e2410bd08bcac'}
2025-12-09 06:22:04.322 66765 INFO tempest.lib.common.rest_client [req-9cc7e491-1941-41ec-b4c5-8a1203d3bea2 req-9cc7e491-1941-41ec-b4c5-8a1203d3bea2 ] Request (ServersTestMultiNic:test_verify_duplicate_network_nics): 200 GET http://10.180.1.21/compute/v2.1/servers/dccedb85-6e69-46ae-b3f5-b49eb533b385 1.787s
2025-12-09 06:22:04.333 66739 INFO tempest.lib.common.rest_client [req-12e2883c-5488-4353-bdd7-fd56e0e95e31 req-12e2883c-5488-4353-bdd7-fd56e0e95e31 ] Request (MultipleCreateTestJSON:test_multiple_create_with_reservation_return): 200 GET http://10.180.1.21/compute/v2.1/servers/b4747d6c-309d-4e07-9f47-a3271f9bd62e 1.735s
2025-12-09 06:22:04.341 66725 INFO tempest.lib.common.rest_client [req-3a8e88d8-0189-47d4-abbc-e25b12950385 req-3a8e88d8-0189-47d4-abbc-e25b12950385 ] Request (ServersNegativeTestJSON:test_resize_server_with_null_flavor): 400 POST http://10.180.1.21/compute/v2.1/servers/26fec902-f263-457b-bbcc-b8881f17174d/action 1.508s
2025-12-09 06:22:04.402 66715 INFO tempest.lib.common.rest_client [req-acffff30-175e-4db9-ae36-11c5418470c9 req-acffff30-175e-4db9-ae36-11c5418470c9 ] Request (ServerGroupTestJSON:setUpClass): 201 POST http://10.180.1.21/identity/v3/auth/tokens 0.107s
2025-12-09 06:22:04.431 66747 INFO tempest.lib.common.rest_client [req-3f441669-4439-4594-88ec-974cdd72cad5 req-3f441669-4439-4594-88ec-974cdd72cad5 ] Request (ServersListShow2100Test:tearDownClass): 200 GET http://10.180.1.21/compute/v2.1/servers/96178865-200a-4e82-b11f-bdd258b3c4cf 1.738s
2025-12-09 06:22:04.456 66719 INFO tempest.lib.common.rest_client [req-00015839-6e82-4560-8411-c3cb47c5d134 req-00015839-6e82-4560-8411-c3cb47c5d134 ] Request (ServersWithSpecificFlavorTestJSON:test_verify_created_server_ephemeral_disk): 200 GET http://10.180.1.21/compute/v2.1/servers/84d866bc-4ffb-4f40-8412-ce246c570ead 1.602s
2025-12-09 06:22:04.464 66719 INFO tempest.common.waiters [-] State transition "BUILD/spawning" ==> "ACTIVE/None" after 63 second wait
2025-12-09 06:22:04.483 66771 INFO tempest.lib.common.rest_client [req-997bb57a-e003-4e7d-98b1-6f85ad7de7ea req-997bb57a-e003-4e7d-98b1-6f85ad7de7ea ] Request (ServerAddressesTestJSON:setUpClass): 200 GET http://10.180.1.21/compute/v2.1/servers/aa7bfb12-b46e-4b70-8b2c-6738343f146f 1.558s
2025-12-09 06:22:04.514 66749 INFO tempest.lib.common.rest_client [req-c7519d86-bb56-421b-bbe6-24dda035748a req-c7519d86-bb56-421b-bbe6-24dda035748a ] Request (ServersAdminNegativeTestJSON:tearDownClass): 200 GET http://10.180.1.21/compute/v2.1/servers/2641d7dd-5ada-4b70-b2cd-9e412ff83b34 1.573s
2025-12-09 06:22:04.545 66767 INFO tempest.lib.common.rest_client [req-c593476b-8292-45fe-81d7-bd5766f57562 req-c593476b-8292-45fe-81d7-bd5766f57562 ] Request (ListImageFiltersTestJSON:tearDownClass): 200 GET http://10.180.1.21/compute/v2.1/servers/fe9250fe-c61e-4a51-9aec-01b6c1a05602 1.546s
2025-12-09 06:22:04.603 66743 INFO tempest.lib.common.rest_client [req-d439b737-5ccf-4965-900f-994c69d7b540 req-d439b737-5ccf-4965-900f-994c69d7b540 ] Request (ImagesOneServerNegativeTestJSON:setUpClass): 200 GET http://10.180.1.21/compute/v2.1/servers/8f0bb16d-46aa-4f23-927e-c6d1990f7d28 1.483s
2025-12-09 06:22:04.652 66751 INFO tempest.lib.common.rest_client [req-7390f852-f8ee-4df0-9abb-8f303cebc8dd req-7390f852-f8ee-4df0-9abb-8f303cebc8dd ] Request (MigrationsAdminTest:test_resize_server_revert_deleted_flavor): 200 GET http://10.180.1.21/compute/v2.1/servers/ab063d16-243e-4480-ae25-c53adf368520 1.539s
2025-12-09 06:22:04.656 66745 INFO tempest.lib.common.rest_client [req-7cc5ffa9-5daa-4d64-b2f0-aada0a31acb2 req-7cc5ffa9-5daa-4d64-b2f0-aada0a31acb2 ] Request (ServerDiskConfigTestJSON:test_rebuild_server_with_auto_disk_config): 200 GET http://10.180.1.21/compute/v2.1/servers/0d8a9b48-e937-4a15-8567-192aa4637ca2 1.493s
2025-12-09 06:22:04.710 66723 INFO tempest.lib.common.rest_client [req-36fcb962-bc1f-490d-81fe-1701c8a13732 req-36fcb962-bc1f-490d-81fe-1701c8a13732 ] Request (ServerActionsTestOtherA:_run_cleanups): 200 GET http://10.180.1.21/compute/v2.1/servers/d0389f66-b3cf-48aa-bb27-59152d83066a 1.539s
2025-12-09 06:22:04.753 66763 INFO tempest.lib.common.rest_client [req-2632c171-964e-4431-8d41-d029c4832338 req-2632c171-964e-4431-8d41-d029c4832338 ] Request (DeleteServersTestJSON:test_delete_active_server): 200 GET http://10.180.1.21/compute/v2.1/servers/9caa8091-b2ff-46e6-b3dd-a7fe626434ec 1.529s
2025-12-09 06:22:04.759 66763 INFO tempest.common.waiters [-] State transition "BUILD/networking" ==> "BUILD/spawning" after 50 second wait
2025-12-09 06:22:04.775 66755 INFO tempest.lib.common.rest_client [req-287528e3-9fbb-40ac-a46f-d4a476f90210 req-287528e3-9fbb-40ac-a46f-d4a476f90210 ] Request (ServerActionsV293TestJSON:setUpClass): 200 GET http://10.180.1.21/compute/v2.1/servers/086625ac-0dff-436a-abcc-26e4693fa164 1.492s
2025-12-09 06:22:04.825 66727 INFO tempest.lib.common.rest_client [req-496b3016-efe6-4c98-b1b2-481c496c2f20 req-496b3016-efe6-4c98-b1b2-481c496c2f20 ] Request (ServersTestJSON:_run_cleanups): 200 GET http://10.180.1.21/compute/v2.1/servers/f7f07cce-fd0f-4c9a-9e88-0589fb035992 1.495s
2025-12-09 06:22:04.903 66721 INFO tempest.lib.common.rest_client [req-2ed69e52-e777-4f2a-8896-d622067e2cda req-2ed69e52-e777-4f2a-8896-d622067e2cda ] Request (SecurityGroupsTestJSON:test_server_security_groups): 200 GET http://10.180.1.21/compute/v2.1/servers/7698df95-a58d-4273-9b02-92ddb5ba22a5 1.498s
2025-12-09 06:22:04.954 66754 INFO tempest.lib.common.rest_client [req-9e1a8053-2afd-47bb-a985-1073660040ad req-9e1a8053-2afd-47bb-a985-1073660040ad ] Request (ServerActionsTestOtherB:setUpClass): 200 GET http://10.180.1.21/compute/v2.1/servers/4fee822f-7286-4337-ae97-a1dff697afe7 1.603s
2025-12-09 06:22:04.977 66737 INFO tempest.lib.common.rest_client [req-036a5d61-c27e-4b1e-8d1a-2dcb2761e662 req-036a5d61-c27e-4b1e-8d1a-2dcb2761e662 ] Request (ListServersNegativeTestJSON:tearDownClass): 200 GET http://10.180.1.21/compute/v2.1/servers/fbe765d1-bdd6-4bd1-bf10-2fdddd73d41f 1.485s
2025-12-09 06:22:05.024 66775 INFO tempest.lib.common.rest_client [req-248a557d-3fa3-4d02-8cac-a099d3bbdd8b req-248a557d-3fa3-4d02-8cac-a099d3bbdd8b ] Request (ServersTestBootFromVolume:tearDownClass): 200 GET http://10.180.1.21/compute/v2.1/servers/85e8a541-8327-4d50-b213-1d753c7cc37a 1.526s
2025-12-09 06:22:05.040 66735 INFO tempest.lib.common.rest_client [req-2d26e058-fb62-4e04-949d-6cbf0bcc4084 req-2d26e058-fb62-4e04-949d-6cbf0bcc4084 ] Request (ServersTestFqdnHostnames:test_create_server_with_fqdn_name): 200 GET http://10.180.1.21/compute/v2.1/servers/efe87f71-1848-4f96-a1a4-6d76ffd95360 1.389s
2025-12-09 06:22:05.084 66730 INFO tempest.lib.common.rest_client [req-0184b26b-cdd0-47ef-8019-52b90564b031 req-0184b26b-cdd0-47ef-8019-52b90564b031 ] Request (ServerMetadataTestJSON:tearDownClass): 200 GET http://10.180.1.21/compute/v2.1/servers/ec0375cf-515b-4528-b367-071babf1fa85 1.239s
2025-12-09 06:22:05.134 66713 WARNING tempest.lib.common.ssh [-] Failed to establish authenticated ssh connection to cirros@10.180.180.246 ([Errno None] Unable to connect to port 22 on 10.180.180.246). Number attempts: 5. Retry after 6 seconds.: paramiko.ssh_exception.NoValidConnectionsError: [Errno None] Unable to connect to port 22 on 10.180.180.246
2025-12-09 06:22:05.219 66725 INFO tempest.lib.common.rest_client [req-1be4df9b-f355-4483-9d5a-cbca6ab71b70 req-1be4df9b-f355-4483-9d5a-cbca6ab71b70 ] Request (ServersNegativeTestJSON:tearDown): 200 GET http://10.180.1.21/compute/v2.1/servers/26fec902-f263-457b-bbcc-b8881f17174d 0.877s
2025-12-09 06:22:05.257 66715 INFO tempest.lib.common.rest_client [req-99e138c1-7b75-4e3c-8cfa-9ff22ce258a3 req-99e138c1-7b75-4e3c-8cfa-9ff22ce258a3 ] Request (ServerGroupTestJSON:setUp): 200 POST http://10.180.1.21/compute/v2.1/os-server-groups 0.854s
2025-12-09 06:22:05.297 66719 INFO tempest.lib.common.rest_client [req-819d99b2-199e-44f0-b73f-bcdcd5d538b0 req-819d99b2-199e-44f0-b73f-bcdcd5d538b0 ] Request (ServersWithSpecificFlavorTestJSON:test_verify_created_server_ephemeral_disk): 200 GET http://10.180.1.21/compute/v2.1/servers/84d866bc-4ffb-4f40-8412-ce246c570ead/os-interface 0.832s
2025-12-09 06:22:05.336 66741 INFO tempest.lib.common.rest_client [req-2447cb77-0589-4d1b-9338-596b19f8f035 req-2447cb77-0589-4d1b-9338-596b19f8f035 ] Request (ImagesTestJSON:test_create_image_from_stopped_server): 200 GET http://10.180.1.21/compute/v2.1/servers/eac98a81-72eb-4ab0-ad60-f3d41959ce60 0.857s
2025-12-09 06:22:05.530 66731 INFO tempest.lib.common.rest_client [req-eb54e20c-ed6c-408a-81de-efe1f2af8e90 req-eb54e20c-ed6c-408a-81de-efe1f2af8e90 ] Request (ServersAdminTestJSON:test_create_server_with_scheduling_hint): 200 GET http://10.180.1.21/compute/v2.1/servers/63ec2b80-4dfc-491b-94d8-968515b16ece 1.025s
2025-12-09 06:22:05.587 66715 INFO tempest.lib.common.rest_client [req-41e72ffd-13c4-41cc-bff6-a8c5c901add7 req-41e72ffd-13c4-41cc-bff6-a8c5c901add7 ] Request (ServerGroupTestJSON:test_create_delete_multiple_server_groups_with_same_name_policy): 200 POST http://10.180.1.21/compute/v2.1/os-server-groups 0.328s
2025-12-09 06:22:05.907 66719 INFO tempest.lib.common.rest_client [req-3be96cc9-f929-4d76-b471-e9bd5770290a req-3be96cc9-f929-4d76-b471-e9bd5770290a ] Request (ServersWithSpecificFlavorTestJSON:test_verify_created_server_ephemeral_disk): 200 PUT http://10.180.1.21/networking/v2.0/floatingips/ac0ab162-c590-4547-b18a-21717e84694f 0.605s
2025-12-09 06:22:05.942 66725 INFO tempest.lib.common.rest_client [req-f8d61cf9-1a6b-4300-93c6-94128f7de963 req-f8d61cf9-1a6b-4300-93c6-94128f7de963 ] Request (ServersNegativeTestJSON:setUp): 200 GET http://10.180.1.21/compute/v2.1/servers/26fec902-f263-457b-bbcc-b8881f17174d 0.712s
2025-12-09 06:22:05.989 66765 INFO tempest.lib.common.rest_client [req-876ee812-d3d6-45f7-8840-ce0c07f63f28 req-876ee812-d3d6-45f7-8840-ce0c07f63f28 ] Request (ServersTestMultiNic:test_verify_duplicate_network_nics): 200 GET http://10.180.1.21/compute/v2.1/servers/dccedb85-6e69-46ae-b3f5-b49eb533b385 0.650s
2025-12-09 06:22:06.165 66747 INFO tempest.lib.common.rest_client [req-3941d4ed-853b-47f6-b4c7-f3d9af6826f7 req-3941d4ed-853b-47f6-b4c7-f3d9af6826f7 ] Request (ServersListShow2100Test:tearDownClass): 200 GET http://10.180.1.21/compute/v2.1/servers/96178865-200a-4e82-b11f-bdd258b3c4cf 0.719s
2025-12-09 06:22:06.216 66739 INFO tempest.lib.common.rest_client [req-2c7e9e84-fb35-4760-9bd9-ec8956a74134 req-2c7e9e84-fb35-4760-9bd9-ec8956a74134 ] Request (MultipleCreateTestJSON:test_multiple_create_with_reservation_return): 200 GET http://10.180.1.21/compute/v2.1/servers/b4747d6c-309d-4e07-9f47-a3271f9bd62e 0.866s
2025-12-09 06:22:06.226 66739 INFO tempest.common.waiters [-] State transition "BUILD/None" ==> "BUILD/block_device_mapping" after 43 second wait
2025-12-09 06:22:06.260 66771 INFO tempest.lib.common.rest_client [req-d9a308b4-ff5a-4227-8e8d-f5b70c348735 req-d9a308b4-ff5a-4227-8e8d-f5b70c348735 ] Request (ServerAddressesTestJSON:setUpClass): 200 GET http://10.180.1.21/compute/v2.1/servers/aa7bfb12-b46e-4b70-8b2c-6738343f146f 0.770s
2025-12-09 06:22:06.309 66749 INFO tempest.lib.common.rest_client [req-8e0dd8db-48b9-4606-950b-5d4709a92dc8 req-8e0dd8db-48b9-4606-950b-5d4709a92dc8 ] Request (ServersAdminNegativeTestJSON:tearDownClass): 200 GET http://10.180.1.21/compute/v2.1/servers/2641d7dd-5ada-4b70-b2cd-9e412ff83b34 0.786s
2025-12-09 06:22:06.325 66767 INFO tempest.lib.common.rest_client [req-c92a6d67-227b-44fd-bf7b-ac366ac58da0 req-c92a6d67-227b-44fd-bf7b-ac366ac58da0 ] Request (ListImageFiltersTestJSON:tearDownClass): 200 GET http://10.180.1.21/compute/v2.1/servers/fe9250fe-c61e-4a51-9aec-01b6c1a05602 0.771s
2025-12-09 06:22:06.366 66715 INFO tempest.lib.common.rest_client [req-9331e786-2d67-4026-9ae3-54cac808beca req-9331e786-2d67-4026-9ae3-54cac808beca ] Request (ServerGroupTestJSON:test_create_delete_multiple_server_groups_with_same_name_policy): 200 POST http://10.180.1.21/compute/v2.1/os-server-groups 0.777s
2025-12-09 06:22:06.373 66743 INFO tempest.lib.common.rest_client [req-62ccbec5-6554-4508-9022-4614a9678991 req-62ccbec5-6554-4508-9022-4614a9678991 ] Request (ImagesOneServerNegativeTestJSON:setUpClass): 200 GET http://10.180.1.21/compute/v2.1/servers/8f0bb16d-46aa-4f23-927e-c6d1990f7d28 0.755s
2025-12-09 06:22:06.475 66745 INFO tempest.lib.common.rest_client [req-ec315d9f-b78e-4d51-adb0-5be2879639b3 req-ec315d9f-b78e-4d51-adb0-5be2879639b3 ] Request (ServerDiskConfigTestJSON:test_rebuild_server_with_auto_disk_config): 200 GET http://10.180.1.21/compute/v2.1/servers/0d8a9b48-e937-4a15-8567-192aa4637ca2 0.810s
2025-12-09 06:22:06.493 66751 INFO tempest.lib.common.rest_client [req-e0c404b6-f825-4512-8ba4-227bbc580485 req-e0c404b6-f825-4512-8ba4-227bbc580485 ] Request (MigrationsAdminTest:test_resize_server_revert_deleted_flavor): 200 GET http://10.180.1.21/compute/v2.1/servers/ab063d16-243e-4480-ae25-c53adf368520 0.831s
2025-12-09 06:22:06.530 66723 INFO tempest.lib.common.rest_client [req-f0f0b0c2-ed95-4468-92ff-bb2839b5858f req-f0f0b0c2-ed95-4468-92ff-bb2839b5858f ] Request (ServerActionsTestOtherA:_run_cleanups): 200 GET http://10.180.1.21/compute/v2.1/servers/d0389f66-b3cf-48aa-bb27-59152d83066a 0.810s
2025-12-09 06:22:06.580 66755 INFO tempest.lib.common.rest_client [req-0fde096c-19f1-480c-94aa-7b7cc7f932c2 req-0fde096c-19f1-480c-94aa-7b7cc7f932c2 ] Request (ServerActionsV293TestJSON:setUpClass): 200 GET http://10.180.1.21/compute/v2.1/servers/086625ac-0dff-436a-abcc-26e4693fa164 0.795s
2025-12-09 06:22:06.590 66755 INFO tempest.common.waiters [-] State transition "BUILD/scheduling" ==> "BUILD/None" after 25 second wait
2025-12-09 06:22:06.601 66763 INFO tempest.lib.common.rest_client [req-517fce6c-499c-4050-b9a3-027c77242001 req-517fce6c-499c-4050-b9a3-027c77242001 ] Request (DeleteServersTestJSON:test_delete_active_server): 200 GET http://10.180.1.21/compute/v2.1/servers/9caa8091-b2ff-46e6-b3dd-a7fe626434ec 0.841s
2025-12-09 06:22:06.665 66727 INFO tempest.lib.common.rest_client [req-65721d22-52b5-4842-8e78-bc16d0ce8c84 req-65721d22-52b5-4842-8e78-bc16d0ce8c84 ] Request (ServersTestJSON:_run_cleanups): 200 GET http://10.180.1.21/compute/v2.1/servers/f7f07cce-fd0f-4c9a-9e88-0589fb035992 0.832s
2025-12-09 06:22:06.729 66721 INFO tempest.lib.common.rest_client [req-027148e7-ad96-41ff-92b5-468cd087da9d req-027148e7-ad96-41ff-92b5-468cd087da9d ] Request (SecurityGroupsTestJSON:test_server_security_groups): 200 GET http://10.180.1.21/compute/v2.1/servers/7698df95-a58d-4273-9b02-92ddb5ba22a5 0.815s
2025-12-09 06:22:06.738 66725 INFO tempest.lib.common.rest_client [req-67d7061c-1ed3-4414-b1a3-6b45205c4ff8 req-67d7061c-1ed3-4414-b1a3-6b45205c4ff8 ] Request (ServersNegativeTestJSON:test_restore_nonexistent_server_id): 404 POST http://10.180.1.21/compute/v2.1/servers/b8144029-4a63-4383-a80a-a4f61b2d4fb8/action 0.785s
2025-12-09 06:22:06.751 66719 INFO tempest.lib.common.rest_client [req-cf96640c-dd57-492e-95c4-8ca2afb023cf req-cf96640c-dd57-492e-95c4-8ca2afb023cf ] Request (ServersWithSpecificFlavorTestJSON:test_verify_created_server_ephemeral_disk): 200 GET http://10.180.1.21/compute/v2.1/servers/84d866bc-4ffb-4f40-8412-ce246c570ead 0.844s
2025-12-09 06:22:06.760 66719 INFO tempest.lib.common.ssh [-] Creating ssh connection to '10.180.180.146:22' as 'cirros' with public key authentication
