2025-12-09 06:19:29.586 66769 INFO tempest.lib.common.dynamic_creds [-] Created isolated network resources for: credentials: Credentials: {'domain_id': 'default', 'domain_name': 'Default', 'username': 'tempest-ImagesNegativeTestJSON-859530375-project-member', 'project_domain_id': 'default', 'project_domain_name': 'Default', 'project_id': '1d66dd5081df495b9b5e1da0d5e0917c', 'project_name': 'tempest-ImagesNegativeTestJSON-859530375', 'tenant_id': '1d66dd5081df495b9b5e1da0d5e0917c', 'tenant_name': 'tempest-ImagesNegativeTestJSON-859530375', 'user_domain_id': 'default', 'user_domain_name': 'Default', 'user_id': 'd4a4ddc46f0446adb8149651b73b522c', 'system': None}, Network: {'id': '12f8addd-3477-4875-b215-1c2a987aa8bd', 'name': 'tempest-ImagesNegativeTestJSON-1556743213-network', 'tenant_id': '1d66dd5081df495b9b5e1da0d5e0917c', 'project_id': '1d66dd5081df495b9b5e1da0d5e0917c', 'admin_state_up': True, 'mtu': 8950, 'status': 'ACTIVE', 'subnets': [], 'shared': False, 'port_security_enabled': True, 'router:external': False, 'provider:network_type': 'vlan', 'provider:physical_network': 'default', 'provider:segmentation_id': 550, 'availability_zone_hints': [], 'availability_zones': [], 'ipv4_address_scope': None, 'ipv6_address_scope': None, 'description': '', 'tags': [], 'created_at': '2025-12-09T06:19:26Z', 'updated_at': '2025-12-09T06:19:26Z', 'revision_number': 1}, Subnet: {'id': 'aebd227a-1fca-4415-a675-132ee237a78c', 'name': 'tempest-ImagesNegativeTestJSON-1556743213-subnet', 'tenant_id': '1d66dd5081df495b9b5e1da0d5e0917c', 'network_id': '12f8addd-3477-4875-b215-1c2a987aa8bd', 'ip_version': 4, 'subnetpool_id': None, 'enable_dhcp': True, 'ipv6_ra_mode': None, 'ipv6_address_mode': None, 'gateway_ip': '192.168.128.1', 'cidr': '192.168.128.0/28', 'allocation_pools': [{'start': '192.168.128.2', 'end': '192.168.128.14'}], 'host_routes': [], 'dns_nameservers': [], 'description': '', 'router:external': False, 'service_types': [], 'tags': [], 'created_at': '2025-12-09T06:19:26Z', 'updated_at': '2025-12-09T06:19:26Z', 'revision_number': 0, 'project_id': '1d66dd5081df495b9b5e1da0d5e0917c'}, Router: {'id': '1bc76ac5-0da0-40f9-bb83-e9a9a4511cf6', 'name': 'tempest-ImagesNegativeTestJSON-1556743213-router', 'tenant_id': '1d66dd5081df495b9b5e1da0d5e0917c', 'admin_state_up': True, 'status': 'ACTIVE', 'external_gateway_info': {'network_id': '94b11daa-471e-4ea7-a892-0c2bfd238115', 'external_fixed_ips': [{'subnet_id': '2c9220be-15b0-4143-9202-f4d3c201ed14', 'ip_address': '10.180.180.151'}], 'enable_snat': True}, 'description': '', 'availability_zones': [], 'distributed': False, 'ha': False, 'availability_zone_hints': [], 'routes': [], 'flavor_id': None, 'tags': [], 'created_at': '2025-12-09T06:19:27Z', 'updated_at': '2025-12-09T06:19:28Z', 'revision_number': 2, 'project_id': '1d66dd5081df495b9b5e1da0d5e0917c'}
2025-12-09 06:19:29.603 66763 INFO tempest.lib.common.rest_client [req-ab256527-0b21-4cb9-b361-be6ab1599703 req-ab256527-0b21-4cb9-b361-be6ab1599703 ] Request (FlavorsExtraSpecsTestJSON:tearDownClass): 204 DELETE http://10.180.1.21/identity/v3/projects/432424f1bc7b4b81925638dff875123c 0.109s
2025-12-09 06:19:29.689 66763 INFO tempest.lib.common.rest_client [req-48f41311-9bb6-43f7-bfea-49a5379e03ff req-48f41311-9bb6-43f7-bfea-49a5379e03ff ] Request (HypervisorAdminTestJSON:setUpClass): 201 POST http://10.180.1.21/identity/v3/auth/tokens 0.084s
2025-12-09 06:19:29.696 66730 INFO tempest.lib.common.rest_client [req-f8d166be-2a38-4200-8017-3a37ae315521 req-f8d166be-2a38-4200-8017-3a37ae315521 ] Request (HostsAdminTestJSON:tearDownClass): 204 DELETE http://10.180.1.21/networking/v2.0/security-groups/aeb491eb-c8dd-49ca-9a68-fd2ea1d5d862 1.104s
2025-12-09 06:19:29.702 66769 INFO tempest.lib.common.rest_client [req-886039ed-dd34-409c-bb67-a577660c5274 req-886039ed-dd34-409c-bb67-a577660c5274 ] Request (ImagesNegativeTestJSON:setUpClass): 201 POST http://10.180.1.21/identity/v3/auth/tokens 0.112s
2025-12-09 06:19:29.746 66763 INFO tempest.lib.common.rest_client [req-3deb75c7-3c7e-45a8-b7bb-9909600f6f6a req-3deb75c7-3c7e-45a8-b7bb-9909600f6f6a ] Request (HypervisorAdminTestJSON:setUpClass): 201 POST http://10.180.1.21/identity/v3/auth/tokens 0.052s
2025-12-09 06:19:29.785 66730 INFO tempest.lib.common.rest_client [req-e6b18bf3-8f12-44cc-a767-4f4d038969fc req-e6b18bf3-8f12-44cc-a767-4f4d038969fc ] Request (HostsAdminTestJSON:tearDownClass): 204 DELETE http://10.180.1.21/identity/v3/projects/d7d316a5acde4a5bab2c6fef0ab70b49 0.089s
2025-12-09 06:19:29.786 66730 INFO tempest.lib.common.dynamic_creds [-] Deleting project and security group for project: 79fc0f93fd2f48b09ecc33addbdfe3c9
2025-12-09 06:19:29.790 66751 INFO tempest.lib.common.rest_client [req-c52a2429-53a9-4b16-83e5-f096703215da req-c52a2429-53a9-4b16-83e5-f096703215da ] Request (MigrationsAdminTest:test_list_migrations_in_flavor_resize_situation): 200 GET http://10.180.1.21/compute/v2.1/servers/d1457fde-9566-4a2d-bf77-ae84c94ab6fb 4.851s
2025-12-09 06:19:29.841 66769 INFO tempest.lib.common.rest_client [req-0c704d73-8360-4c8d-85f1-8feceb2ff1ba req-0c704d73-8360-4c8d-85f1-8feceb2ff1ba ] Request (ImagesNegativeTestJSON:test_create_image_from_deleted_server): 201 POST http://10.180.1.21/identity/v3/auth/tokens 0.131s
2025-12-09 06:19:29.842 66769 INFO tempest.lib.common.fixed_network [-] (ImagesNegativeTestJSON:test_create_image_from_deleted_server) Found network {'id': '12f8addd-3477-4875-b215-1c2a987aa8bd', 'name': 'tempest-ImagesNegativeTestJSON-1556743213-network', 'tenant_id': '1d66dd5081df495b9b5e1da0d5e0917c', 'project_id': '1d66dd5081df495b9b5e1da0d5e0917c', 'admin_state_up': True, 'mtu': 8950, 'status': 'ACTIVE', 'subnets': [], 'shared': False, 'port_security_enabled': True, 'router:external': False, 'provider:network_type': 'vlan', 'provider:physical_network': 'default', 'provider:segmentation_id': 550, 'availability_zone_hints': [], 'availability_zones': [], 'ipv4_address_scope': None, 'ipv6_address_scope': None, 'description': '', 'tags': [], 'created_at': '2025-12-09T06:19:26Z', 'updated_at': '2025-12-09T06:19:26Z', 'revision_number': 1} available for tenant
2025-12-09 06:19:29.868 66725 INFO tempest.lib.common.rest_client [req-7f166c0d-313f-4aef-9344-4dda36c1c1f1 req-7f166c0d-313f-4aef-9344-4dda36c1c1f1 ] Request (ServersNegativeTestJSON:setUpClass): 200 GET http://10.180.1.21/compute/v2.1/servers/26fec902-f263-457b-bbcc-b8881f17174d 4.909s
2025-12-09 06:19:29.870 66763 INFO tempest.lib.common.rest_client [req-f4f61e6e-7d68-48b7-a80c-b4e7fc76394f req-f4f61e6e-7d68-48b7-a80c-b4e7fc76394f ] Request (HypervisorAdminTestJSON:setUpClass): 200 GET http://10.180.1.21/identity/v3/domains?name=Default 0.123s
2025-12-09 06:19:29.887 66725 INFO tempest.common.waiters [-] State transition "BUILD/None" ==> "BUILD/spawning" after 16 second wait
2025-12-09 06:19:29.912 66763 INFO tempest.lib.common.rest_client [req-820fa0e6-2203-4609-a646-04886f34a971 req-820fa0e6-2203-4609-a646-04886f34a971 ] Request (HypervisorAdminTestJSON:setUpClass): 201 POST http://10.180.1.21/identity/v3/projects 0.042s
2025-12-09 06:19:29.978 66763 INFO tempest.lib.common.rest_client [req-901e31a1-6e0d-4a08-baee-0579cd9d4c64 req-901e31a1-6e0d-4a08-baee-0579cd9d4c64 ] Request (HypervisorAdminTestJSON:setUpClass): 201 POST http://10.180.1.21/identity/v3/users 0.066s
2025-12-09 06:19:30.007 66763 INFO tempest.lib.common.rest_client [req-94ef9af8-6101-42bd-824c-0978bab6f4b7 req-94ef9af8-6101-42bd-824c-0978bab6f4b7 ] Request (HypervisorAdminTestJSON:setUpClass): 200 GET http://10.180.1.21/identity/v3/roles 0.027s
2025-12-09 06:19:30.037 66763 INFO tempest.lib.common.rest_client [req-b4ab764d-553e-4a58-865e-f65b1990139f req-b4ab764d-553e-4a58-865e-f65b1990139f ] Request (HypervisorAdminTestJSON:setUpClass): 204 PUT http://10.180.1.21/identity/v3/projects/8e6cd4c2472e40dd8d82be38be51080e/users/8b6427ace22d462b89085f3a72b1717d/roles/143e2d802c984103be04b86b7b1cf837 0.030s
2025-12-09 06:19:30.038 66763 INFO tempest.lib.common.dynamic_creds [-] Dynamic test user 8b6427ace22d462b89085f3a72b1717d is created with scope project and roles: ['member']
2025-12-09 06:19:30.038 66763 INFO tempest.lib.common.dynamic_creds [-] Acquired dynamic creds: credentials: Credentials: {'domain_id': 'default', 'domain_name': 'Default', 'username': 'tempest-HypervisorAdminTestJSON-1939543461-project-member', 'project_domain_id': 'default', 'project_domain_name': 'Default', 'project_id': '8e6cd4c2472e40dd8d82be38be51080e', 'project_name': 'tempest-HypervisorAdminTestJSON-1939543461', 'tenant_id': '8e6cd4c2472e40dd8d82be38be51080e', 'tenant_name': 'tempest-HypervisorAdminTestJSON-1939543461', 'user_domain_id': 'default', 'user_domain_name': 'Default', 'user_id': '8b6427ace22d462b89085f3a72b1717d', 'system': None}, Network: None, Subnet: None, Router: None
2025-12-09 06:19:30.038 66763 INFO tempest.lib.common.dynamic_creds [-] Created isolated network resources for: credentials: Credentials: {'domain_id': 'default', 'domain_name': 'Default', 'username': 'tempest-HypervisorAdminTestJSON-1939543461-project-member', 'project_domain_id': 'default', 'project_domain_name': 'Default', 'project_id': '8e6cd4c2472e40dd8d82be38be51080e', 'project_name': 'tempest-HypervisorAdminTestJSON-1939543461', 'tenant_id': '8e6cd4c2472e40dd8d82be38be51080e', 'tenant_name': 'tempest-HypervisorAdminTestJSON-1939543461', 'user_domain_id': 'default', 'user_domain_name': 'Default', 'user_id': '8b6427ace22d462b89085f3a72b1717d', 'system': None}, Network: None, Subnet: None, Router: None
2025-12-09 06:19:30.115 66763 INFO tempest.lib.common.rest_client [req-160727d4-f832-4186-bb9c-1d8a46712be7 req-160727d4-f832-4186-bb9c-1d8a46712be7 ] Request (HypervisorAdminTestJSON:setUpClass): 201 POST http://10.180.1.21/identity/v3/auth/tokens 0.074s
2025-12-09 06:19:30.181 66763 INFO tempest.lib.common.rest_client [req-cf7284bc-da49-41c4-86dc-5fe31aa1fc6a req-cf7284bc-da49-41c4-86dc-5fe31aa1fc6a ] Request (HypervisorAdminTestJSON:setUpClass): 201 POST http://10.180.1.21/identity/v3/projects 0.066s
2025-12-09 06:19:30.260 66763 INFO tempest.lib.common.rest_client [req-59364fe2-5fc5-434f-9d00-95caec0eb63e req-59364fe2-5fc5-434f-9d00-95caec0eb63e ] Request (HypervisorAdminTestJSON:setUpClass): 201 POST http://10.180.1.21/identity/v3/users 0.078s
2025-12-09 06:19:30.304 66763 INFO tempest.lib.common.rest_client [req-a5df900e-8955-4a1f-9a1a-1bdde906a77d req-a5df900e-8955-4a1f-9a1a-1bdde906a77d ] Request (HypervisorAdminTestJSON:setUpClass): 200 GET http://10.180.1.21/identity/v3/roles 0.044s
2025-12-09 06:19:30.358 66763 INFO tempest.lib.common.rest_client [req-c70e7336-070c-4737-9746-9e4c2d6b046b req-c70e7336-070c-4737-9746-9e4c2d6b046b ] Request (HypervisorAdminTestJSON:setUpClass): 204 PUT http://10.180.1.21/identity/v3/projects/41e392a887b04539bd00f6807c78429a/users/8f2822f8a0d4406894e7e4793fa79350/roles/f511ea9f040c434ba53320bcdd1f742a 0.053s
2025-12-09 06:19:30.375 66730 INFO tempest.lib.common.rest_client [req-5251ff14-d8de-4227-a9c5-e68babe15033 req-5251ff14-d8de-4227-a9c5-e68babe15033 ] Request (HostsAdminTestJSON:tearDownClass): 200 GET http://10.180.1.21/networking/v2.0/security-groups?tenant_id=79fc0f93fd2f48b09ecc33addbdfe3c9&name=default 0.589s
2025-12-09 06:19:30.430 66763 INFO tempest.lib.common.rest_client [req-2f9b710b-d56b-4ed0-b8c6-baf1454219a6 req-2f9b710b-d56b-4ed0-b8c6-baf1454219a6 ] Request (HypervisorAdminTestJSON:setUpClass): 200 GET http://10.180.1.21/identity/v3/roles 0.072s
2025-12-09 06:19:30.472 66763 INFO tempest.lib.common.rest_client [req-ae870175-1a27-45ee-a21f-0b80f434c28e req-ae870175-1a27-45ee-a21f-0b80f434c28e ] Request (HypervisorAdminTestJSON:setUpClass): 204 PUT http://10.180.1.21/identity/v3/projects/41e392a887b04539bd00f6807c78429a/users/8f2822f8a0d4406894e7e4793fa79350/roles/f511ea9f040c434ba53320bcdd1f742a 0.041s
2025-12-09 06:19:30.472 66763 INFO tempest.lib.common.dynamic_creds [-] Dynamic test user 8f2822f8a0d4406894e7e4793fa79350 is created with scope project and roles: ['admin']
2025-12-09 06:19:30.472 66763 INFO tempest.lib.common.dynamic_creds [-] Acquired dynamic creds: credentials: Credentials: {'domain_id': 'default', 'domain_name': 'Default', 'username': 'tempest-HypervisorAdminTestJSON-2135298409-project-admin', 'project_domain_id': 'default', 'project_domain_name': 'Default', 'project_id': '41e392a887b04539bd00f6807c78429a', 'project_name': 'tempest-HypervisorAdminTestJSON-2135298409', 'tenant_id': '41e392a887b04539bd00f6807c78429a', 'tenant_name': 'tempest-HypervisorAdminTestJSON-2135298409', 'user_domain_id': 'default', 'user_domain_name': 'Default', 'user_id': '8f2822f8a0d4406894e7e4793fa79350', 'system': None}, Network: None, Subnet: None, Router: None
2025-12-09 06:19:30.472 66763 INFO tempest.lib.common.dynamic_creds [-] Created isolated network resources for: credentials: Credentials: {'domain_id': 'default', 'domain_name': 'Default', 'username': 'tempest-HypervisorAdminTestJSON-2135298409-project-admin', 'project_domain_id': 'default', 'project_domain_name': 'Default', 'project_id': '41e392a887b04539bd00f6807c78429a', 'project_name': 'tempest-HypervisorAdminTestJSON-2135298409', 'tenant_id': '41e392a887b04539bd00f6807c78429a', 'tenant_name': 'tempest-HypervisorAdminTestJSON-2135298409', 'user_domain_id': 'default', 'user_domain_name': 'Default', 'user_id': '8f2822f8a0d4406894e7e4793fa79350', 'system': None}, Network: None, Subnet: None, Router: None
2025-12-09 06:19:30.577 66763 INFO tempest.lib.common.rest_client [req-cfe352be-f199-49f3-a429-9b44903be4c6 req-cfe352be-f199-49f3-a429-9b44903be4c6 ] Request (HypervisorAdminTestJSON:setUpClass): 201 POST http://10.180.1.21/identity/v3/auth/tokens 0.102s
2025-12-09 06:19:31.071 66771 INFO tempest.lib.common.rest_client [req-d210fcd7-9b30-4921-8023-4512b50d65d2 req-d210fcd7-9b30-4921-8023-4512b50d65d2 ] Request (InstanceActionsTestJSON:setUpClass): 200 PUT http://10.180.1.21/networking/v2.0/routers/85477fc9-56d6-4dd4-99e9-ee0b4f407813/add_router_interface 1.797s
2025-12-09 06:19:31.072 66771 INFO tempest.lib.common.dynamic_creds [-] Created isolated network resources for: credentials: Credentials: {'domain_id': 'default', 'domain_name': 'Default', 'username': 'tempest-InstanceActionsTestJSON-350962295-project-member', 'project_domain_id': 'default', 'project_domain_name': 'Default', 'project_id': '00ed30c5c38c4a328541fedcc8c49c7d', 'project_name': 'tempest-InstanceActionsTestJSON-350962295', 'tenant_id': '00ed30c5c38c4a328541fedcc8c49c7d', 'tenant_name': 'tempest-InstanceActionsTestJSON-350962295', 'user_domain_id': 'default', 'user_domain_name': 'Default', 'user_id': '4656c5be927c4e0895db2c0825a045eb', 'system': None}, Network: {'id': 'b81bc73c-ce62-4ffe-b1d9-49317070cf1c', 'name': 'tempest-InstanceActionsTestJSON-241169674-network', 'tenant_id': '00ed30c5c38c4a328541fedcc8c49c7d', 'project_id': '00ed30c5c38c4a328541fedcc8c49c7d', 'admin_state_up': True, 'mtu': 8950, 'status': 'ACTIVE', 'subnets': [], 'shared': False, 'port_security_enabled': True, 'router:external': False, 'provider:network_type': 'vlan', 'provider:physical_network': 'default', 'provider:segmentation_id': 496, 'availability_zone_hints': [], 'availability_zones': [], 'ipv4_address_scope': None, 'ipv6_address_scope': None, 'description': '', 'tags': [], 'created_at': '2025-12-09T06:19:27Z', 'updated_at': '2025-12-09T06:19:27Z', 'revision_number': 1}, Subnet: {'id': '5417755c-eb10-4fb5-88cf-07fd29bca088', 'name': 'tempest-InstanceActionsTestJSON-241169674-subnet', 'tenant_id': '00ed30c5c38c4a328541fedcc8c49c7d', 'network_id': 'b81bc73c-ce62-4ffe-b1d9-49317070cf1c', 'ip_version': 4, 'subnetpool_id': None, 'enable_dhcp': True, 'ipv6_ra_mode': None, 'ipv6_address_mode': None, 'gateway_ip': '192.168.128.1', 'cidr': '192.168.128.0/28', 'allocation_pools': [{'start': '192.168.128.2', 'end': '192.168.128.14'}], 'host_routes': [], 'dns_nameservers': [], 'description': '', 'router:external': False, 'service_types': [], 'tags': [], 'created_at': '2025-12-09T06:19:28Z', 'updated_at': '2025-12-09T06:19:28Z', 'revision_number': 0, 'project_id': '00ed30c5c38c4a328541fedcc8c49c7d'}, Router: {'id': '85477fc9-56d6-4dd4-99e9-ee0b4f407813', 'name': 'tempest-InstanceActionsTestJSON-241169674-router', 'tenant_id': '00ed30c5c38c4a328541fedcc8c49c7d', 'admin_state_up': True, 'status': 'ACTIVE', 'external_gateway_info': {'network_id': '94b11daa-471e-4ea7-a892-0c2bfd238115', 'external_fixed_ips': [{'subnet_id': '2c9220be-15b0-4143-9202-f4d3c201ed14', 'ip_address': '10.180.180.234'}], 'enable_snat': True}, 'description': '', 'availability_zones': [], 'distributed': False, 'ha': False, 'availability_zone_hints': [], 'routes': [], 'flavor_id': None, 'tags': [], 'created_at': '2025-12-09T06:19:28Z', 'updated_at': '2025-12-09T06:19:28Z', 'revision_number': 2, 'project_id': '00ed30c5c38c4a328541fedcc8c49c7d'}
2025-12-09 06:19:31.086 66723 WARNING tempest.lib.common.ssh [-] Failed to establish authenticated ssh connection to cirros@10.180.180.167 ([Errno None] Unable to connect to port 22 on 10.180.180.167). Number attempts: 2. Retry after 3 seconds.: paramiko.ssh_exception.NoValidConnectionsError: [Errno None] Unable to connect to port 22 on 10.180.180.167
2025-12-09 06:19:31.163 66771 INFO tempest.lib.common.rest_client [req-73c22424-303c-4193-9f4d-7c7a9f2f2fbe req-73c22424-303c-4193-9f4d-7c7a9f2f2fbe ] Request (InstanceActionsTestJSON:setUpClass): 201 POST http://10.180.1.21/identity/v3/auth/tokens 0.087s
2025-12-09 06:19:31.166 66730 INFO tempest.lib.common.rest_client [req-a80baebe-28fe-4359-82f2-5f13e7365120 req-a80baebe-28fe-4359-82f2-5f13e7365120 ] Request (HostsAdminTestJSON:tearDownClass): 204 DELETE http://10.180.1.21/networking/v2.0/security-groups/850a556d-f552-45c3-a33b-11110f24a412 0.790s
2025-12-09 06:19:31.199 66771 INFO tempest.lib.common.rest_client [req-8cc691be-a60c-4d06-8048-75d34e426c47 req-8cc691be-a60c-4d06-8048-75d34e426c47 ] Request (InstanceActionsTestJSON:setUpClass): 201 POST http://10.180.1.21/identity/v3/auth/tokens 0.031s
2025-12-09 06:19:31.199 66771 INFO tempest.lib.common.fixed_network [-] (InstanceActionsTestJSON:setUpClass) Found network {'id': 'b81bc73c-ce62-4ffe-b1d9-49317070cf1c', 'name': 'tempest-InstanceActionsTestJSON-241169674-network', 'tenant_id': '00ed30c5c38c4a328541fedcc8c49c7d', 'project_id': '00ed30c5c38c4a328541fedcc8c49c7d', 'admin_state_up': True, 'mtu': 8950, 'status': 'ACTIVE', 'subnets': [], 'shared': False, 'port_security_enabled': True, 'router:external': False, 'provider:network_type': 'vlan', 'provider:physical_network': 'default', 'provider:segmentation_id': 496, 'availability_zone_hints': [], 'availability_zones': [], 'ipv4_address_scope': None, 'ipv6_address_scope': None, 'description': '', 'tags': [], 'created_at': '2025-12-09T06:19:27Z', 'updated_at': '2025-12-09T06:19:27Z', 'revision_number': 1} available for tenant
2025-12-09 06:19:31.212 66715 INFO tempest.lib.common.rest_client [req-06602ac2-21a1-4da6-8665-6f88a6b7fac6 req-06602ac2-21a1-4da6-8665-6f88a6b7fac6 ] Request (ServerDiagnosticsNegativeTest:test_get_server_diagnostics_by_non_admin): 200 GET http://10.180.1.21/compute/v2.1/servers/348c8274-6a0f-4acc-87e4-faf6ed45725a 6.076s
2025-12-09 06:19:31.223 66715 INFO tempest.common.waiters [-] State transition "BUILD/spawning" ==> "ACTIVE/None" after 21 second wait
2025-12-09 06:19:31.243 66775 INFO tempest.lib.common.rest_client [req-8b30abc7-0f88-456b-89af-3bd906fbb60b req-8b30abc7-0f88-456b-89af-3bd906fbb60b ] Request (ServersTestBootFromVolume:setUpClass): 200 GET http://10.180.1.21/compute/v2.1/servers/85e8a541-8327-4d50-b213-1d753c7cc37a 6.087s
2025-12-09 06:19:31.252 66775 INFO tempest.common.waiters [-] State transition "BUILD/None" ==> "BUILD/block_device_mapping" after 15 second wait
2025-12-09 06:19:31.282 66765 INFO tempest.lib.common.rest_client [req-af9d73da-caa2-4c0d-94bd-4ec89de9c942 req-af9d73da-caa2-4c0d-94bd-4ec89de9c942 ] Request (FlavorsAdminTestJSON:_run_cleanups): 200 GET http://10.180.1.21/compute/v2.1/flavors/detail 5.945s
2025-12-09 06:19:31.306 66755 INFO tempest.lib.common.rest_client [req-248052b5-bd07-4acb-b5fa-1e58596f2d4c req-248052b5-bd07-4acb-b5fa-1e58596f2d4c ] Request (FlavorsAccessNegativeTestJSON:_run_cleanups): 200 GET http://10.180.1.21/compute/v2.1/flavors/detail 5.951s
2025-12-09 06:19:31.308 66730 INFO tempest.lib.common.rest_client [req-8d184d53-fd4a-467c-86f9-a21e00f5c550 req-8d184d53-fd4a-467c-86f9-a21e00f5c550 ] Request (HostsAdminTestJSON:tearDownClass): 204 DELETE http://10.180.1.21/identity/v3/projects/79fc0f93fd2f48b09ecc33addbdfe3c9 0.141s
2025-12-09 06:19:31.326 66733 INFO tempest.lib.common.rest_client [req-8e8053d2-d267-4bf0-bde4-6e313ff93fff req-8e8053d2-d267-4bf0-bde4-6e313ff93fff ] Request (DeleteServersAdminTestJSON:test_admin_delete_servers_of_others): 200 GET http://10.180.1.21/compute/v2.1/servers/7328adb8-b5fc-47ea-aea5-4850532f1716 6.052s
2025-12-09 06:19:31.331 66757 INFO tempest.lib.common.rest_client [req-881bdb46-3149-4ae8-a339-6f2f9ffd178e req-881bdb46-3149-4ae8-a339-6f2f9ffd178e ] Request (ServicesAdminNegativeTestJSON:test_get_service_by_invalid_params): 200 GET http://10.180.1.21/compute/v2.1/os-services?xxx=nova-compute 5.798s
2025-12-09 06:19:31.380 66730 INFO tempest.lib.common.rest_client [req-b4691ef8-fcfd-4c83-b9b0-6e2cc16e6bc6 req-b4691ef8-fcfd-4c83-b9b0-6e2cc16e6bc6 ] Request (InstanceUsageAuditLogTestJSON:setUpClass): 201 POST http://10.180.1.21/identity/v3/auth/tokens 0.068s
2025-12-09 06:19:31.427 66730 INFO tempest.lib.common.rest_client [req-42ba423e-938e-4caa-b681-df9225742c85 req-42ba423e-938e-4caa-b681-df9225742c85 ] Request (InstanceUsageAuditLogTestJSON:setUpClass): 201 POST http://10.180.1.21/identity/v3/auth/tokens 0.044s
2025-12-09 06:19:31.433 66749 INFO tempest.lib.common.rest_client [req-e410e328-b649-4879-b608-4f16b639fe88 req-e410e328-b649-4879-b608-4f16b639fe88 ] Request (ServersAdminNegativeTestJSON:setUpClass): 200 GET http://10.180.1.21/compute/v2.1/servers/2641d7dd-5ada-4b70-b2cd-9e412ff83b34 5.852s
2025-12-09 06:19:31.459 66730 INFO tempest.lib.common.rest_client [req-15bbc6e7-23ea-4811-a0da-13acc6e015cd req-15bbc6e7-23ea-4811-a0da-13acc6e015cd ] Request (InstanceUsageAuditLogTestJSON:setUpClass): 200 GET http://10.180.1.21/identity/v3/domains?name=Default 0.031s
2025-12-09 06:19:31.504 66730 INFO tempest.lib.common.rest_client [req-2b7b1feb-40a3-4ede-87e1-0bbb39b5ef85 req-2b7b1feb-40a3-4ede-87e1-0bbb39b5ef85 ] Request (InstanceUsageAuditLogTestJSON:setUpClass): 201 POST http://10.180.1.21/identity/v3/projects 0.044s
2025-12-09 06:19:31.600 66730 INFO tempest.lib.common.rest_client [req-40d09b0d-18f5-478a-8208-76ba729922dc req-40d09b0d-18f5-478a-8208-76ba729922dc ] Request (InstanceUsageAuditLogTestJSON:setUpClass): 201 POST http://10.180.1.21/identity/v3/users 0.095s
2025-12-09 06:19:31.631 66730 INFO tempest.lib.common.rest_client [req-9bd7b1eb-9a2f-44c3-9c46-b0739ed3941d req-9bd7b1eb-9a2f-44c3-9c46-b0739ed3941d ] Request (InstanceUsageAuditLogTestJSON:setUpClass): 200 GET http://10.180.1.21/identity/v3/roles 0.030s
2025-12-09 06:19:31.669 66730 INFO tempest.lib.common.rest_client [req-da49afc6-88c9-489c-8d93-9a73d272ea01 req-da49afc6-88c9-489c-8d93-9a73d272ea01 ] Request (InstanceUsageAuditLogTestJSON:setUpClass): 204 PUT http://10.180.1.21/identity/v3/projects/880e0207e59f4d16ac7d0f428f69b9cd/users/04af216591714ca5bb0bfd698cec6a02/roles/143e2d802c984103be04b86b7b1cf837 0.037s
2025-12-09 06:19:31.669 66730 INFO tempest.lib.common.dynamic_creds [-] Dynamic test user 04af216591714ca5bb0bfd698cec6a02 is created with scope project and roles: ['member']
2025-12-09 06:19:31.670 66730 INFO tempest.lib.common.dynamic_creds [-] Acquired dynamic creds: credentials: Credentials: {'domain_id': 'default', 'domain_name': 'Default', 'username': 'tempest-InstanceUsageAuditLogTestJSON-1803241016-project-member', 'project_domain_id': 'default', 'project_domain_name': 'Default', 'project_id': '880e0207e59f4d16ac7d0f428f69b9cd', 'project_name': 'tempest-InstanceUsageAuditLogTestJSON-1803241016', 'tenant_id': '880e0207e59f4d16ac7d0f428f69b9cd', 'tenant_name': 'tempest-InstanceUsageAuditLogTestJSON-1803241016', 'user_domain_id': 'default', 'user_domain_name': 'Default', 'user_id': '04af216591714ca5bb0bfd698cec6a02', 'system': None}, Network: None, Subnet: None, Router: None
2025-12-09 06:19:31.670 66730 INFO tempest.lib.common.dynamic_creds [-] Created isolated network resources for: credentials: Credentials: {'domain_id': 'default', 'domain_name': 'Default', 'username': 'tempest-InstanceUsageAuditLogTestJSON-1803241016-project-member', 'project_domain_id': 'default', 'project_domain_name': 'Default', 'project_id': '880e0207e59f4d16ac7d0f428f69b9cd', 'project_name': 'tempest-InstanceUsageAuditLogTestJSON-1803241016', 'tenant_id': '880e0207e59f4d16ac7d0f428f69b9cd', 'tenant_name': 'tempest-InstanceUsageAuditLogTestJSON-1803241016', 'user_domain_id': 'default', 'user_domain_name': 'Default', 'user_id': '04af216591714ca5bb0bfd698cec6a02', 'system': None}, Network: None, Subnet: None, Router: None
2025-12-09 06:19:31.763 66730 INFO tempest.lib.common.rest_client [req-b5286f58-803e-4a0b-b02e-836e1eb8f421 req-b5286f58-803e-4a0b-b02e-836e1eb8f421 ] Request (InstanceUsageAuditLogTestJSON:setUpClass): 201 POST http://10.180.1.21/identity/v3/auth/tokens 0.090s
2025-12-09 06:19:31.833 66730 INFO tempest.lib.common.rest_client [req-31156b1f-9148-4f2e-8c8e-2f3699b0b521 req-31156b1f-9148-4f2e-8c8e-2f3699b0b521 ] Request (InstanceUsageAuditLogTestJSON:setUpClass): 201 POST http://10.180.1.21/identity/v3/projects 0.069s
2025-12-09 06:19:31.899 66730 INFO tempest.lib.common.rest_client [req-a76fdd3a-3d75-48a2-a5c3-ee10d0de761c req-a76fdd3a-3d75-48a2-a5c3-ee10d0de761c ] Request (InstanceUsageAuditLogTestJSON:setUpClass): 201 POST http://10.180.1.21/identity/v3/users 0.066s
2025-12-09 06:19:31.926 66730 INFO tempest.lib.common.rest_client [req-0f2672bc-7708-40bf-bad9-35e35c42352c req-0f2672bc-7708-40bf-bad9-35e35c42352c ] Request (InstanceUsageAuditLogTestJSON:setUpClass): 200 GET http://10.180.1.21/identity/v3/roles 0.026s
2025-12-09 06:19:31.964 66730 INFO tempest.lib.common.rest_client [req-5672f6e8-1ba4-43b7-ae55-f7bdf8d3fae9 req-5672f6e8-1ba4-43b7-ae55-f7bdf8d3fae9 ] Request (InstanceUsageAuditLogTestJSON:setUpClass): 204 PUT http://10.180.1.21/identity/v3/projects/8b977e2d5d774605bd408a69712377d3/users/3ef6f95da4c34835abfd954a49510f9f/roles/f511ea9f040c434ba53320bcdd1f742a 0.038s
2025-12-09 06:19:31.980 66759 INFO tempest.lib.common.rest_client [req-594dbecb-21d9-48a0-a6e2-8032791836af req-594dbecb-21d9-48a0-a6e2-8032791836af ] Request (FloatingIPsAssociationNegativeTestJSON:test_associate_ip_to_server_with_floating_ip): 200 POST http://10.180.1.21/compute/v2.1/os-floating-ips 6.155s
2025-12-09 06:19:32.006 66737 INFO tempest.lib.common.rest_client [req-ee589200-bb03-48ab-82e7-ac24cc3d655f req-ee589200-bb03-48ab-82e7-ac24cc3d655f ] Request (KeyPairsV22TestJSON:_run_cleanups): 204 DELETE http://10.180.1.21/compute/v2.1/os-keypairs/tempest-KeyPairsV22TestJSON-keypair-68585304 6.000s
2025-12-09 06:19:32.037 66735 INFO tempest.lib.common.rest_client [req-758e48dd-178f-47e4-b60d-6b29851ced36 req-758e48dd-178f-47e4-b60d-6b29851ced36 ] Request (AggregatesAdminNegativeTestJSON:test_aggregate_create_with_existent_aggregate_name): 200 POST http://10.180.1.21/compute/v2.1/os-aggregates 6.022s
2025-12-09 06:19:32.037 66730 INFO tempest.lib.common.rest_client [req-4d7936c1-8b68-430c-bf79-7b59f01cd8db req-4d7936c1-8b68-430c-bf79-7b59f01cd8db ] Request (InstanceUsageAuditLogTestJSON:setUpClass): 200 GET http://10.180.1.21/identity/v3/roles 0.072s
2025-12-09 06:19:32.059 66730 INFO tempest.lib.common.rest_client [req-818e51b3-63a6-4ef1-9031-444b892eedd7 req-818e51b3-63a6-4ef1-9031-444b892eedd7 ] Request (InstanceUsageAuditLogTestJSON:setUpClass): 204 PUT http://10.180.1.21/identity/v3/projects/8b977e2d5d774605bd408a69712377d3/users/3ef6f95da4c34835abfd954a49510f9f/roles/f511ea9f040c434ba53320bcdd1f742a 0.021s
2025-12-09 06:19:32.060 66730 INFO tempest.lib.common.dynamic_creds [-] Dynamic test user 3ef6f95da4c34835abfd954a49510f9f is created with scope project and roles: ['admin']
2025-12-09 06:19:32.060 66730 INFO tempest.lib.common.dynamic_creds [-] Acquired dynamic creds: credentials: Credentials: {'domain_id': 'default', 'domain_name': 'Default', 'username': 'tempest-InstanceUsageAuditLogTestJSON-1440043030-project-admin', 'project_domain_id': 'default', 'project_domain_name': 'Default', 'project_id': '8b977e2d5d774605bd408a69712377d3', 'project_name': 'tempest-InstanceUsageAuditLogTestJSON-1440043030', 'tenant_id': '8b977e2d5d774605bd408a69712377d3', 'tenant_name': 'tempest-InstanceUsageAuditLogTestJSON-1440043030', 'user_domain_id': 'default', 'user_domain_name': 'Default', 'user_id': '3ef6f95da4c34835abfd954a49510f9f', 'system': None}, Network: None, Subnet: None, Router: None
2025-12-09 06:19:32.060 66730 INFO tempest.lib.common.dynamic_creds [-] Created isolated network resources for: credentials: Credentials: {'domain_id': 'default', 'domain_name': 'Default', 'username': 'tempest-InstanceUsageAuditLogTestJSON-1440043030-project-admin', 'project_domain_id': 'default', 'project_domain_name': 'Default', 'project_id': '8b977e2d5d774605bd408a69712377d3', 'project_name': 'tempest-InstanceUsageAuditLogTestJSON-1440043030', 'tenant_id': '8b977e2d5d774605bd408a69712377d3', 'tenant_name': 'tempest-InstanceUsageAuditLogTestJSON-1440043030', 'user_domain_id': 'default', 'user_domain_name': 'Default', 'user_id': '3ef6f95da4c34835abfd954a49510f9f', 'system': None}, Network: None, Subnet: None, Router: None
2025-12-09 06:19:32.115 66717 INFO tempest.lib.common.rest_client [req-34d13f48-09a1-4eeb-8dbb-10821014f6de req-34d13f48-09a1-4eeb-8dbb-10821014f6de ] Request (ServerDiagnosticsV248Test:test_get_server_diagnostics): 200 GET http://10.180.1.21/compute/v2.1/servers/00be09a1-23b7-4cb3-92f2-3e76c7949df5/diagnostics 6.264s
2025-12-09 06:19:32.159 66730 INFO tempest.lib.common.rest_client [req-b9788f1e-2866-4947-9227-fcdb145fe778 req-b9788f1e-2866-4947-9227-fcdb145fe778 ] Request (InstanceUsageAuditLogTestJSON:setUpClass): 201 POST http://10.180.1.21/identity/v3/auth/tokens 0.096s
2025-12-09 06:19:32.259 66741 INFO tempest.lib.common.rest_client [req-d157f3ee-7431-4ecc-a3b2-4a320c161d95 req-d157f3ee-7431-4ecc-a3b2-4a320c161d95 ] Request (VolumesAssistedSnapshotsTest:test_volume_assisted_snapshot_create_delete): 200 GET http://10.180.1.21/compute/v2.1/servers/5a5fa8e6-c5cb-4b60-bc0e-bb8c3a49a17b 5.940s
2025-12-09 06:19:32.267 66741 INFO tempest.common.waiters [-] State transition "BUILD/spawning" ==> "ACTIVE/None" after 25 second wait
2025-12-09 06:19:32.284 66761 INFO tempest.lib.common.rest_client [req-595d1994-c7cb-4410-a27e-5880bc9f246f req-595d1994-c7cb-4410-a27e-5880bc9f246f ] Request (ImagesMetadataTestJSON:test_set_image_metadata): 200 PUT http://10.180.1.21/compute/v2.1/images/99f20c83-30d9-4561-a488-fc7235160729/metadata 6.070s
2025-12-09 06:19:32.434 66754 INFO tempest.lib.common.rest_client [req-f5a477b6-dcd9-4a7a-9340-1012ea157e2f req-f5a477b6-dcd9-4a7a-9340-1012ea157e2f ] Request (QuotasAdminTestJSON:test_get_updated_quotas): 200 PUT http://10.180.1.21/compute/v2.1/os-quota-sets/32b6f971b75b4adfb515481cc571ee33 5.810s
2025-12-09 06:19:32.447 66721 INFO tempest.lib.common.rest_client [req-f853de55-d4c6-49bc-af73-f6d36325992f req-f853de55-d4c6-49bc-af73-f6d36325992f ] Request (SecurityGroupsTestJSON:test_list_security_groups_by_server): 200 GET http://10.180.1.21/compute/v2.1/servers/73ac4104-4e1f-4364-bc8d-9fa983734a2d 5.748s
2025-12-09 06:19:32.454 66721 INFO tempest.common.waiters [-] State transition "BUILD/spawning" ==> "ACTIVE/None" after 25 second wait
2025-12-09 06:19:32.487 66719 INFO tempest.lib.common.rest_client [req-f3d7987e-af29-47db-9082-a30c29797e9f req-f3d7987e-af29-47db-9082-a30c29797e9f ] Request (ServersWithSpecificFlavorTestJSON:test_verify_created_server_ephemeral_disk): 200 GET http://10.180.1.21/compute/v2.1/servers/4a1c2b05-35e9-465e-8503-bc6e3bd6a413 5.715s
2025-12-09 06:19:32.499 66727 INFO tempest.lib.common.rest_client [req-264723ce-cd89-4f65-900a-c18a66befa8d req-264723ce-cd89-4f65-900a-c18a66befa8d ] Request (ServersTestJSON:test_create_server_with_ipv6_addr_only): 200 GET http://10.180.1.21/compute/v2.1/servers/66057963-085a-4ece-ab55-7b138a8e8b07 5.500s
2025-12-09 06:19:32.507 66727 INFO tempest.common.waiters [-] State transition "BUILD/scheduling" ==> "BUILD/None" after 7 second wait
2025-12-09 06:19:32.605 66743 INFO tempest.lib.common.rest_client [req-1965e237-3a4f-43b9-a366-3d6897e16ec2 req-1965e237-3a4f-43b9-a366-3d6897e16ec2 ] Request (ImagesOneServerTestJSON:setUpClass): 200 GET http://10.180.1.21/compute/v2.1/servers/320f3e0b-9774-4f0d-9cca-74ad96a4cb05 5.459s
2025-12-09 06:19:32.618 66773 INFO tempest.lib.common.rest_client [req-b2cc581b-2705-4a2a-a674-ac12f32d3d7c req-b2cc581b-2705-4a2a-a674-ac12f32d3d7c ] Request (HostsAdminNegativeTestJSON:test_update_nonexistent_host): 404 PUT http://10.180.1.21/compute/v2.1/os-hosts/nonexistent_hostname 5.040s
2025-12-09 06:19:32.619 66747 INFO tempest.lib.common.rest_client [req-d4c5eb66-2380-4f09-8a26-2465e808be3c req-d4c5eb66-2380-4f09-8a26-2465e808be3c ] Request (SecurityGroupRulesTestJSON:test_security_group_rules_list): 200 POST http://10.180.1.21/compute/v2.1/os-security-group-rules 5.045s
2025-12-09 06:19:32.647 66713 INFO tempest.lib.common.rest_client [req-83bfe7eb-26a4-4d1a-a875-b438e09a73a8 req-83bfe7eb-26a4-4d1a-a875-b438e09a73a8 ] Request (FlavorsV2TestJSON:test_list_flavors_detailed_filter_by_min_disk): 200 GET http://10.180.1.21/compute/v2.1/flavors/detail?minDisk=2 5.001s
2025-12-09 06:19:32.737 66745 INFO tempest.lib.common.rest_client [req-30fcbdfd-77a5-4997-8330-aae32ebc62be req-30fcbdfd-77a5-4997-8330-aae32ebc62be ] Request (FloatingIPsAssociationTestJSON:test_associate_already_associated_floating_ip): 200 GET http://10.180.1.21/compute/v2.1/servers/433511f7-8649-4379-85ca-4a991b2a7262 4.790s
2025-12-09 06:19:32.801 66773 INFO tempest.lib.common.rest_client [req-753cec81-894c-4ed6-a348-4673a07dd3c4 req-753cec81-894c-4ed6-a348-4673a07dd3c4 ] Request (HostsAdminNegativeTestJSON:tearDownClass): 204 DELETE http://10.180.1.21/identity/v3/users/c38abd48c2494df68de4926c675f8401 0.181s
2025-12-09 06:19:32.820 66731 INFO tempest.lib.common.rest_client [req-7bb1603b-6b42-430b-976a-fd679ba07bdb req-7bb1603b-6b42-430b-976a-fd679ba07bdb ] Request (ServersAdmin275Test:test_rebuild_update_server_275): 200 GET http://10.180.1.21/compute/v2.1/servers/b41f5eef-6e86-41e1-b433-61605c562b0d 3.419s
2025-12-09 06:19:32.831 66731 INFO tempest.common.waiters [-] State transition "REBUILD/rebuild_spawning" ==> "ACTIVE/None" after 9 second wait
2025-12-09 06:19:32.885 66739 INFO tempest.lib.common.rest_client [req-86572b95-c36e-4379-8462-bbd80e3d7ced req-86572b95-c36e-4379-8462-bbd80e3d7ced ] Request (ServerExternalEventsTest:tearDownClass): 200 GET http://10.180.1.21/compute/v2.1/servers/624eda32-69ec-477b-980c-64704d254574 3.408s
2025-12-09 06:19:32.938 66773 INFO tempest.lib.common.rest_client [req-bcf244e3-6fcc-40c5-9f10-464bcbb6dc15 req-bcf244e3-6fcc-40c5-9f10-464bcbb6dc15 ] Request (HostsAdminNegativeTestJSON:tearDownClass): 204 DELETE http://10.180.1.21/identity/v3/users/6618c1cd0cf642ffa95fe20385049279 0.136s
2025-12-09 06:19:32.940 66773 INFO tempest.lib.common.dynamic_creds [-] Deleting project and security group for project: 5b136d0c903b46d8ba8b2a0a1c4f8748
2025-12-09 06:19:32.951 66767 INFO tempest.lib.common.rest_client [req-3138b34f-6e62-4d12-8e4b-28e10fc1421d req-3138b34f-6e62-4d12-8e4b-28e10fc1421d ] Request (ListImageFiltersTestJSON:setUpClass): 202 POST http://10.180.1.21/compute/v2.1/servers 4.748s
2025-12-09 06:19:33.007 66773 INFO tempest.lib.common.rest_client [req-19a55310-cf13-4e32-95ef-82d9c0b113e6 req-19a55310-cf13-4e32-95ef-82d9c0b113e6 ] Request (HostsAdminNegativeTestJSON:tearDownClass): 201 POST http://10.180.1.21/identity/v3/auth/tokens 0.067s
2025-12-09 06:19:33.106 66763 INFO tempest.lib.common.rest_client [req-51945b2f-a902-4b34-a36c-fbfe4a8b68e1 req-51945b2f-a902-4b34-a36c-fbfe4a8b68e1 ] Request (HypervisorAdminTestJSON:test_get_hypervisor_list): 200 GET http://10.180.1.21/compute/v2.1/os-hypervisors 2.527s
2025-12-09 06:19:33.272 66773 INFO tempest.lib.common.rest_client [req-8079f23f-0b5e-488a-bf19-13e18d707c6c req-8079f23f-0b5e-488a-bf19-13e18d707c6c ] Request (HostsAdminNegativeTestJSON:tearDownClass): 200 GET http://10.180.1.21/networking/v2.0/security-groups?tenant_id=5b136d0c903b46d8ba8b2a0a1c4f8748&name=default 0.264s
2025-12-09 06:19:33.323 66751 INFO tempest.lib.common.rest_client [req-430d8ba9-1b76-43e7-85f1-2afb8287702c req-430d8ba9-1b76-43e7-85f1-2afb8287702c ] Request (MigrationsAdminTest:test_list_migrations_in_flavor_resize_situation): 200 GET http://10.180.1.21/compute/v2.1/servers/d1457fde-9566-4a2d-bf77-ae84c94ab6fb 2.522s
2025-12-09 06:19:33.414 66773 INFO tempest.lib.common.rest_client [req-bb075633-54ae-456b-976d-5b29af7a6345 req-bb075633-54ae-456b-976d-5b29af7a6345 ] Request (HostsAdminNegativeTestJSON:tearDownClass): 204 DELETE http://10.180.1.21/networking/v2.0/security-groups/12914312-c0ac-448a-8562-0fc7407dccb3 0.142s
2025-12-09 06:19:33.542 66773 INFO tempest.lib.common.rest_client [req-f72f1adb-e49c-4c96-9f4f-ef912f6a6c58 req-f72f1adb-e49c-4c96-9f4f-ef912f6a6c58 ] Request (HostsAdminNegativeTestJSON:tearDownClass): 204 DELETE http://10.180.1.21/identity/v3/projects/5b136d0c903b46d8ba8b2a0a1c4f8748 0.128s
2025-12-09 06:19:33.543 66773 INFO tempest.lib.common.dynamic_creds [-] Deleting project and security group for project: f377f01669c047c7873dd4b3209d6cb4
2025-12-09 06:19:33.713 66725 INFO tempest.lib.common.rest_client [req-6327e3ee-ab33-45ff-ac6a-64cfb93718b5 req-6327e3ee-ab33-45ff-ac6a-64cfb93718b5 ] Request (ServersNegativeTestJSON:setUpClass): 200 GET http://10.180.1.21/compute/v2.1/servers/26fec902-f263-457b-bbcc-b8881f17174d 2.824s
2025-12-09 06:19:33.768 66769 INFO tempest.lib.common.rest_client [req-bb45b352-42bb-4b4e-9769-637a5a1c22ef req-bb45b352-42bb-4b4e-9769-637a5a1c22ef ] Request (ImagesNegativeTestJSON:test_create_image_from_deleted_server): 202 POST http://10.180.1.21/compute/v2.1/servers 3.926s
2025-12-09 06:19:33.805 66715 INFO tempest.lib.common.rest_client [req-6b4169b6-f989-4255-8a01-a8b4eecf193f req-6b4169b6-f989-4255-8a01-a8b4eecf193f ] Request (ServerDiagnosticsNegativeTest:test_get_server_diagnostics_by_non_admin): 403 GET http://10.180.1.21/compute/v2.1/servers/348c8274-6a0f-4acc-87e4-faf6ed45725a/diagnostics 2.581s
2025-12-09 06:19:33.833 66765 INFO tempest.lib.common.rest_client [req-15b7e603-c0b9-443a-88de-4cbef6ee9807 req-15b7e603-c0b9-443a-88de-4cbef6ee9807 ] Request (FlavorsAdminTestJSON:test_create_flavor_with_uuid_id): 200 POST http://10.180.1.21/compute/v2.1/flavors 2.540s
2025-12-09 06:19:33.848 66755 INFO tempest.lib.common.rest_client [req-98957095-b419-4389-8038-aeb46ee6a86b req-98957095-b419-4389-8038-aeb46ee6a86b ] Request (FlavorsAccessNegativeTestJSON:test_flavor_non_admin_remove): 200 POST http://10.180.1.21/compute/v2.1/flavors 2.532s
2025-12-09 06:19:33.857 66773 INFO tempest.lib.common.rest_client [req-1466ac06-f0d9-48c3-b84f-b02f0187b631 req-1466ac06-f0d9-48c3-b84f-b02f0187b631 ] Request (HostsAdminNegativeTestJSON:tearDownClass): 200 GET http://10.180.1.21/networking/v2.0/security-groups?tenant_id=f377f01669c047c7873dd4b3209d6cb4&name=default 0.314s
2025-12-09 06:19:33.870 66757 INFO tempest.lib.common.rest_client [req-5e8b325a-056d-4424-af28-0a3988eaaed6 req-5e8b325a-056d-4424-af28-0a3988eaaed6 ] Request (ServicesAdminNegativeTestJSON:test_get_service_by_invalid_service_and_valid_host): 200 GET http://10.180.1.21/compute/v2.1/os-services 2.536s
2025-12-09 06:19:34.037 66773 INFO tempest.lib.common.rest_client [req-2fc850f8-70de-4678-90f8-9812fe393d2c req-2fc850f8-70de-4678-90f8-9812fe393d2c ] Request (HostsAdminNegativeTestJSON:tearDownClass): 204 DELETE http://10.180.1.21/networking/v2.0/security-groups/21da5dc9-fb7e-4cbd-845c-10a5a3c2eaf7 0.179s
2025-12-09 06:19:34.149 66773 INFO tempest.lib.common.rest_client [req-1f63b2ec-38a0-43a7-b0cf-28d13b22b3b0 req-1f63b2ec-38a0-43a7-b0cf-28d13b22b3b0 ] Request (HostsAdminNegativeTestJSON:tearDownClass): 204 DELETE http://10.180.1.21/identity/v3/projects/f377f01669c047c7873dd4b3209d6cb4 0.111s
2025-12-09 06:19:34.223 66773 INFO tempest.lib.common.rest_client [req-6828dc4b-542c-4b78-8890-0159df5ea194 req-6828dc4b-542c-4b78-8890-0159df5ea194 ] Request (KeyPairsV210TestJSON:setUpClass): 201 POST http://10.180.1.21/identity/v3/auth/tokens 0.073s
2025-12-09 06:19:34.253 66773 INFO tempest.lib.common.rest_client [req-782b371e-c781-4f20-8c1f-faa9c605c7f0 req-782b371e-c781-4f20-8c1f-faa9c605c7f0 ] Request (KeyPairsV210TestJSON:setUpClass): 201 POST http://10.180.1.21/identity/v3/auth/tokens 0.026s
2025-12-09 06:19:34.283 66773 INFO tempest.lib.common.rest_client [req-9c0e2e75-b570-4e37-a6f4-7902c3192960 req-9c0e2e75-b570-4e37-a6f4-7902c3192960 ] Request (KeyPairsV210TestJSON:setUpClass): 200 GET http://10.180.1.21/identity/v3/domains?name=Default 0.029s
2025-12-09 06:19:34.312 66773 INFO tempest.lib.common.rest_client [req-104220a9-bef5-485b-aa7e-3f7dc8cdc2c7 req-104220a9-bef5-485b-aa7e-3f7dc8cdc2c7 ] Request (KeyPairsV210TestJSON:setUpClass): 201 POST http://10.180.1.21/identity/v3/projects 0.028s
2025-12-09 06:19:34.316 66759 INFO tempest.lib.common.rest_client [req-2462e436-42b7-4897-8b3d-ddd014f05518 req-2462e436-42b7-4897-8b3d-ddd014f05518 ] Request (FloatingIPsAssociationNegativeTestJSON:test_associate_ip_to_server_with_floating_ip): 400 POST http://10.180.1.21/compute/v2.1/servers/a84a714f-c288-4c99-b6ea-21c629302e36/action 2.333s
2025-12-09 06:19:34.352 66771 INFO tempest.lib.common.rest_client [req-e9911bbe-bea8-45c9-98e4-199c55b3906b req-e9911bbe-bea8-45c9-98e4-199c55b3906b ] Request (InstanceActionsTestJSON:setUpClass): 202 POST http://10.180.1.21/compute/v2.1/servers 3.152s
2025-12-09 06:19:34.361 66737 INFO tempest.lib.common.rest_client [req-298af76f-f158-4dd7-ace0-5f420a6a3d9e req-298af76f-f158-4dd7-ace0-5f420a6a3d9e ] Request (KeyPairsV22TestJSON:test_keypairsv22_create_list_show): 201 POST http://10.180.1.21/compute/v2.1/os-keypairs 2.353s
2025-12-09 06:19:34.395 66773 INFO tempest.lib.common.rest_client [req-ad497dfa-0d7c-4c86-9930-407ea90015b1 req-ad497dfa-0d7c-4c86-9930-407ea90015b1 ] Request (KeyPairsV210TestJSON:setUpClass): 201 POST http://10.180.1.21/identity/v3/users 0.081s
2025-12-09 06:19:34.422 66773 INFO tempest.lib.common.rest_client [req-b0756b57-d916-4e00-8621-7da8a861a2d8 req-b0756b57-d916-4e00-8621-7da8a861a2d8 ] Request (KeyPairsV210TestJSON:setUpClass): 200 GET http://10.180.1.21/identity/v3/roles 0.026s
2025-12-09 06:19:34.454 66773 INFO tempest.lib.common.rest_client [req-360b00d7-1624-4da9-8769-0e5ba5773c6e req-360b00d7-1624-4da9-8769-0e5ba5773c6e ] Request (KeyPairsV210TestJSON:setUpClass): 204 PUT http://10.180.1.21/identity/v3/projects/202906e882bf45abad4d62f374bc915d/users/2c750a9f7d8942e28c4bc50ed881be9f/roles/143e2d802c984103be04b86b7b1cf837 0.032s
2025-12-09 06:19:34.454 66773 INFO tempest.lib.common.dynamic_creds [-] Dynamic test user 2c750a9f7d8942e28c4bc50ed881be9f is created with scope project and roles: ['member']
2025-12-09 06:19:34.454 66773 INFO tempest.lib.common.dynamic_creds [-] Acquired dynamic creds: credentials: Credentials: {'domain_id': 'default', 'domain_name': 'Default', 'username': 'tempest-KeyPairsV210TestJSON-121835024-project-member', 'project_domain_id': 'default', 'project_domain_name': 'Default', 'project_id': '202906e882bf45abad4d62f374bc915d', 'project_name': 'tempest-KeyPairsV210TestJSON-121835024', 'tenant_id': '202906e882bf45abad4d62f374bc915d', 'tenant_name': 'tempest-KeyPairsV210TestJSON-121835024', 'user_domain_id': 'default', 'user_domain_name': 'Default', 'user_id': '2c750a9f7d8942e28c4bc50ed881be9f', 'system': None}, Network: None, Subnet: None, Router: None
2025-12-09 06:19:34.454 66773 INFO tempest.lib.common.dynamic_creds [-] Created isolated network resources for: credentials: Credentials: {'domain_id': 'default', 'domain_name': 'Default', 'username': 'tempest-KeyPairsV210TestJSON-121835024-project-member', 'project_domain_id': 'default', 'project_domain_name': 'Default', 'project_id': '202906e882bf45abad4d62f374bc915d', 'project_name': 'tempest-KeyPairsV210TestJSON-121835024', 'tenant_id': '202906e882bf45abad4d62f374bc915d', 'tenant_name': 'tempest-KeyPairsV210TestJSON-121835024', 'user_domain_id': 'default', 'user_domain_name': 'Default', 'user_id': '2c750a9f7d8942e28c4bc50ed881be9f', 'system': None}, Network: None, Subnet: None, Router: None
2025-12-09 06:19:34.545 66730 INFO tempest.lib.common.rest_client [req-a4947e59-79f4-476f-b0ce-34a90b3296b6 req-a4947e59-79f4-476f-b0ce-34a90b3296b6 ] Request (InstanceUsageAuditLogTestJSON:test_get_instance_usage_audit_log): 200 GET http://10.180.1.21/compute/v2.1/os-instance_usage_audit_log/2025-12-09%2006%3A19%3A32 2.384s
2025-12-09 06:19:34.571 66773 INFO tempest.lib.common.rest_client [req-1e5d523c-6fdf-4a77-8ad4-dbd13797ca79 req-1e5d523c-6fdf-4a77-8ad4-dbd13797ca79 ] Request (KeyPairsV210TestJSON:setUpClass): 201 POST http://10.180.1.21/identity/v3/auth/tokens 0.113s
2025-12-09 06:19:34.586 66735 INFO tempest.lib.common.rest_client [req-1aa067e5-b71e-4f83-a63f-26c2b80f0001 req-1aa067e5-b71e-4f83-a63f-26c2b80f0001 ] Request (AggregatesAdminNegativeTestJSON:test_aggregate_create_with_existent_aggregate_name): 409 POST http://10.180.1.21/compute/v2.1/os-aggregates 2.546s
2025-12-09 06:19:34.595 66723 WARNING tempest.lib.common.ssh [-] Failed to establish authenticated ssh connection to cirros@10.180.180.167 ([Errno None] Unable to connect to port 22 on 10.180.180.167). Number attempts: 3. Retry after 4 seconds.: paramiko.ssh_exception.NoValidConnectionsError: [Errno None] Unable to connect to port 22 on 10.180.180.167
2025-12-09 06:19:34.660 66773 INFO tempest.lib.common.rest_client [req-28183170-7e42-48f4-8cee-058229d1f37d req-28183170-7e42-48f4-8cee-058229d1f37d ] Request (KeyPairsV210TestJSON:setUpClass): 201 POST http://10.180.1.21/identity/v3/projects 0.088s
2025-12-09 06:19:34.668 66741 INFO tempest.lib.common.rest_client [req-b45fc0c8-f0aa-420a-a70c-0014654a0211 req-b45fc0c8-f0aa-420a-a70c-0014654a0211 ] Request (VolumesAssistedSnapshotsTest:test_volume_assisted_snapshot_create_delete): 200 GET http://10.180.1.21/compute/v2.1/servers/5a5fa8e6-c5cb-4b60-bc0e-bb8c3a49a17b/os-interface 2.400s
2025-12-09 06:19:34.715 66761 INFO tempest.lib.common.rest_client [req-d34c9a5d-4072-4abd-a699-cf82710739e0 req-d34c9a5d-4072-4abd-a699-cf82710739e0 ] Request (ImagesMetadataTestJSON:test_set_image_metadata): 200 GET http://10.180.1.21/compute/v2.1/images/99f20c83-30d9-4561-a488-fc7235160729/metadata 2.430s
2025-12-09 06:19:34.746 66733 INFO tempest.lib.common.rest_client [req-c8d7f8b1-99c3-48f2-82b9-b3f1d1090e39 req-c8d7f8b1-99c3-48f2-82b9-b3f1d1090e39 ] Request (DeleteServersAdminTestJSON:test_admin_delete_servers_of_others): 404 GET http://10.180.1.21/compute/v2.1/servers/7328adb8-b5fc-47ea-aea5-4850532f1716 2.410s
2025-12-09 06:19:34.756 66773 INFO tempest.lib.common.rest_client [req-aa7496a2-fdd0-41cd-8eb1-f9226c3c2ad8 req-aa7496a2-fdd0-41cd-8eb1-f9226c3c2ad8 ] Request (KeyPairsV210TestJSON:setUpClass): 201 POST http://10.180.1.21/identity/v3/users 0.095s
2025-12-09 06:19:34.792 66773 INFO tempest.lib.common.rest_client [req-60a54223-5130-48ac-8a85-1951bf9fd93b req-60a54223-5130-48ac-8a85-1951bf9fd93b ] Request (KeyPairsV210TestJSON:setUpClass): 200 GET http://10.180.1.21/identity/v3/roles 0.036s
2025-12-09 06:19:34.805 66775 INFO tempest.lib.common.rest_client [req-2669684e-86a0-4470-8087-b67df05c1284 req-2669684e-86a0-4470-8087-b67df05c1284 ] Request (ServersTestBootFromVolume:setUpClass): 200 GET http://10.180.1.21/compute/v2.1/servers/85e8a541-8327-4d50-b213-1d753c7cc37a 2.552s
2025-12-09 06:19:34.815 66775 INFO tempest.common.waiters [-] State transition "BUILD/block_device_mapping" ==> "BUILD/spawning" after 18 second wait
2025-12-09 06:19:34.869 66733 INFO tempest.lib.common.rest_client [req-e9d0c54d-9aeb-45ad-9917-8c9c1bd4360e req-e9d0c54d-9aeb-45ad-9917-8c9c1bd4360e ] Request (DeleteServersAdminTestJSON:test_delete_server_while_in_error_state): 201 POST http://10.180.1.21/identity/v3/auth/tokens 0.108s
2025-12-09 06:19:34.869 66733 INFO tempest.lib.common.fixed_network [-] (DeleteServersAdminTestJSON:test_delete_server_while_in_error_state) Found network None available for tenant
2025-12-09 06:19:34.908 66773 INFO tempest.lib.common.rest_client [req-c5b3b1c4-7638-4935-ac9a-015653f8032f req-c5b3b1c4-7638-4935-ac9a-015653f8032f ] Request (KeyPairsV210TestJSON:setUpClass): 204 PUT http://10.180.1.21/identity/v3/projects/40b600863b9640a586e948757ecf9610/users/5edcdb22febd4a668e93cd429b730270/roles/f511ea9f040c434ba53320bcdd1f742a 0.115s
2025-12-09 06:19:34.921 66749 INFO tempest.lib.common.rest_client [req-1459e499-d5ae-4228-997f-118c50e98ea7 req-1459e499-d5ae-4228-997f-118c50e98ea7 ] Request (ServersAdminNegativeTestJSON:setUpClass): 200 GET http://10.180.1.21/compute/v2.1/servers/2641d7dd-5ada-4b70-b2cd-9e412ff83b34 2.479s
2025-12-09 06:19:34.985 66773 INFO tempest.lib.common.rest_client [req-c5e83a95-6c08-44b9-97ca-0643cc781591 req-c5e83a95-6c08-44b9-97ca-0643cc781591 ] Request (KeyPairsV210TestJSON:setUpClass): 200 GET http://10.180.1.21/identity/v3/roles 0.077s
2025-12-09 06:19:35.012 66773 INFO tempest.lib.common.rest_client [req-e352dbc8-2477-486e-9236-67a0403ca19d req-e352dbc8-2477-486e-9236-67a0403ca19d ] Request (KeyPairsV210TestJSON:setUpClass): 204 PUT http://10.180.1.21/identity/v3/projects/40b600863b9640a586e948757ecf9610/users/5edcdb22febd4a668e93cd429b730270/roles/f511ea9f040c434ba53320bcdd1f742a 0.026s
2025-12-09 06:19:35.013 66773 INFO tempest.lib.common.dynamic_creds [-] Dynamic test user 5edcdb22febd4a668e93cd429b730270 is created with scope project and roles: ['admin']
