2025-12-09 06:19:43.481 66763 INFO tempest.lib.common.rest_client [req-1e4970e9-92e8-466f-8ea9-a58785e06dc0 req-1e4970e9-92e8-466f-8ea9-a58785e06dc0 ] Request (ServerDiagnosticsTest:setUpClass): 200 GET http://10.180.1.21/identity/v3/domains?name=Default 0.032s
2025-12-09 06:19:43.494 66769 INFO tempest.lib.common.rest_client [req-56802feb-2b53-472f-893d-7855717dfd03 req-56802feb-2b53-472f-893d-7855717dfd03 ] Request (ImagesNegativeTestJSON:test_create_image_from_deleted_server): 200 GET http://10.180.1.21/compute/v2.1/servers/4f1da5c4-2fb2-45ef-8b9c-6db17f41bd8f 2.845s
2025-12-09 06:19:43.514 66725 INFO tempest.lib.common.rest_client [req-03c69678-22e0-4fce-90ef-00fbb6219b08 req-03c69678-22e0-4fce-90ef-00fbb6219b08 ] Request (ServersNegativeTestJSON:setUpClass): 202 POST http://10.180.1.21/compute/v2.1/servers 3.092s
2025-12-09 06:19:43.523 66763 INFO tempest.lib.common.rest_client [req-927d0c94-90c7-4c3c-b202-8380b459c257 req-927d0c94-90c7-4c3c-b202-8380b459c257 ] Request (ServerDiagnosticsTest:setUpClass): 201 POST http://10.180.1.21/identity/v3/projects 0.042s
2025-12-09 06:19:43.550 66757 INFO tempest.lib.common.rest_client [req-9b3e2755-178b-4232-9388-1b3809f2caea req-9b3e2755-178b-4232-9388-1b3809f2caea ] Request (ServicesAdminNegativeTestJSON:tearDownClass): 200 GET http://10.180.1.21/networking/v2.0/security-groups?tenant_id=96c6f8ec131441188bd0d6db410c28ef&name=default 0.141s
2025-12-09 06:19:43.567 66775 INFO tempest.lib.common.rest_client [req-ab413a16-59f7-43fd-ae0c-2d8267bff4dc req-ab413a16-59f7-43fd-ae0c-2d8267bff4dc ] Request (ServersTestBootFromVolume:setUpClass): 200 GET http://10.180.1.21/compute/v2.1/servers/85e8a541-8327-4d50-b213-1d753c7cc37a/os-interface 2.855s
2025-12-09 06:19:43.619 66763 INFO tempest.lib.common.rest_client [req-d212af76-a380-42e8-9cc7-e1460058a8df req-d212af76-a380-42e8-9cc7-e1460058a8df ] Request (ServerDiagnosticsTest:setUpClass): 201 POST http://10.180.1.21/identity/v3/users 0.096s
2025-12-09 06:19:43.622 66773 INFO tempest.lib.common.rest_client [req-d53df68a-a372-41b7-a108-9699932ec342 req-d53df68a-a372-41b7-a108-9699932ec342 ] Request (KeyPairsV210TestJSON:test_admin_manage_keypairs_for_other_users): 201 POST http://10.180.1.21/compute/v2.1/os-keypairs 2.797s
2025-12-09 06:19:43.645 66763 INFO tempest.lib.common.rest_client [req-d0d0acc0-7eb7-4e84-a3ec-aca7765df3e9 req-d0d0acc0-7eb7-4e84-a3ec-aca7765df3e9 ] Request (ServerDiagnosticsTest:setUpClass): 200 GET http://10.180.1.21/identity/v3/roles 0.025s
2025-12-09 06:19:43.662 66713 INFO tempest.lib.common.rest_client [req-68f19789-d4bc-41f3-9231-195e34883d9f req-68f19789-d4bc-41f3-9231-195e34883d9f ] Request (FlavorsV2TestJSON:test_list_flavors_detailed_using_marker): 200 GET http://10.180.1.21/compute/v2.1/flavors/detail?marker=42 2.763s
2025-12-09 06:19:43.670 66757 INFO tempest.lib.common.rest_client [req-86c3b96f-c4af-44a1-a072-e45585d680b5 req-86c3b96f-c4af-44a1-a072-e45585d680b5 ] Request (ServicesAdminNegativeTestJSON:tearDownClass): 204 DELETE http://10.180.1.21/networking/v2.0/security-groups/96da73f6-a26a-467d-93a4-0df11bb2d355 0.119s
2025-12-09 06:19:43.680 66763 INFO tempest.lib.common.rest_client [req-23b39772-644d-4183-ade3-cf5d0a408367 req-23b39772-644d-4183-ade3-cf5d0a408367 ] Request (ServerDiagnosticsTest:setUpClass): 204 PUT http://10.180.1.21/identity/v3/projects/19c3045b04204de2af7e7ae80cf50463/users/9decf5c903f14193b666f135017736d7/roles/143e2d802c984103be04b86b7b1cf837 0.034s
2025-12-09 06:19:43.680 66763 INFO tempest.lib.common.dynamic_creds [-] Dynamic test user 9decf5c903f14193b666f135017736d7 is created with scope project and roles: ['member']
2025-12-09 06:19:43.680 66763 INFO tempest.lib.common.dynamic_creds [-] Acquired dynamic creds: credentials: Credentials: {'domain_id': 'default', 'domain_name': 'Default', 'username': 'tempest-ServerDiagnosticsTest-1330973958-project-member', 'project_domain_id': 'default', 'project_domain_name': 'Default', 'project_id': '19c3045b04204de2af7e7ae80cf50463', 'project_name': 'tempest-ServerDiagnosticsTest-1330973958', 'tenant_id': '19c3045b04204de2af7e7ae80cf50463', 'tenant_name': 'tempest-ServerDiagnosticsTest-1330973958', 'user_domain_id': 'default', 'user_domain_name': 'Default', 'user_id': '9decf5c903f14193b666f135017736d7', 'system': None}, Network: None, Subnet: None, Router: None
2025-12-09 06:19:43.680 66763 INFO tempest.lib.common.dynamic_creds [-] Created isolated network resources for: credentials: Credentials: {'domain_id': 'default', 'domain_name': 'Default', 'username': 'tempest-ServerDiagnosticsTest-1330973958-project-member', 'project_domain_id': 'default', 'project_domain_name': 'Default', 'project_id': '19c3045b04204de2af7e7ae80cf50463', 'project_name': 'tempest-ServerDiagnosticsTest-1330973958', 'tenant_id': '19c3045b04204de2af7e7ae80cf50463', 'tenant_name': 'tempest-ServerDiagnosticsTest-1330973958', 'user_domain_id': 'default', 'user_domain_name': 'Default', 'user_id': '9decf5c903f14193b666f135017736d7', 'system': None}, Network: None, Subnet: None, Router: None
2025-12-09 06:19:43.767 66761 INFO tempest.lib.common.rest_client [req-210c9990-aa13-4f7a-a028-5f06dd34e383 req-210c9990-aa13-4f7a-a028-5f06dd34e383 ] Request (ImagesMetadataTestJSON:setUp): 200 PUT http://10.180.1.21/compute/v2.1/images/99f20c83-30d9-4561-a488-fc7235160729/metadata 3.045s
2025-12-09 06:19:43.790 66733 INFO tempest.lib.common.rest_client [req-2adcbe4e-835c-4ef3-8451-c9a0bbfee23c req-2adcbe4e-835c-4ef3-8451-c9a0bbfee23c ] Request (DeleteServersAdminTestJSON:test_delete_server_while_in_error_state): 200 GET http://10.180.1.21/compute/v2.1/servers/ba48419f-33cc-4ee3-9c62-ffa5882f515b 2.835s
2025-12-09 06:19:43.791 66763 INFO tempest.lib.common.rest_client [req-611af692-c5c9-41e2-900d-88e569f9e04e req-611af692-c5c9-41e2-900d-88e569f9e04e ] Request (ServerDiagnosticsTest:setUpClass): 201 POST http://10.180.1.21/identity/v3/auth/tokens 0.108s
2025-12-09 06:19:43.794 66739 INFO tempest.lib.common.rest_client [req-e7cd762e-2c07-45ec-9834-b289d9bfc899 req-e7cd762e-2c07-45ec-9834-b289d9bfc899 ] Request (ServerExternalEventsTest:tearDownClass): 404 GET http://10.180.1.21/compute/v2.1/servers/624eda32-69ec-477b-980c-64704d254574 2.767s
2025-12-09 06:19:43.814 66757 INFO tempest.lib.common.rest_client [req-2ceb321f-bbbf-4a6d-81ea-29e4a4993a7f req-2ceb321f-bbbf-4a6d-81ea-29e4a4993a7f ] Request (ServicesAdminNegativeTestJSON:tearDownClass): 204 DELETE http://10.180.1.21/identity/v3/projects/96c6f8ec131441188bd0d6db410c28ef 0.144s
2025-12-09 06:19:43.894 66763 INFO tempest.lib.common.rest_client [req-87174b28-cadb-467c-af0a-be050adff70a req-87174b28-cadb-467c-af0a-be050adff70a ] Request (ServerDiagnosticsTest:setUpClass): 201 POST http://10.180.1.21/identity/v3/projects 0.102s
2025-12-09 06:19:43.947 66739 INFO tempest.lib.common.rest_client [req-bd56553e-ba60-4995-a18d-5e25b68c595b req-bd56553e-ba60-4995-a18d-5e25b68c595b ] Request (ServerExternalEventsTest:tearDownClass): 204 DELETE http://10.180.1.21/identity/v3/users/b96f31ec84c14641989b218b97ceb446 0.152s
2025-12-09 06:19:43.956 66757 INFO tempest.lib.common.rest_client [req-93bf9a40-a92d-400b-85de-1b17f30cbfbc req-93bf9a40-a92d-400b-85de-1b17f30cbfbc ] Request (TenantUsagesNegativeTestJSON:setUpClass): 201 POST http://10.180.1.21/identity/v3/auth/tokens 0.140s
2025-12-09 06:19:43.961 66771 INFO tempest.lib.common.rest_client [req-f037b1e0-941e-4c9c-b65b-0c670fa6ce4a req-f037b1e0-941e-4c9c-b65b-0c670fa6ce4a ] Request (InstanceActionsTestJSON:setUpClass): 200 GET http://10.180.1.21/compute/v2.1/servers/36fa59d4-045a-4071-808f-e9ddda9f3b2d 2.745s
2025-12-09 06:19:43.966 66759 INFO tempest.lib.common.rest_client [req-17c66f9a-1d03-48a0-a08b-a666ce159c72 req-17c66f9a-1d03-48a0-a08b-a666ce159c72 ] Request (FloatingIPsAssociationNegativeTestJSON:test_associate_ip_to_server_without_passing_floating_ip): 400 POST http://10.180.1.21/compute/v2.1/servers/a84a714f-c288-4c99-b6ea-21c629302e36/action 2.671s
2025-12-09 06:19:43.984 66751 INFO tempest.lib.common.rest_client [req-e4d6120d-551a-4e6b-ae87-b70196f2ea5c req-e4d6120d-551a-4e6b-ae87-b70196f2ea5c ] Request (MigrationsAdminTest:test_list_migrations_in_flavor_resize_situation): 200 GET http://10.180.1.21/compute/v2.1/servers/d1457fde-9566-4a2d-bf77-ae84c94ab6fb 2.778s
2025-12-09 06:19:44.017 66743 INFO tempest.lib.common.rest_client [req-d8706177-f18e-42af-9163-87b019402b3f req-d8706177-f18e-42af-9163-87b019402b3f ] Request (ImagesOneServerTestJSON:test_create_delete_image): 200 GET http://10.180.1.21/compute/v2.1/images/42cc5fad-365b-45e9-979a-623839669f7f 2.636s
2025-12-09 06:19:44.033 66763 INFO tempest.lib.common.rest_client [req-c6304790-432d-496b-a906-4e4051d03f2d req-c6304790-432d-496b-a906-4e4051d03f2d ] Request (ServerDiagnosticsTest:setUpClass): 201 POST http://10.180.1.21/identity/v3/users 0.138s
2025-12-09 06:19:44.078 66739 INFO tempest.lib.common.rest_client [req-9bcc688b-825e-4239-8756-7cb15c132973 req-9bcc688b-825e-4239-8756-7cb15c132973 ] Request (ServerExternalEventsTest:tearDownClass): 204 DELETE http://10.180.1.21/identity/v3/users/db6dbe4c607c4407a9ca17b7881adba9 0.131s
2025-12-09 06:19:44.122 66757 INFO tempest.lib.common.rest_client [req-cca79d04-29ae-452f-90d8-fa1c0d0a3d8d req-cca79d04-29ae-452f-90d8-fa1c0d0a3d8d ] Request (TenantUsagesNegativeTestJSON:setUpClass): 201 POST http://10.180.1.21/identity/v3/auth/tokens 0.162s
2025-12-09 06:19:44.147 66763 INFO tempest.lib.common.rest_client [req-d1f57ea5-c6da-452f-9eee-9e133697e3e2 req-d1f57ea5-c6da-452f-9eee-9e133697e3e2 ] Request (ServerDiagnosticsTest:setUpClass): 200 GET http://10.180.1.21/identity/v3/roles 0.113s
2025-12-09 06:19:44.161 66749 INFO tempest.lib.common.rest_client [req-bd5bddde-11e3-4e76-ac0b-77df2ed9aab0 req-bd5bddde-11e3-4e76-ac0b-77df2ed9aab0 ] Request (ServersAdminNegativeTestJSON:setUpClass): 200 GET http://10.180.1.21/compute/v2.1/servers/2641d7dd-5ada-4b70-b2cd-9e412ff83b34 2.474s
2025-12-09 06:19:44.229 66739 INFO tempest.lib.common.rest_client [req-17279ccc-695c-4052-91f7-e080d50a380b req-17279ccc-695c-4052-91f7-e080d50a380b ] Request (ServerExternalEventsTest:tearDownClass): 204 DELETE http://10.180.1.21/identity/v3/users/6e9aea1397304b8aa2c3a1bd58176ad3 0.150s
2025-12-09 06:19:44.229 66739 INFO tempest.lib.common.dynamic_creds [-] Deleting project and security group for project: 63b303bba00b4bc586a567c6d96b03db
2025-12-09 06:19:44.232 66731 INFO tempest.lib.common.rest_client [req-0bc453d4-10a8-48eb-b092-972dad8e3aec req-0bc453d4-10a8-48eb-b092-972dad8e3aec ] Request (ServersAdmin275Test:_run_cleanups): 200 GET http://10.180.1.21/compute/v2.1/servers/b41f5eef-6e86-41e1-b433-61605c562b0d 2.427s
2025-12-09 06:19:44.294 66775 INFO tempest.lib.common.rest_client [req-fe07ddc1-26db-4727-8446-7e48c1c01247 req-fe07ddc1-26db-4727-8446-7e48c1c01247 ] Request (ServersTestBootFromVolume:setUpClass): 200 PUT http://10.180.1.21/networking/v2.0/floatingips/f022f895-b1ff-447b-9367-7565639c706d 0.724s
2025-12-09 06:19:44.300 66767 INFO tempest.lib.common.rest_client [req-2ae4bdad-6bec-4cf8-ba6a-4cc23f9cec2a req-2ae4bdad-6bec-4cf8-ba6a-4cc23f9cec2a ] Request (ListImageFiltersTestJSON:setUpClass): 200 GET http://10.180.1.21/compute/v2.1/servers/fe9250fe-c61e-4a51-9aec-01b6c1a05602 2.483s
2025-12-09 06:19:44.302 66757 INFO tempest.lib.common.rest_client [req-995236d5-6eb3-49fc-bcf2-e8fc93373d19 req-995236d5-6eb3-49fc-bcf2-e8fc93373d19 ] Request (TenantUsagesNegativeTestJSON:setUpClass): 200 GET http://10.180.1.21/identity/v3/domains?name=Default 0.180s
2025-12-09 06:19:44.313 66763 INFO tempest.lib.common.rest_client [req-2775315b-c3d5-428e-967d-0f8779233bb4 req-2775315b-c3d5-428e-967d-0f8779233bb4 ] Request (ServerDiagnosticsTest:setUpClass): 204 PUT http://10.180.1.21/identity/v3/projects/b52e83cec89b4c8c91bdd47e3423b2ac/users/4454d95faba7462aa780ec73610d01ba/roles/f511ea9f040c434ba53320bcdd1f742a 0.166s
2025-12-09 06:19:44.360 66739 INFO tempest.lib.common.rest_client [req-bc2a9233-e2db-410f-a0da-533d3617b86c req-bc2a9233-e2db-410f-a0da-533d3617b86c ] Request (ServerExternalEventsTest:tearDownClass): 201 POST http://10.180.1.21/identity/v3/auth/tokens 0.131s
2025-12-09 06:19:44.370 66715 INFO tempest.lib.common.rest_client [req-5a636ff0-f15e-4c2b-bdbb-64ee75fd9f2a req-5a636ff0-f15e-4c2b-bdbb-64ee75fd9f2a ] Request (ServerDiagnosticsNegativeTest:tearDownClass): 200 GET http://10.180.1.21/compute/v2.1/servers/348c8274-6a0f-4acc-87e4-faf6ed45725a 2.479s
2025-12-09 06:19:44.380 66763 INFO tempest.lib.common.rest_client [req-80b78db6-9160-4587-be49-1ca20031b10b req-80b78db6-9160-4587-be49-1ca20031b10b ] Request (ServerDiagnosticsTest:setUpClass): 200 GET http://10.180.1.21/identity/v3/roles 0.066s
2025-12-09 06:19:44.398 66754 INFO tempest.lib.common.rest_client [req-9d7af09d-eea0-4b38-9a52-e5ae2141a41b req-9d7af09d-eea0-4b38-9a52-e5ae2141a41b ] Request (QuotasAdminTestJSON:test_update_all_quota_resources_for_tenant): 200 PUT http://10.180.1.21/compute/v2.1/os-quota-sets/ac9e0eaa6cad42bfa7c6bd4fec19df6b 2.933s
2025-12-09 06:19:44.398 66757 INFO tempest.lib.common.rest_client [req-eac12733-a633-4adf-a5b8-fc69f265d165 req-eac12733-a633-4adf-a5b8-fc69f265d165 ] Request (TenantUsagesNegativeTestJSON:setUpClass): 201 POST http://10.180.1.21/identity/v3/projects 0.096s
2025-12-09 06:19:44.452 66763 INFO tempest.lib.common.rest_client [req-0aaf023e-315a-4474-a5a0-f52b43af90b4 req-0aaf023e-315a-4474-a5a0-f52b43af90b4 ] Request (ServerDiagnosticsTest:setUpClass): 204 PUT http://10.180.1.21/identity/v3/projects/b52e83cec89b4c8c91bdd47e3423b2ac/users/4454d95faba7462aa780ec73610d01ba/roles/f511ea9f040c434ba53320bcdd1f742a 0.071s
2025-12-09 06:19:44.452 66763 INFO tempest.lib.common.dynamic_creds [-] Dynamic test user 4454d95faba7462aa780ec73610d01ba is created with scope project and roles: ['admin']
2025-12-09 06:19:44.452 66763 INFO tempest.lib.common.dynamic_creds [-] Acquired dynamic creds: credentials: Credentials: {'domain_id': 'default', 'domain_name': 'Default', 'username': 'tempest-ServerDiagnosticsTest-1698463032-project-admin', 'project_domain_id': 'default', 'project_domain_name': 'Default', 'project_id': 'b52e83cec89b4c8c91bdd47e3423b2ac', 'project_name': 'tempest-ServerDiagnosticsTest-1698463032', 'tenant_id': 'b52e83cec89b4c8c91bdd47e3423b2ac', 'tenant_name': 'tempest-ServerDiagnosticsTest-1698463032', 'user_domain_id': 'default', 'user_domain_name': 'Default', 'user_id': '4454d95faba7462aa780ec73610d01ba', 'system': None}, Network: None, Subnet: None, Router: None
2025-12-09 06:19:44.452 66763 INFO tempest.lib.common.dynamic_creds [-] Created isolated network resources for: credentials: Credentials: {'domain_id': 'default', 'domain_name': 'Default', 'username': 'tempest-ServerDiagnosticsTest-1698463032-project-admin', 'project_domain_id': 'default', 'project_domain_name': 'Default', 'project_id': 'b52e83cec89b4c8c91bdd47e3423b2ac', 'project_name': 'tempest-ServerDiagnosticsTest-1698463032', 'tenant_id': 'b52e83cec89b4c8c91bdd47e3423b2ac', 'tenant_name': 'tempest-ServerDiagnosticsTest-1698463032', 'user_domain_id': 'default', 'user_domain_name': 'Default', 'user_id': '4454d95faba7462aa780ec73610d01ba', 'system': None}, Network: None, Subnet: None, Router: None
2025-12-09 06:19:44.520 66757 INFO tempest.lib.common.rest_client [req-95a19f93-3cb4-48b2-a17d-2ba4ed354226 req-95a19f93-3cb4-48b2-a17d-2ba4ed354226 ] Request (TenantUsagesNegativeTestJSON:setUpClass): 201 POST http://10.180.1.21/identity/v3/users 0.122s
2025-12-09 06:19:44.541 66739 INFO tempest.lib.common.rest_client [req-bf017432-91ee-419f-b674-8ee42a70f835 req-bf017432-91ee-419f-b674-8ee42a70f835 ] Request (ServerExternalEventsTest:tearDownClass): 200 GET http://10.180.1.21/networking/v2.0/security-groups?tenant_id=63b303bba00b4bc586a567c6d96b03db&name=default 0.179s
2025-12-09 06:19:44.547 66757 INFO tempest.lib.common.rest_client [req-6d5d15fb-9233-4cae-812d-2979ab490654 req-6d5d15fb-9233-4cae-812d-2979ab490654 ] Request (TenantUsagesNegativeTestJSON:setUpClass): 200 GET http://10.180.1.21/identity/v3/roles 0.025s
2025-12-09 06:19:44.581 66719 INFO tempest.lib.common.rest_client [req-13dcecb0-84a2-43e9-a2a8-330096f35c0c req-13dcecb0-84a2-43e9-a2a8-330096f35c0c ] Request (ServersWithSpecificFlavorTestJSON:test_verify_created_server_ephemeral_disk): 200 GET http://10.180.1.21/compute/v2.1/servers/4a1c2b05-35e9-465e-8503-bc6e3bd6a413 2.543s
2025-12-09 06:19:44.582 66757 INFO tempest.lib.common.rest_client [req-0656265e-cd07-4c3e-9af0-2880acbf85a5 req-0656265e-cd07-4c3e-9af0-2880acbf85a5 ] Request (TenantUsagesNegativeTestJSON:setUpClass): 204 PUT http://10.180.1.21/identity/v3/projects/d60f73260bc046b1ad4e718eede4c3ee/users/a2be1539445742d1b0a33bab5bdba5cc/roles/143e2d802c984103be04b86b7b1cf837 0.035s
2025-12-09 06:19:44.582 66757 INFO tempest.lib.common.dynamic_creds [-] Dynamic test user a2be1539445742d1b0a33bab5bdba5cc is created with scope project and roles: ['member']
2025-12-09 06:19:44.583 66757 INFO tempest.lib.common.dynamic_creds [-] Acquired dynamic creds: credentials: Credentials: {'domain_id': 'default', 'domain_name': 'Default', 'username': 'tempest-TenantUsagesNegativeTestJSON-844230985-project-member', 'project_domain_id': 'default', 'project_domain_name': 'Default', 'project_id': 'd60f73260bc046b1ad4e718eede4c3ee', 'project_name': 'tempest-TenantUsagesNegativeTestJSON-844230985', 'tenant_id': 'd60f73260bc046b1ad4e718eede4c3ee', 'tenant_name': 'tempest-TenantUsagesNegativeTestJSON-844230985', 'user_domain_id': 'default', 'user_domain_name': 'Default', 'user_id': 'a2be1539445742d1b0a33bab5bdba5cc', 'system': None}, Network: None, Subnet: None, Router: None
2025-12-09 06:19:44.583 66757 INFO tempest.lib.common.dynamic_creds [-] Created isolated network resources for: credentials: Credentials: {'domain_id': 'default', 'domain_name': 'Default', 'username': 'tempest-TenantUsagesNegativeTestJSON-844230985-project-member', 'project_domain_id': 'default', 'project_domain_name': 'Default', 'project_id': 'd60f73260bc046b1ad4e718eede4c3ee', 'project_name': 'tempest-TenantUsagesNegativeTestJSON-844230985', 'tenant_id': 'd60f73260bc046b1ad4e718eede4c3ee', 'tenant_name': 'tempest-TenantUsagesNegativeTestJSON-844230985', 'user_domain_id': 'default', 'user_domain_name': 'Default', 'user_id': 'a2be1539445742d1b0a33bab5bdba5cc', 'system': None}, Network: None, Subnet: None, Router: None
2025-12-09 06:19:44.589 66763 INFO tempest.lib.common.rest_client [req-43c90319-d6ef-4eb5-be19-34f780f67eca req-43c90319-d6ef-4eb5-be19-34f780f67eca ] Request (ServerDiagnosticsTest:setUpClass): 201 POST http://10.180.1.21/identity/v3/auth/tokens 0.134s
2025-12-09 06:19:44.608 66723 WARNING tempest.lib.common.ssh [-] Failed to establish authenticated ssh connection to cirros@10.180.180.167 ([Errno None] Unable to connect to port 22 on 10.180.180.167). Number attempts: 5. Retry after 6 seconds.: paramiko.ssh_exception.NoValidConnectionsError: [Errno None] Unable to connect to port 22 on 10.180.180.167
2025-12-09 06:19:44.632 66721 INFO tempest.lib.common.rest_client [req-2659af71-4765-47f2-9754-a8225078cfce req-2659af71-4765-47f2-9754-a8225078cfce ] Request (SecurityGroupsTestJSON:test_security_group_create_get_delete): 200 GET http://10.180.1.21/compute/v2.1/os-security-groups/142594a6-ced2-49c8-888b-5c353b54a278 2.390s
2025-12-09 06:19:44.672 66757 INFO tempest.lib.common.rest_client [req-e5b47733-765e-4afa-b913-e5077497e899 req-e5b47733-765e-4afa-b913-e5077497e899 ] Request (TenantUsagesNegativeTestJSON:setUpClass): 201 POST http://10.180.1.21/identity/v3/auth/tokens 0.086s
2025-12-09 06:19:44.673 66763 INFO tempest.lib.common.rest_client [req-e521b934-5e44-4293-948c-e740f04820d3 req-e521b934-5e44-4293-948c-e740f04820d3 ] Request (ServerDiagnosticsTest:test_get_server_diagnostics): 201 POST http://10.180.1.21/identity/v3/auth/tokens 0.079s
2025-12-09 06:19:44.673 66763 INFO tempest.lib.common.fixed_network [-] (ServerDiagnosticsTest:test_get_server_diagnostics) Found network None available for tenant
2025-12-09 06:19:44.723 66739 INFO tempest.lib.common.rest_client [req-14da69a9-ee35-446d-b0f1-719961e6ccd8 req-14da69a9-ee35-446d-b0f1-719961e6ccd8 ] Request (ServerExternalEventsTest:tearDownClass): 204 DELETE http://10.180.1.21/networking/v2.0/security-groups/da460116-da32-4772-af74-dedffb8783ab 0.182s
2025-12-09 06:19:44.768 66757 INFO tempest.lib.common.rest_client [req-9d2fa2cf-8c60-4ba7-9b99-6dd0d884a8a6 req-9d2fa2cf-8c60-4ba7-9b99-6dd0d884a8a6 ] Request (TenantUsagesNegativeTestJSON:setUpClass): 201 POST http://10.180.1.21/identity/v3/projects 0.095s
2025-12-09 06:19:44.849 66765 INFO tempest.lib.common.rest_client [req-77826fab-00cd-4881-b7de-181f0c6abdfd req-77826fab-00cd-4881-b7de-181f0c6abdfd ] Request (FlavorsAdminTestJSON:test_create_list_flavor_without_extra_data): 200 GET http://10.180.1.21/compute/v2.1/flavors/detail 2.593s
2025-12-09 06:19:44.887 66757 INFO tempest.lib.common.rest_client [req-f61aba03-4052-41bf-aca5-7bd4ac493574 req-f61aba03-4052-41bf-aca5-7bd4ac493574 ] Request (TenantUsagesNegativeTestJSON:setUpClass): 201 POST http://10.180.1.21/identity/v3/users 0.119s
2025-12-09 06:19:44.918 66757 INFO tempest.lib.common.rest_client [req-f47fc0d4-e978-457d-8d7a-a191745d64f8 req-f47fc0d4-e978-457d-8d7a-a191745d64f8 ] Request (TenantUsagesNegativeTestJSON:setUpClass): 200 GET http://10.180.1.21/identity/v3/roles 0.030s
2025-12-09 06:19:44.938 66717 INFO tempest.lib.common.rest_client [req-acfa66f1-adbd-439d-b617-6e6e8768eb2e req-acfa66f1-adbd-439d-b617-6e6e8768eb2e ] Request (ServerDiagnosticsV248Test:test_get_server_diagnostics): 200 GET http://10.180.1.21/compute/v2.1/servers/00be09a1-23b7-4cb3-92f2-3e76c7949df5/diagnostics 2.806s
2025-12-09 06:19:44.942 66727 INFO tempest.lib.common.rest_client [req-2ee47880-f259-4755-a7ec-2396dcc982e7 req-2ee47880-f259-4755-a7ec-2396dcc982e7 ] Request (ServersTestJSON:test_create_server_with_ipv6_addr_only): 200 GET http://10.180.1.21/compute/v2.1/servers/66057963-085a-4ece-ab55-7b138a8e8b07 2.571s
2025-12-09 06:19:44.953 66727 INFO tempest.common.waiters [-] State transition "BUILD/None" ==> "BUILD/networking" after 19 second wait
2025-12-09 06:19:44.969 66747 INFO tempest.lib.common.rest_client [req-1efed7df-7d94-4fad-94d5-1b370226ec3b req-1efed7df-7d94-4fad-94d5-1b370226ec3b ] Request (SecurityGroupRulesTestJSON:tearDownClass): 404 DELETE http://10.180.1.21/compute/v2.1/os-security-groups/4cc8c9f9-bd27-4a1a-a3ec-4ab307507f03 2.549s
2025-12-09 06:19:44.972 66757 INFO tempest.lib.common.rest_client [req-a7e28f0e-e491-4664-bb48-3c5f634c51b7 req-a7e28f0e-e491-4664-bb48-3c5f634c51b7 ] Request (TenantUsagesNegativeTestJSON:setUpClass): 204 PUT http://10.180.1.21/identity/v3/projects/42cbb85f3e014dbb8ed4fe92b56f130f/users/53806cf0abad4d6eb736cc05eb186c4f/roles/f511ea9f040c434ba53320bcdd1f742a 0.054s
2025-12-09 06:19:44.989 66735 INFO tempest.lib.common.rest_client [req-a8c6c5cc-19db-4410-a9d7-d10a79c9f8f4 req-a8c6c5cc-19db-4410-a9d7-d10a79c9f8f4 ] Request (AggregatesAdminNegativeTestJSON:test_aggregate_delete_with_invalid_id): 404 DELETE http://10.180.1.21/compute/v2.1/os-aggregates/-1 2.544s
2025-12-09 06:19:45.000 66737 INFO tempest.lib.common.rest_client [req-9a331bff-d5c6-4b65-be72-233386c60860 req-9a331bff-d5c6-4b65-be72-233386c60860 ] Request (KeyPairsV22TestJSON:test_keypairsv22_create_list_show_with_type): 200 GET http://10.180.1.21/compute/v2.1/os-keypairs/tempest-keypair-848885236 2.052s
2025-12-09 06:19:45.028 66730 INFO tempest.lib.common.rest_client [req-d125a20e-579c-4273-9625-62419641fa90 req-d125a20e-579c-4273-9625-62419641fa90 ] Request (ServicesAdminTestJSON:test_get_service_by_service_binary_name): 200 GET http://10.180.1.21/compute/v2.1/os-services?binary=nova-compute 2.035s
2025-12-09 06:19:45.036 66755 INFO tempest.lib.common.rest_client [req-55cd77a1-6964-476d-a5d8-b926987aa3ba req-55cd77a1-6964-476d-a5d8-b926987aa3ba ] Request (FlavorsAccessNegativeTestJSON:_run_cleanups): 200 GET http://10.180.1.21/compute/v2.1/flavors/detail 2.070s
2025-12-09 06:19:45.051 66773 INFO tempest.lib.common.rest_client [req-30db96af-fba3-4120-81ec-ca599cb0e531 req-30db96af-fba3-4120-81ec-ca599cb0e531 ] Request (KeyPairsV210TestJSON:test_admin_manage_keypairs_for_other_users): 200 GET http://10.180.1.21/compute/v2.1/os-keypairs?user_id=2c750a9f7d8942e28c4bc50ed881be9f 1.427s
2025-12-09 06:19:45.066 66713 INFO tempest.lib.common.rest_client [req-08af71c1-8428-490f-b33f-5f26f45c108c req-08af71c1-8428-490f-b33f-5f26f45c108c ] Request (FlavorsV2TestJSON:test_list_flavors_filter_by_min_disk): 200 GET http://10.180.1.21/compute/v2.1/flavors/42 1.392s
2025-12-09 06:19:45.067 66739 INFO tempest.lib.common.rest_client [req-cb6eacb1-6b25-4eab-8a39-9372aafed0f8 req-cb6eacb1-6b25-4eab-8a39-9372aafed0f8 ] Request (ServerExternalEventsTest:tearDownClass): 204 DELETE http://10.180.1.21/identity/v3/projects/63b303bba00b4bc586a567c6d96b03db 0.343s
2025-12-09 06:19:45.067 66739 INFO tempest.lib.common.dynamic_creds [-] Deleting project and security group for project: 59b4df0210e040898f689cdc44314fb1
2025-12-09 06:19:45.099 66725 INFO tempest.lib.common.rest_client [req-82e2a0df-948d-4147-a6f1-f964a62fb1f9 req-82e2a0df-948d-4147-a6f1-f964a62fb1f9 ] Request (ServersNegativeTestJSON:setUpClass): 200 GET http://10.180.1.21/compute/v2.1/servers/d77862c7-486e-4945-b585-50eea8e6b891 1.583s
2025-12-09 06:19:45.104 66757 INFO tempest.lib.common.rest_client [req-9a464c49-3f8c-437e-8751-f9cd419f5c95 req-9a464c49-3f8c-437e-8751-f9cd419f5c95 ] Request (TenantUsagesNegativeTestJSON:setUpClass): 200 GET http://10.180.1.21/identity/v3/roles 0.131s
2025-12-09 06:19:45.136 66757 INFO tempest.lib.common.rest_client [req-5acf695a-da54-499d-b3ed-88dfff2183d8 req-5acf695a-da54-499d-b3ed-88dfff2183d8 ] Request (TenantUsagesNegativeTestJSON:setUpClass): 204 PUT http://10.180.1.21/identity/v3/projects/42cbb85f3e014dbb8ed4fe92b56f130f/users/53806cf0abad4d6eb736cc05eb186c4f/roles/f511ea9f040c434ba53320bcdd1f742a 0.031s
2025-12-09 06:19:45.136 66757 INFO tempest.lib.common.dynamic_creds [-] Dynamic test user 53806cf0abad4d6eb736cc05eb186c4f is created with scope project and roles: ['admin']
2025-12-09 06:19:45.136 66757 INFO tempest.lib.common.dynamic_creds [-] Acquired dynamic creds: credentials: Credentials: {'domain_id': 'default', 'domain_name': 'Default', 'username': 'tempest-TenantUsagesNegativeTestJSON-1822565188-project-admin', 'project_domain_id': 'default', 'project_domain_name': 'Default', 'project_id': '42cbb85f3e014dbb8ed4fe92b56f130f', 'project_name': 'tempest-TenantUsagesNegativeTestJSON-1822565188', 'tenant_id': '42cbb85f3e014dbb8ed4fe92b56f130f', 'tenant_name': 'tempest-TenantUsagesNegativeTestJSON-1822565188', 'user_domain_id': 'default', 'user_domain_name': 'Default', 'user_id': '53806cf0abad4d6eb736cc05eb186c4f', 'system': None}, Network: None, Subnet: None, Router: None
2025-12-09 06:19:45.136 66757 INFO tempest.lib.common.dynamic_creds [-] Created isolated network resources for: credentials: Credentials: {'domain_id': 'default', 'domain_name': 'Default', 'username': 'tempest-TenantUsagesNegativeTestJSON-1822565188-project-admin', 'project_domain_id': 'default', 'project_domain_name': 'Default', 'project_id': '42cbb85f3e014dbb8ed4fe92b56f130f', 'project_name': 'tempest-TenantUsagesNegativeTestJSON-1822565188', 'tenant_id': '42cbb85f3e014dbb8ed4fe92b56f130f', 'tenant_name': 'tempest-TenantUsagesNegativeTestJSON-1822565188', 'user_domain_id': 'default', 'user_domain_name': 'Default', 'user_id': '53806cf0abad4d6eb736cc05eb186c4f', 'system': None}, Network: None, Subnet: None, Router: None
2025-12-09 06:19:45.203 66739 INFO tempest.lib.common.rest_client [req-4e6bcd2f-6df7-4e2f-822d-48e0a15a5209 req-4e6bcd2f-6df7-4e2f-822d-48e0a15a5209 ] Request (ServerExternalEventsTest:tearDownClass): 200 GET http://10.180.1.21/networking/v2.0/security-groups?tenant_id=59b4df0210e040898f689cdc44314fb1&name=default 0.135s
2025-12-09 06:19:45.232 66757 INFO tempest.lib.common.rest_client [req-75f6b2c7-00d8-4be6-baf4-da0fa9ad0ff5 req-75f6b2c7-00d8-4be6-baf4-da0fa9ad0ff5 ] Request (TenantUsagesNegativeTestJSON:setUpClass): 201 POST http://10.180.1.21/identity/v3/auth/tokens 0.093s
2025-12-09 06:19:45.316 66761 INFO tempest.lib.common.rest_client [req-7b4abe70-1d08-4ee4-a1e2-6add7e539d3b req-7b4abe70-1d08-4ee4-a1e2-6add7e539d3b ] Request (ImagesMetadataTestJSON:test_update_image_metadata): 200 POST http://10.180.1.21/compute/v2.1/images/99f20c83-30d9-4561-a488-fc7235160729/metadata 1.548s
2025-12-09 06:19:45.386 66739 INFO tempest.lib.common.rest_client [req-cf05e8e0-0323-4720-b141-ac57607740d8 req-cf05e8e0-0323-4720-b141-ac57607740d8 ] Request (ServerExternalEventsTest:tearDownClass): 204 DELETE http://10.180.1.21/networking/v2.0/security-groups/3a38352b-d9ca-4eff-8aa2-579c7d332391 0.183s
2025-12-09 06:19:45.459 66759 INFO tempest.lib.common.rest_client [req-df65babf-09f1-44f8-bd78-cbbe9c8c3e5e req-df65babf-09f1-44f8-bd78-cbbe9c8c3e5e ] Request (FloatingIPsAssociationNegativeTestJSON:test_associate_nonexistent_floating_ip): 404 POST http://10.180.1.21/compute/v2.1/servers/a84a714f-c288-4c99-b6ea-21c629302e36/action 1.490s
2025-12-09 06:19:45.536 66739 INFO tempest.lib.common.rest_client [req-e47ba92c-dadc-4e6c-8058-611873a498c2 req-e47ba92c-dadc-4e6c-8058-611873a498c2 ] Request (ServerExternalEventsTest:tearDownClass): 204 DELETE http://10.180.1.21/identity/v3/projects/59b4df0210e040898f689cdc44314fb1 0.149s
2025-12-09 06:19:45.537 66739 INFO tempest.lib.common.dynamic_creds [-] Deleting project and security group for project: d5d2a0bbfdb64c69bfd98cc940296085
2025-12-09 06:19:45.546 66741 WARNING tempest.lib.common.ssh [-] Failed to establish authenticated ssh connection to cirros@10.180.180.194 ([Errno None] Unable to connect to port 22 on 10.180.180.194). Number attempts: 3. Retry after 4 seconds.: paramiko.ssh_exception.NoValidConnectionsError: [Errno None] Unable to connect to port 22 on 10.180.180.194
2025-12-09 06:19:45.667 66775 INFO tempest.lib.common.rest_client [req-bec97297-8293-4cac-9deb-fc8beaaf9289 req-bec97297-8293-4cac-9deb-fc8beaaf9289 ] Request (ServersTestBootFromVolume:setUpClass): 200 GET http://10.180.1.21/compute/v2.1/servers/85e8a541-8327-4d50-b213-1d753c7cc37a 1.373s
2025-12-09 06:19:45.682 66775 INFO tempest.lib.common.ssh [-] Creating ssh connection to '10.180.180.213:22' as 'cirros' with public key authentication
2025-12-09 06:19:45.819 66739 INFO tempest.lib.common.rest_client [req-cc9196e5-e458-4713-89fa-4cbeb5c5dd48 req-cc9196e5-e458-4713-89fa-4cbeb5c5dd48 ] Request (ServerExternalEventsTest:tearDownClass): 200 GET http://10.180.1.21/networking/v2.0/security-groups?tenant_id=d5d2a0bbfdb64c69bfd98cc940296085&name=default 0.282s
2025-12-09 06:19:45.931 66754 INFO tempest.lib.common.rest_client [req-1f329f12-b257-40e0-ae7a-1ea885ac8356 req-1f329f12-b257-40e0-ae7a-1ea885ac8356 ] Request (QuotasAdminTestJSON:_run_cleanups): 200 PUT http://10.180.1.21/compute/v2.1/os-quota-sets/ac9e0eaa6cad42bfa7c6bd4fec19df6b 1.531s
2025-12-09 06:19:46.044 66739 INFO tempest.lib.common.rest_client [req-9783f32a-d513-494d-96af-dc0b5f89dfb6 req-9783f32a-d513-494d-96af-dc0b5f89dfb6 ] Request (ServerExternalEventsTest:tearDownClass): 204 DELETE http://10.180.1.21/networking/v2.0/security-groups/57271085-1fb3-4ecf-8d5f-635d44a10ba6 0.225s
2025-12-09 06:19:46.061 66754 INFO tempest.lib.common.rest_client [req-93af6c41-0fc2-451f-9fc0-7672d0186f04 req-93af6c41-0fc2-451f-9fc0-7672d0186f04 ] Request (QuotasAdminTestJSON:tearDownClass): 204 DELETE http://10.180.1.21/identity/v3/users/630a729bae0f4af8afe1a5543207131d 0.127s
2025-12-09 06:19:46.162 66745 INFO tempest.lib.common.rest_client [req-9086c241-a0ca-4ca8-b608-191cd891e886 req-9086c241-a0ca-4ca8-b608-191cd891e886 ] Request (FloatingIPsAssociationTestJSON:test_associate_already_associated_floating_ip): 200 GET http://10.180.1.21/compute/v2.1/servers/433511f7-8649-4379-85ca-4a991b2a7262 1.759s
2025-12-09 06:19:46.186 66769 INFO tempest.lib.common.rest_client [req-9813e95d-223e-4f9f-b6a0-2df67bbcb8a7 req-9813e95d-223e-4f9f-b6a0-2df67bbcb8a7 ] Request (ImagesNegativeTestJSON:test_create_image_from_deleted_server): 200 GET http://10.180.1.21/compute/v2.1/servers/4f1da5c4-2fb2-45ef-8b9c-6db17f41bd8f 1.682s
2025-12-09 06:19:46.205 66739 INFO tempest.lib.common.rest_client [req-db7ec709-8208-4062-aaac-897d3c7a89ac req-db7ec709-8208-4062-aaac-897d3c7a89ac ] Request (ServerExternalEventsTest:tearDownClass): 204 DELETE http://10.180.1.21/identity/v3/projects/d5d2a0bbfdb64c69bfd98cc940296085 0.160s
2025-12-09 06:19:46.207 66739 INFO tempest.test [-] raised in UnshelveToHostMultiNodesTest.setUpClass. Invoking tearDownClass.
2025-12-09 06:19:46.252 66754 INFO tempest.lib.common.rest_client [req-db1ca822-2856-410f-ad1b-1d47a0d7394e req-db1ca822-2856-410f-ad1b-1d47a0d7394e ] Request (QuotasAdminTestJSON:tearDownClass): 204 DELETE http://10.180.1.21/identity/v3/users/238178a0313a4a31adec92044c854e5a 0.191s
2025-12-09 06:19:46.253 66754 INFO tempest.lib.common.dynamic_creds [-] Deleting project and security group for project: 4528b242223f43dda4d3746dab7a7796
2025-12-09 06:19:46.314 66739 INFO tempest.lib.common.rest_client [req-cfbc705a-07b5-46be-84ec-ba53ea33ee4d req-cfbc705a-07b5-46be-84ec-ba53ea33ee4d ] Request (MultipleCreateTestJSON:setUpClass): 201 POST http://10.180.1.21/identity/v3/auth/tokens 0.104s
2025-12-09 06:19:46.339 66754 INFO tempest.lib.common.rest_client [req-b2a4d618-763a-417b-af64-1287a04846c5 req-b2a4d618-763a-417b-af64-1287a04846c5 ] Request (QuotasAdminTestJSON:tearDownClass): 201 POST http://10.180.1.21/identity/v3/auth/tokens 0.086s
2025-12-09 06:19:46.367 66739 INFO tempest.lib.common.rest_client [req-f3d38c72-0a52-4754-af87-63e3e74e0b56 req-f3d38c72-0a52-4754-af87-63e3e74e0b56 ] Request (MultipleCreateTestJSON:setUpClass): 201 POST http://10.180.1.21/identity/v3/auth/tokens 0.049s
2025-12-09 06:19:46.401 66721 INFO tempest.lib.common.rest_client [req-57fb033a-7b42-4840-8e46-86a2285a64b6 req-57fb033a-7b42-4840-8e46-86a2285a64b6 ] Request (SecurityGroupsTestJSON:test_security_group_create_get_delete): 202 DELETE http://10.180.1.21/compute/v2.1/os-security-groups/142594a6-ced2-49c8-888b-5c353b54a278 1.762s
2025-12-09 06:19:46.413 66739 INFO tempest.lib.common.rest_client [req-af54bc74-fe2b-4787-a8a7-dd1852a06d85 req-af54bc74-fe2b-4787-a8a7-dd1852a06d85 ] Request (MultipleCreateTestJSON:setUpClass): 200 GET http://10.180.1.21/identity/v3/domains?name=Default 0.045s
2025-12-09 06:19:46.448 66739 INFO tempest.lib.common.rest_client [req-d4b33e50-bf38-4c22-9872-1d50b8a71388 req-d4b33e50-bf38-4c22-9872-1d50b8a71388 ] Request (MultipleCreateTestJSON:setUpClass): 201 POST http://10.180.1.21/identity/v3/projects 0.035s
2025-12-09 06:19:46.514 66739 INFO tempest.lib.common.rest_client [req-4c7bb9fb-a967-4c97-a92c-ca9c2c16bb6a req-4c7bb9fb-a967-4c97-a92c-ca9c2c16bb6a ] Request (MultipleCreateTestJSON:setUpClass): 201 POST http://10.180.1.21/identity/v3/users 0.065s
2025-12-09 06:19:46.533 66739 INFO tempest.lib.common.rest_client [req-1b7b7c9e-d9ec-44c6-a244-88ccc41b18bd req-1b7b7c9e-d9ec-44c6-a244-88ccc41b18bd ] Request (MultipleCreateTestJSON:setUpClass): 200 GET http://10.180.1.21/identity/v3/roles 0.019s
2025-12-09 06:19:46.560 66739 INFO tempest.lib.common.rest_client [req-e288c419-7a6c-4011-b7f4-d472a3ce999d req-e288c419-7a6c-4011-b7f4-d472a3ce999d ] Request (MultipleCreateTestJSON:setUpClass): 204 PUT http://10.180.1.21/identity/v3/projects/f580c037421e4c47a81c7a9535f6e950/users/b3034d0a670d4dd3af5b9579f110c2b2/roles/143e2d802c984103be04b86b7b1cf837 0.026s
2025-12-09 06:19:46.560 66739 INFO tempest.lib.common.dynamic_creds [-] Dynamic test user b3034d0a670d4dd3af5b9579f110c2b2 is created with scope project and roles: ['member']
2025-12-09 06:19:46.560 66739 INFO tempest.lib.common.dynamic_creds [-] Acquired dynamic creds: credentials: Credentials: {'domain_id': 'default', 'domain_name': 'Default', 'username': 'tempest-MultipleCreateTestJSON-840889720-project-member', 'project_domain_id': 'default', 'project_domain_name': 'Default', 'project_id': 'f580c037421e4c47a81c7a9535f6e950', 'project_name': 'tempest-MultipleCreateTestJSON-840889720', 'tenant_id': 'f580c037421e4c47a81c7a9535f6e950', 'tenant_name': 'tempest-MultipleCreateTestJSON-840889720', 'user_domain_id': 'default', 'user_domain_name': 'Default', 'user_id': 'b3034d0a670d4dd3af5b9579f110c2b2', 'system': None}, Network: None, Subnet: None, Router: None
2025-12-09 06:19:46.635 66739 INFO tempest.lib.common.rest_client [req-2846391a-a041-492e-8a63-92c04895568b req-2846391a-a041-492e-8a63-92c04895568b ] Request (MultipleCreateTestJSON:setUpClass): 201 POST http://10.180.1.21/identity/v3/auth/tokens 0.072s
2025-12-09 06:19:46.675 66754 INFO tempest.lib.common.rest_client [req-7c9f647f-6818-471c-b928-b36f205ae207 req-7c9f647f-6818-471c-b928-b36f205ae207 ] Request (QuotasAdminTestJSON:tearDownClass): 200 GET http://10.180.1.21/networking/v2.0/security-groups?tenant_id=4528b242223f43dda4d3746dab7a7796&name=default 0.335s
2025-12-09 06:19:46.725 66733 INFO tempest.lib.common.rest_client [req-c991e68d-849c-4507-a7f3-b4b31ee670b8 req-c991e68d-849c-4507-a7f3-b4b31ee670b8 ] Request (DeleteServersAdminTestJSON:test_delete_server_while_in_error_state): 200 GET http://10.180.1.21/compute/v2.1/servers/ba48419f-33cc-4ee3-9c62-ffa5882f515b 1.926s
2025-12-09 06:19:46.746 66765 INFO tempest.lib.common.rest_client [req-e3d02ba5-a48f-4b8c-9af8-9fdb5f2b6eba req-e3d02ba5-a48f-4b8c-9af8-9fdb5f2b6eba ] Request (FlavorsAdminTestJSON:_run_cleanups): 202 DELETE http://10.180.1.21/compute/v2.1/flavors/444932554 1.891s
2025-12-09 06:19:46.860 66717 INFO tempest.lib.common.rest_client [req-2e53f984-1721-4960-aaf7-4d3d28d0de06 req-2e53f984-1721-4960-aaf7-4d3d28d0de06 ] Request (ServerDiagnosticsV248Test:tearDownClass): 204 DELETE http://10.180.1.21/compute/v2.1/servers/00be09a1-23b7-4cb3-92f2-3e76c7949df5 1.909s
2025-12-09 06:19:47.106 66739 INFO tempest.lib.common.rest_client [req-89d7d473-0af8-451a-a4ed-c09bd49a2d44 req-89d7d473-0af8-451a-a4ed-c09bd49a2d44 ] Request (MultipleCreateTestJSON:setUpClass): 201 POST http://10.180.1.21/networking/v2.0/networks 0.471s
2025-12-09 06:19:47.212 66754 INFO tempest.lib.common.rest_client [req-ac4727c5-54f7-4f5d-a121-b18bd440722e req-ac4727c5-54f7-4f5d-a121-b18bd440722e ] Request (QuotasAdminTestJSON:tearDownClass): 204 DELETE http://10.180.1.21/networking/v2.0/security-groups/b4af8dee-884e-4553-bb1f-5791a3f350a9 0.536s
2025-12-09 06:19:47.292 66754 INFO tempest.lib.common.rest_client [req-789032a9-6ff4-429b-846c-5ced581a8c41 req-789032a9-6ff4-429b-846c-5ced581a8c41 ] Request (QuotasAdminTestJSON:tearDownClass): 204 DELETE http://10.180.1.21/identity/v3/projects/4528b242223f43dda4d3746dab7a7796 0.080s
2025-12-09 06:19:47.293 66754 INFO tempest.lib.common.dynamic_creds [-] Deleting project and security group for project: ac9e0eaa6cad42bfa7c6bd4fec19df6b
2025-12-09 06:19:47.454 66739 INFO tempest.lib.common.rest_client [req-9c418e80-0be1-47fa-af66-cc23579b42ee req-9c418e80-0be1-47fa-af66-cc23579b42ee ] Request (MultipleCreateTestJSON:setUpClass): 201 POST http://10.180.1.21/networking/v2.0/subnets 0.348s
2025-12-09 06:19:47.532 66747 INFO tempest.lib.common.rest_client [req-8c17d535-cd4b-4941-8c1a-dc355742cb54 req-8c17d535-cd4b-4941-8c1a-dc355742cb54 ] Request (SecurityGroupRulesTestJSON:tearDownClass): 202 DELETE http://10.180.1.21/compute/v2.1/os-security-groups/9ae30114-face-4cd1-97f7-3046e22140b5 2.563s
2025-12-09 06:19:47.563 66754 INFO tempest.lib.common.rest_client [req-57974d9c-4e10-4957-a6ce-2e0ceed24ee8 req-57974d9c-4e10-4957-a6ce-2e0ceed24ee8 ] Request (QuotasAdminTestJSON:tearDownClass): 200 GET http://10.180.1.21/networking/v2.0/security-groups?tenant_id=ac9e0eaa6cad42bfa7c6bd4fec19df6b&name=default 0.270s
2025-12-09 06:19:47.676 66754 INFO tempest.lib.common.rest_client [req-36a945df-a25b-4cda-9f17-0dbb5bb1bc47 req-36a945df-a25b-4cda-9f17-0dbb5bb1bc47 ] Request (QuotasAdminTestJSON:tearDownClass): 204 DELETE http://10.180.1.21/networking/v2.0/security-groups/101272e6-1a5f-4853-bc22-52c851bced6f 0.112s
2025-12-09 06:19:47.682 66763 INFO tempest.lib.common.rest_client [req-51b7a90f-ba18-45da-98b2-7c0c6c976668 req-51b7a90f-ba18-45da-98b2-7c0c6c976668 ] Request (ServerDiagnosticsTest:test_get_server_diagnostics): 202 POST http://10.180.1.21/compute/v2.1/servers 3.009s
2025-12-09 06:19:47.706 66735 INFO tempest.lib.common.rest_client [req-add6b7c0-8439-41e7-af16-caff3bc7a47a req-add6b7c0-8439-41e7-af16-caff3bc7a47a ] Request (AggregatesAdminNegativeTestJSON:test_aggregate_get_details_as_user): 200 POST http://10.180.1.21/compute/v2.1/os-aggregates 2.715s
2025-12-09 06:19:47.711 66771 INFO tempest.lib.common.rest_client [req-e08203b6-d602-48dc-860c-c9ee45f3a833 req-e08203b6-d602-48dc-860c-c9ee45f3a833 ] Request (InstanceActionsTestJSON:setUpClass): 200 GET http://10.180.1.21/compute/v2.1/servers/36fa59d4-045a-4071-808f-e9ddda9f3b2d 2.735s
2025-12-09 06:19:47.724 66737 INFO tempest.lib.common.rest_client [req-8827c430-8f5f-4947-a051-ee18a7cedd1c req-8827c430-8f5f-4947-a051-ee18a7cedd1c ] Request (KeyPairsV22TestJSON:test_keypairsv22_create_list_show_with_type): 200 GET http://10.180.1.21/compute/v2.1/os-keypairs 2.721s
2025-12-09 06:19:47.778 66743 INFO tempest.lib.common.rest_client [req-e2a07124-0468-4238-9e07-2323f7a56547 req-e2a07124-0468-4238-9e07-2323f7a56547 ] Request (ImagesOneServerTestJSON:test_create_delete_image): 200 GET http://10.180.1.21/compute/v2.1/images/42cc5fad-365b-45e9-979a-623839669f7f 2.754s
2025-12-09 06:19:47.802 66730 INFO tempest.lib.common.rest_client [req-0f7a2937-3705-48de-a9d9-2e780930c4e4 req-0f7a2937-3705-48de-a9d9-2e780930c4e4 ] Request (ServicesAdminTestJSON:test_list_services): 200 GET http://10.180.1.21/compute/v2.1/os-services 2.769s
2025-12-09 06:19:47.828 66755 INFO tempest.lib.common.rest_client [req-42c25755-d88a-40a8-85ad-93f42289d99a req-42c25755-d88a-40a8-85ad-93f42289d99a ] Request (FlavorsAccessNegativeTestJSON:test_remove_flavor_access_not_found): 200 POST http://10.180.1.21/compute/v2.1/flavors 2.784s
2025-12-09 06:19:47.831 66754 INFO tempest.lib.common.rest_client [req-427db99e-0526-4eec-8048-f61d07aad6cf req-427db99e-0526-4eec-8048-f61d07aad6cf ] Request (QuotasAdminTestJSON:tearDownClass): 204 DELETE http://10.180.1.21/identity/v3/projects/ac9e0eaa6cad42bfa7c6bd4fec19df6b 0.155s
2025-12-09 06:19:47.851 66773 INFO tempest.lib.common.rest_client [req-3e8daeec-c4b6-4064-ad6c-61d2ff3e180a req-3e8daeec-c4b6-4064-ad6c-61d2ff3e180a ] Request (KeyPairsV210TestJSON:_run_cleanups): 204 DELETE http://10.180.1.21/compute/v2.1/os-keypairs/tempest-KeyPairsV210TestJSON-keypair-348963972 2.795s
2025-12-09 06:19:47.876 66713 INFO tempest.lib.common.rest_client [req-67676827-6a89-4027-a61b-298f9656840c req-67676827-6a89-4027-a61b-298f9656840c ] Request (FlavorsV2TestJSON:test_list_flavors_filter_by_min_disk): 200 GET http://10.180.1.21/compute/v2.1/flavors?minDisk=2 2.805s
2025-12-09 06:19:47.924 66754 INFO tempest.lib.common.rest_client [req-7e5c5b2f-7d01-4881-a559-d5f1f19a193c req-7e5c5b2f-7d01-4881-a559-d5f1f19a193c ] Request (QuotasAdminNegativeTest:setUpClass): 201 POST http://10.180.1.21/identity/v3/auth/tokens 0.089s
2025-12-09 06:19:47.953 66751 INFO tempest.lib.common.rest_client [req-1b57f455-746d-4376-804c-7ea18eef5b9a req-1b57f455-746d-4376-804c-7ea18eef5b9a ] Request (MigrationsAdminTest:test_list_migrations_in_flavor_resize_situation): 200 GET http://10.180.1.21/compute/v2.1/servers/d1457fde-9566-4a2d-bf77-ae84c94ab6fb 2.961s
2025-12-09 06:19:47.958 66730 INFO tempest.lib.common.rest_client [req-99c73d8b-3218-4e3e-ba3c-a2b2c182c196 req-99c73d8b-3218-4e3e-ba3c-a2b2c182c196 ] Request (ServicesAdminTestJSON:tearDownClass): 204 DELETE http://10.180.1.21/identity/v3/users/3430c589bd144b2b81ee60f15063070e 0.149s
2025-12-09 06:19:47.960 66751 INFO tempest.common.waiters [-] State transition "RESIZE/resize_migrated" ==> "VERIFY_RESIZE/None" after 31 second wait
2025-12-09 06:19:48.000 66754 INFO tempest.lib.common.rest_client [req-7e31d8ae-6ab8-435e-ab4e-5c652689d685 req-7e31d8ae-6ab8-435e-ab4e-5c652689d685 ] Request (QuotasAdminNegativeTest:setUpClass): 201 POST http://10.180.1.21/identity/v3/auth/tokens 0.073s
2025-12-09 06:19:48.061 66757 INFO tempest.lib.common.rest_client [req-a692a49c-1b24-4552-9f78-c53cc2a66a6b req-a692a49c-1b24-4552-9f78-c53cc2a66a6b ] Request (TenantUsagesNegativeTestJSON:test_get_usage_tenant_with_empty_tenant_id): 404 GET http://10.180.1.21/compute/v2.1/os-simple-tenant-usage/?start=2025-12-08T06%3A19%3A45.234045&end=2025-12-10T06%3A19%3A45.234045 2.824s
2025-12-09 06:19:48.065 66757 WARNING tempest.lib.common.rest_client [-] Deprecated: "tenant_id" property is deprecated for removal, use "project_id" instead
2025-12-09 06:19:48.093 66754 INFO tempest.lib.common.rest_client [req-d3f04f70-e5a9-4941-855f-ea1193756e32 req-d3f04f70-e5a9-4941-855f-ea1193756e32 ] Request (QuotasAdminNegativeTest:setUpClass): 200 GET http://10.180.1.21/identity/v3/domains?name=Default 0.092s
2025-12-09 06:19:48.123 66730 INFO tempest.lib.common.rest_client [req-68034a4a-7e58-46e1-b466-dd2314018404 req-68034a4a-7e58-46e1-b466-dd2314018404 ] Request (ServicesAdminTestJSON:tearDownClass): 204 DELETE http://10.180.1.21/identity/v3/users/5e6907c42ba5442199f02895a97f67ca 0.165s
2025-12-09 06:19:48.124 66730 INFO tempest.lib.common.dynamic_creds [-] Deleting project and security group for project: f316e1d9c67f463e8c7cbebf70a0f577
2025-12-09 06:19:48.184 66754 INFO tempest.lib.common.rest_client [req-d8de6b6e-7c86-406e-a550-26307c4f6b53 req-d8de6b6e-7c86-406e-a550-26307c4f6b53 ] Request (QuotasAdminNegativeTest:setUpClass): 201 POST http://10.180.1.21/identity/v3/projects 0.089s
2025-12-09 06:19:48.203 66730 INFO tempest.lib.common.rest_client [req-7b986aa4-5313-455d-a7a3-37d13aa6c8b9 req-7b986aa4-5313-455d-a7a3-37d13aa6c8b9 ] Request (ServicesAdminTestJSON:tearDownClass): 201 POST http://10.180.1.21/identity/v3/auth/tokens 0.078s
2025-12-09 06:19:48.259 66754 INFO tempest.lib.common.rest_client [req-cdbde96f-bb0c-49a5-b247-176c74c861a1 req-cdbde96f-bb0c-49a5-b247-176c74c861a1 ] Request (QuotasAdminNegativeTest:setUpClass): 201 POST http://10.180.1.21/identity/v3/users 0.074s
2025-12-09 06:19:48.286 66754 INFO tempest.lib.common.rest_client [req-4399c9e4-4b4c-4e7b-963a-77483a0f2e74 req-4399c9e4-4b4c-4e7b-963a-77483a0f2e74 ] Request (QuotasAdminNegativeTest:setUpClass): 200 GET http://10.180.1.21/identity/v3/roles 0.027s
2025-12-09 06:19:48.326 66754 INFO tempest.lib.common.rest_client [req-b29f7a6e-b1a3-4bd3-bd5e-d6d396e31fcb req-b29f7a6e-b1a3-4bd3-bd5e-d6d396e31fcb ] Request (QuotasAdminNegativeTest:setUpClass): 204 PUT http://10.180.1.21/identity/v3/projects/96f95b09ba3e4d08804b11c2d0e8cf99/users/272c0fe2a54a45439a6f9f4ce0f11a56/roles/143e2d802c984103be04b86b7b1cf837 0.039s
2025-12-09 06:19:48.327 66754 INFO tempest.lib.common.dynamic_creds [-] Dynamic test user 272c0fe2a54a45439a6f9f4ce0f11a56 is created with scope project and roles: ['member']
2025-12-09 06:19:48.327 66754 INFO tempest.lib.common.dynamic_creds [-] Acquired dynamic creds: credentials: Credentials: {'domain_id': 'default', 'domain_name': 'Default', 'username': 'tempest-QuotasAdminNegativeTest-1650297782-project-member', 'project_domain_id': 'default', 'project_domain_name': 'Default', 'project_id': '96f95b09ba3e4d08804b11c2d0e8cf99', 'project_name': 'tempest-QuotasAdminNegativeTest-1650297782', 'tenant_id': '96f95b09ba3e4d08804b11c2d0e8cf99', 'tenant_name': 'tempest-QuotasAdminNegativeTest-1650297782', 'user_domain_id': 'default', 'user_domain_name': 'Default', 'user_id': '272c0fe2a54a45439a6f9f4ce0f11a56', 'system': None}, Network: None, Subnet: None, Router: None
2025-12-09 06:19:48.328 66754 INFO tempest.lib.common.dynamic_creds [-] Created isolated network resources for: credentials: Credentials: {'domain_id': 'default', 'domain_name': 'Default', 'username': 'tempest-QuotasAdminNegativeTest-1650297782-project-member', 'project_domain_id': 'default', 'project_domain_name': 'Default', 'project_id': '96f95b09ba3e4d08804b11c2d0e8cf99', 'project_name': 'tempest-QuotasAdminNegativeTest-1650297782', 'tenant_id': '96f95b09ba3e4d08804b11c2d0e8cf99', 'tenant_name': 'tempest-QuotasAdminNegativeTest-1650297782', 'user_domain_id': 'default', 'user_domain_name': 'Default', 'user_id': '272c0fe2a54a45439a6f9f4ce0f11a56', 'system': None}, Network: None, Subnet: None, Router: None
2025-12-09 06:19:48.407 66739 INFO tempest.lib.common.rest_client [req-3514b8c9-9603-498a-9f2b-3bcc444d42e0 req-3514b8c9-9603-498a-9f2b-3bcc444d42e0 ] Request (MultipleCreateTestJSON:setUpClass): 201 POST http://10.180.1.21/networking/v2.0/routers 0.952s
2025-12-09 06:19:48.440 66754 INFO tempest.lib.common.rest_client [req-f836fd82-b5f4-434f-84f3-bbc6f10f083f req-f836fd82-b5f4-434f-84f3-bbc6f10f083f ] Request (QuotasAdminNegativeTest:setUpClass): 201 POST http://10.180.1.21/identity/v3/auth/tokens 0.107s
2025-12-09 06:19:48.453 66749 INFO tempest.lib.common.rest_client [req-949e661a-2bae-4af0-945f-9ab7dbba4e80 req-949e661a-2bae-4af0-945f-9ab7dbba4e80 ] Request (ServersAdminNegativeTestJSON:setUpClass): 200 GET http://10.180.1.21/compute/v2.1/servers/2641d7dd-5ada-4b70-b2cd-9e412ff83b34 3.284s
2025-12-09 06:19:48.461 66749 INFO tempest.common.waiters [-] State transition "BUILD/spawning" ==> "ACTIVE/None" after 28 second wait
2025-12-09 06:19:48.497 66731 INFO tempest.lib.common.rest_client [req-b44a303a-6720-469c-8a05-d86046e3982a req-b44a303a-6720-469c-8a05-d86046e3982a ] Request (ServersAdmin275Test:_run_cleanups): 200 GET http://10.180.1.21/compute/v2.1/servers/b41f5eef-6e86-41e1-b433-61605c562b0d 3.255s
2025-12-09 06:19:48.510 66754 INFO tempest.lib.common.rest_client [req-3e892d1c-cfb3-4e28-bc1d-1fafe45507f5 req-3e892d1c-cfb3-4e28-bc1d-1fafe45507f5 ] Request (QuotasAdminNegativeTest:setUpClass): 201 POST http://10.180.1.21/identity/v3/projects 0.069s
2025-12-09 06:19:48.515 66731 INFO tempest.common.waiters [-] State transition "REBUILD/rebuild_spawning" ==> "ACTIVE/None" after 10 second wait
