2025-12-09 06:21:52.767 66721 INFO tempest.lib.common.rest_client [req-ba01673d-fe0e-4c7d-a130-1bdf0274328a req-ba01673d-fe0e-4c7d-a130-1bdf0274328a ] Request (SecurityGroupsTestJSON:test_server_security_groups): 200 GET http://10.180.1.21/compute/v2.1/servers/7698df95-a58d-4273-9b02-92ddb5ba22a5 0.530s
2025-12-09 06:21:52.800 66773 INFO tempest.lib.common.rest_client [req-a2510604-ed46-4cbf-bd0c-f68c3bef2bb4 req-a2510604-ed46-4cbf-bd0c-f68c3bef2bb4 ] Request (ServersAaction247Test:tearDownClass): 404 GET http://10.180.1.21/compute/v2.1/servers/c44d6109-2049-48f1-b545-d9aa42a45cb2 0.285s
2025-12-09 06:21:52.862 66727 INFO tempest.lib.common.rest_client [req-57d480e2-09fd-4306-979b-45e4f7b40179 req-57d480e2-09fd-4306-979b-45e4f7b40179 ] Request (ServersTestJSON:test_create_specify_keypair): 200 GET http://10.180.1.21/compute/v2.1/servers/f7f07cce-fd0f-4c9a-9e88-0589fb035992 0.420s
2025-12-09 06:21:52.931 66773 INFO tempest.lib.common.rest_client [req-cc2a050c-e90b-480d-82b7-6c04cb2bc878 req-cc2a050c-e90b-480d-82b7-6c04cb2bc878 ] Request (ServersAaction247Test:tearDownClass): 204 DELETE http://10.180.1.21/identity/v3/users/6ff7870ecd704ab5b37e0713eb87dedd 0.130s
2025-12-09 06:21:52.931 66773 INFO tempest.lib.common.dynamic_creds [-] Deleting project and security group for project: 6f187aedeaec4fd8b8bc9138e4a1c81f
2025-12-09 06:21:52.975 66717 WARNING tempest.lib.common.ssh [-] Failed to establish authenticated ssh connection to cirros@10.180.180.223 ([Errno None] Unable to connect to port 22 on 10.180.180.223). Number attempts: 4. Retry after 5 seconds.: paramiko.ssh_exception.NoValidConnectionsError: [Errno None] Unable to connect to port 22 on 10.180.180.223
2025-12-09 06:21:52.997 66767 INFO tempest.lib.common.rest_client [req-e10f0e9a-47b3-4ef6-9dbc-bf9b8e524fe3 req-e10f0e9a-47b3-4ef6-9dbc-bf9b8e524fe3 ] Request (ListImageFiltersTestJSON:tearDownClass): 200 GET http://10.180.1.21/compute/v2.1/servers/fe9250fe-c61e-4a51-9aec-01b6c1a05602 0.382s
2025-12-09 06:21:53.008 66773 INFO tempest.lib.common.rest_client [req-f4b624f3-c3c9-4d72-8e6b-c067e3b4131a req-f4b624f3-c3c9-4d72-8e6b-c067e3b4131a ] Request (ServersAaction247Test:tearDownClass): 201 POST http://10.180.1.21/identity/v3/auth/tokens 0.077s
2025-12-09 06:21:53.064 66743 INFO tempest.lib.common.rest_client [req-d181c42a-8048-42a0-9a1e-54ec506459f7 req-d181c42a-8048-42a0-9a1e-54ec506459f7 ] Request (ImagesOneServerNegativeTestJSON:setUpClass): 200 GET http://10.180.1.21/compute/v2.1/servers/8f0bb16d-46aa-4f23-927e-c6d1990f7d28 0.438s
2025-12-09 06:21:53.089 66737 INFO tempest.lib.common.rest_client [req-7982762c-a45a-4d51-b3ee-fb8b6ded68a6 req-7982762c-a45a-4d51-b3ee-fb8b6ded68a6 ] Request (ListServersNegativeTestJSON:test_list_servers_detail_server_is_deleted): 200 GET http://10.180.1.21/compute/v2.1/servers/detail 0.572s
2025-12-09 06:21:53.171 66725 INFO tempest.lib.common.rest_client [req-bdc2f4ce-f67b-4fa8-b6f5-3f69d57262e5 req-bdc2f4ce-f67b-4fa8-b6f5-3f69d57262e5 ] Request (ServersNegativeTestJSON:setUp): 200 GET http://10.180.1.21/compute/v2.1/servers/26fec902-f263-457b-bbcc-b8881f17174d 0.513s
2025-12-09 06:21:53.182 66745 INFO tempest.lib.common.rest_client [req-62939327-da78-4866-b103-40527315dcc9 req-62939327-da78-4866-b103-40527315dcc9 ] Request (ServerDiskConfigTestJSON:test_rebuild_server_with_auto_disk_config): 200 GET http://10.180.1.21/compute/v2.1/servers/0d8a9b48-e937-4a15-8567-192aa4637ca2 0.482s
2025-12-09 06:21:53.184 66773 INFO tempest.lib.common.rest_client [req-56ac73a6-4466-4165-8113-f1b2bc0eecb9 req-56ac73a6-4466-4165-8113-f1b2bc0eecb9 ] Request (ServersAaction247Test:tearDownClass): 200 GET http://10.180.1.21/networking/v2.0/security-groups?tenant_id=6f187aedeaec4fd8b8bc9138e4a1c81f&name=default 0.175s
2025-12-09 06:21:53.234 66723 INFO tempest.lib.common.rest_client [req-70237bfb-5405-4c36-8349-818cf4512933 req-70237bfb-5405-4c36-8349-818cf4512933 ] Request (ServerActionsTestOtherA:_run_cleanups): 200 GET http://10.180.1.21/compute/v2.1/servers/d0389f66-b3cf-48aa-bb27-59152d83066a 0.517s
2025-12-09 06:21:53.251 66749 INFO tempest.lib.common.rest_client [req-7fcf1da8-2a78-4e79-8298-ba608b8545f8 req-7fcf1da8-2a78-4e79-8298-ba608b8545f8 ] Request (ServersAdminNegativeTestJSON:tearDownClass): 200 GET http://10.180.1.21/compute/v2.1/servers/cf65ea21-1566-461b-b0bb-44571975cc2b 0.479s
2025-12-09 06:21:53.270 66773 INFO tempest.lib.common.rest_client [req-632dd6ef-e350-44b9-aed3-29ec0913f225 req-632dd6ef-e350-44b9-aed3-29ec0913f225 ] Request (ServersAaction247Test:tearDownClass): 204 DELETE http://10.180.1.21/networking/v2.0/security-groups/649212de-5cdf-493f-b3de-f0dffde80e33 0.085s
2025-12-09 06:21:53.284 66763 INFO tempest.lib.common.rest_client [req-fc863510-9338-4573-a9a1-a767f18855c8 req-fc863510-9338-4573-a9a1-a767f18855c8 ] Request (DeleteServersTestJSON:test_delete_active_server): 200 GET http://10.180.1.21/compute/v2.1/servers/9caa8091-b2ff-46e6-b3dd-a7fe626434ec 0.502s
2025-12-09 06:21:53.297 66754 INFO tempest.lib.common.rest_client [req-b239708e-ba1a-4031-82cb-e304fd6672eb req-b239708e-ba1a-4031-82cb-e304fd6672eb ] Request (ServerActionsTestOtherB:setUpClass): 200 GET http://10.180.1.21/compute/v2.1/servers/4fee822f-7286-4337-ae97-a1dff697afe7 0.434s
2025-12-09 06:21:53.335 66773 INFO tempest.lib.common.rest_client [req-82312ee1-58a9-40c7-9da6-8089e2eaf341 req-82312ee1-58a9-40c7-9da6-8089e2eaf341 ] Request (ServersAaction247Test:tearDownClass): 204 DELETE http://10.180.1.21/identity/v3/projects/6f187aedeaec4fd8b8bc9138e4a1c81f 0.065s
2025-12-09 06:21:53.343 66715 INFO tempest.lib.common.rest_client [req-555cf1d8-1a91-4141-8ed7-71eeb506367b req-555cf1d8-1a91-4141-8ed7-71eeb506367b ] Request (InstanceActionsNegativeTestJSON:tearDownClass): 200 GET http://10.180.1.21/compute/v2.1/servers/676ea782-828b-4154-8055-537bebd01b9e 0.401s
2025-12-09 06:21:53.363 66755 INFO tempest.lib.common.rest_client [req-f650bbc7-9d82-40b3-aa5e-5045878d5ccf req-f650bbc7-9d82-40b3-aa5e-5045878d5ccf ] Request (ServerActionsV293TestJSON:setUpClass): 200 GET http://10.180.1.21/compute/v2.1/servers/086625ac-0dff-436a-abcc-26e4693fa164 0.394s
2025-12-09 06:21:53.397 66775 INFO tempest.lib.common.rest_client [req-9426405e-289a-450d-a672-3fca42953b61 req-9426405e-289a-450d-a672-3fca42953b61 ] Request (ServersTestBootFromVolume:tearDownClass): 200 GET http://10.180.1.21/compute/v2.1/servers/85e8a541-8327-4d50-b213-1d753c7cc37a 0.386s
2025-12-09 06:21:53.403 66737 INFO tempest.lib.common.rest_client [req-387b7fe5-8784-439b-8cfb-6aa977153576 req-387b7fe5-8784-439b-8cfb-6aa977153576 ] Request (ListServersNegativeTestJSON:test_list_servers_status_non_existing): 200 GET http://10.180.1.21/compute/v2.1/servers?status=non_existing_status 0.305s
2025-12-09 06:21:53.419 66730 INFO tempest.lib.common.rest_client [req-dbd0dbb4-5172-4845-a5d6-1f95daad3d7f req-dbd0dbb4-5172-4845-a5d6-1f95daad3d7f ] Request (ServerMetadataTestJSON:tearDownClass): 200 GET http://10.180.1.21/compute/v2.1/servers/ec0375cf-515b-4528-b367-071babf1fa85 0.380s
2025-12-09 06:21:53.423 66725 INFO tempest.lib.common.rest_client [req-43fd88e9-fb93-40f4-befe-8e5e6d83fc66 req-43fd88e9-fb93-40f4-befe-8e5e6d83fc66 ] Request (ServersNegativeTestJSON:test_delete_server_pass_negative_id): 404 DELETE http://10.180.1.21/compute/v2.1/servers/-1 0.244s
2025-12-09 06:21:53.455 66735 INFO tempest.lib.common.rest_client [req-018730f1-6037-4185-8b87-2c0a74146052 req-018730f1-6037-4185-8b87-2c0a74146052 ] Request (ServersTestFqdnHostnames:test_create_server_with_fqdn_name): 200 GET http://10.180.1.21/compute/v2.1/servers/efe87f71-1848-4f96-a1a4-6d76ffd95360 0.307s
2025-12-09 06:21:53.474 66741 INFO tempest.lib.common.rest_client [req-64669e04-bbe8-4c57-833d-4e334b63e5dc req-64669e04-bbe8-4c57-833d-4e334b63e5dc ] Request (ImagesTestJSON:test_create_image_from_stopped_server): 200 GET http://10.180.1.21/compute/v2.1/servers/eac98a81-72eb-4ab0-ad60-f3d41959ce60 0.269s
2025-12-09 06:21:53.542 66731 INFO tempest.lib.common.rest_client [req-9b475d0a-5c93-4351-8472-18207165dffb req-9b475d0a-5c93-4351-8472-18207165dffb ] Request (ServersAdminTestJSON:test_create_server_with_scheduling_hint): 200 GET http://10.180.1.21/compute/v2.1/servers/63ec2b80-4dfc-491b-94d8-968515b16ece 0.287s
2025-12-09 06:21:53.578 66747 INFO tempest.lib.common.rest_client [req-8fc8cba7-688c-4004-b32e-02aa8460319d req-8fc8cba7-688c-4004-b32e-02aa8460319d ] Request (ServersListShow2100Test:tearDownClass): 200 GET http://10.180.1.21/compute/v2.1/servers/96178865-200a-4e82-b11f-bdd258b3c4cf 0.264s
2025-12-09 06:21:53.601 66737 INFO tempest.lib.common.rest_client [req-c02a71b7-bc98-4cc0-926b-6f6b1ab60529 req-c02a71b7-bc98-4cc0-926b-6f6b1ab60529 ] Request (ListServersNegativeTestJSON:test_list_servers_with_a_deleted_server): 200 GET http://10.180.1.21/compute/v2.1/servers 0.194s
2025-12-09 06:21:53.650 66765 INFO tempest.lib.common.rest_client [req-7db400f2-358b-477e-8dd0-8f32d5b4c026 req-7db400f2-358b-477e-8dd0-8f32d5b4c026 ] Request (ServersTestMultiNic:test_verify_duplicate_network_nics): 200 GET http://10.180.1.21/compute/v2.1/servers/dccedb85-6e69-46ae-b3f5-b49eb533b385 0.173s
2025-12-09 06:21:53.678 66725 INFO tempest.lib.common.rest_client [req-924a3fd7-0331-4999-9a65-c8bc4abdd662 req-924a3fd7-0331-4999-9a65-c8bc4abdd662 ] Request (ServersNegativeTestJSON:tearDown): 200 GET http://10.180.1.21/compute/v2.1/servers/26fec902-f263-457b-bbcc-b8881f17174d 0.255s
2025-12-09 06:21:53.734 66739 INFO tempest.lib.common.rest_client [req-e4c9f7f8-4eda-46f5-8d39-01bca0172af5 req-e4c9f7f8-4eda-46f5-8d39-01bca0172af5 ] Request (MultipleCreateTestJSON:test_multiple_create_with_reservation_return): 200 GET http://10.180.1.21/compute/v2.1/servers/b4747d6c-309d-4e07-9f47-a3271f9bd62e 0.209s
2025-12-09 06:21:53.760 66719 INFO tempest.lib.common.rest_client [req-defcb15d-0df0-482e-9944-c9ac85905e97 req-defcb15d-0df0-482e-9944-c9ac85905e97 ] Request (ServersWithSpecificFlavorTestJSON:test_verify_created_server_ephemeral_disk): 200 GET http://10.180.1.21/compute/v2.1/servers/84d866bc-4ffb-4f40-8412-ce246c570ead 0.283s
2025-12-09 06:21:53.861 66737 INFO tempest.lib.common.rest_client [req-6dba4014-ec5e-4420-ae1f-ddd7c94d48f5 req-6dba4014-ec5e-4420-ae1f-ddd7c94d48f5 ] Request (ListServersNegativeTestJSON:tearDownClass): 204 DELETE http://10.180.1.21/compute/v2.1/servers/fbe765d1-bdd6-4bd1-bf10-2fdddd73d41f 0.257s
2025-12-09 06:21:53.895 66751 INFO tempest.lib.common.rest_client [req-5f418a27-c326-4847-86d1-ba44d7699b54 req-5f418a27-c326-4847-86d1-ba44d7699b54 ] Request (MigrationsAdminTest:test_resize_server_revert_deleted_flavor): 200 GET http://10.180.1.21/compute/v2.1/servers/ab063d16-243e-4480-ae25-c53adf368520 0.245s
2025-12-09 06:21:53.974 66725 INFO tempest.lib.common.rest_client [req-e9ae9f17-0ca1-4708-aa2b-883a7aabefb7 req-e9ae9f17-0ca1-4708-aa2b-883a7aabefb7 ] Request (ServersNegativeTestJSON:setUp): 200 GET http://10.180.1.21/compute/v2.1/servers/26fec902-f263-457b-bbcc-b8881f17174d 0.286s
2025-12-09 06:21:54.152 66721 INFO tempest.lib.common.rest_client [req-fba84a22-600c-4c38-afe2-d47db401d99f req-fba84a22-600c-4c38-afe2-d47db401d99f ] Request (SecurityGroupsTestJSON:test_server_security_groups): 200 GET http://10.180.1.21/compute/v2.1/servers/7698df95-a58d-4273-9b02-92ddb5ba22a5 0.377s
2025-12-09 06:21:54.161 66721 INFO tempest.common.waiters [-] State transition "HARD_REBOOT/rebooting_hard" ==> "HARD_REBOOT/reboot_started_hard" after 3 second wait
2025-12-09 06:21:54.184 66737 INFO tempest.lib.common.rest_client [req-f5fca150-483a-4528-af15-398226f7b868 req-f5fca150-483a-4528-af15-398226f7b868 ] Request (ListServersNegativeTestJSON:tearDownClass): 404 DELETE http://10.180.1.21/compute/v2.1/servers/290fa4cc-f0bb-4f58-9d81-2aeb5e765c5f 0.322s
2025-12-09 06:21:54.215 66771 INFO tempest.lib.common.rest_client [req-48f3220e-ecba-4447-bb00-9148617d1278 req-48f3220e-ecba-4447-bb00-9148617d1278 ] Request (ServerAddressesTestJSON:setUpClass): 200 GET http://10.180.1.21/compute/v2.1/servers/aa7bfb12-b46e-4b70-8b2c-6738343f146f 0.482s
2025-12-09 06:21:54.224 66725 INFO tempest.lib.common.rest_client [req-2f8d909f-9248-4af6-8b90-81f343583eed req-2f8d909f-9248-4af6-8b90-81f343583eed ] Request (ServersNegativeTestJSON:test_force_delete_nonexistent_server_id): 404 POST http://10.180.1.21/compute/v2.1/servers/84d9ce52-8805-48ce-8cf8-3246fe0c346a/action 0.238s
2025-12-09 06:21:54.294 66767 INFO tempest.lib.common.rest_client [req-9ae37aee-97ea-4db0-9ebc-e3d31ff607eb req-9ae37aee-97ea-4db0-9ebc-e3d31ff607eb ] Request (ListImageFiltersTestJSON:tearDownClass): 200 GET http://10.180.1.21/compute/v2.1/servers/fe9250fe-c61e-4a51-9aec-01b6c1a05602 0.287s
2025-12-09 06:21:54.345 66743 INFO tempest.lib.common.rest_client [req-3f510af6-da11-4ada-9ccb-5539b61f78f6 req-3f510af6-da11-4ada-9ccb-5539b61f78f6 ] Request (ImagesOneServerNegativeTestJSON:setUpClass): 200 GET http://10.180.1.21/compute/v2.1/servers/8f0bb16d-46aa-4f23-927e-c6d1990f7d28 0.273s
2025-12-09 06:21:54.351 66727 INFO tempest.lib.common.rest_client [req-feb05649-3131-4167-8102-c15e5b634989 req-feb05649-3131-4167-8102-c15e5b634989 ] Request (ServersTestJSON:test_create_specify_keypair): 200 GET http://10.180.1.21/compute/v2.1/servers/f7f07cce-fd0f-4c9a-9e88-0589fb035992 0.477s
2025-12-09 06:21:54.405 66745 INFO tempest.lib.common.rest_client [req-51e86c12-1895-4a2c-971b-cecc2b4bf35b req-51e86c12-1895-4a2c-971b-cecc2b4bf35b ] Request (ServerDiskConfigTestJSON:test_rebuild_server_with_auto_disk_config): 200 GET http://10.180.1.21/compute/v2.1/servers/0d8a9b48-e937-4a15-8567-192aa4637ca2 0.215s
2025-12-09 06:21:54.424 66737 INFO tempest.lib.common.rest_client [req-ea4cc9e4-2cfe-4828-bbc6-b8c3f2afe808 req-ea4cc9e4-2cfe-4828-bbc6-b8c3f2afe808 ] Request (ListServersNegativeTestJSON:tearDownClass): 204 DELETE http://10.180.1.21/compute/v2.1/servers/08a9c032-6782-40fc-b7ac-50742b304003 0.240s
2025-12-09 06:21:54.483 66723 INFO tempest.lib.common.rest_client [req-e31a58f0-ab26-447b-aec5-ead2cb3aece5 req-e31a58f0-ab26-447b-aec5-ead2cb3aece5 ] Request (ServerActionsTestOtherA:_run_cleanups): 200 GET http://10.180.1.21/compute/v2.1/servers/d0389f66-b3cf-48aa-bb27-59152d83066a 0.239s
2025-12-09 06:21:54.501 66749 INFO tempest.lib.common.rest_client [req-5b9600d0-7d30-4236-872c-aa2f5a18efc7 req-5b9600d0-7d30-4236-872c-aa2f5a18efc7 ] Request (ServersAdminNegativeTestJSON:tearDownClass): 404 GET http://10.180.1.21/compute/v2.1/servers/cf65ea21-1566-461b-b0bb-44571975cc2b 0.241s
2025-12-09 06:21:54.505 66725 INFO tempest.lib.common.rest_client [req-7095e6d4-23ae-4a8a-a95f-edf6b4a338e0 req-7095e6d4-23ae-4a8a-a95f-edf6b4a338e0 ] Request (ServersNegativeTestJSON:tearDown): 200 GET http://10.180.1.21/compute/v2.1/servers/26fec902-f263-457b-bbcc-b8881f17174d 0.280s
2025-12-09 06:21:54.550 66763 INFO tempest.lib.common.rest_client [req-395b2e7c-7320-4d72-852f-acee44abbd9f req-395b2e7c-7320-4d72-852f-acee44abbd9f ] Request (DeleteServersTestJSON:test_delete_active_server): 200 GET http://10.180.1.21/compute/v2.1/servers/9caa8091-b2ff-46e6-b3dd-a7fe626434ec 0.258s
2025-12-09 06:21:54.556 66754 INFO tempest.lib.common.rest_client [req-f48e27e1-5da7-4899-ae92-e778cc8b8a73 req-f48e27e1-5da7-4899-ae92-e778cc8b8a73 ] Request (ServerActionsTestOtherB:setUpClass): 200 GET http://10.180.1.21/compute/v2.1/servers/4fee822f-7286-4337-ae97-a1dff697afe7 0.250s
2025-12-09 06:21:54.609 66715 INFO tempest.lib.common.rest_client [req-775c4c4c-2ecf-4ce6-99a9-ea2acc799fe9 req-775c4c4c-2ecf-4ce6-99a9-ea2acc799fe9 ] Request (InstanceActionsNegativeTestJSON:tearDownClass): 200 GET http://10.180.1.21/compute/v2.1/servers/676ea782-828b-4154-8055-537bebd01b9e 0.256s
2025-12-09 06:21:54.611 66755 INFO tempest.lib.common.rest_client [req-44d8903e-946e-4fc2-a2fa-ba0810daff34 req-44d8903e-946e-4fc2-a2fa-ba0810daff34 ] Request (ServerActionsV293TestJSON:setUpClass): 200 GET http://10.180.1.21/compute/v2.1/servers/086625ac-0dff-436a-abcc-26e4693fa164 0.238s
2025-12-09 06:21:54.663 66775 INFO tempest.lib.common.rest_client [req-70699218-6732-444b-9585-db3edc068e88 req-70699218-6732-444b-9585-db3edc068e88 ] Request (ServersTestBootFromVolume:tearDownClass): 200 GET http://10.180.1.21/compute/v2.1/servers/85e8a541-8327-4d50-b213-1d753c7cc37a 0.257s
2025-12-09 06:21:54.703 66737 INFO tempest.lib.common.rest_client [req-6ee3fff5-90ee-46b4-98a8-b2b3be0711e2 req-6ee3fff5-90ee-46b4-98a8-b2b3be0711e2 ] Request (ListServersNegativeTestJSON:tearDownClass): 200 GET http://10.180.1.21/compute/v2.1/servers/fbe765d1-bdd6-4bd1-bf10-2fdddd73d41f 0.278s
2025-12-09 06:21:54.716 66730 INFO tempest.lib.common.rest_client [req-010317da-aed3-41f1-8150-b7baa7e4c17f req-010317da-aed3-41f1-8150-b7baa7e4c17f ] Request (ServerMetadataTestJSON:tearDownClass): 200 GET http://10.180.1.21/compute/v2.1/servers/ec0375cf-515b-4528-b367-071babf1fa85 0.288s
2025-12-09 06:21:54.753 66735 INFO tempest.lib.common.rest_client [req-cf1de9ea-7cb2-4bbc-ab28-11fa924d4ea2 req-cf1de9ea-7cb2-4bbc-ab28-11fa924d4ea2 ] Request (ServersTestFqdnHostnames:test_create_server_with_fqdn_name): 200 GET http://10.180.1.21/compute/v2.1/servers/efe87f71-1848-4f96-a1a4-6d76ffd95360 0.288s
2025-12-09 06:21:54.764 66741 INFO tempest.lib.common.rest_client [req-b5a62398-f518-4733-9ccb-a6187e87061b req-b5a62398-f518-4733-9ccb-a6187e87061b ] Request (ImagesTestJSON:test_create_image_from_stopped_server): 200 GET http://10.180.1.21/compute/v2.1/servers/eac98a81-72eb-4ab0-ad60-f3d41959ce60 0.282s
2025-12-09 06:21:54.838 66749 INFO tempest.lib.common.rest_client [req-9133bdbf-01f1-4ebe-aa04-e92845437b26 req-9133bdbf-01f1-4ebe-aa04-e92845437b26 ] Request (ServersAdminNegativeTestJSON:tearDownClass): 204 DELETE http://10.180.1.21/compute/v2.1/servers/2641d7dd-5ada-4b70-b2cd-9e412ff83b34 0.336s
2025-12-09 06:21:54.900 66725 INFO tempest.lib.common.rest_client [req-a54f9715-c154-44bd-b378-fd16fc6f7854 req-a54f9715-c154-44bd-b378-fd16fc6f7854 ] Request (ServersNegativeTestJSON:setUp): 200 GET http://10.180.1.21/compute/v2.1/servers/26fec902-f263-457b-bbcc-b8881f17174d 0.384s
2025-12-09 06:21:54.901 66731 INFO tempest.lib.common.rest_client [req-0f285bde-eb46-4067-8294-e41e1913f99f req-0f285bde-eb46-4067-8294-e41e1913f99f ] Request (ServersAdminTestJSON:test_create_server_with_scheduling_hint): 200 GET http://10.180.1.21/compute/v2.1/servers/63ec2b80-4dfc-491b-94d8-968515b16ece 0.350s
2025-12-09 06:21:54.963 66765 INFO tempest.lib.common.rest_client [req-38de7784-761a-4517-82c6-db2f5ec52997 req-38de7784-761a-4517-82c6-db2f5ec52997 ] Request (ServersTestMultiNic:test_verify_duplicate_network_nics): 200 GET http://10.180.1.21/compute/v2.1/servers/dccedb85-6e69-46ae-b3f5-b49eb533b385 0.304s
2025-12-09 06:21:54.988 66747 INFO tempest.lib.common.rest_client [req-a326a374-ddf3-41b9-b826-5572b35899eb req-a326a374-ddf3-41b9-b826-5572b35899eb ] Request (ServersListShow2100Test:tearDownClass): 200 GET http://10.180.1.21/compute/v2.1/servers/96178865-200a-4e82-b11f-bdd258b3c4cf 0.391s
2025-12-09 06:21:55.032 66739 INFO tempest.lib.common.rest_client [req-0db523ff-05fa-447c-b498-79ff3545a10b req-0db523ff-05fa-447c-b498-79ff3545a10b ] Request (MultipleCreateTestJSON:test_multiple_create_with_reservation_return): 200 GET http://10.180.1.21/compute/v2.1/servers/b4747d6c-309d-4e07-9f47-a3271f9bd62e 0.289s
2025-12-09 06:21:55.093 66719 INFO tempest.lib.common.rest_client [req-cd4fdf34-cec7-42b9-8840-5a23e8f6754e req-cd4fdf34-cec7-42b9-8840-5a23e8f6754e ] Request (ServersWithSpecificFlavorTestJSON:test_verify_created_server_ephemeral_disk): 200 GET http://10.180.1.21/compute/v2.1/servers/84d866bc-4ffb-4f40-8412-ce246c570ead 0.322s
2025-12-09 06:21:55.165 66749 INFO tempest.lib.common.rest_client [req-d35301d4-638f-4e1d-8d1b-9cc028f24ff2 req-d35301d4-638f-4e1d-8d1b-9cc028f24ff2 ] Request (ServersAdminNegativeTestJSON:tearDownClass): 200 GET http://10.180.1.21/compute/v2.1/servers/2641d7dd-5ada-4b70-b2cd-9e412ff83b34 0.327s
2025-12-09 06:21:55.173 66725 INFO tempest.lib.common.rest_client [req-2994eb32-73c9-4ee7-9a75-107b1fbe5365 req-2994eb32-73c9-4ee7-9a75-107b1fbe5365 ] Request (ServersNegativeTestJSON:test_get_console_output_of_non_existent_server): 404 POST http://10.180.1.21/compute/v2.1/servers/463cdf1d-da4b-48ae-8f23-31b9939c617f/action 0.266s
2025-12-09 06:21:55.198 66751 INFO tempest.lib.common.rest_client [req-2e45b79a-f159-4448-bb04-9e06478b9bd6 req-2e45b79a-f159-4448-bb04-9e06478b9bd6 ] Request (MigrationsAdminTest:test_resize_server_revert_deleted_flavor): 200 GET http://10.180.1.21/compute/v2.1/servers/ab063d16-243e-4480-ae25-c53adf368520 0.296s
2025-12-09 06:21:55.278 66759 WARNING tempest.lib.common.ssh [-] Failed to establish authenticated ssh connection to cirros@10.180.180.240 ([Errno None] Unable to connect to port 22 on 10.180.180.240). Number attempts: 3. Retry after 4 seconds.: paramiko.ssh_exception.NoValidConnectionsError: [Errno None] Unable to connect to port 22 on 10.180.180.240
2025-12-09 06:21:55.292 66725 INFO tempest.lib.common.rest_client [req-efb3bfd0-1a59-4d50-9043-9162926dd10c req-efb3bfd0-1a59-4d50-9043-9162926dd10c ] Request (ServersNegativeTestJSON:tearDown): 200 GET http://10.180.1.21/compute/v2.1/servers/26fec902-f263-457b-bbcc-b8881f17174d 0.118s
2025-12-09 06:21:55.294 66721 INFO tempest.lib.common.rest_client [req-0c77ea5c-2359-4d2a-900c-8bcaafad29cb req-0c77ea5c-2359-4d2a-900c-8bcaafad29cb ] Request (SecurityGroupsTestJSON:test_server_security_groups): 200 GET http://10.180.1.21/compute/v2.1/servers/7698df95-a58d-4273-9b02-92ddb5ba22a5 0.132s
2025-12-09 06:21:55.304 66721 INFO tempest.common.waiters [-] State transition "HARD_REBOOT/reboot_started_hard" ==> "ACTIVE/None" after 4 second wait
2025-12-09 06:21:55.340 66771 INFO tempest.lib.common.rest_client [req-ab233046-154b-4c81-9700-3bfc74673480 req-ab233046-154b-4c81-9700-3bfc74673480 ] Request (ServerAddressesTestJSON:setUpClass): 200 GET http://10.180.1.21/compute/v2.1/servers/aa7bfb12-b46e-4b70-8b2c-6738343f146f 0.116s
2025-12-09 06:21:55.401 66767 INFO tempest.lib.common.rest_client [req-1f43a391-5d51-4f07-b850-6c851e4e0237 req-1f43a391-5d51-4f07-b850-6c851e4e0237 ] Request (ListImageFiltersTestJSON:tearDownClass): 200 GET http://10.180.1.21/compute/v2.1/servers/fe9250fe-c61e-4a51-9aec-01b6c1a05602 0.100s
2025-12-09 06:21:55.408 66767 INFO tempest.common.waiters [-] State transition "ACTIVE/deleting" ==> "DELETED/None" after 4 second wait
2025-12-09 06:21:55.427 66725 INFO tempest.lib.common.rest_client [req-4a2fc771-546a-4811-880f-62ddd7d4b80e req-4a2fc771-546a-4811-880f-62ddd7d4b80e ] Request (ServersNegativeTestJSON:setUp): 200 GET http://10.180.1.21/compute/v2.1/servers/26fec902-f263-457b-bbcc-b8881f17174d 0.126s
2025-12-09 06:21:55.484 66743 INFO tempest.lib.common.rest_client [req-3813f3b0-5e81-46de-bcbc-c17d1a4da211 req-3813f3b0-5e81-46de-bcbc-c17d1a4da211 ] Request (ImagesOneServerNegativeTestJSON:setUpClass): 200 GET http://10.180.1.21/compute/v2.1/servers/8f0bb16d-46aa-4f23-927e-c6d1990f7d28 0.130s
2025-12-09 06:21:55.639 66727 INFO tempest.lib.common.rest_client [req-c0aadb47-844f-4bc4-b373-dc136eeedbcf req-c0aadb47-844f-4bc4-b373-dc136eeedbcf ] Request (ServersTestJSON:test_create_specify_keypair): 200 GET http://10.180.1.21/compute/v2.1/servers/f7f07cce-fd0f-4c9a-9e88-0589fb035992 0.278s
2025-12-09 06:21:55.646 66727 INFO tempest.common.waiters [-] State transition "BUILD/spawning" ==> "ACTIVE/None" after 64 second wait
2025-12-09 06:21:55.701 66745 INFO tempest.lib.common.rest_client [req-60172af6-6178-4978-91cc-6ce6d39f1cca req-60172af6-6178-4978-91cc-6ce6d39f1cca ] Request (ServerDiskConfigTestJSON:test_rebuild_server_with_auto_disk_config): 200 GET http://10.180.1.21/compute/v2.1/servers/0d8a9b48-e937-4a15-8567-192aa4637ca2 0.287s
2025-12-09 06:21:55.711 66725 INFO tempest.lib.common.rest_client [req-c4cea5d8-eace-4761-9b95-5f665ffd5a84 req-c4cea5d8-eace-4761-9b95-5f665ffd5a84 ] Request (ServersNegativeTestJSON:test_get_non_existent_server): 404 GET http://10.180.1.21/compute/v2.1/servers/b93b13b5-5565-4277-8d79-8020a0f6f0fe 0.277s
2025-12-09 06:21:55.780 66721 INFO tempest.lib.common.rest_client [req-6ea6d163-c6c8-4a71-8304-bfc26a0eee54 req-6ea6d163-c6c8-4a71-8304-bfc26a0eee54 ] Request (SecurityGroupsTestJSON:test_server_security_groups): 202 POST http://10.180.1.21/compute/v2.1/servers/7698df95-a58d-4273-9b02-92ddb5ba22a5/action 0.476s
2025-12-09 06:21:55.792 66723 INFO tempest.lib.common.rest_client [req-a0bdd72d-a7a2-4d87-b235-f0cca4215b17 req-a0bdd72d-a7a2-4d87-b235-f0cca4215b17 ] Request (ServerActionsTestOtherA:_run_cleanups): 200 GET http://10.180.1.21/compute/v2.1/servers/d0389f66-b3cf-48aa-bb27-59152d83066a 0.302s
2025-12-09 06:21:55.860 66763 INFO tempest.lib.common.rest_client [req-facb8307-9f9c-492d-8b20-d26a8d0cb99c req-facb8307-9f9c-492d-8b20-d26a8d0cb99c ] Request (DeleteServersTestJSON:test_delete_active_server): 200 GET http://10.180.1.21/compute/v2.1/servers/9caa8091-b2ff-46e6-b3dd-a7fe626434ec 0.302s
2025-12-09 06:21:55.863 66754 INFO tempest.lib.common.rest_client [req-0dcc3786-7873-4bde-8b2c-b1f3048f07a6 req-0dcc3786-7873-4bde-8b2c-b1f3048f07a6 ] Request (ServerActionsTestOtherB:setUpClass): 200 GET http://10.180.1.21/compute/v2.1/servers/4fee822f-7286-4337-ae97-a1dff697afe7 0.298s
2025-12-09 06:21:55.927 66755 INFO tempest.lib.common.rest_client [req-465870a3-9829-470c-99d1-8b2bd261c02c req-465870a3-9829-470c-99d1-8b2bd261c02c ] Request (ServerActionsV293TestJSON:setUpClass): 200 GET http://10.180.1.21/compute/v2.1/servers/086625ac-0dff-436a-abcc-26e4693fa164 0.305s
2025-12-09 06:21:55.945 66715 INFO tempest.lib.common.rest_client [req-61be6dac-291c-4033-878f-82d227f9011e req-61be6dac-291c-4033-878f-82d227f9011e ] Request (InstanceActionsNegativeTestJSON:tearDownClass): 200 GET http://10.180.1.21/compute/v2.1/servers/676ea782-828b-4154-8055-537bebd01b9e 0.329s
2025-12-09 06:21:56.015 66775 INFO tempest.lib.common.rest_client [req-0edf2fc4-293b-4bd6-a74e-46a6449a94b2 req-0edf2fc4-293b-4bd6-a74e-46a6449a94b2 ] Request (ServersTestBootFromVolume:tearDownClass): 200 GET http://10.180.1.21/compute/v2.1/servers/85e8a541-8327-4d50-b213-1d753c7cc37a 0.342s
2025-12-09 06:21:56.041 66727 INFO tempest.lib.common.rest_client [req-d8dde7cb-9dd0-4787-ac82-534ed4def8dd req-d8dde7cb-9dd0-4787-ac82-534ed4def8dd ] Request (ServersTestJSON:test_create_specify_keypair): 200 GET http://10.180.1.21/compute/v2.1/servers/f7f07cce-fd0f-4c9a-9e88-0589fb035992 0.394s
2025-12-09 06:21:56.178 66737 INFO tempest.lib.common.rest_client [req-6f88c907-0a8a-44c7-822b-9c91800bb63d req-6f88c907-0a8a-44c7-822b-9c91800bb63d ] Request (ListServersNegativeTestJSON:tearDownClass): 200 GET http://10.180.1.21/compute/v2.1/servers/fbe765d1-bdd6-4bd1-bf10-2fdddd73d41f 0.466s
2025-12-09 06:21:56.208 66725 INFO tempest.lib.common.rest_client [req-18ebb121-3b2d-4d02-8ada-184f25d206de req-18ebb121-3b2d-4d02-8ada-184f25d206de ] Request (ServersNegativeTestJSON:tearDown): 200 GET http://10.180.1.21/compute/v2.1/servers/26fec902-f263-457b-bbcc-b8881f17174d 0.496s
2025-12-09 06:21:56.257 66730 INFO tempest.lib.common.rest_client [req-9ffdd6ac-a5e0-4474-b239-5f7a301663e6 req-9ffdd6ac-a5e0-4474-b239-5f7a301663e6 ] Request (ServerMetadataTestJSON:tearDownClass): 200 GET http://10.180.1.21/compute/v2.1/servers/ec0375cf-515b-4528-b367-071babf1fa85 0.534s
2025-12-09 06:21:56.272 66735 INFO tempest.lib.common.rest_client [req-a7ce0fb7-4e4b-45a9-a44f-7bedc75fcd29 req-a7ce0fb7-4e4b-45a9-a44f-7bedc75fcd29 ] Request (ServersTestFqdnHostnames:test_create_server_with_fqdn_name): 200 GET http://10.180.1.21/compute/v2.1/servers/efe87f71-1848-4f96-a1a4-6d76ffd95360 0.508s
2025-12-09 06:21:56.323 66741 INFO tempest.lib.common.rest_client [req-8b9a115b-48b9-48de-9050-b99ab0544175 req-8b9a115b-48b9-48de-9050-b99ab0544175 ] Request (ImagesTestJSON:test_create_image_from_stopped_server): 200 GET http://10.180.1.21/compute/v2.1/servers/eac98a81-72eb-4ab0-ad60-f3d41959ce60 0.551s
2025-12-09 06:21:56.350 66721 INFO tempest.lib.common.rest_client [req-eb1a05a3-4948-4ba8-89ee-ff57cfee3506 req-eb1a05a3-4948-4ba8-89ee-ff57cfee3506 ] Request (SecurityGroupsTestJSON:test_server_security_groups): 400 DELETE http://10.180.1.21/compute/v2.1/os-security-groups/787fac65-f65c-45c4-82c4-913fbc6926e8 0.569s
2025-12-09 06:21:56.400 66731 INFO tempest.lib.common.rest_client [req-cf26bd00-e244-4b2a-a5e7-fc214da5ed24 req-cf26bd00-e244-4b2a-a5e7-fc214da5ed24 ] Request (ServersAdminTestJSON:test_create_server_with_scheduling_hint): 200 GET http://10.180.1.21/compute/v2.1/servers/63ec2b80-4dfc-491b-94d8-968515b16ece 0.489s
2025-12-09 06:21:56.408 66765 INFO tempest.lib.common.rest_client [req-ea3bd298-c9b9-4c0c-9e38-f72804abd36d req-ea3bd298-c9b9-4c0c-9e38-f72804abd36d ] Request (ServersTestMultiNic:test_verify_duplicate_network_nics): 200 GET http://10.180.1.21/compute/v2.1/servers/dccedb85-6e69-46ae-b3f5-b49eb533b385 0.436s
2025-12-09 06:21:56.477 66739 INFO tempest.lib.common.rest_client [req-757601fe-cee7-4348-a73d-ccc0ba3d2cc1 req-757601fe-cee7-4348-a73d-ccc0ba3d2cc1 ] Request (MultipleCreateTestJSON:test_multiple_create_with_reservation_return): 200 GET http://10.180.1.21/compute/v2.1/servers/b4747d6c-309d-4e07-9f47-a3271f9bd62e 0.437s
2025-12-09 06:21:56.489 66747 INFO tempest.lib.common.rest_client [req-c64defb9-98f3-464b-addf-a2c58561b361 req-c64defb9-98f3-464b-addf-a2c58561b361 ] Request (ServersListShow2100Test:tearDownClass): 200 GET http://10.180.1.21/compute/v2.1/servers/96178865-200a-4e82-b11f-bdd258b3c4cf 0.488s
2025-12-09 06:21:56.559 66713 WARNING tempest.lib.common.ssh [-] Failed to establish authenticated ssh connection to cirros@10.180.180.246 ([Errno None] Unable to connect to port 22 on 10.180.180.246). Number attempts: 4. Retry after 5 seconds.: paramiko.ssh_exception.NoValidConnectionsError: [Errno None] Unable to connect to port 22 on 10.180.180.246
2025-12-09 06:21:56.571 66727 INFO tempest.lib.common.rest_client [req-ba23e953-21c8-4f62-a85b-db168e26cf62 req-ba23e953-21c8-4f62-a85b-db168e26cf62 ] Request (ServersTestJSON:_run_cleanups): 204 DELETE http://10.180.1.21/compute/v2.1/servers/f7f07cce-fd0f-4c9a-9e88-0589fb035992 0.519s
2025-12-09 06:21:56.624 66719 INFO tempest.lib.common.rest_client [req-63c972e4-706a-407f-b301-1625743ab414 req-63c972e4-706a-407f-b301-1625743ab414 ] Request (ServersWithSpecificFlavorTestJSON:test_verify_created_server_ephemeral_disk): 200 GET http://10.180.1.21/compute/v2.1/servers/84d866bc-4ffb-4f40-8412-ce246c570ead 0.522s
2025-12-09 06:21:56.715 66749 INFO tempest.lib.common.rest_client [req-4bffdc21-f104-4eb3-8c48-b239021e4a2e req-4bffdc21-f104-4eb3-8c48-b239021e4a2e ] Request (ServersAdminNegativeTestJSON:tearDownClass): 200 GET http://10.180.1.21/compute/v2.1/servers/2641d7dd-5ada-4b70-b2cd-9e412ff83b34 0.541s
2025-12-09 06:21:56.740 66751 INFO tempest.lib.common.rest_client [req-0a67dac5-f0bb-4f41-bfe5-046fe3296fb0 req-0a67dac5-f0bb-4f41-bfe5-046fe3296fb0 ] Request (MigrationsAdminTest:test_resize_server_revert_deleted_flavor): 200 GET http://10.180.1.21/compute/v2.1/servers/ab063d16-243e-4480-ae25-c53adf368520 0.533s
2025-12-09 06:21:56.814 66771 INFO tempest.lib.common.rest_client [req-a6528062-934f-41a7-8e8f-bc4279462981 req-a6528062-934f-41a7-8e8f-bc4279462981 ] Request (ServerAddressesTestJSON:setUpClass): 200 GET http://10.180.1.21/compute/v2.1/servers/aa7bfb12-b46e-4b70-8b2c-6738343f146f 0.463s
2025-12-09 06:21:56.836 66725 INFO tempest.lib.common.rest_client [req-4e6a0d8a-de14-458c-a0a0-83e224938220 req-4e6a0d8a-de14-458c-a0a0-83e224938220 ] Request (ServersNegativeTestJSON:setUp): 200 GET http://10.180.1.21/compute/v2.1/servers/26fec902-f263-457b-bbcc-b8881f17174d 0.617s
2025-12-09 06:21:56.922 66725 INFO tempest.lib.common.rest_client [req-a42edd00-3a95-4fa4-84a0-859adc7bee28 req-a42edd00-3a95-4fa4-84a0-859adc7bee28 ] Request (ServersNegativeTestJSON:test_invalid_access_ip_v4_address): 201 POST http://10.180.1.21/identity/v3/auth/tokens 0.075s
2025-12-09 06:21:56.922 66725 INFO tempest.lib.common.fixed_network [-] (ServersNegativeTestJSON:test_invalid_access_ip_v4_address) Found network {'id': '460d3bde-5b78-4bcf-9eaa-eda085c75c21', 'name': 'tempest-ServersNegativeTestJSON-115365025-network', 'tenant_id': '141ee87e5e9b45ef873e7c67285b11ec', 'project_id': '141ee87e5e9b45ef873e7c67285b11ec', 'admin_state_up': True, 'mtu': 8950, 'status': 'ACTIVE', 'subnets': [], 'shared': False, 'port_security_enabled': True, 'router:external': False, 'provider:network_type': 'vlan', 'provider:physical_network': 'default', 'provider:segmentation_id': 390, 'availability_zone_hints': [], 'availability_zones': [], 'ipv4_address_scope': None, 'ipv6_address_scope': None, 'description': '', 'tags': [], 'created_at': '2025-12-09T06:19:04Z', 'updated_at': '2025-12-09T06:19:04Z', 'revision_number': 1} available for tenant
2025-12-09 06:21:56.929 66767 INFO tempest.lib.common.rest_client [req-854acf41-17e6-47da-aebb-570a6a97c7bd req-854acf41-17e6-47da-aebb-570a6a97c7bd ] Request (ListImageFiltersTestJSON:tearDownClass): 200 GET http://10.180.1.21/compute/v2.1/servers/fe9250fe-c61e-4a51-9aec-01b6c1a05602 0.519s
2025-12-09 06:21:56.936 66721 INFO tempest.lib.common.rest_client [req-22ab408f-5039-46e8-95ae-480ac9e31db9 req-22ab408f-5039-46e8-95ae-480ac9e31db9 ] Request (SecurityGroupsTestJSON:test_server_security_groups): 204 DELETE http://10.180.1.21/compute/v2.1/servers/7698df95-a58d-4273-9b02-92ddb5ba22a5 0.585s
2025-12-09 06:21:56.987 66743 INFO tempest.lib.common.rest_client [req-5eb27bee-37d5-4f67-b807-234c1c1ad02f req-5eb27bee-37d5-4f67-b807-234c1c1ad02f ] Request (ImagesOneServerNegativeTestJSON:setUpClass): 200 GET http://10.180.1.21/compute/v2.1/servers/8f0bb16d-46aa-4f23-927e-c6d1990f7d28 0.492s
2025-12-09 06:21:57.069 66745 INFO tempest.lib.common.rest_client [req-1f6da88f-83cf-49e3-9a4a-04d59e8e618f req-1f6da88f-83cf-49e3-9a4a-04d59e8e618f ] Request (ServerDiskConfigTestJSON:test_rebuild_server_with_auto_disk_config): 200 GET http://10.180.1.21/compute/v2.1/servers/0d8a9b48-e937-4a15-8567-192aa4637ca2 0.361s
2025-12-09 06:21:57.080 66745 INFO tempest.common.waiters [-] State transition "BUILD/scheduling" ==> "BUILD/None" after 16 second wait
2025-12-09 06:21:57.167 66723 INFO tempest.lib.common.rest_client [req-7781e32f-14b8-4dd6-8b6f-f599e4dc7fa3 req-7781e32f-14b8-4dd6-8b6f-f599e4dc7fa3 ] Request (ServerActionsTestOtherA:_run_cleanups): 200 GET http://10.180.1.21/compute/v2.1/servers/d0389f66-b3cf-48aa-bb27-59152d83066a 0.365s
2025-12-09 06:21:57.220 66763 INFO tempest.lib.common.rest_client [req-7a75e79a-c7b2-47d0-b10e-5f67284b382f req-7a75e79a-c7b2-47d0-b10e-5f67284b382f ] Request (DeleteServersTestJSON:test_delete_active_server): 200 GET http://10.180.1.21/compute/v2.1/servers/9caa8091-b2ff-46e6-b3dd-a7fe626434ec 0.353s
2025-12-09 06:21:57.282 66754 INFO tempest.lib.common.rest_client [req-6eaf0cfc-c440-48b9-86b7-262a9eb488d8 req-6eaf0cfc-c440-48b9-86b7-262a9eb488d8 ] Request (ServerActionsTestOtherB:setUpClass): 200 GET http://10.180.1.21/compute/v2.1/servers/4fee822f-7286-4337-ae97-a1dff697afe7 0.410s
2025-12-09 06:21:57.287 66725 INFO tempest.lib.common.rest_client [req-c6a983c4-bf1d-4a06-81da-09cb7e7623c3 req-c6a983c4-bf1d-4a06-81da-09cb7e7623c3 ] Request (ServersNegativeTestJSON:test_invalid_access_ip_v4_address): 400 POST http://10.180.1.21/compute/v2.1/servers 0.363s
2025-12-09 06:21:57.289 66754 INFO tempest.common.waiters [-] State transition "BUILD/None" ==> "BUILD/networking" after 45 second wait
2025-12-09 06:21:57.327 66727 INFO tempest.lib.common.rest_client [req-3e01b196-06b9-4b8a-87a5-a407b9c24ca5 req-3e01b196-06b9-4b8a-87a5-a407b9c24ca5 ] Request (ServersTestJSON:_run_cleanups): 200 GET http://10.180.1.21/compute/v2.1/servers/f7f07cce-fd0f-4c9a-9e88-0589fb035992 0.755s
2025-12-09 06:21:57.381 66755 INFO tempest.lib.common.rest_client [req-e75afc08-0fd5-464a-ba56-11e8105c7078 req-e75afc08-0fd5-464a-ba56-11e8105c7078 ] Request (ServerActionsV293TestJSON:setUpClass): 200 GET http://10.180.1.21/compute/v2.1/servers/086625ac-0dff-436a-abcc-26e4693fa164 0.441s
2025-12-09 06:21:57.404 66721 INFO tempest.lib.common.rest_client [req-27f6b3ef-f183-4274-92b6-eef9351e95b0 req-27f6b3ef-f183-4274-92b6-eef9351e95b0 ] Request (SecurityGroupsTestJSON:test_server_security_groups): 200 GET http://10.180.1.21/compute/v2.1/servers/7698df95-a58d-4273-9b02-92ddb5ba22a5 0.467s
2025-12-09 06:21:57.437 66715 INFO tempest.lib.common.rest_client [req-333daff8-97db-41f6-ae78-4e29b8919ad5 req-333daff8-97db-41f6-ae78-4e29b8919ad5 ] Request (InstanceActionsNegativeTestJSON:tearDownClass): 200 GET http://10.180.1.21/compute/v2.1/servers/676ea782-828b-4154-8055-537bebd01b9e 0.483s
2025-12-09 06:21:57.472 66775 INFO tempest.lib.common.rest_client [req-42a8b889-8d82-45e2-921d-36cad6a0a2ca req-42a8b889-8d82-45e2-921d-36cad6a0a2ca ] Request (ServersTestBootFromVolume:tearDownClass): 200 GET http://10.180.1.21/compute/v2.1/servers/85e8a541-8327-4d50-b213-1d753c7cc37a 0.448s
2025-12-09 06:21:57.499 66737 INFO tempest.lib.common.rest_client [req-b1403849-535b-4e9b-992f-a4384d11bf88 req-b1403849-535b-4e9b-992f-a4384d11bf88 ] Request (ListServersNegativeTestJSON:tearDownClass): 200 GET http://10.180.1.21/compute/v2.1/servers/fbe765d1-bdd6-4bd1-bf10-2fdddd73d41f 0.311s
2025-12-09 06:21:57.511 66737 INFO tempest.common.waiters [-] State transition "ACTIVE/deleting" ==> "DELETED/None" after 3 second wait
2025-12-09 06:21:57.557 66735 INFO tempest.lib.common.rest_client [req-7860e9c2-1e99-4a59-bf97-64ce19680209 req-7860e9c2-1e99-4a59-bf97-64ce19680209 ] Request (ServersTestFqdnHostnames:test_create_server_with_fqdn_name): 200 GET http://10.180.1.21/compute/v2.1/servers/efe87f71-1848-4f96-a1a4-6d76ffd95360 0.278s
2025-12-09 06:21:57.573 66730 INFO tempest.lib.common.rest_client [req-22989d2d-3f23-4e2a-8fbb-77f490d56754 req-22989d2d-3f23-4e2a-8fbb-77f490d56754 ] Request (ServerMetadataTestJSON:tearDownClass): 200 GET http://10.180.1.21/compute/v2.1/servers/ec0375cf-515b-4528-b367-071babf1fa85 0.305s
2025-12-09 06:21:57.656 66741 INFO tempest.lib.common.rest_client [req-c20e0dd9-3ea2-499f-9811-fb5529497af6 req-c20e0dd9-3ea2-499f-9811-fb5529497af6 ] Request (ImagesTestJSON:test_create_image_from_stopped_server): 200 GET http://10.180.1.21/compute/v2.1/servers/eac98a81-72eb-4ab0-ad60-f3d41959ce60 0.320s
2025-12-09 06:21:57.690 66725 INFO tempest.lib.common.rest_client [req-882ea4ab-49a8-45db-be71-e095ea53095e req-882ea4ab-49a8-45db-be71-e095ea53095e ] Request (ServersNegativeTestJSON:tearDown): 200 GET http://10.180.1.21/compute/v2.1/servers/26fec902-f263-457b-bbcc-b8881f17174d 0.403s
2025-12-09 06:21:57.719 66731 INFO tempest.lib.common.rest_client [req-59d97006-21f0-4797-a775-85b903b4644f req-59d97006-21f0-4797-a775-85b903b4644f ] Request (ServersAdminTestJSON:test_create_server_with_scheduling_hint): 200 GET http://10.180.1.21/compute/v2.1/servers/63ec2b80-4dfc-491b-94d8-968515b16ece 0.310s
2025-12-09 06:21:57.768 66765 INFO tempest.lib.common.rest_client [req-20ee66d3-cc10-41fb-ae95-90dd61605dd9 req-20ee66d3-cc10-41fb-ae95-90dd61605dd9 ] Request (ServersTestMultiNic:test_verify_duplicate_network_nics): 200 GET http://10.180.1.21/compute/v2.1/servers/dccedb85-6e69-46ae-b3f5-b49eb533b385 0.352s
2025-12-09 06:21:57.801 66739 INFO tempest.lib.common.rest_client [req-685efcaa-a9a3-420c-9e37-91d0e258e755 req-685efcaa-a9a3-420c-9e37-91d0e258e755 ] Request (MultipleCreateTestJSON:test_multiple_create_with_reservation_return): 200 GET http://10.180.1.21/compute/v2.1/servers/b4747d6c-309d-4e07-9f47-a3271f9bd62e 0.315s
2025-12-09 06:21:57.929 66747 INFO tempest.lib.common.rest_client [req-bcc39c85-4e72-4ffb-8c50-a7ad682087f9 req-bcc39c85-4e72-4ffb-8c50-a7ad682087f9 ] Request (ServersListShow2100Test:tearDownClass): 200 GET http://10.180.1.21/compute/v2.1/servers/96178865-200a-4e82-b11f-bdd258b3c4cf 0.420s
2025-12-09 06:21:57.967 66719 INFO tempest.lib.common.rest_client [req-2fccfda4-e7ae-4d5e-9aad-41f1ac905ebe req-2fccfda4-e7ae-4d5e-9aad-41f1ac905ebe ] Request (ServersWithSpecificFlavorTestJSON:test_verify_created_server_ephemeral_disk): 200 GET http://10.180.1.21/compute/v2.1/servers/84d866bc-4ffb-4f40-8412-ce246c570ead 0.334s
2025-12-09 06:21:58.031 66749 INFO tempest.lib.common.rest_client [req-ad3eece5-a037-4f56-9ff7-93116157fa06 req-ad3eece5-a037-4f56-9ff7-93116157fa06 ] Request (ServersAdminNegativeTestJSON:tearDownClass): 200 GET http://10.180.1.21/compute/v2.1/servers/2641d7dd-5ada-4b70-b2cd-9e412ff83b34 0.302s
2025-12-09 06:21:58.057 66725 INFO tempest.lib.common.rest_client [req-1467f143-9dcc-4d6e-9a36-80295217b4d3 req-1467f143-9dcc-4d6e-9a36-80295217b4d3 ] Request (ServersNegativeTestJSON:setUp): 200 GET http://10.180.1.21/compute/v2.1/servers/26fec902-f263-457b-bbcc-b8881f17174d 0.348s
2025-12-09 06:21:58.113 66725 INFO tempest.lib.common.rest_client [req-afcb4e21-52e3-4281-8a4e-6cf7caa47ede req-afcb4e21-52e3-4281-8a4e-6cf7caa47ede ] Request (ServersNegativeTestJSON:test_invalid_ip_v6_address): 201 POST http://10.180.1.21/identity/v3/auth/tokens 0.043s
2025-12-09 06:21:58.113 66725 INFO tempest.lib.common.fixed_network [-] (ServersNegativeTestJSON:test_invalid_ip_v6_address) Found network {'id': '460d3bde-5b78-4bcf-9eaa-eda085c75c21', 'name': 'tempest-ServersNegativeTestJSON-115365025-network', 'tenant_id': '141ee87e5e9b45ef873e7c67285b11ec', 'project_id': '141ee87e5e9b45ef873e7c67285b11ec', 'admin_state_up': True, 'mtu': 8950, 'status': 'ACTIVE', 'subnets': [], 'shared': False, 'port_security_enabled': True, 'router:external': False, 'provider:network_type': 'vlan', 'provider:physical_network': 'default', 'provider:segmentation_id': 390, 'availability_zone_hints': [], 'availability_zones': [], 'ipv4_address_scope': None, 'ipv6_address_scope': None, 'description': '', 'tags': [], 'created_at': '2025-12-09T06:19:04Z', 'updated_at': '2025-12-09T06:19:04Z', 'revision_number': 1} available for tenant
2025-12-09 06:21:58.154 66771 INFO tempest.lib.common.rest_client [req-cbd57cec-7ecc-4493-8761-6d022ad1a93b req-cbd57cec-7ecc-4493-8761-6d022ad1a93b ] Request (ServerAddressesTestJSON:setUpClass): 200 GET http://10.180.1.21/compute/v2.1/servers/aa7bfb12-b46e-4b70-8b2c-6738343f146f 0.328s
2025-12-09 06:21:58.183 66751 INFO tempest.lib.common.rest_client [req-c171de07-248b-45ba-95bb-dfe01373495b req-c171de07-248b-45ba-95bb-dfe01373495b ] Request (MigrationsAdminTest:test_resize_server_revert_deleted_flavor): 200 GET http://10.180.1.21/compute/v2.1/servers/ab063d16-243e-4480-ae25-c53adf368520 0.431s
2025-12-09 06:21:58.220 66767 INFO tempest.lib.common.rest_client [req-647fceb2-0728-48b9-a019-b60c41aaaaf5 req-647fceb2-0728-48b9-a019-b60c41aaaaf5 ] Request (ListImageFiltersTestJSON:tearDownClass): 200 GET http://10.180.1.21/compute/v2.1/servers/fe9250fe-c61e-4a51-9aec-01b6c1a05602 0.282s
2025-12-09 06:21:58.240 66743 INFO tempest.lib.common.rest_client [req-e0e803a0-bdb6-44a0-81ac-ef8770904b8c req-e0e803a0-bdb6-44a0-81ac-ef8770904b8c ] Request (ImagesOneServerNegativeTestJSON:setUpClass): 200 GET http://10.180.1.21/compute/v2.1/servers/8f0bb16d-46aa-4f23-927e-c6d1990f7d28 0.245s
2025-12-09 06:21:58.246 66725 INFO tempest.lib.common.rest_client [req-4ccd2d31-8f17-4f60-b06c-baaf72e6b31c req-4ccd2d31-8f17-4f60-b06c-baaf72e6b31c ] Request (ServersNegativeTestJSON:test_invalid_ip_v6_address): 400 POST http://10.180.1.21/compute/v2.1/servers 0.132s
2025-12-09 06:21:58.270 66745 INFO tempest.lib.common.rest_client [req-7d6a0fe3-7c6d-457b-90d9-9b39177bb22e req-7d6a0fe3-7c6d-457b-90d9-9b39177bb22e ] Request (ServerDiskConfigTestJSON:test_rebuild_server_with_auto_disk_config): 200 GET http://10.180.1.21/compute/v2.1/servers/0d8a9b48-e937-4a15-8567-192aa4637ca2 0.189s
2025-12-09 06:21:58.304 66723 INFO tempest.lib.common.rest_client [req-581413a0-2347-45b5-b662-7b7561a9b560 req-581413a0-2347-45b5-b662-7b7561a9b560 ] Request (ServerActionsTestOtherA:_run_cleanups): 200 GET http://10.180.1.21/compute/v2.1/servers/d0389f66-b3cf-48aa-bb27-59152d83066a 0.129s
2025-12-09 06:21:58.319 66763 INFO tempest.lib.common.rest_client [req-fff0db41-8057-4a28-8bed-5dfa85c6d674 req-fff0db41-8057-4a28-8bed-5dfa85c6d674 ] Request (DeleteServersTestJSON:test_delete_active_server): 200 GET http://10.180.1.21/compute/v2.1/servers/9caa8091-b2ff-46e6-b3dd-a7fe626434ec 0.090s
2025-12-09 06:21:58.446 66725 INFO tempest.lib.common.rest_client [req-4e6371a3-e1f7-4c4f-908f-6dee40247de1 req-4e6371a3-e1f7-4c4f-908f-6dee40247de1 ] Request (ServersNegativeTestJSON:tearDown): 200 GET http://10.180.1.21/compute/v2.1/servers/26fec902-f263-457b-bbcc-b8881f17174d 0.199s
2025-12-09 06:21:58.467 66754 INFO tempest.lib.common.rest_client [req-1f4847c9-0b1b-471e-a154-c994c89b5a87 req-1f4847c9-0b1b-471e-a154-c994c89b5a87 ] Request (ServerActionsTestOtherB:setUpClass): 200 GET http://10.180.1.21/compute/v2.1/servers/4fee822f-7286-4337-ae97-a1dff697afe7 0.177s
2025-12-09 06:21:58.475 66754 INFO tempest.common.waiters [-] State transition "BUILD/networking" ==> "BUILD/block_device_mapping" after 46 second wait
2025-12-09 06:21:58.541 66755 INFO tempest.lib.common.rest_client [req-0fad3037-51b6-4548-8cfe-f298b179a376 req-0fad3037-51b6-4548-8cfe-f298b179a376 ] Request (ServerActionsV293TestJSON:setUpClass): 200 GET http://10.180.1.21/compute/v2.1/servers/086625ac-0dff-436a-abcc-26e4693fa164 0.149s
2025-12-09 06:21:58.560 66727 INFO tempest.lib.common.rest_client [req-9a7f42d0-673b-491a-9fc1-79e854a67253 req-9a7f42d0-673b-491a-9fc1-79e854a67253 ] Request (ServersTestJSON:_run_cleanups): 200 GET http://10.180.1.21/compute/v2.1/servers/f7f07cce-fd0f-4c9a-9e88-0589fb035992 0.225s
2025-12-09 06:21:58.620 66715 INFO tempest.lib.common.rest_client [req-27992c4b-e489-405b-b8bb-e07902ce8422 req-27992c4b-e489-405b-b8bb-e07902ce8422 ] Request (InstanceActionsNegativeTestJSON:tearDownClass): 200 GET http://10.180.1.21/compute/v2.1/servers/676ea782-828b-4154-8055-537bebd01b9e 0.171s
2025-12-09 06:21:58.644 66721 INFO tempest.lib.common.rest_client [req-df499186-e4e1-4125-8f1b-c7b0e6e09ce2 req-df499186-e4e1-4125-8f1b-c7b0e6e09ce2 ] Request (SecurityGroupsTestJSON:test_server_security_groups): 200 GET http://10.180.1.21/compute/v2.1/servers/7698df95-a58d-4273-9b02-92ddb5ba22a5 0.231s
2025-12-09 06:21:58.703 66775 INFO tempest.lib.common.rest_client [req-aadb4b22-40b0-4717-ac9a-5d3831b43c54 req-aadb4b22-40b0-4717-ac9a-5d3831b43c54 ] Request (ServersTestBootFromVolume:tearDownClass): 200 GET http://10.180.1.21/compute/v2.1/servers/85e8a541-8327-4d50-b213-1d753c7cc37a 0.220s
2025-12-09 06:21:58.727 66725 INFO tempest.lib.common.rest_client [req-5d65ea33-a064-4beb-b435-4073fe138194 req-5d65ea33-a064-4beb-b435-4073fe138194 ] Request (ServersNegativeTestJSON:setUp): 200 GET http://10.180.1.21/compute/v2.1/servers/26fec902-f263-457b-bbcc-b8881f17174d 0.270s
2025-12-09 06:21:58.786 66737 INFO tempest.lib.common.rest_client [req-a8158af8-5ffb-4cb3-be14-3deb6b545b08 req-a8158af8-5ffb-4cb3-be14-3deb6b545b08 ] Request (ListServersNegativeTestJSON:tearDownClass): 200 GET http://10.180.1.21/compute/v2.1/servers/fbe765d1-bdd6-4bd1-bf10-2fdddd73d41f 0.274s
2025-12-09 06:21:58.801 66735 INFO tempest.lib.common.rest_client [req-db753ea6-8986-4d77-bd13-61d4d1348f03 req-db753ea6-8986-4d77-bd13-61d4d1348f03 ] Request (ServersTestFqdnHostnames:test_create_server_with_fqdn_name): 200 GET http://10.180.1.21/compute/v2.1/servers/efe87f71-1848-4f96-a1a4-6d76ffd95360 0.236s
2025-12-09 06:21:59.051 66730 INFO tempest.lib.common.rest_client [req-b770d749-a4d3-439e-a68b-9b1c42302744 req-b770d749-a4d3-439e-a68b-9b1c42302744 ] Request (ServerMetadataTestJSON:tearDownClass): 200 GET http://10.180.1.21/compute/v2.1/servers/ec0375cf-515b-4528-b367-071babf1fa85 0.470s
2025-12-09 06:21:59.070 66741 INFO tempest.lib.common.rest_client [req-85ce085b-4fd7-4cb0-9aed-b56620558098 req-85ce085b-4fd7-4cb0-9aed-b56620558098 ] Request (ImagesTestJSON:test_create_image_from_stopped_server): 200 GET http://10.180.1.21/compute/v2.1/servers/eac98a81-72eb-4ab0-ad60-f3d41959ce60 0.404s
2025-12-09 06:21:59.090 66725 INFO tempest.lib.common.rest_client [req-33b0d72d-ff37-49c2-b1ee-3c4dae62d5ae req-33b0d72d-ff37-49c2-b1ee-3c4dae62d5ae ] Request (ServersNegativeTestJSON:test_reboot_deleted_server): 404 POST http://10.180.1.21/compute/v2.1/servers/d77862c7-486e-4945-b585-50eea8e6b891/action 0.355s
2025-12-09 06:21:59.123 66731 INFO tempest.lib.common.rest_client [req-8740ddc0-2845-4e34-b448-de4953b32d93 req-8740ddc0-2845-4e34-b448-de4953b32d93 ] Request (ServersAdminTestJSON:test_create_server_with_scheduling_hint): 200 GET http://10.180.1.21/compute/v2.1/servers/63ec2b80-4dfc-491b-94d8-968515b16ece 0.394s
2025-12-09 06:21:59.177 66765 INFO tempest.lib.common.rest_client [req-16d2d80c-1145-497c-81d5-e42806adedeb req-16d2d80c-1145-497c-81d5-e42806adedeb ] Request (ServersTestMultiNic:test_verify_duplicate_network_nics): 200 GET http://10.180.1.21/compute/v2.1/servers/dccedb85-6e69-46ae-b3f5-b49eb533b385 0.392s
2025-12-09 06:21:59.189 66739 INFO tempest.lib.common.rest_client [req-a2592386-6789-4a56-bad4-9570ef756097 req-a2592386-6789-4a56-bad4-9570ef756097 ] Request (MultipleCreateTestJSON:test_multiple_create_with_reservation_return): 200 GET http://10.180.1.21/compute/v2.1/servers/b4747d6c-309d-4e07-9f47-a3271f9bd62e 0.378s
2025-12-09 06:21:59.429 66747 INFO tempest.lib.common.rest_client [req-0a5b2a45-c851-478b-8a83-9efb309f124e req-0a5b2a45-c851-478b-8a83-9efb309f124e ] Request (ServersListShow2100Test:tearDownClass): 200 GET http://10.180.1.21/compute/v2.1/servers/96178865-200a-4e82-b11f-bdd258b3c4cf 0.485s
2025-12-09 06:21:59.444 66719 INFO tempest.lib.common.rest_client [req-d76b5a5b-722a-411f-b115-8378c312265a req-d76b5a5b-722a-411f-b115-8378c312265a ] Request (ServersWithSpecificFlavorTestJSON:test_verify_created_server_ephemeral_disk): 200 GET http://10.180.1.21/compute/v2.1/servers/84d866bc-4ffb-4f40-8412-ce246c570ead 0.469s
2025-12-09 06:21:59.487 66749 INFO tempest.lib.common.rest_client [req-998249d5-6b7c-4c80-aa3d-4a59865f7b9a req-998249d5-6b7c-4c80-aa3d-4a59865f7b9a ] Request (ServersAdminNegativeTestJSON:tearDownClass): 200 GET http://10.180.1.21/compute/v2.1/servers/2641d7dd-5ada-4b70-b2cd-9e412ff83b34 0.448s
