2025-12-09 06:22:45.357 66751 INFO tempest.lib.common.rest_client [req-0d204597-0161-441e-979a-1bd532535ac2 req-0d204597-0161-441e-979a-1bd532535ac2 ] Request (MigrationsAdminTest:test_resize_server_revert_deleted_flavor): 200 GET http://10.180.1.21/compute/v2.1/servers/ab063d16-243e-4480-ae25-c53adf368520 0.108s
2025-12-09 06:22:45.374 66721 INFO tempest.lib.common.rest_client [req-9583f3a3-36a3-4de9-b2cb-95fa3dcf27a1 req-9583f3a3-36a3-4de9-b2cb-95fa3dcf27a1 ] Request (SecurityGroupsTestJSON:test_server_security_groups): 200 GET http://10.180.1.21/compute/v2.1/servers/7698df95-a58d-4273-9b02-92ddb5ba22a5 0.093s
2025-12-09 06:22:45.419 66741 INFO tempest.lib.common.rest_client [req-ab86271d-78fd-4b56-afa1-4dd496758ca8 req-ab86271d-78fd-4b56-afa1-4dd496758ca8 ] Request (ImagesTestJSON:test_create_image_from_stopped_server): 200 GET http://10.180.1.21/compute/v2.1/servers/eac98a81-72eb-4ab0-ad60-f3d41959ce60 0.083s
2025-12-09 06:22:45.539 66725 INFO tempest.lib.common.rest_client [req-204d8817-d678-4dc9-98ee-6a3262dd02ce req-204d8817-d678-4dc9-98ee-6a3262dd02ce ] Request (ServersNegativeTestJSON:tearDown): 200 GET http://10.180.1.21/compute/v2.1/servers/26fec902-f263-457b-bbcc-b8881f17174d 0.170s
2025-12-09 06:22:45.612 66731 INFO tempest.lib.common.rest_client [req-81e0f655-99db-4b5f-9686-0bb6f13b9873 req-81e0f655-99db-4b5f-9686-0bb6f13b9873 ] Request (ServersAdminTestJSON:test_create_server_with_scheduling_hint): 200 GET http://10.180.1.21/compute/v2.1/servers/63ec2b80-4dfc-491b-94d8-968515b16ece 0.230s
2025-12-09 06:22:45.712 66715 INFO tempest.lib.common.rest_client [req-7e825a80-4f85-4f86-9cf0-375f42b4f3c7 req-7e825a80-4f85-4f86-9cf0-375f42b4f3c7 ] Request (ServerGroupTestJSON:test_create_server_with_scheduler_hint_group): 200 GET http://10.180.1.21/compute/v2.1/servers/bcbfcc4f-0a19-4075-ac86-369e6ab58f41 0.276s
2025-12-09 06:22:45.770 66727 INFO tempest.lib.common.rest_client [req-a6f5fd4a-dce6-4ae9-ae81-06110ca93e39 req-a6f5fd4a-dce6-4ae9-ae81-06110ca93e39 ] Request (ServersTestJSON:test_create_with_existing_server_name): 202 POST http://10.180.1.21/compute/v2.1/servers 0.431s
2025-12-09 06:22:45.775 66723 INFO tempest.lib.common.rest_client [req-83184574-1393-42eb-9bbf-83540b827a79 req-83184574-1393-42eb-9bbf-83540b827a79 ] Request (ServerActionsTestOtherA:test_rebuild_server_with_volume_attached): 200 GET http://10.180.1.21/compute/v2.1/servers/a2bbedce-654e-485b-8f1d-11d203c0a531 0.282s
2025-12-09 06:22:45.877 66763 INFO tempest.lib.common.rest_client [req-e94d8c50-6abd-44ba-b8f1-0c7d99fc14ad req-e94d8c50-6abd-44ba-b8f1-0c7d99fc14ad ] Request (DeleteServersTestJSON:test_delete_active_server): 200 GET http://10.180.1.21/compute/v2.1/servers/9caa8091-b2ff-46e6-b3dd-a7fe626434ec 0.315s
2025-12-09 06:22:45.911 66745 INFO tempest.lib.common.rest_client [req-333752fe-ddab-4819-ae38-c7da08ddace8 req-333752fe-ddab-4819-ae38-c7da08ddace8 ] Request (ServerDiskConfigTestJSON:test_rebuild_server_with_auto_disk_config): 200 GET http://10.180.1.21/compute/v2.1/servers/0d8a9b48-e937-4a15-8567-192aa4637ca2 0.385s
2025-12-09 06:22:45.973 66771 INFO tempest.lib.common.rest_client [req-ffb9f4f7-1412-4577-bf1c-ad21d0fddb1f req-ffb9f4f7-1412-4577-bf1c-ad21d0fddb1f ] Request (ServerAddressesTestJSON:tearDownClass): 200 GET http://10.180.1.21/compute/v2.1/servers/aa7bfb12-b46e-4b70-8b2c-6738343f146f 0.363s
2025-12-09 06:22:45.980 66749 INFO tempest.lib.common.rest_client [req-4285780a-f434-446a-8ae3-fa65fb72db6e req-4285780a-f434-446a-8ae3-fa65fb72db6e ] Request (SecurityGroupsNegativeTestJSON:setUpClass): 201 POST http://10.180.1.21/networking/v2.0/routers 0.766s
2025-12-09 06:22:45.989 66739 INFO tempest.lib.common.rest_client [req-f8ab7d72-e4a0-4d0b-86c5-5116272cfd10 req-f8ab7d72-e4a0-4d0b-86c5-5116272cfd10 ] Request (MultipleCreateTestJSON:tearDownClass): 200 GET http://10.180.1.21/compute/v2.1/servers/bd4b24ec-af53-447a-8f8c-a4d2eea7cdbf 0.294s
2025-12-09 06:22:46.031 66727 INFO tempest.lib.common.rest_client [req-7e298df2-4516-42d1-9380-d915fe276693 req-7e298df2-4516-42d1-9380-d915fe276693 ] Request (ServersTestJSON:test_create_with_existing_server_name): 200 GET http://10.180.1.21/compute/v2.1/servers/507cd32d-1b7f-4a1c-b607-031f6fd4a85a 0.259s
2025-12-09 06:22:46.094 66743 INFO tempest.lib.common.rest_client [req-1d893e1d-46e0-4672-91f4-3a90ef738a37 req-1d893e1d-46e0-4672-91f4-3a90ef738a37 ] Request (ImagesOneServerNegativeTestJSON:tearDown): 200 GET http://10.180.1.21/compute/v2.1/servers/8f0bb16d-46aa-4f23-927e-c6d1990f7d28 0.390s
2025-12-09 06:22:46.112 66765 INFO tempest.lib.common.rest_client [req-e71ba678-8db9-47c9-8dd8-14d0e6e8ee3e req-e71ba678-8db9-47c9-8dd8-14d0e6e8ee3e ] Request (ServersTestMultiNic:_run_cleanups): 200 GET http://10.180.1.21/compute/v2.1/servers/dccedb85-6e69-46ae-b3f5-b49eb533b385 0.220s
2025-12-09 06:22:46.158 66767 INFO tempest.lib.common.rest_client [req-3f0b71e1-c923-43d6-9fcb-14fc61d1786b req-3f0b71e1-c923-43d6-9fcb-14fc61d1786b ] Request (ListImageFiltersTestJSON:tearDownClass): 200 GET http://10.180.1.21/compute/v2.1/servers/5712df75-5249-4549-a066-b91095c0a285 0.195s
2025-12-09 06:22:46.218 66737 INFO tempest.lib.common.rest_client [req-511e3f8f-b2ec-49c6-962a-f02139512dd5 req-511e3f8f-b2ec-49c6-962a-f02139512dd5 ] Request (ServersListShow298Test:test_list_show_update_rebuild_server_298): 200 GET http://10.180.1.21/compute/v2.1/servers/61121f95-80bc-49c3-bd2f-51b3d4c32c70 0.069s
2025-12-09 06:22:46.235 66737 INFO tempest.common.waiters [-] State transition "BUILD/scheduling" ==> "BUILD/None" after 2 second wait
2025-12-09 06:22:46.242 66755 INFO tempest.lib.common.rest_client [req-157baa70-1196-4413-986b-b04493327462 req-157baa70-1196-4413-986b-b04493327462 ] Request (ServerActionsV293TestJSON:setUpClass): 200 GET http://10.180.1.21/compute/v2.1/servers/086625ac-0dff-436a-abcc-26e4693fa164 0.064s
2025-12-09 06:22:46.477 66721 INFO tempest.lib.common.rest_client [req-4eb47408-f801-4655-b674-a0ff4b0f5da5 req-4eb47408-f801-4655-b674-a0ff4b0f5da5 ] Request (SecurityGroupsTestJSON:test_server_security_groups): 200 GET http://10.180.1.21/compute/v2.1/servers/7698df95-a58d-4273-9b02-92ddb5ba22a5 0.096s
2025-12-09 06:22:46.507 66751 INFO tempest.lib.common.rest_client [req-367b7135-3135-44c0-b978-d20dd311b1f1 req-367b7135-3135-44c0-b978-d20dd311b1f1 ] Request (MigrationsAdminTest:test_resize_server_revert_deleted_flavor): 200 GET http://10.180.1.21/compute/v2.1/servers/ab063d16-243e-4480-ae25-c53adf368520 0.138s
2025-12-09 06:22:46.534 66741 INFO tempest.lib.common.rest_client [req-2c93c333-d232-4d63-a11c-ad5dada40eb5 req-2c93c333-d232-4d63-a11c-ad5dada40eb5 ] Request (ImagesTestJSON:test_create_image_from_stopped_server): 200 GET http://10.180.1.21/compute/v2.1/servers/eac98a81-72eb-4ab0-ad60-f3d41959ce60 0.108s
2025-12-09 06:22:46.645 66725 INFO tempest.lib.common.rest_client [req-2a1eb3e7-2cad-4c31-9602-5d26826574b3 req-2a1eb3e7-2cad-4c31-9602-5d26826574b3 ] Request (ServersNegativeTestJSON:tearDown): 200 GET http://10.180.1.21/compute/v2.1/servers/26fec902-f263-457b-bbcc-b8881f17174d 0.098s
2025-12-09 06:22:46.687 66731 INFO tempest.lib.common.rest_client [req-2bc2f8d8-7598-47a5-a447-27bbae7e3da4 req-2bc2f8d8-7598-47a5-a447-27bbae7e3da4 ] Request (ServersAdminTestJSON:test_create_server_with_scheduling_hint): 200 GET http://10.180.1.21/compute/v2.1/servers/63ec2b80-4dfc-491b-94d8-968515b16ece 0.061s
2025-12-09 06:22:46.779 66715 INFO tempest.lib.common.rest_client [req-f086e2c1-4b88-454e-8d9c-d2d32dba75b8 req-f086e2c1-4b88-454e-8d9c-d2d32dba75b8 ] Request (ServerGroupTestJSON:test_create_server_with_scheduler_hint_group): 200 GET http://10.180.1.21/compute/v2.1/servers/bcbfcc4f-0a19-4075-ac86-369e6ab58f41 0.059s
2025-12-09 06:22:46.812 66749 INFO tempest.lib.common.rest_client [req-e65c0860-2e54-4bcb-9a6b-19ecc632ad8e req-e65c0860-2e54-4bcb-9a6b-19ecc632ad8e ] Request (SecurityGroupsNegativeTestJSON:setUpClass): 200 PUT http://10.180.1.21/networking/v2.0/routers/20de1499-12d1-4ed3-9797-87817f6251dd/add_router_interface 0.832s
2025-12-09 06:22:46.813 66749 INFO tempest.lib.common.dynamic_creds [-] Created isolated network resources for: credentials: Credentials: {'domain_id': 'default', 'domain_name': 'Default', 'username': 'tempest-SecurityGroupsNegativeTestJSON-984962105-project-member', 'project_domain_id': 'default', 'project_domain_name': 'Default', 'project_id': '154e9fc177b64502b311e34b5a285c64', 'project_name': 'tempest-SecurityGroupsNegativeTestJSON-984962105', 'tenant_id': '154e9fc177b64502b311e34b5a285c64', 'tenant_name': 'tempest-SecurityGroupsNegativeTestJSON-984962105', 'user_domain_id': 'default', 'user_domain_name': 'Default', 'user_id': '9cf2146e4ada43e4a5a80207252b8917', 'system': None}, Network: {'id': '232d481e-8efe-476a-975d-92b1836dc945', 'name': 'tempest-SecurityGroupsNegativeTestJSON-871783989-network', 'tenant_id': '154e9fc177b64502b311e34b5a285c64', 'project_id': '154e9fc177b64502b311e34b5a285c64', 'admin_state_up': True, 'mtu': 8950, 'status': 'ACTIVE', 'subnets': [], 'shared': False, 'port_security_enabled': True, 'router:external': False, 'provider:network_type': 'vlan', 'provider:physical_network': 'default', 'provider:segmentation_id': 740, 'availability_zone_hints': [], 'availability_zones': [], 'ipv4_address_scope': None, 'ipv6_address_scope': None, 'description': '', 'tags': [], 'created_at': '2025-12-09T06:22:44Z', 'updated_at': '2025-12-09T06:22:44Z', 'revision_number': 1}, Subnet: {'id': 'a079e7fb-8553-48fa-a90c-06b9e413b2dc', 'name': 'tempest-SecurityGroupsNegativeTestJSON-871783989-subnet', 'tenant_id': '154e9fc177b64502b311e34b5a285c64', 'network_id': '232d481e-8efe-476a-975d-92b1836dc945', 'ip_version': 4, 'subnetpool_id': None, 'enable_dhcp': True, 'ipv6_ra_mode': None, 'ipv6_address_mode': None, 'gateway_ip': '192.168.128.1', 'cidr': '192.168.128.0/28', 'allocation_pools': [{'start': '192.168.128.2', 'end': '192.168.128.14'}], 'host_routes': [], 'dns_nameservers': [], 'description': '', 'router:external': False, 'service_types': [], 'tags': [], 'created_at': '2025-12-09T06:22:45Z', 'updated_at': '2025-12-09T06:22:45Z', 'revision_number': 0, 'project_id': '154e9fc177b64502b311e34b5a285c64'}, Router: {'id': '20de1499-12d1-4ed3-9797-87817f6251dd', 'name': 'tempest-SecurityGroupsNegativeTestJSON-871783989-router', 'tenant_id': '154e9fc177b64502b311e34b5a285c64', 'admin_state_up': True, 'status': 'ACTIVE', 'external_gateway_info': {'network_id': '94b11daa-471e-4ea7-a892-0c2bfd238115', 'external_fixed_ips': [{'subnet_id': '2c9220be-15b0-4143-9202-f4d3c201ed14', 'ip_address': '10.180.180.249'}], 'enable_snat': True}, 'description': '', 'availability_zones': [], 'distributed': False, 'ha': False, 'availability_zone_hints': [], 'routes': [], 'flavor_id': None, 'tags': [], 'created_at': '2025-12-09T06:22:45Z', 'updated_at': '2025-12-09T06:22:45Z', 'revision_number': 2, 'project_id': '154e9fc177b64502b311e34b5a285c64'}
2025-12-09 06:22:46.841 66723 INFO tempest.lib.common.rest_client [req-392fc794-3146-4aca-8c25-31735948836e req-392fc794-3146-4aca-8c25-31735948836e ] Request (ServerActionsTestOtherA:test_rebuild_server_with_volume_attached): 200 GET http://10.180.1.21/compute/v2.1/servers/a2bbedce-654e-485b-8f1d-11d203c0a531 0.056s
2025-12-09 06:22:46.913 66749 INFO tempest.lib.common.rest_client [req-b3da3b72-1a78-45de-b5b2-04d7a5e54839 req-b3da3b72-1a78-45de-b5b2-04d7a5e54839 ] Request (SecurityGroupsNegativeTestJSON:setUpClass): 201 POST http://10.180.1.21/identity/v3/auth/tokens 0.098s
2025-12-09 06:22:46.970 66763 INFO tempest.lib.common.rest_client [req-76dc77af-92da-45b6-8f44-9b760972cb07 req-76dc77af-92da-45b6-8f44-9b760972cb07 ] Request (DeleteServersTestJSON:test_delete_active_server): 200 GET http://10.180.1.21/compute/v2.1/servers/9caa8091-b2ff-46e6-b3dd-a7fe626434ec 0.078s
2025-12-09 06:22:47.030 66749 INFO tempest.lib.common.rest_client [req-82067d41-0767-43b6-8d6e-67e4f25212c6 req-82067d41-0767-43b6-8d6e-67e4f25212c6 ] Request (SecurityGroupsNegativeTestJSON:test_delete_nonexistent_security_group): 404 DELETE http://10.180.1.21/compute/v2.1/os-security-groups/32095c9a-a83b-4707-b8d9-f24be93fe481 0.115s
2025-12-09 06:22:47.081 66745 INFO tempest.lib.common.rest_client [req-a5a9e623-51b5-448b-9f2c-559a7c70fcea req-a5a9e623-51b5-448b-9f2c-559a7c70fcea ] Request (ServerDiskConfigTestJSON:test_rebuild_server_with_auto_disk_config): 200 GET http://10.180.1.21/compute/v2.1/servers/0d8a9b48-e937-4a15-8567-192aa4637ca2 0.161s
2025-12-09 06:22:47.088 66745 INFO tempest.common.waiters [-] State transition "BUILD/spawning" ==> "ACTIVE/None" after 66 second wait
2025-12-09 06:22:47.097 66771 INFO tempest.lib.common.rest_client [req-241028e2-e4ff-4b22-8085-9d95ce53143c req-241028e2-e4ff-4b22-8085-9d95ce53143c ] Request (ServerAddressesTestJSON:tearDownClass): 200 GET http://10.180.1.21/compute/v2.1/servers/aa7bfb12-b46e-4b70-8b2c-6738343f146f 0.113s
2025-12-09 06:22:47.100 66749 INFO tempest.lib.common.rest_client [req-e69ac643-f896-4f10-8c06-86ef3e881852 req-e69ac643-f896-4f10-8c06-86ef3e881852 ] Request (SecurityGroupsNegativeTestJSON:test_delete_security_group_without_passing_id): 404 DELETE http://10.180.1.21/compute/v2.1/os-security-groups/ 0.068s
2025-12-09 06:22:47.140 66739 INFO tempest.lib.common.rest_client [req-6168b503-c518-4f02-b052-7a235f99ac27 req-6168b503-c518-4f02-b052-7a235f99ac27 ] Request (MultipleCreateTestJSON:tearDownClass): 200 GET http://10.180.1.21/compute/v2.1/servers/bd4b24ec-af53-447a-8f8c-a4d2eea7cdbf 0.142s
2025-12-09 06:22:47.150 66727 INFO tempest.lib.common.rest_client [req-30c5a233-56de-4784-8ef4-213faa3c9e1e req-30c5a233-56de-4784-8ef4-213faa3c9e1e ] Request (ServersTestJSON:test_create_with_existing_server_name): 200 GET http://10.180.1.21/compute/v2.1/servers/507cd32d-1b7f-4a1c-b607-031f6fd4a85a 0.111s
2025-12-09 06:22:47.157 66727 INFO tempest.common.waiters [-] State transition "BUILD/scheduling" ==> "BUILD/None" after 1 second wait
2025-12-09 06:22:47.230 66745 INFO tempest.lib.common.rest_client [req-6c035885-5dc3-4cf2-9c3a-e5225b4469bf req-6c035885-5dc3-4cf2-9c3a-e5225b4469bf ] Request (ServerDiskConfigTestJSON:test_rebuild_server_with_auto_disk_config): 200 GET http://10.180.1.21/compute/v2.1/servers/0d8a9b48-e937-4a15-8567-192aa4637ca2 0.142s
2025-12-09 06:22:47.243 66749 INFO tempest.lib.common.rest_client [req-0e3f1240-42f6-4c2e-bf1e-97ca6565d4ec req-0e3f1240-42f6-4c2e-bf1e-97ca6565d4ec ] Request (SecurityGroupsNegativeTestJSON:test_delete_the_default_security_group): 200 GET http://10.180.1.21/compute/v2.1/os-security-groups 0.142s
2025-12-09 06:22:47.303 66765 INFO tempest.lib.common.rest_client [req-ac4aa80e-f8b2-4879-a7d3-fde900c21513 req-ac4aa80e-f8b2-4879-a7d3-fde900c21513 ] Request (ServersTestMultiNic:_run_cleanups): 200 GET http://10.180.1.21/compute/v2.1/servers/dccedb85-6e69-46ae-b3f5-b49eb533b385 0.183s
2025-12-09 06:22:47.345 66743 INFO tempest.lib.common.rest_client [req-de82bf19-7b72-4736-a806-59861b55f5d1 req-de82bf19-7b72-4736-a806-59861b55f5d1 ] Request (ImagesOneServerNegativeTestJSON:tearDown): 200 GET http://10.180.1.21/compute/v2.1/servers/8f0bb16d-46aa-4f23-927e-c6d1990f7d28 0.241s
2025-12-09 06:22:47.352 66743 INFO tempest.common.waiters [-] State transition "ACTIVE/image_uploading" ==> "ACTIVE/None" after 7 second wait
2025-12-09 06:22:47.362 66767 INFO tempest.lib.common.rest_client [req-86c48b22-93d6-4f6e-99bf-0c65d83cf926 req-86c48b22-93d6-4f6e-99bf-0c65d83cf926 ] Request (ListImageFiltersTestJSON:tearDownClass): 200 GET http://10.180.1.21/compute/v2.1/servers/5712df75-5249-4549-a066-b91095c0a285 0.196s
2025-12-09 06:22:47.399 66737 INFO tempest.lib.common.rest_client [req-2e3a503d-b88e-4a98-8327-aa9a9ac17852 req-2e3a503d-b88e-4a98-8327-aa9a9ac17852 ] Request (ServersListShow298Test:test_list_show_update_rebuild_server_298): 200 GET http://10.180.1.21/compute/v2.1/servers/61121f95-80bc-49c3-bd2f-51b3d4c32c70 0.163s
2025-12-09 06:22:47.469 66749 INFO tempest.lib.common.rest_client [req-58ae46e1-6972-476f-b0d5-eb406ecad798 req-58ae46e1-6972-476f-b0d5-eb406ecad798 ] Request (SecurityGroupsNegativeTestJSON:test_delete_the_default_security_group): 400 DELETE http://10.180.1.21/compute/v2.1/os-security-groups/b9f7bbec-2ab1-4d9d-a0f6-2c4af1e146f8 0.223s
2025-12-09 06:22:47.498 66745 INFO tempest.lib.common.rest_client [req-22a15905-d42d-4dfb-bd74-74a672d6f7fc req-22a15905-d42d-4dfb-bd74-74a672d6f7fc ] Request (ServerDiskConfigTestJSON:test_rebuild_server_with_auto_disk_config): 202 POST http://10.180.1.21/compute/v2.1/servers/0d8a9b48-e937-4a15-8567-192aa4637ca2/action 0.260s
2025-12-09 06:22:47.502 66754 WARNING tempest.lib.common.ssh [-] Failed to establish authenticated ssh connection to cirros@10.180.180.162 ([Errno None] Unable to connect to port 22 on 10.180.180.162). Number attempts: 6. Retry after 7 seconds.: paramiko.ssh_exception.NoValidConnectionsError: [Errno None] Unable to connect to port 22 on 10.180.180.162
2025-12-09 06:22:47.535 66755 INFO tempest.lib.common.rest_client [req-b53216e9-b9a0-4c10-810b-f192aa7478d9 req-b53216e9-b9a0-4c10-810b-f192aa7478d9 ] Request (ServerActionsV293TestJSON:setUpClass): 200 GET http://10.180.1.21/compute/v2.1/servers/086625ac-0dff-436a-abcc-26e4693fa164 0.282s
2025-12-09 06:22:47.557 66749 INFO tempest.lib.common.rest_client [req-218a930c-159e-4330-8197-4555912a201a req-218a930c-159e-4330-8197-4555912a201a ] Request (SecurityGroupsNegativeTestJSON:test_security_group_get_nonexistent_group): 404 GET http://10.180.1.21/compute/v2.1/os-security-groups/85eaca1e-6509-424d-a6fa-e10f60555c32 0.085s
2025-12-09 06:22:47.578 66743 INFO tempest.lib.common.rest_client [req-75312a79-049d-4d5f-b0d8-e1dee9f5ab05 req-75312a79-049d-4d5f-b0d8-e1dee9f5ab05 ] Request (ImagesOneServerNegativeTestJSON:_run_cleanups): 204 DELETE http://10.180.1.21/compute/v2.1/servers/8f0bb16d-46aa-4f23-927e-c6d1990f7d28 0.225s
2025-12-09 06:22:47.589 66721 INFO tempest.lib.common.rest_client [req-2c31df39-4482-4ed1-b5cb-5717ce02b2a5 req-2c31df39-4482-4ed1-b5cb-5717ce02b2a5 ] Request (SecurityGroupsTestJSON:test_server_security_groups): 404 GET http://10.180.1.21/compute/v2.1/servers/7698df95-a58d-4273-9b02-92ddb5ba22a5 0.102s
2025-12-09 06:22:47.689 66745 INFO tempest.lib.common.rest_client [req-30dc488e-cdd4-40b4-808a-a41b360cae91 req-30dc488e-cdd4-40b4-808a-a41b360cae91 ] Request (ServerDiskConfigTestJSON:test_rebuild_server_with_auto_disk_config): 200 GET http://10.180.1.21/compute/v2.1/servers/0d8a9b48-e937-4a15-8567-192aa4637ca2 0.186s
2025-12-09 06:22:47.717 66751 INFO tempest.lib.common.rest_client [req-587fd929-d751-4dd8-ae5f-ebdf8dc1caab req-587fd929-d751-4dd8-ae5f-ebdf8dc1caab ] Request (MigrationsAdminTest:test_resize_server_revert_deleted_flavor): 200 GET http://10.180.1.21/compute/v2.1/servers/ab063d16-243e-4480-ae25-c53adf368520 0.200s
2025-12-09 06:22:47.729 66751 INFO tempest.common.waiters [-] State transition "RESIZE/resize_finish" ==> "VERIFY_RESIZE/None" after 55 second wait
2025-12-09 06:22:47.741 66749 INFO tempest.lib.common.rest_client [req-75429ddd-39cf-4ea2-9802-2d5323271afa req-75429ddd-39cf-4ea2-9802-2d5323271afa ] Request (SecurityGroupsNegativeTestJSON:test_update_non_existent_security_group): 404 PUT http://10.180.1.21/compute/v2.1/os-security-groups/9d055ac9-e4f1-40b5-a51c-a11ec2eeaabc 0.183s
2025-12-09 06:22:47.751 66741 INFO tempest.lib.common.rest_client [req-b1b14733-cc37-4982-9f4f-69b19274fce0 req-b1b14733-cc37-4982-9f4f-69b19274fce0 ] Request (ImagesTestJSON:test_create_image_from_stopped_server): 200 GET http://10.180.1.21/compute/v2.1/servers/eac98a81-72eb-4ab0-ad60-f3d41959ce60 0.202s
2025-12-09 06:22:47.822 66719 WARNING tempest.lib.common.ssh [-] Failed to establish authenticated ssh connection to cirros@10.180.180.146 ([Errno None] Unable to connect to port 22 on 10.180.180.146). Number attempts: 6. Retry after 7 seconds.: paramiko.ssh_exception.NoValidConnectionsError: [Errno None] Unable to connect to port 22 on 10.180.180.146
2025-12-09 06:22:47.887 66735 WARNING tempest.lib.common.ssh [-] Failed to establish authenticated ssh connection to cirros@10.180.180.217 ([Errno None] Unable to connect to port 22 on 10.180.180.217). Number attempts: 2. Retry after 3 seconds.: paramiko.ssh_exception.NoValidConnectionsError: [Errno None] Unable to connect to port 22 on 10.180.180.217
2025-12-09 06:22:47.926 66721 INFO tempest.lib.common.rest_client [req-ebd009b2-ec54-4378-ad8e-61bf0a951733 req-ebd009b2-ec54-4378-ad8e-61bf0a951733 ] Request (SecurityGroupsTestJSON:test_server_security_groups): 202 DELETE http://10.180.1.21/compute/v2.1/os-security-groups/8c0bf40a-cbd3-42c6-9eb7-b828bb181274 0.336s
2025-12-09 06:22:47.967 66743 INFO tempest.lib.common.rest_client [req-92148bf9-ad6a-46bf-8f1a-4198db0ae80d req-92148bf9-ad6a-46bf-8f1a-4198db0ae80d ] Request (ImagesOneServerNegativeTestJSON:_run_cleanups): 200 GET http://10.180.1.21/compute/v2.1/servers/8f0bb16d-46aa-4f23-927e-c6d1990f7d28 0.388s
2025-12-09 06:22:48.091 66731 INFO tempest.lib.common.rest_client [req-dc023261-d596-4eb1-9b28-1095e6403d54 req-dc023261-d596-4eb1-9b28-1095e6403d54 ] Request (ServersAdminTestJSON:test_create_server_with_scheduling_hint): 200 GET http://10.180.1.21/compute/v2.1/servers/63ec2b80-4dfc-491b-94d8-968515b16ece 0.396s
2025-12-09 06:22:48.117 66725 INFO tempest.lib.common.rest_client [req-813ef561-b4b9-4eb9-9643-5c3c3c2ba26d req-813ef561-b4b9-4eb9-9643-5c3c3c2ba26d ] Request (ServersNegativeTestJSON:tearDown): 200 GET http://10.180.1.21/compute/v2.1/servers/26fec902-f263-457b-bbcc-b8881f17174d 0.463s
2025-12-09 06:22:48.189 66715 INFO tempest.lib.common.rest_client [req-ab45042c-dec6-428f-b0ab-d828739e7b61 req-ab45042c-dec6-428f-b0ab-d828739e7b61 ] Request (ServerGroupTestJSON:test_create_server_with_scheduler_hint_group): 200 GET http://10.180.1.21/compute/v2.1/servers/bcbfcc4f-0a19-4075-ac86-369e6ab58f41 0.401s
2025-12-09 06:22:48.249 66723 INFO tempest.lib.common.rest_client [req-d78d27b1-1763-4888-8d13-bdc1d6023424 req-d78d27b1-1763-4888-8d13-bdc1d6023424 ] Request (ServerActionsTestOtherA:test_rebuild_server_with_volume_attached): 200 GET http://10.180.1.21/compute/v2.1/servers/a2bbedce-654e-485b-8f1d-11d203c0a531 0.398s
2025-12-09 06:22:48.256 66751 INFO tempest.lib.common.rest_client [req-a984f95c-7f06-486b-bd8e-6c0f88885653 req-a984f95c-7f06-486b-bd8e-6c0f88885653 ] Request (MigrationsAdminTest:test_resize_server_revert_deleted_flavor): 202 POST http://10.180.1.21/compute/v2.1/servers/ab063d16-243e-4480-ae25-c53adf368520/action 0.526s
2025-12-09 06:22:48.391 66721 INFO tempest.lib.common.rest_client [req-8ea4bc1f-b5f0-4530-9520-5cd768337205 req-8ea4bc1f-b5f0-4530-9520-5cd768337205 ] Request (SecurityGroupsTestJSON:test_server_security_groups): 202 DELETE http://10.180.1.21/compute/v2.1/os-security-groups/787fac65-f65c-45c4-82c4-913fbc6926e8 0.464s
2025-12-09 06:22:48.413 66763 INFO tempest.lib.common.rest_client [req-1dfe909b-182c-4960-a5a5-2e12a4743690 req-1dfe909b-182c-4960-a5a5-2e12a4743690 ] Request (DeleteServersTestJSON:test_delete_active_server): 200 GET http://10.180.1.21/compute/v2.1/servers/9caa8091-b2ff-46e6-b3dd-a7fe626434ec 0.434s
2025-12-09 06:22:48.466 66771 INFO tempest.lib.common.rest_client [req-b3a005fa-434d-45b6-84ef-342610eeaa0d req-b3a005fa-434d-45b6-84ef-342610eeaa0d ] Request (ServerAddressesTestJSON:tearDownClass): 200 GET http://10.180.1.21/compute/v2.1/servers/aa7bfb12-b46e-4b70-8b2c-6738343f146f 0.359s
2025-12-09 06:22:48.480 66739 INFO tempest.lib.common.rest_client [req-3acc3994-c2a2-4f19-8c4e-167fb93964d3 req-3acc3994-c2a2-4f19-8c4e-167fb93964d3 ] Request (MultipleCreateTestJSON:tearDownClass): 200 GET http://10.180.1.21/compute/v2.1/servers/bd4b24ec-af53-447a-8f8c-a4d2eea7cdbf 0.331s
2025-12-09 06:22:48.525 66727 INFO tempest.lib.common.rest_client [req-1560832a-3690-4517-9cda-22c13fd37885 req-1560832a-3690-4517-9cda-22c13fd37885 ] Request (ServersTestJSON:test_create_with_existing_server_name): 200 GET http://10.180.1.21/compute/v2.1/servers/507cd32d-1b7f-4a1c-b607-031f6fd4a85a 0.367s
2025-12-09 06:22:48.532 66749 INFO tempest.lib.common.rest_client [req-38e03e45-2336-46b3-82d1-fa7147e86924 req-38e03e45-2336-46b3-82d1-fa7147e86924 ] Request (SecurityGroupsNegativeTestJSON:tearDownClass): 200 PUT http://10.180.1.21/networking/v2.0/routers/20de1499-12d1-4ed3-9797-87817f6251dd/remove_router_interface 0.787s
2025-12-09 06:22:48.585 66751 INFO tempest.lib.common.rest_client [req-8963d413-6794-433b-a9f3-565b88e2f0d6 req-8963d413-6794-433b-a9f3-565b88e2f0d6 ] Request (MigrationsAdminTest:test_resize_server_revert_deleted_flavor): 200 GET http://10.180.1.21/compute/v2.1/servers/ab063d16-243e-4480-ae25-c53adf368520 0.329s
2025-12-09 06:22:48.600 66765 INFO tempest.lib.common.rest_client [req-a70876d4-7262-4d4a-8fc6-543cfc26c3e8 req-a70876d4-7262-4d4a-8fc6-543cfc26c3e8 ] Request (ServersTestMultiNic:_run_cleanups): 200 GET http://10.180.1.21/compute/v2.1/servers/dccedb85-6e69-46ae-b3f5-b49eb533b385 0.288s
2025-12-09 06:22:48.717 66721 INFO tempest.lib.common.rest_client [req-ee103910-927f-4270-8784-e3829f34bed0 req-ee103910-927f-4270-8784-e3829f34bed0 ] Request (SecurityGroupsTestJSON:test_update_security_groups): 200 POST http://10.180.1.21/compute/v2.1/os-security-groups 0.324s
2025-12-09 06:22:48.736 66767 INFO tempest.lib.common.rest_client [req-6b88a83a-a15a-46fc-b6d4-7e1713d293fc req-6b88a83a-a15a-46fc-b6d4-7e1713d293fc ] Request (ListImageFiltersTestJSON:tearDownClass): 200 GET http://10.180.1.21/compute/v2.1/servers/5712df75-5249-4549-a066-b91095c0a285 0.367s
2025-12-09 06:22:48.792 66737 INFO tempest.lib.common.rest_client [req-ab536ba9-1ac5-4f05-a1e5-af7e5ac3190f req-ab536ba9-1ac5-4f05-a1e5-af7e5ac3190f ] Request (ServersListShow298Test:test_list_show_update_rebuild_server_298): 200 GET http://10.180.1.21/compute/v2.1/servers/61121f95-80bc-49c3-bd2f-51b3d4c32c70 0.381s
2025-12-09 06:22:48.880 66755 INFO tempest.lib.common.rest_client [req-cd13b5ce-eaf7-4a40-accb-81da37d4f0a4 req-cd13b5ce-eaf7-4a40-accb-81da37d4f0a4 ] Request (ServerActionsV293TestJSON:setUpClass): 200 GET http://10.180.1.21/compute/v2.1/servers/086625ac-0dff-436a-abcc-26e4693fa164 0.332s
2025-12-09 06:22:48.941 66749 INFO tempest.lib.common.rest_client [req-1fc5f8a4-5f31-4a50-b037-d3b7342981be req-1fc5f8a4-5f31-4a50-b037-d3b7342981be ] Request (SecurityGroupsNegativeTestJSON:tearDownClass): 204 DELETE http://10.180.1.21/networking/v2.0/routers/20de1499-12d1-4ed3-9797-87817f6251dd 0.409s
2025-12-09 06:22:48.984 66745 INFO tempest.lib.common.rest_client [req-66ae9dae-ad66-4543-994c-ffff9c6c8e25 req-66ae9dae-ad66-4543-994c-ffff9c6c8e25 ] Request (ServerDiskConfigTestJSON:test_rebuild_server_with_auto_disk_config): 200 GET http://10.180.1.21/compute/v2.1/servers/0d8a9b48-e937-4a15-8567-192aa4637ca2 0.285s
2025-12-09 06:22:49.042 66721 INFO tempest.lib.common.rest_client [req-47afbff9-a89c-42ed-8944-2790a2eccea3 req-47afbff9-a89c-42ed-8944-2790a2eccea3 ] Request (SecurityGroupsTestJSON:test_update_security_groups): 200 PUT http://10.180.1.21/compute/v2.1/os-security-groups/ae821a54-932f-4e1a-97a5-75ea65be83a6 0.319s
2025-12-09 06:22:49.058 66741 INFO tempest.lib.common.rest_client [req-82928d66-db5c-483c-a158-8a7405309b32 req-82928d66-db5c-483c-a158-8a7405309b32 ] Request (ImagesTestJSON:test_create_image_from_stopped_server): 200 GET http://10.180.1.21/compute/v2.1/servers/eac98a81-72eb-4ab0-ad60-f3d41959ce60 0.299s
2025-12-09 06:22:49.088 66721 INFO tempest.lib.common.rest_client [req-c3ac99da-f6f3-466e-a0ed-77d7cc079dcb req-c3ac99da-f6f3-466e-a0ed-77d7cc079dcb ] Request (SecurityGroupsTestJSON:test_update_security_groups): 200 GET http://10.180.1.21/compute/v2.1/os-security-groups/ae821a54-932f-4e1a-97a5-75ea65be83a6 0.043s
2025-12-09 06:22:49.092 66749 INFO tempest.lib.common.rest_client [req-97ae414d-83fa-4042-9c40-8f15847f1a7a req-97ae414d-83fa-4042-9c40-8f15847f1a7a ] Request (SecurityGroupsNegativeTestJSON:tearDownClass): 204 DELETE http://10.180.1.21/networking/v2.0/subnets/a079e7fb-8553-48fa-a90c-06b9e413b2dc 0.151s
2025-12-09 06:22:49.189 66743 INFO tempest.lib.common.rest_client [req-aebd8a2d-d8e0-498a-a6f6-03ad5c5a8649 req-aebd8a2d-d8e0-498a-a6f6-03ad5c5a8649 ] Request (ImagesOneServerNegativeTestJSON:_run_cleanups): 200 GET http://10.180.1.21/compute/v2.1/servers/8f0bb16d-46aa-4f23-927e-c6d1990f7d28 0.214s
2025-12-09 06:22:49.259 66721 INFO tempest.lib.common.rest_client [req-b8a956d9-f2de-4cfb-974c-2fa34a5fad40 req-b8a956d9-f2de-4cfb-974c-2fa34a5fad40 ] Request (SecurityGroupsTestJSON:tearDownClass): 202 DELETE http://10.180.1.21/compute/v2.1/os-security-groups/ae821a54-932f-4e1a-97a5-75ea65be83a6 0.166s
2025-12-09 06:22:49.281 66731 INFO tempest.lib.common.rest_client [req-31035154-c714-4965-9d3b-a5ff4f73efc6 req-31035154-c714-4965-9d3b-a5ff4f73efc6 ] Request (ServersAdminTestJSON:test_create_server_with_scheduling_hint): 200 GET http://10.180.1.21/compute/v2.1/servers/63ec2b80-4dfc-491b-94d8-968515b16ece 0.176s
2025-12-09 06:22:49.338 66749 INFO tempest.lib.common.rest_client [req-671864ef-7f61-487b-8266-6b425a19114f req-671864ef-7f61-487b-8266-6b425a19114f ] Request (SecurityGroupsNegativeTestJSON:tearDownClass): 204 DELETE http://10.180.1.21/networking/v2.0/networks/232d481e-8efe-476a-975d-92b1836dc945 0.246s
2025-12-09 06:22:49.359 66715 INFO tempest.lib.common.rest_client [req-e651f166-a089-49f9-b116-b7dd7a92b72c req-e651f166-a089-49f9-b116-b7dd7a92b72c ] Request (ServerGroupTestJSON:test_create_server_with_scheduler_hint_group): 200 GET http://10.180.1.21/compute/v2.1/servers/bcbfcc4f-0a19-4075-ac86-369e6ab58f41 0.156s
2025-12-09 06:22:49.380 66725 INFO tempest.lib.common.rest_client [req-2574a9d1-868a-4d03-bb8a-67e317b561ab req-2574a9d1-868a-4d03-bb8a-67e317b561ab ] Request (ServersNegativeTestJSON:tearDown): 200 GET http://10.180.1.21/compute/v2.1/servers/26fec902-f263-457b-bbcc-b8881f17174d 0.253s
2025-12-09 06:22:49.380 66721 INFO tempest.lib.common.rest_client [req-bf6b55fc-0c02-452e-9635-d5ebdf57cae8 req-bf6b55fc-0c02-452e-9635-d5ebdf57cae8 ] Request (SecurityGroupsTestJSON:tearDownClass): 404 DELETE http://10.180.1.21/compute/v2.1/servers/7698df95-a58d-4273-9b02-92ddb5ba22a5 0.121s
2025-12-09 06:22:49.408 66721 INFO tempest.lib.common.rest_client [req-f64c0e5e-2f7d-46ff-9f50-80a9d3ce7ee8 req-f64c0e5e-2f7d-46ff-9f50-80a9d3ce7ee8 ] Request (SecurityGroupsTestJSON:tearDownClass): 404 GET http://10.180.1.21/compute/v2.1/servers/7698df95-a58d-4273-9b02-92ddb5ba22a5 0.027s
2025-12-09 06:22:49.430 66721 INFO tempest.lib.common.rest_client [req-6e4c0822-5d08-4fdc-9525-9ac24975c7d3 req-6e4c0822-5d08-4fdc-9525-9ac24975c7d3 ] Request (SecurityGroupsTestJSON:tearDownClass): 404 DELETE http://10.180.1.21/compute/v2.1/os-security-groups/787fac65-f65c-45c4-82c4-913fbc6926e8 0.022s
2025-12-09 06:22:49.440 66749 INFO tempest.lib.common.rest_client [req-c32b6f5d-9326-4f6d-aba3-1317cc804c6e req-c32b6f5d-9326-4f6d-aba3-1317cc804c6e ] Request (SecurityGroupsNegativeTestJSON:tearDownClass): 204 DELETE http://10.180.1.21/identity/v3/users/9cf2146e4ada43e4a5a80207252b8917 0.101s
2025-12-09 06:22:49.440 66749 INFO tempest.lib.common.dynamic_creds [-] Deleting project and security group for project: 154e9fc177b64502b311e34b5a285c64
2025-12-09 06:22:49.446 66723 INFO tempest.lib.common.rest_client [req-6f31b451-f88b-4119-b217-2777c61912ec req-6f31b451-f88b-4119-b217-2777c61912ec ] Request (ServerActionsTestOtherA:test_rebuild_server_with_volume_attached): 200 GET http://10.180.1.21/compute/v2.1/servers/a2bbedce-654e-485b-8f1d-11d203c0a531 0.184s
2025-12-09 06:22:49.469 66721 INFO tempest.lib.common.rest_client [req-8d2ee393-4616-45da-8fcc-d8c3b73f9dc3 req-8d2ee393-4616-45da-8fcc-d8c3b73f9dc3 ] Request (SecurityGroupsTestJSON:tearDownClass): 404 DELETE http://10.180.1.21/compute/v2.1/os-security-groups/8c0bf40a-cbd3-42c6-9eb7-b828bb181274 0.039s
2025-12-09 06:22:49.469 66749 INFO tempest.lib.common.rest_client [req-144491a2-1b72-45d4-ba0e-0f2b5a7c14e2 req-144491a2-1b72-45d4-ba0e-0f2b5a7c14e2 ] Request (SecurityGroupsNegativeTestJSON:tearDownClass): 200 GET http://10.180.1.21/networking/v2.0/security-groups?tenant_id=154e9fc177b64502b311e34b5a285c64&name=default 0.029s
2025-12-09 06:22:49.488 66713 WARNING tempest.lib.common.ssh [-] Failed to establish authenticated ssh connection to cirros@10.180.180.246 ([Errno None] Unable to connect to port 22 on 10.180.180.246). Number attempts: 9. Retry after 10 seconds.: paramiko.ssh_exception.NoValidConnectionsError: [Errno None] Unable to connect to port 22 on 10.180.180.246
2025-12-09 06:22:49.490 66763 INFO tempest.lib.common.rest_client [req-52d37249-91ee-4a15-9830-0ef225f5f06c req-52d37249-91ee-4a15-9830-0ef225f5f06c ] Request (DeleteServersTestJSON:test_delete_active_server): 200 GET http://10.180.1.21/compute/v2.1/servers/9caa8091-b2ff-46e6-b3dd-a7fe626434ec 0.066s
2025-12-09 06:22:49.513 66721 INFO tempest.lib.common.rest_client [req-d6134741-220c-4c08-906f-6c185d60434b req-d6134741-220c-4c08-906f-6c185d60434b ] Request (SecurityGroupsTestJSON:tearDownClass): 404 DELETE http://10.180.1.21/compute/v2.1/os-security-groups/6bd2819a-6928-47c1-96aa-57bb6e85f5b8 0.043s
2025-12-09 06:22:49.566 66749 INFO tempest.lib.common.rest_client [req-137bf3d5-c370-4707-970e-6c0a1c765f01 req-137bf3d5-c370-4707-970e-6c0a1c765f01 ] Request (SecurityGroupsNegativeTestJSON:tearDownClass): 204 DELETE http://10.180.1.21/networking/v2.0/security-groups/b9f7bbec-2ab1-4d9d-a0f6-2c4af1e146f8 0.096s
2025-12-09 06:22:49.570 66771 INFO tempest.lib.common.rest_client [req-2357d5b5-81a6-496f-a9dd-4cf879e32e2d req-2357d5b5-81a6-496f-a9dd-4cf879e32e2d ] Request (ServerAddressesTestJSON:tearDownClass): 200 GET http://10.180.1.21/compute/v2.1/servers/aa7bfb12-b46e-4b70-8b2c-6738343f146f 0.094s
2025-12-09 06:22:49.585 66739 INFO tempest.lib.common.rest_client [req-ad70da6e-9ed5-4e23-8fc5-143f9d42e879 req-ad70da6e-9ed5-4e23-8fc5-143f9d42e879 ] Request (MultipleCreateTestJSON:tearDownClass): 200 GET http://10.180.1.21/compute/v2.1/servers/bd4b24ec-af53-447a-8f8c-a4d2eea7cdbf 0.096s
2025-12-09 06:22:49.590 66721 INFO tempest.lib.common.rest_client [req-ccf7ee39-6791-4692-a81d-d440571a1af8 req-ccf7ee39-6791-4692-a81d-d440571a1af8 ] Request (SecurityGroupsTestJSON:tearDownClass): 404 DELETE http://10.180.1.21/compute/v2.1/os-security-groups/f363b58a-4884-48e9-bb20-69e9d7b34af9 0.077s
2025-12-09 06:22:49.609 66721 INFO tempest.lib.common.rest_client [req-0ebe00b7-3a28-443e-bde7-6e8ad06f8616 req-0ebe00b7-3a28-443e-bde7-6e8ad06f8616 ] Request (SecurityGroupsTestJSON:tearDownClass): 404 DELETE http://10.180.1.21/compute/v2.1/os-security-groups/d9bd89d1-9ba1-41c6-bf97-039d5e7f3959 0.019s
2025-12-09 06:22:49.637 66727 INFO tempest.lib.common.rest_client [req-937b682d-675b-408d-bcaa-93c504db31c5 req-937b682d-675b-408d-bcaa-93c504db31c5 ] Request (ServersTestJSON:test_create_with_existing_server_name): 200 GET http://10.180.1.21/compute/v2.1/servers/507cd32d-1b7f-4a1c-b607-031f6fd4a85a 0.101s
2025-12-09 06:22:49.675 66749 INFO tempest.lib.common.rest_client [req-9c3a2e63-89c0-41f4-8ad7-201894c09925 req-9c3a2e63-89c0-41f4-8ad7-201894c09925 ] Request (SecurityGroupsNegativeTestJSON:tearDownClass): 204 DELETE http://10.180.1.21/identity/v3/projects/154e9fc177b64502b311e34b5a285c64 0.108s
2025-12-09 06:22:49.717 66765 INFO tempest.lib.common.rest_client [req-3dfcfb28-3691-45a7-b729-3463b315cd7a req-3dfcfb28-3691-45a7-b729-3463b315cd7a ] Request (ServersTestMultiNic:_run_cleanups): 200 GET http://10.180.1.21/compute/v2.1/servers/dccedb85-6e69-46ae-b3f5-b49eb533b385 0.108s
2025-12-09 06:22:49.739 66751 INFO tempest.lib.common.rest_client [req-f5aa4d69-3738-4172-ab93-7af1aef6c1d5 req-f5aa4d69-3738-4172-ab93-7af1aef6c1d5 ] Request (MigrationsAdminTest:test_resize_server_revert_deleted_flavor): 200 GET http://10.180.1.21/compute/v2.1/servers/ab063d16-243e-4480-ae25-c53adf368520 0.143s
2025-12-09 06:22:49.741 66749 INFO tempest.lib.common.rest_client [req-17d5e228-b73d-40fd-985e-dc91746626e1 req-17d5e228-b73d-40fd-985e-dc91746626e1 ] Request (ServerShowV247Test:setUpClass): 201 POST http://10.180.1.21/identity/v3/auth/tokens 0.064s
2025-12-09 06:22:49.744 66721 INFO tempest.lib.common.rest_client [req-1ba7d8c6-3177-4fe8-961b-49ff423487fa req-1ba7d8c6-3177-4fe8-961b-49ff423487fa ] Request (SecurityGroupsTestJSON:tearDownClass): 404 DELETE http://10.180.1.21/compute/v2.1/os-security-groups/142594a6-ced2-49c8-888b-5c353b54a278 0.134s
2025-12-09 06:22:49.775 66749 INFO tempest.lib.common.rest_client [req-065f3f41-4ec5-4ebd-8401-1675781b8475 req-065f3f41-4ec5-4ebd-8401-1675781b8475 ] Request (ServerShowV247Test:setUpClass): 201 POST http://10.180.1.21/identity/v3/auth/tokens 0.032s
2025-12-09 06:22:49.800 66749 INFO tempest.lib.common.rest_client [req-3928e3e1-2aec-42e0-87c9-599bf67353e4 req-3928e3e1-2aec-42e0-87c9-599bf67353e4 ] Request (ServerShowV247Test:setUpClass): 200 GET http://10.180.1.21/identity/v3/domains?name=Default 0.024s
2025-12-09 06:22:49.810 66767 INFO tempest.lib.common.rest_client [req-5548038e-f420-431c-a02d-b6008c4eee74 req-5548038e-f420-431c-a02d-b6008c4eee74 ] Request (ListImageFiltersTestJSON:tearDownClass): 200 GET http://10.180.1.21/compute/v2.1/servers/5712df75-5249-4549-a066-b91095c0a285 0.064s
2025-12-09 06:22:49.832 66721 INFO tempest.lib.common.rest_client [req-32f45e71-4c91-4abc-85d2-79d42f907e4e req-32f45e71-4c91-4abc-85d2-79d42f907e4e ] Request (SecurityGroupsTestJSON:tearDownClass): 204 DELETE http://10.180.1.21/compute/v2.1/servers/73ac4104-4e1f-4364-bc8d-9fa983734a2d 0.087s
2025-12-09 06:22:49.837 66749 INFO tempest.lib.common.rest_client [req-aa2dd953-a19c-4ac4-a905-27426ddfd194 req-aa2dd953-a19c-4ac4-a905-27426ddfd194 ] Request (ServerShowV247Test:setUpClass): 201 POST http://10.180.1.21/identity/v3/projects 0.037s
2025-12-09 06:22:49.894 66737 INFO tempest.lib.common.rest_client [req-9e439e94-19d9-47e1-b359-13d30d105303 req-9e439e94-19d9-47e1-b359-13d30d105303 ] Request (ServersListShow298Test:test_list_show_update_rebuild_server_298): 200 GET http://10.180.1.21/compute/v2.1/servers/61121f95-80bc-49c3-bd2f-51b3d4c32c70 0.087s
2025-12-09 06:22:49.914 66749 INFO tempest.lib.common.rest_client [req-d91b2370-cc1d-4772-b6b8-84c43a0b9bc3 req-d91b2370-cc1d-4772-b6b8-84c43a0b9bc3 ] Request (ServerShowV247Test:setUpClass): 201 POST http://10.180.1.21/identity/v3/users 0.076s
2025-12-09 06:22:49.940 66749 INFO tempest.lib.common.rest_client [req-4209eb0b-8dc5-4a8b-8358-b0eaa0eee425 req-4209eb0b-8dc5-4a8b-8358-b0eaa0eee425 ] Request (ServerShowV247Test:setUpClass): 200 GET http://10.180.1.21/identity/v3/roles 0.024s
2025-12-09 06:22:49.980 66749 INFO tempest.lib.common.rest_client [req-679443c9-0a00-42eb-b878-6d99e61b4bee req-679443c9-0a00-42eb-b878-6d99e61b4bee ] Request (ServerShowV247Test:setUpClass): 204 PUT http://10.180.1.21/identity/v3/projects/cde295d5b9a34db59763ec4939d3441d/users/fc16f1d06bc9401a82a3813dd4b51d2b/roles/143e2d802c984103be04b86b7b1cf837 0.039s
2025-12-09 06:22:49.980 66749 INFO tempest.lib.common.dynamic_creds [-] Dynamic test user fc16f1d06bc9401a82a3813dd4b51d2b is created with scope project and roles: ['member']
2025-12-09 06:22:49.980 66749 INFO tempest.lib.common.dynamic_creds [-] Acquired dynamic creds: credentials: Credentials: {'domain_id': 'default', 'domain_name': 'Default', 'username': 'tempest-ServerShowV247Test-1361435981-project-member', 'project_domain_id': 'default', 'project_domain_name': 'Default', 'project_id': 'cde295d5b9a34db59763ec4939d3441d', 'project_name': 'tempest-ServerShowV247Test-1361435981', 'tenant_id': 'cde295d5b9a34db59763ec4939d3441d', 'tenant_name': 'tempest-ServerShowV247Test-1361435981', 'user_domain_id': 'default', 'user_domain_name': 'Default', 'user_id': 'fc16f1d06bc9401a82a3813dd4b51d2b', 'system': None}, Network: None, Subnet: None, Router: None
2025-12-09 06:22:49.980 66749 INFO tempest.lib.common.dynamic_creds [-] Created isolated network resources for: credentials: Credentials: {'domain_id': 'default', 'domain_name': 'Default', 'username': 'tempest-ServerShowV247Test-1361435981-project-member', 'project_domain_id': 'default', 'project_domain_name': 'Default', 'project_id': 'cde295d5b9a34db59763ec4939d3441d', 'project_name': 'tempest-ServerShowV247Test-1361435981', 'tenant_id': 'cde295d5b9a34db59763ec4939d3441d', 'tenant_name': 'tempest-ServerShowV247Test-1361435981', 'user_domain_id': 'default', 'user_domain_name': 'Default', 'user_id': 'fc16f1d06bc9401a82a3813dd4b51d2b', 'system': None}, Network: None, Subnet: None, Router: None
2025-12-09 06:22:50.007 66755 INFO tempest.lib.common.rest_client [req-8a408b0c-44db-49e1-b7e2-923d8d9ffe02 req-8a408b0c-44db-49e1-b7e2-923d8d9ffe02 ] Request (ServerActionsV293TestJSON:setUpClass): 200 GET http://10.180.1.21/compute/v2.1/servers/086625ac-0dff-436a-abcc-26e4693fa164 0.112s
2025-12-09 06:22:50.019 66755 INFO tempest.common.waiters [-] State transition "BUILD/None" ==> "BUILD/networking" after 69 second wait
2025-12-09 06:22:50.046 66721 INFO tempest.lib.common.rest_client [req-178e7c7e-b5ec-4d92-b6fa-59445a3d846b req-178e7c7e-b5ec-4d92-b6fa-59445a3d846b ] Request (SecurityGroupsTestJSON:tearDownClass): 200 GET http://10.180.1.21/compute/v2.1/servers/73ac4104-4e1f-4364-bc8d-9fa983734a2d 0.214s
2025-12-09 06:22:50.068 66749 INFO tempest.lib.common.rest_client [req-297d40d2-6753-4115-abc2-952bc9591ec9 req-297d40d2-6753-4115-abc2-952bc9591ec9 ] Request (ServerShowV247Test:setUpClass): 201 POST http://10.180.1.21/identity/v3/auth/tokens 0.083s
2025-12-09 06:22:50.127 66749 INFO tempest.lib.common.rest_client [req-88ffbdda-3c32-4d12-8fa2-9075d5e39d7e req-88ffbdda-3c32-4d12-8fa2-9075d5e39d7e ] Request (ServerShowV247Test:setUpClass): 200 GET http://10.180.1.21/identity/v3/projects/cde295d5b9a34db59763ec4939d3441d 0.058s
2025-12-09 06:22:50.127 66749 INFO tempest.lib.common.dynamic_creds [-] Using the existing project cde295d5b9a34db59763ec4939d3441d for scope project and roles: ['reader']
2025-12-09 06:22:50.145 66741 INFO tempest.lib.common.rest_client [req-5ce88beb-a0fa-4832-a427-3dc59378ed15 req-5ce88beb-a0fa-4832-a427-3dc59378ed15 ] Request (ImagesTestJSON:test_create_image_from_stopped_server): 200 GET http://10.180.1.21/compute/v2.1/servers/eac98a81-72eb-4ab0-ad60-f3d41959ce60 0.076s
2025-12-09 06:22:50.162 66749 INFO tempest.lib.common.rest_client [req-438579d3-3a70-487d-b1cc-86502faab4d0 req-438579d3-3a70-487d-b1cc-86502faab4d0 ] Request (ServerShowV247Test:setUpClass): 201 POST http://10.180.1.21/identity/v3/users 0.034s
2025-12-09 06:22:50.168 66745 INFO tempest.lib.common.rest_client [req-7dced1a4-9ef5-4ffb-b21a-066108151a9f req-7dced1a4-9ef5-4ffb-b21a-066108151a9f ] Request (ServerDiskConfigTestJSON:test_rebuild_server_with_auto_disk_config): 200 GET http://10.180.1.21/compute/v2.1/servers/0d8a9b48-e937-4a15-8567-192aa4637ca2 0.177s
2025-12-09 06:22:50.187 66749 INFO tempest.lib.common.rest_client [req-40c5163d-4c93-4258-b6c6-31049971eb72 req-40c5163d-4c93-4258-b6c6-31049971eb72 ] Request (ServerShowV247Test:setUpClass): 200 GET http://10.180.1.21/identity/v3/roles 0.024s
2025-12-09 06:22:50.214 66749 INFO tempest.lib.common.rest_client [req-339a81ef-2823-430c-a8be-17ccd6b1a4cb req-339a81ef-2823-430c-a8be-17ccd6b1a4cb ] Request (ServerShowV247Test:setUpClass): 204 PUT http://10.180.1.21/identity/v3/projects/cde295d5b9a34db59763ec4939d3441d/users/71021afa6b51461d8da55c8335c06009/roles/81874002db964e968b2bc261c13b0311 0.026s
2025-12-09 06:22:50.214 66749 INFO tempest.lib.common.dynamic_creds [-] Dynamic test user 71021afa6b51461d8da55c8335c06009 is created with scope project and roles: ['reader']
2025-12-09 06:22:50.215 66749 INFO tempest.lib.common.dynamic_creds [-] Acquired dynamic creds: credentials: Credentials: {'domain_id': 'default', 'domain_name': 'Default', 'username': 'tempest-ServerShowV247Test-1361435981-project-reader', 'project_domain_id': 'default', 'project_domain_name': 'Default', 'project_id': 'cde295d5b9a34db59763ec4939d3441d', 'project_name': 'tempest-ServerShowV247Test-1361435981', 'tenant_id': 'cde295d5b9a34db59763ec4939d3441d', 'tenant_name': 'tempest-ServerShowV247Test-1361435981', 'user_domain_id': 'default', 'user_domain_name': 'Default', 'user_id': '71021afa6b51461d8da55c8335c06009', 'system': None}, Network: None, Subnet: None, Router: None
2025-12-09 06:22:50.215 66749 INFO tempest.lib.common.dynamic_creds [-] Network resources are not created for requested scope: project and credentials: Credentials: {'domain_id': 'default', 'domain_name': 'Default', 'username': 'tempest-ServerShowV247Test-1361435981-project-reader', 'project_domain_id': 'default', 'project_domain_name': 'Default', 'project_id': 'cde295d5b9a34db59763ec4939d3441d', 'project_name': 'tempest-ServerShowV247Test-1361435981', 'tenant_id': 'cde295d5b9a34db59763ec4939d3441d', 'tenant_name': 'tempest-ServerShowV247Test-1361435981', 'user_domain_id': 'default', 'user_domain_name': 'Default', 'user_id': '71021afa6b51461d8da55c8335c06009', 'system': None}, Network: None, Subnet: None, Router: None
2025-12-09 06:22:50.252 66743 INFO tempest.lib.common.rest_client [req-ccbcfc14-e550-428c-89ab-901daffe4cd0 req-ccbcfc14-e550-428c-89ab-901daffe4cd0 ] Request (ImagesOneServerNegativeTestJSON:_run_cleanups): 200 GET http://10.180.1.21/compute/v2.1/servers/8f0bb16d-46aa-4f23-927e-c6d1990f7d28 0.053s
2025-12-09 06:22:50.307 66749 INFO tempest.lib.common.rest_client [req-2c56c993-6179-4fda-9cf1-b294b62a6f4e req-2c56c993-6179-4fda-9cf1-b294b62a6f4e ] Request (ServerShowV247Test:setUpClass): 201 POST http://10.180.1.21/identity/v3/auth/tokens 0.090s
2025-12-09 06:22:50.348 66731 INFO tempest.lib.common.rest_client [req-301631a8-8cee-43e0-b290-74c08fc0be81 req-301631a8-8cee-43e0-b290-74c08fc0be81 ] Request (ServersAdminTestJSON:test_create_server_with_scheduling_hint): 200 GET http://10.180.1.21/compute/v2.1/servers/63ec2b80-4dfc-491b-94d8-968515b16ece 0.059s
2025-12-09 06:22:50.368 66749 INFO tempest.lib.common.rest_client [req-0c3cbe27-a444-47db-a5c4-5a013aa1a1bb req-0c3cbe27-a444-47db-a5c4-5a013aa1a1bb ] Request (ServerShowV247Test:test_show_server): 201 POST http://10.180.1.21/identity/v3/auth/tokens 0.057s
2025-12-09 06:22:50.369 66749 INFO tempest.lib.common.fixed_network [-] (ServerShowV247Test:test_show_server) Found network None available for tenant
2025-12-09 06:22:50.424 66715 INFO tempest.lib.common.rest_client [req-d9bda03f-5f4c-49d3-ae76-967839c4db22 req-d9bda03f-5f4c-49d3-ae76-967839c4db22 ] Request (ServerGroupTestJSON:test_create_server_with_scheduler_hint_group): 200 GET http://10.180.1.21/compute/v2.1/servers/bcbfcc4f-0a19-4075-ac86-369e6ab58f41 0.055s
2025-12-09 06:22:50.535 66725 INFO tempest.lib.common.rest_client [req-8a83d586-6ae8-47f1-9a1e-10df486f8cb4 req-8a83d586-6ae8-47f1-9a1e-10df486f8cb4 ] Request (ServersNegativeTestJSON:tearDown): 200 GET http://10.180.1.21/compute/v2.1/servers/26fec902-f263-457b-bbcc-b8881f17174d 0.146s
2025-12-09 06:22:50.571 66749 INFO tempest.lib.common.rest_client [req-77855639-a0c9-4b88-a18f-10c0e7594fc0 req-77855639-a0c9-4b88-a18f-10c0e7594fc0 ] Request (ServerShowV247Test:test_show_server): 202 POST http://10.180.1.21/compute/v2.1/servers 0.201s
2025-12-09 06:22:50.605 66723 INFO tempest.lib.common.rest_client [req-a2af7636-2570-4301-a1e0-4d5957cd32bd req-a2af7636-2570-4301-a1e0-4d5957cd32bd ] Request (ServerActionsTestOtherA:test_rebuild_server_with_volume_attached): 200 GET http://10.180.1.21/compute/v2.1/servers/a2bbedce-654e-485b-8f1d-11d203c0a531 0.151s
2025-12-09 06:22:50.640 66763 INFO tempest.lib.common.rest_client [req-7b87837f-8fb8-4895-946f-375c8ae11314 req-7b87837f-8fb8-4895-946f-375c8ae11314 ] Request (DeleteServersTestJSON:test_delete_active_server): 200 GET http://10.180.1.21/compute/v2.1/servers/9caa8091-b2ff-46e6-b3dd-a7fe626434ec 0.141s
2025-12-09 06:22:50.694 66749 INFO tempest.lib.common.rest_client [req-b51a8467-aa7d-4dbe-b165-f5f8f069bf9d req-b51a8467-aa7d-4dbe-b165-f5f8f069bf9d ] Request (ServerShowV247Test:test_show_server): 200 GET http://10.180.1.21/compute/v2.1/servers/dde2fd86-fa38-40b3-b8f0-c7d0efd09733 0.122s
2025-12-09 06:22:50.711 66771 INFO tempest.lib.common.rest_client [req-f5d0f409-48ac-412c-8d5b-510e6c93147d req-f5d0f409-48ac-412c-8d5b-510e6c93147d ] Request (ServerAddressesTestJSON:tearDownClass): 200 GET http://10.180.1.21/compute/v2.1/servers/aa7bfb12-b46e-4b70-8b2c-6738343f146f 0.130s
2025-12-09 06:22:50.763 66749 INFO tempest.lib.common.rest_client [req-207b1d66-9695-4656-9ce2-b24319207f2a req-207b1d66-9695-4656-9ce2-b24319207f2a ] Request (ServerShowV247Test:test_update_rebuild_list_server): 201 POST http://10.180.1.21/identity/v3/auth/tokens 0.053s
2025-12-09 06:22:50.763 66749 INFO tempest.lib.common.fixed_network [-] (ServerShowV247Test:test_update_rebuild_list_server) Found network None available for tenant
2025-12-09 06:22:50.766 66727 INFO tempest.lib.common.rest_client [req-e8c8416e-aa7d-4eea-8786-fda8e976eb88 req-e8c8416e-aa7d-4eea-8786-fda8e976eb88 ] Request (ServersTestJSON:test_create_with_existing_server_name): 200 GET http://10.180.1.21/compute/v2.1/servers/507cd32d-1b7f-4a1c-b607-031f6fd4a85a 0.118s
2025-12-09 06:22:50.784 66739 INFO tempest.lib.common.rest_client [req-baea3b19-c257-4661-8a19-3b671fe4dc8c req-baea3b19-c257-4661-8a19-3b671fe4dc8c ] Request (MultipleCreateTestJSON:tearDownClass): 200 GET http://10.180.1.21/compute/v2.1/servers/bd4b24ec-af53-447a-8f8c-a4d2eea7cdbf 0.191s
2025-12-09 06:22:50.849 66765 INFO tempest.lib.common.rest_client [req-96aa4762-03f8-435e-a40c-11c9630a2e99 req-96aa4762-03f8-435e-a40c-11c9630a2e99 ] Request (ServersTestMultiNic:_run_cleanups): 200 GET http://10.180.1.21/compute/v2.1/servers/dccedb85-6e69-46ae-b3f5-b49eb533b385 0.123s
2025-12-09 06:22:50.916 66751 INFO tempest.lib.common.rest_client [req-f526ae1c-b799-43f9-a5f2-7398c7d8c391 req-f526ae1c-b799-43f9-a5f2-7398c7d8c391 ] Request (MigrationsAdminTest:test_resize_server_revert_deleted_flavor): 200 GET http://10.180.1.21/compute/v2.1/servers/ab063d16-243e-4480-ae25-c53adf368520 0.169s
