2025-12-09 06:21:45.962 66741 INFO tempest.lib.common.rest_client [req-d29dcfce-0fb6-4a5d-8096-d36f21716100 req-d29dcfce-0fb6-4a5d-8096-d36f21716100 ] Request (QuotasAdminTestV257:tearDownClass): 200 GET http://10.180.1.21/networking/v2.0/security-groups?tenant_id=dd3fcc6d080d4d188a2d1c7593c9e520&name=default 0.162s
2025-12-09 06:21:46.075 66719 INFO tempest.lib.common.rest_client [req-c87a6312-c5ff-4c58-8161-75b9e544eca4 req-c87a6312-c5ff-4c58-8161-75b9e544eca4 ] Request (ServersWithSpecificFlavorTestJSON:test_verify_created_server_ephemeral_disk): 200 GET http://10.180.1.21/compute/v2.1/servers/84d866bc-4ffb-4f40-8412-ce246c570ead 0.955s
2025-12-09 06:21:46.161 66741 INFO tempest.lib.common.rest_client [req-30af879f-4ff4-4996-b1db-ddbb3876282f req-30af879f-4ff4-4996-b1db-ddbb3876282f ] Request (QuotasAdminTestV257:tearDownClass): 204 DELETE http://10.180.1.21/networking/v2.0/security-groups/02f3ca38-0cdb-44bd-8cab-12a0efac1a69 0.198s
2025-12-09 06:21:46.218 66765 INFO tempest.lib.common.rest_client [req-5e26a6ec-fd2c-49bd-a96b-4612138f1f7d req-5e26a6ec-fd2c-49bd-a96b-4612138f1f7d ] Request (ServersTestMultiNic:test_verify_duplicate_network_nics): 200 GET http://10.180.1.21/compute/v2.1/servers/dccedb85-6e69-46ae-b3f5-b49eb533b385 1.088s
2025-12-09 06:21:46.274 66741 INFO tempest.lib.common.rest_client [req-6ab80d65-8941-439f-b6c1-8857614be7e3 req-6ab80d65-8941-439f-b6c1-8857614be7e3 ] Request (QuotasAdminTestV257:tearDownClass): 204 DELETE http://10.180.1.21/identity/v3/projects/dd3fcc6d080d4d188a2d1c7593c9e520 0.112s
2025-12-09 06:21:46.289 66725 INFO tempest.lib.common.rest_client [req-b0f6f9c1-0406-4e8e-8df8-7bbac383ea89 req-b0f6f9c1-0406-4e8e-8df8-7bbac383ea89 ] Request (ServersNegativeTestJSON:test_create_with_non_existent_keypair): 400 POST http://10.180.1.21/compute/v2.1/servers 1.525s
2025-12-09 06:21:46.336 66741 INFO tempest.lib.common.rest_client [req-d7b8f2d5-f1e3-4133-9611-0fa45813168f req-d7b8f2d5-f1e3-4133-9611-0fa45813168f ] Request (ImagesTestJSON:setUpClass): 201 POST http://10.180.1.21/identity/v3/auth/tokens 0.060s
2025-12-09 06:21:46.367 66741 INFO tempest.lib.common.rest_client [req-59814788-dd90-4da5-b425-07193f7fe025 req-59814788-dd90-4da5-b425-07193f7fe025 ] Request (ImagesTestJSON:setUpClass): 201 POST http://10.180.1.21/identity/v3/auth/tokens 0.028s
2025-12-09 06:21:46.380 66727 INFO tempest.lib.common.rest_client [req-b7eebb9a-0e88-4c1a-b5c4-961f9ec9063c req-b7eebb9a-0e88-4c1a-b5c4-961f9ec9063c ] Request (ServersTestJSON:test_create_specify_keypair): 200 GET http://10.180.1.21/compute/v2.1/servers/f7f07cce-fd0f-4c9a-9e88-0589fb035992 1.018s
2025-12-09 06:21:46.387 66727 INFO tempest.common.waiters [-] State transition "BUILD/networking" ==> "BUILD/spawning" after 55 second wait
2025-12-09 06:21:46.394 66739 INFO tempest.lib.common.rest_client [req-2bbefc9d-9a19-4cce-893c-681d61ea7605 req-2bbefc9d-9a19-4cce-893c-681d61ea7605 ] Request (MultipleCreateTestJSON:test_multiple_create_with_reservation_return): 200 GET http://10.180.1.21/compute/v2.1/servers/b4747d6c-309d-4e07-9f47-a3271f9bd62e 1.013s
2025-12-09 06:21:46.397 66741 INFO tempest.lib.common.rest_client [req-bdbb3427-d410-4379-9efb-9b8e10283ea9 req-bdbb3427-d410-4379-9efb-9b8e10283ea9 ] Request (ImagesTestJSON:setUpClass): 200 GET http://10.180.1.21/identity/v3/domains?name=Default 0.029s
2025-12-09 06:21:46.425 66741 INFO tempest.lib.common.rest_client [req-121b26a7-ce85-43bd-919c-ccf5b7c56715 req-121b26a7-ce85-43bd-919c-ccf5b7c56715 ] Request (ImagesTestJSON:setUpClass): 201 POST http://10.180.1.21/identity/v3/projects 0.028s
2025-12-09 06:21:46.446 66771 INFO tempest.lib.common.rest_client [req-a7a09b21-9664-4e28-9ec8-3a3e434a7a9b req-a7a09b21-9664-4e28-9ec8-3a3e434a7a9b ] Request (ServerAddressesTestJSON:setUpClass): 200 GET http://10.180.1.21/compute/v2.1/servers/aa7bfb12-b46e-4b70-8b2c-6738343f146f 1.017s
2025-12-09 06:21:46.481 66741 INFO tempest.lib.common.rest_client [req-29fac88a-83b4-4067-8b28-87e25fd0b522 req-29fac88a-83b4-4067-8b28-87e25fd0b522 ] Request (ImagesTestJSON:setUpClass): 201 POST http://10.180.1.21/identity/v3/users 0.055s
2025-12-09 06:21:46.488 66743 INFO tempest.lib.common.rest_client [req-863327ab-bbfd-4253-ab1c-0479912b72ec req-863327ab-bbfd-4253-ab1c-0479912b72ec ] Request (ImagesOneServerNegativeTestJSON:setUpClass): 200 GET http://10.180.1.21/compute/v2.1/servers/8f0bb16d-46aa-4f23-927e-c6d1990f7d28 0.861s
2025-12-09 06:21:46.503 66741 INFO tempest.lib.common.rest_client [req-33162525-9e07-4e40-abb8-eff73fe54c6f req-33162525-9e07-4e40-abb8-eff73fe54c6f ] Request (ImagesTestJSON:setUpClass): 200 GET http://10.180.1.21/identity/v3/roles 0.022s
2025-12-09 06:21:46.510 66721 INFO tempest.lib.common.rest_client [req-1e7af4ec-5da6-409b-98b4-3b7631b2ca36 req-1e7af4ec-5da6-409b-98b4-3b7631b2ca36 ] Request (SecurityGroupsTestJSON:test_server_security_groups): 200 GET http://10.180.1.21/compute/v2.1/servers/7698df95-a58d-4273-9b02-92ddb5ba22a5 1.011s
2025-12-09 06:21:46.531 66741 INFO tempest.lib.common.rest_client [req-73e3a23b-2c10-478d-8b0a-444a53011838 req-73e3a23b-2c10-478d-8b0a-444a53011838 ] Request (ImagesTestJSON:setUpClass): 204 PUT http://10.180.1.21/identity/v3/projects/98074ebdc0094c759b610b3f27d12f13/users/177a5598c51c4fb3966eeaab7698c73b/roles/143e2d802c984103be04b86b7b1cf837 0.027s
2025-12-09 06:21:46.531 66741 INFO tempest.lib.common.dynamic_creds [-] Dynamic test user 177a5598c51c4fb3966eeaab7698c73b is created with scope project and roles: ['member']
2025-12-09 06:21:46.531 66741 INFO tempest.lib.common.dynamic_creds [-] Acquired dynamic creds: credentials: Credentials: {'domain_id': 'default', 'domain_name': 'Default', 'username': 'tempest-ImagesTestJSON-1617632875-project-member', 'project_domain_id': 'default', 'project_domain_name': 'Default', 'project_id': '98074ebdc0094c759b610b3f27d12f13', 'project_name': 'tempest-ImagesTestJSON-1617632875', 'tenant_id': '98074ebdc0094c759b610b3f27d12f13', 'tenant_name': 'tempest-ImagesTestJSON-1617632875', 'user_domain_id': 'default', 'user_domain_name': 'Default', 'user_id': '177a5598c51c4fb3966eeaab7698c73b', 'system': None}, Network: None, Subnet: None, Router: None
2025-12-09 06:21:46.540 66723 INFO tempest.lib.common.rest_client [req-cca4c168-18f6-4bb1-a1a9-67259155b898 req-cca4c168-18f6-4bb1-a1a9-67259155b898 ] Request (ServerActionsTestOtherA:_run_cleanups): 200 GET http://10.180.1.21/compute/v2.1/servers/d0389f66-b3cf-48aa-bb27-59152d83066a 0.850s
2025-12-09 06:21:46.547 66723 INFO tempest.common.waiters [-] State transition "SHUTOFF/deleting" ==> "DELETED/None" after 4 second wait
2025-12-09 06:21:46.557 66745 INFO tempest.lib.common.rest_client [req-523ea126-75ec-4046-89e0-7e7cad233723 req-523ea126-75ec-4046-89e0-7e7cad233723 ] Request (ServerDiskConfigTestJSON:test_rebuild_server_with_auto_disk_config): 200 GET http://10.180.1.21/compute/v2.1/servers/0d8a9b48-e937-4a15-8567-192aa4637ca2 0.793s
2025-12-09 06:21:46.593 66741 INFO tempest.lib.common.rest_client [req-eaafae16-4c83-47df-bc0e-0c56e7e37b18 req-eaafae16-4c83-47df-bc0e-0c56e7e37b18 ] Request (ImagesTestJSON:setUpClass): 201 POST http://10.180.1.21/identity/v3/auth/tokens 0.062s
2025-12-09 06:21:46.601 66749 INFO tempest.lib.common.rest_client [req-06027d12-d525-4c06-b3d6-2bfa8ee88082 req-06027d12-d525-4c06-b3d6-2bfa8ee88082 ] Request (ServersAdminNegativeTestJSON:tearDownClass): 200 GET http://10.180.1.21/compute/v2.1/servers/cf65ea21-1566-461b-b0bb-44571975cc2b 0.824s
2025-12-09 06:21:46.614 66763 INFO tempest.lib.common.rest_client [req-a8f236b7-638c-4928-9220-7920d8d20978 req-a8f236b7-638c-4928-9220-7920d8d20978 ] Request (DeleteServersTestJSON:test_delete_active_server): 200 GET http://10.180.1.21/compute/v2.1/servers/9caa8091-b2ff-46e6-b3dd-a7fe626434ec 0.760s
2025-12-09 06:21:46.662 66767 INFO tempest.lib.common.rest_client [req-04a4621b-3f48-4344-bb19-c92e7abc7ab3 req-04a4621b-3f48-4344-bb19-c92e7abc7ab3 ] Request (ListImageFiltersTestJSON:test_list_images_with_detail_filter_by_type): 200 GET http://10.180.1.21/compute/v2.1/images/detail?type=snapshot 0.773s
2025-12-09 06:21:46.872 66741 INFO tempest.lib.common.rest_client [req-bf7d920b-89c6-44df-b2da-4dfbb7fd1997 req-bf7d920b-89c6-44df-b2da-4dfbb7fd1997 ] Request (ImagesTestJSON:setUpClass): 201 POST http://10.180.1.21/networking/v2.0/networks 0.278s
2025-12-09 06:21:46.895 66754 INFO tempest.lib.common.rest_client [req-9cf5bdd5-26e5-47c1-909f-dd32d26900d9 req-9cf5bdd5-26e5-47c1-909f-dd32d26900d9 ] Request (ServerActionsTestOtherB:setUpClass): 200 GET http://10.180.1.21/compute/v2.1/servers/4fee822f-7286-4337-ae97-a1dff697afe7 0.974s
2025-12-09 06:21:46.905 66715 INFO tempest.lib.common.rest_client [req-2dca6290-4fa4-4dd8-9c70-945f12620590 req-2dca6290-4fa4-4dd8-9c70-945f12620590 ] Request (InstanceActionsNegativeTestJSON:tearDownClass): 200 GET http://10.180.1.21/compute/v2.1/servers/676ea782-828b-4154-8055-537bebd01b9e 0.955s
2025-12-09 06:21:47.081 66741 INFO tempest.lib.common.rest_client [req-2782b0c8-a7b6-450f-bd0b-8fc46577b658 req-2782b0c8-a7b6-450f-bd0b-8fc46577b658 ] Request (ImagesTestJSON:setUpClass): 201 POST http://10.180.1.21/networking/v2.0/subnets 0.208s
2025-12-09 06:21:47.107 66755 INFO tempest.lib.common.rest_client [req-699e9584-a20c-4675-b8a0-afe4aa32ca84 req-699e9584-a20c-4675-b8a0-afe4aa32ca84 ] Request (ServerActionsV293TestJSON:setUpClass): 200 GET http://10.180.1.21/compute/v2.1/servers/086625ac-0dff-436a-abcc-26e4693fa164 1.073s
2025-12-09 06:21:47.115 66775 INFO tempest.lib.common.rest_client [req-ca9ffaa2-5671-44e9-855a-b361047b0786 req-ca9ffaa2-5671-44e9-855a-b361047b0786 ] Request (ServersTestBootFromVolume:tearDownClass): 200 GET http://10.180.1.21/compute/v2.1/servers/85e8a541-8327-4d50-b213-1d753c7cc37a 1.121s
2025-12-09 06:21:47.125 66775 INFO tempest.common.waiters [-] State transition "ACTIVE/deleting" ==> "DELETED/None" after 6 second wait
2025-12-09 06:21:47.284 66730 INFO tempest.lib.common.rest_client [req-09903d26-65c7-4849-8652-6dfd733def38 req-09903d26-65c7-4849-8652-6dfd733def38 ] Request (ServerMetadataTestJSON:tearDownClass): 200 GET http://10.180.1.21/compute/v2.1/servers/ec0375cf-515b-4528-b367-071babf1fa85 1.128s
2025-12-09 06:21:47.310 66751 INFO tempest.lib.common.rest_client [req-5e8b4d72-eee6-432a-9038-db27ea6121fa req-5e8b4d72-eee6-432a-9038-db27ea6121fa ] Request (MigrationsAdminTest:test_resize_server_revert_deleted_flavor): 200 GET http://10.180.1.21/compute/v2.1/servers/ab063d16-243e-4480-ae25-c53adf368520 1.180s
2025-12-09 06:21:47.339 66735 INFO tempest.lib.common.rest_client [req-35a92699-975f-4cb4-86a9-f1eeb4e55fc4 req-35a92699-975f-4cb4-86a9-f1eeb4e55fc4 ] Request (ServersTestFqdnHostnames:test_create_server_with_fqdn_name): 200 GET http://10.180.1.21/compute/v2.1/servers/efe87f71-1848-4f96-a1a4-6d76ffd95360 1.112s
2025-12-09 06:21:47.392 66731 INFO tempest.lib.common.rest_client [req-5f976417-86d7-430f-81cc-fb5001124ea3 req-5f976417-86d7-430f-81cc-fb5001124ea3 ] Request (ServersAdminTestJSON:test_create_server_with_scheduling_hint): 200 GET http://10.180.1.21/compute/v2.1/servers/63ec2b80-4dfc-491b-94d8-968515b16ece 0.871s
2025-12-09 06:21:47.419 66725 INFO tempest.lib.common.rest_client [req-9b6f9618-8eaa-4d6f-a7a4-bc4f1f4e754e req-9b6f9618-8eaa-4d6f-a7a4-bc4f1f4e754e ] Request (ServersNegativeTestJSON:tearDown): 200 GET http://10.180.1.21/compute/v2.1/servers/26fec902-f263-457b-bbcc-b8881f17174d 1.130s
2025-12-09 06:21:47.456 66767 INFO tempest.lib.common.rest_client [req-9f1ae99f-efb4-42e5-aeb4-63f0f9bb0882 req-9f1ae99f-efb4-42e5-aeb4-63f0f9bb0882 ] Request (ListImageFiltersTestJSON:test_list_images_with_detail_filter_by_type): 200 GET http://10.180.1.21/compute/v2.1/images/1a1471c9-9962-44da-9e85-05afd551a5dd 0.790s
2025-12-09 06:21:47.460 66773 INFO tempest.lib.common.rest_client [req-41ec9032-7efc-4806-ae14-ba64eec40917 req-41ec9032-7efc-4806-ae14-ba64eec40917 ] Request (ServersAaction247Test:tearDownClass): 200 GET http://10.180.1.21/compute/v2.1/servers/c44d6109-2049-48f1-b545-d9aa42a45cb2 0.904s
2025-12-09 06:21:47.480 66737 INFO tempest.lib.common.rest_client [req-30405224-b15a-462e-a129-e9a1139138ac req-30405224-b15a-462e-a129-e9a1139138ac ] Request (ListServersNegativeTestJSON:setUpClass): 404 GET http://10.180.1.21/compute/v2.1/servers/290fa4cc-f0bb-4f58-9d81-2aeb5e765c5f 0.678s
2025-12-09 06:21:47.529 66747 INFO tempest.lib.common.rest_client [req-9ed89a71-b51c-43b0-97a8-ea6e52e9b90a req-9ed89a71-b51c-43b0-97a8-ea6e52e9b90a ] Request (ServersListShow2100Test:tearDownClass): 200 GET http://10.180.1.21/compute/v2.1/servers/96178865-200a-4e82-b11f-bdd258b3c4cf 0.743s
2025-12-09 06:21:47.540 66747 INFO tempest.common.waiters [-] State transition "ACTIVE/deleting" ==> "DELETED/None" after 6 second wait
2025-12-09 06:21:47.549 66719 INFO tempest.lib.common.rest_client [req-4d5f9a8c-78ec-4a84-81e9-29034b414e3a req-4d5f9a8c-78ec-4a84-81e9-29034b414e3a ] Request (ServersWithSpecificFlavorTestJSON:test_verify_created_server_ephemeral_disk): 200 GET http://10.180.1.21/compute/v2.1/servers/84d866bc-4ffb-4f40-8412-ce246c570ead 0.461s
2025-12-09 06:21:47.578 66765 INFO tempest.lib.common.rest_client [req-cb575ace-ed45-4b91-80b5-6d2462d925a0 req-cb575ace-ed45-4b91-80b5-6d2462d925a0 ] Request (ServersTestMultiNic:test_verify_duplicate_network_nics): 200 GET http://10.180.1.21/compute/v2.1/servers/dccedb85-6e69-46ae-b3f5-b49eb533b385 0.352s
2025-12-09 06:21:47.653 66739 INFO tempest.lib.common.rest_client [req-64d5e69c-b4b6-4bdd-bfab-6c509fdeefdc req-64d5e69c-b4b6-4bdd-bfab-6c509fdeefdc ] Request (MultipleCreateTestJSON:test_multiple_create_with_reservation_return): 200 GET http://10.180.1.21/compute/v2.1/servers/b4747d6c-309d-4e07-9f47-a3271f9bd62e 0.251s
2025-12-09 06:21:47.678 66727 INFO tempest.lib.common.rest_client [req-8585c06b-b453-404f-9eac-d3bfec5aff56 req-8585c06b-b453-404f-9eac-d3bfec5aff56 ] Request (ServersTestJSON:test_create_specify_keypair): 200 GET http://10.180.1.21/compute/v2.1/servers/f7f07cce-fd0f-4c9a-9e88-0589fb035992 0.290s
2025-12-09 06:21:47.749 66771 INFO tempest.lib.common.rest_client [req-07052c90-af00-43ec-bc00-ac703b9a376c req-07052c90-af00-43ec-bc00-ac703b9a376c ] Request (ServerAddressesTestJSON:setUpClass): 200 GET http://10.180.1.21/compute/v2.1/servers/aa7bfb12-b46e-4b70-8b2c-6738343f146f 0.295s
2025-12-09 06:21:47.775 66725 INFO tempest.lib.common.rest_client [req-5a8baedc-0e77-46a0-9ff8-9426f6e87488 req-5a8baedc-0e77-46a0-9ff8-9426f6e87488 ] Request (ServersNegativeTestJSON:setUp): 200 GET http://10.180.1.21/compute/v2.1/servers/26fec902-f263-457b-bbcc-b8881f17174d 0.347s
2025-12-09 06:21:47.796 66767 INFO tempest.lib.common.rest_client [req-b1dd7caa-8a5f-4a15-a759-a9bbb3beeaf8 req-b1dd7caa-8a5f-4a15-a759-a9bbb3beeaf8 ] Request (ListImageFiltersTestJSON:test_list_images_with_detail_limit_results): 200 GET http://10.180.1.21/compute/v2.1/images/detail?limit=1 0.334s
2025-12-09 06:21:47.817 66741 INFO tempest.lib.common.rest_client [req-b69f2f49-732a-4962-aef5-633ce24c42a0 req-b69f2f49-732a-4962-aef5-633ce24c42a0 ] Request (ImagesTestJSON:setUpClass): 201 POST http://10.180.1.21/networking/v2.0/routers 0.735s
2025-12-09 06:21:47.836 66737 INFO tempest.lib.common.rest_client [req-8121352f-8754-4f44-9c64-6e83c3a82345 req-8121352f-8754-4f44-9c64-6e83c3a82345 ] Request (ListServersNegativeTestJSON:test_list_servers_by_changes_since_future_date): 200 GET http://10.180.1.21/compute/v2.1/servers?changes-since=2051-01-01T12%3A34%3A00Z&status=ACTIVE 0.355s
2025-12-09 06:21:47.870 66743 INFO tempest.lib.common.rest_client [req-132f551c-dcce-4a92-8ea6-ec346ed8a3df req-132f551c-dcce-4a92-8ea6-ec346ed8a3df ] Request (ImagesOneServerNegativeTestJSON:setUpClass): 200 GET http://10.180.1.21/compute/v2.1/servers/8f0bb16d-46aa-4f23-927e-c6d1990f7d28 0.373s
2025-12-09 06:21:47.899 66725 INFO tempest.lib.common.rest_client [req-06ea48a5-dde9-4844-a327-376f4360dc8c req-06ea48a5-dde9-4844-a327-376f4360dc8c ] Request (ServersNegativeTestJSON:test_create_with_nonexistent_security_group): 201 POST http://10.180.1.21/identity/v3/auth/tokens 0.111s
2025-12-09 06:21:47.899 66725 INFO tempest.lib.common.fixed_network [-] (ServersNegativeTestJSON:test_create_with_nonexistent_security_group) Found network {'id': '460d3bde-5b78-4bcf-9eaa-eda085c75c21', 'name': 'tempest-ServersNegativeTestJSON-115365025-network', 'tenant_id': '141ee87e5e9b45ef873e7c67285b11ec', 'project_id': '141ee87e5e9b45ef873e7c67285b11ec', 'admin_state_up': True, 'mtu': 8950, 'status': 'ACTIVE', 'subnets': [], 'shared': False, 'port_security_enabled': True, 'router:external': False, 'provider:network_type': 'vlan', 'provider:physical_network': 'default', 'provider:segmentation_id': 390, 'availability_zone_hints': [], 'availability_zones': [], 'ipv4_address_scope': None, 'ipv6_address_scope': None, 'description': '', 'tags': [], 'created_at': '2025-12-09T06:19:04Z', 'updated_at': '2025-12-09T06:19:04Z', 'revision_number': 1} available for tenant
2025-12-09 06:21:47.997 66723 INFO tempest.lib.common.rest_client [req-06d45dbf-72bc-41ee-87e5-ebf18476de1c req-06d45dbf-72bc-41ee-87e5-ebf18476de1c ] Request (ServerActionsTestOtherA:_run_cleanups): 200 GET http://10.180.1.21/compute/v2.1/servers/d0389f66-b3cf-48aa-bb27-59152d83066a 0.448s
2025-12-09 06:21:48.035 66721 INFO tempest.lib.common.rest_client [req-c0b1e073-2057-4225-8399-dc89fe73519b req-c0b1e073-2057-4225-8399-dc89fe73519b ] Request (SecurityGroupsTestJSON:test_server_security_groups): 200 GET http://10.180.1.21/compute/v2.1/servers/7698df95-a58d-4273-9b02-92ddb5ba22a5 0.517s
2025-12-09 06:21:48.045 66721 INFO tempest.common.waiters [-] State transition "BUILD/spawning" ==> "ACTIVE/None" after 65 second wait
2025-12-09 06:21:48.079 66745 INFO tempest.lib.common.rest_client [req-8ead54e2-8184-4815-9d12-d37d2c9cbb5b req-8ead54e2-8184-4815-9d12-d37d2c9cbb5b ] Request (ServerDiskConfigTestJSON:test_rebuild_server_with_auto_disk_config): 200 GET http://10.180.1.21/compute/v2.1/servers/0d8a9b48-e937-4a15-8567-192aa4637ca2 0.513s
2025-12-09 06:21:48.111 66749 INFO tempest.lib.common.rest_client [req-740b165c-6eec-40e8-b1e8-235f1f8ac25d req-740b165c-6eec-40e8-b1e8-235f1f8ac25d ] Request (ServersAdminNegativeTestJSON:tearDownClass): 200 GET http://10.180.1.21/compute/v2.1/servers/cf65ea21-1566-461b-b0bb-44571975cc2b 0.501s
2025-12-09 06:21:48.148 66763 INFO tempest.lib.common.rest_client [req-b2402b17-7dc5-4d6b-881f-990e842d32c2 req-b2402b17-7dc5-4d6b-881f-990e842d32c2 ] Request (DeleteServersTestJSON:test_delete_active_server): 200 GET http://10.180.1.21/compute/v2.1/servers/9caa8091-b2ff-46e6-b3dd-a7fe626434ec 0.526s
2025-12-09 06:21:48.154 66737 INFO tempest.lib.common.rest_client [req-b7df810a-ec6e-4fc5-bff2-b9e5f8b57483 req-b7df810a-ec6e-4fc5-bff2-b9e5f8b57483 ] Request (ListServersNegativeTestJSON:test_list_servers_by_changes_since_invalid_date): 400 GET http://10.180.1.21/compute/v2.1/servers?changes-since=2011%2F01%2F01 0.312s
2025-12-09 06:21:48.230 66725 INFO tempest.lib.common.rest_client [req-6a533c85-6c67-4855-a0ff-85662cc20bfc req-6a533c85-6c67-4855-a0ff-85662cc20bfc ] Request (ServersNegativeTestJSON:test_create_with_nonexistent_security_group): 400 POST http://10.180.1.21/compute/v2.1/servers 0.330s
2025-12-09 06:21:48.234 66767 INFO tempest.lib.common.rest_client [req-74db1c31-4254-4837-b90a-c0acc090adce req-74db1c31-4254-4837-b90a-c0acc090adce ] Request (ListImageFiltersTestJSON:tearDownClass): 204 DELETE http://10.180.1.21/compute/v2.1/images/6fec7b11-7569-486e-b0e4-8beac056d93e 0.429s
2025-12-09 06:21:48.313 66754 INFO tempest.lib.common.rest_client [req-17b5a6ae-6e97-4b93-8126-fc6f85a2178b req-17b5a6ae-6e97-4b93-8126-fc6f85a2178b ] Request (ServerActionsTestOtherB:setUpClass): 200 GET http://10.180.1.21/compute/v2.1/servers/4fee822f-7286-4337-ae97-a1dff697afe7 0.408s
2025-12-09 06:21:48.326 66715 INFO tempest.lib.common.rest_client [req-a41d948b-8c71-48cd-918a-f3ab71f841b9 req-a41d948b-8c71-48cd-918a-f3ab71f841b9 ] Request (InstanceActionsNegativeTestJSON:tearDownClass): 200 GET http://10.180.1.21/compute/v2.1/servers/676ea782-828b-4154-8055-537bebd01b9e 0.411s
2025-12-09 06:21:48.412 66755 INFO tempest.lib.common.rest_client [req-b8d89392-aa9c-425c-9aea-4f8dd3eb0b7f req-b8d89392-aa9c-425c-9aea-4f8dd3eb0b7f ] Request (ServerActionsV293TestJSON:setUpClass): 200 GET http://10.180.1.21/compute/v2.1/servers/086625ac-0dff-436a-abcc-26e4693fa164 0.294s
2025-12-09 06:21:48.526 66775 INFO tempest.lib.common.rest_client [req-d06cae4d-a0db-4219-a726-a97099a495cb req-d06cae4d-a0db-4219-a726-a97099a495cb ] Request (ServersTestBootFromVolume:tearDownClass): 200 GET http://10.180.1.21/compute/v2.1/servers/85e8a541-8327-4d50-b213-1d753c7cc37a 0.400s
2025-12-09 06:21:48.575 66737 INFO tempest.lib.common.rest_client [req-2807ecf3-3edc-4365-8ea3-81c3cf471fe2 req-2807ecf3-3edc-4365-8ea3-81c3cf471fe2 ] Request (ListServersNegativeTestJSON:test_list_servers_by_limits_greater_than_actual_count): 200 GET http://10.180.1.21/compute/v2.1/servers 0.418s
2025-12-09 06:21:48.686 66759 WARNING tempest.lib.common.ssh [-] Failed to establish authenticated ssh connection to cirros@10.180.180.240 ([Errno None] Unable to connect to port 22 on 10.180.180.240). Number attempts: 2. Retry after 3 seconds.: paramiko.ssh_exception.NoValidConnectionsError: [Errno None] Unable to connect to port 22 on 10.180.180.240
2025-12-09 06:21:48.737 66741 INFO tempest.lib.common.rest_client [req-6db036df-cc82-43c5-acac-b0b458113b3f req-6db036df-cc82-43c5-acac-b0b458113b3f ] Request (ImagesTestJSON:setUpClass): 200 PUT http://10.180.1.21/networking/v2.0/routers/7e8c3f78-5e69-4367-9119-093845a3f474/add_router_interface 0.919s
2025-12-09 06:21:48.737 66741 INFO tempest.lib.common.dynamic_creds [-] Created isolated network resources for: credentials: Credentials: {'domain_id': 'default', 'domain_name': 'Default', 'username': 'tempest-ImagesTestJSON-1617632875-project-member', 'project_domain_id': 'default', 'project_domain_name': 'Default', 'project_id': '98074ebdc0094c759b610b3f27d12f13', 'project_name': 'tempest-ImagesTestJSON-1617632875', 'tenant_id': '98074ebdc0094c759b610b3f27d12f13', 'tenant_name': 'tempest-ImagesTestJSON-1617632875', 'user_domain_id': 'default', 'user_domain_name': 'Default', 'user_id': '177a5598c51c4fb3966eeaab7698c73b', 'system': None}, Network: {'id': '35452961-235a-492c-95d2-d9a150fcdba9', 'name': 'tempest-ImagesTestJSON-1534028755-network', 'tenant_id': '98074ebdc0094c759b610b3f27d12f13', 'project_id': '98074ebdc0094c759b610b3f27d12f13', 'admin_state_up': True, 'mtu': 8950, 'status': 'ACTIVE', 'subnets': [], 'shared': False, 'port_security_enabled': True, 'router:external': False, 'provider:network_type': 'vlan', 'provider:physical_network': 'default', 'provider:segmentation_id': 29, 'availability_zone_hints': [], 'availability_zones': [], 'ipv4_address_scope': None, 'ipv6_address_scope': None, 'description': '', 'tags': [], 'created_at': '2025-12-09T06:21:46Z', 'updated_at': '2025-12-09T06:21:46Z', 'revision_number': 1}, Subnet: {'id': '54f18aab-157a-4147-9eb5-9f91eac1801a', 'name': 'tempest-ImagesTestJSON-1534028755-subnet', 'tenant_id': '98074ebdc0094c759b610b3f27d12f13', 'network_id': '35452961-235a-492c-95d2-d9a150fcdba9', 'ip_version': 4, 'subnetpool_id': None, 'enable_dhcp': True, 'ipv6_ra_mode': None, 'ipv6_address_mode': None, 'gateway_ip': '192.168.128.1', 'cidr': '192.168.128.0/28', 'allocation_pools': [{'start': '192.168.128.2', 'end': '192.168.128.14'}], 'host_routes': [], 'dns_nameservers': [], 'description': '', 'router:external': False, 'service_types': [], 'tags': [], 'created_at': '2025-12-09T06:21:46Z', 'updated_at': '2025-12-09T06:21:46Z', 'revision_number': 0, 'project_id': '98074ebdc0094c759b610b3f27d12f13'}, Router: {'id': '7e8c3f78-5e69-4367-9119-093845a3f474', 'name': 'tempest-ImagesTestJSON-1534028755-router', 'tenant_id': '98074ebdc0094c759b610b3f27d12f13', 'admin_state_up': True, 'status': 'ACTIVE', 'external_gateway_info': {'network_id': '94b11daa-471e-4ea7-a892-0c2bfd238115', 'external_fixed_ips': [{'subnet_id': '2c9220be-15b0-4143-9202-f4d3c201ed14', 'ip_address': '10.180.180.135'}], 'enable_snat': True}, 'description': '', 'availability_zones': [], 'distributed': False, 'ha': False, 'availability_zone_hints': [], 'routes': [], 'flavor_id': None, 'tags': [], 'created_at': '2025-12-09T06:21:47Z', 'updated_at': '2025-12-09T06:21:47Z', 'revision_number': 2, 'project_id': '98074ebdc0094c759b610b3f27d12f13'}
2025-12-09 06:21:48.797 66721 INFO tempest.lib.common.rest_client [req-9d5625a8-b35d-4022-a529-dbd0cddefa4b req-9d5625a8-b35d-4022-a529-dbd0cddefa4b ] Request (SecurityGroupsTestJSON:test_server_security_groups): 202 POST http://10.180.1.21/compute/v2.1/servers/7698df95-a58d-4273-9b02-92ddb5ba22a5/action 0.751s
2025-12-09 06:21:48.861 66741 INFO tempest.lib.common.rest_client [req-efe6038e-3583-49d4-851d-f10ae4541906 req-efe6038e-3583-49d4-851d-f10ae4541906 ] Request (ImagesTestJSON:setUpClass): 201 POST http://10.180.1.21/identity/v3/auth/tokens 0.120s
2025-12-09 06:21:48.902 66725 INFO tempest.lib.common.rest_client [req-adf5e1e9-abb3-4e30-88dd-bc51fd40f261 req-adf5e1e9-abb3-4e30-88dd-bc51fd40f261 ] Request (ServersNegativeTestJSON:tearDown): 200 GET http://10.180.1.21/compute/v2.1/servers/26fec902-f263-457b-bbcc-b8881f17174d 0.671s
2025-12-09 06:21:48.914 66741 INFO tempest.lib.common.rest_client [req-6e523baa-bd35-475b-86b5-4e78e7e5724c req-6e523baa-bd35-475b-86b5-4e78e7e5724c ] Request (ImagesTestJSON:test_create_image_from_stopped_server): 201 POST http://10.180.1.21/identity/v3/auth/tokens 0.049s
2025-12-09 06:21:48.915 66741 INFO tempest.lib.common.fixed_network [-] (ImagesTestJSON:test_create_image_from_stopped_server) Found network {'id': '35452961-235a-492c-95d2-d9a150fcdba9', 'name': 'tempest-ImagesTestJSON-1534028755-network', 'tenant_id': '98074ebdc0094c759b610b3f27d12f13', 'project_id': '98074ebdc0094c759b610b3f27d12f13', 'admin_state_up': True, 'mtu': 8950, 'status': 'ACTIVE', 'subnets': [], 'shared': False, 'port_security_enabled': True, 'router:external': False, 'provider:network_type': 'vlan', 'provider:physical_network': 'default', 'provider:segmentation_id': 29, 'availability_zone_hints': [], 'availability_zones': [], 'ipv4_address_scope': None, 'ipv6_address_scope': None, 'description': '', 'tags': [], 'created_at': '2025-12-09T06:21:46Z', 'updated_at': '2025-12-09T06:21:46Z', 'revision_number': 1} available for tenant
2025-12-09 06:21:48.939 66767 INFO tempest.lib.common.rest_client [req-bba1799e-613c-4010-b1bc-8e9c52f9970c req-bba1799e-613c-4010-b1bc-8e9c52f9970c ] Request (ListImageFiltersTestJSON:tearDownClass): 204 DELETE http://10.180.1.21/compute/v2.1/images/ab2c9473-1ac9-4fbd-ba62-3c3045001036 0.705s
2025-12-09 06:21:48.944 66713 WARNING tempest.lib.common.ssh [-] Failed to establish authenticated ssh connection to cirros@10.180.180.246 ([Errno None] Unable to connect to port 22 on 10.180.180.246). Number attempts: 3. Retry after 4 seconds.: paramiko.ssh_exception.NoValidConnectionsError: [Errno None] Unable to connect to port 22 on 10.180.180.246
2025-12-09 06:21:48.986 66730 INFO tempest.lib.common.rest_client [req-16ff10e9-c7b5-4053-bd1f-0a1e99cbb649 req-16ff10e9-c7b5-4053-bd1f-0a1e99cbb649 ] Request (ServerMetadataTestJSON:tearDownClass): 200 GET http://10.180.1.21/compute/v2.1/servers/ec0375cf-515b-4528-b367-071babf1fa85 0.689s
2025-12-09 06:21:49.036 66735 INFO tempest.lib.common.rest_client [req-b7dd2559-5103-4128-aa6e-187469265f26 req-b7dd2559-5103-4128-aa6e-187469265f26 ] Request (ServersTestFqdnHostnames:test_create_server_with_fqdn_name): 200 GET http://10.180.1.21/compute/v2.1/servers/efe87f71-1848-4f96-a1a4-6d76ffd95360 0.684s
2025-12-09 06:21:49.083 66751 INFO tempest.lib.common.rest_client [req-ef4956ba-5ea8-4ceb-a456-161cbd7def76 req-ef4956ba-5ea8-4ceb-a456-161cbd7def76 ] Request (MigrationsAdminTest:test_resize_server_revert_deleted_flavor): 200 GET http://10.180.1.21/compute/v2.1/servers/ab063d16-243e-4480-ae25-c53adf368520 0.762s
2025-12-09 06:21:49.085 66731 INFO tempest.lib.common.rest_client [req-ee11a5cc-2260-4e74-949e-43e4df49ce95 req-ee11a5cc-2260-4e74-949e-43e4df49ce95 ] Request (ServersAdminTestJSON:test_create_server_with_scheduling_hint): 200 GET http://10.180.1.21/compute/v2.1/servers/63ec2b80-4dfc-491b-94d8-968515b16ece 0.685s
2025-12-09 06:21:49.091 66751 INFO tempest.common.waiters [-] State transition "BUILD/spawning" ==> "ACTIVE/None" after 62 second wait
2025-12-09 06:21:49.152 66747 INFO tempest.lib.common.rest_client [req-4de089d2-62fe-4576-99c1-71d698820c2a req-4de089d2-62fe-4576-99c1-71d698820c2a ] Request (ServersListShow2100Test:tearDownClass): 200 GET http://10.180.1.21/compute/v2.1/servers/96178865-200a-4e82-b11f-bdd258b3c4cf 0.610s
2025-12-09 06:21:49.202 66719 INFO tempest.lib.common.rest_client [req-1bf9e5f8-2d6f-4324-ad20-3d3b2f4d04b6 req-1bf9e5f8-2d6f-4324-ad20-3d3b2f4d04b6 ] Request (ServersWithSpecificFlavorTestJSON:test_verify_created_server_ephemeral_disk): 200 GET http://10.180.1.21/compute/v2.1/servers/84d866bc-4ffb-4f40-8412-ce246c570ead 0.642s
2025-12-09 06:21:49.271 66737 INFO tempest.lib.common.rest_client [req-496d091d-ff9b-4fd4-ab68-5227247eba96 req-496d091d-ff9b-4fd4-ab68-5227247eba96 ] Request (ListServersNegativeTestJSON:test_list_servers_by_limits_greater_than_actual_count): 200 GET http://10.180.1.21/compute/v2.1/servers?limit=102 0.694s
2025-12-09 06:21:49.330 66765 INFO tempest.lib.common.rest_client [req-c133e280-2b3d-4798-bc71-abdbef3f3bc4 req-c133e280-2b3d-4798-bc71-abdbef3f3bc4 ] Request (ServersTestMultiNic:test_verify_duplicate_network_nics): 200 GET http://10.180.1.21/compute/v2.1/servers/dccedb85-6e69-46ae-b3f5-b49eb533b385 0.744s
2025-12-09 06:21:49.395 66739 INFO tempest.lib.common.rest_client [req-92b49b70-71c3-4a41-9d7b-e11b0956b134 req-92b49b70-71c3-4a41-9d7b-e11b0956b134 ] Request (MultipleCreateTestJSON:test_multiple_create_with_reservation_return): 200 GET http://10.180.1.21/compute/v2.1/servers/b4747d6c-309d-4e07-9f47-a3271f9bd62e 0.735s
2025-12-09 06:21:49.530 66727 INFO tempest.lib.common.rest_client [req-6cfc85be-be48-4477-89ed-76ef22c97e27 req-6cfc85be-be48-4477-89ed-76ef22c97e27 ] Request (ServersTestJSON:test_create_specify_keypair): 200 GET http://10.180.1.21/compute/v2.1/servers/f7f07cce-fd0f-4c9a-9e88-0589fb035992 0.844s
2025-12-09 06:21:49.591 66771 INFO tempest.lib.common.rest_client [req-73c65117-761f-4956-b61a-c7984612b7ae req-73c65117-761f-4956-b61a-c7984612b7ae ] Request (ServerAddressesTestJSON:setUpClass): 200 GET http://10.180.1.21/compute/v2.1/servers/aa7bfb12-b46e-4b70-8b2c-6738343f146f 0.831s
2025-12-09 06:21:49.600 66773 INFO tempest.lib.common.rest_client [req-c1524607-3dbf-4731-adff-690a9778b4da req-c1524607-3dbf-4731-adff-690a9778b4da ] Request (ServersAaction247Test:tearDownClass): 200 GET http://10.180.1.21/compute/v2.1/servers/c44d6109-2049-48f1-b545-d9aa42a45cb2 1.131s
2025-12-09 06:21:49.672 66743 INFO tempest.lib.common.rest_client [req-4767f17b-f0a8-4b8e-9f48-55ffb6b252c0 req-4767f17b-f0a8-4b8e-9f48-55ffb6b252c0 ] Request (ImagesOneServerNegativeTestJSON:setUpClass): 200 GET http://10.180.1.21/compute/v2.1/servers/8f0bb16d-46aa-4f23-927e-c6d1990f7d28 0.792s
2025-12-09 06:21:49.676 66721 INFO tempest.lib.common.rest_client [req-f7c06f7a-d080-42db-b505-523418406e48 req-f7c06f7a-d080-42db-b505-523418406e48 ] Request (SecurityGroupsTestJSON:test_server_security_groups): 400 DELETE http://10.180.1.21/compute/v2.1/os-security-groups/8c0bf40a-cbd3-42c6-9eb7-b828bb181274 0.879s
2025-12-09 06:21:49.680 66743 INFO tempest.common.waiters [-] State transition "BUILD/scheduling" ==> "BUILD/None" after 19 second wait
2025-12-09 06:21:49.778 66725 INFO tempest.lib.common.rest_client [req-9f1e83e8-7462-4e0a-bd42-91ecd1ce89fe req-9f1e83e8-7462-4e0a-bd42-91ecd1ce89fe ] Request (ServersNegativeTestJSON:setUp): 200 GET http://10.180.1.21/compute/v2.1/servers/26fec902-f263-457b-bbcc-b8881f17174d 0.862s
2025-12-09 06:21:49.878 66767 INFO tempest.lib.common.rest_client [req-620f634b-f0e4-4228-a9e4-117a17e84453 req-620f634b-f0e4-4228-a9e4-117a17e84453 ] Request (ListImageFiltersTestJSON:tearDownClass): 204 DELETE http://10.180.1.21/compute/v2.1/images/06b793ad-2625-46c9-b45d-66e9ccb4dc70 0.938s
2025-12-09 06:21:49.955 66723 INFO tempest.lib.common.rest_client [req-5f3c3c2b-a540-41c7-9ecc-788c8119d94e req-5f3c3c2b-a540-41c7-9ecc-788c8119d94e ] Request (ServerActionsTestOtherA:_run_cleanups): 200 GET http://10.180.1.21/compute/v2.1/servers/d0389f66-b3cf-48aa-bb27-59152d83066a 0.947s
2025-12-09 06:21:50.007 66745 INFO tempest.lib.common.rest_client [req-189b2e6a-1e54-4f25-97eb-5529d6acc0be req-189b2e6a-1e54-4f25-97eb-5529d6acc0be ] Request (ServerDiskConfigTestJSON:test_rebuild_server_with_auto_disk_config): 200 GET http://10.180.1.21/compute/v2.1/servers/0d8a9b48-e937-4a15-8567-192aa4637ca2 0.920s
2025-12-09 06:21:50.079 66741 INFO tempest.lib.common.rest_client [req-421a9ee4-b957-4d90-90a8-f16f6f6cabc7 req-421a9ee4-b957-4d90-90a8-f16f6f6cabc7 ] Request (ImagesTestJSON:test_create_image_from_stopped_server): 202 POST http://10.180.1.21/compute/v2.1/servers 1.163s
2025-12-09 06:21:50.130 66751 INFO tempest.lib.common.rest_client [req-5d8a9d57-331a-4aa8-9b21-06363adb531b req-5d8a9d57-331a-4aa8-9b21-06363adb531b ] Request (MigrationsAdminTest:test_resize_server_revert_deleted_flavor): 200 GET http://10.180.1.21/compute/v2.1/servers/ab063d16-243e-4480-ae25-c53adf368520 1.039s
2025-12-09 06:21:50.184 66749 INFO tempest.lib.common.rest_client [req-140f8b60-349b-4303-b325-58cd2035dde4 req-140f8b60-349b-4303-b325-58cd2035dde4 ] Request (ServersAdminNegativeTestJSON:tearDownClass): 200 GET http://10.180.1.21/compute/v2.1/servers/cf65ea21-1566-461b-b0bb-44571975cc2b 1.063s
2025-12-09 06:21:50.184 66763 INFO tempest.lib.common.rest_client [req-65dee24e-571f-49c1-8a5f-e6b38b9eb17e req-65dee24e-571f-49c1-8a5f-e6b38b9eb17e ] Request (DeleteServersTestJSON:test_delete_active_server): 200 GET http://10.180.1.21/compute/v2.1/servers/9caa8091-b2ff-46e6-b3dd-a7fe626434ec 1.028s
2025-12-09 06:21:50.192 66737 INFO tempest.lib.common.rest_client [req-9280a1b5-b294-400f-826c-56d4c5aa0ce7 req-9280a1b5-b294-400f-826c-56d4c5aa0ce7 ] Request (ListServersNegativeTestJSON:test_list_servers_by_limits_pass_negative_value): 400 GET http://10.180.1.21/compute/v2.1/servers?limit=-1 0.918s
2025-12-09 06:21:50.254 66754 INFO tempest.lib.common.rest_client [req-2d993079-4518-47b5-845b-88b027922452 req-2d993079-4518-47b5-845b-88b027922452 ] Request (ServerActionsTestOtherB:setUpClass): 200 GET http://10.180.1.21/compute/v2.1/servers/4fee822f-7286-4337-ae97-a1dff697afe7 0.932s
2025-12-09 06:21:50.294 66715 INFO tempest.lib.common.rest_client [req-5a33c999-aa30-474e-a8cd-27ddc4990309 req-5a33c999-aa30-474e-a8cd-27ddc4990309 ] Request (InstanceActionsNegativeTestJSON:tearDownClass): 200 GET http://10.180.1.21/compute/v2.1/servers/676ea782-828b-4154-8055-537bebd01b9e 0.952s
2025-12-09 06:21:50.345 66755 INFO tempest.lib.common.rest_client [req-f3dc603a-dd60-452b-a423-764bf2933a69 req-f3dc603a-dd60-452b-a423-764bf2933a69 ] Request (ServerActionsV293TestJSON:setUpClass): 200 GET http://10.180.1.21/compute/v2.1/servers/086625ac-0dff-436a-abcc-26e4693fa164 0.915s
2025-12-09 06:21:50.435 66775 INFO tempest.lib.common.rest_client [req-e3b363e1-4032-450a-83a1-0aa86cf96024 req-e3b363e1-4032-450a-83a1-0aa86cf96024 ] Request (ServersTestBootFromVolume:tearDownClass): 200 GET http://10.180.1.21/compute/v2.1/servers/85e8a541-8327-4d50-b213-1d753c7cc37a 0.896s
2025-12-09 06:21:50.445 66725 INFO tempest.lib.common.rest_client [req-3e6e0832-ba24-4019-beba-0c4fe2f18892 req-3e6e0832-ba24-4019-beba-0c4fe2f18892 ] Request (ServersNegativeTestJSON:test_delete_non_existent_server): 404 DELETE http://10.180.1.21/compute/v2.1/servers/67141511-3238-456b-9c92-8926a75c5537 0.659s
2025-12-09 06:21:50.491 66721 INFO tempest.lib.common.rest_client [req-bb63aa3b-712d-4250-a171-df21a1cad894 req-bb63aa3b-712d-4250-a171-df21a1cad894 ] Request (SecurityGroupsTestJSON:test_server_security_groups): 202 POST http://10.180.1.21/compute/v2.1/servers/7698df95-a58d-4273-9b02-92ddb5ba22a5/action 0.815s
2025-12-09 06:21:50.606 66730 INFO tempest.lib.common.rest_client [req-c71c778d-8598-42f6-85d8-364872b06599 req-c71c778d-8598-42f6-85d8-364872b06599 ] Request (ServerMetadataTestJSON:tearDownClass): 200 GET http://10.180.1.21/compute/v2.1/servers/ec0375cf-515b-4528-b367-071babf1fa85 0.612s
2025-12-09 06:21:50.679 66767 INFO tempest.lib.common.rest_client [req-5cb70fed-ba7b-4097-ade5-b4c0974a1fdf req-5cb70fed-ba7b-4097-ade5-b4c0974a1fdf ] Request (ListImageFiltersTestJSON:tearDownClass): 204 DELETE http://10.180.1.21/compute/v2.1/servers/fe9250fe-c61e-4a51-9aec-01b6c1a05602 0.800s
2025-12-09 06:21:50.695 66735 INFO tempest.lib.common.rest_client [req-d9c258d1-9e48-415d-ac1a-0e8b561f7a6c req-d9c258d1-9e48-415d-ac1a-0e8b561f7a6c ] Request (ServersTestFqdnHostnames:test_create_server_with_fqdn_name): 200 GET http://10.180.1.21/compute/v2.1/servers/efe87f71-1848-4f96-a1a4-6d76ffd95360 0.652s
2025-12-09 06:21:50.703 66735 INFO tempest.common.waiters [-] State transition "BUILD/scheduling" ==> "BUILD/None" after 19 second wait
2025-12-09 06:21:50.734 66741 INFO tempest.lib.common.rest_client [req-1895ed11-fb52-4ded-88dd-47965b5e2404 req-1895ed11-fb52-4ded-88dd-47965b5e2404 ] Request (ImagesTestJSON:test_create_image_from_stopped_server): 200 GET http://10.180.1.21/compute/v2.1/servers/eac98a81-72eb-4ab0-ad60-f3d41959ce60 0.652s
2025-12-09 06:21:50.762 66731 INFO tempest.lib.common.rest_client [req-f57bfbeb-210d-4db7-b558-2ce4099cdf6e req-f57bfbeb-210d-4db7-b558-2ce4099cdf6e ] Request (ServersAdminTestJSON:test_create_server_with_scheduling_hint): 200 GET http://10.180.1.21/compute/v2.1/servers/63ec2b80-4dfc-491b-94d8-968515b16ece 0.670s
2025-12-09 06:21:50.765 66751 INFO tempest.lib.common.rest_client [req-35d5585e-5e36-45cd-9111-963ba6fb5d42 req-35d5585e-5e36-45cd-9111-963ba6fb5d42 ] Request (MigrationsAdminTest:test_resize_server_revert_deleted_flavor): 202 DELETE http://10.180.1.21/compute/v2.1/flavors/adff5cef-4de9-4a3a-8e06-62ca143abb7b 0.621s
2025-12-09 06:21:50.769 66737 INFO tempest.lib.common.rest_client [req-7d5084b7-7200-41ee-aaa9-cf96620036ec req-7d5084b7-7200-41ee-aaa9-cf96620036ec ] Request (ListServersNegativeTestJSON:test_list_servers_by_limits_pass_string): 400 GET http://10.180.1.21/compute/v2.1/servers?limit=testing 0.576s
2025-12-09 06:21:50.896 66747 INFO tempest.lib.common.rest_client [req-a4f18b38-ce98-442d-8f55-047d4f4487bc req-a4f18b38-ce98-442d-8f55-047d4f4487bc ] Request (ServersListShow2100Test:tearDownClass): 200 GET http://10.180.1.21/compute/v2.1/servers/96178865-200a-4e82-b11f-bdd258b3c4cf 0.729s
2025-12-09 06:21:50.928 66719 INFO tempest.lib.common.rest_client [req-70529a2b-d631-4b06-afee-549aea6df89c req-70529a2b-d631-4b06-afee-549aea6df89c ] Request (ServersWithSpecificFlavorTestJSON:test_verify_created_server_ephemeral_disk): 200 GET http://10.180.1.21/compute/v2.1/servers/84d866bc-4ffb-4f40-8412-ce246c570ead 0.717s
2025-12-09 06:21:50.937 66719 INFO tempest.common.waiters [-] State transition "BUILD/None" ==> "BUILD/networking" after 49 second wait
2025-12-09 06:21:50.990 66765 INFO tempest.lib.common.rest_client [req-6f215bef-5206-4540-8da2-dfb3ed854106 req-6f215bef-5206-4540-8da2-dfb3ed854106 ] Request (ServersTestMultiNic:test_verify_duplicate_network_nics): 200 GET http://10.180.1.21/compute/v2.1/servers/dccedb85-6e69-46ae-b3f5-b49eb533b385 0.652s
2025-12-09 06:21:51.003 66739 INFO tempest.lib.common.rest_client [req-89a5839c-5666-40d7-b355-e30a6dd578f8 req-89a5839c-5666-40d7-b355-e30a6dd578f8 ] Request (MultipleCreateTestJSON:test_multiple_create_with_reservation_return): 200 GET http://10.180.1.21/compute/v2.1/servers/b4747d6c-309d-4e07-9f47-a3271f9bd62e 0.600s
2025-12-09 06:21:51.202 66725 INFO tempest.lib.common.rest_client [req-261ee84b-115c-4450-b7f2-2584606b56dc req-261ee84b-115c-4450-b7f2-2584606b56dc ] Request (ServersNegativeTestJSON:tearDown): 200 GET http://10.180.1.21/compute/v2.1/servers/26fec902-f263-457b-bbcc-b8881f17174d 0.756s
2025-12-09 06:21:51.228 66721 INFO tempest.lib.common.rest_client [req-16f8d26d-4932-49c3-bf99-f043becf95f2 req-16f8d26d-4932-49c3-bf99-f043becf95f2 ] Request (SecurityGroupsTestJSON:test_server_security_groups): 200 GET http://10.180.1.21/compute/v2.1/servers/7698df95-a58d-4273-9b02-92ddb5ba22a5 0.736s
2025-12-09 06:21:51.392 66771 INFO tempest.lib.common.rest_client [req-fe955cf7-2156-44c6-96c7-6fad49102af0 req-fe955cf7-2156-44c6-96c7-6fad49102af0 ] Request (ServerAddressesTestJSON:setUpClass): 200 GET http://10.180.1.21/compute/v2.1/servers/aa7bfb12-b46e-4b70-8b2c-6738343f146f 0.794s
2025-12-09 06:21:51.431 66727 INFO tempest.lib.common.rest_client [req-73ea890b-251e-46b2-8e89-7f33204465d8 req-73ea890b-251e-46b2-8e89-7f33204465d8 ] Request (ServersTestJSON:test_create_specify_keypair): 200 GET http://10.180.1.21/compute/v2.1/servers/f7f07cce-fd0f-4c9a-9e88-0589fb035992 0.887s
2025-12-09 06:21:51.504 66773 INFO tempest.lib.common.rest_client [req-ba11e433-1525-4072-b425-65692b5a2d4c req-ba11e433-1525-4072-b425-65692b5a2d4c ] Request (ServersAaction247Test:tearDownClass): 200 GET http://10.180.1.21/compute/v2.1/servers/c44d6109-2049-48f1-b545-d9aa42a45cb2 0.894s
2025-12-09 06:21:51.603 66767 INFO tempest.lib.common.rest_client [req-3e6426d1-b457-40eb-ba6f-453804343b01 req-3e6426d1-b457-40eb-ba6f-453804343b01 ] Request (ListImageFiltersTestJSON:tearDownClass): 200 GET http://10.180.1.21/compute/v2.1/servers/fe9250fe-c61e-4a51-9aec-01b6c1a05602 0.924s
2025-12-09 06:21:51.616 66743 INFO tempest.lib.common.rest_client [req-72ba1ca3-b2a9-4927-b7dd-6fa6f19e7de4 req-72ba1ca3-b2a9-4927-b7dd-6fa6f19e7de4 ] Request (ImagesOneServerNegativeTestJSON:setUpClass): 200 GET http://10.180.1.21/compute/v2.1/servers/8f0bb16d-46aa-4f23-927e-c6d1990f7d28 0.933s
2025-12-09 06:21:51.634 66737 INFO tempest.lib.common.rest_client [req-a68021f9-d8d1-40d8-a631-2b3d5ca0834a req-a68021f9-d8d1-40d8-a631-2b3d5ca0834a ] Request (ListServersNegativeTestJSON:test_list_servers_by_non_existing_flavor): 200 GET http://10.180.1.21/compute/v2.1/servers?flavor=non_existing_flavor 0.863s
2025-12-09 06:21:51.635 66751 INFO tempest.lib.common.rest_client [req-97df0647-4106-45e1-9155-9166d309900b req-97df0647-4106-45e1-9155-9166d309900b ] Request (MigrationsAdminTest:test_resize_server_revert_deleted_flavor): 200 GET http://10.180.1.21/compute/v2.1/flavors/detail 0.870s
2025-12-09 06:21:51.690 66745 INFO tempest.lib.common.rest_client [req-0c952482-c82f-483c-baee-2c24e17b6aec req-0c952482-c82f-483c-baee-2c24e17b6aec ] Request (ServerDiskConfigTestJSON:test_rebuild_server_with_auto_disk_config): 200 GET http://10.180.1.21/compute/v2.1/servers/0d8a9b48-e937-4a15-8567-192aa4637ca2 0.675s
2025-12-09 06:21:51.706 66723 INFO tempest.lib.common.rest_client [req-6407db58-3f26-4b76-9b70-78b4913b2486 req-6407db58-3f26-4b76-9b70-78b4913b2486 ] Request (ServerActionsTestOtherA:_run_cleanups): 200 GET http://10.180.1.21/compute/v2.1/servers/d0389f66-b3cf-48aa-bb27-59152d83066a 0.742s
2025-12-09 06:21:51.760 66749 INFO tempest.lib.common.rest_client [req-5f53b105-8b10-44dc-980d-0c852c11b26a req-5f53b105-8b10-44dc-980d-0c852c11b26a ] Request (ServersAdminNegativeTestJSON:tearDownClass): 200 GET http://10.180.1.21/compute/v2.1/servers/cf65ea21-1566-461b-b0bb-44571975cc2b 0.569s
2025-12-09 06:21:51.772 66763 INFO tempest.lib.common.rest_client [req-ac2b5729-f910-4b0c-99d0-7902edfe7ed7 req-ac2b5729-f910-4b0c-99d0-7902edfe7ed7 ] Request (DeleteServersTestJSON:test_delete_active_server): 200 GET http://10.180.1.21/compute/v2.1/servers/9caa8091-b2ff-46e6-b3dd-a7fe626434ec 0.579s
2025-12-09 06:21:51.855 66754 INFO tempest.lib.common.rest_client [req-c811617b-1e1f-4583-b945-86fb78113185 req-c811617b-1e1f-4583-b945-86fb78113185 ] Request (ServerActionsTestOtherB:setUpClass): 200 GET http://10.180.1.21/compute/v2.1/servers/4fee822f-7286-4337-ae97-a1dff697afe7 0.589s
2025-12-09 06:21:51.883 66725 INFO tempest.lib.common.rest_client [req-411ec82e-f286-4df8-944e-6c88a9597945 req-411ec82e-f286-4df8-944e-6c88a9597945 ] Request (ServersNegativeTestJSON:setUp): 200 GET http://10.180.1.21/compute/v2.1/servers/26fec902-f263-457b-bbcc-b8881f17174d 0.672s
2025-12-09 06:21:51.934 66715 INFO tempest.lib.common.rest_client [req-445be78a-d9f9-4059-b1a8-818e91fe719d req-445be78a-d9f9-4059-b1a8-818e91fe719d ] Request (InstanceActionsNegativeTestJSON:tearDownClass): 200 GET http://10.180.1.21/compute/v2.1/servers/676ea782-828b-4154-8055-537bebd01b9e 0.631s
2025-12-09 06:21:51.956 66755 INFO tempest.lib.common.rest_client [req-261395bd-be32-4319-b116-bfeaa2a6aec0 req-261395bd-be32-4319-b116-bfeaa2a6aec0 ] Request (ServerActionsV293TestJSON:setUpClass): 200 GET http://10.180.1.21/compute/v2.1/servers/086625ac-0dff-436a-abcc-26e4693fa164 0.597s
2025-12-09 06:21:52.002 66775 INFO tempest.lib.common.rest_client [req-2a15017d-4202-444f-b7fa-b34e5d51cdcc req-2a15017d-4202-444f-b7fa-b34e5d51cdcc ] Request (ServersTestBootFromVolume:tearDownClass): 200 GET http://10.180.1.21/compute/v2.1/servers/85e8a541-8327-4d50-b213-1d753c7cc37a 0.555s
2025-12-09 06:21:52.027 66730 INFO tempest.lib.common.rest_client [req-6842b831-d737-4bc5-9e50-6dd8ce6b4f0c req-6842b831-d737-4bc5-9e50-6dd8ce6b4f0c ] Request (ServerMetadataTestJSON:tearDownClass): 200 GET http://10.180.1.21/compute/v2.1/servers/ec0375cf-515b-4528-b367-071babf1fa85 0.406s
2025-12-09 06:21:52.065 66737 INFO tempest.lib.common.rest_client [req-d44dd59d-9b87-4331-a892-a337e28b5d22 req-d44dd59d-9b87-4331-a892-a337e28b5d22 ] Request (ListServersNegativeTestJSON:test_list_servers_by_non_existing_image): 200 GET http://10.180.1.21/compute/v2.1/servers?image=non_existing_image 0.428s
2025-12-09 06:21:52.138 66735 INFO tempest.lib.common.rest_client [req-9fdeec48-50a1-4063-bac0-3080a7081699 req-9fdeec48-50a1-4063-bac0-3080a7081699 ] Request (ServersTestFqdnHostnames:test_create_server_with_fqdn_name): 200 GET http://10.180.1.21/compute/v2.1/servers/efe87f71-1848-4f96-a1a4-6d76ffd95360 0.433s
2025-12-09 06:21:52.168 66751 INFO tempest.lib.common.rest_client [req-88972bad-b82e-4cb0-aa8d-de3241f52016 req-88972bad-b82e-4cb0-aa8d-de3241f52016 ] Request (MigrationsAdminTest:test_resize_server_revert_deleted_flavor): 202 POST http://10.180.1.21/compute/v2.1/servers/ab063d16-243e-4480-ae25-c53adf368520/action 0.527s
2025-12-09 06:21:52.196 66741 INFO tempest.lib.common.rest_client [req-e40fda6f-9aaa-4fa6-b378-0548bae78638 req-e40fda6f-9aaa-4fa6-b378-0548bae78638 ] Request (ImagesTestJSON:test_create_image_from_stopped_server): 200 GET http://10.180.1.21/compute/v2.1/servers/eac98a81-72eb-4ab0-ad60-f3d41959ce60 0.450s
2025-12-09 06:21:52.199 66725 INFO tempest.lib.common.rest_client [req-01693234-3ba1-4e30-a6f0-0a72f5d060bf req-01693234-3ba1-4e30-a6f0-0a72f5d060bf ] Request (ServersNegativeTestJSON:test_delete_server_pass_id_exceeding_length_limit): 404 DELETE http://10.180.1.21/compute/v2.1/servers/9223372036854775808 0.305s
2025-12-09 06:21:52.245 66731 INFO tempest.lib.common.rest_client [req-f6de476a-1567-41ff-b664-82e9d2b96036 req-f6de476a-1567-41ff-b664-82e9d2b96036 ] Request (ServersAdminTestJSON:test_create_server_with_scheduling_hint): 200 GET http://10.180.1.21/compute/v2.1/servers/63ec2b80-4dfc-491b-94d8-968515b16ece 0.458s
2025-12-09 06:21:52.297 66747 INFO tempest.lib.common.rest_client [req-9c71b13d-28eb-4643-86e4-a8b75f5ce7d2 req-9c71b13d-28eb-4643-86e4-a8b75f5ce7d2 ] Request (ServersListShow2100Test:tearDownClass): 200 GET http://10.180.1.21/compute/v2.1/servers/96178865-200a-4e82-b11f-bdd258b3c4cf 0.383s
2025-12-09 06:21:52.467 66765 INFO tempest.lib.common.rest_client [req-6fdb99d3-7ebd-434d-ae93-0f4393479a70 req-6fdb99d3-7ebd-434d-ae93-0f4393479a70 ] Request (ServersTestMultiNic:test_verify_duplicate_network_nics): 200 GET http://10.180.1.21/compute/v2.1/servers/dccedb85-6e69-46ae-b3f5-b49eb533b385 0.466s
2025-12-09 06:21:52.468 66719 INFO tempest.lib.common.rest_client [req-e34f4c43-156e-4d6c-8d5e-c01d470ff8d1 req-e34f4c43-156e-4d6c-8d5e-c01d470ff8d1 ] Request (ServersWithSpecificFlavorTestJSON:test_verify_created_server_ephemeral_disk): 200 GET http://10.180.1.21/compute/v2.1/servers/84d866bc-4ffb-4f40-8412-ce246c570ead 0.528s
2025-12-09 06:21:52.475 66719 INFO tempest.common.waiters [-] State transition "BUILD/networking" ==> "BUILD/spawning" after 51 second wait
2025-12-09 06:21:52.514 66737 INFO tempest.lib.common.rest_client [req-8a49f3de-27c3-4431-8375-0103611cdc79 req-8a49f3de-27c3-4431-8375-0103611cdc79 ] Request (ListServersNegativeTestJSON:test_list_servers_by_non_existing_server_name): 200 GET http://10.180.1.21/compute/v2.1/servers?name=non_existing_server_name 0.446s
2025-12-09 06:21:52.516 66739 INFO tempest.lib.common.rest_client [req-5978465c-5402-4585-8fbd-dc0c20c5d327 req-5978465c-5402-4585-8fbd-dc0c20c5d327 ] Request (MultipleCreateTestJSON:test_multiple_create_with_reservation_return): 200 GET http://10.180.1.21/compute/v2.1/servers/b4747d6c-309d-4e07-9f47-a3271f9bd62e 0.503s
2025-12-09 06:21:52.641 66751 INFO tempest.lib.common.rest_client [req-3ffc9624-1416-4d0c-aca3-f0d4e6b34763 req-3ffc9624-1416-4d0c-aca3-f0d4e6b34763 ] Request (MigrationsAdminTest:test_resize_server_revert_deleted_flavor): 200 GET http://10.180.1.21/compute/v2.1/servers/ab063d16-243e-4480-ae25-c53adf368520 0.472s
2025-12-09 06:21:52.644 66725 INFO tempest.lib.common.rest_client [req-da3e502e-8cf9-4015-8ad8-28a47aa64dba req-da3e502e-8cf9-4015-8ad8-28a47aa64dba ] Request (ServersNegativeTestJSON:tearDown): 200 GET http://10.180.1.21/compute/v2.1/servers/26fec902-f263-457b-bbcc-b8881f17174d 0.445s
2025-12-09 06:21:52.726 66771 INFO tempest.lib.common.rest_client [req-1b6762d1-eb1a-4a36-9bad-4bcfdd531257 req-1b6762d1-eb1a-4a36-9bad-4bcfdd531257 ] Request (ServerAddressesTestJSON:setUpClass): 200 GET http://10.180.1.21/compute/v2.1/servers/aa7bfb12-b46e-4b70-8b2c-6738343f146f 0.321s
