2025-12-09 07:24:32.173 65564 INFO tempest.lib.common.rest_client [req-56fbd105-50de-45b0-9cf2-5b15f2037627 req-56fbd105-50de-45b0-9cf2-5b15f2037627 ] Request (ServersAdminNegativeTestJSON:tearDownClass): 200 GET http://10.180.1.21/compute/v2.1/servers/ce225fed-9d6e-49cc-802f-47e2dc8731b0 4.365s
2025-12-09 07:24:32.284 65572 INFO tempest.lib.common.rest_client [req-3a18519c-b2c2-4b73-b84b-b6dbb8c5d2ff req-3a18519c-b2c2-4b73-b84b-b6dbb8c5d2ff ] Request (DeleteServersTestJSON:test_delete_server_while_in_shelved_state): 200 GET http://10.180.1.21/compute/v2.1/servers/2cd689e5-67f7-4569-af4a-7fe142f81d45 4.212s
2025-12-09 07:24:32.292 65572 INFO tempest.common.waiters [-] State transition "BUILD/networking" ==> "BUILD/spawning" after 37 second wait
2025-12-09 07:24:32.366 65524 INFO tempest.lib.common.rest_client [req-e1619b1f-097f-47e0-9467-eeae8dddd460 req-e1619b1f-097f-47e0-9467-eeae8dddd460 ] Request (ServerMetadataTestJSON:tearDownClass): 200 GET http://10.180.1.21/compute/v2.1/servers/0409a0d2-402a-4d96-879d-8b190b588d3d 4.274s
2025-12-09 07:24:32.400 65554 INFO tempest.lib.common.rest_client [req-8ae88c10-6d54-4f76-808b-1759826c2fd5 req-8ae88c10-6d54-4f76-808b-1759826c2fd5 ] Request (ServerActionsV293TestJSON:setUpClass): 202 POST http://10.180.1.21/compute/v2.1/servers 6.168s
2025-12-09 07:24:32.412 65546 INFO tempest.lib.common.rest_client [req-d47c6cea-88aa-46fc-88d3-751319acd5e9 req-d47c6cea-88aa-46fc-88d3-751319acd5e9 ] Request (VolumesNegativeTest:test_create_volume_with_invalid_size): 400 POST http://10.180.1.21/compute/v2.1/os-volumes 4.235s
2025-12-09 07:24:32.482 65528 INFO tempest.lib.common.rest_client [req-8ee6f8c2-d593-49ec-abdf-a2588af7e8f9 req-8ee6f8c2-d593-49ec-abdf-a2588af7e8f9 ] Request (ServersAdminTestJSON:tearDownClass): 200 GET http://10.180.1.21/compute/v2.1/servers/d8af1ae0-8bdb-4e89-ae73-18c9a49a28f6 4.043s
2025-12-09 07:24:32.486 65522 INFO tempest.lib.common.rest_client [req-357d5ca2-adb8-45e9-8834-2044a6d069ff req-357d5ca2-adb8-45e9-8834-2044a6d069ff ] Request (ValidationResourcesFixture:setUp): 200 POST http://10.180.1.21/compute/v2.1/os-keypairs 3.881s
2025-12-09 07:24:32.493 65528 INFO tempest.common.waiters [-] State transition "ACTIVE/deleting" ==> "DELETED/None" after 5 second wait
2025-12-09 07:24:32.627 65522 INFO tempest.lib.common.rest_client [req-2f9667b5-5d8d-446d-a217-396357a7435e req-2f9667b5-5d8d-446d-a217-396357a7435e ] Request (ValidationResourcesFixture:setUp): 201 POST http://10.180.1.21/networking/v2.0/security-groups 0.139s
2025-12-09 07:24:32.658 65532 INFO tempest.lib.common.rest_client [req-2dafd934-07fd-47de-a9da-a44937572c3b req-2dafd934-07fd-47de-a9da-a44937572c3b ] Request (ListServersNegativeTestJSON:setUpClass): 200 GET http://10.180.1.21/compute/v2.1/servers/074a4b6a-b10b-4425-89c7-799ed165b156 3.950s
2025-12-09 07:24:32.668 65532 INFO tempest.common.waiters [-] State transition "BUILD/spawning" ==> "ACTIVE/None" after 49 second wait
2025-12-09 07:24:32.706 65534 INFO tempest.lib.common.rest_client [req-3d0d7509-e1ca-44ac-be66-1d55a27cc92a req-3d0d7509-e1ca-44ac-be66-1d55a27cc92a ] Request (ServerActionsTestOtherA:test_rebuild_server_in_stop_state): 200 GET http://10.180.1.21/compute/v2.1/servers/94bb5341-fd90-4756-a23f-225cb2c95b93 3.676s
2025-12-09 07:24:32.772 65522 INFO tempest.lib.common.rest_client [req-5510e856-47c7-4289-bd27-a13b4d899ddc req-5510e856-47c7-4289-bd27-a13b4d899ddc ] Request (ValidationResourcesFixture:setUp): 201 POST http://10.180.1.21/networking/v2.0/security-group-rules 0.143s
2025-12-09 07:24:32.845 65509 INFO tempest.lib.common.rest_client [req-de78df30-bb40-4af2-bf05-f49b454d1b3d req-de78df30-bb40-4af2-bf05-f49b454d1b3d ] Request (SecurityGroupsTestJSON:test_update_security_groups): 200 PUT http://10.180.1.21/compute/v2.1/os-security-groups/dd44a1d7-c520-435d-80e4-c1e8b3ff5b1d 3.323s
2025-12-09 07:24:32.896 65538 INFO tempest.lib.common.rest_client [req-33b7a679-8a3e-469c-9884-17113e96ff3e req-33b7a679-8a3e-469c-9884-17113e96ff3e ] Request (MigrationsAdminTest:test_resize_server_revert_deleted_flavor): 200 GET http://10.180.1.21/compute/v2.1/servers/60dfbf2e-e382-4b50-b4b5-ca970c97ed30 2.953s
2025-12-09 07:24:32.898 65522 INFO tempest.lib.common.rest_client [req-9c40625c-c21f-4d59-8458-25989aaac91f req-9c40625c-c21f-4d59-8458-25989aaac91f ] Request (ValidationResourcesFixture:setUp): 201 POST http://10.180.1.21/networking/v2.0/security-group-rules 0.125s
2025-12-09 07:24:32.904 65538 INFO tempest.common.waiters [-] State transition "RESIZE/resize_prep" ==> "RESIZE/resize_migrating" after 39 second wait
2025-12-09 07:24:33.084 65552 INFO tempest.lib.common.rest_client [req-b6b9b5ad-f969-4c3b-bb3c-d40a587f1adb req-b6b9b5ad-f969-4c3b-bb3c-d40a587f1adb ] Request (ImagesOneServerNegativeTestJSON:_run_cleanups): 200 GET http://10.180.1.21/compute/v2.1/servers/c18a87db-7d63-4938-9434-5d038412e55c 3.078s
2025-12-09 07:24:33.098 65552 INFO tempest.common.waiters [-] State transition "BUILD/None" ==> "BUILD/spawning" after 38 second wait
2025-12-09 07:24:33.485 65522 INFO tempest.lib.common.rest_client [req-90946c04-3aa6-46b8-b6e5-e8f2836edbda req-90946c04-3aa6-46b8-b6e5-e8f2836edbda ] Request (ValidationResourcesFixture:setUp): 201 POST http://10.180.1.21/networking/v2.0/floatingips 0.586s
2025-12-09 07:24:33.510 65562 INFO tempest.lib.common.rest_client [req-ddc304a8-e9e4-4bc4-9448-889d515e66bd req-ddc304a8-e9e4-4bc4-9448-889d515e66bd ] Request (AttachInterfacesTestJSON:_run_cleanups): 200 GET http://10.180.1.21/compute/v2.1/servers/9ccfa69e-e448-4ece-b810-cac14eef837a 2.481s
2025-12-09 07:24:33.518 65550 INFO tempest.lib.common.rest_client [req-91af8a1b-ad0b-41d8-bef6-5742bab1a53b req-91af8a1b-ad0b-41d8-bef6-5742bab1a53b ] Request (HypervisorAdminNegativeTestJSON:test_get_hypervisor_list_with_non_admin_user): 403 GET http://10.180.1.21/compute/v2.1/os-hypervisors 2.373s
2025-12-09 07:24:33.519 65562 INFO tempest.common.waiters [-] State transition "ACTIVE/deleting" ==> "DELETED/None" after 3 second wait
2025-12-09 07:24:33.527 65522 INFO tempest.lib.common.rest_client [req-dbeea129-0dd4-4024-bea0-67735d450506 req-dbeea129-0dd4-4024-bea0-67735d450506 ] Request (AttachVolumeTestJSON:test_attach_detach_volume): 201 POST http://10.180.1.21/identity/v3/auth/tokens 0.039s
2025-12-09 07:24:33.528 65522 INFO tempest.lib.common.fixed_network [-] (AttachVolumeTestJSON:test_attach_detach_volume) Found network {'id': '378e43e2-1a6e-4e67-8701-8838d1128ec7', 'name': 'tempest-AttachVolumeTestJSON-2111678647-network', 'tenant_id': 'c565d491761749d8975631b7d6746206', 'project_id': 'c565d491761749d8975631b7d6746206', 'admin_state_up': True, 'mtu': 8950, 'status': 'ACTIVE', 'subnets': [], 'shared': False, 'port_security_enabled': True, 'router:external': False, 'provider:network_type': 'vlan', 'provider:physical_network': 'default', 'provider:segmentation_id': 276, 'availability_zone_hints': [], 'availability_zones': [], 'ipv4_address_scope': None, 'ipv6_address_scope': None, 'description': '', 'tags': [], 'created_at': '2025-12-09T07:24:25Z', 'updated_at': '2025-12-09T07:24:25Z', 'revision_number': 1} available for tenant
2025-12-09 07:24:33.630 65560 INFO tempest.lib.common.rest_client [req-f7e58281-ee44-42e2-9989-6aeb6673b3ba req-f7e58281-ee44-42e2-9989-6aeb6673b3ba ] Request (ServerActionsTestOtherB:setUpClass): 200 POST http://10.180.1.21/compute/v2.1/os-keypairs 1.648s
2025-12-09 07:24:33.652 65511 INFO tempest.lib.common.rest_client [req-df44bfe4-5f9a-4d86-8921-850f87c10e5b req-df44bfe4-5f9a-4d86-8921-850f87c10e5b ] Request (ListServerFiltersTestJSON:tearDownClass): 404 GET http://10.180.1.21/compute/v2.1/servers/ce77e4c5-dac4-49a1-98e5-7ef191044f8f 1.649s
2025-12-09 07:24:33.777 65560 INFO tempest.lib.common.rest_client [req-60e22b60-59fe-4d60-972a-f80a3e61f0e1 req-60e22b60-59fe-4d60-972a-f80a3e61f0e1 ] Request (ServerActionsTestOtherB:setUpClass): 201 POST http://10.180.1.21/networking/v2.0/security-groups 0.144s
2025-12-09 07:24:33.810 65554 INFO tempest.lib.common.rest_client [req-3727d539-762c-44e6-8a92-6e1c30300871 req-3727d539-762c-44e6-8a92-6e1c30300871 ] Request (ServerActionsV293TestJSON:setUpClass): 200 GET http://10.180.1.21/compute/v2.1/servers/1831c997-5b97-487a-ac16-d381b74032e2 1.408s
2025-12-09 07:24:33.815 65546 INFO tempest.lib.common.rest_client [req-151bd180-be52-47e2-9e12-c35fd3a7b6dd req-151bd180-be52-47e2-9e12-c35fd3a7b6dd ] Request (VolumesNegativeTest:test_create_volume_with_size_zero): 400 POST http://10.180.1.21/compute/v2.1/os-volumes 1.398s
2025-12-09 07:24:33.933 65560 INFO tempest.lib.common.rest_client [req-490aa272-302b-4346-ba09-6d679dcd77ec req-490aa272-302b-4346-ba09-6d679dcd77ec ] Request (ServerActionsTestOtherB:setUpClass): 201 POST http://10.180.1.21/networking/v2.0/security-group-rules 0.156s
2025-12-09 07:24:34.049 65532 INFO tempest.lib.common.rest_client [req-b8909e8f-6863-42ad-858a-f6695eb406c0 req-b8909e8f-6863-42ad-858a-f6695eb406c0 ] Request (ListServersNegativeTestJSON:setUpClass): 200 GET http://10.180.1.21/compute/v2.1/servers/a83d735a-6b80-4458-a40a-503b3d9d9201 1.380s
2025-12-09 07:24:34.051 65560 INFO tempest.lib.common.rest_client [req-4226f713-7c93-44d4-9770-af64a4d71c82 req-4226f713-7c93-44d4-9770-af64a4d71c82 ] Request (ServerActionsTestOtherB:setUpClass): 201 POST http://10.180.1.21/networking/v2.0/security-group-rules 0.117s
2025-12-09 07:24:34.205 65530 INFO tempest.lib.common.rest_client [req-8a99c459-0e04-4354-9bfe-4a5548375460 req-8a99c459-0e04-4354-9bfe-4a5548375460 ] Request (FloatingIPsAssociationTestJSON:test_associate_already_associated_floating_ip): 202 POST http://10.180.1.21/compute/v2.1/servers/d1d8bc07-2201-4068-9ef8-a3779778b543/action 4.128s
2025-12-09 07:24:34.239 65509 INFO tempest.lib.common.rest_client [req-87fd5d90-e323-44ac-9278-0f8a85b5b490 req-87fd5d90-e323-44ac-9278-0f8a85b5b490 ] Request (SecurityGroupsTestJSON:test_update_security_groups): 200 GET http://10.180.1.21/compute/v2.1/os-security-groups/dd44a1d7-c520-435d-80e4-c1e8b3ff5b1d 1.386s
2025-12-09 07:24:34.287 65534 INFO tempest.lib.common.rest_client [req-a6b2f913-162d-4a7b-befb-c1a507ff4d3d req-a6b2f913-162d-4a7b-befb-c1a507ff4d3d ] Request (ServerActionsTestOtherA:test_rebuild_server_in_stop_state): 202 POST http://10.180.1.21/compute/v2.1/servers/94bb5341-fd90-4756-a23f-225cb2c95b93/action 1.572s
2025-12-09 07:24:34.319 65544 INFO tempest.lib.common.rest_client [req-7c503e4a-39a3-4450-b006-17da17db78d2 req-7c503e4a-39a3-4450-b006-17da17db78d2 ] Request (ServerPasswordTestJSON:tearDownClass): 200 GET http://10.180.1.21/compute/v2.1/servers/d1a59421-7b65-44d2-805f-ceb0f40c9a35 1.340s
2025-12-09 07:24:34.415 65520 INFO tempest.lib.common.rest_client [req-7c149f12-3d88-4451-864b-39ac0bf1c614 req-7c149f12-3d88-4451-864b-39ac0bf1c614 ] Request (AttachInterfacesV270Test:tearDownClass): 200 GET http://10.180.1.21/compute/v2.1/servers/8067658d-fa6e-4ddf-b4a6-f0b71a0b2428 1.299s
2025-12-09 07:24:34.442 65564 INFO tempest.lib.common.rest_client [req-9971b079-9b89-4448-a5e3-03b4cc69e28d req-9971b079-9b89-4448-a5e3-03b4cc69e28d ] Request (ServersAdminNegativeTestJSON:tearDownClass): 200 GET http://10.180.1.21/compute/v2.1/servers/ce225fed-9d6e-49cc-802f-47e2dc8731b0 1.256s
2025-12-09 07:24:34.453 65564 INFO tempest.common.waiters [-] State transition "ACTIVE/deleting" ==> "DELETED/None" after 2 second wait
2025-12-09 07:24:34.477 65524 INFO tempest.lib.common.rest_client [req-54c6b3f7-c2ea-46ce-b282-66e2dbbc2dcf req-54c6b3f7-c2ea-46ce-b282-66e2dbbc2dcf ] Request (ServerMetadataTestJSON:tearDownClass): 404 GET http://10.180.1.21/compute/v2.1/servers/0409a0d2-402a-4d96-879d-8b190b588d3d 1.103s
2025-12-09 07:24:34.642 65560 INFO tempest.lib.common.rest_client [req-61cb42e9-858b-48c6-a78d-f52e93daf14d req-61cb42e9-858b-48c6-a78d-f52e93daf14d ] Request (ServerActionsTestOtherB:setUpClass): 201 POST http://10.180.1.21/networking/v2.0/floatingips 0.591s
2025-12-09 07:24:34.694 65572 INFO tempest.lib.common.rest_client [req-0a54e7a8-3605-432e-a27c-010526b829d9 req-0a54e7a8-3605-432e-a27c-010526b829d9 ] Request (DeleteServersTestJSON:test_delete_server_while_in_shelved_state): 200 GET http://10.180.1.21/compute/v2.1/servers/2cd689e5-67f7-4569-af4a-7fe142f81d45 1.400s
2025-12-09 07:24:34.694 65560 INFO tempest.lib.common.rest_client [req-6d409335-891f-417d-bbe7-93086c0f4ecd req-6d409335-891f-417d-bbe7-93086c0f4ecd ] Request (ServerActionsTestOtherB:setUpClass): 201 POST http://10.180.1.21/identity/v3/auth/tokens 0.046s
2025-12-09 07:24:34.694 65560 INFO tempest.lib.common.fixed_network [-] (ServerActionsTestOtherB:setUpClass) Found network {'id': '0fd5516e-5293-4b01-aa2b-03b4bd1f1118', 'name': 'tempest-ServerActionsTestOtherB-679495049-network', 'tenant_id': 'd95b694af57a40e49b227179d6655864', 'project_id': 'd95b694af57a40e49b227179d6655864', 'admin_state_up': True, 'mtu': 8950, 'status': 'ACTIVE', 'subnets': [], 'shared': False, 'port_security_enabled': True, 'router:external': False, 'provider:network_type': 'vlan', 'provider:physical_network': 'default', 'provider:segmentation_id': 881, 'availability_zone_hints': [], 'availability_zones': [], 'ipv4_address_scope': None, 'ipv6_address_scope': None, 'description': '', 'tags': [], 'created_at': '2025-12-09T07:24:28Z', 'updated_at': '2025-12-09T07:24:28Z', 'revision_number': 1} available for tenant
2025-12-09 07:24:34.709 65550 INFO tempest.lib.common.rest_client [req-2d33796b-b4a1-4e09-ab95-25f27b86e167 req-2d33796b-b4a1-4e09-ab95-25f27b86e167 ] Request (HypervisorAdminNegativeTestJSON:test_get_hypervisor_stats_with_non_admin_user): 403 GET http://10.180.1.21/compute/v2.1/os-hypervisors/statistics 1.189s
2025-12-09 07:24:34.721 65528 INFO tempest.lib.common.rest_client [req-f125063c-af1e-4e25-91b4-3ae4c014d34c req-f125063c-af1e-4e25-91b4-3ae4c014d34c ] Request (ServersAdminTestJSON:tearDownClass): 200 GET http://10.180.1.21/compute/v2.1/servers/d8af1ae0-8bdb-4e89-ae73-18c9a49a28f6 1.226s
2025-12-09 07:24:34.774 65536 WARNING tempest.lib.common.ssh [-] Failed to establish authenticated ssh connection to cirros@10.180.180.129 ([Errno None] Unable to connect to port 22 on 10.180.180.129). Number attempts: 7. Retry after 8 seconds.: paramiko.ssh_exception.NoValidConnectionsError: [Errno None] Unable to connect to port 22 on 10.180.180.129
2025-12-09 07:24:34.869 65511 INFO tempest.lib.common.rest_client [req-d7adc165-388a-47f2-aa82-8564ea7a0a98 req-d7adc165-388a-47f2-aa82-8564ea7a0a98 ] Request (ListServerFiltersTestJSON:tearDownClass): 204 DELETE http://10.180.1.21/compute/v2.1/servers/02a8b5e3-2ccc-4e00-8d53-90ce5b3e6b6f 1.217s
2025-12-09 07:24:34.876 65546 INFO tempest.lib.common.rest_client [req-cd73ca34-d0e8-4627-9a3d-9b5c4d7b253a req-cd73ca34-d0e8-4627-9a3d-9b5c4d7b253a ] Request (VolumesNegativeTest:test_create_volume_without_passing_size): 400 POST http://10.180.1.21/compute/v2.1/os-volumes 1.059s
2025-12-09 07:24:34.883 65526 INFO paramiko.transport [-] Connected (version 2.0, client dropbear_2020.81)
2025-12-09 07:24:34.991 65526 INFO paramiko.transport [-] Authentication (publickey) successful!
2025-12-09 07:24:34.992 65526 INFO tempest.lib.common.ssh [-] ssh connection to cirros@10.180.180.221 successfully created
2025-12-09 07:24:35.136 65538 INFO tempest.lib.common.rest_client [req-dd1418ac-bd68-4d28-b3e5-cc335cf0e497 req-dd1418ac-bd68-4d28-b3e5-cc335cf0e497 ] Request (MigrationsAdminTest:test_resize_server_revert_deleted_flavor): 200 GET http://10.180.1.21/compute/v2.1/servers/60dfbf2e-e382-4b50-b4b5-ca970c97ed30 1.231s
2025-12-09 07:24:35.287 65522 INFO tempest.lib.common.rest_client [req-96c1e626-b4a9-48a2-a837-a528376cdb76 req-96c1e626-b4a9-48a2-a837-a528376cdb76 ] Request (AttachVolumeTestJSON:test_attach_detach_volume): 202 POST http://10.180.1.21/compute/v2.1/servers 1.757s
2025-12-09 07:24:35.300 65552 INFO tempest.lib.common.rest_client [req-098b7ed9-7aad-40f0-9629-b239ada2fafc req-098b7ed9-7aad-40f0-9629-b239ada2fafc ] Request (ImagesOneServerNegativeTestJSON:_run_cleanups): 200 GET http://10.180.1.21/compute/v2.1/servers/c18a87db-7d63-4938-9434-5d038412e55c 1.200s
2025-12-09 07:24:35.429 65524 INFO tempest.lib.common.rest_client [req-8244e14d-cd0c-406e-9aa4-66407b7ed834 req-8244e14d-cd0c-406e-9aa4-66407b7ed834 ] Request (ServerMetadataTestJSON:tearDownClass): 200 PUT http://10.180.1.21/networking/v2.0/routers/288a2cbc-b3a6-425c-88f4-69f3beb783b9/remove_router_interface 0.951s
2025-12-09 07:24:35.520 65509 INFO tempest.lib.common.rest_client [req-71c1741b-51c4-497c-a9a4-95e505d480dc req-71c1741b-51c4-497c-a9a4-95e505d480dc ] Request (SecurityGroupsTestJSON:tearDownClass): 202 DELETE http://10.180.1.21/compute/v2.1/os-security-groups/dd44a1d7-c520-435d-80e4-c1e8b3ff5b1d 1.276s
2025-12-09 07:24:35.875 65524 INFO tempest.lib.common.rest_client [req-67c46aae-a31a-451e-8571-3cc301728c91 req-67c46aae-a31a-451e-8571-3cc301728c91 ] Request (ServerMetadataTestJSON:tearDownClass): 204 DELETE http://10.180.1.21/networking/v2.0/routers/288a2cbc-b3a6-425c-88f4-69f3beb783b9 0.446s
2025-12-09 07:24:36.079 65524 INFO tempest.lib.common.rest_client [req-14e5fe2b-fcd6-4ba0-8e76-31a1d36a5a2a req-14e5fe2b-fcd6-4ba0-8e76-31a1d36a5a2a ] Request (ServerMetadataTestJSON:tearDownClass): 204 DELETE http://10.180.1.21/networking/v2.0/subnets/c235e649-12c9-4b19-aff1-4aa718131bd7 0.202s
2025-12-09 07:24:36.115 65534 INFO tempest.lib.common.rest_client [req-3547867f-4906-4b0a-ba39-c5c83ed81108 req-3547867f-4906-4b0a-ba39-c5c83ed81108 ] Request (ServerActionsTestOtherA:test_rebuild_server_in_stop_state): 200 GET http://10.180.1.21/compute/v2.1/servers/94bb5341-fd90-4756-a23f-225cb2c95b93 1.818s
2025-12-09 07:24:36.405 65562 INFO tempest.lib.common.rest_client [req-188d2e38-aeea-42c6-99d1-ce34b342bb00 req-188d2e38-aeea-42c6-99d1-ce34b342bb00 ] Request (AttachInterfacesTestJSON:_run_cleanups): 200 GET http://10.180.1.21/compute/v2.1/servers/9ccfa69e-e448-4ece-b810-cac14eef837a 1.885s
2025-12-09 07:24:36.415 65524 INFO tempest.lib.common.rest_client [req-c7ddcaf3-0ee4-4e8b-84b6-bde6439f347e req-c7ddcaf3-0ee4-4e8b-84b6-bde6439f347e ] Request (ServerMetadataTestJSON:tearDownClass): 204 DELETE http://10.180.1.21/networking/v2.0/networks/169ea2d3-63d1-4685-b679-c67077472455 0.335s
2025-12-09 07:24:36.534 65524 INFO tempest.lib.common.rest_client [req-1fee79d0-6b35-4636-8864-01d683577f3f req-1fee79d0-6b35-4636-8864-01d683577f3f ] Request (ServerMetadataTestJSON:tearDownClass): 204 DELETE http://10.180.1.21/identity/v3/users/9feded88c6da4878bb168b11843e684d 0.118s
2025-12-09 07:24:36.534 65524 INFO tempest.lib.common.dynamic_creds [-] Deleting project and security group for project: 21e432f14de540a9830bbb2f8b3ce66f
2025-12-09 07:24:36.607 65524 INFO tempest.lib.common.rest_client [req-4cb54c6f-4d46-4490-9ec6-6f98d0540828 req-4cb54c6f-4d46-4490-9ec6-6f98d0540828 ] Request (ServerMetadataTestJSON:tearDownClass): 200 GET http://10.180.1.21/networking/v2.0/security-groups?tenant_id=21e432f14de540a9830bbb2f8b3ce66f&name=default 0.072s
2025-12-09 07:24:36.734 65524 INFO tempest.lib.common.rest_client [req-ec50e074-0052-4e82-b342-3636bb634f0d req-ec50e074-0052-4e82-b342-3636bb634f0d ] Request (ServerMetadataTestJSON:tearDownClass): 204 DELETE http://10.180.1.21/networking/v2.0/security-groups/55eaa75a-4675-4b5f-a878-b411d325076c 0.126s
2025-12-09 07:24:36.845 65524 INFO tempest.lib.common.rest_client [req-fa37814a-81ac-470f-8480-92faa92cb5db req-fa37814a-81ac-470f-8480-92faa92cb5db ] Request (ServerMetadataTestJSON:tearDownClass): 204 DELETE http://10.180.1.21/identity/v3/projects/21e432f14de540a9830bbb2f8b3ce66f 0.110s
2025-12-09 07:24:36.882 65560 INFO tempest.lib.common.rest_client [req-8069c8de-6e6c-4767-b7b7-bed8b390cb00 req-8069c8de-6e6c-4767-b7b7-bed8b390cb00 ] Request (ServerActionsTestOtherB:setUpClass): 202 POST http://10.180.1.21/compute/v2.1/servers 2.186s
2025-12-09 07:24:36.910 65524 INFO tempest.lib.common.rest_client [req-d4920ea6-2759-46bc-9bbe-1911164c9e41 req-d4920ea6-2759-46bc-9bbe-1911164c9e41 ] Request (ServersListShow296Test:setUpClass): 201 POST http://10.180.1.21/identity/v3/auth/tokens 0.062s
2025-12-09 07:24:36.939 65524 INFO tempest.lib.common.rest_client [req-6938cb1a-90c3-4ac5-9245-93229fcc6fb7 req-6938cb1a-90c3-4ac5-9245-93229fcc6fb7 ] Request (ServersListShow296Test:setUpClass): 201 POST http://10.180.1.21/identity/v3/auth/tokens 0.026s
2025-12-09 07:24:36.968 65524 INFO tempest.lib.common.rest_client [req-ef890aad-5812-4a2e-ab74-e1af71a3419f req-ef890aad-5812-4a2e-ab74-e1af71a3419f ] Request (ServersListShow296Test:setUpClass): 200 GET http://10.180.1.21/identity/v3/domains?name=Default 0.028s
2025-12-09 07:24:37.015 65524 INFO tempest.lib.common.rest_client [req-c6bfad3a-f5f8-414f-8135-239cd7e1fdaf req-c6bfad3a-f5f8-414f-8135-239cd7e1fdaf ] Request (ServersListShow296Test:setUpClass): 201 POST http://10.180.1.21/identity/v3/projects 0.047s
2025-12-09 07:24:37.058 65550 INFO tempest.lib.common.rest_client [req-dc7a2464-2a14-4b37-a717-3ee881023b3d req-dc7a2464-2a14-4b37-a717-3ee881023b3d ] Request (HypervisorAdminNegativeTestJSON:test_get_hypervisor_uptime_with_non_admin_user): 200 GET http://10.180.1.21/compute/v2.1/os-hypervisors 2.347s
2025-12-09 07:24:37.110 65524 INFO tempest.lib.common.rest_client [req-afb5e569-2e7e-46e0-9dfe-ee59492ac017 req-afb5e569-2e7e-46e0-9dfe-ee59492ac017 ] Request (ServersListShow296Test:setUpClass): 201 POST http://10.180.1.21/identity/v3/users 0.095s
2025-12-09 07:24:37.142 65524 INFO tempest.lib.common.rest_client [req-dfc33f1b-974e-4df4-8ceb-463c5295fc10 req-dfc33f1b-974e-4df4-8ceb-463c5295fc10 ] Request (ServersListShow296Test:setUpClass): 200 GET http://10.180.1.21/identity/v3/roles 0.030s
2025-12-09 07:24:37.155 65554 INFO tempest.lib.common.rest_client [req-149dcc27-09e1-42a0-ba20-b2a2d772d284 req-149dcc27-09e1-42a0-ba20-b2a2d772d284 ] Request (ServerActionsV293TestJSON:setUpClass): 200 GET http://10.180.1.21/compute/v2.1/servers/1831c997-5b97-487a-ac16-d381b74032e2 2.330s
2025-12-09 07:24:37.173 65524 INFO tempest.lib.common.rest_client [req-b28a5c7a-fcd2-4589-ba7d-f9b37ceaac1d req-b28a5c7a-fcd2-4589-ba7d-f9b37ceaac1d ] Request (ServersListShow296Test:setUpClass): 204 PUT http://10.180.1.21/identity/v3/projects/a7e29e510eca45aba15c9216f512d13b/users/2d9faab7e31b4631ba3e67af060ae50c/roles/0be60d2a65d74cf8859e9a377bb0bbd2 0.030s
2025-12-09 07:24:37.173 65524 INFO tempest.lib.common.dynamic_creds [-] Dynamic test user 2d9faab7e31b4631ba3e67af060ae50c is created with scope project and roles: ['member']
2025-12-09 07:24:37.173 65524 INFO tempest.lib.common.dynamic_creds [-] Acquired dynamic creds: credentials: Credentials: {'domain_id': 'default', 'domain_name': 'Default', 'username': 'tempest-ServersListShow296Test-246329241-project-member', 'project_domain_id': 'default', 'project_domain_name': 'Default', 'project_id': 'a7e29e510eca45aba15c9216f512d13b', 'project_name': 'tempest-ServersListShow296Test-246329241', 'tenant_id': 'a7e29e510eca45aba15c9216f512d13b', 'tenant_name': 'tempest-ServersListShow296Test-246329241', 'user_domain_id': 'default', 'user_domain_name': 'Default', 'user_id': '2d9faab7e31b4631ba3e67af060ae50c', 'system': None}, Network: None, Subnet: None, Router: None
2025-12-09 07:24:37.173 65524 INFO tempest.lib.common.dynamic_creds [-] Created isolated network resources for: credentials: Credentials: {'domain_id': 'default', 'domain_name': 'Default', 'username': 'tempest-ServersListShow296Test-246329241-project-member', 'project_domain_id': 'default', 'project_domain_name': 'Default', 'project_id': 'a7e29e510eca45aba15c9216f512d13b', 'project_name': 'tempest-ServersListShow296Test-246329241', 'tenant_id': 'a7e29e510eca45aba15c9216f512d13b', 'tenant_name': 'tempest-ServersListShow296Test-246329241', 'user_domain_id': 'default', 'user_domain_name': 'Default', 'user_id': '2d9faab7e31b4631ba3e67af060ae50c', 'system': None}, Network: None, Subnet: None, Router: None
2025-12-09 07:24:37.212 65530 INFO tempest.lib.common.rest_client [req-555cbff3-e789-4ab7-8302-f6276c5558ef req-555cbff3-e789-4ab7-8302-f6276c5558ef ] Request (FloatingIPsAssociationTestJSON:test_associate_already_associated_floating_ip): 202 POST http://10.180.1.21/compute/v2.1/servers/02f1c576-e200-4ff5-ac4e-c2945dd7513f/action 3.006s
2025-12-09 07:24:37.242 65546 INFO tempest.lib.common.rest_client [req-1b3ff0df-da77-428c-a366-f6c5177843c8 req-1b3ff0df-da77-428c-a366-f6c5177843c8 ] Request (VolumesNegativeTest:test_delete_invalid_volume_id): 404 DELETE http://10.180.1.21/compute/v2.1/os-volumes/tempest-invalid-684038299 2.365s
2025-12-09 07:24:37.265 65524 INFO tempest.lib.common.rest_client [req-c70991ef-b352-47f8-ba5f-2483228d0e5e req-c70991ef-b352-47f8-ba5f-2483228d0e5e ] Request (ServersListShow296Test:setUpClass): 201 POST http://10.180.1.21/identity/v3/auth/tokens 0.087s
2025-12-09 07:24:37.312 65526 INFO tempest.lib.common.rest_client [req-761251e0-12d3-40a2-96a8-48b0c89c587f req-761251e0-12d3-40a2-96a8-48b0c89c587f ] Request (ServersTestBootFromVolume:test_list_servers): 200 GET http://10.180.1.21/compute/v2.1/servers 2.312s
2025-12-09 07:24:37.314 65524 INFO tempest.lib.common.rest_client [req-cd4f4dc0-5c48-4fe0-94e8-7d5eebb2846b req-cd4f4dc0-5c48-4fe0-94e8-7d5eebb2846b ] Request (ServersListShow296Test:test_list_show_update_rebuild_server_296): 201 POST http://10.180.1.21/identity/v3/auth/tokens 0.043s
2025-12-09 07:24:37.317 65524 INFO tempest.lib.common.fixed_network [-] (ServersListShow296Test:test_list_show_update_rebuild_server_296) Found network None available for tenant
2025-12-09 07:24:37.344 65511 INFO tempest.lib.common.rest_client [req-51912824-639c-4eb3-b91b-0161af1a3017 req-51912824-639c-4eb3-b91b-0161af1a3017 ] Request (ListServerFiltersTestJSON:tearDownClass): 200 GET http://10.180.1.21/compute/v2.1/servers/02a8b5e3-2ccc-4e00-8d53-90ce5b3e6b6f 2.475s
2025-12-09 07:24:37.421 65522 INFO tempest.lib.common.rest_client [req-5cb0389d-78c0-40cc-90bd-49773e2de195 req-5cb0389d-78c0-40cc-90bd-49773e2de195 ] Request (AttachVolumeTestJSON:test_attach_detach_volume): 200 GET http://10.180.1.21/compute/v2.1/servers/7e457399-b55b-4578-b800-32aa94ac62c7 2.133s
2025-12-09 07:24:37.453 65544 INFO tempest.lib.common.rest_client [req-95ebba1f-8ccd-495c-8f68-611ce7f0a921 req-95ebba1f-8ccd-495c-8f68-611ce7f0a921 ] Request (ServerPasswordTestJSON:tearDownClass): 404 GET http://10.180.1.21/compute/v2.1/servers/d1a59421-7b65-44d2-805f-ceb0f40c9a35 2.121s
2025-12-09 07:24:37.485 65520 INFO tempest.lib.common.rest_client [req-3766c801-4362-4600-9d9d-1000da51989f req-3766c801-4362-4600-9d9d-1000da51989f ] Request (AttachInterfacesV270Test:tearDownClass): 404 GET http://10.180.1.21/compute/v2.1/servers/8067658d-fa6e-4ddf-b4a6-f0b71a0b2428 2.051s
2025-12-09 07:24:37.502 65532 INFO tempest.lib.common.rest_client [req-775676db-6545-4da4-b427-f79805decad6 req-775676db-6545-4da4-b427-f79805decad6 ] Request (ListServersNegativeTestJSON:setUpClass): 200 GET http://10.180.1.21/compute/v2.1/servers/a83d735a-6b80-4458-a40a-503b3d9d9201 2.441s
2025-12-09 07:24:37.514 65532 INFO tempest.common.waiters [-] State transition "BUILD/spawning" ==> "ACTIVE/None" after 3 second wait
2025-12-09 07:24:37.529 65509 INFO tempest.lib.common.rest_client [req-dd9f5706-3c86-49ac-9f54-919c86619655 req-dd9f5706-3c86-49ac-9f54-919c86619655 ] Request (SecurityGroupsTestJSON:tearDownClass): 404 DELETE http://10.180.1.21/compute/v2.1/servers/3c5a7e63-ed6b-4c58-afd3-7eaca9cd02b0 2.009s
2025-12-09 07:24:38.350 65520 INFO tempest.lib.common.rest_client [req-57e75b69-eee9-4db0-9a01-ece990dc5ff6 req-57e75b69-eee9-4db0-9a01-ece990dc5ff6 ] Request (AttachInterfacesV270Test:tearDownClass): 200 PUT http://10.180.1.21/networking/v2.0/routers/0bfa0109-cdfd-4843-97d8-da28429dec70/remove_router_interface 0.864s
2025-12-09 07:24:38.351 65544 INFO tempest.lib.common.rest_client [req-e4759dbb-e2ac-4666-b0ee-e73b6c2268ca req-e4759dbb-e2ac-4666-b0ee-e73b6c2268ca ] Request (ServerPasswordTestJSON:tearDownClass): 200 PUT http://10.180.1.21/networking/v2.0/routers/bb769d0c-db74-46aa-9171-655b86593df6/remove_router_interface 0.897s
2025-12-09 07:24:38.380 65564 INFO tempest.lib.common.rest_client [req-25bddce9-2651-4798-b3eb-339fb6ca6e97 req-25bddce9-2651-4798-b3eb-339fb6ca6e97 ] Request (ServersAdminNegativeTestJSON:tearDownClass): 200 GET http://10.180.1.21/compute/v2.1/servers/ce225fed-9d6e-49cc-802f-47e2dc8731b0 2.926s
2025-12-09 07:24:38.516 65568 WARNING tempest.lib.common.ssh [-] Failed to establish authenticated ssh connection to cirros@10.180.180.184 ([Errno None] Unable to connect to port 22 on 10.180.180.184). Number attempts: 7. Retry after 8 seconds.: paramiko.ssh_exception.NoValidConnectionsError: [Errno None] Unable to connect to port 22 on 10.180.180.184
2025-12-09 07:24:38.821 65544 INFO tempest.lib.common.rest_client [req-a8ef960e-980f-4131-af3c-ecbcfbfc266d req-a8ef960e-980f-4131-af3c-ecbcfbfc266d ] Request (ServerPasswordTestJSON:tearDownClass): 204 DELETE http://10.180.1.21/networking/v2.0/routers/bb769d0c-db74-46aa-9171-655b86593df6 0.470s
2025-12-09 07:24:38.849 65520 INFO tempest.lib.common.rest_client [req-727e37e1-19c3-481d-ab13-1a43684f5c3f req-727e37e1-19c3-481d-ab13-1a43684f5c3f ] Request (AttachInterfacesV270Test:tearDownClass): 204 DELETE http://10.180.1.21/networking/v2.0/routers/0bfa0109-cdfd-4843-97d8-da28429dec70 0.498s
2025-12-09 07:24:38.858 65528 INFO tempest.lib.common.rest_client [req-0c39c12b-2a66-492e-86ac-db0c57e6e7e7 req-0c39c12b-2a66-492e-86ac-db0c57e6e7e7 ] Request (ServersAdminTestJSON:tearDownClass): 200 GET http://10.180.1.21/compute/v2.1/servers/d8af1ae0-8bdb-4e89-ae73-18c9a49a28f6 3.130s
2025-12-09 07:24:38.891 65572 INFO tempest.lib.common.rest_client [req-1bcd1f4a-6e46-46dd-a0c0-a042f3a83ef6 req-1bcd1f4a-6e46-46dd-a0c0-a042f3a83ef6 ] Request (DeleteServersTestJSON:test_delete_server_while_in_shelved_state): 200 GET http://10.180.1.21/compute/v2.1/servers/2cd689e5-67f7-4569-af4a-7fe142f81d45 3.184s
2025-12-09 07:24:39.036 65544 INFO tempest.lib.common.rest_client [req-f10e8525-1885-45ea-88af-13a2e3fababd req-f10e8525-1885-45ea-88af-13a2e3fababd ] Request (ServerPasswordTestJSON:tearDownClass): 204 DELETE http://10.180.1.21/networking/v2.0/subnets/51255365-add3-4e40-b181-b66feaeb372a 0.215s
2025-12-09 07:24:39.213 65520 INFO tempest.lib.common.rest_client [req-c1c9a3a9-35f2-4ff6-8c56-3ecc51c7781a req-c1c9a3a9-35f2-4ff6-8c56-3ecc51c7781a ] Request (AttachInterfacesV270Test:tearDownClass): 204 DELETE http://10.180.1.21/networking/v2.0/subnets/3ded68b3-1f9a-4004-aefd-9b8915107bf4 0.363s
2025-12-09 07:24:39.282 65538 INFO tempest.lib.common.rest_client [req-929c81b9-619f-4fbc-86f7-96ae158c5bea req-929c81b9-619f-4fbc-86f7-96ae158c5bea ] Request (MigrationsAdminTest:test_resize_server_revert_deleted_flavor): 200 GET http://10.180.1.21/compute/v2.1/servers/60dfbf2e-e382-4b50-b4b5-ca970c97ed30 3.131s
2025-12-09 07:24:39.289 65538 INFO tempest.common.waiters [-] State transition "RESIZE/resize_migrating" ==> "RESIZE/resize_migrated" after 46 second wait
2025-12-09 07:24:39.522 65544 INFO tempest.lib.common.rest_client [req-2af0263f-cb15-4c99-b725-4a2501d5f361 req-2af0263f-cb15-4c99-b725-4a2501d5f361 ] Request (ServerPasswordTestJSON:tearDownClass): 204 DELETE http://10.180.1.21/networking/v2.0/networks/839fc717-2596-466c-b39e-04fb78e435da 0.485s
2025-12-09 07:24:39.550 65520 INFO tempest.lib.common.rest_client [req-a65512f7-cace-48fe-acc0-4d921b597a87 req-a65512f7-cace-48fe-acc0-4d921b597a87 ] Request (AttachInterfacesV270Test:tearDownClass): 204 DELETE http://10.180.1.21/networking/v2.0/networks/b1a288de-4d17-4de4-85dc-f03488ed65d2 0.337s
2025-12-09 07:24:39.580 65552 INFO tempest.lib.common.rest_client [req-852a0293-d22d-450e-aa64-2c673d65cdbe req-852a0293-d22d-450e-aa64-2c673d65cdbe ] Request (ImagesOneServerNegativeTestJSON:_run_cleanups): 200 GET http://10.180.1.21/compute/v2.1/servers/c18a87db-7d63-4938-9434-5d038412e55c 3.269s
2025-12-09 07:24:39.593 65550 INFO tempest.lib.common.rest_client [req-ca7fc3e5-b85c-4ad0-bdde-76276498d9a6 req-ca7fc3e5-b85c-4ad0-bdde-76276498d9a6 ] Request (HypervisorAdminNegativeTestJSON:test_get_hypervisor_uptime_with_non_admin_user): 403 GET http://10.180.1.21/compute/v2.1/os-hypervisors/1/uptime 2.531s
2025-12-09 07:24:39.643 65560 INFO tempest.lib.common.rest_client [req-683cf2f7-ad52-4d5b-9771-a7b995ff7aeb req-683cf2f7-ad52-4d5b-9771-a7b995ff7aeb ] Request (ServerActionsTestOtherB:setUpClass): 200 GET http://10.180.1.21/compute/v2.1/servers/9ee5bdfb-d559-4ce3-b3aa-06eea03b1981 2.759s
2025-12-09 07:24:39.681 65544 INFO tempest.lib.common.rest_client [req-a1b196af-ffb4-4d8f-bbc6-66b3ca09275f req-a1b196af-ffb4-4d8f-bbc6-66b3ca09275f ] Request (ServerPasswordTestJSON:tearDownClass): 204 DELETE http://10.180.1.21/identity/v3/users/a8ac304c70d345a7bd2215f70138139f 0.158s
2025-12-09 07:24:39.681 65544 INFO tempest.lib.common.dynamic_creds [-] Deleting project and security group for project: 9094598fa721405f995d8b51369ed694
2025-12-09 07:24:39.687 65520 INFO tempest.lib.common.rest_client [req-fbb27436-a004-4337-b7ee-1857f4f1ad69 req-fbb27436-a004-4337-b7ee-1857f4f1ad69 ] Request (AttachInterfacesV270Test:tearDownClass): 204 DELETE http://10.180.1.21/identity/v3/users/36695cd8c86e47a6be34c90134d354a6 0.136s
2025-12-09 07:24:39.688 65520 INFO tempest.lib.common.dynamic_creds [-] Deleting project and security group for project: d2ceefb6045d443ba1eb8af393b90952
2025-12-09 07:24:39.766 65544 INFO tempest.lib.common.rest_client [req-3958d73c-0864-4280-94b9-de593105a00b req-3958d73c-0864-4280-94b9-de593105a00b ] Request (ServerPasswordTestJSON:tearDownClass): 200 GET http://10.180.1.21/networking/v2.0/security-groups?tenant_id=9094598fa721405f995d8b51369ed694&name=default 0.085s
2025-12-09 07:24:39.767 65520 INFO tempest.lib.common.rest_client [req-032acf21-938e-411d-b3b4-306fcc1c1d93 req-032acf21-938e-411d-b3b4-306fcc1c1d93 ] Request (AttachInterfacesV270Test:tearDownClass): 200 GET http://10.180.1.21/networking/v2.0/security-groups?tenant_id=d2ceefb6045d443ba1eb8af393b90952&name=default 0.079s
2025-12-09 07:24:39.808 65534 INFO tempest.lib.common.rest_client [req-104ec8f3-1f1f-47d9-ab80-b5304b37fb96 req-104ec8f3-1f1f-47d9-ab80-b5304b37fb96 ] Request (ServerActionsTestOtherA:test_rebuild_server_in_stop_state): 200 GET http://10.180.1.21/compute/v2.1/servers/94bb5341-fd90-4756-a23f-225cb2c95b93 2.683s
2025-12-09 07:24:39.815 65546 INFO tempest.lib.common.rest_client [req-896ef669-273f-4976-8b94-0ca52bec73c1 req-896ef669-273f-4976-8b94-0ca52bec73c1 ] Request (VolumesNegativeTest:test_delete_volume_without_passing_volume_id): 404 DELETE http://10.180.1.21/compute/v2.1/os-volumes/ 2.571s
2025-12-09 07:24:39.820 65534 INFO tempest.common.waiters [-] State transition "REBUILD/rebuilding" ==> "REBUILD/rebuild_spawning" after 3 second wait
2025-12-09 07:24:39.901 65544 INFO tempest.lib.common.rest_client [req-102afa01-d543-490b-bf2c-5cfc1045dd00 req-102afa01-d543-490b-bf2c-5cfc1045dd00 ] Request (ServerPasswordTestJSON:tearDownClass): 204 DELETE http://10.180.1.21/networking/v2.0/security-groups/04fbbbdc-f27d-42d9-b0ec-e0bbae3d55eb 0.134s
2025-12-09 07:24:39.911 65520 INFO tempest.lib.common.rest_client [req-72f74f78-53f8-4e55-8623-38b66708605f req-72f74f78-53f8-4e55-8623-38b66708605f ] Request (AttachInterfacesV270Test:tearDownClass): 204 DELETE http://10.180.1.21/networking/v2.0/security-groups/d0e72c98-6ae1-422a-88ee-59cb14519f42 0.143s
2025-12-09 07:24:39.989 65530 INFO tempest.lib.common.rest_client [req-988d14aa-fc63-4cd9-a7d6-53e378acf4ca req-988d14aa-fc63-4cd9-a7d6-53e378acf4ca ] Request (FloatingIPsAssociationTestJSON:test_associate_already_associated_floating_ip): 409 POST http://10.180.1.21/compute/v2.1/servers/d1d8bc07-2201-4068-9ef8-a3779778b543/action 2.776s
2025-12-09 07:24:40.025 65544 INFO tempest.lib.common.rest_client [req-a56a10e0-f322-4ef0-a033-2fadace61201 req-a56a10e0-f322-4ef0-a033-2fadace61201 ] Request (ServerPasswordTestJSON:tearDownClass): 204 DELETE http://10.180.1.21/identity/v3/projects/9094598fa721405f995d8b51369ed694 0.123s
2025-12-09 07:24:40.051 65520 INFO tempest.lib.common.rest_client [req-1487fb79-cef6-4e3c-8d11-99210c9f4926 req-1487fb79-cef6-4e3c-8d11-99210c9f4926 ] Request (AttachInterfacesV270Test:tearDownClass): 204 DELETE http://10.180.1.21/identity/v3/projects/d2ceefb6045d443ba1eb8af393b90952 0.140s
2025-12-09 07:24:40.108 65524 INFO tempest.lib.common.rest_client [req-acf9a245-9f20-48d2-b763-7d03081d8287 req-acf9a245-9f20-48d2-b763-7d03081d8287 ] Request (ServersListShow296Test:test_list_show_update_rebuild_server_296): 202 POST http://10.180.1.21/compute/v2.1/servers 2.790s
2025-12-09 07:24:40.109 65544 INFO tempest.lib.common.rest_client [req-9b5e3485-2aba-43b0-9ebe-253148c0cefe req-9b5e3485-2aba-43b0-9ebe-253148c0cefe ] Request (ServerShowV257Test:setUpClass): 201 POST http://10.180.1.21/identity/v3/auth/tokens 0.082s
2025-12-09 07:24:40.135 65520 INFO tempest.lib.common.rest_client [req-ea3ca62a-8a8e-42b4-a67c-3f1458e6d769 req-ea3ca62a-8a8e-42b4-a67c-3f1458e6d769 ] Request (VolumesTestJSON:setUpClass): 201 POST http://10.180.1.21/identity/v3/auth/tokens 0.082s
2025-12-09 07:24:40.152 65544 INFO tempest.lib.common.rest_client [req-d009b7b5-8ad4-4b03-9b37-a0708d1c45d4 req-d009b7b5-8ad4-4b03-9b37-a0708d1c45d4 ] Request (ServerShowV257Test:setUpClass): 201 POST http://10.180.1.21/identity/v3/auth/tokens 0.041s
2025-12-09 07:24:40.174 65520 INFO tempest.lib.common.rest_client [req-63a4a609-baf6-4313-aea7-dd0d54991cc0 req-63a4a609-baf6-4313-aea7-dd0d54991cc0 ] Request (VolumesTestJSON:setUpClass): 201 POST http://10.180.1.21/identity/v3/auth/tokens 0.037s
2025-12-09 07:24:40.182 65562 INFO tempest.lib.common.rest_client [req-171cfcf7-e4ce-4fb4-9779-30ddc54283a6 req-171cfcf7-e4ce-4fb4-9779-30ddc54283a6 ] Request (AttachInterfacesTestJSON:_run_cleanups): 200 GET http://10.180.1.21/compute/v2.1/servers/9ccfa69e-e448-4ece-b810-cac14eef837a 2.764s
2025-12-09 07:24:40.185 65544 INFO tempest.lib.common.rest_client [req-a3717202-054f-4489-9904-276c571626f5 req-a3717202-054f-4489-9904-276c571626f5 ] Request (ServerShowV257Test:setUpClass): 200 GET http://10.180.1.21/identity/v3/domains?name=Default 0.033s
2025-12-09 07:24:40.207 65526 INFO tempest.lib.common.rest_client [req-f8642321-c8ea-47e2-998c-e52461706b5f req-f8642321-c8ea-47e2-998c-e52461706b5f ] Request (ServersTestBootFromVolume:test_list_servers_with_detail): 200 GET http://10.180.1.21/compute/v2.1/servers/detail 2.889s
2025-12-09 07:24:40.217 65520 INFO tempest.lib.common.rest_client [req-e65a40c1-ecb8-49d3-82a7-c46f4ae00b5c req-e65a40c1-ecb8-49d3-82a7-c46f4ae00b5c ] Request (VolumesTestJSON:setUpClass): 200 GET http://10.180.1.21/identity/v3/domains?name=Default 0.042s
2025-12-09 07:24:40.224 65544 INFO tempest.lib.common.rest_client [req-396cc373-4962-48b3-9102-ad559de26853 req-396cc373-4962-48b3-9102-ad559de26853 ] Request (ServerShowV257Test:setUpClass): 201 POST http://10.180.1.21/identity/v3/projects 0.037s
2025-12-09 07:24:40.232 65509 INFO tempest.lib.common.rest_client [req-ab249d95-9535-421b-85fb-7d66f5ebc903 req-ab249d95-9535-421b-85fb-7d66f5ebc903 ] Request (SecurityGroupsTestJSON:tearDownClass): 404 GET http://10.180.1.21/compute/v2.1/servers/3c5a7e63-ed6b-4c58-afd3-7eaca9cd02b0 2.702s
2025-12-09 07:24:40.298 65520 INFO tempest.lib.common.rest_client [req-bbc675a0-cb19-46c7-8338-4b49fdbcdaf7 req-bbc675a0-cb19-46c7-8338-4b49fdbcdaf7 ] Request (VolumesTestJSON:setUpClass): 201 POST http://10.180.1.21/identity/v3/projects 0.080s
2025-12-09 07:24:40.298 65544 INFO tempest.lib.common.rest_client [req-4d8b9f05-95d8-4ddc-8d3a-f44430ebae4c req-4d8b9f05-95d8-4ddc-8d3a-f44430ebae4c ] Request (ServerShowV257Test:setUpClass): 201 POST http://10.180.1.21/identity/v3/users 0.074s
2025-12-09 07:24:40.313 65554 INFO tempest.lib.common.rest_client [req-64ac8dbb-5ba3-4756-81cc-a2aed150ca2c req-64ac8dbb-5ba3-4756-81cc-a2aed150ca2c ] Request (ServerActionsV293TestJSON:setUpClass): 200 GET http://10.180.1.21/compute/v2.1/servers/1831c997-5b97-487a-ac16-d381b74032e2 2.145s
2025-12-09 07:24:40.359 65532 INFO tempest.lib.common.rest_client [req-1ffc06c6-4647-4267-b10d-97feaf28825e req-1ffc06c6-4647-4267-b10d-97feaf28825e ] Request (ListServersNegativeTestJSON:setUpClass): 200 GET http://10.180.1.21/compute/v2.1/servers/b294f6d4-b566-4bfa-aa3b-a47c7fa21fdd 2.844s
2025-12-09 07:24:40.369 65544 INFO tempest.lib.common.rest_client [req-7870a552-5c47-4ea5-9470-84eb25aacafa req-7870a552-5c47-4ea5-9470-84eb25aacafa ] Request (ServerShowV257Test:setUpClass): 200 GET http://10.180.1.21/identity/v3/roles 0.070s
2025-12-09 07:24:40.394 65520 INFO tempest.lib.common.rest_client [req-208b0adc-fa0f-4da8-ad1f-32479ca2a377 req-208b0adc-fa0f-4da8-ad1f-32479ca2a377 ] Request (VolumesTestJSON:setUpClass): 201 POST http://10.180.1.21/identity/v3/users 0.096s
2025-12-09 07:24:40.403 65511 INFO tempest.lib.common.rest_client [req-b42c4ba4-9e7d-47e6-84c7-a555cee9d134 req-b42c4ba4-9e7d-47e6-84c7-a555cee9d134 ] Request (ListServerFiltersTestJSON:tearDownClass): 200 GET http://10.180.1.21/compute/v2.1/servers/02a8b5e3-2ccc-4e00-8d53-90ce5b3e6b6f 2.039s
2025-12-09 07:24:40.402 65544 INFO tempest.lib.common.rest_client [req-dbe1198f-7095-49ee-a7ad-f433b66814c0 req-dbe1198f-7095-49ee-a7ad-f433b66814c0 ] Request (ServerShowV257Test:setUpClass): 204 PUT http://10.180.1.21/identity/v3/projects/f0e9211fab0146aeac89d94e98aaec6d/users/201014f06aaa4ff9a7058c710b903ee1/roles/0be60d2a65d74cf8859e9a377bb0bbd2 0.032s
2025-12-09 07:24:40.403 65544 INFO tempest.lib.common.dynamic_creds [-] Dynamic test user 201014f06aaa4ff9a7058c710b903ee1 is created with scope project and roles: ['member']
2025-12-09 07:24:40.404 65544 INFO tempest.lib.common.dynamic_creds [-] Acquired dynamic creds: credentials: Credentials: {'domain_id': 'default', 'domain_name': 'Default', 'username': 'tempest-ServerShowV257Test-893741737-project-member', 'project_domain_id': 'default', 'project_domain_name': 'Default', 'project_id': 'f0e9211fab0146aeac89d94e98aaec6d', 'project_name': 'tempest-ServerShowV257Test-893741737', 'tenant_id': 'f0e9211fab0146aeac89d94e98aaec6d', 'tenant_name': 'tempest-ServerShowV257Test-893741737', 'user_domain_id': 'default', 'user_domain_name': 'Default', 'user_id': '201014f06aaa4ff9a7058c710b903ee1', 'system': None}, Network: None, Subnet: None, Router: None
2025-12-09 07:24:40.404 65544 INFO tempest.lib.common.dynamic_creds [-] Created isolated network resources for: credentials: Credentials: {'domain_id': 'default', 'domain_name': 'Default', 'username': 'tempest-ServerShowV257Test-893741737-project-member', 'project_domain_id': 'default', 'project_domain_name': 'Default', 'project_id': 'f0e9211fab0146aeac89d94e98aaec6d', 'project_name': 'tempest-ServerShowV257Test-893741737', 'tenant_id': 'f0e9211fab0146aeac89d94e98aaec6d', 'tenant_name': 'tempest-ServerShowV257Test-893741737', 'user_domain_id': 'default', 'user_domain_name': 'Default', 'user_id': '201014f06aaa4ff9a7058c710b903ee1', 'system': None}, Network: None, Subnet: None, Router: None
2025-12-09 07:24:40.411 65511 INFO tempest.common.waiters [-] State transition "ACTIVE/deleting" ==> "DELETED/None" after 3 second wait
2025-12-09 07:24:40.419 65522 INFO tempest.lib.common.rest_client [req-a2455178-d9c7-4038-918a-dbfbbc7a50d6 req-a2455178-d9c7-4038-918a-dbfbbc7a50d6 ] Request (AttachVolumeTestJSON:test_attach_detach_volume): 200 GET http://10.180.1.21/compute/v2.1/servers/7e457399-b55b-4578-b800-32aa94ac62c7 1.981s
2025-12-09 07:24:40.450 65520 INFO tempest.lib.common.rest_client [req-8001756a-6c27-421e-a962-afe62af56964 req-8001756a-6c27-421e-a962-afe62af56964 ] Request (VolumesTestJSON:setUpClass): 200 GET http://10.180.1.21/identity/v3/roles 0.055s
2025-12-09 07:24:40.459 65550 INFO tempest.lib.common.rest_client [req-0d443dfc-d23d-46bb-b3db-dedba94a85f5 req-0d443dfc-d23d-46bb-b3db-dedba94a85f5 ] Request (HypervisorAdminNegativeTestJSON:test_get_nonexistent_hypervisor_uptime): 404 GET http://10.180.1.21/compute/v2.1/os-hypervisors/1ce87e9d-1764-4697-9a81-8146df96d211/uptime 0.864s
2025-12-09 07:24:40.463 65546 INFO tempest.lib.common.rest_client [req-351aa586-f3e6-4246-81c1-0ee8a007c692 req-351aa586-f3e6-4246-81c1-0ee8a007c692 ] Request (VolumesNegativeTest:test_get_volume_without_passing_volume_id): 404 GET http://10.180.1.21/compute/v2.1/os-volumes/ 0.646s
2025-12-09 07:24:40.479 65544 INFO tempest.lib.common.rest_client [req-e3018674-6d22-416d-a4d5-d807225364f4 req-e3018674-6d22-416d-a4d5-d807225364f4 ] Request (ServerShowV257Test:setUpClass): 201 POST http://10.180.1.21/identity/v3/auth/tokens 0.072s
2025-12-09 07:24:40.480 65520 INFO tempest.lib.common.rest_client [req-e8259c77-5525-434f-a29f-eea171566ffc req-e8259c77-5525-434f-a29f-eea171566ffc ] Request (VolumesTestJSON:setUpClass): 204 PUT http://10.180.1.21/identity/v3/projects/d95c142586024731b8230c172b913a5b/users/1cf0a70c1882446396fff1e1309967db/roles/0be60d2a65d74cf8859e9a377bb0bbd2 0.029s
2025-12-09 07:24:40.480 65520 INFO tempest.lib.common.dynamic_creds [-] Dynamic test user 1cf0a70c1882446396fff1e1309967db is created with scope project and roles: ['member']
2025-12-09 07:24:40.480 65520 INFO tempest.lib.common.dynamic_creds [-] Acquired dynamic creds: credentials: Credentials: {'domain_id': 'default', 'domain_name': 'Default', 'username': 'tempest-VolumesTestJSON-2016313285-project-member', 'project_domain_id': 'default', 'project_domain_name': 'Default', 'project_id': 'd95c142586024731b8230c172b913a5b', 'project_name': 'tempest-VolumesTestJSON-2016313285', 'tenant_id': 'd95c142586024731b8230c172b913a5b', 'tenant_name': 'tempest-VolumesTestJSON-2016313285', 'user_domain_id': 'default', 'user_domain_name': 'Default', 'user_id': '1cf0a70c1882446396fff1e1309967db', 'system': None}, Network: None, Subnet: None, Router: None
2025-12-09 07:24:40.481 65520 INFO tempest.lib.common.dynamic_creds [-] Created isolated network resources for: credentials: Credentials: {'domain_id': 'default', 'domain_name': 'Default', 'username': 'tempest-VolumesTestJSON-2016313285-project-member', 'project_domain_id': 'default', 'project_domain_name': 'Default', 'project_id': 'd95c142586024731b8230c172b913a5b', 'project_name': 'tempest-VolumesTestJSON-2016313285', 'tenant_id': 'd95c142586024731b8230c172b913a5b', 'tenant_name': 'tempest-VolumesTestJSON-2016313285', 'user_domain_id': 'default', 'user_domain_name': 'Default', 'user_id': '1cf0a70c1882446396fff1e1309967db', 'system': None}, Network: None, Subnet: None, Router: None
2025-12-09 07:24:40.481 65564 INFO tempest.lib.common.rest_client [req-d92298fe-38e8-461a-b161-119944406a39 req-d92298fe-38e8-461a-b161-119944406a39 ] Request (ServersAdminNegativeTestJSON:tearDownClass): 200 GET http://10.180.1.21/compute/v2.1/servers/ce225fed-9d6e-49cc-802f-47e2dc8731b0 1.090s
2025-12-09 07:24:40.486 65528 INFO tempest.lib.common.rest_client [req-e3d26d91-fde5-4020-ab89-1e569ab47655 req-e3d26d91-fde5-4020-ab89-1e569ab47655 ] Request (ServersAdminTestJSON:tearDownClass): 404 GET http://10.180.1.21/compute/v2.1/servers/d8af1ae0-8bdb-4e89-ae73-18c9a49a28f6 0.617s
2025-12-09 07:24:40.550 65544 INFO tempest.lib.common.rest_client [req-9ecc3026-c479-417f-9c7a-4a2daa48a8a6 req-9ecc3026-c479-417f-9c7a-4a2daa48a8a6 ] Request (ServerShowV257Test:test_rebuild_server): 201 POST http://10.180.1.21/identity/v3/auth/tokens 0.064s
2025-12-09 07:24:40.550 65544 INFO tempest.lib.common.fixed_network [-] (ServerShowV257Test:test_rebuild_server) Found network None available for tenant
2025-12-09 07:24:40.557 65520 INFO tempest.lib.common.rest_client [req-86d7cb8d-0201-41a7-9956-e5ac26cc70ab req-86d7cb8d-0201-41a7-9956-e5ac26cc70ab ] Request (VolumesTestJSON:setUpClass): 201 POST http://10.180.1.21/identity/v3/auth/tokens 0.073s
2025-12-09 07:24:40.636 65572 INFO tempest.lib.common.rest_client [req-3227b696-4094-41d2-9540-2233781ede3b req-3227b696-4094-41d2-9540-2233781ede3b ] Request (DeleteServersTestJSON:test_delete_server_while_in_shelved_state): 200 GET http://10.180.1.21/compute/v2.1/servers/2cd689e5-67f7-4569-af4a-7fe142f81d45 0.737s
2025-12-09 07:24:40.644 65572 INFO tempest.common.waiters [-] State transition "BUILD/spawning" ==> "ACTIVE/None" after 45 second wait
2025-12-09 07:24:40.691 65524 INFO tempest.lib.common.rest_client [req-4245e98c-755a-409a-bc82-5b19f741ae30 req-4245e98c-755a-409a-bc82-5b19f741ae30 ] Request (ServersListShow296Test:test_list_show_update_rebuild_server_296): 200 GET http://10.180.1.21/compute/v2.1/servers/479a15da-d18f-463c-9c6a-6b804116ada9 0.580s
2025-12-09 07:24:40.710 65526 INFO tempest.lib.common.rest_client [req-f61c3ee2-2e93-4763-94c1-3a4ab3510335 req-f61c3ee2-2e93-4763-94c1-3a4ab3510335 ] Request (ServersTestBootFromVolume:test_verify_created_server_vcpus): 200 GET http://10.180.1.21/compute/v2.1/flavors/42 0.490s
2025-12-09 07:24:40.713 65526 INFO tempest.lib.common.ssh [-] Creating ssh connection to '10.180.180.221:22' as 'cirros' with public key authentication
2025-12-09 07:24:40.716 65526 INFO paramiko.transport [-] Connected (version 2.0, client dropbear_2020.81)
2025-12-09 07:24:40.730 65509 INFO tempest.lib.common.rest_client [req-7c7bf449-07cb-4df1-a6e5-e16a6ec64976 req-7c7bf449-07cb-4df1-a6e5-e16a6ec64976 ] Request (SecurityGroupsTestJSON:tearDownClass): 404 DELETE http://10.180.1.21/compute/v2.1/os-security-groups/a3e7b646-db5d-40cf-813d-9916c5a7d827 0.498s
2025-12-09 07:24:40.821 65526 INFO paramiko.transport [-] Authentication (publickey) successful!
2025-12-09 07:24:40.821 65526 INFO tempest.lib.common.ssh [-] ssh connection to cirros@10.180.180.221 successfully created
2025-12-09 07:24:40.840 65520 INFO tempest.lib.common.rest_client [req-1602a718-1fc6-447c-84b4-979f862dc143 req-1602a718-1fc6-447c-84b4-979f862dc143 ] Request (VolumesTestJSON:setUpClass): 202 POST http://10.180.1.21/volume/v3/volumes 0.281s
2025-12-09 07:24:40.873 65520 INFO tempest.lib.common.rest_client [req-1b940be1-4e2d-4cc9-9c18-b4f22935bf89 req-1b940be1-4e2d-4cc9-9c18-b4f22935bf89 ] Request (VolumesTestJSON:setUpClass): 200 GET http://10.180.1.21/volume/v3/volumes/86adb680-e0cc-480e-ac31-f8fc100938ac 0.027s
