2025-12-09 07:22:04.175 65557 INFO tempest.lib.common.rest_client [req-6c99e7bd-af36-4eb7-820f-85de178d2985 req-6c99e7bd-af36-4eb7-820f-85de178d2985 ] Request (ImagesMetadataTestJSON:tearDownClass): 204 DELETE http://10.180.1.21/identity/v3/users/ead27ab69f2c45888f81112e452a1d05 0.086s
2025-12-09 07:22:04.175 65557 INFO tempest.lib.common.dynamic_creds [-] Deleting project and security group for project: 2f533af17398424a8d2fb5a2958dd4f0
2025-12-09 07:22:04.245 65557 INFO tempest.lib.common.rest_client [req-dd5c31eb-4666-4dfb-9b0d-d26452327c2e req-dd5c31eb-4666-4dfb-9b0d-d26452327c2e ] Request (ImagesMetadataTestJSON:tearDownClass): 201 POST http://10.180.1.21/identity/v3/auth/tokens 0.069s
2025-12-09 07:22:04.254 65564 INFO tempest.lib.common.rest_client [req-3504eb6b-3143-4f4f-a047-c0d30ea92fa7 req-3504eb6b-3143-4f4f-a047-c0d30ea92fa7 ] Request (ServersAdminNegativeTestJSON:setUpClass): 200 GET http://10.180.1.21/identity/v3/roles 0.111s
2025-12-09 07:22:04.282 65564 INFO tempest.lib.common.rest_client [req-00b040a1-919f-4498-bba0-e124df7349c3 req-00b040a1-919f-4498-bba0-e124df7349c3 ] Request (ServersAdminNegativeTestJSON:setUpClass): 204 PUT http://10.180.1.21/identity/v3/projects/d1423f7134e442f8adf35a4e3a7e446a/users/1a691aca165f49b2a3e40bb586c4919d/roles/d497fc05cda94adb896c9a03f6118633 0.027s
2025-12-09 07:22:04.282 65564 INFO tempest.lib.common.dynamic_creds [-] Dynamic test user 1a691aca165f49b2a3e40bb586c4919d is created with scope project and roles: ['admin']
2025-12-09 07:22:04.282 65564 INFO tempest.lib.common.dynamic_creds [-] Acquired dynamic creds: credentials: Credentials: {'domain_id': 'default', 'domain_name': 'Default', 'username': 'tempest-ServersAdminNegativeTestJSON-612657917-project-admin', 'project_domain_id': 'default', 'project_domain_name': 'Default', 'project_id': 'd1423f7134e442f8adf35a4e3a7e446a', 'project_name': 'tempest-ServersAdminNegativeTestJSON-612657917', 'tenant_id': 'd1423f7134e442f8adf35a4e3a7e446a', 'tenant_name': 'tempest-ServersAdminNegativeTestJSON-612657917', 'user_domain_id': 'default', 'user_domain_name': 'Default', 'user_id': '1a691aca165f49b2a3e40bb586c4919d', 'system': None}, Network: None, Subnet: None, Router: None
2025-12-09 07:22:04.282 65564 INFO tempest.lib.common.dynamic_creds [-] Created isolated network resources for: credentials: Credentials: {'domain_id': 'default', 'domain_name': 'Default', 'username': 'tempest-ServersAdminNegativeTestJSON-612657917-project-admin', 'project_domain_id': 'default', 'project_domain_name': 'Default', 'project_id': 'd1423f7134e442f8adf35a4e3a7e446a', 'project_name': 'tempest-ServersAdminNegativeTestJSON-612657917', 'tenant_id': 'd1423f7134e442f8adf35a4e3a7e446a', 'tenant_name': 'tempest-ServersAdminNegativeTestJSON-612657917', 'user_domain_id': 'default', 'user_domain_name': 'Default', 'user_id': '1a691aca165f49b2a3e40bb586c4919d', 'system': None}, Network: None, Subnet: None, Router: None
2025-12-09 07:22:04.312 65540 INFO tempest.lib.common.rest_client [req-a28f768c-8691-4c76-9f94-e1a2686a785e req-a28f768c-8691-4c76-9f94-e1a2686a785e ] Request (FloatingIPsAssociationNegativeTestJSON:test_associate_nonexistent_floating_ip): 404 POST http://10.180.1.21/compute/v2.1/servers/c760c849-861e-46f0-8d86-7a89f9341741/action 1.488s
2025-12-09 07:22:04.375 65564 INFO tempest.lib.common.rest_client [req-6dbc03ef-8228-49ab-a4fa-76e67fa14081 req-6dbc03ef-8228-49ab-a4fa-76e67fa14081 ] Request (ServersAdminNegativeTestJSON:setUpClass): 201 POST http://10.180.1.21/identity/v3/auth/tokens 0.089s
2025-12-09 07:22:04.376 65564 WARNING tempest.lib.common.rest_client [-] Deprecated: "tenant_id" property is deprecated for removal, use "project_id" instead
2025-12-09 07:22:04.442 65564 INFO tempest.lib.common.rest_client [req-4b5f9307-b043-436e-afe9-d374b5f13d0a req-4b5f9307-b043-436e-afe9-d374b5f13d0a ] Request (ServersAdminNegativeTestJSON:setUpClass): 201 POST http://10.180.1.21/identity/v3/auth/tokens 0.063s
2025-12-09 07:22:04.443 65564 INFO tempest.lib.common.fixed_network [-] (ServersAdminNegativeTestJSON:setUpClass) Found network None available for tenant
2025-12-09 07:22:04.471 65562 INFO tempest.lib.common.rest_client [req-b991dcb4-b422-42ee-830a-fee6980f46ed req-b991dcb4-b422-42ee-830a-fee6980f46ed ] Request (FlavorsAccessNegativeTestJSON:test_remove_flavor_access_not_found): 404 POST http://10.180.1.21/compute/v2.1/flavors/524339027/action 1.628s
2025-12-09 07:22:04.497 65530 INFO tempest.lib.common.rest_client [req-89a6becc-0feb-43d8-8ca4-563339351904 req-89a6becc-0feb-43d8-8ca4-563339351904 ] Request (AggregatesAdminNegativeTestJSON:test_aggregate_get_details_as_user): 200 POST http://10.180.1.21/compute/v2.1/os-aggregates 1.642s
2025-12-09 07:22:04.501 65557 INFO tempest.lib.common.rest_client [req-e72a8fe2-90a7-44c5-b093-6a0b6f968e6d req-e72a8fe2-90a7-44c5-b093-6a0b6f968e6d ] Request (ImagesMetadataTestJSON:tearDownClass): 200 GET http://10.180.1.21/networking/v2.0/security-groups?tenant_id=2f533af17398424a8d2fb5a2958dd4f0&name=default 0.255s
2025-12-09 07:22:04.639 65557 INFO tempest.lib.common.rest_client [req-37d8b16d-7c97-4b49-820d-299dbc38a2f3 req-37d8b16d-7c97-4b49-820d-299dbc38a2f3 ] Request (ImagesMetadataTestJSON:tearDownClass): 204 DELETE http://10.180.1.21/networking/v2.0/security-groups/75f285aa-b6d3-4dcb-853c-4d19008f65cd 0.138s
2025-12-09 07:22:04.729 65557 INFO tempest.lib.common.rest_client [req-9aa0448b-c4af-4372-b269-85baabd115b2 req-9aa0448b-c4af-4372-b269-85baabd115b2 ] Request (ImagesMetadataTestJSON:tearDownClass): 204 DELETE http://10.180.1.21/identity/v3/projects/2f533af17398424a8d2fb5a2958dd4f0 0.090s
2025-12-09 07:22:04.807 65557 INFO tempest.lib.common.rest_client [req-21f0520f-4799-4ff5-a3a4-0415690524d2 req-21f0520f-4799-4ff5-a3a4-0415690524d2 ] Request (MultipleCreateNegativeTestJSON:setUpClass): 201 POST http://10.180.1.21/identity/v3/auth/tokens 0.075s
2025-12-09 07:22:04.847 65557 INFO tempest.lib.common.rest_client [req-0dd9564b-42a3-4de2-b477-4671f60defdb req-0dd9564b-42a3-4de2-b477-4671f60defdb ] Request (MultipleCreateNegativeTestJSON:setUpClass): 201 POST http://10.180.1.21/identity/v3/auth/tokens 0.037s
2025-12-09 07:22:04.878 65557 INFO tempest.lib.common.rest_client [req-a32628a0-879c-4ee8-b079-0593878ca4c0 req-a32628a0-879c-4ee8-b079-0593878ca4c0 ] Request (MultipleCreateNegativeTestJSON:setUpClass): 200 GET http://10.180.1.21/identity/v3/domains?name=Default 0.031s
2025-12-09 07:22:04.908 65557 INFO tempest.lib.common.rest_client [req-f2e21eca-0691-4024-b461-5266f23636f0 req-f2e21eca-0691-4024-b461-5266f23636f0 ] Request (MultipleCreateNegativeTestJSON:setUpClass): 201 POST http://10.180.1.21/identity/v3/projects 0.029s
2025-12-09 07:22:04.945 65552 INFO tempest.lib.common.rest_client [req-90690b07-5911-4c86-b645-cf9bd77d450b req-90690b07-5911-4c86-b645-cf9bd77d450b ] Request (ImagesOneServerNegativeTestJSON:setUpClass): 201 POST http://10.180.1.21/networking/v2.0/routers 0.814s
2025-12-09 07:22:04.959 65558 INFO tempest.lib.common.rest_client [req-4116a52f-2301-4f02-a26d-c18bd4f8b749 req-4116a52f-2301-4f02-a26d-c18bd4f8b749 ] Request (FloatingIPDetailsTestJSON:tearDownClass): 202 DELETE http://10.180.1.21/compute/v2.1/os-floating-ips/c77fbebd-4db1-4477-9262-d851f3b84372 2.141s
2025-12-09 07:22:04.985 65557 INFO tempest.lib.common.rest_client [req-66ae2013-ff66-4cc1-8f2a-a7a01b59f83d req-66ae2013-ff66-4cc1-8f2a-a7a01b59f83d ] Request (MultipleCreateNegativeTestJSON:setUpClass): 201 POST http://10.180.1.21/identity/v3/users 0.076s
2025-12-09 07:22:04.996 65538 INFO tempest.lib.common.rest_client [req-ba77d0cf-7fc9-4649-aad7-3731730761c0 req-ba77d0cf-7fc9-4649-aad7-3731730761c0 ] Request (MigrationsAdminTest:test_list_migrations_in_flavor_resize_situation): 200 GET http://10.180.1.21/compute/v2.1/servers/79fd2be0-32ba-4a81-a0ff-ee4b81b4f4b0 1.995s
2025-12-09 07:22:05.008 65557 INFO tempest.lib.common.rest_client [req-50b67a0e-263d-4837-bee2-60dbd4a0d7b4 req-50b67a0e-263d-4837-bee2-60dbd4a0d7b4 ] Request (MultipleCreateNegativeTestJSON:setUpClass): 200 GET http://10.180.1.21/identity/v3/roles 0.022s
2025-12-09 07:22:05.044 65557 INFO tempest.lib.common.rest_client [req-0cfc051b-8603-44d4-a7e1-ec4c4f3984c9 req-0cfc051b-8603-44d4-a7e1-ec4c4f3984c9 ] Request (MultipleCreateNegativeTestJSON:setUpClass): 204 PUT http://10.180.1.21/identity/v3/projects/8bf10de9a62a478691d66934a7b43a52/users/bb57acd02c374b45b7dd678a2d1cc585/roles/0be60d2a65d74cf8859e9a377bb0bbd2 0.035s
2025-12-09 07:22:05.044 65557 INFO tempest.lib.common.dynamic_creds [-] Dynamic test user bb57acd02c374b45b7dd678a2d1cc585 is created with scope project and roles: ['member']
2025-12-09 07:22:05.045 65557 INFO tempest.lib.common.dynamic_creds [-] Acquired dynamic creds: credentials: Credentials: {'domain_id': 'default', 'domain_name': 'Default', 'username': 'tempest-MultipleCreateNegativeTestJSON-1474486827-project-member', 'project_domain_id': 'default', 'project_domain_name': 'Default', 'project_id': '8bf10de9a62a478691d66934a7b43a52', 'project_name': 'tempest-MultipleCreateNegativeTestJSON-1474486827', 'tenant_id': '8bf10de9a62a478691d66934a7b43a52', 'tenant_name': 'tempest-MultipleCreateNegativeTestJSON-1474486827', 'user_domain_id': 'default', 'user_domain_name': 'Default', 'user_id': 'bb57acd02c374b45b7dd678a2d1cc585', 'system': None}, Network: None, Subnet: None, Router: None
2025-12-09 07:22:05.045 65557 INFO tempest.lib.common.dynamic_creds [-] Created isolated network resources for: credentials: Credentials: {'domain_id': 'default', 'domain_name': 'Default', 'username': 'tempest-MultipleCreateNegativeTestJSON-1474486827-project-member', 'project_domain_id': 'default', 'project_domain_name': 'Default', 'project_id': '8bf10de9a62a478691d66934a7b43a52', 'project_name': 'tempest-MultipleCreateNegativeTestJSON-1474486827', 'tenant_id': '8bf10de9a62a478691d66934a7b43a52', 'tenant_name': 'tempest-MultipleCreateNegativeTestJSON-1474486827', 'user_domain_id': 'default', 'user_domain_name': 'Default', 'user_id': 'bb57acd02c374b45b7dd678a2d1cc585', 'system': None}, Network: None, Subnet: None, Router: None
2025-12-09 07:22:05.053 65570 INFO tempest.lib.common.rest_client [req-4dea44f1-8923-44c1-9091-873cbff3c8d5 req-4dea44f1-8923-44c1-9091-873cbff3c8d5 ] Request (ServerTagsTestJSON:test_delete_all_tags): 204 DELETE http://10.180.1.21/compute/v2.1/servers/5ee844db-3014-42e9-9cb8-e76299bf3854/tags 2.000s
2025-12-09 07:22:05.156 65557 INFO tempest.lib.common.rest_client [req-c66693ba-844d-4f03-a148-d9709c9e781e req-c66693ba-844d-4f03-a148-d9709c9e781e ] Request (MultipleCreateNegativeTestJSON:setUpClass): 201 POST http://10.180.1.21/identity/v3/auth/tokens 0.107s
2025-12-09 07:22:05.197 65557 INFO tempest.lib.common.rest_client [req-f06c4b53-d630-4658-92b5-9fde354cf50f req-f06c4b53-d630-4658-92b5-9fde354cf50f ] Request (MultipleCreateNegativeTestJSON:test_max_count_less_than_min_count): 201 POST http://10.180.1.21/identity/v3/auth/tokens 0.038s
2025-12-09 07:22:05.198 65557 INFO tempest.lib.common.fixed_network [-] (MultipleCreateNegativeTestJSON:test_max_count_less_than_min_count) Found network None available for tenant
2025-12-09 07:22:05.394 65550 WARNING tempest.lib.common.ssh [-] Failed to establish authenticated ssh connection to cirros@10.180.180.171 ([Errno None] Unable to connect to port 22 on 10.180.180.171). Number attempts: 5. Retry after 6 seconds.: paramiko.ssh_exception.NoValidConnectionsError: [Errno None] Unable to connect to port 22 on 10.180.180.171
2025-12-09 07:22:05.790 65558 INFO tempest.lib.common.rest_client [req-b265f00e-62c8-44c1-9b79-54ba0f071904 req-b265f00e-62c8-44c1-9b79-54ba0f071904 ] Request (FloatingIPDetailsTestJSON:tearDownClass): 200 PUT http://10.180.1.21/networking/v2.0/routers/7ac7b0e0-ca52-4638-a283-fcfeacca6469/remove_router_interface 0.831s
2025-12-09 07:22:05.838 65509 INFO tempest.lib.common.rest_client [req-8922138d-d79c-42bd-9080-a01836803740 req-8922138d-d79c-42bd-9080-a01836803740 ] Request (SecurityGroupsTestJSON:test_security_group_create_get_delete): 404 GET http://10.180.1.21/compute/v2.1/os-security-groups/71560895-e85f-4455-b8eb-6e94420301d4 2.809s
2025-12-09 07:22:05.847 65552 INFO tempest.lib.common.rest_client [req-94f8cd62-bf11-4341-ae33-9e5a9da1d2c1 req-94f8cd62-bf11-4341-ae33-9e5a9da1d2c1 ] Request (ImagesOneServerNegativeTestJSON:setUpClass): 200 PUT http://10.180.1.21/networking/v2.0/routers/4b21c96a-81a2-473d-98a9-7f0b69fb4035/add_router_interface 0.901s
2025-12-09 07:22:05.847 65552 INFO tempest.lib.common.dynamic_creds [-] Created isolated network resources for: credentials: Credentials: {'domain_id': 'default', 'domain_name': 'Default', 'username': 'tempest-ImagesOneServerNegativeTestJSON-1142892160-project-member', 'project_domain_id': 'default', 'project_domain_name': 'Default', 'project_id': 'e33b94f8e5b047bd84465dd70c8b0221', 'project_name': 'tempest-ImagesOneServerNegativeTestJSON-1142892160', 'tenant_id': 'e33b94f8e5b047bd84465dd70c8b0221', 'tenant_name': 'tempest-ImagesOneServerNegativeTestJSON-1142892160', 'user_domain_id': 'default', 'user_domain_name': 'Default', 'user_id': 'a1491f326fee4bc3a0e67db2cbb43c3e', 'system': None}, Network: {'id': '03b5e01d-8058-4dd5-88d3-8c47d3b085fe', 'name': 'tempest-ImagesOneServerNegativeTestJSON-1824022660-network', 'tenant_id': 'e33b94f8e5b047bd84465dd70c8b0221', 'project_id': 'e33b94f8e5b047bd84465dd70c8b0221', 'admin_state_up': True, 'mtu': 8950, 'status': 'ACTIVE', 'subnets': [], 'shared': False, 'port_security_enabled': True, 'router:external': False, 'provider:network_type': 'vlan', 'provider:physical_network': 'default', 'provider:segmentation_id': 63, 'availability_zone_hints': [], 'availability_zones': [], 'ipv4_address_scope': None, 'ipv6_address_scope': None, 'description': '', 'tags': [], 'created_at': '2025-12-09T07:22:03Z', 'updated_at': '2025-12-09T07:22:03Z', 'revision_number': 1}, Subnet: {'id': 'e2cfeed6-0ad4-4b5f-8042-17df87ead426', 'name': 'tempest-ImagesOneServerNegativeTestJSON-1824022660-subnet', 'tenant_id': 'e33b94f8e5b047bd84465dd70c8b0221', 'network_id': '03b5e01d-8058-4dd5-88d3-8c47d3b085fe', 'ip_version': 4, 'subnetpool_id': None, 'enable_dhcp': True, 'ipv6_ra_mode': None, 'ipv6_address_mode': None, 'gateway_ip': '192.168.128.1', 'cidr': '192.168.128.0/28', 'allocation_pools': [{'start': '192.168.128.2', 'end': '192.168.128.14'}], 'host_routes': [], 'dns_nameservers': [], 'description': '', 'router:external': False, 'service_types': [], 'tags': [], 'created_at': '2025-12-09T07:22:04Z', 'updated_at': '2025-12-09T07:22:04Z', 'revision_number': 0, 'project_id': 'e33b94f8e5b047bd84465dd70c8b0221'}, Router: {'id': '4b21c96a-81a2-473d-98a9-7f0b69fb4035', 'name': 'tempest-ImagesOneServerNegativeTestJSON-1824022660-router', 'tenant_id': 'e33b94f8e5b047bd84465dd70c8b0221', 'admin_state_up': True, 'status': 'ACTIVE', 'external_gateway_info': {'network_id': '3f92ddfe-ef4c-4201-8e2a-01e2daee0818', 'external_fixed_ips': [{'subnet_id': '0567be33-51b4-4f9f-b8e7-361453d2ba05', 'ip_address': '10.180.180.135'}], 'enable_snat': True}, 'description': '', 'availability_zones': [], 'distributed': False, 'ha': False, 'availability_zone_hints': [], 'routes': [], 'flavor_id': None, 'tags': [], 'created_at': '2025-12-09T07:22:04Z', 'updated_at': '2025-12-09T07:22:04Z', 'revision_number': 2, 'project_id': 'e33b94f8e5b047bd84465dd70c8b0221'}
2025-12-09 07:22:05.858 65515 INFO tempest.lib.common.rest_client [req-904b674c-c709-4e50-bedd-a42712aa470b req-904b674c-c709-4e50-bedd-a42712aa470b ] Request (ServerDiagnosticsTest:test_get_server_diagnostics): 200 GET http://10.180.1.21/compute/v2.1/servers/49198fce-ca22-44bf-b9c6-1514a28c6235 2.590s
2025-12-09 07:22:05.967 65552 INFO tempest.lib.common.rest_client [req-bed911d4-a801-4259-8a3c-15562e531dfe req-bed911d4-a801-4259-8a3c-15562e531dfe ] Request (ImagesOneServerNegativeTestJSON:setUpClass): 201 POST http://10.180.1.21/identity/v3/auth/tokens 0.115s
2025-12-09 07:22:06.010 65522 INFO tempest.lib.common.rest_client [req-5b6d6e7b-16e2-4840-b5e6-f39c311c2a74 req-5b6d6e7b-16e2-4840-b5e6-f39c311c2a74 ] Request (ServerShowV247Test:test_update_rebuild_list_server): 202 POST http://10.180.1.21/compute/v2.1/servers 2.645s
2025-12-09 07:22:06.014 65552 INFO tempest.lib.common.rest_client [req-e5f8109d-a014-4476-8280-7e11f7ad2953 req-e5f8109d-a014-4476-8280-7e11f7ad2953 ] Request (ImagesOneServerNegativeTestJSON:setUpClass): 201 POST http://10.180.1.21/identity/v3/auth/tokens 0.042s
2025-12-09 07:22:06.015 65552 INFO tempest.lib.common.fixed_network [-] (ImagesOneServerNegativeTestJSON:setUpClass) Found network {'id': '03b5e01d-8058-4dd5-88d3-8c47d3b085fe', 'name': 'tempest-ImagesOneServerNegativeTestJSON-1824022660-network', 'tenant_id': 'e33b94f8e5b047bd84465dd70c8b0221', 'project_id': 'e33b94f8e5b047bd84465dd70c8b0221', 'admin_state_up': True, 'mtu': 8950, 'status': 'ACTIVE', 'subnets': [], 'shared': False, 'port_security_enabled': True, 'router:external': False, 'provider:network_type': 'vlan', 'provider:physical_network': 'default', 'provider:segmentation_id': 63, 'availability_zone_hints': [], 'availability_zones': [], 'ipv4_address_scope': None, 'ipv6_address_scope': None, 'description': '', 'tags': [], 'created_at': '2025-12-09T07:22:03Z', 'updated_at': '2025-12-09T07:22:03Z', 'revision_number': 1} available for tenant
2025-12-09 07:22:06.366 65558 INFO tempest.lib.common.rest_client [req-992b84c7-b012-41bd-86ba-af3f6d1f94b9 req-992b84c7-b012-41bd-86ba-af3f6d1f94b9 ] Request (FloatingIPDetailsTestJSON:tearDownClass): 204 DELETE http://10.180.1.21/networking/v2.0/routers/7ac7b0e0-ca52-4638-a283-fcfeacca6469 0.575s
2025-12-09 07:22:06.455 65511 INFO tempest.lib.common.rest_client [req-daa52ac3-8772-4b3f-a5dc-9b548ccc301c req-daa52ac3-8772-4b3f-a5dc-9b548ccc301c ] Request (SecurityGroupRulesTestJSON:tearDownClass): 202 DELETE http://10.180.1.21/compute/v2.1/os-security-groups/b642e656-677c-4426-97f4-3d7dbf70a25a 3.001s
2025-12-09 07:22:06.470 65536 INFO tempest.lib.common.rest_client [req-24b6c0cc-0a8f-422f-817e-ac334cbd8e78 req-24b6c0cc-0a8f-422f-817e-ac334cbd8e78 ] Request (FlavorsAdminTestJSON:test_create_server_with_non_public_flavor): 400 POST http://10.180.1.21/compute/v2.1/servers 2.863s
2025-12-09 07:22:06.622 65558 INFO tempest.lib.common.rest_client [req-29460a2b-20d0-4af0-a7ec-6491ff885d52 req-29460a2b-20d0-4af0-a7ec-6491ff885d52 ] Request (FloatingIPDetailsTestJSON:tearDownClass): 204 DELETE http://10.180.1.21/networking/v2.0/subnets/574bbf8e-b851-4e86-a766-269e7f7a0fa9 0.255s
2025-12-09 07:22:06.677 65546 INFO tempest.lib.common.rest_client [req-b8c96e39-616f-4944-ab57-a8d773f89821 req-b8c96e39-616f-4944-ab57-a8d773f89821 ] Request (ServersV294TestFqdnHostnames:tearDownClass): 200 GET http://10.180.1.21/compute/v2.1/servers/877fd3ee-d850-4d76-ba73-6c6f4c168018 2.990s
2025-12-09 07:22:06.799 65548 INFO tempest.lib.common.rest_client [req-c01f3719-2466-45f5-b192-a654fdbc4f13 req-c01f3719-2466-45f5-b192-a654fdbc4f13 ] Request (AbsoluteLimitsNegativeTestJSON:test_max_metadata_exceed_limit): 403 POST http://10.180.1.21/compute/v2.1/servers 3.298s
2025-12-09 07:22:06.817 65544 INFO tempest.lib.common.rest_client [req-7766f9a9-9481-4f54-8e4e-11e8f1aa38c2 req-7766f9a9-9481-4f54-8e4e-11e8f1aa38c2 ] Request (ServersTestMultiNic:test_verify_multiple_nics_order): 200 GET http://10.180.1.21/compute/v2.1/servers/317eca92-5fc4-4c50-8b3b-9129cedaf507 2.840s
2025-12-09 07:22:06.845 65542 INFO tempest.lib.common.rest_client [req-5822c85e-f216-470c-90ad-5b69117dfd0e req-5822c85e-f216-470c-90ad-5b69117dfd0e ] Request (FlavorsExtraSpecsNegativeTestJSON:tearDownClass): 202 DELETE http://10.180.1.21/compute/v2.1/flavors/252145136 2.820s
2025-12-09 07:22:06.886 65518 WARNING tempest.lib.common.ssh [-] Failed to establish authenticated ssh connection to cirros@10.180.180.200 ([Errno None] Unable to connect to port 22 on 10.180.180.200). Number attempts: 1. Retry after 2 seconds.: paramiko.ssh_exception.NoValidConnectionsError: [Errno None] Unable to connect to port 22 on 10.180.180.200
2025-12-09 07:22:06.936 65513 INFO tempest.lib.common.rest_client [req-ab136be0-51aa-4f46-9d18-feda635cc52c req-ab136be0-51aa-4f46-9d18-feda635cc52c ] Request (ImagesNegativeTestJSON:test_create_image_from_deleted_server): 200 GET http://10.180.1.21/compute/v2.1/servers/d53acbfc-fb53-4edb-ba5f-b5c19de15071 2.731s
2025-12-09 07:22:06.941 65558 INFO tempest.lib.common.rest_client [req-92c560bc-cdb5-49e8-a78f-65519aa3e81a req-92c560bc-cdb5-49e8-a78f-65519aa3e81a ] Request (FloatingIPDetailsTestJSON:tearDownClass): 204 DELETE http://10.180.1.21/networking/v2.0/networks/4e212e58-53f2-4be1-a476-bf182631d63b 0.318s
2025-12-09 07:22:06.947 65513 INFO tempest.common.waiters [-] State transition "ACTIVE/deleting" ==> "DELETED/None" after 3 second wait
2025-12-09 07:22:06.956 65520 INFO tempest.lib.common.rest_client [req-c03954fa-a4b5-4b71-96d5-8f003f7b711f req-c03954fa-a4b5-4b71-96d5-8f003f7b711f ] Request (ImagesOneServerTestJSON:test_create_delete_image): 204 DELETE http://10.180.1.21/compute/v2.1/images/1153ea73-cc56-40b8-b4dd-a439716e6414 2.977s
2025-12-09 07:22:06.964 65540 INFO tempest.lib.common.rest_client [req-212575fa-9f47-4082-9a4a-9347acf97a8b req-212575fa-9f47-4082-9a4a-9347acf97a8b ] Request (FloatingIPsAssociationNegativeTestJSON:test_dissociate_nonexistent_floating_ip): 404 POST http://10.180.1.21/compute/v2.1/servers/c760c849-861e-46f0-8d86-7a89f9341741/action 2.650s
2025-12-09 07:22:06.979 65562 INFO tempest.lib.common.rest_client [req-fdc903b0-71d8-444b-99b3-785bf8080cf5 req-fdc903b0-71d8-444b-99b3-785bf8080cf5 ] Request (FlavorsAccessNegativeTestJSON:_run_cleanups): 202 DELETE http://10.180.1.21/compute/v2.1/flavors/524339027 2.507s
2025-12-09 07:22:06.986 65530 INFO tempest.lib.common.rest_client [req-83743d43-62b2-4e9d-8ee5-9582120d88dd req-83743d43-62b2-4e9d-8ee5-9582120d88dd ] Request (AggregatesAdminNegativeTestJSON:test_aggregate_get_details_as_user): 403 GET http://10.180.1.21/compute/v2.1/os-aggregates/6 2.487s
2025-12-09 07:22:07.000 65548 INFO tempest.lib.common.rest_client [req-a2b37f73-e087-4405-a5bf-aff4f1151c51 req-a2b37f73-e087-4405-a5bf-aff4f1151c51 ] Request (AbsoluteLimitsNegativeTestJSON:tearDownClass): 204 DELETE http://10.180.1.21/identity/v3/users/8b017db161284ff997ae5286112f1392 0.199s
2025-12-09 07:22:07.000 65548 INFO tempest.lib.common.dynamic_creds [-] Deleting project and security group for project: d11a122826c5412892661e4a02349acc
2025-12-09 07:22:07.010 65526 WARNING tempest.lib.common.ssh [-] Failed to establish authenticated ssh connection to cirros@10.180.180.221 ([Errno None] Unable to connect to port 22 on 10.180.180.221). Number attempts: 3. Retry after 4 seconds.: paramiko.ssh_exception.NoValidConnectionsError: [Errno None] Unable to connect to port 22 on 10.180.180.221
2025-12-09 07:22:07.042 65524 INFO tempest.lib.common.rest_client [req-9c73f7e0-37f8-4d2f-b710-8f21cf43d53c req-9c73f7e0-37f8-4d2f-b710-8f21cf43d53c ] Request (DeleteServersAdminTestJSON:test_delete_server_while_in_error_state): 200 GET http://10.180.1.21/compute/v2.1/servers/7231e05a-d0b0-429a-a7a9-e8ccda39ff26 2.465s
2025-12-09 07:22:07.048 65558 INFO tempest.lib.common.rest_client [req-1fed318a-49a4-491f-8459-9bab27c44b03 req-1fed318a-49a4-491f-8459-9bab27c44b03 ] Request (FloatingIPDetailsTestJSON:tearDownClass): 204 DELETE http://10.180.1.21/identity/v3/users/a3d61c43b74f4219ad65027350126707 0.106s
2025-12-09 07:22:07.048 65558 INFO tempest.lib.common.dynamic_creds [-] Deleting project and security group for project: 89b36a12531745c69c51ca0a7017878a
2025-12-09 07:22:07.083 65558 INFO tempest.lib.common.rest_client [req-5c772c2c-83c4-49fb-819e-e2ee40b751ce req-5c772c2c-83c4-49fb-819e-e2ee40b751ce ] Request (FloatingIPDetailsTestJSON:tearDownClass): 200 GET http://10.180.1.21/networking/v2.0/security-groups?tenant_id=89b36a12531745c69c51ca0a7017878a&name=default 0.035s
2025-12-09 07:22:07.182 65548 INFO tempest.lib.common.rest_client [req-1285737f-eb3b-40a0-b91d-417aabce61cb req-1285737f-eb3b-40a0-b91d-417aabce61cb ] Request (AbsoluteLimitsNegativeTestJSON:tearDownClass): 201 POST http://10.180.1.21/identity/v3/auth/tokens 0.181s
2025-12-09 07:22:07.200 65554 INFO tempest.lib.common.rest_client [req-0e487724-f5dc-4715-a8ac-c7a95c4163fd req-0e487724-f5dc-4715-a8ac-c7a95c4163fd ] Request (ServersTestJSON:setUpClass): 200 GET http://10.180.1.21/compute/v2.1/servers/ceda15d1-ed9a-4a1a-ad12-188611f443e8 2.614s
2025-12-09 07:22:07.221 65558 INFO tempest.lib.common.rest_client [req-53ca1bd5-65d3-4600-ae90-5c0b9bba9600 req-53ca1bd5-65d3-4600-ae90-5c0b9bba9600 ] Request (FloatingIPDetailsTestJSON:tearDownClass): 204 DELETE http://10.180.1.21/networking/v2.0/security-groups/df9a46b7-09a9-48a7-8292-73da9f727e0f 0.137s
2025-12-09 07:22:07.339 65558 INFO tempest.lib.common.rest_client [req-f41e7407-c1e4-4902-bbb9-4ae68ddf4a47 req-f41e7407-c1e4-4902-bbb9-4ae68ddf4a47 ] Request (FloatingIPDetailsTestJSON:tearDownClass): 204 DELETE http://10.180.1.21/identity/v3/projects/89b36a12531745c69c51ca0a7017878a 0.118s
2025-12-09 07:22:07.345 65572 INFO tempest.lib.common.rest_client [req-5e6c3315-565b-4863-a58b-1f03554e1bb9 req-5e6c3315-565b-4863-a58b-1f03554e1bb9 ] Request (DeleteServersTestJSON:test_delete_active_server): 200 GET http://10.180.1.21/compute/v2.1/servers/b284db9b-4853-4cc7-a4e1-a1d0d784904b 2.378s
2025-12-09 07:22:07.419 65558 INFO tempest.lib.common.rest_client [req-8f24ec51-2985-4fc4-b667-c7dbf832b9ce req-8f24ec51-2985-4fc4-b667-c7dbf832b9ce ] Request (ImagesDeleteNegativeTestJSON:setUpClass): 201 POST http://10.180.1.21/identity/v3/auth/tokens 0.078s
2025-12-09 07:22:07.421 65528 INFO tempest.lib.common.rest_client [req-260692e9-7241-4f13-ae37-389a30d4ab07 req-260692e9-7241-4f13-ae37-389a30d4ab07 ] Request (ServersAdminTestJSON:test_inject_network_info): 200 GET http://10.180.1.21/compute/v2.1/servers/27a6f72b-bb5c-47a3-aa87-34123f6211ad 2.437s
2025-12-09 07:22:07.458 65548 INFO tempest.lib.common.rest_client [req-3f99523d-5817-4783-8968-68e1a8f93cab req-3f99523d-5817-4783-8968-68e1a8f93cab ] Request (AbsoluteLimitsNegativeTestJSON:tearDownClass): 200 GET http://10.180.1.21/networking/v2.0/security-groups?tenant_id=d11a122826c5412892661e4a02349acc&name=default 0.275s
2025-12-09 07:22:07.461 65558 INFO tempest.lib.common.rest_client [req-87b4a851-454b-4350-a91a-1a451aff32fc req-87b4a851-454b-4350-a91a-1a451aff32fc ] Request (ImagesDeleteNegativeTestJSON:setUpClass): 201 POST http://10.180.1.21/identity/v3/auth/tokens 0.040s
2025-12-09 07:22:07.467 65564 INFO tempest.lib.common.rest_client [req-ec47344c-a3a8-4b6f-b4f9-cafea724115e req-ec47344c-a3a8-4b6f-b4f9-cafea724115e ] Request (ServersAdminNegativeTestJSON:setUpClass): 202 POST http://10.180.1.21/compute/v2.1/servers 3.024s
2025-12-09 07:22:07.482 65570 INFO tempest.lib.common.rest_client [req-4a99b152-6060-46e4-b3e3-729334455a20 req-4a99b152-6060-46e4-b3e3-729334455a20 ] Request (ServerTagsTestJSON:test_delete_all_tags): 200 GET http://10.180.1.21/compute/v2.1/servers/5ee844db-3014-42e9-9cb8-e76299bf3854/tags 2.429s
2025-12-09 07:22:07.491 65532 INFO tempest.lib.common.rest_client [req-6db29ef2-1eaa-4a7d-a59f-ceab3c3074ef req-6db29ef2-1eaa-4a7d-a59f-ceab3c3074ef ] Request (ServerDiagnosticsV248Test:test_get_server_diagnostics): 200 GET http://10.180.1.21/compute/v2.1/servers/9a761337-f18d-42ac-8310-31ce529830a1 2.445s
2025-12-09 07:22:07.507 65532 INFO tempest.common.waiters [-] State transition "BUILD/None" ==> "BUILD/networking" after 11 second wait
2025-12-09 07:22:07.514 65558 INFO tempest.lib.common.rest_client [req-d2866951-e0ac-4820-bf50-9d843f51335c req-d2866951-e0ac-4820-bf50-9d843f51335c ] Request (ImagesDeleteNegativeTestJSON:setUpClass): 200 GET http://10.180.1.21/identity/v3/domains?name=Default 0.053s
2025-12-09 07:22:07.551 65558 INFO tempest.lib.common.rest_client [req-ed01485c-9e14-4b6d-bb94-cfdaede9f00b req-ed01485c-9e14-4b6d-bb94-cfdaede9f00b ] Request (ImagesDeleteNegativeTestJSON:setUpClass): 201 POST http://10.180.1.21/identity/v3/projects 0.036s
2025-12-09 07:22:07.600 65548 INFO tempest.lib.common.rest_client [req-74101dfc-9892-4e38-957b-1bb4ffc88252 req-74101dfc-9892-4e38-957b-1bb4ffc88252 ] Request (AbsoluteLimitsNegativeTestJSON:tearDownClass): 204 DELETE http://10.180.1.21/networking/v2.0/security-groups/7bf7e679-23fa-4eb8-b39c-033794492185 0.142s
2025-12-09 07:22:07.645 65558 INFO tempest.lib.common.rest_client [req-4e82c6a2-7b4c-412f-92e7-5be11fc69405 req-4e82c6a2-7b4c-412f-92e7-5be11fc69405 ] Request (ImagesDeleteNegativeTestJSON:setUpClass): 201 POST http://10.180.1.21/identity/v3/users 0.093s
2025-12-09 07:22:07.672 65557 INFO tempest.lib.common.rest_client [req-78c189fa-0d3e-4249-9df7-f1ab7a23cfd9 req-78c189fa-0d3e-4249-9df7-f1ab7a23cfd9 ] Request (MultipleCreateNegativeTestJSON:test_max_count_less_than_min_count): 400 POST http://10.180.1.21/compute/v2.1/servers 2.474s
2025-12-09 07:22:07.683 65558 INFO tempest.lib.common.rest_client [req-fca305fa-597a-46e4-ab79-c17f09db34c6 req-fca305fa-597a-46e4-ab79-c17f09db34c6 ] Request (ImagesDeleteNegativeTestJSON:setUpClass): 200 GET http://10.180.1.21/identity/v3/roles 0.037s
2025-12-09 07:22:07.691 65509 INFO tempest.lib.common.rest_client [req-4d517e47-db09-42a3-8a24-2b61486195bc req-4d517e47-db09-42a3-8a24-2b61486195bc ] Request (SecurityGroupsTestJSON:test_security_groups_create_list_delete): 200 POST http://10.180.1.21/compute/v2.1/os-security-groups 1.851s
2025-12-09 07:22:07.723 65548 INFO tempest.lib.common.rest_client [req-0d38c58e-1dc8-4bc4-a357-5a727a9889ec req-0d38c58e-1dc8-4bc4-a357-5a727a9889ec ] Request (AbsoluteLimitsNegativeTestJSON:tearDownClass): 204 DELETE http://10.180.1.21/identity/v3/projects/d11a122826c5412892661e4a02349acc 0.120s
2025-12-09 07:22:07.747 65557 INFO tempest.lib.common.rest_client [req-4fce63ff-d790-4a4b-a292-3321cacfadbf req-4fce63ff-d790-4a4b-a292-3321cacfadbf ] Request (MultipleCreateNegativeTestJSON:test_max_count_less_than_one): 201 POST http://10.180.1.21/identity/v3/auth/tokens 0.069s
2025-12-09 07:22:07.747 65557 INFO tempest.lib.common.fixed_network [-] (MultipleCreateNegativeTestJSON:test_max_count_less_than_one) Found network None available for tenant
2025-12-09 07:22:07.767 65522 INFO tempest.lib.common.rest_client [req-fed1107c-9e66-47cd-bca9-bc3061f17324 req-fed1107c-9e66-47cd-bca9-bc3061f17324 ] Request (ServerShowV247Test:test_update_rebuild_list_server): 200 PUT http://10.180.1.21/compute/v2.1/servers/0f600d0a-22a8-4ab2-91f6-091fcc233b53 1.755s
2025-12-09 07:22:07.780 65548 INFO tempest.lib.common.rest_client [req-6499baeb-e93b-45fb-b416-956ad514944a req-6499baeb-e93b-45fb-b416-956ad514944a ] Request (ServerAddressesTestJSON:setUpClass): 201 POST http://10.180.1.21/identity/v3/auth/tokens 0.056s
2025-12-09 07:22:07.800 65558 INFO tempest.lib.common.rest_client [req-a2aebf10-04c6-4849-9d92-fda0cf3ff610 req-a2aebf10-04c6-4849-9d92-fda0cf3ff610 ] Request (ImagesDeleteNegativeTestJSON:setUpClass): 204 PUT http://10.180.1.21/identity/v3/projects/e1f803b7eeff4d6bb5fec4a2c8abc883/users/94990a83fbf644c39cad93ffd87aaf12/roles/0be60d2a65d74cf8859e9a377bb0bbd2 0.116s
2025-12-09 07:22:07.800 65558 INFO tempest.lib.common.dynamic_creds [-] Dynamic test user 94990a83fbf644c39cad93ffd87aaf12 is created with scope project and roles: ['member']
2025-12-09 07:22:07.801 65558 INFO tempest.lib.common.dynamic_creds [-] Acquired dynamic creds: credentials: Credentials: {'domain_id': 'default', 'domain_name': 'Default', 'username': 'tempest-ImagesDeleteNegativeTestJSON-48768872-project-member', 'project_domain_id': 'default', 'project_domain_name': 'Default', 'project_id': 'e1f803b7eeff4d6bb5fec4a2c8abc883', 'project_name': 'tempest-ImagesDeleteNegativeTestJSON-48768872', 'tenant_id': 'e1f803b7eeff4d6bb5fec4a2c8abc883', 'tenant_name': 'tempest-ImagesDeleteNegativeTestJSON-48768872', 'user_domain_id': 'default', 'user_domain_name': 'Default', 'user_id': '94990a83fbf644c39cad93ffd87aaf12', 'system': None}, Network: None, Subnet: None, Router: None
2025-12-09 07:22:07.801 65558 INFO tempest.lib.common.dynamic_creds [-] Created isolated network resources for: credentials: Credentials: {'domain_id': 'default', 'domain_name': 'Default', 'username': 'tempest-ImagesDeleteNegativeTestJSON-48768872-project-member', 'project_domain_id': 'default', 'project_domain_name': 'Default', 'project_id': 'e1f803b7eeff4d6bb5fec4a2c8abc883', 'project_name': 'tempest-ImagesDeleteNegativeTestJSON-48768872', 'tenant_id': 'e1f803b7eeff4d6bb5fec4a2c8abc883', 'tenant_name': 'tempest-ImagesDeleteNegativeTestJSON-48768872', 'user_domain_id': 'default', 'user_domain_name': 'Default', 'user_id': '94990a83fbf644c39cad93ffd87aaf12', 'system': None}, Network: None, Subnet: None, Router: None
2025-12-09 07:22:07.838 65538 INFO tempest.lib.common.rest_client [req-ecf17649-a663-4d74-b7c3-e3a65114c569 req-ecf17649-a663-4d74-b7c3-e3a65114c569 ] Request (MigrationsAdminTest:test_list_migrations_in_flavor_resize_situation): 200 GET http://10.180.1.21/compute/v2.1/servers/79fd2be0-32ba-4a81-a0ff-ee4b81b4f4b0 1.831s
2025-12-09 07:22:07.846 65538 INFO tempest.common.waiters [-] State transition "RESIZE/resize_migrating" ==> "RESIZE/resize_migrated" after 14 second wait
2025-12-09 07:22:07.854 65548 INFO tempest.lib.common.rest_client [req-89a89618-50e8-443c-87c5-be33f8964ca4 req-89a89618-50e8-443c-87c5-be33f8964ca4 ] Request (ServerAddressesTestJSON:setUpClass): 201 POST http://10.180.1.21/identity/v3/auth/tokens 0.068s
2025-12-09 07:22:07.871 65511 INFO tempest.lib.common.rest_client [req-2c2c7de6-74d6-4cf7-88a6-dbc692f32593 req-2c2c7de6-74d6-4cf7-88a6-dbc692f32593 ] Request (SecurityGroupRulesTestJSON:tearDownClass): 404 DELETE http://10.180.1.21/compute/v2.1/os-security-groups/5d99f85b-eb45-4030-812d-fc60edbd60b3 1.416s
2025-12-09 07:22:07.891 65536 INFO tempest.lib.common.rest_client [req-3a965fe4-24b9-46e5-9cbd-ecfb11ddf0bf req-3a965fe4-24b9-46e5-9cbd-ecfb11ddf0bf ] Request (FlavorsAdminTestJSON:_run_cleanups): 202 DELETE http://10.180.1.21/compute/v2.1/flavors/1626141017 1.418s
2025-12-09 07:22:07.932 65558 INFO tempest.lib.common.rest_client [req-8f4938f3-524a-41aa-814f-7593d4fbaa81 req-8f4938f3-524a-41aa-814f-7593d4fbaa81 ] Request (ImagesDeleteNegativeTestJSON:setUpClass): 201 POST http://10.180.1.21/identity/v3/auth/tokens 0.124s
2025-12-09 07:22:07.942 65548 INFO tempest.lib.common.rest_client [req-8abc67a2-67a3-47c9-921f-0236205dd073 req-8abc67a2-67a3-47c9-921f-0236205dd073 ] Request (ServerAddressesTestJSON:setUpClass): 200 GET http://10.180.1.21/identity/v3/domains?name=Default 0.086s
2025-12-09 07:22:07.980 65548 INFO tempest.lib.common.rest_client [req-8106e353-615d-421d-a078-023ae0988ce3 req-8106e353-615d-421d-a078-023ae0988ce3 ] Request (ServerAddressesTestJSON:setUpClass): 201 POST http://10.180.1.21/identity/v3/projects 0.037s
2025-12-09 07:22:08.015 65566 INFO tempest.lib.common.rest_client [req-b13fca34-521a-4c58-b8e0-448fd5e3af5f req-b13fca34-521a-4c58-b8e0-448fd5e3af5f ] Request (QuotaClassesAdminTestJSON:test_update_default_quotas): 200 GET http://10.180.1.21/compute/v2.1/os-quota-class-sets/default 1.214s
2025-12-09 07:22:08.045 65542 INFO tempest.lib.common.rest_client [req-5b49fc2d-f9e1-41e0-bbc0-4aa2f2e9d5ec req-5b49fc2d-f9e1-41e0-bbc0-4aa2f2e9d5ec ] Request (FlavorsExtraSpecsNegativeTestJSON:tearDownClass): 200 GET http://10.180.1.21/compute/v2.1/flavors/detail 1.199s
2025-12-09 07:22:08.118 65548 INFO tempest.lib.common.rest_client [req-d6e45b3d-4ae8-45c9-8141-6ffd8a3022d1 req-d6e45b3d-4ae8-45c9-8141-6ffd8a3022d1 ] Request (ServerAddressesTestJSON:setUpClass): 201 POST http://10.180.1.21/identity/v3/users 0.138s
2025-12-09 07:22:08.148 65515 INFO tempest.lib.common.rest_client [req-4b562aa2-e5e9-4149-aaa2-e0b1c00dd55a req-4b562aa2-e5e9-4149-aaa2-e0b1c00dd55a ] Request (ServerDiagnosticsTest:test_get_server_diagnostics): 200 GET http://10.180.1.21/compute/v2.1/servers/49198fce-ca22-44bf-b9c6-1514a28c6235 1.276s
2025-12-09 07:22:08.163 65548 INFO tempest.lib.common.rest_client [req-93022c68-1712-4b65-ae96-5d379f58fcff req-93022c68-1712-4b65-ae96-5d379f58fcff ] Request (ServerAddressesTestJSON:setUpClass): 200 GET http://10.180.1.21/identity/v3/roles 0.044s
2025-12-09 07:22:08.180 65520 INFO tempest.lib.common.rest_client [req-7b15af18-921c-45eb-b337-0f0370ee805a req-7b15af18-921c-45eb-b337-0f0370ee805a ] Request (ImagesOneServerTestJSON:test_create_delete_image): 404 GET http://10.180.1.21/compute/v2.1/images/1153ea73-cc56-40b8-b4dd-a439716e6414 1.224s
2025-12-09 07:22:08.190 65568 WARNING tempest.lib.common.ssh [-] Failed to establish authenticated ssh connection to cirros@10.180.180.236 ([Errno None] Unable to connect to port 22 on 10.180.180.236). Number attempts: 7. Retry after 8 seconds.: paramiko.ssh_exception.NoValidConnectionsError: [Errno None] Unable to connect to port 22 on 10.180.180.236
2025-12-09 07:22:08.201 65542 INFO tempest.lib.common.rest_client [req-1033a8d7-b738-4d35-9461-d21dbc9aff2f req-1033a8d7-b738-4d35-9461-d21dbc9aff2f ] Request (FlavorsExtraSpecsNegativeTestJSON:tearDownClass): 204 DELETE http://10.180.1.21/identity/v3/users/8d04de0ca4744938ae6f277a9028c768 0.148s
2025-12-09 07:22:08.282 65548 INFO tempest.lib.common.rest_client [req-f967ca30-aa98-4560-ac6f-bdc6fb0a81a1 req-f967ca30-aa98-4560-ac6f-bdc6fb0a81a1 ] Request (ServerAddressesTestJSON:setUpClass): 204 PUT http://10.180.1.21/identity/v3/projects/0a512eded92143d7a725e27205eb4ecb/users/d8153ef18280434cb3e039ecae50fa72/roles/0be60d2a65d74cf8859e9a377bb0bbd2 0.117s
2025-12-09 07:22:08.282 65548 INFO tempest.lib.common.dynamic_creds [-] Dynamic test user d8153ef18280434cb3e039ecae50fa72 is created with scope project and roles: ['member']
2025-12-09 07:22:08.282 65548 INFO tempest.lib.common.dynamic_creds [-] Acquired dynamic creds: credentials: Credentials: {'domain_id': 'default', 'domain_name': 'Default', 'username': 'tempest-ServerAddressesTestJSON-1946976696-project-member', 'project_domain_id': 'default', 'project_domain_name': 'Default', 'project_id': '0a512eded92143d7a725e27205eb4ecb', 'project_name': 'tempest-ServerAddressesTestJSON-1946976696', 'tenant_id': '0a512eded92143d7a725e27205eb4ecb', 'tenant_name': 'tempest-ServerAddressesTestJSON-1946976696', 'user_domain_id': 'default', 'user_domain_name': 'Default', 'user_id': 'd8153ef18280434cb3e039ecae50fa72', 'system': None}, Network: None, Subnet: None, Router: None
2025-12-09 07:22:08.369 65540 INFO tempest.lib.common.rest_client [req-7580c70f-2aa4-4e8c-8090-ac329b4fc2e2 req-7580c70f-2aa4-4e8c-8090-ac329b4fc2e2 ] Request (FloatingIPsAssociationNegativeTestJSON:tearDownClass): 204 DELETE http://10.180.1.21/compute/v2.1/servers/c760c849-861e-46f0-8d86-7a89f9341741 1.403s
2025-12-09 07:22:08.382 65548 INFO tempest.lib.common.rest_client [req-918ddc73-f900-46b8-85a6-8b8b639d22b5 req-918ddc73-f900-46b8-85a6-8b8b639d22b5 ] Request (ServerAddressesTestJSON:setUpClass): 201 POST http://10.180.1.21/identity/v3/auth/tokens 0.099s
2025-12-09 07:22:08.394 65562 INFO tempest.lib.common.rest_client [req-eb102dfe-19e0-4a27-8f2a-169630cac4ee req-eb102dfe-19e0-4a27-8f2a-169630cac4ee ] Request (FlavorsAccessNegativeTestJSON:_run_cleanups): 200 GET http://10.180.1.21/compute/v2.1/flavors/detail 1.414s
2025-12-09 07:22:08.428 65530 INFO tempest.lib.common.rest_client [req-ea76d56f-4049-443d-82fe-bcc9b579a4fc req-ea76d56f-4049-443d-82fe-bcc9b579a4fc ] Request (AggregatesAdminNegativeTestJSON:_run_cleanups): 200 DELETE http://10.180.1.21/compute/v2.1/os-aggregates/6 1.441s
2025-12-09 07:22:08.429 65542 INFO tempest.lib.common.rest_client [req-6d4c3aab-4cfb-4566-9738-a3b5073f00c8 req-6d4c3aab-4cfb-4566-9738-a3b5073f00c8 ] Request (FlavorsExtraSpecsNegativeTestJSON:tearDownClass): 204 DELETE http://10.180.1.21/identity/v3/users/69171523c26f42e2bdc68c262fef93dd 0.228s
2025-12-09 07:22:08.429 65542 INFO tempest.lib.common.dynamic_creds [-] Deleting project and security group for project: ef1d648b845e40bbb3a2c6910392a705
2025-12-09 07:22:08.432 65552 INFO tempest.lib.common.rest_client [req-6162321e-7bce-440d-969f-788e2dc9ab03 req-6162321e-7bce-440d-969f-788e2dc9ab03 ] Request (ImagesOneServerNegativeTestJSON:setUpClass): 202 POST http://10.180.1.21/compute/v2.1/servers 2.417s
2025-12-09 07:22:08.486 65570 INFO tempest.lib.common.rest_client [req-cde60ed0-4c40-4f34-a45b-602f48764c54 req-cde60ed0-4c40-4f34-a45b-602f48764c54 ] Request (ServerTagsTestJSON:_run_cleanups): 204 DELETE http://10.180.1.21/compute/v2.1/servers/5ee844db-3014-42e9-9cb8-e76299bf3854/tags 1.003s
2025-12-09 07:22:08.501 65564 INFO tempest.lib.common.rest_client [req-9377c771-7529-4b07-b5ed-b75bcb71486a req-9377c771-7529-4b07-b5ed-b75bcb71486a ] Request (ServersAdminNegativeTestJSON:setUpClass): 200 GET http://10.180.1.21/compute/v2.1/servers/ce225fed-9d6e-49cc-802f-47e2dc8731b0 1.032s
2025-12-09 07:22:08.512 65542 INFO tempest.lib.common.rest_client [req-4b32a78f-db6d-4b40-a6f6-72cec42ebdfa req-4b32a78f-db6d-4b40-a6f6-72cec42ebdfa ] Request (FlavorsExtraSpecsNegativeTestJSON:tearDownClass): 201 POST http://10.180.1.21/identity/v3/auth/tokens 0.082s
2025-12-09 07:22:08.549 65562 INFO tempest.lib.common.rest_client [req-833a883f-8bbc-452c-946f-8170701bdf37 req-833a883f-8bbc-452c-946f-8170701bdf37 ] Request (FlavorsAccessNegativeTestJSON:tearDownClass): 204 DELETE http://10.180.1.21/identity/v3/users/605721448a5940df8417b11756452481 0.147s
2025-12-09 07:22:08.619 65509 INFO tempest.lib.common.rest_client [req-bf083006-59e3-4346-b0f8-fc3ce1232639 req-bf083006-59e3-4346-b0f8-fc3ce1232639 ] Request (SecurityGroupsTestJSON:test_security_groups_create_list_delete): 200 POST http://10.180.1.21/compute/v2.1/os-security-groups 0.921s
2025-12-09 07:22:08.624 65557 INFO tempest.lib.common.rest_client [req-16871dc4-b1bf-4f71-9c93-5bd93e12b9ed req-16871dc4-b1bf-4f71-9c93-5bd93e12b9ed ] Request (MultipleCreateNegativeTestJSON:test_max_count_less_than_one): 400 POST http://10.180.1.21/compute/v2.1/servers 0.876s
2025-12-09 07:22:08.699 65562 INFO tempest.lib.common.rest_client [req-328abfe1-b16f-4a7c-86ff-b7fed27cbc62 req-328abfe1-b16f-4a7c-86ff-b7fed27cbc62 ] Request (FlavorsAccessNegativeTestJSON:tearDownClass): 204 DELETE http://10.180.1.21/identity/v3/users/9865f6f9076f4bedb849f17a5c838ceb 0.150s
2025-12-09 07:22:08.720 65548 INFO tempest.lib.common.rest_client [req-1cdce623-1de0-4d2c-8afb-37613333eaec req-1cdce623-1de0-4d2c-8afb-37613333eaec ] Request (ServerAddressesTestJSON:setUpClass): 201 POST http://10.180.1.21/networking/v2.0/networks 0.338s
2025-12-09 07:22:08.747 65546 INFO tempest.lib.common.rest_client [req-1e3b1187-315d-44b2-9d11-8e11c098b804 req-1e3b1187-315d-44b2-9d11-8e11c098b804 ] Request (ServersV294TestFqdnHostnames:tearDownClass): 200 GET http://10.180.1.21/compute/v2.1/servers/877fd3ee-d850-4d76-ba73-6c6f4c168018 1.052s
2025-12-09 07:22:08.758 65546 INFO tempest.common.waiters [-] State transition "ACTIVE/deleting" ==> "DELETED/None" after 2 second wait
2025-12-09 07:22:08.759 65522 INFO tempest.lib.common.rest_client [req-f14bb5d5-ca98-436b-be9c-52d8e6decf0e req-f14bb5d5-ca98-436b-be9c-52d8e6decf0e ] Request (ServerShowV247Test:test_update_rebuild_list_server): 200 GET http://10.180.1.21/compute/v2.1/servers/0f600d0a-22a8-4ab2-91f6-091fcc233b53 0.985s
2025-12-09 07:22:08.768 65557 INFO tempest.lib.common.rest_client [req-94df6c45-bf44-4996-a523-0d678b539d5d req-94df6c45-bf44-4996-a523-0d678b539d5d ] Request (MultipleCreateNegativeTestJSON:test_max_count_non_integer): 201 POST http://10.180.1.21/identity/v3/auth/tokens 0.140s
2025-12-09 07:22:08.769 65557 INFO tempest.lib.common.fixed_network [-] (MultipleCreateNegativeTestJSON:test_max_count_non_integer) Found network None available for tenant
2025-12-09 07:22:08.872 65542 INFO tempest.lib.common.rest_client [req-62d35210-96f9-4c13-b3b1-b13b46516f4c req-62d35210-96f9-4c13-b3b1-b13b46516f4c ] Request (FlavorsExtraSpecsNegativeTestJSON:tearDownClass): 200 GET http://10.180.1.21/networking/v2.0/security-groups?tenant_id=ef1d648b845e40bbb3a2c6910392a705&name=default 0.359s
2025-12-09 07:22:08.896 65562 INFO tempest.lib.common.rest_client [req-7298d9c3-e511-41b4-bb51-52c963a95a95 req-7298d9c3-e511-41b4-bb51-52c963a95a95 ] Request (FlavorsAccessNegativeTestJSON:tearDownClass): 204 DELETE http://10.180.1.21/identity/v3/users/67b4ddb6a4be4f08b8a0e14906d40351 0.196s
2025-12-09 07:22:08.897 65562 INFO tempest.lib.common.dynamic_creds [-] Deleting project and security group for project: 430005df253846659a91142dc8c60dd2
2025-12-09 07:22:08.912 65544 INFO tempest.lib.common.rest_client [req-adfa586d-ae21-424d-bea1-19aef8355d26 req-adfa586d-ae21-424d-bea1-19aef8355d26 ] Request (ServersTestMultiNic:test_verify_multiple_nics_order): 200 GET http://10.180.1.21/compute/v2.1/servers/317eca92-5fc4-4c50-8b3b-9129cedaf507 1.080s
2025-12-09 07:22:08.936 65536 INFO tempest.lib.common.rest_client [req-4e08822b-4d07-42b7-b386-5aeb43a279cc req-4e08822b-4d07-42b7-b386-5aeb43a279cc ] Request (FlavorsAdminTestJSON:_run_cleanups): 200 GET http://10.180.1.21/compute/v2.1/flavors/detail 1.044s
2025-12-09 07:22:08.940 65548 INFO tempest.lib.common.rest_client [req-2b81e016-ea0b-4eea-be2c-aacf6899c0ab req-2b81e016-ea0b-4eea-be2c-aacf6899c0ab ] Request (ServerAddressesTestJSON:setUpClass): 201 POST http://10.180.1.21/networking/v2.0/subnets 0.219s
2025-12-09 07:22:08.963 65562 INFO tempest.lib.common.rest_client [req-8ecce4c3-28de-49b0-92c8-7138be47fa45 req-8ecce4c3-28de-49b0-92c8-7138be47fa45 ] Request (FlavorsAccessNegativeTestJSON:tearDownClass): 201 POST http://10.180.1.21/identity/v3/auth/tokens 0.066s
2025-12-09 07:22:08.983 65542 INFO tempest.lib.common.rest_client [req-64e117a1-6f50-4a73-8b26-4aa334635a74 req-64e117a1-6f50-4a73-8b26-4aa334635a74 ] Request (FlavorsExtraSpecsNegativeTestJSON:tearDownClass): 204 DELETE http://10.180.1.21/networking/v2.0/security-groups/cb8afde2-8f4e-4fe8-8058-40c4c1a2e997 0.109s
2025-12-09 07:22:09.014 65511 INFO tempest.lib.common.rest_client [req-91ed2be6-e74c-45d5-a49c-0eebe74c1f05 req-91ed2be6-e74c-45d5-a49c-0eebe74c1f05 ] Request (SecurityGroupRulesTestJSON:tearDownClass): 202 DELETE http://10.180.1.21/compute/v2.1/os-security-groups/530e4268-343b-4ad0-b539-52d4360b36ed 1.143s
2025-12-09 07:22:09.078 65542 INFO tempest.lib.common.rest_client [req-fb998914-c5ef-45a7-8ef0-d770d64a6b19 req-fb998914-c5ef-45a7-8ef0-d770d64a6b19 ] Request (FlavorsExtraSpecsNegativeTestJSON:tearDownClass): 204 DELETE http://10.180.1.21/identity/v3/projects/ef1d648b845e40bbb3a2c6910392a705 0.095s
2025-12-09 07:22:09.079 65542 INFO tempest.lib.common.dynamic_creds [-] Deleting project and security group for project: 2736e46af5b94cd6865d415f80b3012a
2025-12-09 07:22:09.093 65558 INFO tempest.lib.common.rest_client [req-d3629b2c-22d9-48ab-b4f7-b6b7ab775ffe req-d3629b2c-22d9-48ab-b4f7-b6b7ab775ffe ] Request (ImagesDeleteNegativeTestJSON:test_delete_image_blank_id): 404 DELETE http://10.180.1.21/compute/v2.1/images/ 1.160s
2025-12-09 07:22:09.321 65566 INFO tempest.lib.common.rest_client [req-9b07605a-7565-4919-9beb-d1e4f85f834c req-9b07605a-7565-4919-9beb-d1e4f85f834c ] Request (QuotaClassesAdminTestJSON:test_update_default_quotas): 200 PUT http://10.180.1.21/compute/v2.1/os-quota-class-sets/default 1.303s
2025-12-09 07:22:09.407 65562 INFO tempest.lib.common.rest_client [req-4649cc58-5e8f-4024-83b1-0663c63d5790 req-4649cc58-5e8f-4024-83b1-0663c63d5790 ] Request (FlavorsAccessNegativeTestJSON:tearDownClass): 200 GET http://10.180.1.21/networking/v2.0/security-groups?tenant_id=430005df253846659a91142dc8c60dd2&name=default 0.444s
2025-12-09 07:22:09.432 65513 INFO tempest.lib.common.rest_client [req-608e022c-a08f-44d5-baae-ba12e9fcae87 req-608e022c-a08f-44d5-baae-ba12e9fcae87 ] Request (ImagesNegativeTestJSON:test_create_image_from_deleted_server): 200 GET http://10.180.1.21/compute/v2.1/servers/d53acbfc-fb53-4edb-ba5f-b5c19de15071 1.484s
2025-12-09 07:22:09.537 65542 INFO tempest.lib.common.rest_client [req-50ad7c41-2a45-4a43-aed3-e964c77c55c3 req-50ad7c41-2a45-4a43-aed3-e964c77c55c3 ] Request (FlavorsExtraSpecsNegativeTestJSON:tearDownClass): 200 GET http://10.180.1.21/networking/v2.0/security-groups?tenant_id=2736e46af5b94cd6865d415f80b3012a&name=default 0.458s
2025-12-09 07:22:09.594 65524 INFO tempest.lib.common.rest_client [req-2ad0bf37-a46a-4b5b-aaf6-9dc330f67bd5 req-2ad0bf37-a46a-4b5b-aaf6-9dc330f67bd5 ] Request (DeleteServersAdminTestJSON:test_delete_server_while_in_error_state): 200 GET http://10.180.1.21/compute/v2.1/servers/7231e05a-d0b0-429a-a7a9-e8ccda39ff26 1.539s
2025-12-09 07:22:09.683 65562 INFO tempest.lib.common.rest_client [req-4f054c14-d4e4-4b51-88e7-99b30a68e393 req-4f054c14-d4e4-4b51-88e7-99b30a68e393 ] Request (FlavorsAccessNegativeTestJSON:tearDownClass): 204 DELETE http://10.180.1.21/networking/v2.0/security-groups/6ed6f965-a69d-41fe-8712-9d4e7f018677 0.276s
2025-12-09 07:22:09.763 65534 WARNING tempest.lib.common.ssh [-] Failed to establish authenticated ssh connection to cirros@10.180.180.163 ([Errno None] Unable to connect to port 22 on 10.180.180.163). Number attempts: 6. Retry after 7 seconds.: paramiko.ssh_exception.NoValidConnectionsError: [Errno None] Unable to connect to port 22 on 10.180.180.163
2025-12-09 07:22:09.763 65562 INFO tempest.lib.common.rest_client [req-c860040c-1ae0-4a49-8cc3-9ebb0b78a0d9 req-c860040c-1ae0-4a49-8cc3-9ebb0b78a0d9 ] Request (FlavorsAccessNegativeTestJSON:tearDownClass): 204 DELETE http://10.180.1.21/identity/v3/projects/430005df253846659a91142dc8c60dd2 0.079s
2025-12-09 07:22:09.765 65562 INFO tempest.lib.common.dynamic_creds [-] Deleting project and security group for project: c1b0e61803e946da9c75c472c4172540
2025-12-09 07:22:09.776 65542 INFO tempest.lib.common.rest_client [req-6985eaec-e28a-4042-809d-b00788c2f455 req-6985eaec-e28a-4042-809d-b00788c2f455 ] Request (FlavorsExtraSpecsNegativeTestJSON:tearDownClass): 204 DELETE http://10.180.1.21/networking/v2.0/security-groups/91632f76-23df-46af-b75c-d43766c725d6 0.238s
