2025-12-09 08:51:36.088 67072 INFO tempest.lib.common.rest_client [req-977050e5-1b35-4a5a-bc50-120d4f7c634c req-977050e5-1b35-4a5a-bc50-120d4f7c634c ] Request (ServersTestJSON:setUpClass): 200 GET http://10.180.1.21/compute/v2.1/servers/0fc4f682-5d5f-4c69-a04f-387b2888b7b5 0.112s
2025-12-09 08:51:36.122 67094 INFO tempest.lib.common.rest_client [req-bee5fbd1-7855-4e54-879a-f33ea594261c req-bee5fbd1-7855-4e54-879a-f33ea594261c ] Request (MultipleCreateTestJSON:test_multiple_create_with_reservation_return): 200 GET http://10.180.1.21/compute/v2.1/servers/3446de9d-3b33-4f0e-b154-12d3b73e3b31 0.115s
2025-12-09 08:51:36.140 67062 INFO tempest.lib.common.rest_client [req-c3c98df7-0e5d-4a63-abbe-a0b8f492472d req-c3c98df7-0e5d-4a63-abbe-a0b8f492472d ] Request (ServerMetadataNegativeTestJSON:setUpClass): 200 GET http://10.180.1.21/compute/v2.1/servers/fe406635-2d2a-4f1a-a787-034149b406bc 0.113s
2025-12-09 08:51:36.187 67098 INFO tempest.lib.common.rest_client [req-94b5c114-f3c8-4038-9311-2111af7c09be req-94b5c114-f3c8-4038-9311-2111af7c09be ] Request (SecurityGroupsTestJSON:test_server_security_groups): 200 GET http://10.180.1.21/compute/v2.1/servers/f60d95b9-0517-44fd-a6da-6b75581c7b70 0.132s
2025-12-09 08:51:36.192 67068 INFO tempest.lib.common.rest_client [req-2e29b911-2309-4ad0-b1e5-10002da68dfa req-2e29b911-2309-4ad0-b1e5-10002da68dfa ] Request (ListServerFiltersTestJSON:setUpClass): 200 GET http://10.180.1.21/compute/v2.1/servers/fe5db77b-56e3-4355-96b6-9b11dc492488 0.115s
2025-12-09 08:51:36.238 67088 INFO tempest.lib.common.rest_client [req-f13f74f4-6655-484f-840d-6a33a8a0e01e req-f13f74f4-6655-484f-840d-6a33a8a0e01e ] Request (DeleteServersAdminTestJSON:test_admin_delete_servers_of_others): 200 GET http://10.180.1.21/compute/v2.1/servers/fb570ddf-831a-4bfe-a4f5-3d3a8f399a25 0.133s
2025-12-09 08:51:36.252 67118 INFO tempest.lib.common.rest_client [req-96aff9f8-3a96-4af4-86cb-72369464e43f req-96aff9f8-3a96-4af4-86cb-72369464e43f ] Request (ServerGroupTestJSON:test_create_server_with_scheduler_hint_group): 200 GET http://10.180.1.21/compute/v2.1/servers/def96b6a-0601-48c3-b912-3d1c5a6821f8 0.125s
2025-12-09 08:51:36.288 67120 INFO tempest.lib.common.rest_client [req-b5d95bc3-4569-4b64-87fc-7bf685244ada req-b5d95bc3-4569-4b64-87fc-7bf685244ada ] Request (ServerRescueTestJSON:test_rescue_unrescue_instance): 200 GET http://10.180.1.21/compute/v2.1/servers/0cabce91-fcd6-4a0e-865d-7c8b566d0b73 0.133s
2025-12-09 08:51:36.310 67110 INFO tempest.lib.common.rest_client [req-0ce386f6-8502-491a-bf9e-12dd26a81815 req-0ce386f6-8502-491a-bf9e-12dd26a81815 ] Request (ServerTagsTestJSON:setUpClass): 200 GET http://10.180.1.21/compute/v2.1/servers/280e1e66-c31f-4135-83b8-66903acfc32d 0.116s
2025-12-09 08:51:36.358 67080 INFO tempest.lib.common.rest_client [req-b59bc2d9-4308-4ae5-a0cd-ccdf49c3d75c req-b59bc2d9-4308-4ae5-a0cd-ccdf49c3d75c ] Request (ListServersNegativeTestJSON:setUpClass): 200 GET http://10.180.1.21/compute/v2.1/servers/06a4b368-aa88-4399-b8f5-788ff8978c5f 0.120s
2025-12-09 08:51:36.381 67108 INFO tempest.lib.common.rest_client [req-792da6f3-2abd-4c4c-988f-2f68a68413c2 req-792da6f3-2abd-4c4c-988f-2f68a68413c2 ] Request (FloatingIPsAssociationTestJSON:tearDownClass): 200 GET http://10.180.1.21/compute/v2.1/servers/319c4fba-f956-4087-a311-d8f63e83319d 0.135s
2025-12-09 08:51:36.417 67092 INFO tempest.lib.common.rest_client [req-ba6481d1-164b-4b75-8f06-da2ced9e3840 req-ba6481d1-164b-4b75-8f06-da2ced9e3840 ] Request (ListImageFiltersTestJSON:setUpClass): 200 GET http://10.180.1.21/compute/v2.1/images/846fb7b7-4be7-478f-9dd9-698ce9f05ab7 0.126s
2025-12-09 08:51:36.430 67074 INFO tempest.lib.common.rest_client [req-f604eb44-a99f-49c4-b29a-939cf1fce47e req-f604eb44-a99f-49c4-b29a-939cf1fce47e ] Request (AttachInterfacesTestJSON:test_create_list_show_delete_interfaces_by_fixed_ip): 200 GET http://10.180.1.21/compute/v2.1/servers/06764596-0693-4442-8f7d-11a705cbadf3 0.142s
2025-12-09 08:51:36.508 67096 INFO tempest.lib.common.rest_client [req-15864327-16b3-4720-ac94-f972b866b506 req-15864327-16b3-4720-ac94-f972b866b506 ] Request (ServersV294TestFqdnHostnames:setUpClass): 200 GET http://10.180.1.21/compute/v2.1/servers/b9dc24d6-1eea-4723-9509-5c8bb97e862a 0.152s
2025-12-09 08:51:36.522 67076 INFO tempest.lib.common.rest_client [req-62da2767-9e9e-43c5-b139-6f77879c6c25 req-62da2767-9e9e-43c5-b139-6f77879c6c25 ] Request (ServersAdminTestJSON:test_inject_network_info): 200 GET http://10.180.1.21/compute/v2.1/servers/545630db-3b03-4024-b526-eb887b4b83c0 0.090s
2025-12-09 08:51:36.570 67086 INFO tempest.lib.common.rest_client [req-d837a053-b28e-42f5-abe6-f80df3d76c53 req-d837a053-b28e-42f5-abe6-f80df3d76c53 ] Request (ImagesTestJSON:test_create_image_from_suspended_server): 200 GET http://10.180.1.21/compute/v2.1/servers/5aac4548-1047-446b-81fc-28ba4dcecea9 0.083s
2025-12-09 08:51:36.648 67064 INFO tempest.lib.common.rest_client [req-24c54751-1a0b-47a3-b99a-e80ceecf6a97 req-24c54751-1a0b-47a3-b99a-e80ceecf6a97 ] Request (ServersAaction247Test:test_create_backup): 200 GET http://10.180.1.21/compute/v2.1/servers/368a5a64-402c-4eeb-acc9-a0827db13e2d 0.080s
2025-12-09 08:51:36.708 67070 INFO tempest.lib.common.rest_client [req-cf4ca207-63d8-4b7c-ad9e-86d7f694c86c req-cf4ca207-63d8-4b7c-ad9e-86d7f694c86c ] Request (DeleteServersTestJSON:test_delete_active_server): 200 GET http://10.180.1.21/compute/v2.1/servers/6f647143-9b8c-48bb-bde7-3dc59021a7f6 0.087s
2025-12-09 08:51:36.730 67060 INFO tempest.lib.common.rest_client [req-201dddbd-5370-4181-bc54-13d5494ee1dc req-201dddbd-5370-4181-bc54-13d5494ee1dc ] Request (MigrationsAdminTest:test_list_migrations_in_flavor_resize_situation): 200 GET http://10.180.1.21/compute/v2.1/servers/90262449-8a97-4d43-b104-0cc7084a636a 0.160s
2025-12-09 08:51:36.759 67114 INFO tempest.lib.common.rest_client [req-ac0465d5-bb00-4927-a75e-3ccd50682347 req-ac0465d5-bb00-4927-a75e-3ccd50682347 ] Request (ServerDiskConfigTestJSON:test_rebuild_server_with_auto_disk_config): 200 GET http://10.180.1.21/compute/v2.1/servers/91034895-4b5b-46c4-819a-4f5e352fc8c3 0.129s
2025-12-09 08:51:36.784 67056 INFO tempest.lib.common.rest_client [req-98842377-26b5-4017-9298-388c3e82cacb req-98842377-26b5-4017-9298-388c3e82cacb ] Request (ServerRescueNegativeTestJSON:setUpClass): 200 GET http://10.180.1.21/compute/v2.1/servers/b8c2da03-28ac-4054-9a61-42fcf18caa07 0.108s
2025-12-09 08:51:36.858 67106 INFO tempest.lib.common.rest_client [req-1f03f689-f7dd-4398-ab2e-546ca2e168bc req-1f03f689-f7dd-4398-ab2e-546ca2e168bc ] Request (ServersListShow296Test:tearDownClass): 200 GET http://10.180.1.21/compute/v2.1/servers/98233c78-57c2-4a04-a29b-7c3140b26198 0.076s
2025-12-09 08:51:36.918 67090 INFO tempest.lib.common.rest_client [req-b119265f-66e5-4596-a474-bd2366b201f2 req-b119265f-66e5-4596-a474-bd2366b201f2 ] Request (ServerDiagnosticsV248Test:test_get_server_diagnostics): 200 GET http://10.180.1.21/compute/v2.1/servers/09a80197-8cdb-47c3-8bd7-461d9c90d571 0.062s
2025-12-09 08:51:36.926 67090 INFO tempest.common.waiters [-] State transition "BUILD/block_device_mapping" ==> "BUILD/spawning" after 63 second wait
2025-12-09 08:51:36.997 67102 INFO tempest.lib.common.rest_client [req-494d5713-ee98-4e28-9044-137c608e98f1 req-494d5713-ee98-4e28-9044-137c608e98f1 ] Request (InstanceActionsTestJSON:setUpClass): 200 GET http://10.180.1.21/compute/v2.1/servers/a6a97de7-3dee-4b0b-a775-0e5c5e634d15 0.100s
2025-12-09 08:51:37.058 67058 INFO tempest.lib.common.rest_client [req-b39ab4fd-c43f-4a77-8881-d5b7564b44c7 req-b39ab4fd-c43f-4a77-8881-d5b7564b44c7 ] Request (InstanceActionsV221TestJSON:test_get_list_deleted_instance_actions): 200 GET http://10.180.1.21/compute/v2.1/servers/5c6b9592-ce16-4d4e-a75c-2057054509e9 0.064s
2025-12-09 08:51:37.112 67078 INFO tempest.lib.common.rest_client [req-96729776-b815-4da9-a981-fc240de06be0 req-96729776-b815-4da9-a981-fc240de06be0 ] Request (ServersAdminNegativeTestJSON:test_migrate_server_invalid_state): 200 GET http://10.180.1.21/compute/v2.1/servers/05212617-867f-49a8-9806-f1fa8b4142f0 0.067s
2025-12-09 08:51:37.164 67072 INFO tempest.lib.common.rest_client [req-06f0c4dc-bf8b-4798-9852-e92e2ad59348 req-06f0c4dc-bf8b-4798-9852-e92e2ad59348 ] Request (ServersTestJSON:setUpClass): 200 GET http://10.180.1.21/compute/v2.1/servers/0fc4f682-5d5f-4c69-a04f-387b2888b7b5 0.067s
2025-12-09 08:51:37.173 67100 INFO tempest.lib.common.rest_client [req-964beda5-f1b0-4c6f-a498-e84842b65e8d req-964beda5-f1b0-4c6f-a498-e84842b65e8d ] Request (TenantUsagesTestJSON:setUpClass): 200 GET http://10.180.1.21/compute/v2.1/servers/1027a5bc-24b7-4b3d-95d1-4ea5ea3d067b 0.112s
2025-12-09 08:51:37.213 67094 INFO tempest.lib.common.rest_client [req-ac06a282-0e1c-497b-a8d9-b111fa5c2d9d req-ac06a282-0e1c-497b-a8d9-b111fa5c2d9d ] Request (MultipleCreateTestJSON:test_multiple_create_with_reservation_return): 200 GET http://10.180.1.21/compute/v2.1/servers/3446de9d-3b33-4f0e-b154-12d3b73e3b31 0.081s
2025-12-09 08:51:37.228 67062 INFO tempest.lib.common.rest_client [req-cb9c4b22-51a2-4daf-8d99-4610c3a75662 req-cb9c4b22-51a2-4daf-8d99-4610c3a75662 ] Request (ServerMetadataNegativeTestJSON:setUpClass): 200 GET http://10.180.1.21/compute/v2.1/servers/fe406635-2d2a-4f1a-a787-034149b406bc 0.077s
2025-12-09 08:51:37.269 67098 INFO tempest.lib.common.rest_client [req-85162ba0-dd52-431b-80fa-199dcb00bcd9 req-85162ba0-dd52-431b-80fa-199dcb00bcd9 ] Request (SecurityGroupsTestJSON:test_server_security_groups): 200 GET http://10.180.1.21/compute/v2.1/servers/f60d95b9-0517-44fd-a6da-6b75581c7b70 0.073s
2025-12-09 08:51:37.280 67068 INFO tempest.lib.common.rest_client [req-d7de0a29-3b92-48a3-a799-6e136879feb3 req-d7de0a29-3b92-48a3-a799-6e136879feb3 ] Request (ListServerFiltersTestJSON:setUpClass): 200 GET http://10.180.1.21/compute/v2.1/servers/fe5db77b-56e3-4355-96b6-9b11dc492488 0.080s
2025-12-09 08:51:37.318 67088 INFO tempest.lib.common.rest_client [req-452f4ece-f5c4-436a-a710-06c74c062286 req-452f4ece-f5c4-436a-a710-06c74c062286 ] Request (DeleteServersAdminTestJSON:test_admin_delete_servers_of_others): 200 GET http://10.180.1.21/compute/v2.1/servers/fb570ddf-831a-4bfe-a4f5-3d3a8f399a25 0.071s
2025-12-09 08:51:37.333 67118 INFO tempest.lib.common.rest_client [req-c384b386-d7bf-490a-be29-2cf96be0eadd req-c384b386-d7bf-490a-be29-2cf96be0eadd ] Request (ServerGroupTestJSON:test_create_server_with_scheduler_hint_group): 200 GET http://10.180.1.21/compute/v2.1/servers/def96b6a-0601-48c3-b912-3d1c5a6821f8 0.070s
2025-12-09 08:51:37.370 67120 INFO tempest.lib.common.rest_client [req-1d33039c-a31d-4f2d-bdf9-00b3a28f1f16 req-1d33039c-a31d-4f2d-bdf9-00b3a28f1f16 ] Request (ServerRescueTestJSON:test_rescue_unrescue_instance): 200 GET http://10.180.1.21/compute/v2.1/servers/0cabce91-fcd6-4a0e-865d-7c8b566d0b73 0.071s
2025-12-09 08:51:37.384 67110 INFO tempest.lib.common.rest_client [req-47b376ee-028e-47a7-8b44-b8afbc01a632 req-47b376ee-028e-47a7-8b44-b8afbc01a632 ] Request (ServerTagsTestJSON:setUpClass): 200 GET http://10.180.1.21/compute/v2.1/servers/280e1e66-c31f-4135-83b8-66903acfc32d 0.065s
2025-12-09 08:51:37.429 67080 INFO tempest.lib.common.rest_client [req-08689d54-c228-4189-b4f8-8a1477c6070e req-08689d54-c228-4189-b4f8-8a1477c6070e ] Request (ListServersNegativeTestJSON:setUpClass): 200 GET http://10.180.1.21/compute/v2.1/servers/06a4b368-aa88-4399-b8f5-788ff8978c5f 0.060s
2025-12-09 08:51:37.450 67108 INFO tempest.lib.common.rest_client [req-f2e75d8c-efaf-4182-9c94-040e74a68345 req-f2e75d8c-efaf-4182-9c94-040e74a68345 ] Request (FloatingIPsAssociationTestJSON:tearDownClass): 200 GET http://10.180.1.21/compute/v2.1/servers/319c4fba-f956-4087-a311-d8f63e83319d 0.058s
2025-12-09 08:51:37.465 67092 INFO tempest.lib.common.rest_client [req-c7ff6ff4-3f19-4d08-a332-1ea0d66c81e8 req-c7ff6ff4-3f19-4d08-a332-1ea0d66c81e8 ] Request (ListImageFiltersTestJSON:setUpClass): 200 GET http://10.180.1.21/compute/v2.1/images/846fb7b7-4be7-478f-9dd9-698ce9f05ab7 0.040s
2025-12-09 08:51:37.498 67074 INFO tempest.lib.common.rest_client [req-33671425-ef4c-4476-800c-1f3cef4b1f7e req-33671425-ef4c-4476-800c-1f3cef4b1f7e ] Request (AttachInterfacesTestJSON:test_create_list_show_delete_interfaces_by_fixed_ip): 200 GET http://10.180.1.21/compute/v2.1/servers/06764596-0693-4442-8f7d-11a705cbadf3 0.058s
2025-12-09 08:51:37.587 67096 INFO tempest.lib.common.rest_client [req-8920414e-5357-4030-9387-dafeba4c049c req-8920414e-5357-4030-9387-dafeba4c049c ] Request (ServersV294TestFqdnHostnames:setUpClass): 200 GET http://10.180.1.21/compute/v2.1/servers/b9dc24d6-1eea-4723-9509-5c8bb97e862a 0.066s
2025-12-09 08:51:37.594 67076 INFO tempest.lib.common.rest_client [req-5abf5873-e582-496c-85be-b1cd21382ebc req-5abf5873-e582-496c-85be-b1cd21382ebc ] Request (ServersAdminTestJSON:test_inject_network_info): 200 GET http://10.180.1.21/compute/v2.1/servers/545630db-3b03-4024-b526-eb887b4b83c0 0.064s
2025-12-09 08:51:37.643 67086 INFO tempest.lib.common.rest_client [req-d44f5fd6-b0b0-47b0-9b68-f5d21e8914bf req-d44f5fd6-b0b0-47b0-9b68-f5d21e8914bf ] Request (ImagesTestJSON:test_create_image_from_suspended_server): 200 GET http://10.180.1.21/compute/v2.1/servers/5aac4548-1047-446b-81fc-28ba4dcecea9 0.060s
2025-12-09 08:51:37.730 67064 INFO tempest.lib.common.rest_client [req-9608dc00-d7a4-4826-b056-e0d608b35964 req-9608dc00-d7a4-4826-b056-e0d608b35964 ] Request (ServersAaction247Test:test_create_backup): 200 GET http://10.180.1.21/compute/v2.1/servers/368a5a64-402c-4eeb-acc9-a0827db13e2d 0.069s
2025-12-09 08:51:37.779 67070 INFO tempest.lib.common.rest_client [req-cd95ed0f-7c45-48e5-8d2f-5a25446fba70 req-cd95ed0f-7c45-48e5-8d2f-5a25446fba70 ] Request (DeleteServersTestJSON:test_delete_active_server): 200 GET http://10.180.1.21/compute/v2.1/servers/6f647143-9b8c-48bb-bde7-3dc59021a7f6 0.063s
2025-12-09 08:51:37.833 67114 INFO tempest.lib.common.rest_client [req-eef81ee9-c490-4b92-9b42-d0221ecffdd6 req-eef81ee9-c490-4b92-9b42-d0221ecffdd6 ] Request (ServerDiskConfigTestJSON:test_rebuild_server_with_auto_disk_config): 200 GET http://10.180.1.21/compute/v2.1/servers/91034895-4b5b-46c4-819a-4f5e352fc8c3 0.065s
2025-12-09 08:51:37.887 67056 INFO tempest.lib.common.rest_client [req-6207a435-d395-4645-807d-b0e8ccbb322c req-6207a435-d395-4645-807d-b0e8ccbb322c ] Request (ServerRescueNegativeTestJSON:setUpClass): 200 GET http://10.180.1.21/compute/v2.1/servers/b8c2da03-28ac-4054-9a61-42fcf18caa07 0.092s
2025-12-09 08:51:37.891 67060 INFO tempest.lib.common.rest_client [req-4c43455c-6028-49b9-9022-55af55f2f254 req-4c43455c-6028-49b9-9022-55af55f2f254 ] Request (MigrationsAdminTest:test_list_migrations_in_flavor_resize_situation): 200 GET http://10.180.1.21/compute/v2.1/servers/90262449-8a97-4d43-b104-0cc7084a636a 0.149s
2025-12-09 08:51:37.952 67106 INFO tempest.lib.common.rest_client [req-c988744b-e5d0-483e-992a-b224a707b096 req-c988744b-e5d0-483e-992a-b224a707b096 ] Request (ServersListShow296Test:tearDownClass): 200 GET http://10.180.1.21/compute/v2.1/servers/98233c78-57c2-4a04-a29b-7c3140b26198 0.084s
2025-12-09 08:51:37.996 67090 INFO tempest.lib.common.rest_client [req-45c01cc4-e459-4e0c-af6e-4ceb65c48b69 req-45c01cc4-e459-4e0c-af6e-4ceb65c48b69 ] Request (ServerDiagnosticsV248Test:test_get_server_diagnostics): 200 GET http://10.180.1.21/compute/v2.1/servers/09a80197-8cdb-47c3-8bd7-461d9c90d571 0.068s
2025-12-09 08:51:38.147 67058 INFO tempest.lib.common.rest_client [req-5e6a5037-70cf-4c02-8823-ac423f1fc8cb req-5e6a5037-70cf-4c02-8823-ac423f1fc8cb ] Request (InstanceActionsV221TestJSON:test_get_list_deleted_instance_actions): 200 GET http://10.180.1.21/compute/v2.1/servers/5c6b9592-ce16-4d4e-a75c-2057054509e9 0.079s
2025-12-09 08:51:38.149 67102 INFO tempest.lib.common.rest_client [req-f71dfdca-ea4f-4377-b76d-cf8d624ae98f req-f71dfdca-ea4f-4377-b76d-cf8d624ae98f ] Request (InstanceActionsTestJSON:setUpClass): 200 GET http://10.180.1.21/compute/v2.1/servers/a6a97de7-3dee-4b0b-a775-0e5c5e634d15 0.144s
2025-12-09 08:51:38.200 67078 INFO tempest.lib.common.rest_client [req-9cd05a1c-c230-41e5-af1f-cf7b4d594076 req-9cd05a1c-c230-41e5-af1f-cf7b4d594076 ] Request (ServersAdminNegativeTestJSON:test_migrate_server_invalid_state): 200 GET http://10.180.1.21/compute/v2.1/servers/05212617-867f-49a8-9806-f1fa8b4142f0 0.079s
2025-12-09 08:51:38.225 67072 INFO tempest.lib.common.rest_client [req-bfed1278-61e9-48d6-820f-486475742827 req-bfed1278-61e9-48d6-820f-486475742827 ] Request (ServersTestJSON:setUpClass): 200 GET http://10.180.1.21/compute/v2.1/servers/0fc4f682-5d5f-4c69-a04f-387b2888b7b5 0.053s
2025-12-09 08:51:38.276 67094 INFO tempest.lib.common.rest_client [req-0ad32c58-db7e-4b6f-9349-8326dc114ded req-0ad32c58-db7e-4b6f-9349-8326dc114ded ] Request (MultipleCreateTestJSON:test_multiple_create_with_reservation_return): 200 GET http://10.180.1.21/compute/v2.1/servers/3446de9d-3b33-4f0e-b154-12d3b73e3b31 0.055s
2025-12-09 08:51:38.298 67100 INFO tempest.lib.common.rest_client [req-b44a85ac-d2de-4868-abe2-fda108cbf3d9 req-b44a85ac-d2de-4868-abe2-fda108cbf3d9 ] Request (TenantUsagesTestJSON:setUpClass): 200 GET http://10.180.1.21/compute/v2.1/servers/1027a5bc-24b7-4b3d-95d1-4ea5ea3d067b 0.115s
2025-12-09 08:51:38.328 67062 INFO tempest.lib.common.rest_client [req-2ec2e4b1-576c-4359-bce5-06a7591120de req-2ec2e4b1-576c-4359-bce5-06a7591120de ] Request (ServerMetadataNegativeTestJSON:setUpClass): 200 GET http://10.180.1.21/compute/v2.1/servers/fe406635-2d2a-4f1a-a787-034149b406bc 0.092s
2025-12-09 08:51:38.351 67098 INFO tempest.lib.common.rest_client [req-8dbbd0d2-aee2-429e-80ea-d658409b805b req-8dbbd0d2-aee2-429e-80ea-d658409b805b ] Request (SecurityGroupsTestJSON:test_server_security_groups): 200 GET http://10.180.1.21/compute/v2.1/servers/f60d95b9-0517-44fd-a6da-6b75581c7b70 0.075s
2025-12-09 08:51:38.360 67098 INFO tempest.common.waiters [-] State transition "BUILD/None" ==> "BUILD/networking" after 45 second wait
2025-12-09 08:51:38.385 67068 INFO tempest.lib.common.rest_client [req-ad2d427a-f60f-4a91-ba31-2a4f76e09b32 req-ad2d427a-f60f-4a91-ba31-2a4f76e09b32 ] Request (ListServerFiltersTestJSON:setUpClass): 200 GET http://10.180.1.21/compute/v2.1/servers/fe5db77b-56e3-4355-96b6-9b11dc492488 0.095s
2025-12-09 08:51:38.415 67088 INFO tempest.lib.common.rest_client [req-ed328112-9f20-448f-bbaa-3a509412fa1a req-ed328112-9f20-448f-bbaa-3a509412fa1a ] Request (DeleteServersAdminTestJSON:test_admin_delete_servers_of_others): 200 GET http://10.180.1.21/compute/v2.1/servers/fb570ddf-831a-4bfe-a4f5-3d3a8f399a25 0.088s
2025-12-09 08:51:38.433 67118 INFO tempest.lib.common.rest_client [req-a820dee4-0e13-4019-aa18-c088aed184f9 req-a820dee4-0e13-4019-aa18-c088aed184f9 ] Request (ServerGroupTestJSON:test_create_server_with_scheduler_hint_group): 200 GET http://10.180.1.21/compute/v2.1/servers/def96b6a-0601-48c3-b912-3d1c5a6821f8 0.092s
2025-12-09 08:51:38.466 67120 INFO tempest.lib.common.rest_client [req-f5896375-6145-442e-8f7e-e2881969c5ba req-f5896375-6145-442e-8f7e-e2881969c5ba ] Request (ServerRescueTestJSON:test_rescue_unrescue_instance): 200 GET http://10.180.1.21/compute/v2.1/servers/0cabce91-fcd6-4a0e-865d-7c8b566d0b73 0.086s
2025-12-09 08:51:38.485 67110 INFO tempest.lib.common.rest_client [req-c12bd281-ea97-4c77-96d1-057e138e726f req-c12bd281-ea97-4c77-96d1-057e138e726f ] Request (ServerTagsTestJSON:setUpClass): 200 GET http://10.180.1.21/compute/v2.1/servers/280e1e66-c31f-4135-83b8-66903acfc32d 0.089s
2025-12-09 08:51:38.525 67080 INFO tempest.lib.common.rest_client [req-311cf742-fd6a-452b-addc-c4c82a561820 req-311cf742-fd6a-452b-addc-c4c82a561820 ] Request (ListServersNegativeTestJSON:setUpClass): 200 GET http://10.180.1.21/compute/v2.1/servers/06a4b368-aa88-4399-b8f5-788ff8978c5f 0.086s
2025-12-09 08:51:38.541 67108 INFO tempest.lib.common.rest_client [req-97c4c947-c972-42a8-8975-a951e443f9ea req-97c4c947-c972-42a8-8975-a951e443f9ea ] Request (FloatingIPsAssociationTestJSON:tearDownClass): 200 GET http://10.180.1.21/compute/v2.1/servers/319c4fba-f956-4087-a311-d8f63e83319d 0.083s
2025-12-09 08:51:38.563 67092 INFO tempest.lib.common.rest_client [req-8f02fb58-0385-46e2-ba5d-6ba34a1ae59d req-8f02fb58-0385-46e2-ba5d-6ba34a1ae59d ] Request (ListImageFiltersTestJSON:setUpClass): 200 GET http://10.180.1.21/compute/v2.1/images/846fb7b7-4be7-478f-9dd9-698ce9f05ab7 0.095s
2025-12-09 08:51:38.592 67074 INFO tempest.lib.common.rest_client [req-33b7f2bd-5608-4168-b12c-e16bad6a9d1f req-33b7f2bd-5608-4168-b12c-e16bad6a9d1f ] Request (AttachInterfacesTestJSON:test_create_list_show_delete_interfaces_by_fixed_ip): 200 GET http://10.180.1.21/compute/v2.1/servers/06764596-0693-4442-8f7d-11a705cbadf3 0.087s
2025-12-09 08:51:38.663 67096 INFO tempest.lib.common.rest_client [req-591a8e8c-d6e1-41de-9af3-24a94b849e26 req-591a8e8c-d6e1-41de-9af3-24a94b849e26 ] Request (ServersV294TestFqdnHostnames:setUpClass): 200 GET http://10.180.1.21/compute/v2.1/servers/b9dc24d6-1eea-4723-9509-5c8bb97e862a 0.065s
2025-12-09 08:51:38.681 67076 INFO tempest.lib.common.rest_client [req-c76f121b-a9d8-4960-9a6e-c47c142f6c85 req-c76f121b-a9d8-4960-9a6e-c47c142f6c85 ] Request (ServersAdminTestJSON:test_inject_network_info): 200 GET http://10.180.1.21/compute/v2.1/servers/545630db-3b03-4024-b526-eb887b4b83c0 0.077s
2025-12-09 08:51:38.724 67086 INFO tempest.lib.common.rest_client [req-295bb56c-829e-404f-9caa-7fcd6766efba req-295bb56c-829e-404f-9caa-7fcd6766efba ] Request (ImagesTestJSON:test_create_image_from_suspended_server): 200 GET http://10.180.1.21/compute/v2.1/servers/5aac4548-1047-446b-81fc-28ba4dcecea9 0.073s
2025-12-09 08:51:38.809 67064 INFO tempest.lib.common.rest_client [req-2c1dc783-ff3c-4b85-8a7d-cd551aca6191 req-2c1dc783-ff3c-4b85-8a7d-cd551aca6191 ] Request (ServersAaction247Test:test_create_backup): 200 GET http://10.180.1.21/compute/v2.1/servers/368a5a64-402c-4eeb-acc9-a0827db13e2d 0.068s
2025-12-09 08:51:38.851 67070 INFO tempest.lib.common.rest_client [req-8a916d1f-e893-4957-bd2b-7ab664a52f5c req-8a916d1f-e893-4957-bd2b-7ab664a52f5c ] Request (DeleteServersTestJSON:test_delete_active_server): 200 GET http://10.180.1.21/compute/v2.1/servers/6f647143-9b8c-48bb-bde7-3dc59021a7f6 0.063s
2025-12-09 08:51:38.913 67114 INFO tempest.lib.common.rest_client [req-44b4ca4f-be65-4587-a545-9f85eb488e74 req-44b4ca4f-be65-4587-a545-9f85eb488e74 ] Request (ServerDiskConfigTestJSON:test_rebuild_server_with_auto_disk_config): 200 GET http://10.180.1.21/compute/v2.1/servers/91034895-4b5b-46c4-819a-4f5e352fc8c3 0.072s
2025-12-09 08:51:38.961 67056 INFO tempest.lib.common.rest_client [req-712de53f-8a93-4fd2-b27d-464a0a61a1b6 req-712de53f-8a93-4fd2-b27d-464a0a61a1b6 ] Request (ServerRescueNegativeTestJSON:setUpClass): 200 GET http://10.180.1.21/compute/v2.1/servers/b8c2da03-28ac-4054-9a61-42fcf18caa07 0.066s
2025-12-09 08:51:39.034 67060 INFO tempest.lib.common.rest_client [req-3d2c889e-6026-405e-9f39-8cf0335da520 req-3d2c889e-6026-405e-9f39-8cf0335da520 ] Request (MigrationsAdminTest:test_list_migrations_in_flavor_resize_situation): 200 GET http://10.180.1.21/compute/v2.1/servers/90262449-8a97-4d43-b104-0cc7084a636a 0.134s
2025-12-09 08:51:39.059 67106 INFO tempest.lib.common.rest_client [req-3c8a2ca1-4d78-4b24-a59a-14679644c04b req-3c8a2ca1-4d78-4b24-a59a-14679644c04b ] Request (ServersListShow296Test:tearDownClass): 200 GET http://10.180.1.21/compute/v2.1/servers/98233c78-57c2-4a04-a29b-7c3140b26198 0.095s
2025-12-09 08:51:39.102 67090 INFO tempest.lib.common.rest_client [req-a7eaeaba-01c4-4cb5-a436-232cfa137bdc req-a7eaeaba-01c4-4cb5-a436-232cfa137bdc ] Request (ServerDiagnosticsV248Test:test_get_server_diagnostics): 200 GET http://10.180.1.21/compute/v2.1/servers/09a80197-8cdb-47c3-8bd7-461d9c90d571 0.096s
2025-12-09 08:51:39.253 67058 INFO tempest.lib.common.rest_client [req-4e4b32c4-1b3c-4d34-a03c-4b26a711d118 req-4e4b32c4-1b3c-4d34-a03c-4b26a711d118 ] Request (InstanceActionsV221TestJSON:test_get_list_deleted_instance_actions): 200 GET http://10.180.1.21/compute/v2.1/servers/5c6b9592-ce16-4d4e-a75c-2057054509e9 0.097s
2025-12-09 08:51:39.276 67102 INFO tempest.lib.common.rest_client [req-f8c8eacc-e712-4f91-b79c-96c8743abf93 req-f8c8eacc-e712-4f91-b79c-96c8743abf93 ] Request (InstanceActionsTestJSON:setUpClass): 200 GET http://10.180.1.21/compute/v2.1/servers/a6a97de7-3dee-4b0b-a775-0e5c5e634d15 0.117s
2025-12-09 08:51:39.313 67078 INFO tempest.lib.common.rest_client [req-a4024bb7-2454-4501-a221-0efca003321c req-a4024bb7-2454-4501-a221-0efca003321c ] Request (ServersAdminNegativeTestJSON:test_migrate_server_invalid_state): 200 GET http://10.180.1.21/compute/v2.1/servers/05212617-867f-49a8-9806-f1fa8b4142f0 0.105s
2025-12-09 08:51:39.330 67072 INFO tempest.lib.common.rest_client [req-e4745d25-a2c3-45fd-9b82-06842e4c4b40 req-e4745d25-a2c3-45fd-9b82-06842e4c4b40 ] Request (ServersTestJSON:setUpClass): 200 GET http://10.180.1.21/compute/v2.1/servers/0fc4f682-5d5f-4c69-a04f-387b2888b7b5 0.096s
2025-12-09 08:51:39.367 67094 INFO tempest.lib.common.rest_client [req-cb48105d-05be-46c1-b355-e22382510e70 req-cb48105d-05be-46c1-b355-e22382510e70 ] Request (MultipleCreateTestJSON:test_multiple_create_with_reservation_return): 200 GET http://10.180.1.21/compute/v2.1/servers/3446de9d-3b33-4f0e-b154-12d3b73e3b31 0.083s
2025-12-09 08:51:39.443 67100 INFO tempest.lib.common.rest_client [req-da170464-32e6-415d-afc5-908830fe047c req-da170464-32e6-415d-afc5-908830fe047c ] Request (TenantUsagesTestJSON:setUpClass): 200 GET http://10.180.1.21/compute/v2.1/servers/1027a5bc-24b7-4b3d-95d1-4ea5ea3d067b 0.137s
2025-12-09 08:51:39.453 67062 INFO tempest.lib.common.rest_client [req-0f3e69fc-32ae-48e8-baa1-4f43626fcf1c req-0f3e69fc-32ae-48e8-baa1-4f43626fcf1c ] Request (ServerMetadataNegativeTestJSON:setUpClass): 200 GET http://10.180.1.21/compute/v2.1/servers/fe406635-2d2a-4f1a-a787-034149b406bc 0.116s
2025-12-09 08:51:39.454 67100 INFO tempest.common.waiters [-] State transition "BUILD/spawning" ==> "ACTIVE/None" after 67 second wait
2025-12-09 08:51:39.574 67068 INFO tempest.lib.common.rest_client [req-67e301b9-6222-46ec-9007-6676e35609ac req-67e301b9-6222-46ec-9007-6676e35609ac ] Request (ListServerFiltersTestJSON:setUpClass): 200 GET http://10.180.1.21/compute/v2.1/servers/fe5db77b-56e3-4355-96b6-9b11dc492488 0.181s
2025-12-09 08:51:39.601 67098 INFO tempest.lib.common.rest_client [req-a72a3de5-2237-4f7a-9f07-f83af08e6331 req-a72a3de5-2237-4f7a-9f07-f83af08e6331 ] Request (SecurityGroupsTestJSON:test_server_security_groups): 200 GET http://10.180.1.21/compute/v2.1/servers/f60d95b9-0517-44fd-a6da-6b75581c7b70 0.240s
2025-12-09 08:51:39.609 67098 INFO tempest.common.waiters [-] State transition "BUILD/networking" ==> "BUILD/block_device_mapping" after 46 second wait
2025-12-09 08:51:39.636 67088 INFO tempest.lib.common.rest_client [req-1d0260de-cf35-42d9-9103-c6ad0762f44a req-1d0260de-cf35-42d9-9103-c6ad0762f44a ] Request (DeleteServersAdminTestJSON:test_admin_delete_servers_of_others): 200 GET http://10.180.1.21/compute/v2.1/servers/fb570ddf-831a-4bfe-a4f5-3d3a8f399a25 0.213s
2025-12-09 08:51:39.657 67118 INFO tempest.lib.common.rest_client [req-4cb1fc80-c4e8-44cf-bc97-e193f5d0cea9 req-4cb1fc80-c4e8-44cf-bc97-e193f5d0cea9 ] Request (ServerGroupTestJSON:test_create_server_with_scheduler_hint_group): 200 GET http://10.180.1.21/compute/v2.1/servers/def96b6a-0601-48c3-b912-3d1c5a6821f8 0.214s
2025-12-09 08:51:39.715 67120 INFO tempest.lib.common.rest_client [req-cf941c30-da1d-463c-82db-ad6c504539d3 req-cf941c30-da1d-463c-82db-ad6c504539d3 ] Request (ServerRescueTestJSON:test_rescue_unrescue_instance): 200 GET http://10.180.1.21/compute/v2.1/servers/0cabce91-fcd6-4a0e-865d-7c8b566d0b73 0.241s
2025-12-09 08:51:39.767 67100 INFO tempest.lib.common.rest_client [req-f11f94bd-c750-4b8a-a0d6-f72f014c052a req-f11f94bd-c750-4b8a-a0d6-f72f014c052a ] Request (TenantUsagesTestJSON:test_get_usage_tenant): 200 GET http://10.180.1.21/compute/v2.1/os-simple-tenant-usage/c5f28163a7f24588ab362efdf9d32f62?start=2025-12-08T08%3A51%3A39.454638&end=2025-12-10T08%3A51%3A39.454638 0.312s
2025-12-09 08:51:39.774 67110 INFO tempest.lib.common.rest_client [req-0c2da2f1-8cb5-43a3-a074-64b66fb9190a req-0c2da2f1-8cb5-43a3-a074-64b66fb9190a ] Request (ServerTagsTestJSON:setUpClass): 200 GET http://10.180.1.21/compute/v2.1/servers/280e1e66-c31f-4135-83b8-66903acfc32d 0.280s
2025-12-09 08:51:39.839 67108 INFO tempest.lib.common.rest_client [req-adee7249-36e8-4714-af05-f58be41a1a85 req-adee7249-36e8-4714-af05-f58be41a1a85 ] Request (FloatingIPsAssociationTestJSON:tearDownClass): 200 GET http://10.180.1.21/compute/v2.1/servers/319c4fba-f956-4087-a311-d8f63e83319d 0.290s
2025-12-09 08:51:39.855 67080 INFO tempest.lib.common.rest_client [req-412ad891-7550-40bd-86fb-0fa21a0ab684 req-412ad891-7550-40bd-86fb-0fa21a0ab684 ] Request (ListServersNegativeTestJSON:setUpClass): 200 GET http://10.180.1.21/compute/v2.1/servers/06a4b368-aa88-4399-b8f5-788ff8978c5f 0.321s
2025-12-09 08:51:39.884 67092 INFO tempest.lib.common.rest_client [req-4f3b1ae0-3cf4-4478-ba43-3bbe40594a75 req-4f3b1ae0-3cf4-4478-ba43-3bbe40594a75 ] Request (ListImageFiltersTestJSON:setUpClass): 200 GET http://10.180.1.21/compute/v2.1/images/846fb7b7-4be7-478f-9dd9-698ce9f05ab7 0.317s
2025-12-09 08:51:39.904 67074 INFO tempest.lib.common.rest_client [req-cc7bb20e-4d3b-48a8-8e1a-81de20871d57 req-cc7bb20e-4d3b-48a8-8e1a-81de20871d57 ] Request (AttachInterfacesTestJSON:test_create_list_show_delete_interfaces_by_fixed_ip): 200 GET http://10.180.1.21/compute/v2.1/servers/06764596-0693-4442-8f7d-11a705cbadf3 0.305s
2025-12-09 08:51:39.946 67096 INFO tempest.lib.common.rest_client [req-e6a9fbc9-3e72-4131-8c3d-1ab509ca9a0d req-e6a9fbc9-3e72-4131-8c3d-1ab509ca9a0d ] Request (ServersV294TestFqdnHostnames:setUpClass): 200 GET http://10.180.1.21/compute/v2.1/servers/b9dc24d6-1eea-4723-9509-5c8bb97e862a 0.270s
2025-12-09 08:51:39.957 67076 INFO tempest.lib.common.rest_client [req-a4e815f5-7789-4a84-8c81-a2679c0b895c req-a4e815f5-7789-4a84-8c81-a2679c0b895c ] Request (ServersAdminTestJSON:test_inject_network_info): 200 GET http://10.180.1.21/compute/v2.1/servers/545630db-3b03-4024-b526-eb887b4b83c0 0.268s
2025-12-09 08:51:39.979 67100 INFO tempest.lib.common.rest_client [req-d58d9ad7-dfd5-4a13-8e80-3a0782e38600 req-d58d9ad7-dfd5-4a13-8e80-3a0782e38600 ] Request (TenantUsagesTestJSON:test_get_usage_tenant_with_non_admin_user): 200 GET http://10.180.1.21/compute/v2.1/os-simple-tenant-usage/c5f28163a7f24588ab362efdf9d32f62?start=2025-12-08T08%3A51%3A39.454638&end=2025-12-10T08%3A51%3A39.454638 0.208s
2025-12-09 08:51:39.997 67086 INFO tempest.lib.common.rest_client [req-d4fb28d9-c475-49ae-ad28-12f0b1206cbe req-d4fb28d9-c475-49ae-ad28-12f0b1206cbe ] Request (ImagesTestJSON:test_create_image_from_suspended_server): 200 GET http://10.180.1.21/compute/v2.1/servers/5aac4548-1047-446b-81fc-28ba4dcecea9 0.265s
2025-12-09 08:51:40.040 67064 INFO tempest.lib.common.rest_client [req-0d63f34b-dbd3-4dbb-ad88-a5b69e06aee1 req-0d63f34b-dbd3-4dbb-ad88-a5b69e06aee1 ] Request (ServersAaction247Test:test_create_backup): 200 GET http://10.180.1.21/compute/v2.1/servers/368a5a64-402c-4eeb-acc9-a0827db13e2d 0.220s
2025-12-09 08:51:40.053 67070 INFO tempest.lib.common.rest_client [req-bcd839ef-f9c1-40f3-9a39-e78b8959b5a5 req-bcd839ef-f9c1-40f3-9a39-e78b8959b5a5 ] Request (DeleteServersTestJSON:test_delete_active_server): 200 GET http://10.180.1.21/compute/v2.1/servers/6f647143-9b8c-48bb-bde7-3dc59021a7f6 0.193s
2025-12-09 08:51:40.072 67092 INFO tempest.lib.common.rest_client [req-b46732b6-f464-4904-8f0d-3e12761b3787 req-b46732b6-f464-4904-8f0d-3e12761b3787 ] Request (ListImageFiltersTestJSON:setUpClass): 200 GET http://10.180.1.21/compute/v2.1/images/846fb7b7-4be7-478f-9dd9-698ce9f05ab7 0.184s
2025-12-09 08:51:40.102 67114 INFO tempest.lib.common.rest_client [req-e285cb0a-eeac-4dcb-84e9-86f9bd999305 req-e285cb0a-eeac-4dcb-84e9-86f9bd999305 ] Request (ServerDiskConfigTestJSON:test_rebuild_server_with_auto_disk_config): 200 GET http://10.180.1.21/compute/v2.1/servers/91034895-4b5b-46c4-819a-4f5e352fc8c3 0.181s
2025-12-09 08:51:40.116 67056 INFO tempest.lib.common.rest_client [req-08b01c2b-4245-4a19-9900-e903a831d945 req-08b01c2b-4245-4a19-9900-e903a831d945 ] Request (ServerRescueNegativeTestJSON:setUpClass): 200 GET http://10.180.1.21/compute/v2.1/servers/b8c2da03-28ac-4054-9a61-42fcf18caa07 0.146s
2025-12-09 08:51:40.156 67100 INFO tempest.lib.common.rest_client [req-827e6119-1149-4048-957a-8ab490846862 req-827e6119-1149-4048-957a-8ab490846862 ] Request (TenantUsagesTestJSON:test_list_usage_all_tenants): 200 GET http://10.180.1.21/compute/v2.1/os-simple-tenant-usage?start=2025-12-08T08%3A51%3A39.454638&end=2025-12-10T08%3A51%3A39.454638&detailed=1 0.172s
2025-12-09 08:51:40.277 67060 INFO tempest.lib.common.rest_client [req-59ba995c-5cef-4958-a940-af5c0ea19fdb req-59ba995c-5cef-4958-a940-af5c0ea19fdb ] Request (MigrationsAdminTest:test_list_migrations_in_flavor_resize_situation): 200 GET http://10.180.1.21/compute/v2.1/servers/90262449-8a97-4d43-b104-0cc7084a636a 0.233s
2025-12-09 08:51:40.300 67092 INFO tempest.lib.common.rest_client [req-2a1dcdfb-b785-45e0-823a-8ad537bad83d req-2a1dcdfb-b785-45e0-823a-8ad537bad83d ] Request (ListImageFiltersTestJSON:setUpClass): 200 GET http://10.180.1.21/compute/v2.1/servers/144134dd-9f1b-481b-99de-fad542e095ce 0.225s
2025-12-09 08:51:40.360 67106 INFO tempest.lib.common.rest_client [req-b67e493c-66f2-42be-a706-88da48070303 req-b67e493c-66f2-42be-a706-88da48070303 ] Request (ServersListShow296Test:tearDownClass): 200 GET http://10.180.1.21/compute/v2.1/servers/98233c78-57c2-4a04-a29b-7c3140b26198 0.283s
2025-12-09 08:51:40.362 67090 INFO tempest.lib.common.rest_client [req-f424706c-d093-4bdb-a3c5-32223f22710b req-f424706c-d093-4bdb-a3c5-32223f22710b ] Request (ServerDiagnosticsV248Test:test_get_server_diagnostics): 200 GET http://10.180.1.21/compute/v2.1/servers/09a80197-8cdb-47c3-8bd7-461d9c90d571 0.250s
2025-12-09 08:51:40.431 67058 INFO tempest.lib.common.rest_client [req-50331b18-1cf4-4e7a-bcda-b65f86542f0b req-50331b18-1cf4-4e7a-bcda-b65f86542f0b ] Request (InstanceActionsV221TestJSON:test_get_list_deleted_instance_actions): 200 GET http://10.180.1.21/compute/v2.1/servers/5c6b9592-ce16-4d4e-a75c-2057054509e9 0.166s
2025-12-09 08:51:40.452 67100 INFO tempest.lib.common.rest_client [req-b80fc61b-23b7-4df0-8d7b-54a2fe4d71fa req-b80fc61b-23b7-4df0-8d7b-54a2fe4d71fa ] Request (TenantUsagesTestJSON:tearDownClass): 204 DELETE http://10.180.1.21/compute/v2.1/servers/1027a5bc-24b7-4b3d-95d1-4ea5ea3d067b 0.286s
2025-12-09 08:51:40.567 67078 INFO tempest.lib.common.rest_client [req-c0dcf65a-95aa-43b4-9289-fa3baa860c3d req-c0dcf65a-95aa-43b4-9289-fa3baa860c3d ] Request (ServersAdminNegativeTestJSON:test_migrate_server_invalid_state): 200 GET http://10.180.1.21/compute/v2.1/servers/05212617-867f-49a8-9806-f1fa8b4142f0 0.245s
2025-12-09 08:51:40.605 67102 INFO tempest.lib.common.rest_client [req-0aaf1a86-29e4-467d-a7d2-72d5b3f9b571 req-0aaf1a86-29e4-467d-a7d2-72d5b3f9b571 ] Request (InstanceActionsTestJSON:setUpClass): 200 GET http://10.180.1.21/compute/v2.1/servers/a6a97de7-3dee-4b0b-a775-0e5c5e634d15 0.320s
2025-12-09 08:51:40.628 67072 INFO tempest.lib.common.rest_client [req-191d418d-3f4b-4b40-a227-d78f8a54a8f6 req-191d418d-3f4b-4b40-a227-d78f8a54a8f6 ] Request (ServersTestJSON:setUpClass): 200 GET http://10.180.1.21/compute/v2.1/servers/0fc4f682-5d5f-4c69-a04f-387b2888b7b5 0.289s
2025-12-09 08:51:40.635 67072 INFO tempest.common.waiters [-] State transition "BUILD/scheduling" ==> "BUILD/None" after 41 second wait
2025-12-09 08:51:40.658 67094 INFO tempest.lib.common.rest_client [req-2b8cde63-52bf-4ad8-91b0-10f8ce994d08 req-2b8cde63-52bf-4ad8-91b0-10f8ce994d08 ] Request (MultipleCreateTestJSON:test_multiple_create_with_reservation_return): 200 GET http://10.180.1.21/compute/v2.1/servers/3446de9d-3b33-4f0e-b154-12d3b73e3b31 0.281s
2025-12-09 08:51:40.707 67062 INFO tempest.lib.common.rest_client [req-87556ce7-e246-469d-a5fc-791d739eff64 req-87556ce7-e246-469d-a5fc-791d739eff64 ] Request (ServerMetadataNegativeTestJSON:setUpClass): 200 GET http://10.180.1.21/compute/v2.1/servers/fe406635-2d2a-4f1a-a787-034149b406bc 0.245s
2025-12-09 08:51:40.751 67100 INFO tempest.lib.common.rest_client [req-c1bb0c78-24d1-4f1b-90cf-17e331deb1ad req-c1bb0c78-24d1-4f1b-90cf-17e331deb1ad ] Request (TenantUsagesTestJSON:tearDownClass): 200 GET http://10.180.1.21/compute/v2.1/servers/1027a5bc-24b7-4b3d-95d1-4ea5ea3d067b 0.298s
2025-12-09 08:51:40.758 67068 INFO tempest.lib.common.rest_client [req-b9ae2fea-89c8-4995-af88-4f74c05d0f49 req-b9ae2fea-89c8-4995-af88-4f74c05d0f49 ] Request (ListServerFiltersTestJSON:setUpClass): 200 GET http://10.180.1.21/compute/v2.1/servers/fe5db77b-56e3-4355-96b6-9b11dc492488 0.175s
2025-12-09 08:51:40.810 67088 INFO tempest.lib.common.rest_client [req-2a49f9ef-0cb5-4f24-87a1-75aaf55f8ad2 req-2a49f9ef-0cb5-4f24-87a1-75aaf55f8ad2 ] Request (DeleteServersAdminTestJSON:test_admin_delete_servers_of_others): 200 GET http://10.180.1.21/compute/v2.1/servers/fb570ddf-831a-4bfe-a4f5-3d3a8f399a25 0.167s
2025-12-09 08:51:40.842 67082 WARNING tempest.lib.common.ssh [-] Failed to establish authenticated ssh connection to cirros@10.180.180.251 ([Errno None] Unable to connect to port 22 on 10.180.180.251). Number attempts: 10. Retry after 11 seconds.: paramiko.ssh_exception.NoValidConnectionsError: [Errno None] Unable to connect to port 22 on 10.180.180.251
2025-12-09 08:51:40.846 67098 INFO tempest.lib.common.rest_client [req-0f8478b3-0127-4a7b-aaea-70aab4dffee9 req-0f8478b3-0127-4a7b-aaea-70aab4dffee9 ] Request (SecurityGroupsTestJSON:test_server_security_groups): 200 GET http://10.180.1.21/compute/v2.1/servers/f60d95b9-0517-44fd-a6da-6b75581c7b70 0.237s
2025-12-09 08:51:40.854 67098 INFO tempest.common.waiters [-] State transition "BUILD/block_device_mapping" ==> "BUILD/spawning" after 47 second wait
2025-12-09 08:51:40.863 67118 INFO tempest.lib.common.rest_client [req-2567f6a9-69de-4c42-90b2-b2bcb5b06d52 req-2567f6a9-69de-4c42-90b2-b2bcb5b06d52 ] Request (ServerGroupTestJSON:test_create_server_with_scheduler_hint_group): 200 GET http://10.180.1.21/compute/v2.1/servers/def96b6a-0601-48c3-b912-3d1c5a6821f8 0.197s
2025-12-09 08:51:40.899 67120 INFO tempest.lib.common.rest_client [req-aa60a6f7-1140-41d0-8713-3ebd9a9849bc req-aa60a6f7-1140-41d0-8713-3ebd9a9849bc ] Request (ServerRescueTestJSON:test_rescue_unrescue_instance): 200 GET http://10.180.1.21/compute/v2.1/servers/0cabce91-fcd6-4a0e-865d-7c8b566d0b73 0.175s
2025-12-09 08:51:40.919 67110 INFO tempest.lib.common.rest_client [req-fe087775-c96f-4195-895f-83b5f6e73eaf req-fe087775-c96f-4195-895f-83b5f6e73eaf ] Request (ServerTagsTestJSON:setUpClass): 200 GET http://10.180.1.21/compute/v2.1/servers/280e1e66-c31f-4135-83b8-66903acfc32d 0.134s
2025-12-09 08:51:40.959 67108 INFO tempest.lib.common.rest_client [req-afb30ea4-386e-4f91-9005-53583cc42d80 req-afb30ea4-386e-4f91-9005-53583cc42d80 ] Request (FloatingIPsAssociationTestJSON:tearDownClass): 200 GET http://10.180.1.21/compute/v2.1/servers/319c4fba-f956-4087-a311-d8f63e83319d 0.112s
2025-12-09 08:51:40.978 67080 INFO tempest.lib.common.rest_client [req-51784d61-3d09-4abf-bcb6-1d21b095a26f req-51784d61-3d09-4abf-bcb6-1d21b095a26f ] Request (ListServersNegativeTestJSON:setUpClass): 200 GET http://10.180.1.21/compute/v2.1/servers/06a4b368-aa88-4399-b8f5-788ff8978c5f 0.115s
2025-12-09 08:51:41.014 67074 INFO tempest.lib.common.rest_client [req-3cfc3a59-d93d-48ec-ba6b-1b2790f9cd54 req-3cfc3a59-d93d-48ec-ba6b-1b2790f9cd54 ] Request (AttachInterfacesTestJSON:test_create_list_show_delete_interfaces_by_fixed_ip): 200 GET http://10.180.1.21/compute/v2.1/servers/06764596-0693-4442-8f7d-11a705cbadf3 0.102s
2025-12-09 08:51:41.040 67096 INFO tempest.lib.common.rest_client [req-28e95f85-3c07-45f1-9705-1e69023dd9ca req-28e95f85-3c07-45f1-9705-1e69023dd9ca ] Request (ServersV294TestFqdnHostnames:setUpClass): 200 GET http://10.180.1.21/compute/v2.1/servers/b9dc24d6-1eea-4723-9509-5c8bb97e862a 0.083s
2025-12-09 08:51:41.070 67076 INFO tempest.lib.common.rest_client [req-dfdef3f5-7aed-434b-9da8-173db77db7c4 req-dfdef3f5-7aed-434b-9da8-173db77db7c4 ] Request (ServersAdminTestJSON:test_inject_network_info): 200 GET http://10.180.1.21/compute/v2.1/servers/545630db-3b03-4024-b526-eb887b4b83c0 0.105s
2025-12-09 08:51:41.096 67086 INFO tempest.lib.common.rest_client [req-3627b1a7-254a-42a1-b6d9-114021fda5e4 req-3627b1a7-254a-42a1-b6d9-114021fda5e4 ] Request (ImagesTestJSON:test_create_image_from_suspended_server): 200 GET http://10.180.1.21/compute/v2.1/servers/5aac4548-1047-446b-81fc-28ba4dcecea9 0.091s
2025-12-09 08:51:41.126 67064 INFO tempest.lib.common.rest_client [req-eb050268-964d-4df2-ae69-2aeb8edc00c9 req-eb050268-964d-4df2-ae69-2aeb8edc00c9 ] Request (ServersAaction247Test:test_create_backup): 200 GET http://10.180.1.21/compute/v2.1/servers/368a5a64-402c-4eeb-acc9-a0827db13e2d 0.076s
2025-12-09 08:51:41.155 67070 INFO tempest.lib.common.rest_client [req-d1d54999-5be7-492f-81b7-f4527e1885da req-d1d54999-5be7-492f-81b7-f4527e1885da ] Request (DeleteServersTestJSON:test_delete_active_server): 200 GET http://10.180.1.21/compute/v2.1/servers/6f647143-9b8c-48bb-bde7-3dc59021a7f6 0.094s
2025-12-09 08:51:41.187 67114 INFO tempest.lib.common.rest_client [req-48c6f7e3-629e-400d-8442-d222750ba662 req-48c6f7e3-629e-400d-8442-d222750ba662 ] Request (ServerDiskConfigTestJSON:test_rebuild_server_with_auto_disk_config): 200 GET http://10.180.1.21/compute/v2.1/servers/91034895-4b5b-46c4-819a-4f5e352fc8c3 0.074s
2025-12-09 08:51:41.211 67056 INFO tempest.lib.common.rest_client [req-aae5d945-2886-4afe-85bd-98da1bfff86e req-aae5d945-2886-4afe-85bd-98da1bfff86e ] Request (ServerRescueNegativeTestJSON:setUpClass): 200 GET http://10.180.1.21/compute/v2.1/servers/b8c2da03-28ac-4054-9a61-42fcf18caa07 0.089s
2025-12-09 08:51:41.395 67060 INFO tempest.lib.common.rest_client [req-1e62c5b5-00bd-41de-a15d-4708ec2fa372 req-1e62c5b5-00bd-41de-a15d-4708ec2fa372 ] Request (MigrationsAdminTest:test_list_migrations_in_flavor_resize_situation): 200 GET http://10.180.1.21/compute/v2.1/servers/90262449-8a97-4d43-b104-0cc7084a636a 0.108s
2025-12-09 08:51:41.408 67092 INFO tempest.lib.common.rest_client [req-506751b3-d4b5-4d7e-9cbb-ae7e31633174 req-506751b3-d4b5-4d7e-9cbb-ae7e31633174 ] Request (ListImageFiltersTestJSON:setUpClass): 200 GET http://10.180.1.21/compute/v2.1/servers/144134dd-9f1b-481b-99de-fad542e095ce 0.096s
2025-12-09 08:51:41.415 67092 INFO tempest.common.waiters [-] State transition "ACTIVE/image_uploading" ==> "ACTIVE/None" after 1 second wait
2025-12-09 08:51:41.460 67090 INFO tempest.lib.common.rest_client [req-ddb4179d-7ae7-46fb-b959-68a6ff7b0a1d req-ddb4179d-7ae7-46fb-b959-68a6ff7b0a1d ] Request (ServerDiagnosticsV248Test:test_get_server_diagnostics): 200 GET http://10.180.1.21/compute/v2.1/servers/09a80197-8cdb-47c3-8bd7-461d9c90d571 0.083s
2025-12-09 08:51:41.473 67106 INFO tempest.lib.common.rest_client [req-c3b054b8-22da-4515-9163-d0cfe22b514d req-c3b054b8-22da-4515-9163-d0cfe22b514d ] Request (ServersListShow296Test:tearDownClass): 200 GET http://10.180.1.21/compute/v2.1/servers/98233c78-57c2-4a04-a29b-7c3140b26198 0.101s
2025-12-09 08:51:41.475 67085 INFO paramiko.transport [-] Connected (version 2.0, client dropbear_2020.81)
2025-12-09 08:51:41.526 67092 INFO tempest.lib.common.rest_client [req-307a25b7-9060-4042-8bab-9c65b5d620c7 req-307a25b7-9060-4042-8bab-9c65b5d620c7 ] Request (ListImageFiltersTestJSON:test_list_images_filter_by_changes_since): 200 GET http://10.180.1.21/compute/v2.1/images?changes-since=2025-12-09T08%3A49%3A38Z 0.110s
2025-12-09 08:51:41.529 67058 INFO tempest.lib.common.rest_client [req-5e739058-d12b-4e8c-8648-baa15dacd370 req-5e739058-d12b-4e8c-8648-baa15dacd370 ] Request (InstanceActionsV221TestJSON:test_get_list_deleted_instance_actions): 200 GET http://10.180.1.21/compute/v2.1/servers/5c6b9592-ce16-4d4e-a75c-2057054509e9 0.088s
2025-12-09 08:51:41.578 67092 INFO tempest.lib.common.rest_client [req-f5d6a4bf-327b-4300-9577-fe4f5bb182e7 req-f5d6a4bf-327b-4300-9577-fe4f5bb182e7 ] Request (ListImageFiltersTestJSON:test_list_images_filter_by_name): 200 GET http://10.180.1.21/compute/v2.1/images?name=tempest-ListImageFiltersTestJSON-image-1085513430 0.048s
2025-12-09 08:51:41.586 67085 INFO paramiko.transport [-] Authentication (publickey) successful!
2025-12-09 08:51:41.586 67085 INFO tempest.lib.common.ssh [-] ssh connection to cirros@10.180.180.242 successfully created
2025-12-09 08:51:41.629 67078 INFO tempest.lib.common.rest_client [req-17e934ac-01fb-4f8d-acbe-af2c87ef3556 req-17e934ac-01fb-4f8d-acbe-af2c87ef3556 ] Request (ServersAdminNegativeTestJSON:test_migrate_server_invalid_state): 200 GET http://10.180.1.21/compute/v2.1/servers/05212617-867f-49a8-9806-f1fa8b4142f0 0.051s
2025-12-09 08:51:41.647 67092 INFO tempest.lib.common.rest_client [req-d77e5464-f7d9-4835-b328-52f35476471e req-d77e5464-f7d9-4835-b328-52f35476471e ] Request (ListImageFiltersTestJSON:test_list_images_filter_by_server_id): 200 GET http://10.180.1.21/compute/v2.1/images?server=144134dd-9f1b-481b-99de-fad542e095ce 0.065s
2025-12-09 08:51:41.654 67085 INFO tempest.lib.common.rest_client [req-431d6413-3334-423f-8f03-4d89c4f64297 req-431d6413-3334-423f-8f03-4d89c4f64297 ] Request (AttachVolumeNegativeTest:test_attach_attached_volume_to_different_server): 200 GET http://10.180.1.21/compute/v2.1/servers/2b35880c-ab89-4660-89ca-f13e4134b8b4/ips 0.067s
2025-12-09 08:51:41.746 67072 INFO tempest.lib.common.rest_client [req-c038c00f-8097-442e-bdbf-4a3cf33c03ef req-c038c00f-8097-442e-bdbf-4a3cf33c03ef ] Request (ServersTestJSON:setUpClass): 200 GET http://10.180.1.21/compute/v2.1/servers/0fc4f682-5d5f-4c69-a04f-387b2888b7b5 0.109s
2025-12-09 08:51:41.762 67102 INFO tempest.lib.common.rest_client [req-fdbb04ba-cffc-4db0-97b9-73bbd493a6b6 req-fdbb04ba-cffc-4db0-97b9-73bbd493a6b6 ] Request (InstanceActionsTestJSON:setUpClass): 200 GET http://10.180.1.21/compute/v2.1/servers/a6a97de7-3dee-4b0b-a775-0e5c5e634d15 0.149s
2025-12-09 08:51:41.791 67092 INFO tempest.lib.common.rest_client [req-e603d74d-f94d-4be9-bb17-dffdbae059d0 req-e603d74d-f94d-4be9-bb17-dffdbae059d0 ] Request (ListImageFiltersTestJSON:test_list_images_filter_by_server_ref): 200 GET http://10.180.1.21/compute/v2.1/images?server=http%3A%2F%2F10.180.1.21%2Fcompute%2Fv2.1%2Fservers%2F804a1d42-e032-4d84-a426-2f219b612928 0.140s
2025-12-09 08:51:41.817 67094 INFO tempest.lib.common.rest_client [req-cc45509a-725b-49d3-a58d-bb32c09d2e62 req-cc45509a-725b-49d3-a58d-bb32c09d2e62 ] Request (MultipleCreateTestJSON:test_multiple_create_with_reservation_return): 200 GET http://10.180.1.21/compute/v2.1/servers/3446de9d-3b33-4f0e-b154-12d3b73e3b31 0.151s
2025-12-09 08:51:41.833 67085 INFO tempest.lib.common.rest_client [req-fb92fb52-5eaf-42cb-9d76-fa890d9ee6b2 req-fb92fb52-5eaf-42cb-9d76-fa890d9ee6b2 ] Request (AttachVolumeNegativeTest:test_attach_attached_volume_to_different_server): 202 POST http://10.180.1.21/volume/v3/volumes 0.176s
2025-12-09 08:51:41.856 67062 INFO tempest.lib.common.rest_client [req-2b754be1-9430-422e-a261-364b9f94ff94 req-2b754be1-9430-422e-a261-364b9f94ff94 ] Request (ServerMetadataNegativeTestJSON:setUpClass): 200 GET http://10.180.1.21/compute/v2.1/servers/fe406635-2d2a-4f1a-a787-034149b406bc 0.140s
2025-12-09 08:51:41.870 67085 INFO tempest.lib.common.rest_client [req-02d3fc27-de05-4e1a-99fd-53d237cfb564 req-02d3fc27-de05-4e1a-99fd-53d237cfb564 ] Request (AttachVolumeNegativeTest:test_attach_attached_volume_to_different_server): 200 GET http://10.180.1.21/volume/v3/volumes/fc07b653-107f-4d17-9e5c-88d2556bf69d 0.029s
2025-12-09 08:51:41.909 67068 INFO tempest.lib.common.rest_client [req-35809a73-5a40-400b-8fbb-6b378192448a req-35809a73-5a40-400b-8fbb-6b378192448a ] Request (ListServerFiltersTestJSON:setUpClass): 200 GET http://10.180.1.21/compute/v2.1/servers/fe5db77b-56e3-4355-96b6-9b11dc492488 0.139s
2025-12-09 08:51:41.926 67100 INFO tempest.lib.common.rest_client [req-d4035cd3-ff6d-43a7-b208-6c4d9a16cc3f req-d4035cd3-ff6d-43a7-b208-6c4d9a16cc3f ] Request (TenantUsagesTestJSON:tearDownClass): 200 GET http://10.180.1.21/compute/v2.1/servers/1027a5bc-24b7-4b3d-95d1-4ea5ea3d067b 0.166s
2025-12-09 08:51:41.946 67092 INFO tempest.lib.common.rest_client [req-b578c243-2611-43b9-901e-bb37015c3184 req-b578c243-2611-43b9-901e-bb37015c3184 ] Request (ListImageFiltersTestJSON:test_list_images_filter_by_server_ref): 200 GET http://10.180.1.21/compute/v2.1/images?server=http%3A%2F%2F10.180.1.21%2Fcompute%2Fservers%2F804a1d42-e032-4d84-a426-2f219b612928 0.153s
2025-12-09 08:51:41.978 67088 INFO tempest.lib.common.rest_client [req-7386a760-a06f-4fd7-87b2-cd3aa4b687a4 req-7386a760-a06f-4fd7-87b2-cd3aa4b687a4 ] Request (DeleteServersAdminTestJSON:test_admin_delete_servers_of_others): 200 GET http://10.180.1.21/compute/v2.1/servers/fb570ddf-831a-4bfe-a4f5-3d3a8f399a25 0.158s
2025-12-09 08:51:42.027 67118 INFO tempest.lib.common.rest_client [req-2d850f8b-4d50-4058-9821-ec6a1a8fc034 req-2d850f8b-4d50-4058-9821-ec6a1a8fc034 ] Request (ServerGroupTestJSON:test_create_server_with_scheduler_hint_group): 200 GET http://10.180.1.21/compute/v2.1/servers/def96b6a-0601-48c3-b912-3d1c5a6821f8 0.155s
2025-12-09 08:51:42.045 67098 INFO tempest.lib.common.rest_client [req-b9a82324-292e-42c0-9aa6-3af99418f383 req-b9a82324-292e-42c0-9aa6-3af99418f383 ] Request (SecurityGroupsTestJSON:test_server_security_groups): 200 GET http://10.180.1.21/compute/v2.1/servers/f60d95b9-0517-44fd-a6da-6b75581c7b70 0.188s
2025-12-09 08:51:42.090 67120 INFO tempest.lib.common.rest_client [req-9e9bf4e4-6d35-4c51-9d1c-82063a24c440 req-9e9bf4e4-6d35-4c51-9d1c-82063a24c440 ] Request (ServerRescueTestJSON:test_rescue_unrescue_instance): 200 GET http://10.180.1.21/compute/v2.1/servers/0cabce91-fcd6-4a0e-865d-7c8b566d0b73 0.179s
2025-12-09 08:51:42.101 67110 INFO tempest.lib.common.rest_client [req-101ff026-5edf-462b-b43a-1c8591dfae73 req-101ff026-5edf-462b-b43a-1c8591dfae73 ] Request (ServerTagsTestJSON:setUpClass): 200 GET http://10.180.1.21/compute/v2.1/servers/280e1e66-c31f-4135-83b8-66903acfc32d 0.171s
