2025-12-09 08:52:33.824 67100 INFO tempest.lib.common.rest_client [req-46c1f9b3-74f2-42b0-b7b3-54d3fa725625 req-46c1f9b3-74f2-42b0-b7b3-54d3fa725625 ] Request (AttachInterfacesV270Test:test_create_get_list_interfaces): 200 GET http://10.180.1.21/compute/v2.1/servers/77e74e13-ad3a-4a4c-8024-abd717814bc4 0.793s
2025-12-09 08:52:33.853 67060 INFO tempest.lib.common.rest_client [req-d081754a-302a-4460-b348-f0d8f8dc13bf req-d081754a-302a-4460-b348-f0d8f8dc13bf ] Request (MigrationsAdminTest:test_list_migrations_in_flavor_resize_situation): 200 GET http://10.180.1.21/compute/v2.1/servers/90262449-8a97-4d43-b104-0cc7084a636a 0.918s
2025-12-09 08:52:33.888 67080 INFO tempest.lib.common.rest_client [req-c5cdcd48-7fb9-481b-a3d3-8771bb03f80c req-c5cdcd48-7fb9-481b-a3d3-8771bb03f80c ] Request (ListServersNegativeTestJSON:tearDownClass): 200 GET http://10.180.1.21/compute/v2.1/servers/d75456d5-6ec7-4760-9347-9d8a4f76d4a9 0.772s
2025-12-09 08:52:33.949 67090 INFO tempest.lib.common.rest_client [req-4cb289d8-1077-4113-a5b7-7db0a881a0c1 req-4cb289d8-1077-4113-a5b7-7db0a881a0c1 ] Request (ServerDiagnosticsV248Test:tearDownClass): 200 GET http://10.180.1.21/compute/v2.1/servers/09a80197-8cdb-47c3-8bd7-461d9c90d571 0.494s
2025-12-09 08:52:34.000 67120 INFO tempest.lib.common.rest_client [req-98002971-1ed7-4f3e-a55a-db558c57489b req-98002971-1ed7-4f3e-a55a-db558c57489b ] Request (ServerRescueTestJSON:test_rescue_unrescue_instance): 200 GET http://10.180.1.21/compute/v2.1/servers/0cabce91-fcd6-4a0e-865d-7c8b566d0b73 0.530s
2025-12-09 08:52:34.107 67110 INFO tempest.lib.common.rest_client [req-85d3a9cd-5194-4970-80a6-0c4f1d9c78bc req-85d3a9cd-5194-4970-80a6-0c4f1d9c78bc ] Request (ServerTagsTestJSON:setUpClass): 200 GET http://10.180.1.21/compute/v2.1/servers/280e1e66-c31f-4135-83b8-66903acfc32d 0.089s
2025-12-09 08:52:34.195 67062 INFO tempest.lib.common.rest_client [req-7d4e05da-440b-47ab-91ef-88ac70b987ea req-7d4e05da-440b-47ab-91ef-88ac70b987ea ] Request (ServerMetadataNegativeTestJSON:setUpClass): 200 GET http://10.180.1.21/compute/v2.1/servers/fe406635-2d2a-4f1a-a787-034149b406bc 0.158s
2025-12-09 08:52:34.248 67102 INFO tempest.lib.common.rest_client [req-a43f8061-02b5-4a88-972d-2cfbc7dcf77a req-a43f8061-02b5-4a88-972d-2cfbc7dcf77a ] Request (ServersTestJSON:test_create_server_specify_multibyte_character_name): 202 POST http://10.180.1.21/compute/v2.1/servers 0.943s
2025-12-09 08:52:34.254 67098 INFO tempest.lib.common.rest_client [req-336266fc-517e-4af8-8b36-3200b6d2037c req-336266fc-517e-4af8-8b36-3200b6d2037c ] Request (SecurityGroupsTestJSON:test_server_security_groups): 200 GET http://10.180.1.21/compute/v2.1/servers/f60d95b9-0517-44fd-a6da-6b75581c7b70 0.164s
2025-12-09 08:52:34.308 67108 INFO tempest.lib.common.rest_client [req-23c7a857-eaf7-4d76-bcc5-69f93eed9752 req-23c7a857-eaf7-4d76-bcc5-69f93eed9752 ] Request (ImagesOneServerTestJSON:setUpClass): 200 GET http://10.180.1.21/compute/v2.1/servers/ccc20980-0bc7-4c56-98eb-f3f63f40e6fd 0.202s
2025-12-09 08:52:34.317 67074 INFO tempest.lib.common.rest_client [req-d2cd06d0-d7d1-46b9-bf09-f6796ec57ecd req-d2cd06d0-d7d1-46b9-bf09-f6796ec57ecd ] Request (AttachInterfacesTestJSON:test_create_list_show_delete_interfaces_by_fixed_ip): 200 GET http://10.180.1.21/compute/v2.1/servers/06764596-0693-4442-8f7d-11a705cbadf3 0.151s
2025-12-09 08:52:34.382 67088 INFO tempest.lib.common.rest_client [req-0cbb0a55-9a91-4cfa-8fdf-aa79b52a9f66 req-0cbb0a55-9a91-4cfa-8fdf-aa79b52a9f66 ] Request (DeleteServersAdminTestJSON:test_admin_delete_servers_of_others): 200 GET http://10.180.1.21/compute/v2.1/servers/fb570ddf-831a-4bfe-a4f5-3d3a8f399a25 0.191s
2025-12-09 08:52:34.386 67076 INFO tempest.lib.common.rest_client [req-17817892-0836-44d1-bfa4-04f510f2fc6a req-17817892-0836-44d1-bfa4-04f510f2fc6a ] Request (ServersAdminTestJSON:test_inject_network_info): 200 GET http://10.180.1.21/compute/v2.1/servers/545630db-3b03-4024-b526-eb887b4b83c0 0.151s
2025-12-09 08:52:34.434 67102 INFO tempest.lib.common.rest_client [req-7da24cab-71d3-4fce-b857-85a2a119782b req-7da24cab-71d3-4fce-b857-85a2a119782b ] Request (ServersTestJSON:test_create_server_specify_multibyte_character_name): 200 GET http://10.180.1.21/compute/v2.1/servers/f3c8a9b1-5c0a-4a0e-89c6-081897e99231 0.184s
2025-12-09 08:52:34.461 67082 INFO tempest.lib.common.rest_client [req-ed595f0e-7978-493b-ace6-313112ffb9e0 req-ed595f0e-7978-493b-ace6-313112ffb9e0 ] Request (ServersWithSpecificFlavorTestJSON:test_verify_created_server_ephemeral_disk): 200 GET http://10.180.1.21/compute/v2.1/servers/2a58a8a0-cbf0-4b3f-aa26-86e711fcaa76 0.206s
2025-12-09 08:52:34.505 67092 INFO tempest.lib.common.rest_client [req-258b4eee-eabd-4eee-b322-16443b11c641 req-258b4eee-eabd-4eee-b322-16443b11c641 ] Request (ListImageFiltersTestJSON:tearDownClass): 200 GET http://10.180.1.21/compute/v2.1/servers/144134dd-9f1b-481b-99de-fad542e095ce 0.191s
2025-12-09 08:52:34.521 67070 INFO tempest.lib.common.rest_client [req-4f26e8ab-6417-430e-b83d-113ac3d139f5 req-4f26e8ab-6417-430e-b83d-113ac3d139f5 ] Request (DeleteServersTestJSON:test_delete_active_server): 200 GET http://10.180.1.21/compute/v2.1/servers/6f647143-9b8c-48bb-bde7-3dc59021a7f6 0.187s
2025-12-09 08:52:34.558 67118 INFO tempest.lib.common.rest_client [req-2f433087-b4c6-4792-bd13-33320001e93c req-2f433087-b4c6-4792-bd13-33320001e93c ] Request (ServerGroupTestJSON:_run_cleanups): 200 GET http://10.180.1.21/compute/v2.1/servers/def96b6a-0601-48c3-b912-3d1c5a6821f8 0.183s
2025-12-09 08:52:34.576 67058 INFO tempest.lib.common.rest_client [req-718a4a05-4eb4-4565-861d-e66de17552fb req-718a4a05-4eb4-4565-861d-e66de17552fb ] Request (ServerShowV247Test:test_update_rebuild_list_server): 200 GET http://10.180.1.21/compute/v2.1/servers/9fadffe4-bbd8-455a-a9e3-86fed6c582d6 0.078s
2025-12-09 08:52:34.629 67085 INFO tempest.lib.common.rest_client [req-4a4d2631-3bcc-4baf-9309-8de056eb8a3f req-4a4d2631-3bcc-4baf-9309-8de056eb8a3f ] Request (AttachVolumeNegativeTest:test_attach_attached_volume_to_different_server): 200 GET http://10.180.1.21/compute/v2.1/servers/d7a1e1a7-32f2-44a8-ab56-16069bf796e8 0.056s
2025-12-09 08:52:34.655 67086 INFO tempest.lib.common.rest_client [req-15ada24f-321a-40ab-b5ec-062a92b1fd87 req-15ada24f-321a-40ab-b5ec-062a92b1fd87 ] Request (ImagesTestJSON:test_create_image_from_suspended_server): 200 GET http://10.180.1.21/compute/v2.1/servers/5aac4548-1047-446b-81fc-28ba4dcecea9 0.122s
2025-12-09 08:52:34.691 67064 INFO tempest.lib.common.rest_client [req-32da40a4-d352-4800-ab6b-e32ae8063c0a req-32da40a4-d352-4800-ab6b-e32ae8063c0a ] Request (ServersAaction247Test:test_create_backup): 200 GET http://10.180.1.21/compute/v2.1/servers/368a5a64-402c-4eeb-acc9-a0827db13e2d 0.103s
2025-12-09 08:52:34.707 67114 INFO tempest.lib.common.rest_client [req-d4f75b98-d91c-4f5c-957a-9272e7bdcf7d req-d4f75b98-d91c-4f5c-957a-9272e7bdcf7d ] Request (ServerDiskConfigTestJSON:test_rebuild_server_with_manual_disk_config): 200 GET http://10.180.1.21/compute/v2.1/servers/756bbe65-9059-4da0-9e11-15b1fc51c972 0.057s
2025-12-09 08:52:34.754 67094 INFO tempest.lib.common.rest_client [req-3870e2b6-ce21-4ad8-8ba0-385ff7f8602c req-3870e2b6-ce21-4ad8-8ba0-385ff7f8602c ] Request (MultipleCreateTestJSON:tearDownClass): 200 GET http://10.180.1.21/compute/v2.1/servers/40b490a9-e495-4a41-83c9-178df071479a 0.093s
2025-12-09 08:52:34.771 67078 INFO tempest.lib.common.rest_client [req-5b2b8ef9-7c97-42ba-8079-00e93e7241be req-5b2b8ef9-7c97-42ba-8079-00e93e7241be ] Request (ServersAdminNegativeTestJSON:test_migrate_server_invalid_state): 200 GET http://10.180.1.21/compute/v2.1/servers/05212617-867f-49a8-9806-f1fa8b4142f0 0.059s
2025-12-09 08:52:34.816 67056 INFO tempest.lib.common.rest_client [req-f81fe74c-0955-46f5-9c84-b90584e187cd req-f81fe74c-0955-46f5-9c84-b90584e187cd ] Request (ServerRescueNegativeTestJSON:setUpClass): 200 GET http://10.180.1.21/compute/v2.1/servers/b8c2da03-28ac-4054-9a61-42fcf18caa07 0.086s
2025-12-09 08:52:34.840 67068 INFO tempest.lib.common.rest_client [req-613a0a9a-56ac-49e0-8964-030753774c6a req-613a0a9a-56ac-49e0-8964-030753774c6a ] Request (ListServerFiltersTestJSON:setUpClass): 200 GET http://10.180.1.21/compute/v2.1/servers/fe5db77b-56e3-4355-96b6-9b11dc492488 0.075s
2025-12-09 08:52:34.895 67100 INFO tempest.lib.common.rest_client [req-4b62cf36-33ff-49ec-b28f-dfb497ae9b5e req-4b62cf36-33ff-49ec-b28f-dfb497ae9b5e ] Request (AttachInterfacesV270Test:test_create_get_list_interfaces): 200 GET http://10.180.1.21/compute/v2.1/servers/77e74e13-ad3a-4a4c-8024-abd717814bc4 0.060s
2025-12-09 08:52:34.977 67080 INFO tempest.lib.common.rest_client [req-6790aa25-43d9-47b3-9b47-65ac26aa50bb req-6790aa25-43d9-47b3-9b47-65ac26aa50bb ] Request (ListServersNegativeTestJSON:tearDownClass): 200 GET http://10.180.1.21/compute/v2.1/servers/d75456d5-6ec7-4760-9347-9d8a4f76d4a9 0.078s
2025-12-09 08:52:35.012 67060 INFO tempest.lib.common.rest_client [req-71086e92-99ea-43ee-81e7-f7f2bdede99c req-71086e92-99ea-43ee-81e7-f7f2bdede99c ] Request (MigrationsAdminTest:test_list_migrations_in_flavor_resize_situation): 200 GET http://10.180.1.21/compute/v2.1/servers/90262449-8a97-4d43-b104-0cc7084a636a 0.150s
2025-12-09 08:52:35.059 67090 INFO tempest.lib.common.rest_client [req-b09b7592-5d93-4311-ae39-5f4396c2eda2 req-b09b7592-5d93-4311-ae39-5f4396c2eda2 ] Request (ServerDiagnosticsV248Test:tearDownClass): 200 GET http://10.180.1.21/compute/v2.1/servers/09a80197-8cdb-47c3-8bd7-461d9c90d571 0.094s
2025-12-09 08:52:35.087 67120 INFO tempest.lib.common.rest_client [req-ecb17976-bf82-4234-b9fe-2e666f906e0d req-ecb17976-bf82-4234-b9fe-2e666f906e0d ] Request (ServerRescueTestJSON:test_rescue_unrescue_instance): 200 GET http://10.180.1.21/compute/v2.1/servers/0cabce91-fcd6-4a0e-865d-7c8b566d0b73 0.077s
2025-12-09 08:52:35.184 67110 INFO tempest.lib.common.rest_client [req-b5b24324-a7f3-48e5-a003-9645ead13715 req-b5b24324-a7f3-48e5-a003-9645ead13715 ] Request (ServerTagsTestJSON:setUpClass): 200 GET http://10.180.1.21/compute/v2.1/servers/280e1e66-c31f-4135-83b8-66903acfc32d 0.067s
2025-12-09 08:52:35.327 67062 INFO tempest.lib.common.rest_client [req-9cba0ac7-794e-48a7-995c-6530973beed8 req-9cba0ac7-794e-48a7-995c-6530973beed8 ] Request (ServerMetadataNegativeTestJSON:setUpClass): 200 GET http://10.180.1.21/compute/v2.1/servers/fe406635-2d2a-4f1a-a787-034149b406bc 0.124s
2025-12-09 08:52:35.328 67098 INFO tempest.lib.common.rest_client [req-cf5d9dc3-9f31-47b8-bab8-f863670de862 req-cf5d9dc3-9f31-47b8-bab8-f863670de862 ] Request (SecurityGroupsTestJSON:test_server_security_groups): 200 GET http://10.180.1.21/compute/v2.1/servers/f60d95b9-0517-44fd-a6da-6b75581c7b70 0.065s
2025-12-09 08:52:35.380 67108 INFO tempest.lib.common.rest_client [req-8c027c3b-9ef7-479c-8cc1-c48d0720bfcb req-8c027c3b-9ef7-479c-8cc1-c48d0720bfcb ] Request (ImagesOneServerTestJSON:setUpClass): 200 GET http://10.180.1.21/compute/v2.1/servers/ccc20980-0bc7-4c56-98eb-f3f63f40e6fd 0.062s
2025-12-09 08:52:35.391 67074 INFO tempest.lib.common.rest_client [req-9ecaae22-4ed8-422d-a595-e424df672fbd req-9ecaae22-4ed8-422d-a595-e424df672fbd ] Request (AttachInterfacesTestJSON:test_create_list_show_delete_interfaces_by_fixed_ip): 200 GET http://10.180.1.21/compute/v2.1/servers/06764596-0693-4442-8f7d-11a705cbadf3 0.066s
2025-12-09 08:52:35.451 67076 INFO tempest.lib.common.rest_client [req-db94b415-8b66-4399-9570-ace1fb365b34 req-db94b415-8b66-4399-9570-ace1fb365b34 ] Request (ServersAdminTestJSON:test_inject_network_info): 200 GET http://10.180.1.21/compute/v2.1/servers/545630db-3b03-4024-b526-eb887b4b83c0 0.057s
2025-12-09 08:52:35.467 67088 INFO tempest.lib.common.rest_client [req-eb950947-efc7-4039-b520-c24eeffc7336 req-eb950947-efc7-4039-b520-c24eeffc7336 ] Request (DeleteServersAdminTestJSON:test_admin_delete_servers_of_others): 200 GET http://10.180.1.21/compute/v2.1/servers/fb570ddf-831a-4bfe-a4f5-3d3a8f399a25 0.069s
2025-12-09 08:52:35.503 67102 INFO tempest.lib.common.rest_client [req-df253a4c-7085-4d60-b70f-e723752ec0e0 req-df253a4c-7085-4d60-b70f-e723752ec0e0 ] Request (ServersTestJSON:test_create_server_specify_multibyte_character_name): 200 GET http://10.180.1.21/compute/v2.1/servers/f3c8a9b1-5c0a-4a0e-89c6-081897e99231 0.060s
2025-12-09 08:52:35.520 67082 INFO tempest.lib.common.rest_client [req-8c04703f-d9b2-4ecd-a4d7-62ec4a6a9e66 req-8c04703f-d9b2-4ecd-a4d7-62ec4a6a9e66 ] Request (ServersWithSpecificFlavorTestJSON:test_verify_created_server_ephemeral_disk): 200 GET http://10.180.1.21/compute/v2.1/servers/2a58a8a0-cbf0-4b3f-aa26-86e711fcaa76 0.051s
2025-12-09 08:52:35.571 67092 INFO tempest.lib.common.rest_client [req-ae191676-5041-498f-884a-1833b6a96b7c req-ae191676-5041-498f-884a-1833b6a96b7c ] Request (ListImageFiltersTestJSON:tearDownClass): 200 GET http://10.180.1.21/compute/v2.1/servers/144134dd-9f1b-481b-99de-fad542e095ce 0.058s
2025-12-09 08:52:35.584 67070 INFO tempest.lib.common.rest_client [req-60a12417-a417-4774-8460-a5712e07a3e0 req-60a12417-a417-4774-8460-a5712e07a3e0 ] Request (DeleteServersTestJSON:test_delete_active_server): 200 GET http://10.180.1.21/compute/v2.1/servers/6f647143-9b8c-48bb-bde7-3dc59021a7f6 0.055s
2025-12-09 08:52:35.621 67118 INFO tempest.lib.common.rest_client [req-0a139a52-87ea-4ea3-88eb-3cf8e948207e req-0a139a52-87ea-4ea3-88eb-3cf8e948207e ] Request (ServerGroupTestJSON:_run_cleanups): 200 GET http://10.180.1.21/compute/v2.1/servers/def96b6a-0601-48c3-b912-3d1c5a6821f8 0.055s
2025-12-09 08:52:35.643 67058 INFO tempest.lib.common.rest_client [req-100ae969-9e9e-4a2d-b740-a5895d7c6bed req-100ae969-9e9e-4a2d-b740-a5895d7c6bed ] Request (ServerShowV247Test:test_update_rebuild_list_server): 200 GET http://10.180.1.21/compute/v2.1/servers/9fadffe4-bbd8-455a-a9e3-86fed6c582d6 0.055s
2025-12-09 08:52:35.684 67085 INFO tempest.lib.common.rest_client [req-167b75ad-97a3-4ea4-8454-7f5e95b675a4 req-167b75ad-97a3-4ea4-8454-7f5e95b675a4 ] Request (AttachVolumeNegativeTest:test_attach_attached_volume_to_different_server): 200 GET http://10.180.1.21/compute/v2.1/servers/d7a1e1a7-32f2-44a8-ab56-16069bf796e8 0.046s
2025-12-09 08:52:35.761 67064 INFO tempest.lib.common.rest_client [req-f74758f4-a477-4f07-87d9-e53e1d5454d0 req-f74758f4-a477-4f07-87d9-e53e1d5454d0 ] Request (ServersAaction247Test:test_create_backup): 200 GET http://10.180.1.21/compute/v2.1/servers/368a5a64-402c-4eeb-acc9-a0827db13e2d 0.060s
2025-12-09 08:52:35.770 67086 INFO tempest.lib.common.rest_client [req-1aeea13c-3346-4b54-be07-6117db3b889f req-1aeea13c-3346-4b54-be07-6117db3b889f ] Request (ImagesTestJSON:test_create_image_from_suspended_server): 200 GET http://10.180.1.21/compute/v2.1/servers/5aac4548-1047-446b-81fc-28ba4dcecea9 0.104s
2025-12-09 08:52:35.807 67114 INFO tempest.lib.common.rest_client [req-f896fa5a-646f-4b3b-b7f3-dfc3995cdde3 req-f896fa5a-646f-4b3b-b7f3-dfc3995cdde3 ] Request (ServerDiskConfigTestJSON:test_rebuild_server_with_manual_disk_config): 200 GET http://10.180.1.21/compute/v2.1/servers/756bbe65-9059-4da0-9e11-15b1fc51c972 0.090s
2025-12-09 08:52:35.824 67094 INFO tempest.lib.common.rest_client [req-5531f157-2c37-423b-a3d4-83e9580220e9 req-5531f157-2c37-423b-a3d4-83e9580220e9 ] Request (MultipleCreateTestJSON:tearDownClass): 200 GET http://10.180.1.21/compute/v2.1/servers/40b490a9-e495-4a41-83c9-178df071479a 0.061s
2025-12-09 08:52:35.855 67078 INFO tempest.lib.common.rest_client [req-cb0f2c8a-68f1-4773-b4d8-6c24cc489ea6 req-cb0f2c8a-68f1-4773-b4d8-6c24cc489ea6 ] Request (ServersAdminNegativeTestJSON:test_migrate_server_invalid_state): 200 GET http://10.180.1.21/compute/v2.1/servers/05212617-867f-49a8-9806-f1fa8b4142f0 0.070s
2025-12-09 08:52:35.874 67056 INFO tempest.lib.common.rest_client [req-03e907d0-0776-499b-8fb0-0e8e707843ea req-03e907d0-0776-499b-8fb0-0e8e707843ea ] Request (ServerRescueNegativeTestJSON:setUpClass): 200 GET http://10.180.1.21/compute/v2.1/servers/b8c2da03-28ac-4054-9a61-42fcf18caa07 0.050s
2025-12-09 08:52:35.905 67068 INFO tempest.lib.common.rest_client [req-e25073c5-f0a4-49b0-9f3a-cb2c5c0de729 req-e25073c5-f0a4-49b0-9f3a-cb2c5c0de729 ] Request (ListServerFiltersTestJSON:setUpClass): 200 GET http://10.180.1.21/compute/v2.1/servers/fe5db77b-56e3-4355-96b6-9b11dc492488 0.057s
2025-12-09 08:52:35.955 67096 WARNING tempest.lib.common.ssh [-] Failed to establish authenticated ssh connection to cirros@10.180.180.153 ([Errno None] Unable to connect to port 22 on 10.180.180.153). Number attempts: 2. Retry after 3 seconds.: paramiko.ssh_exception.NoValidConnectionsError: [Errno None] Unable to connect to port 22 on 10.180.180.153
2025-12-09 08:52:35.964 67100 INFO tempest.lib.common.rest_client [req-6226d508-b59b-47a7-b3e5-7de7ac2e3612 req-6226d508-b59b-47a7-b3e5-7de7ac2e3612 ] Request (AttachInterfacesV270Test:test_create_get_list_interfaces): 200 GET http://10.180.1.21/compute/v2.1/servers/77e74e13-ad3a-4a4c-8024-abd717814bc4 0.056s
2025-12-09 08:52:36.047 67080 INFO tempest.lib.common.rest_client [req-48cd17d0-fc2f-4e5f-96c1-4e86911e448a req-48cd17d0-fc2f-4e5f-96c1-4e86911e448a ] Request (ListServersNegativeTestJSON:tearDownClass): 200 GET http://10.180.1.21/compute/v2.1/servers/d75456d5-6ec7-4760-9347-9d8a4f76d4a9 0.060s
2025-12-09 08:52:36.123 67060 INFO tempest.lib.common.rest_client [req-add655e6-d11b-4939-924a-4f29385fa61a req-add655e6-d11b-4939-924a-4f29385fa61a ] Request (MigrationsAdminTest:test_list_migrations_in_flavor_resize_situation): 200 GET http://10.180.1.21/compute/v2.1/servers/90262449-8a97-4d43-b104-0cc7084a636a 0.097s
2025-12-09 08:52:36.124 67090 INFO tempest.lib.common.rest_client [req-00a3ccb8-aa31-448b-af40-4adc539150b6 req-00a3ccb8-aa31-448b-af40-4adc539150b6 ] Request (ServerDiagnosticsV248Test:tearDownClass): 200 GET http://10.180.1.21/compute/v2.1/servers/09a80197-8cdb-47c3-8bd7-461d9c90d571 0.055s
2025-12-09 08:52:36.169 67120 INFO tempest.lib.common.rest_client [req-6c6f9cae-f9a9-41fd-9773-276c759d8e33 req-6c6f9cae-f9a9-41fd-9773-276c759d8e33 ] Request (ServerRescueTestJSON:test_rescue_unrescue_instance): 200 GET http://10.180.1.21/compute/v2.1/servers/0cabce91-fcd6-4a0e-865d-7c8b566d0b73 0.073s
2025-12-09 08:52:36.250 67110 INFO tempest.lib.common.rest_client [req-eac9f752-95fa-4331-9c21-ed07afb84c56 req-eac9f752-95fa-4331-9c21-ed07afb84c56 ] Request (ServerTagsTestJSON:setUpClass): 200 GET http://10.180.1.21/compute/v2.1/servers/280e1e66-c31f-4135-83b8-66903acfc32d 0.056s
2025-12-09 08:52:36.395 67098 INFO tempest.lib.common.rest_client [req-e5ec13da-27c6-4800-9b6f-7aec4d9a7c9f req-e5ec13da-27c6-4800-9b6f-7aec4d9a7c9f ] Request (SecurityGroupsTestJSON:test_server_security_groups): 200 GET http://10.180.1.21/compute/v2.1/servers/f60d95b9-0517-44fd-a6da-6b75581c7b70 0.059s
2025-12-09 08:52:36.403 67072 WARNING tempest.lib.common.ssh [-] Failed to establish authenticated ssh connection to cirros@10.180.180.189 ([Errno None] Unable to connect to port 22 on 10.180.180.189). Number attempts: 3. Retry after 4 seconds.: paramiko.ssh_exception.NoValidConnectionsError: [Errno None] Unable to connect to port 22 on 10.180.180.189
2025-12-09 08:52:36.430 67062 INFO tempest.lib.common.rest_client [req-3367e19a-7492-48f8-a872-858f47c514a6 req-3367e19a-7492-48f8-a872-858f47c514a6 ] Request (ServerMetadataNegativeTestJSON:setUpClass): 200 GET http://10.180.1.21/compute/v2.1/servers/fe406635-2d2a-4f1a-a787-034149b406bc 0.095s
2025-12-09 08:52:36.438 67062 INFO tempest.common.waiters [-] State transition "BUILD/spawning" ==> "ACTIVE/None" after 94 second wait
2025-12-09 08:52:36.444 67108 INFO tempest.lib.common.rest_client [req-d9c4316c-9c58-4b59-9d51-7c49ef2dced4 req-d9c4316c-9c58-4b59-9d51-7c49ef2dced4 ] Request (ImagesOneServerTestJSON:setUpClass): 200 GET http://10.180.1.21/compute/v2.1/servers/ccc20980-0bc7-4c56-98eb-f3f63f40e6fd 0.052s
2025-12-09 08:52:36.486 67074 INFO tempest.lib.common.rest_client [req-3f830f59-31ae-4c1b-a8c2-8dd02ecc4af6 req-3f830f59-31ae-4c1b-a8c2-8dd02ecc4af6 ] Request (AttachInterfacesTestJSON:test_create_list_show_delete_interfaces_by_fixed_ip): 200 GET http://10.180.1.21/compute/v2.1/servers/06764596-0693-4442-8f7d-11a705cbadf3 0.087s
2025-12-09 08:52:36.514 67076 INFO tempest.lib.common.rest_client [req-495866b5-bbb0-4d40-b75c-af261bf78d8b req-495866b5-bbb0-4d40-b75c-af261bf78d8b ] Request (ServersAdminTestJSON:test_inject_network_info): 200 GET http://10.180.1.21/compute/v2.1/servers/545630db-3b03-4024-b526-eb887b4b83c0 0.053s
2025-12-09 08:52:36.518 67062 INFO tempest.lib.common.rest_client [req-274889d0-fe52-446a-912f-fadce891c58a req-274889d0-fe52-446a-912f-fadce891c58a ] Request (ServerMetadataNegativeTestJSON:test_create_server_metadata_blank_key): 201 POST http://10.180.1.21/identity/v3/auth/tokens 0.075s
2025-12-09 08:52:36.518 67062 INFO tempest.lib.common.fixed_network [-] (ServerMetadataNegativeTestJSON:test_create_server_metadata_blank_key) Found network {'id': 'bc3bccb1-edc2-41d1-a2d4-45a270827b55', 'name': 'tempest-ServerMetadataNegativeTestJSON-699887437-network', 'tenant_id': 'e991a92c2f564843928014bdeddfae25', 'project_id': 'e991a92c2f564843928014bdeddfae25', 'admin_state_up': True, 'mtu': 8950, 'status': 'ACTIVE', 'subnets': [], 'shared': False, 'port_security_enabled': True, 'router:external': False, 'provider:network_type': 'vlan', 'provider:physical_network': 'default', 'provider:segmentation_id': 370, 'availability_zone_hints': [], 'availability_zones': [], 'ipv4_address_scope': None, 'ipv6_address_scope': None, 'description': '', 'tags': [], 'created_at': '2025-12-09T08:50:56Z', 'updated_at': '2025-12-09T08:50:56Z', 'revision_number': 1} available for tenant
2025-12-09 08:52:36.543 67088 INFO tempest.lib.common.rest_client [req-18ef1d31-573a-4e7f-9059-89ccddacc471 req-18ef1d31-573a-4e7f-9059-89ccddacc471 ] Request (DeleteServersAdminTestJSON:test_admin_delete_servers_of_others): 200 GET http://10.180.1.21/compute/v2.1/servers/fb570ddf-831a-4bfe-a4f5-3d3a8f399a25 0.068s
2025-12-09 08:52:36.548 67062 INFO tempest.lib.common.rest_client [req-7c07657b-c7e0-4889-9618-464765d7b296 req-7c07657b-c7e0-4889-9618-464765d7b296 ] Request (ServerMetadataNegativeTestJSON:test_create_server_metadata_blank_key): 400 POST http://10.180.1.21/compute/v2.1/servers 0.029s
2025-12-09 08:52:36.564 67102 INFO tempest.lib.common.rest_client [req-f86aa8c5-3ceb-45fc-986a-88d33c7d17f0 req-f86aa8c5-3ceb-45fc-986a-88d33c7d17f0 ] Request (ServersTestJSON:test_create_server_specify_multibyte_character_name): 200 GET http://10.180.1.21/compute/v2.1/servers/f3c8a9b1-5c0a-4a0e-89c6-081897e99231 0.051s
2025-12-09 08:52:36.571 67062 INFO tempest.lib.common.rest_client [req-bcb0c17b-0de4-4fe5-b751-ed83977f73a5 req-bcb0c17b-0de4-4fe5-b751-ed83977f73a5 ] Request (ServerMetadataNegativeTestJSON:test_delete_metadata_non_existent_server): 404 DELETE http://10.180.1.21/compute/v2.1/servers/391909c7-9d6d-4459-998e-973b6ad4bb43/metadata/d 0.020s
2025-12-09 08:52:36.586 67062 INFO tempest.lib.common.rest_client [req-c309a6a5-f81e-4288-bf60-fab80f6eff6d req-c309a6a5-f81e-4288-bf60-fab80f6eff6d ] Request (ServerMetadataNegativeTestJSON:test_list_server_metadata_non_existent_server): 404 GET http://10.180.1.21/compute/v2.1/servers/62d0cfc0-2939-443d-9c12-5ee42c85fc33/metadata 0.012s
2025-12-09 08:52:36.601 67082 INFO tempest.lib.common.rest_client [req-e6d5a144-ada8-475b-8ac1-10c8b342a9b5 req-e6d5a144-ada8-475b-8ac1-10c8b342a9b5 ] Request (ServersWithSpecificFlavorTestJSON:test_verify_created_server_ephemeral_disk): 200 GET http://10.180.1.21/compute/v2.1/servers/2a58a8a0-cbf0-4b3f-aa26-86e711fcaa76 0.072s
2025-12-09 08:52:36.659 67062 INFO tempest.lib.common.rest_client [req-fad0dc6d-d471-4d1c-89de-baac9e2cd178 req-fad0dc6d-d471-4d1c-89de-baac9e2cd178 ] Request (ServerMetadataNegativeTestJSON:test_metadata_items_limit): 200 GET http://10.180.1.21/compute/v2.1/os-quota-sets/e991a92c2f564843928014bdeddfae25 0.072s
2025-12-09 08:52:36.662 67092 INFO tempest.lib.common.rest_client [req-bc9e7f96-9810-48a5-9c3f-9b423d2c6e89 req-bc9e7f96-9810-48a5-9c3f-9b423d2c6e89 ] Request (ListImageFiltersTestJSON:tearDownClass): 200 GET http://10.180.1.21/compute/v2.1/servers/144134dd-9f1b-481b-99de-fad542e095ce 0.082s
2025-12-09 08:52:36.713 67070 INFO tempest.lib.common.rest_client [req-51a2822a-15ae-48ba-8449-1749dc727543 req-51a2822a-15ae-48ba-8449-1749dc727543 ] Request (DeleteServersTestJSON:test_delete_active_server): 200 GET http://10.180.1.21/compute/v2.1/servers/6f647143-9b8c-48bb-bde7-3dc59021a7f6 0.121s
2025-12-09 08:52:36.727 67118 INFO tempest.lib.common.rest_client [req-ed1ad229-372d-4cda-9598-33fbcc68998e req-ed1ad229-372d-4cda-9598-33fbcc68998e ] Request (ServerGroupTestJSON:_run_cleanups): 200 GET http://10.180.1.21/compute/v2.1/servers/def96b6a-0601-48c3-b912-3d1c5a6821f8 0.097s
2025-12-09 08:52:36.765 67062 INFO tempest.lib.common.rest_client [req-50f7b4a1-acc6-4ea8-9d4a-16d1dacec34a req-50f7b4a1-acc6-4ea8-9d4a-16d1dacec34a ] Request (ServerMetadataNegativeTestJSON:test_metadata_items_limit): 403 PUT http://10.180.1.21/compute/v2.1/servers/fe406635-2d2a-4f1a-a787-034149b406bc/metadata 0.104s
2025-12-09 08:52:36.765 67058 INFO tempest.lib.common.rest_client [req-b3da375a-52d5-42c9-ae8b-21b8035f0a92 req-b3da375a-52d5-42c9-ae8b-21b8035f0a92 ] Request (ServerShowV247Test:test_update_rebuild_list_server): 200 GET http://10.180.1.21/compute/v2.1/servers/9fadffe4-bbd8-455a-a9e3-86fed6c582d6 0.111s
2025-12-09 08:52:36.814 67062 INFO tempest.lib.common.rest_client [req-c612f798-ee85-42ab-9b06-6fbd61402e54 req-c612f798-ee85-42ab-9b06-6fbd61402e54 ] Request (ServerMetadataNegativeTestJSON:test_metadata_items_limit): 403 POST http://10.180.1.21/compute/v2.1/servers/fe406635-2d2a-4f1a-a787-034149b406bc/metadata 0.049s
2025-12-09 08:52:36.817 67085 INFO tempest.lib.common.rest_client [req-2599ba32-9013-4ca0-b3d6-1c4df07edd46 req-2599ba32-9013-4ca0-b3d6-1c4df07edd46 ] Request (AttachVolumeNegativeTest:test_attach_attached_volume_to_different_server): 200 GET http://10.180.1.21/compute/v2.1/servers/d7a1e1a7-32f2-44a8-ab56-16069bf796e8 0.126s
2025-12-09 08:52:36.856 67062 INFO tempest.lib.common.rest_client [req-96bdd038-1f2b-4cd5-885c-feaf5a134f41 req-96bdd038-1f2b-4cd5-885c-feaf5a134f41 ] Request (ServerMetadataNegativeTestJSON:test_server_create_metadata_key_too_long): 201 POST http://10.180.1.21/identity/v3/auth/tokens 0.038s
2025-12-09 08:52:36.857 67062 INFO tempest.lib.common.fixed_network [-] (ServerMetadataNegativeTestJSON:test_server_create_metadata_key_too_long) Found network {'id': 'bc3bccb1-edc2-41d1-a2d4-45a270827b55', 'name': 'tempest-ServerMetadataNegativeTestJSON-699887437-network', 'tenant_id': 'e991a92c2f564843928014bdeddfae25', 'project_id': 'e991a92c2f564843928014bdeddfae25', 'admin_state_up': True, 'mtu': 8950, 'status': 'ACTIVE', 'subnets': [], 'shared': False, 'port_security_enabled': True, 'router:external': False, 'provider:network_type': 'vlan', 'provider:physical_network': 'default', 'provider:segmentation_id': 370, 'availability_zone_hints': [], 'availability_zones': [], 'ipv4_address_scope': None, 'ipv6_address_scope': None, 'description': '', 'tags': [], 'created_at': '2025-12-09T08:50:56Z', 'updated_at': '2025-12-09T08:50:56Z', 'revision_number': 1} available for tenant
2025-12-09 08:52:36.873 67064 INFO tempest.lib.common.rest_client [req-f539c6fe-1908-4a63-930e-e9b3c14a8865 req-f539c6fe-1908-4a63-930e-e9b3c14a8865 ] Request (ServersAaction247Test:test_create_backup): 200 GET http://10.180.1.21/compute/v2.1/servers/368a5a64-402c-4eeb-acc9-a0827db13e2d 0.103s
2025-12-09 08:52:36.921 67114 INFO tempest.lib.common.rest_client [req-c426699b-6413-4e0e-998e-ecb00e9895a7 req-c426699b-6413-4e0e-998e-ecb00e9895a7 ] Request (ServerDiskConfigTestJSON:test_rebuild_server_with_manual_disk_config): 200 GET http://10.180.1.21/compute/v2.1/servers/756bbe65-9059-4da0-9e11-15b1fc51c972 0.106s
2025-12-09 08:52:36.925 67086 INFO tempest.lib.common.rest_client [req-3ab750c7-87e2-4604-b94a-8b5884ee3bb1 req-3ab750c7-87e2-4604-b94a-8b5884ee3bb1 ] Request (ImagesTestJSON:test_create_image_from_suspended_server): 200 GET http://10.180.1.21/compute/v2.1/servers/5aac4548-1047-446b-81fc-28ba4dcecea9 0.146s
2025-12-09 08:52:36.927 67062 INFO tempest.lib.common.rest_client [req-3276e33c-993d-4df2-9b30-009e678b64d7 req-3276e33c-993d-4df2-9b30-009e678b64d7 ] Request (ServerMetadataNegativeTestJSON:test_server_create_metadata_key_too_long): 400 POST http://10.180.1.21/compute/v2.1/servers 0.070s
2025-12-09 08:52:36.955 67062 INFO tempest.lib.common.rest_client [req-95680a24-4516-4c52-8c82-d8b3315de944 req-95680a24-4516-4c52-8c82-d8b3315de944 ] Request (ServerMetadataNegativeTestJSON:test_server_create_metadata_key_too_long): 201 POST http://10.180.1.21/identity/v3/auth/tokens 0.025s
2025-12-09 08:52:36.956 67062 INFO tempest.lib.common.fixed_network [-] (ServerMetadataNegativeTestJSON:test_server_create_metadata_key_too_long) Found network {'id': 'bc3bccb1-edc2-41d1-a2d4-45a270827b55', 'name': 'tempest-ServerMetadataNegativeTestJSON-699887437-network', 'tenant_id': 'e991a92c2f564843928014bdeddfae25', 'project_id': 'e991a92c2f564843928014bdeddfae25', 'admin_state_up': True, 'mtu': 8950, 'status': 'ACTIVE', 'subnets': [], 'shared': False, 'port_security_enabled': True, 'router:external': False, 'provider:network_type': 'vlan', 'provider:physical_network': 'default', 'provider:segmentation_id': 370, 'availability_zone_hints': [], 'availability_zones': [], 'ipv4_address_scope': None, 'ipv6_address_scope': None, 'description': '', 'tags': [], 'created_at': '2025-12-09T08:50:56Z', 'updated_at': '2025-12-09T08:50:56Z', 'revision_number': 1} available for tenant
2025-12-09 08:52:36.979 67078 INFO tempest.lib.common.rest_client [req-72e6194a-2a62-4182-913a-3c8a6d8e9eb1 req-72e6194a-2a62-4182-913a-3c8a6d8e9eb1 ] Request (ServersAdminNegativeTestJSON:test_migrate_server_invalid_state): 200 GET http://10.180.1.21/compute/v2.1/servers/05212617-867f-49a8-9806-f1fa8b4142f0 0.115s
2025-12-09 08:52:36.982 67094 INFO tempest.lib.common.rest_client [req-5140f1a4-d608-444b-9b5d-07835bb9dbaa req-5140f1a4-d608-444b-9b5d-07835bb9dbaa ] Request (MultipleCreateTestJSON:tearDownClass): 200 GET http://10.180.1.21/compute/v2.1/servers/40b490a9-e495-4a41-83c9-178df071479a 0.150s
2025-12-09 08:52:37.031 67068 INFO tempest.lib.common.rest_client [req-f08979d3-a85f-4e7c-83bf-f24b3f6f889a req-f08979d3-a85f-4e7c-83bf-f24b3f6f889a ] Request (ListServerFiltersTestJSON:setUpClass): 200 GET http://10.180.1.21/compute/v2.1/servers/fe5db77b-56e3-4355-96b6-9b11dc492488 0.118s
2025-12-09 08:52:37.031 67056 INFO tempest.lib.common.rest_client [req-90bf2c25-bed0-4241-8ebb-ad9766fc9209 req-90bf2c25-bed0-4241-8ebb-ad9766fc9209 ] Request (ServerRescueNegativeTestJSON:setUpClass): 200 GET http://10.180.1.21/compute/v2.1/servers/b8c2da03-28ac-4054-9a61-42fcf18caa07 0.148s
2025-12-09 08:52:37.036 67062 INFO tempest.lib.common.rest_client [req-20c5e6ed-c2e8-4ca3-99de-73eb268a9341 req-20c5e6ed-c2e8-4ca3-99de-73eb268a9341 ] Request (ServerMetadataNegativeTestJSON:test_server_create_metadata_key_too_long): 400 POST http://10.180.1.21/compute/v2.1/servers 0.080s
2025-12-09 08:52:37.068 67062 INFO tempest.lib.common.rest_client [req-61473a51-ecc9-49d7-ab7e-e8e4399dfc55 req-61473a51-ecc9-49d7-ab7e-e8e4399dfc55 ] Request (ServerMetadataNegativeTestJSON:test_server_create_metadata_key_too_long): 201 POST http://10.180.1.21/identity/v3/auth/tokens 0.029s
2025-12-09 08:52:37.069 67062 INFO tempest.lib.common.fixed_network [-] (ServerMetadataNegativeTestJSON:test_server_create_metadata_key_too_long) Found network {'id': 'bc3bccb1-edc2-41d1-a2d4-45a270827b55', 'name': 'tempest-ServerMetadataNegativeTestJSON-699887437-network', 'tenant_id': 'e991a92c2f564843928014bdeddfae25', 'project_id': 'e991a92c2f564843928014bdeddfae25', 'admin_state_up': True, 'mtu': 8950, 'status': 'ACTIVE', 'subnets': [], 'shared': False, 'port_security_enabled': True, 'router:external': False, 'provider:network_type': 'vlan', 'provider:physical_network': 'default', 'provider:segmentation_id': 370, 'availability_zone_hints': [], 'availability_zones': [], 'ipv4_address_scope': None, 'ipv6_address_scope': None, 'description': '', 'tags': [], 'created_at': '2025-12-09T08:50:56Z', 'updated_at': '2025-12-09T08:50:56Z', 'revision_number': 1} available for tenant
2025-12-09 08:52:37.080 67100 INFO tempest.lib.common.rest_client [req-412844d2-e7b3-4d6a-811f-95681bd06a8c req-412844d2-e7b3-4d6a-811f-95681bd06a8c ] Request (AttachInterfacesV270Test:test_create_get_list_interfaces): 200 GET http://10.180.1.21/compute/v2.1/servers/77e74e13-ad3a-4a4c-8024-abd717814bc4 0.106s
2025-12-09 08:52:37.084 67062 INFO tempest.lib.common.rest_client [req-9757c5ef-2e71-4f9f-a3e7-886f08207ffc req-9757c5ef-2e71-4f9f-a3e7-886f08207ffc ] Request (ServerMetadataNegativeTestJSON:test_server_create_metadata_key_too_long): 400 POST http://10.180.1.21/compute/v2.1/servers 0.015s
2025-12-09 08:52:37.109 67062 INFO tempest.lib.common.rest_client [req-80530ccb-736f-4706-ac7c-7c62cc12bbaa req-80530ccb-736f-4706-ac7c-7c62cc12bbaa ] Request (ServerMetadataNegativeTestJSON:test_server_create_metadata_key_too_long): 201 POST http://10.180.1.21/identity/v3/auth/tokens 0.023s
2025-12-09 08:52:37.110 67062 INFO tempest.lib.common.fixed_network [-] (ServerMetadataNegativeTestJSON:test_server_create_metadata_key_too_long) Found network {'id': 'bc3bccb1-edc2-41d1-a2d4-45a270827b55', 'name': 'tempest-ServerMetadataNegativeTestJSON-699887437-network', 'tenant_id': 'e991a92c2f564843928014bdeddfae25', 'project_id': 'e991a92c2f564843928014bdeddfae25', 'admin_state_up': True, 'mtu': 8950, 'status': 'ACTIVE', 'subnets': [], 'shared': False, 'port_security_enabled': True, 'router:external': False, 'provider:network_type': 'vlan', 'provider:physical_network': 'default', 'provider:segmentation_id': 370, 'availability_zone_hints': [], 'availability_zones': [], 'ipv4_address_scope': None, 'ipv6_address_scope': None, 'description': '', 'tags': [], 'created_at': '2025-12-09T08:50:56Z', 'updated_at': '2025-12-09T08:50:56Z', 'revision_number': 1} available for tenant
2025-12-09 08:52:37.115 67080 INFO tempest.lib.common.rest_client [req-e2370bf4-a3cf-42db-8a5c-621a09f85d9d req-e2370bf4-a3cf-42db-8a5c-621a09f85d9d ] Request (ListServersNegativeTestJSON:tearDownClass): 200 GET http://10.180.1.21/compute/v2.1/servers/d75456d5-6ec7-4760-9347-9d8a4f76d4a9 0.060s
2025-12-09 08:52:37.118 67062 INFO tempest.lib.common.rest_client [req-89958c2f-9590-452f-93c0-3f628386def6 req-89958c2f-9590-452f-93c0-3f628386def6 ] Request (ServerMetadataNegativeTestJSON:test_server_create_metadata_key_too_long): 400 POST http://10.180.1.21/compute/v2.1/servers 0.008s
2025-12-09 08:52:37.132 67062 INFO tempest.lib.common.rest_client [req-8542c992-0b88-4e20-aa86-fe25466d5276 req-8542c992-0b88-4e20-aa86-fe25466d5276 ] Request (ServerMetadataNegativeTestJSON:test_server_metadata_non_existent_server): 404 GET http://10.180.1.21/compute/v2.1/servers/0fa6710f-f115-45dd-b6e1-1ed16987e095/metadata/test2 0.011s
2025-12-09 08:52:37.162 67062 INFO tempest.lib.common.rest_client [req-0b0a0f8c-e705-4ddb-8202-f157dce2f099 req-0b0a0f8c-e705-4ddb-8202-f157dce2f099 ] Request (ServerMetadataNegativeTestJSON:test_set_metadata_invalid_key): 400 PUT http://10.180.1.21/compute/v2.1/servers/fe406635-2d2a-4f1a-a787-034149b406bc/metadata/key 0.029s
2025-12-09 08:52:37.215 67090 INFO tempest.lib.common.rest_client [req-d5dc4d9a-9456-4946-83f0-61dcd872d8ba req-d5dc4d9a-9456-4946-83f0-61dcd872d8ba ] Request (ServerDiagnosticsV248Test:tearDownClass): 200 GET http://10.180.1.21/compute/v2.1/servers/09a80197-8cdb-47c3-8bd7-461d9c90d571 0.080s
2025-12-09 08:52:37.223 67062 INFO tempest.lib.common.rest_client [req-37b5c679-5729-4d1d-a887-bb630041332c req-37b5c679-5729-4d1d-a887-bb630041332c ] Request (ServerMetadataNegativeTestJSON:test_set_metadata_non_existent_server): 404 PUT http://10.180.1.21/compute/v2.1/servers/c39245e6-9606-486c-8fbf-bc6950cb08a3/metadata 0.059s
2025-12-09 08:52:37.224 67060 INFO tempest.lib.common.rest_client [req-c8ec54e6-b4f0-469d-99a6-5bd8bc8a1ac2 req-c8ec54e6-b4f0-469d-99a6-5bd8bc8a1ac2 ] Request (MigrationsAdminTest:test_list_migrations_in_flavor_resize_situation): 200 GET http://10.180.1.21/compute/v2.1/servers/90262449-8a97-4d43-b104-0cc7084a636a 0.093s
2025-12-09 08:52:37.230 67062 INFO tempest.lib.common.rest_client [req-76fa5059-fa0f-4608-93e4-db76db3f2093 req-76fa5059-fa0f-4608-93e4-db76db3f2093 ] Request (ServerMetadataNegativeTestJSON:test_set_server_metadata_blank_key): 400 PUT http://10.180.1.21/compute/v2.1/servers/fe406635-2d2a-4f1a-a787-034149b406bc/metadata 0.006s
2025-12-09 08:52:37.237 67062 INFO tempest.lib.common.rest_client [req-766b6fc3-78a3-4150-95f2-dab6c904113c req-766b6fc3-78a3-4150-95f2-dab6c904113c ] Request (ServerMetadataNegativeTestJSON:test_set_server_metadata_missing_metadata): 400 PUT http://10.180.1.21/compute/v2.1/servers/fe406635-2d2a-4f1a-a787-034149b406bc/metadata 0.006s
2025-12-09 08:52:37.247 67062 INFO tempest.lib.common.rest_client [req-17ebb0bd-948c-417f-bd18-94e85d658706 req-17ebb0bd-948c-417f-bd18-94e85d658706 ] Request (ServerMetadataNegativeTestJSON:test_update_metadata_non_existent_server): 404 POST http://10.180.1.21/compute/v2.1/servers/b6d4280c-059f-49e4-8e43-6ff7877109ad/metadata 0.009s
2025-12-09 08:52:37.254 67062 INFO tempest.lib.common.rest_client [req-0f9d5ff0-e267-4d8a-b3a2-0cb7c8201bca req-0f9d5ff0-e267-4d8a-b3a2-0cb7c8201bca ] Request (ServerMetadataNegativeTestJSON:test_update_metadata_with_blank_key): 400 POST http://10.180.1.21/compute/v2.1/servers/fe406635-2d2a-4f1a-a787-034149b406bc/metadata 0.006s
2025-12-09 08:52:37.269 67120 INFO tempest.lib.common.rest_client [req-dfe74bc4-a056-48bc-b4f7-89732fac5dd7 req-dfe74bc4-a056-48bc-b4f7-89732fac5dd7 ] Request (ServerRescueTestJSON:test_rescue_unrescue_instance): 200 GET http://10.180.1.21/compute/v2.1/servers/0cabce91-fcd6-4a0e-865d-7c8b566d0b73 0.089s
2025-12-09 08:52:37.314 67110 INFO tempest.lib.common.rest_client [req-4c3019f5-57f2-43ee-b759-970135dc643d req-4c3019f5-57f2-43ee-b759-970135dc643d ] Request (ServerTagsTestJSON:setUpClass): 200 GET http://10.180.1.21/compute/v2.1/servers/280e1e66-c31f-4135-83b8-66903acfc32d 0.054s
2025-12-09 08:52:37.321 67062 INFO tempest.lib.common.rest_client [req-e934f64d-1357-48d6-a45f-a3d8ada8443d req-e934f64d-1357-48d6-a45f-a3d8ada8443d ] Request (ServerMetadataNegativeTestJSON:tearDownClass): 204 DELETE http://10.180.1.21/compute/v2.1/servers/fe406635-2d2a-4f1a-a787-034149b406bc 0.062s
2025-12-09 08:52:37.459 67062 INFO tempest.lib.common.rest_client [req-4b1255a4-4239-4584-ac41-106f3287983f req-4b1255a4-4239-4584-ac41-106f3287983f ] Request (ServerMetadataNegativeTestJSON:tearDownClass): 200 GET http://10.180.1.21/compute/v2.1/servers/fe406635-2d2a-4f1a-a787-034149b406bc 0.138s
2025-12-09 08:52:37.470 67098 INFO tempest.lib.common.rest_client [req-1102ef9b-8ede-459d-9008-75cd7c925300 req-1102ef9b-8ede-459d-9008-75cd7c925300 ] Request (SecurityGroupsTestJSON:test_server_security_groups): 200 GET http://10.180.1.21/compute/v2.1/servers/f60d95b9-0517-44fd-a6da-6b75581c7b70 0.067s
2025-12-09 08:52:37.504 67108 INFO tempest.lib.common.rest_client [req-e131e67a-bbbc-4479-bf7c-5705c095f301 req-e131e67a-bbbc-4479-bf7c-5705c095f301 ] Request (ImagesOneServerTestJSON:setUpClass): 200 GET http://10.180.1.21/compute/v2.1/servers/ccc20980-0bc7-4c56-98eb-f3f63f40e6fd 0.050s
2025-12-09 08:52:37.547 67074 INFO tempest.lib.common.rest_client [req-89b29b92-ed18-4bf3-bc6e-d95e1c8e34b3 req-89b29b92-ed18-4bf3-bc6e-d95e1c8e34b3 ] Request (AttachInterfacesTestJSON:test_create_list_show_delete_interfaces_by_fixed_ip): 200 GET http://10.180.1.21/compute/v2.1/servers/06764596-0693-4442-8f7d-11a705cbadf3 0.052s
2025-12-09 08:52:37.570 67076 INFO tempest.lib.common.rest_client [req-a006b539-d3f5-4d03-92d3-bfe90303050f req-a006b539-d3f5-4d03-92d3-bfe90303050f ] Request (ServersAdminTestJSON:test_inject_network_info): 200 GET http://10.180.1.21/compute/v2.1/servers/545630db-3b03-4024-b526-eb887b4b83c0 0.049s
2025-12-09 08:52:37.576 67088 INFO tempest.lib.common.rest_client [req-9c353561-31a8-4e1f-be70-130bdc82c740 req-9c353561-31a8-4e1f-be70-130bdc82c740 ] Request (DeleteServersAdminTestJSON:test_admin_delete_servers_of_others): 404 GET http://10.180.1.21/compute/v2.1/servers/fb570ddf-831a-4bfe-a4f5-3d3a8f399a25 0.024s
2025-12-09 08:52:37.643 67102 INFO tempest.lib.common.rest_client [req-e0b0a7aa-711d-488e-984f-6a1de5c6d654 req-e0b0a7aa-711d-488e-984f-6a1de5c6d654 ] Request (ServersTestJSON:test_create_server_specify_multibyte_character_name): 200 GET http://10.180.1.21/compute/v2.1/servers/f3c8a9b1-5c0a-4a0e-89c6-081897e99231 0.070s
2025-12-09 08:52:37.650 67088 INFO tempest.lib.common.rest_client [req-7f8a2e06-f13a-447f-bd94-6181c4f49ca1 req-7f8a2e06-f13a-447f-bd94-6181c4f49ca1 ] Request (DeleteServersAdminTestJSON:test_delete_server_while_in_error_state): 201 POST http://10.180.1.21/identity/v3/auth/tokens 0.067s
2025-12-09 08:52:37.650 67088 INFO tempest.lib.common.fixed_network [-] (DeleteServersAdminTestJSON:test_delete_server_while_in_error_state) Found network None available for tenant
2025-12-09 08:52:37.672 67082 INFO tempest.lib.common.rest_client [req-0b2bf0e2-3a5e-4b5d-bf49-c575de8b49a0 req-0b2bf0e2-3a5e-4b5d-bf49-c575de8b49a0 ] Request (ServersWithSpecificFlavorTestJSON:test_verify_created_server_ephemeral_disk): 200 GET http://10.180.1.21/compute/v2.1/servers/2a58a8a0-cbf0-4b3f-aa26-86e711fcaa76 0.059s
2025-12-09 08:52:37.741 67092 INFO tempest.lib.common.rest_client [req-3ae88467-5fab-495f-beff-7c7b2fdbd5c7 req-3ae88467-5fab-495f-beff-7c7b2fdbd5c7 ] Request (ListImageFiltersTestJSON:tearDownClass): 200 GET http://10.180.1.21/compute/v2.1/servers/144134dd-9f1b-481b-99de-fad542e095ce 0.071s
2025-12-09 08:52:37.810 67070 INFO tempest.lib.common.rest_client [req-b5b39022-2ffa-4b18-8e07-0204150a4e1d req-b5b39022-2ffa-4b18-8e07-0204150a4e1d ] Request (DeleteServersTestJSON:test_delete_active_server): 200 GET http://10.180.1.21/compute/v2.1/servers/6f647143-9b8c-48bb-bde7-3dc59021a7f6 0.089s
2025-12-09 08:52:37.874 67118 INFO tempest.lib.common.rest_client [req-b7829713-6e0d-4167-9ed7-e102abc87c89 req-b7829713-6e0d-4167-9ed7-e102abc87c89 ] Request (ServerGroupTestJSON:_run_cleanups): 200 GET http://10.180.1.21/compute/v2.1/servers/def96b6a-0601-48c3-b912-3d1c5a6821f8 0.139s
2025-12-09 08:52:37.910 67088 INFO tempest.lib.common.rest_client [req-04e21b0d-e82f-479c-9ce4-f8ff372057b5 req-04e21b0d-e82f-479c-9ce4-f8ff372057b5 ] Request (DeleteServersAdminTestJSON:test_delete_server_while_in_error_state): 202 POST http://10.180.1.21/compute/v2.1/servers 0.259s
2025-12-09 08:52:37.941 67058 INFO tempest.lib.common.rest_client [req-08c0f2a1-7d8f-4601-85a3-9f7d57b00b72 req-08c0f2a1-7d8f-4601-85a3-9f7d57b00b72 ] Request (ServerShowV247Test:test_update_rebuild_list_server): 200 GET http://10.180.1.21/compute/v2.1/servers/9fadffe4-bbd8-455a-a9e3-86fed6c582d6 0.166s
2025-12-09 08:52:37.971 67085 INFO tempest.lib.common.rest_client [req-54dfebb5-c8d2-46b5-bd43-44938398eeb8 req-54dfebb5-c8d2-46b5-bd43-44938398eeb8 ] Request (AttachVolumeNegativeTest:test_attach_attached_volume_to_different_server): 200 GET http://10.180.1.21/compute/v2.1/servers/d7a1e1a7-32f2-44a8-ab56-16069bf796e8 0.144s
2025-12-09 08:52:38.001 67064 INFO tempest.lib.common.rest_client [req-cf291b27-035f-45de-bd1a-3b9d086bbd6e req-cf291b27-035f-45de-bd1a-3b9d086bbd6e ] Request (ServersAaction247Test:test_create_backup): 200 GET http://10.180.1.21/compute/v2.1/servers/368a5a64-402c-4eeb-acc9-a0827db13e2d 0.118s
2025-12-09 08:52:38.013 67064 INFO tempest.common.waiters [-] State transition "BUILD/scheduling" ==> "BUILD/None" after 74 second wait
2025-12-09 08:52:38.016 67088 INFO tempest.lib.common.rest_client [req-ec097fc3-8db5-4bc5-9e1b-65ab7cc9ffde req-ec097fc3-8db5-4bc5-9e1b-65ab7cc9ffde ] Request (DeleteServersAdminTestJSON:test_delete_server_while_in_error_state): 200 GET http://10.180.1.21/compute/v2.1/servers/699bc24c-86bd-4958-9bdd-929f3d263ed5 0.101s
2025-12-09 08:52:38.061 67114 INFO tempest.lib.common.rest_client [req-669efb82-d11e-423f-814c-6be8cae45bb9 req-669efb82-d11e-423f-814c-6be8cae45bb9 ] Request (ServerDiskConfigTestJSON:test_rebuild_server_with_manual_disk_config): 200 GET http://10.180.1.21/compute/v2.1/servers/756bbe65-9059-4da0-9e11-15b1fc51c972 0.130s
2025-12-09 08:52:38.128 67094 INFO tempest.lib.common.rest_client [req-8311b5e1-2896-42b5-a994-8c712bc8dd08 req-8311b5e1-2896-42b5-a994-8c712bc8dd08 ] Request (MultipleCreateTestJSON:tearDownClass): 200 GET http://10.180.1.21/compute/v2.1/servers/40b490a9-e495-4a41-83c9-178df071479a 0.138s
2025-12-09 08:52:38.153 67086 INFO tempest.lib.common.rest_client [req-b6d11777-ee8a-4fd1-85e6-0b19495439c5 req-b6d11777-ee8a-4fd1-85e6-0b19495439c5 ] Request (ImagesTestJSON:test_create_image_from_suspended_server): 200 GET http://10.180.1.21/compute/v2.1/servers/5aac4548-1047-446b-81fc-28ba4dcecea9 0.219s
2025-12-09 08:52:38.178 67078 INFO tempest.lib.common.rest_client [req-154d2b82-3f35-4345-8ed0-84c977ee80b7 req-154d2b82-3f35-4345-8ed0-84c977ee80b7 ] Request (ServersAdminNegativeTestJSON:test_migrate_server_invalid_state): 200 GET http://10.180.1.21/compute/v2.1/servers/05212617-867f-49a8-9806-f1fa8b4142f0 0.189s
2025-12-09 08:52:38.204 67056 INFO tempest.lib.common.rest_client [req-0e4a5f67-94dd-46be-b8f6-83a7140428e9 req-0e4a5f67-94dd-46be-b8f6-83a7140428e9 ] Request (ServerRescueNegativeTestJSON:setUpClass): 200 GET http://10.180.1.21/compute/v2.1/servers/b8c2da03-28ac-4054-9a61-42fcf18caa07 0.165s
2025-12-09 08:52:38.224 67068 INFO tempest.lib.common.rest_client [req-1606d463-4d07-4553-8d16-66aa947ecddc req-1606d463-4d07-4553-8d16-66aa947ecddc ] Request (ListServerFiltersTestJSON:setUpClass): 200 GET http://10.180.1.21/compute/v2.1/servers/fe5db77b-56e3-4355-96b6-9b11dc492488 0.185s
2025-12-09 08:52:38.264 67100 INFO tempest.lib.common.rest_client [req-0ff9c0fb-c8cd-4523-b9b6-6f7c6e20deb8 req-0ff9c0fb-c8cd-4523-b9b6-6f7c6e20deb8 ] Request (AttachInterfacesV270Test:test_create_get_list_interfaces): 200 GET http://10.180.1.21/compute/v2.1/servers/77e74e13-ad3a-4a4c-8024-abd717814bc4 0.174s
2025-12-09 08:52:38.285 67080 INFO tempest.lib.common.rest_client [req-097c8a9b-d8f1-4a21-bd8e-45545b5faa05 req-097c8a9b-d8f1-4a21-bd8e-45545b5faa05 ] Request (ListServersNegativeTestJSON:tearDownClass): 200 GET http://10.180.1.21/compute/v2.1/servers/d75456d5-6ec7-4760-9347-9d8a4f76d4a9 0.163s
2025-12-09 08:52:38.325 67090 INFO tempest.lib.common.rest_client [req-86bfb3d6-9bcf-4cca-bb4f-da39a359f153 req-86bfb3d6-9bcf-4cca-bb4f-da39a359f153 ] Request (ServerDiagnosticsV248Test:tearDownClass): 200 GET http://10.180.1.21/compute/v2.1/servers/09a80197-8cdb-47c3-8bd7-461d9c90d571 0.093s
2025-12-09 08:52:38.371 67120 INFO tempest.lib.common.rest_client [req-f5852ded-defb-43a5-a761-88d7440a5216 req-f5852ded-defb-43a5-a761-88d7440a5216 ] Request (ServerRescueTestJSON:test_rescue_unrescue_instance): 200 GET http://10.180.1.21/compute/v2.1/servers/0cabce91-fcd6-4a0e-865d-7c8b566d0b73 0.094s
2025-12-09 08:52:38.387 67060 INFO tempest.lib.common.rest_client [req-876a8829-0618-4df1-89b1-dd81cf9fd708 req-876a8829-0618-4df1-89b1-dd81cf9fd708 ] Request (MigrationsAdminTest:test_list_migrations_in_flavor_resize_situation): 200 GET http://10.180.1.21/compute/v2.1/servers/90262449-8a97-4d43-b104-0cc7084a636a 0.154s
2025-12-09 08:52:38.455 67110 INFO tempest.lib.common.rest_client [req-60ba3ae3-d832-4abc-87ea-f55c88f2fd47 req-60ba3ae3-d832-4abc-87ea-f55c88f2fd47 ] Request (ServerTagsTestJSON:setUpClass): 200 GET http://10.180.1.21/compute/v2.1/servers/280e1e66-c31f-4135-83b8-66903acfc32d 0.131s
2025-12-09 08:52:38.560 67098 INFO tempest.lib.common.rest_client [req-eb39f852-8984-4abc-956c-5e2a5c1a4111 req-eb39f852-8984-4abc-956c-5e2a5c1a4111 ] Request (SecurityGroupsTestJSON:test_server_security_groups): 200 GET http://10.180.1.21/compute/v2.1/servers/f60d95b9-0517-44fd-a6da-6b75581c7b70 0.083s
2025-12-09 08:52:38.608 67062 INFO tempest.lib.common.rest_client [req-09caf723-db49-4e37-8573-33d0cd5ac4a8 req-09caf723-db49-4e37-8573-33d0cd5ac4a8 ] Request (ServerMetadataNegativeTestJSON:tearDownClass): 200 GET http://10.180.1.21/compute/v2.1/servers/fe406635-2d2a-4f1a-a787-034149b406bc 0.141s
2025-12-09 08:52:38.622 67108 INFO tempest.lib.common.rest_client [req-b220a5e6-7833-40cb-abf6-1028ad2592c2 req-b220a5e6-7833-40cb-abf6-1028ad2592c2 ] Request (ImagesOneServerTestJSON:setUpClass): 200 GET http://10.180.1.21/compute/v2.1/servers/ccc20980-0bc7-4c56-98eb-f3f63f40e6fd 0.109s
2025-12-09 08:52:38.659 67074 INFO tempest.lib.common.rest_client [req-1dff3517-0835-49c2-b999-9039a0b0a788 req-1dff3517-0835-49c2-b999-9039a0b0a788 ] Request (AttachInterfacesTestJSON:test_create_list_show_delete_interfaces_by_fixed_ip): 200 GET http://10.180.1.21/compute/v2.1/servers/06764596-0693-4442-8f7d-11a705cbadf3 0.104s
2025-12-09 08:52:38.670 67076 INFO tempest.lib.common.rest_client [req-97315783-4545-4246-a9c1-4eab1e7868ec req-97315783-4545-4246-a9c1-4eab1e7868ec ] Request (ServersAdminTestJSON:test_inject_network_info): 200 GET http://10.180.1.21/compute/v2.1/servers/545630db-3b03-4024-b526-eb887b4b83c0 0.091s
2025-12-09 08:52:38.705 67102 INFO tempest.lib.common.rest_client [req-b984857a-3e8b-4cdc-915a-8f0f7340da3f req-b984857a-3e8b-4cdc-915a-8f0f7340da3f ] Request (ServersTestJSON:test_create_server_specify_multibyte_character_name): 200 GET http://10.180.1.21/compute/v2.1/servers/f3c8a9b1-5c0a-4a0e-89c6-081897e99231 0.054s
2025-12-09 08:52:38.731 67082 INFO tempest.lib.common.rest_client [req-4c617cf3-b708-42c4-b235-5e841f80823f req-4c617cf3-b708-42c4-b235-5e841f80823f ] Request (ServersWithSpecificFlavorTestJSON:test_verify_created_server_ephemeral_disk): 200 GET http://10.180.1.21/compute/v2.1/servers/2a58a8a0-cbf0-4b3f-aa26-86e711fcaa76 0.049s
2025-12-09 08:52:38.816 67092 INFO tempest.lib.common.rest_client [req-e03af15b-a9d0-4f5b-96bb-fb76e7dacce2 req-e03af15b-a9d0-4f5b-96bb-fb76e7dacce2 ] Request (ListImageFiltersTestJSON:tearDownClass): 200 GET http://10.180.1.21/compute/v2.1/servers/144134dd-9f1b-481b-99de-fad542e095ce 0.067s
