2025-12-09 08:50:08.888 67120 INFO tempest.lib.common.rest_client [req-ef69e506-9286-43eb-a3d4-82c7b1b6697e req-ef69e506-9286-43eb-a3d4-82c7b1b6697e ] Request (ServerAddressesNegativeTestJSON:tearDownClass): 200 PUT http://10.180.1.21/networking/v2.0/routers/be5740ef-fbf6-481a-a689-2c6e205d5dae/remove_router_interface 0.732s
2025-12-09 08:50:08.951 67106 INFO tempest.lib.common.rest_client [req-fee3398a-5447-45bb-9cab-b091a8c71cea req-fee3398a-5447-45bb-9cab-b091a8c71cea ] Request (ServerPasswordTestJSON:tearDownClass): 200 GET http://10.180.1.21/compute/v2.1/servers/af506d3c-a5c3-4a30-845a-6424e5023914 1.639s
2025-12-09 08:50:09.328 67120 INFO tempest.lib.common.rest_client [req-50d4a8a2-0d1f-4efd-89c7-60dc23bfd9b0 req-50d4a8a2-0d1f-4efd-89c7-60dc23bfd9b0 ] Request (ServerAddressesNegativeTestJSON:tearDownClass): 204 DELETE http://10.180.1.21/networking/v2.0/routers/be5740ef-fbf6-481a-a689-2c6e205d5dae 0.440s
2025-12-09 08:50:09.537 67120 INFO tempest.lib.common.rest_client [req-13fb2883-c8cf-4268-bd7d-666a407bae25 req-13fb2883-c8cf-4268-bd7d-666a407bae25 ] Request (ServerAddressesNegativeTestJSON:tearDownClass): 204 DELETE http://10.180.1.21/networking/v2.0/subnets/980c31f3-7be7-4bab-9a4b-d8c4f8419382 0.208s
2025-12-09 08:50:09.662 67118 INFO tempest.lib.common.rest_client [req-1ded728f-285b-425f-a5ec-d4e2bf0a5f86 req-1ded728f-285b-425f-a5ec-d4e2bf0a5f86 ] Request (SecurityGroupRulesNegativeTestJSON:tearDownClass): 202 DELETE http://10.180.1.21/compute/v2.1/os-security-groups/4827d475-138f-440a-be45-d44e8cd98d25 2.247s
2025-12-09 08:50:09.678 67088 INFO tempest.lib.common.rest_client [req-c113d340-2d14-4455-85ff-af0bc43afd45 req-c113d340-2d14-4455-85ff-af0bc43afd45 ] Request (AggregatesAdminNegativeTestJSON:test_aggregate_delete_with_invalid_id): 404 DELETE http://10.180.1.21/compute/v2.1/os-aggregates/-1 2.219s
2025-12-09 08:50:09.893 67120 INFO tempest.lib.common.rest_client [req-992ff341-fffe-4788-a909-abaa22f1dc10 req-992ff341-fffe-4788-a909-abaa22f1dc10 ] Request (ServerAddressesNegativeTestJSON:tearDownClass): 204 DELETE http://10.180.1.21/networking/v2.0/networks/3aab6665-76a6-4208-8cd6-f4b9632f1ef8 0.356s
2025-12-09 08:50:09.922 67100 INFO tempest.lib.common.rest_client [req-cdd84de1-470b-4d1c-b7d8-110948499e39 req-cdd84de1-470b-4d1c-b7d8-110948499e39 ] Request (ServersAdmin275Test:tearDownClass): 200 GET http://10.180.1.21/compute/v2.1/servers/8cad1811-73c5-49c0-a12b-d250315c51cd 2.409s
2025-12-09 08:50:09.998 67116 INFO tempest.lib.common.rest_client [req-df96e6dc-e77d-432a-b9b6-f598023602df req-df96e6dc-e77d-432a-b9b6-f598023602df ] Request (FloatingIPDetailsTestJSON:test_get_floating_ip_details): 200 POST http://10.180.1.21/compute/v2.1/os-floating-ips 2.709s
2025-12-09 08:50:10.032 67120 INFO tempest.lib.common.rest_client [req-73c911cd-18f8-45c2-b631-a1ab8e4015cd req-73c911cd-18f8-45c2-b631-a1ab8e4015cd ] Request (ServerAddressesNegativeTestJSON:tearDownClass): 204 DELETE http://10.180.1.21/identity/v3/users/942f80ca75a543eca10e64c70df953a8 0.138s
2025-12-09 08:50:10.032 67120 INFO tempest.lib.common.dynamic_creds [-] Deleting project and security group for project: dc721d4f978f41d6a8e9780715d1a3a9
2025-12-09 08:50:10.093 67102 INFO tempest.lib.common.rest_client [req-944b6e26-5e8a-4c83-9754-36d482fe7fb9 req-944b6e26-5e8a-4c83-9754-36d482fe7fb9 ] Request (SecurityGroupRulesTestJSON:tearDownClass): 202 DELETE http://10.180.1.21/compute/v2.1/os-security-groups/6daca9d1-6936-4773-a507-a38e9db3cc98 2.513s
2025-12-09 08:50:10.112 67120 INFO tempest.lib.common.rest_client [req-3dc69853-a989-40ac-86b6-6a0ba0d579f6 req-3dc69853-a989-40ac-86b6-6a0ba0d579f6 ] Request (ServerAddressesNegativeTestJSON:tearDownClass): 200 GET http://10.180.1.21/networking/v2.0/security-groups?tenant_id=dc721d4f978f41d6a8e9780715d1a3a9&name=default 0.079s
2025-12-09 08:50:10.114 67064 INFO tempest.lib.common.rest_client [req-b21dd9a8-f078-4877-8004-f3dd2c72401f req-b21dd9a8-f078-4877-8004-f3dd2c72401f ] Request (FlavorsAdminTestJSON:test_create_server_with_non_public_flavor): 200 POST http://10.180.1.21/compute/v2.1/flavors 2.451s
2025-12-09 08:50:10.196 67120 INFO tempest.lib.common.rest_client [req-5b9cf347-5dc8-436b-ba7d-02a4db697c45 req-5b9cf347-5dc8-436b-ba7d-02a4db697c45 ] Request (ServerAddressesNegativeTestJSON:tearDownClass): 204 DELETE http://10.180.1.21/networking/v2.0/security-groups/75ada376-d649-4d32-90a0-cda20914b86e 0.084s
2025-12-09 08:50:10.224 67114 INFO tempest.lib.common.rest_client [req-20e1b374-ba19-4e61-9c60-0d1fd1eab4de req-20e1b374-ba19-4e61-9c60-0d1fd1eab4de ] Request (ServerExternalEventsTest:tearDownClass): 200 GET http://10.180.1.21/compute/v2.1/servers/9a637371-82ca-4f20-8469-310fbc8f9991 2.539s
2025-12-09 08:50:10.312 67086 INFO tempest.lib.common.rest_client [req-2aff418a-c86e-4121-b7e9-0d4d6dde6410 req-2aff418a-c86e-4121-b7e9-0d4d6dde6410 ] Request (ImagesTestJSON:test_create_image_from_stopped_server): 200 GET http://10.180.1.21/compute/v2.1/servers/9dc0b8fb-9dd7-4cf3-a404-fbcfd1430f2c 2.539s
2025-12-09 08:50:10.359 67120 INFO tempest.lib.common.rest_client [req-425bd737-4d4c-472a-aa19-295a7251810c req-425bd737-4d4c-472a-aa19-295a7251810c ] Request (ServerAddressesNegativeTestJSON:tearDownClass): 204 DELETE http://10.180.1.21/identity/v3/projects/dc721d4f978f41d6a8e9780715d1a3a9 0.162s
2025-12-09 08:50:10.424 67120 INFO tempest.lib.common.rest_client [req-5d6b2a42-fd4c-4a38-98cd-34c6aa829d32 req-5d6b2a42-fd4c-4a38-98cd-34c6aa829d32 ] Request (ServerRescueTestJSON:setUpClass): 201 POST http://10.180.1.21/identity/v3/auth/tokens 0.062s
2025-12-09 08:50:10.454 67120 INFO tempest.lib.common.rest_client [req-6109f042-e12c-4338-a2b6-3c823ba0a746 req-6109f042-e12c-4338-a2b6-3c823ba0a746 ] Request (ServerRescueTestJSON:setUpClass): 201 POST http://10.180.1.21/identity/v3/auth/tokens 0.028s
2025-12-09 08:50:10.464 67090 INFO tempest.lib.common.rest_client [req-3ad702f8-5bfa-41e7-af7f-d9fb67a9e84c req-3ad702f8-5bfa-41e7-af7f-d9fb67a9e84c ] Request (QuotasAdminTestJSON:test_get_updated_quotas): 200 GET http://10.180.1.21/compute/v2.1/os-quota-sets/a871b2d086fb44e491acbe7e0cf86d13/detail 2.608s
2025-12-09 08:50:10.481 67120 INFO tempest.lib.common.rest_client [req-0f8f29d8-d97e-4f27-a6a2-3eff8b0fab8f req-0f8f29d8-d97e-4f27-a6a2-3eff8b0fab8f ] Request (ServerRescueTestJSON:setUpClass): 200 GET http://10.180.1.21/identity/v3/domains?name=Default 0.026s
2025-12-09 08:50:10.513 67090 INFO tempest.lib.common.rest_client [req-7ee60e44-a7fe-4879-8255-563cb124328f req-7ee60e44-a7fe-4879-8255-563cb124328f ] Request (QuotasAdminTestJSON:test_get_updated_quotas): 200 GET http://10.180.1.21/identity/v3/domains?name=Default 0.042s
2025-12-09 08:50:10.527 67120 INFO tempest.lib.common.rest_client [req-d6275d59-96a1-46d6-a765-f70fc7a56ddc req-d6275d59-96a1-46d6-a765-f70fc7a56ddc ] Request (ServerRescueTestJSON:setUpClass): 201 POST http://10.180.1.21/identity/v3/projects 0.046s
2025-12-09 08:50:10.547 67090 INFO tempest.lib.common.rest_client [req-57976c47-5644-43dc-8498-d4c8e59fbe94 req-57976c47-5644-43dc-8498-d4c8e59fbe94 ] Request (QuotasAdminTestJSON:test_get_updated_quotas): 201 POST http://10.180.1.21/identity/v3/users 0.033s
2025-12-09 08:50:10.574 67068 INFO tempest.lib.common.rest_client [req-e7db01fa-bfe9-40e2-85ee-46a2e072198c req-e7db01fa-bfe9-40e2-85ee-46a2e072198c ] Request (ServersTestFqdnHostnames:tearDownClass): 204 DELETE http://10.180.1.21/compute/v2.1/servers/773762bb-a4ca-451a-a00a-f9473ee3ad32 2.702s
2025-12-09 08:50:10.602 67120 INFO tempest.lib.common.rest_client [req-d855613d-a5ac-4ee3-b3a6-d19a668b5546 req-d855613d-a5ac-4ee3-b3a6-d19a668b5546 ] Request (ServerRescueTestJSON:setUpClass): 201 POST http://10.180.1.21/identity/v3/users 0.074s
2025-12-09 08:50:10.606 67090 INFO tempest.lib.common.rest_client [req-7fae3573-1789-4b5c-8a12-5821788fe736 req-7fae3573-1789-4b5c-8a12-5821788fe736 ] Request (QuotasAdminTestJSON:test_get_updated_quotas): 200 GET http://10.180.1.21/identity/v3/domains?name=Default 0.059s
2025-12-09 08:50:10.629 67120 INFO tempest.lib.common.rest_client [req-32b0a04a-434f-4b36-bfad-5df8ef529f64 req-32b0a04a-434f-4b36-bfad-5df8ef529f64 ] Request (ServerRescueTestJSON:setUpClass): 200 GET http://10.180.1.21/identity/v3/roles 0.027s
2025-12-09 08:50:10.655 67074 INFO tempest.lib.common.rest_client [req-011f0267-cd7a-4398-bef6-8d39f2962282 req-011f0267-cd7a-4398-bef6-8d39f2962282 ] Request (ServerDiagnosticsTest:test_get_server_diagnostics): 200 GET http://10.180.1.21/compute/v2.1/servers/d05ec8a8-5140-4f96-8ed9-643d39ac386d/diagnostics 3.011s
2025-12-09 08:50:10.658 67094 INFO tempest.lib.common.rest_client [req-fb751c2b-4e3d-4365-9a8d-6244f8b09bc2 req-fb751c2b-4e3d-4365-9a8d-6244f8b09bc2 ] Request (MultipleCreateTestJSON:_run_cleanups): 204 DELETE http://10.180.1.21/compute/v2.1/servers/2c8f7e9b-3fa5-42bd-9f64-61f0867d9853 2.671s
2025-12-09 08:50:10.659 67120 INFO tempest.lib.common.rest_client [req-2fa7a49c-666d-49c0-9fd2-5999dd75e34a req-2fa7a49c-666d-49c0-9fd2-5999dd75e34a ] Request (ServerRescueTestJSON:setUpClass): 204 PUT http://10.180.1.21/identity/v3/projects/8f40e6c36a3e4dbab88507e5decbbebf/users/001bcd4ad861450d9645d1f5aa823ca7/roles/0339877a4dd6497b9a74abf83ed5a813 0.029s
2025-12-09 08:50:10.659 67120 INFO tempest.lib.common.dynamic_creds [-] Dynamic test user 001bcd4ad861450d9645d1f5aa823ca7 is created with scope project and roles: ['member']
2025-12-09 08:50:10.660 67120 INFO tempest.lib.common.dynamic_creds [-] Acquired dynamic creds: credentials: Credentials: {'domain_id': 'default', 'domain_name': 'Default', 'username': 'tempest-ServerRescueTestJSON-1687902005-project-member', 'project_domain_id': 'default', 'project_domain_name': 'Default', 'project_id': '8f40e6c36a3e4dbab88507e5decbbebf', 'project_name': 'tempest-ServerRescueTestJSON-1687902005', 'tenant_id': '8f40e6c36a3e4dbab88507e5decbbebf', 'tenant_name': 'tempest-ServerRescueTestJSON-1687902005', 'user_domain_id': 'default', 'user_domain_name': 'Default', 'user_id': '001bcd4ad861450d9645d1f5aa823ca7', 'system': None}, Network: None, Subnet: None, Router: None
2025-12-09 08:50:10.675 67062 INFO tempest.lib.common.rest_client [req-b72a919b-896e-4302-8e80-21d6b0453f63 req-b72a919b-896e-4302-8e80-21d6b0453f63 ] Request (KeyPairsV22TestJSON:_run_cleanups): 204 DELETE http://10.180.1.21/compute/v2.1/os-keypairs/tempest-keypair-641868606 2.602s
2025-12-09 08:50:10.689 67118 INFO tempest.lib.common.rest_client [req-4a37e8ea-9fc7-45ca-82ff-8c8c42527fb0 req-4a37e8ea-9fc7-45ca-82ff-8c8c42527fb0 ] Request (SecurityGroupRulesNegativeTestJSON:tearDownClass): 200 PUT http://10.180.1.21/networking/v2.0/routers/b3c3e1d8-23ff-400f-be84-1c97af9d25a7/remove_router_interface 1.027s
2025-12-09 08:50:10.744 67120 INFO tempest.lib.common.rest_client [req-2764b8f5-1c3c-42fd-b77b-5583fe5f4d05 req-2764b8f5-1c3c-42fd-b77b-5583fe5f4d05 ] Request (ServerRescueTestJSON:setUpClass): 201 POST http://10.180.1.21/identity/v3/auth/tokens 0.084s
2025-12-09 08:50:10.866 67072 INFO tempest.lib.common.rest_client [req-7d7d543b-29de-4ca3-bf2a-74e1c83bb8bc req-7d7d543b-29de-4ca3-bf2a-74e1c83bb8bc ] Request (FlavorsAccessNegativeTestJSON:test_remove_flavor_access_not_found): 404 POST http://10.180.1.21/compute/v2.1/flavors/1577485758/action 2.770s
2025-12-09 08:50:10.881 67070 INFO tempest.lib.common.rest_client [req-3ab27a94-8fa0-46d5-a694-c0e1d5340dba req-3ab27a94-8fa0-46d5-a694-c0e1d5340dba ] Request (KeyPairsV2TestJSON:test_get_keypair_detail): 200 GET http://10.180.1.21/compute/v2.1/os-keypairs/tempest-keypair-2061660980 2.718s
2025-12-09 08:50:11.228 67118 INFO tempest.lib.common.rest_client [req-fca7663a-cda6-4d29-be2e-f5ad96063ddc req-fca7663a-cda6-4d29-be2e-f5ad96063ddc ] Request (SecurityGroupRulesNegativeTestJSON:tearDownClass): 204 DELETE http://10.180.1.21/networking/v2.0/routers/b3c3e1d8-23ff-400f-be84-1c97af9d25a7 0.538s
2025-12-09 08:50:11.335 67098 INFO tempest.lib.common.rest_client [req-38ef5582-5da4-4131-bc0e-b5f4841bd4e5 req-38ef5582-5da4-4131-bc0e-b5f4841bd4e5 ] Request (SecurityGroupsTestJSON:test_security_group_create_get_delete): 202 DELETE http://10.180.1.21/compute/v2.1/os-security-groups/6a3208df-72a6-49d6-a6fa-705224c605a5 3.275s
2025-12-09 08:50:11.913 67120 INFO tempest.lib.common.rest_client [req-b1034f19-38a3-467d-b6f8-fd71830ce4d9 req-b1034f19-38a3-467d-b6f8-fd71830ce4d9 ] Request (ServerRescueTestJSON:setUpClass): 201 POST http://10.180.1.21/networking/v2.0/networks 1.168s
2025-12-09 08:50:11.950 67104 INFO tempest.lib.common.rest_client [req-e99affc4-34d3-42b1-858f-ce08dfbc79a8 req-e99affc4-34d3-42b1-858f-ce08dfbc79a8 ] Request (ServerShowV254Test:tearDownClass): 200 GET http://10.180.1.21/compute/v2.1/servers/97c95357-1455-4ca8-9eda-b9393c8b8d7e 3.723s
2025-12-09 08:50:12.124 67118 INFO tempest.lib.common.rest_client [req-5d236c63-8539-4391-be57-bd0a7e10f5b1 req-5d236c63-8539-4391-be57-bd0a7e10f5b1 ] Request (SecurityGroupRulesNegativeTestJSON:tearDownClass): 204 DELETE http://10.180.1.21/networking/v2.0/subnets/bcee6332-22e7-4243-a81a-027240077f36 0.896s
2025-12-09 08:50:12.156 67058 INFO tempest.lib.common.rest_client [req-3786f3a6-e4c2-4f67-bb19-9538e5ed9719 req-3786f3a6-e4c2-4f67-bb19-9538e5ed9719 ] Request (InstanceActionsV221TestJSON:test_get_list_deleted_instance_actions): 200 GET http://10.180.1.21/compute/v2.1/servers/5c6b9592-ce16-4d4e-a75c-2057054509e9 3.837s
2025-12-09 08:50:12.341 67085 WARNING tempest.lib.common.ssh [-] Failed to establish authenticated ssh connection to cirros@10.180.180.242 ([Errno None] Unable to connect to port 22 on 10.180.180.242). Number attempts: 1. Retry after 2 seconds.: paramiko.ssh_exception.NoValidConnectionsError: [Errno None] Unable to connect to port 22 on 10.180.180.242
2025-12-09 08:50:12.364 67120 INFO tempest.lib.common.rest_client [req-c55e5354-ccdc-485b-a54a-269374ef72d6 req-c55e5354-ccdc-485b-a54a-269374ef72d6 ] Request (ServerRescueTestJSON:setUpClass): 201 POST http://10.180.1.21/networking/v2.0/subnets 0.451s
2025-12-09 08:50:12.395 67076 INFO tempest.lib.common.rest_client [req-d9e6adda-371e-41db-b789-6c159511a052 req-d9e6adda-371e-41db-b789-6c159511a052 ] Request (ServersAdminTestJSON:test_create_server_with_scheduling_hint): 200 GET http://10.180.1.21/compute/v2.1/servers/b3482ebf-77e5-4b92-a4ae-d0ad63caf3ce 3.946s
2025-12-09 08:50:12.469 67078 INFO tempest.lib.common.rest_client [req-2fc42416-cf18-4ec1-958b-368e4ffb6c22 req-2fc42416-cf18-4ec1-958b-368e4ffb6c22 ] Request (ServersAdminNegativeTestJSON:setUpClass): 200 GET http://10.180.1.21/compute/v2.1/servers/945eeab3-c173-4017-bddf-b2c594c84fad 3.947s
2025-12-09 08:50:12.673 67118 INFO tempest.lib.common.rest_client [req-d66e5f3d-03c0-4028-8a60-850c5fe85371 req-d66e5f3d-03c0-4028-8a60-850c5fe85371 ] Request (SecurityGroupRulesNegativeTestJSON:tearDownClass): 204 DELETE http://10.180.1.21/networking/v2.0/networks/7d5242ee-f49a-4428-9590-1fe494d658aa 0.548s
2025-12-09 08:50:12.727 67096 INFO tempest.lib.common.rest_client [req-84cb612f-66d4-4a30-b556-4af9e84e0d44 req-84cb612f-66d4-4a30-b556-4af9e84e0d44 ] Request (ImagesMetadataTestJSON:setUp): 200 PUT http://10.180.1.21/compute/v2.1/images/902557f0-45c7-40e3-97bd-cec76a632e63/metadata 3.900s
2025-12-09 08:50:12.780 67118 INFO tempest.lib.common.rest_client [req-f947e73b-3a45-4b0e-9260-3b8a70131017 req-f947e73b-3a45-4b0e-9260-3b8a70131017 ] Request (SecurityGroupRulesNegativeTestJSON:tearDownClass): 204 DELETE http://10.180.1.21/identity/v3/users/fb707b83e38144d69ba95c14af6e7963 0.107s
2025-12-09 08:50:12.781 67118 INFO tempest.lib.common.dynamic_creds [-] Deleting project and security group for project: 80e381e35416459f9a1efdf417ca71b8
2025-12-09 08:50:12.888 67056 INFO tempest.lib.common.rest_client [req-eec1e8b9-72b0-4bd3-b92e-200937f0c020 req-eec1e8b9-72b0-4bd3-b92e-200937f0c020 ] Request (ServerDiagnosticsNegativeTest:test_get_server_diagnostics_by_non_admin): 200 GET http://10.180.1.21/compute/v2.1/servers/16e51381-568f-4c6e-bfe0-6c36dd7a9c0c 4.117s
2025-12-09 08:50:12.960 67118 INFO tempest.lib.common.rest_client [req-fdc5d0e5-d114-415a-ad59-1956f6075b9c req-fdc5d0e5-d114-415a-ad59-1956f6075b9c ] Request (SecurityGroupRulesNegativeTestJSON:tearDownClass): 200 GET http://10.180.1.21/networking/v2.0/security-groups?tenant_id=80e381e35416459f9a1efdf417ca71b8&name=default 0.178s
2025-12-09 08:50:13.200 67120 INFO tempest.lib.common.rest_client [req-cefb78d7-895b-4c20-82b0-f86da34f8483 req-cefb78d7-895b-4c20-82b0-f86da34f8483 ] Request (ServerRescueTestJSON:setUpClass): 201 POST http://10.180.1.21/networking/v2.0/routers 0.835s
2025-12-09 08:50:13.304 67082 INFO tempest.lib.common.rest_client [req-396dc9d3-c35b-44b2-ae35-71b567bdbf74 req-396dc9d3-c35b-44b2-ae35-71b567bdbf74 ] Request (ServersWithSpecificFlavorTestJSON:test_verify_created_server_ephemeral_disk): 200 GET http://10.180.1.21/compute/v2.1/servers/9f9b474f-3d70-4657-90ce-f4aeedd71676 4.388s
2025-12-09 08:50:13.313 67082 INFO tempest.common.waiters [-] State transition "BUILD/spawning" ==> "ACTIVE/None" after 35 second wait
2025-12-09 08:50:13.414 67118 INFO tempest.lib.common.rest_client [req-419df1e7-bbe1-4a6c-8c7e-93bc64bdaced req-419df1e7-bbe1-4a6c-8c7e-93bc64bdaced ] Request (SecurityGroupRulesNegativeTestJSON:tearDownClass): 204 DELETE http://10.180.1.21/networking/v2.0/security-groups/ece86824-8984-42f1-878f-94f0524c0334 0.454s
2025-12-09 08:50:13.550 67118 INFO tempest.lib.common.rest_client [req-313642a3-71e4-44a8-8ccd-9494130bdfd9 req-313642a3-71e4-44a8-8ccd-9494130bdfd9 ] Request (SecurityGroupRulesNegativeTestJSON:tearDownClass): 204 DELETE http://10.180.1.21/identity/v3/projects/80e381e35416459f9a1efdf417ca71b8 0.135s
2025-12-09 08:50:13.651 67118 INFO tempest.lib.common.rest_client [req-79adfdbf-74eb-43cc-8329-9b3e92b47d5f req-79adfdbf-74eb-43cc-8329-9b3e92b47d5f ] Request (AZV2TestJSON:setUpClass): 201 POST http://10.180.1.21/identity/v3/auth/tokens 0.097s
2025-12-09 08:50:13.701 67118 INFO tempest.lib.common.rest_client [req-f35dfd7e-aaa6-493f-a158-5642767d7fea req-f35dfd7e-aaa6-493f-a158-5642767d7fea ] Request (AZV2TestJSON:setUpClass): 201 POST http://10.180.1.21/identity/v3/auth/tokens 0.044s
2025-12-09 08:50:13.734 67110 INFO tempest.lib.common.rest_client [req-2c23acc0-69d7-4745-8343-c4827d982c21 req-2c23acc0-69d7-4745-8343-c4827d982c21 ] Request (InstanceActionsNegativeTestJSON:setUpClass): 200 GET http://10.180.1.21/compute/v2.1/servers/27187469-7087-4377-a6ea-81a53b7cabea 4.689s
2025-12-09 08:50:13.734 67118 INFO tempest.lib.common.rest_client [req-46b6e66d-9c19-4bec-8ad9-ddba16a0933a req-46b6e66d-9c19-4bec-8ad9-ddba16a0933a ] Request (AZV2TestJSON:setUpClass): 200 GET http://10.180.1.21/identity/v3/domains?name=Default 0.032s
2025-12-09 08:50:13.745 67080 INFO tempest.lib.common.rest_client [req-39127820-e575-4b37-8f36-c9358521cd05 req-39127820-e575-4b37-8f36-c9358521cd05 ] Request (ListServersNegativeTestJSON:setUpClass): 200 GET http://10.180.1.21/compute/v2.1/servers/02305c5d-d5cd-479d-bf09-828bcc50aedc 4.601s
2025-12-09 08:50:13.746 67110 INFO tempest.common.waiters [-] State transition "BUILD/None" ==> "BUILD/spawning" after 30 second wait
2025-12-09 08:50:13.780 67118 INFO tempest.lib.common.rest_client [req-9b99054b-5134-4ddd-b369-7227acc6cad5 req-9b99054b-5134-4ddd-b369-7227acc6cad5 ] Request (AZV2TestJSON:setUpClass): 201 POST http://10.180.1.21/identity/v3/projects 0.046s
2025-12-09 08:50:13.816 67088 INFO tempest.lib.common.rest_client [req-ce0955ea-f7c9-4911-9e75-75831caa6937 req-ce0955ea-f7c9-4911-9e75-75831caa6937 ] Request (AggregatesAdminNegativeTestJSON:test_aggregate_get_details_as_user): 200 POST http://10.180.1.21/compute/v2.1/os-aggregates 4.136s
2025-12-09 08:50:13.859 67092 INFO tempest.lib.common.rest_client [req-cb6822bb-27e2-4540-b399-2b9aed267af4 req-cb6822bb-27e2-4540-b399-2b9aed267af4 ] Request (ListImageFiltersTestJSON:setUpClass): 200 GET http://10.180.1.21/compute/v2.1/servers/804a1d42-e032-4d84-a426-2f219b612928 4.130s
2025-12-09 08:50:13.865 67118 INFO tempest.lib.common.rest_client [req-eb93c643-8a65-45ee-9a6c-4708cf3d46b8 req-eb93c643-8a65-45ee-9a6c-4708cf3d46b8 ] Request (AZV2TestJSON:setUpClass): 201 POST http://10.180.1.21/identity/v3/users 0.084s
2025-12-09 08:50:13.903 67118 INFO tempest.lib.common.rest_client [req-b54fd6be-e45c-4e3f-8859-b6ac7ad3b1ae req-b54fd6be-e45c-4e3f-8859-b6ac7ad3b1ae ] Request (AZV2TestJSON:setUpClass): 200 GET http://10.180.1.21/identity/v3/roles 0.037s
2025-12-09 08:50:13.940 67118 INFO tempest.lib.common.rest_client [req-d6e8ca42-4358-46ef-9e34-cc9f344fa68e req-d6e8ca42-4358-46ef-9e34-cc9f344fa68e ] Request (AZV2TestJSON:setUpClass): 204 PUT http://10.180.1.21/identity/v3/projects/6737f9c207c94035bf3becc6be94e7d9/users/a844f50b15e44456a846c8d6c85984b6/roles/0339877a4dd6497b9a74abf83ed5a813 0.036s
2025-12-09 08:50:13.940 67118 INFO tempest.lib.common.dynamic_creds [-] Dynamic test user a844f50b15e44456a846c8d6c85984b6 is created with scope project and roles: ['member']
2025-12-09 08:50:13.940 67118 INFO tempest.lib.common.dynamic_creds [-] Acquired dynamic creds: credentials: Credentials: {'domain_id': 'default', 'domain_name': 'Default', 'username': 'tempest-AZV2TestJSON-386138113-project-member', 'project_domain_id': 'default', 'project_domain_name': 'Default', 'project_id': '6737f9c207c94035bf3becc6be94e7d9', 'project_name': 'tempest-AZV2TestJSON-386138113', 'tenant_id': '6737f9c207c94035bf3becc6be94e7d9', 'tenant_name': 'tempest-AZV2TestJSON-386138113', 'user_domain_id': 'default', 'user_domain_name': 'Default', 'user_id': 'a844f50b15e44456a846c8d6c85984b6', 'system': None}, Network: None, Subnet: None, Router: None
2025-12-09 08:50:13.940 67118 INFO tempest.lib.common.dynamic_creds [-] Created isolated network resources for: credentials: Credentials: {'domain_id': 'default', 'domain_name': 'Default', 'username': 'tempest-AZV2TestJSON-386138113-project-member', 'project_domain_id': 'default', 'project_domain_name': 'Default', 'project_id': '6737f9c207c94035bf3becc6be94e7d9', 'project_name': 'tempest-AZV2TestJSON-386138113', 'tenant_id': '6737f9c207c94035bf3becc6be94e7d9', 'tenant_name': 'tempest-AZV2TestJSON-386138113', 'user_domain_id': 'default', 'user_domain_name': 'Default', 'user_id': 'a844f50b15e44456a846c8d6c85984b6', 'system': None}, Network: None, Subnet: None, Router: None
2025-12-09 08:50:13.997 67060 INFO tempest.lib.common.rest_client [req-8ae8531c-ed7b-4f36-9e33-7af9ff649d11 req-8ae8531c-ed7b-4f36-9e33-7af9ff649d11 ] Request (MigrationsAdminTest:test_list_migrations_in_flavor_resize_situation): 200 GET http://10.180.1.21/compute/v2.1/servers/90262449-8a97-4d43-b104-0cc7084a636a 4.124s
2025-12-09 08:50:14.017 67108 INFO tempest.lib.common.rest_client [req-78c17df7-3aa8-40bf-bfc0-861090c2befd req-78c17df7-3aa8-40bf-bfc0-861090c2befd ] Request (FloatingIPsAssociationTestJSON:test_associate_already_associated_floating_ip): 200 GET http://10.180.1.21/compute/v2.1/servers/12a0baf8-e6fe-4e66-be2f-c5c6b0f5e2d9 4.229s
2025-12-09 08:50:14.026 67108 INFO tempest.common.waiters [-] State transition "BUILD/spawning" ==> "ACTIVE/None" after 36 second wait
2025-12-09 08:50:14.027 67118 INFO tempest.lib.common.rest_client [req-71fc729c-cfde-4368-ad07-d97e2b97e933 req-71fc729c-cfde-4368-ad07-d97e2b97e933 ] Request (AZV2TestJSON:setUpClass): 201 POST http://10.180.1.21/identity/v3/auth/tokens 0.083s
2025-12-09 08:50:14.102 67106 INFO tempest.lib.common.rest_client [req-2f7fc604-3cb1-427b-961c-f8d8f4095f41 req-2f7fc604-3cb1-427b-961c-f8d8f4095f41 ] Request (ServerPasswordTestJSON:tearDownClass): 200 GET http://10.180.1.21/compute/v2.1/servers/af506d3c-a5c3-4a30-845a-6424e5023914 4.138s
2025-12-09 08:50:14.171 67116 INFO tempest.lib.common.rest_client [req-26c659ae-50f1-4b3b-ac98-d8eaecb6d6b5 req-26c659ae-50f1-4b3b-ac98-d8eaecb6d6b5 ] Request (FloatingIPDetailsTestJSON:test_get_floating_ip_details): 200 GET http://10.180.1.21/compute/v2.1/os-floating-ips/c144b390-605d-41e8-86b2-138d6dfc7055 4.170s
2025-12-09 08:50:14.189 67064 INFO tempest.lib.common.rest_client [req-f3a5b947-fb0c-49d6-99dd-1fd97a735717 req-f3a5b947-fb0c-49d6-99dd-1fd97a735717 ] Request (FlavorsAdminTestJSON:test_create_server_with_non_public_flavor): 400 POST http://10.180.1.21/compute/v2.1/servers 4.070s
2025-12-09 08:50:14.246 67102 INFO tempest.lib.common.rest_client [req-5ff34e3e-8beb-4e80-9306-abbf0926ccbb req-5ff34e3e-8beb-4e80-9306-abbf0926ccbb ] Request (SecurityGroupRulesTestJSON:tearDownClass): 202 DELETE http://10.180.1.21/compute/v2.1/os-security-groups/ec14e047-fe41-485f-84ad-7c8fcb5608e4 4.153s
2025-12-09 08:50:14.266 67068 INFO tempest.lib.common.rest_client [req-7929f894-947d-4b8b-ac06-31da28dd174c req-7929f894-947d-4b8b-ac06-31da28dd174c ] Request (ServersTestFqdnHostnames:tearDownClass): 200 GET http://10.180.1.21/compute/v2.1/servers/773762bb-a4ca-451a-a00a-f9473ee3ad32 3.691s
2025-12-09 08:50:14.354 67094 INFO tempest.lib.common.rest_client [req-dfd9ef0b-3e96-4704-b3d1-3a62e1d2a5c1 req-dfd9ef0b-3e96-4704-b3d1-3a62e1d2a5c1 ] Request (MultipleCreateTestJSON:_run_cleanups): 200 GET http://10.180.1.21/compute/v2.1/servers/69274abe-2865-4253-81cb-3b4081d2b8d9 3.696s
2025-12-09 08:50:14.477 67074 INFO tempest.lib.common.rest_client [req-6f21d022-bc43-4d62-844a-2b6d07d6f3a3 req-6f21d022-bc43-4d62-844a-2b6d07d6f3a3 ] Request (ServerDiagnosticsTest:tearDownClass): 204 DELETE http://10.180.1.21/compute/v2.1/servers/d05ec8a8-5140-4f96-8ed9-643d39ac386d 3.819s
2025-12-09 08:50:14.486 67090 INFO tempest.lib.common.rest_client [req-c1faac45-2f5a-4d3d-8bf3-31d1194a098f req-c1faac45-2f5a-4d3d-8bf3-31d1194a098f ] Request (QuotasAdminTestJSON:test_get_updated_quotas): 200 PUT http://10.180.1.21/compute/v2.1/os-quota-sets/a871b2d086fb44e491acbe7e0cf86d13?user_id=d4aebb098c8943d486ef8ccb5baaff47 3.879s
2025-12-09 08:50:14.503 67072 INFO tempest.lib.common.rest_client [req-27840693-905d-4894-8d52-90e456d8ad0e req-27840693-905d-4894-8d52-90e456d8ad0e ] Request (FlavorsAccessNegativeTestJSON:_run_cleanups): 202 DELETE http://10.180.1.21/compute/v2.1/flavors/1577485758 3.636s
2025-12-09 08:50:14.510 67062 INFO tempest.lib.common.rest_client [req-60aa3b84-6341-4f32-a6d7-e6a02007db59 req-60aa3b84-6341-4f32-a6d7-e6a02007db59 ] Request (KeyPairsV22TestJSON:test_keypair_create_delete): 201 POST http://10.180.1.21/compute/v2.1/os-keypairs 3.832s
2025-12-09 08:50:14.517 67070 INFO tempest.lib.common.rest_client [req-4d3fccd3-99a1-4928-8ac9-dfeffd54e12d req-4d3fccd3-99a1-4928-8ac9-dfeffd54e12d ] Request (KeyPairsV2TestJSON:_run_cleanups): 202 DELETE http://10.180.1.21/compute/v2.1/os-keypairs/tempest-keypair-2061660980 3.633s
2025-12-09 08:50:14.537 67120 INFO tempest.lib.common.rest_client [req-413d84c3-01c0-466d-9163-1733f33cf2e2 req-413d84c3-01c0-466d-9163-1733f33cf2e2 ] Request (ServerRescueTestJSON:setUpClass): 200 PUT http://10.180.1.21/networking/v2.0/routers/e2f7e040-c1d7-438d-83ae-f837f052fb5f/add_router_interface 1.336s
2025-12-09 08:50:14.537 67120 INFO tempest.lib.common.dynamic_creds [-] Created isolated network resources for: credentials: Credentials: {'domain_id': 'default', 'domain_name': 'Default', 'username': 'tempest-ServerRescueTestJSON-1687902005-project-member', 'project_domain_id': 'default', 'project_domain_name': 'Default', 'project_id': '8f40e6c36a3e4dbab88507e5decbbebf', 'project_name': 'tempest-ServerRescueTestJSON-1687902005', 'tenant_id': '8f40e6c36a3e4dbab88507e5decbbebf', 'tenant_name': 'tempest-ServerRescueTestJSON-1687902005', 'user_domain_id': 'default', 'user_domain_name': 'Default', 'user_id': '001bcd4ad861450d9645d1f5aa823ca7', 'system': None}, Network: {'id': '3dabfb77-94cd-4256-bca8-66d1f3c54ec7', 'name': 'tempest-ServerRescueTestJSON-636752728-network', 'tenant_id': '8f40e6c36a3e4dbab88507e5decbbebf', 'project_id': '8f40e6c36a3e4dbab88507e5decbbebf', 'admin_state_up': True, 'mtu': 8950, 'status': 'ACTIVE', 'subnets': [], 'shared': False, 'port_security_enabled': True, 'router:external': False, 'provider:network_type': 'vlan', 'provider:physical_network': 'default', 'provider:segmentation_id': 515, 'availability_zone_hints': [], 'availability_zones': [], 'ipv4_address_scope': None, 'ipv6_address_scope': None, 'description': '', 'tags': [], 'created_at': '2025-12-09T08:50:11Z', 'updated_at': '2025-12-09T08:50:11Z', 'revision_number': 1}, Subnet: {'id': 'dbfd0d3b-a786-40f1-b04d-473a22a2bc66', 'name': 'tempest-ServerRescueTestJSON-636752728-subnet', 'tenant_id': '8f40e6c36a3e4dbab88507e5decbbebf', 'network_id': '3dabfb77-94cd-4256-bca8-66d1f3c54ec7', 'ip_version': 4, 'subnetpool_id': None, 'enable_dhcp': False, 'ipv6_ra_mode': None, 'ipv6_address_mode': None, 'gateway_ip': '192.168.128.1', 'cidr': '192.168.128.0/28', 'allocation_pools': [{'start': '192.168.128.2', 'end': '192.168.128.14'}], 'host_routes': [], 'dns_nameservers': [], 'description': '', 'router:external': False, 'service_types': [], 'tags': [], 'created_at': '2025-12-09T08:50:12Z', 'updated_at': '2025-12-09T08:50:12Z', 'revision_number': 0, 'project_id': '8f40e6c36a3e4dbab88507e5decbbebf'}, Router: {'id': 'e2f7e040-c1d7-438d-83ae-f837f052fb5f', 'name': 'tempest-ServerRescueTestJSON-636752728-router', 'tenant_id': '8f40e6c36a3e4dbab88507e5decbbebf', 'admin_state_up': True, 'status': 'ACTIVE', 'external_gateway_info': {'network_id': '66a281e4-4773-4d23-810b-8796c5f633d1', 'external_fixed_ips': [{'subnet_id': '6017332b-7529-44bc-879c-7082099c1105', 'ip_address': '10.180.180.181'}], 'enable_snat': True}, 'description': '', 'availability_zones': [], 'distributed': False, 'ha': False, 'availability_zone_hints': [], 'routes': [], 'flavor_id': None, 'tags': [], 'created_at': '2025-12-09T08:50:12Z', 'updated_at': '2025-12-09T08:50:12Z', 'revision_number': 2, 'project_id': '8f40e6c36a3e4dbab88507e5decbbebf'}
2025-12-09 08:50:14.588 67114 INFO tempest.lib.common.rest_client [req-8c6eb175-b7b8-482b-8ba7-ab81a1f0882e req-8c6eb175-b7b8-482b-8ba7-ab81a1f0882e ] Request (ServerExternalEventsTest:tearDownClass): 200 GET http://10.180.1.21/compute/v2.1/servers/9a637371-82ca-4f20-8469-310fbc8f9991 3.355s
2025-12-09 08:50:14.616 67100 INFO tempest.lib.common.rest_client [req-8bad56f1-fb1b-4669-897d-143b7667ae79 req-8bad56f1-fb1b-4669-897d-143b7667ae79 ] Request (ServersAdmin275Test:tearDownClass): 200 GET http://10.180.1.21/compute/v2.1/servers/8cad1811-73c5-49c0-a12b-d250315c51cd 3.681s
2025-12-09 08:50:14.631 67120 INFO tempest.lib.common.rest_client [req-a5c6e6dd-ed64-4be5-a23a-fe28eca847d6 req-a5c6e6dd-ed64-4be5-a23a-fe28eca847d6 ] Request (ServerRescueTestJSON:setUpClass): 201 POST http://10.180.1.21/identity/v3/auth/tokens 0.087s
2025-12-09 08:50:14.650 67086 INFO tempest.lib.common.rest_client [req-617b803b-e538-46f3-bb30-3a7dd5f15899 req-617b803b-e538-46f3-bb30-3a7dd5f15899 ] Request (ImagesTestJSON:test_create_image_from_stopped_server): 200 GET http://10.180.1.21/compute/v2.1/servers/9dc0b8fb-9dd7-4cf3-a404-fbcfd1430f2c 3.330s
2025-12-09 08:50:14.662 67098 INFO tempest.lib.common.rest_client [req-41652d6f-f071-4143-a29f-a22956f6ea29 req-41652d6f-f071-4143-a29f-a22956f6ea29 ] Request (SecurityGroupsTestJSON:test_security_group_create_get_delete): 404 GET http://10.180.1.21/compute/v2.1/os-security-groups/6a3208df-72a6-49d6-a6fa-705224c605a5 3.326s
2025-12-09 08:50:14.668 67086 INFO tempest.common.waiters [-] State transition "BUILD/None" ==> "BUILD/networking" after 23 second wait
2025-12-09 08:50:14.671 67120 INFO tempest.lib.common.rest_client [req-247a5919-6ebf-4b2a-b1af-cbd2f151c88b req-247a5919-6ebf-4b2a-b1af-cbd2f151c88b ] Request (ServerRescueTestJSON:setUpClass): 201 POST http://10.180.1.21/identity/v3/auth/tokens 0.037s
2025-12-09 08:50:14.671 67120 INFO tempest.lib.common.fixed_network [-] (ServerRescueTestJSON:setUpClass) Found network {'id': '3dabfb77-94cd-4256-bca8-66d1f3c54ec7', 'name': 'tempest-ServerRescueTestJSON-636752728-network', 'tenant_id': '8f40e6c36a3e4dbab88507e5decbbebf', 'project_id': '8f40e6c36a3e4dbab88507e5decbbebf', 'admin_state_up': True, 'mtu': 8950, 'status': 'ACTIVE', 'subnets': [], 'shared': False, 'port_security_enabled': True, 'router:external': False, 'provider:network_type': 'vlan', 'provider:physical_network': 'default', 'provider:segmentation_id': 515, 'availability_zone_hints': [], 'availability_zones': [], 'ipv4_address_scope': None, 'ipv6_address_scope': None, 'description': '', 'tags': [], 'created_at': '2025-12-09T08:50:11Z', 'updated_at': '2025-12-09T08:50:11Z', 'revision_number': 1} available for tenant
2025-12-09 08:50:14.772 67104 INFO tempest.lib.common.rest_client [req-f1e84fc5-0fe0-4189-b5ea-69c1be7c205a req-f1e84fc5-0fe0-4189-b5ea-69c1be7c205a ] Request (ServerShowV254Test:tearDownClass): 200 GET http://10.180.1.21/compute/v2.1/servers/97c95357-1455-4ca8-9eda-b9393c8b8d7e 1.808s
2025-12-09 08:50:14.835 67058 INFO tempest.lib.common.rest_client [req-15cef4fc-d153-4846-9edc-7ea872041450 req-15cef4fc-d153-4846-9edc-7ea872041450 ] Request (InstanceActionsV221TestJSON:test_get_list_deleted_instance_actions): 200 GET http://10.180.1.21/compute/v2.1/servers/5c6b9592-ce16-4d4e-a75c-2057054509e9 1.664s
2025-12-09 08:50:14.851 67096 INFO tempest.lib.common.rest_client [req-8afccf4d-720d-4634-8d6e-c1157d4bfb20 req-8afccf4d-720d-4634-8d6e-c1157d4bfb20 ] Request (ImagesMetadataTestJSON:test_delete_image_metadata_item): 204 DELETE http://10.180.1.21/compute/v2.1/images/902557f0-45c7-40e3-97bd-cec76a632e63/metadata/os_version 2.122s
2025-12-09 08:50:14.902 67082 INFO tempest.lib.common.rest_client [req-df2d3384-c7f1-4666-8c5d-bd3e9a682dd8 req-df2d3384-c7f1-4666-8c5d-bd3e9a682dd8 ] Request (ServersWithSpecificFlavorTestJSON:test_verify_created_server_ephemeral_disk): 200 GET http://10.180.1.21/compute/v2.1/servers/9f9b474f-3d70-4657-90ce-f4aeedd71676/os-interface 1.589s
2025-12-09 08:50:14.922 67076 INFO tempest.lib.common.rest_client [req-70d88c66-e855-4c8b-bb86-35a404b974e4 req-70d88c66-e855-4c8b-bb86-35a404b974e4 ] Request (ServersAdminTestJSON:test_create_server_with_scheduling_hint): 200 GET http://10.180.1.21/compute/v2.1/servers/b3482ebf-77e5-4b92-a4ae-d0ad63caf3ce 1.519s
2025-12-09 08:50:14.936 67088 INFO tempest.lib.common.rest_client [req-bea2f899-c51b-423a-99b0-262817a36793 req-bea2f899-c51b-423a-99b0-262817a36793 ] Request (AggregatesAdminNegativeTestJSON:test_aggregate_get_details_as_user): 403 GET http://10.180.1.21/compute/v2.1/os-aggregates/6 1.118s
2025-12-09 08:50:15.410 67085 WARNING tempest.lib.common.ssh [-] Failed to establish authenticated ssh connection to cirros@10.180.180.242 ([Errno None] Unable to connect to port 22 on 10.180.180.242). Number attempts: 2. Retry after 3 seconds.: paramiko.ssh_exception.NoValidConnectionsError: [Errno None] Unable to connect to port 22 on 10.180.180.242
2025-12-09 08:50:15.411 67082 INFO tempest.lib.common.rest_client [req-f70dad2a-5c64-4031-89af-7e739debb6b2 req-f70dad2a-5c64-4031-89af-7e739debb6b2 ] Request (ServersWithSpecificFlavorTestJSON:test_verify_created_server_ephemeral_disk): 200 PUT http://10.180.1.21/networking/v2.0/floatingips/f3c2aabe-05d8-43dc-9cfb-613517b07aa2 0.506s
2025-12-09 08:50:15.435 67078 INFO tempest.lib.common.rest_client [req-61b37996-a095-46ed-8523-4edc65d522e6 req-61b37996-a095-46ed-8523-4edc65d522e6 ] Request (ServersAdminNegativeTestJSON:setUpClass): 200 GET http://10.180.1.21/compute/v2.1/servers/945eeab3-c173-4017-bddf-b2c594c84fad 1.957s
2025-12-09 08:50:15.504 67056 INFO tempest.lib.common.rest_client [req-33affa6c-28e0-4441-8dbc-e90e870f8235 req-33affa6c-28e0-4441-8dbc-e90e870f8235 ] Request (ServerDiagnosticsNegativeTest:test_get_server_diagnostics_by_non_admin): 200 GET http://10.180.1.21/compute/v2.1/servers/16e51381-568f-4c6e-bfe0-6c36dd7a9c0c 1.607s
2025-12-09 08:50:15.583 67118 INFO tempest.lib.common.rest_client [req-60fbb852-c3aa-47d5-9d04-8e45560ebd95 req-60fbb852-c3aa-47d5-9d04-8e45560ebd95 ] Request (AZV2TestJSON:test_get_availability_zone_list_with_non_admin_user): 200 GET http://10.180.1.21/compute/v2.1/os-availability-zone 1.555s
2025-12-09 08:50:15.787 67118 INFO tempest.lib.common.rest_client [req-d0311f3e-24d6-42e4-bd23-35e3dac24bbc req-d0311f3e-24d6-42e4-bd23-35e3dac24bbc ] Request (AZV2TestJSON:tearDownClass): 204 DELETE http://10.180.1.21/identity/v3/users/a844f50b15e44456a846c8d6c85984b6 0.199s
2025-12-09 08:50:15.787 67118 INFO tempest.lib.common.dynamic_creds [-] Deleting project and security group for project: 6737f9c207c94035bf3becc6be94e7d9
2025-12-09 08:50:15.860 67118 INFO tempest.lib.common.rest_client [req-3815f08c-364f-414a-a6ac-0624b6aeda1f req-3815f08c-364f-414a-a6ac-0624b6aeda1f ] Request (AZV2TestJSON:tearDownClass): 201 POST http://10.180.1.21/identity/v3/auth/tokens 0.073s
2025-12-09 08:50:16.114 67112 WARNING tempest.lib.common.ssh [-] Failed to establish authenticated ssh connection to cirros@10.180.180.244 ([Errno None] Unable to connect to port 22 on 10.180.180.244). Number attempts: 5. Retry after 6 seconds.: paramiko.ssh_exception.NoValidConnectionsError: [Errno None] Unable to connect to port 22 on 10.180.180.244
2025-12-09 08:50:16.506 67118 INFO tempest.lib.common.rest_client [req-db79dbbf-e003-413e-ab50-871f213b2c6b req-db79dbbf-e003-413e-ab50-871f213b2c6b ] Request (AZV2TestJSON:tearDownClass): 200 GET http://10.180.1.21/networking/v2.0/security-groups?tenant_id=6737f9c207c94035bf3becc6be94e7d9&name=default 0.646s
2025-12-09 08:50:16.645 67118 INFO tempest.lib.common.rest_client [req-1d340442-f18a-4b67-9568-be3885f9cc91 req-1d340442-f18a-4b67-9568-be3885f9cc91 ] Request (AZV2TestJSON:tearDownClass): 204 DELETE http://10.180.1.21/networking/v2.0/security-groups/f3e600b3-f635-4307-8395-15e24ab55fc4 0.138s
2025-12-09 08:50:16.712 67118 INFO tempest.lib.common.rest_client [req-1ebabf6c-949a-4c6a-8915-3843326e465d req-1ebabf6c-949a-4c6a-8915-3843326e465d ] Request (AZV2TestJSON:tearDownClass): 204 DELETE http://10.180.1.21/identity/v3/projects/6737f9c207c94035bf3becc6be94e7d9 0.066s
2025-12-09 08:50:16.781 67118 INFO tempest.lib.common.rest_client [req-10213446-12f8-41c9-a236-b0d9a78bd667 req-10213446-12f8-41c9-a236-b0d9a78bd667 ] Request (ServerGroupTestJSON:setUpClass): 201 POST http://10.180.1.21/identity/v3/auth/tokens 0.067s
2025-12-09 08:50:16.828 67118 INFO tempest.lib.common.rest_client [req-864476a3-3307-42f2-98e3-c9486788bca3 req-864476a3-3307-42f2-98e3-c9486788bca3 ] Request (ServerGroupTestJSON:setUpClass): 201 POST http://10.180.1.21/identity/v3/auth/tokens 0.044s
2025-12-09 08:50:16.863 67118 INFO tempest.lib.common.rest_client [req-992a86c6-60d7-489e-b4d0-5cbed4f721ee req-992a86c6-60d7-489e-b4d0-5cbed4f721ee ] Request (ServerGroupTestJSON:setUpClass): 200 GET http://10.180.1.21/identity/v3/domains?name=Default 0.035s
2025-12-09 08:50:16.899 67116 INFO tempest.lib.common.rest_client [req-821489ba-1857-4bff-be12-047aae6146e3 req-821489ba-1857-4bff-be12-047aae6146e3 ] Request (FloatingIPDetailsTestJSON:_run_cleanups): 202 DELETE http://10.180.1.21/compute/v2.1/os-floating-ips/c144b390-605d-41e8-86b2-138d6dfc7055 2.725s
2025-12-09 08:50:16.901 67118 INFO tempest.lib.common.rest_client [req-06c64adc-ba72-4b54-812a-7f6a5602ad85 req-06c64adc-ba72-4b54-812a-7f6a5602ad85 ] Request (ServerGroupTestJSON:setUpClass): 201 POST http://10.180.1.21/identity/v3/projects 0.037s
2025-12-09 08:50:16.925 67064 INFO tempest.lib.common.rest_client [req-72c95482-2a26-44b7-a096-975218189fd9 req-72c95482-2a26-44b7-a096-975218189fd9 ] Request (FlavorsAdminTestJSON:_run_cleanups): 202 DELETE http://10.180.1.21/compute/v2.1/flavors/1710951143 2.734s
2025-12-09 08:50:16.984 67118 INFO tempest.lib.common.rest_client [req-9f6e0913-a708-425f-9328-cb4e1f6d7d37 req-9f6e0913-a708-425f-9328-cb4e1f6d7d37 ] Request (ServerGroupTestJSON:setUpClass): 201 POST http://10.180.1.21/identity/v3/users 0.083s
2025-12-09 08:50:17.023 67118 INFO tempest.lib.common.rest_client [req-a274949b-3e25-4e42-95da-7e6f7e7b8e3e req-a274949b-3e25-4e42-95da-7e6f7e7b8e3e ] Request (ServerGroupTestJSON:setUpClass): 200 GET http://10.180.1.21/identity/v3/roles 0.038s
2025-12-09 08:50:17.067 67118 INFO tempest.lib.common.rest_client [req-6eeb53a3-6f4e-4b04-8d9f-169a4b53ff39 req-6eeb53a3-6f4e-4b04-8d9f-169a4b53ff39 ] Request (ServerGroupTestJSON:setUpClass): 204 PUT http://10.180.1.21/identity/v3/projects/c8982768f19b4cf981114c125a26a05f/users/9dc35307a1624c2db6803d6b5e3b7bb0/roles/0339877a4dd6497b9a74abf83ed5a813 0.044s
2025-12-09 08:50:17.067 67118 INFO tempest.lib.common.dynamic_creds [-] Dynamic test user 9dc35307a1624c2db6803d6b5e3b7bb0 is created with scope project and roles: ['member']
2025-12-09 08:50:17.068 67118 INFO tempest.lib.common.dynamic_creds [-] Acquired dynamic creds: credentials: Credentials: {'domain_id': 'default', 'domain_name': 'Default', 'username': 'tempest-ServerGroupTestJSON-1549684922-project-member', 'project_domain_id': 'default', 'project_domain_name': 'Default', 'project_id': 'c8982768f19b4cf981114c125a26a05f', 'project_name': 'tempest-ServerGroupTestJSON-1549684922', 'tenant_id': 'c8982768f19b4cf981114c125a26a05f', 'tenant_name': 'tempest-ServerGroupTestJSON-1549684922', 'user_domain_id': 'default', 'user_domain_name': 'Default', 'user_id': '9dc35307a1624c2db6803d6b5e3b7bb0', 'system': None}, Network: None, Subnet: None, Router: None
2025-12-09 08:50:17.129 67108 INFO tempest.lib.common.rest_client [req-2b7040b9-f1d7-4ff5-9f3a-3be19e90c588 req-2b7040b9-f1d7-4ff5-9f3a-3be19e90c588 ] Request (FloatingIPsAssociationTestJSON:test_associate_already_associated_floating_ip): 202 POST http://10.180.1.21/compute/v2.1/servers/319c4fba-f956-4087-a311-d8f63e83319d/action 3.103s
2025-12-09 08:50:17.150 67102 INFO tempest.lib.common.rest_client [req-707836b4-6444-41bb-9fd0-327d8846a14a req-707836b4-6444-41bb-9fd0-327d8846a14a ] Request (SecurityGroupRulesTestJSON:tearDownClass): 202 DELETE http://10.180.1.21/compute/v2.1/os-security-groups/20fca1a5-a580-45be-a4e6-ab980929da7a 2.903s
2025-12-09 08:50:17.164 67118 INFO tempest.lib.common.rest_client [req-92b1ad96-1175-4ed7-a3b9-5a53bbc58844 req-92b1ad96-1175-4ed7-a3b9-5a53bbc58844 ] Request (ServerGroupTestJSON:setUpClass): 201 POST http://10.180.1.21/identity/v3/auth/tokens 0.096s
2025-12-09 08:50:17.196 67074 INFO tempest.lib.common.rest_client [req-6f749779-5b68-40a4-9640-2900cbf0eda7 req-6f749779-5b68-40a4-9640-2900cbf0eda7 ] Request (ServerDiagnosticsTest:tearDownClass): 200 GET http://10.180.1.21/compute/v2.1/servers/d05ec8a8-5140-4f96-8ed9-643d39ac386d 2.719s
2025-12-09 08:50:17.233 67072 INFO tempest.lib.common.rest_client [req-36087bf3-9003-4821-8385-6496c70c143e req-36087bf3-9003-4821-8385-6496c70c143e ] Request (FlavorsAccessNegativeTestJSON:_run_cleanups): 200 GET http://10.180.1.21/compute/v2.1/flavors/detail 2.729s
2025-12-09 08:50:17.253 67062 INFO tempest.lib.common.rest_client [req-2fd0f1cd-d09e-4992-8e72-a14d64511d70 req-2fd0f1cd-d09e-4992-8e72-a14d64511d70 ] Request (KeyPairsV22TestJSON:_run_cleanups): 204 DELETE http://10.180.1.21/compute/v2.1/os-keypairs/tempest-keypair-55136915 2.741s
2025-12-09 08:50:17.295 67090 INFO tempest.lib.common.rest_client [req-dfee876e-ebdd-4506-ba00-e84010429a2f req-dfee876e-ebdd-4506-ba00-e84010429a2f ] Request (QuotasAdminTestJSON:test_get_updated_quotas): 200 GET http://10.180.1.21/compute/v2.1/os-quota-sets/a871b2d086fb44e491acbe7e0cf86d13?user_id=d4aebb098c8943d486ef8ccb5baaff47 2.806s
2025-12-09 08:50:17.297 67070 INFO tempest.lib.common.rest_client [req-05800fce-6af0-4a22-a3d0-4f8a4b1c5d28 req-05800fce-6af0-4a22-a3d0-4f8a4b1c5d28 ] Request (KeyPairsV2TestJSON:test_keypair_create_delete): 200 POST http://10.180.1.21/compute/v2.1/os-keypairs 2.778s
2025-12-09 08:50:17.352 67072 INFO tempest.lib.common.rest_client [req-42176848-306b-4c11-92ed-2c9b0235c750 req-42176848-306b-4c11-92ed-2c9b0235c750 ] Request (FlavorsAccessNegativeTestJSON:tearDownClass): 204 DELETE http://10.180.1.21/identity/v3/users/4df93d1308664aea9b6dd185efa971f6 0.113s
2025-12-09 08:50:17.417 67090 INFO tempest.lib.common.rest_client [req-9da56e22-46af-423f-b439-899720598913 req-9da56e22-46af-423f-b439-899720598913 ] Request (QuotasAdminTestJSON:_run_cleanups): 204 DELETE http://10.180.1.21/identity/v3/users/d4aebb098c8943d486ef8ccb5baaff47 0.118s
2025-12-09 08:50:17.417 67098 INFO tempest.lib.common.rest_client [req-1167e900-0819-475b-b800-bc20ad88ad60 req-1167e900-0819-475b-b800-bc20ad88ad60 ] Request (SecurityGroupsTestJSON:test_security_groups_create_list_delete): 200 POST http://10.180.1.21/compute/v2.1/os-security-groups 2.754s
2025-12-09 08:50:17.490 67118 INFO tempest.lib.common.rest_client [req-d32010a0-6858-48e1-a203-2cf6a9984045 req-d32010a0-6858-48e1-a203-2cf6a9984045 ] Request (ServerGroupTestJSON:setUpClass): 201 POST http://10.180.1.21/networking/v2.0/networks 0.325s
2025-12-09 08:50:17.566 67072 INFO tempest.lib.common.rest_client [req-e0dc80a1-bb93-41d6-9df5-f48299fca896 req-e0dc80a1-bb93-41d6-9df5-f48299fca896 ] Request (FlavorsAccessNegativeTestJSON:tearDownClass): 204 DELETE http://10.180.1.21/identity/v3/users/9639e343ba294f44b58a22eb9e307e3e 0.213s
2025-12-09 08:50:17.613 67110 INFO tempest.lib.common.rest_client [req-6c617d06-fb65-48b2-955a-bae1ca99c763 req-6c617d06-fb65-48b2-955a-bae1ca99c763 ] Request (InstanceActionsNegativeTestJSON:setUpClass): 200 GET http://10.180.1.21/compute/v2.1/servers/27187469-7087-4377-a6ea-81a53b7cabea 2.866s
2025-12-09 08:50:17.682 67090 INFO tempest.lib.common.rest_client [req-665b188d-cb39-456e-adc6-ab7396e9be05 req-665b188d-cb39-456e-adc6-ab7396e9be05 ] Request (QuotasAdminTestJSON:_run_cleanups): 204 DELETE http://10.180.1.21/identity/v3/projects/a871b2d086fb44e491acbe7e0cf86d13 0.264s
2025-12-09 08:50:17.703 67072 INFO tempest.lib.common.rest_client [req-233f0603-a9f0-4d72-9aac-fc6cfb888ac9 req-233f0603-a9f0-4d72-9aac-fc6cfb888ac9 ] Request (FlavorsAccessNegativeTestJSON:tearDownClass): 204 DELETE http://10.180.1.21/identity/v3/users/2dc86d502f054470b0763635da58bff0 0.136s
2025-12-09 08:50:17.703 67072 INFO tempest.lib.common.dynamic_creds [-] Deleting project and security group for project: 4eaee4f615d84e83b3dd1464b0a8e77d
2025-12-09 08:50:17.728 67118 INFO tempest.lib.common.rest_client [req-4d1da321-3e5a-4051-812e-4b521a4a398e req-4d1da321-3e5a-4051-812e-4b521a4a398e ] Request (ServerGroupTestJSON:setUpClass): 201 POST http://10.180.1.21/networking/v2.0/subnets 0.237s
2025-12-09 08:50:17.767 67072 INFO tempest.lib.common.rest_client [req-72b7ab13-ec2c-4e70-a085-d7f17c318b7a req-72b7ab13-ec2c-4e70-a085-d7f17c318b7a ] Request (FlavorsAccessNegativeTestJSON:tearDownClass): 201 POST http://10.180.1.21/identity/v3/auth/tokens 0.063s
2025-12-09 08:50:17.820 67080 INFO tempest.lib.common.rest_client [req-c0cb66fe-4f9a-4c2e-8d1a-2834c968e4c6 req-c0cb66fe-4f9a-4c2e-8d1a-2834c968e4c6 ] Request (ListServersNegativeTestJSON:setUpClass): 200 GET http://10.180.1.21/compute/v2.1/servers/02305c5d-d5cd-479d-bf09-828bcc50aedc 3.053s
2025-12-09 08:50:17.828 67080 INFO tempest.common.waiters [-] State transition "BUILD/scheduling" ==> "BUILD/None" after 9 second wait
2025-12-09 08:50:17.854 67096 INFO tempest.lib.common.rest_client [req-83d1e474-f258-4adf-8cd3-4e75361c0545 req-83d1e474-f258-4adf-8cd3-4e75361c0545 ] Request (ImagesMetadataTestJSON:test_delete_image_metadata_item): 200 GET http://10.180.1.21/compute/v2.1/images/902557f0-45c7-40e3-97bd-cec76a632e63/metadata 3.001s
2025-12-09 08:50:18.257 67072 INFO tempest.lib.common.rest_client [req-278bf7dd-a6ff-47d3-b5ca-fd2f12ac0c26 req-278bf7dd-a6ff-47d3-b5ca-fd2f12ac0c26 ] Request (FlavorsAccessNegativeTestJSON:tearDownClass): 200 GET http://10.180.1.21/networking/v2.0/security-groups?tenant_id=4eaee4f615d84e83b3dd1464b0a8e77d&name=default 0.490s
2025-12-09 08:50:18.285 67092 INFO tempest.lib.common.rest_client [req-6f4c5164-b14b-42be-8074-1ea4efd30e1b req-6f4c5164-b14b-42be-8074-1ea4efd30e1b ] Request (ListImageFiltersTestJSON:setUpClass): 200 GET http://10.180.1.21/compute/v2.1/servers/804a1d42-e032-4d84-a426-2f219b612928 3.415s
2025-12-09 08:50:18.325 67088 INFO tempest.lib.common.rest_client [req-cd1a2262-d038-45b6-9f0b-d0a5b9357cd4 req-cd1a2262-d038-45b6-9f0b-d0a5b9357cd4 ] Request (AggregatesAdminNegativeTestJSON:_run_cleanups): 200 DELETE http://10.180.1.21/compute/v2.1/os-aggregates/6 3.388s
2025-12-09 08:50:18.519 67118 INFO tempest.lib.common.rest_client [req-78e00135-596b-4b70-a786-a532303ce9e9 req-78e00135-596b-4b70-a786-a532303ce9e9 ] Request (ServerGroupTestJSON:setUpClass): 201 POST http://10.180.1.21/networking/v2.0/routers 0.791s
2025-12-09 08:50:18.639 67072 INFO tempest.lib.common.rest_client [req-078740a5-f01c-46a3-976b-2a4362a35d6e req-078740a5-f01c-46a3-976b-2a4362a35d6e ] Request (FlavorsAccessNegativeTestJSON:tearDownClass): 204 DELETE http://10.180.1.21/networking/v2.0/security-groups/66dcc350-b523-4e66-9ce6-2e9458ef70ec 0.382s
2025-12-09 08:50:18.718 67072 INFO tempest.lib.common.rest_client [req-44efaaa7-9585-4afb-add4-206564b8bc20 req-44efaaa7-9585-4afb-add4-206564b8bc20 ] Request (FlavorsAccessNegativeTestJSON:tearDownClass): 204 DELETE http://10.180.1.21/identity/v3/projects/4eaee4f615d84e83b3dd1464b0a8e77d 0.079s
2025-12-09 08:50:18.719 67072 INFO tempest.lib.common.dynamic_creds [-] Deleting project and security group for project: 5f54bf3ffc4047f1a4ab9b38ee27f5a8
2025-12-09 08:50:18.764 67060 INFO tempest.lib.common.rest_client [req-2128f351-b346-469a-b549-f185d73036cb req-2128f351-b346-469a-b549-f185d73036cb ] Request (MigrationsAdminTest:test_list_migrations_in_flavor_resize_situation): 200 GET http://10.180.1.21/compute/v2.1/servers/90262449-8a97-4d43-b104-0cc7084a636a 3.759s
2025-12-09 08:50:19.574 67118 INFO tempest.lib.common.rest_client [req-0b31b110-5272-4cf8-8243-18c84392da06 req-0b31b110-5272-4cf8-8243-18c84392da06 ] Request (ServerGroupTestJSON:setUpClass): 200 PUT http://10.180.1.21/networking/v2.0/routers/3f586d29-5415-4fda-b719-02947a24e526/add_router_interface 1.054s
