2025-12-09 08:49:35.943 67110 INFO tempest.lib.common.rest_client [req-9f12a04c-5741-40b7-bd19-0dc46184ed61 req-9f12a04c-5741-40b7-bd19-0dc46184ed61 ] Request (InstanceActionsNegativeTestJSON:setUpClass): 201 POST http://10.180.1.21/networking/v2.0/routers 0.893s
2025-12-09 08:49:35.966 67062 INFO tempest.lib.common.rest_client [req-6e8000f8-65b8-416d-b14a-59c6b80fbccf req-6e8000f8-65b8-416d-b14a-59c6b80fbccf ] Request (ServicesAdminNegativeTestJSON:setUpClass): 201 POST http://10.180.1.21/identity/v3/auth/tokens 0.073s
2025-12-09 08:49:35.966 67056 INFO tempest.lib.common.rest_client [req-9ea7bebc-1ad8-4928-8a78-e0b436c0a1e3 req-9ea7bebc-1ad8-4928-8a78-e0b436c0a1e3 ] Request (ServerDiagnosticsNegativeTest:setUpClass): 200 GET http://10.180.1.21/identity/v3/roles 0.066s
2025-12-09 08:49:36.000 67056 INFO tempest.lib.common.rest_client [req-cd539776-bc62-420d-806f-8d3f32304d9b req-cd539776-bc62-420d-806f-8d3f32304d9b ] Request (ServerDiagnosticsNegativeTest:setUpClass): 204 PUT http://10.180.1.21/identity/v3/projects/77ead0770b454ee6a0194fd87c42834c/users/484102a4da074a7f944e29660d03fa6c/roles/1a65f9988f1e468fb76ef88cc0ed4401 0.032s
2025-12-09 08:49:36.086 67056 INFO tempest.lib.common.rest_client [req-6618821d-2728-4c14-b30a-7a07e3765830 req-6618821d-2728-4c14-b30a-7a07e3765830 ] Request (ServerDiagnosticsNegativeTest:setUpClass): 200 GET http://10.180.1.21/identity/v3/roles 0.085s
2025-12-09 08:49:36.108 67056 INFO tempest.lib.common.rest_client [req-f858b62f-08d0-4757-bcec-4368248f4e94 req-f858b62f-08d0-4757-bcec-4368248f4e94 ] Request (ServerDiagnosticsNegativeTest:setUpClass): 204 PUT http://10.180.1.21/identity/v3/projects/77ead0770b454ee6a0194fd87c42834c/users/484102a4da074a7f944e29660d03fa6c/roles/1a65f9988f1e468fb76ef88cc0ed4401 0.022s
2025-12-09 08:49:36.109 67056 INFO tempest.lib.common.dynamic_creds [-] Dynamic test user 484102a4da074a7f944e29660d03fa6c is created with scope project and roles: ['admin']
2025-12-09 08:49:36.109 67056 INFO tempest.lib.common.dynamic_creds [-] Acquired dynamic creds: credentials: Credentials: {'domain_id': 'default', 'domain_name': 'Default', 'username': 'tempest-ServerDiagnosticsNegativeTest-471636531-project-admin', 'project_domain_id': 'default', 'project_domain_name': 'Default', 'project_id': '77ead0770b454ee6a0194fd87c42834c', 'project_name': 'tempest-ServerDiagnosticsNegativeTest-471636531', 'tenant_id': '77ead0770b454ee6a0194fd87c42834c', 'tenant_name': 'tempest-ServerDiagnosticsNegativeTest-471636531', 'user_domain_id': 'default', 'user_domain_name': 'Default', 'user_id': '484102a4da074a7f944e29660d03fa6c', 'system': None}, Network: None, Subnet: None, Router: None
2025-12-09 08:49:36.109 67056 INFO tempest.lib.common.dynamic_creds [-] Created isolated network resources for: credentials: Credentials: {'domain_id': 'default', 'domain_name': 'Default', 'username': 'tempest-ServerDiagnosticsNegativeTest-471636531-project-admin', 'project_domain_id': 'default', 'project_domain_name': 'Default', 'project_id': '77ead0770b454ee6a0194fd87c42834c', 'project_name': 'tempest-ServerDiagnosticsNegativeTest-471636531', 'tenant_id': '77ead0770b454ee6a0194fd87c42834c', 'tenant_name': 'tempest-ServerDiagnosticsNegativeTest-471636531', 'user_domain_id': 'default', 'user_domain_name': 'Default', 'user_id': '484102a4da074a7f944e29660d03fa6c', 'system': None}, Network: None, Subnet: None, Router: None
2025-12-09 08:49:36.217 67100 INFO tempest.lib.common.rest_client [req-a1622f8e-37e7-4bf3-bb3e-e3bbb1087acb req-a1622f8e-37e7-4bf3-bb3e-e3bbb1087acb ] Request (ServersAdmin275Test:test_rebuild_update_server_275): 202 POST http://10.180.1.21/compute/v2.1/servers/8cad1811-73c5-49c0-a12b-d250315c51cd/action 3.462s
2025-12-09 08:49:36.226 67056 INFO tempest.lib.common.rest_client [req-0cae37f8-a0a4-48ab-a083-1c2ddba0f695 req-0cae37f8-a0a4-48ab-a083-1c2ddba0f695 ] Request (ServerDiagnosticsNegativeTest:setUpClass): 201 POST http://10.180.1.21/identity/v3/auth/tokens 0.114s
2025-12-09 08:49:36.333 67056 INFO tempest.lib.common.rest_client [req-7d05a79e-f8d5-4526-954b-636bfd09e202 req-7d05a79e-f8d5-4526-954b-636bfd09e202 ] Request (ServerDiagnosticsNegativeTest:test_get_server_diagnostics_by_non_admin): 201 POST http://10.180.1.21/identity/v3/auth/tokens 0.101s
2025-12-09 08:49:36.334 67056 INFO tempest.lib.common.fixed_network [-] (ServerDiagnosticsNegativeTest:test_get_server_diagnostics_by_non_admin) Found network None available for tenant
2025-12-09 08:49:36.355 67108 INFO tempest.lib.common.rest_client [req-79f68e10-03a0-4d89-9a98-8fe91e46d7a7 req-79f68e10-03a0-4d89-9a98-8fe91e46d7a7 ] Request (FloatingIPsAssociationTestJSON:test_associate_already_associated_floating_ip): 202 POST http://10.180.1.21/compute/v2.1/servers 4.364s
2025-12-09 08:49:36.415 67096 INFO tempest.lib.common.rest_client [req-11347046-5912-4edc-8f8f-dd569bd6d55c req-11347046-5912-4edc-8f8f-dd569bd6d55c ] Request (QuotaClassesAdmin257Test:test_update_default_quotas): 200 GET http://10.180.1.21/compute/v2.1/os-quota-class-sets/default 3.646s
2025-12-09 08:49:36.758 67070 INFO tempest.lib.common.rest_client [req-910c5c29-53d8-41f2-bd8e-72d0227107dc req-910c5c29-53d8-41f2-bd8e-72d0227107dc ] Request (VolumesAdminNegativeTest:tearDownClass): 200 GET http://10.180.1.21/compute/v2.1/servers/ab361477-a6bc-48ee-a698-428b11144f40 3.906s
2025-12-09 08:49:37.077 67110 INFO tempest.lib.common.rest_client [req-f3a6b6df-9476-4de3-821b-3d3252058c84 req-f3a6b6df-9476-4de3-821b-3d3252058c84 ] Request (InstanceActionsNegativeTestJSON:setUpClass): 200 PUT http://10.180.1.21/networking/v2.0/routers/eb97f7ab-af1a-4a3f-8ad3-f1580bff9b80/add_router_interface 1.133s
2025-12-09 08:49:37.077 67110 INFO tempest.lib.common.dynamic_creds [-] Created isolated network resources for: credentials: Credentials: {'domain_id': 'default', 'domain_name': 'Default', 'username': 'tempest-InstanceActionsNegativeTestJSON-1917128815-project-member', 'project_domain_id': 'default', 'project_domain_name': 'Default', 'project_id': '8d9202cbdcb7423c83ae2c562da269e5', 'project_name': 'tempest-InstanceActionsNegativeTestJSON-1917128815', 'tenant_id': '8d9202cbdcb7423c83ae2c562da269e5', 'tenant_name': 'tempest-InstanceActionsNegativeTestJSON-1917128815', 'user_domain_id': 'default', 'user_domain_name': 'Default', 'user_id': '3c7df89a729c460e926089bab0eb986e', 'system': None}, Network: {'id': 'f2bfb82f-1cd4-4c15-ba1b-2bc39e47e012', 'name': 'tempest-InstanceActionsNegativeTestJSON-860721589-network', 'tenant_id': '8d9202cbdcb7423c83ae2c562da269e5', 'project_id': '8d9202cbdcb7423c83ae2c562da269e5', 'admin_state_up': True, 'mtu': 8950, 'status': 'ACTIVE', 'subnets': [], 'shared': False, 'port_security_enabled': True, 'router:external': False, 'provider:network_type': 'vlan', 'provider:physical_network': 'default', 'provider:segmentation_id': 574, 'availability_zone_hints': [], 'availability_zones': [], 'ipv4_address_scope': None, 'ipv6_address_scope': None, 'description': '', 'tags': [], 'created_at': '2025-12-09T08:49:34Z', 'updated_at': '2025-12-09T08:49:34Z', 'revision_number': 1}, Subnet: {'id': 'bfe912ce-af2f-48dc-98b1-9e7cd2be1345', 'name': 'tempest-InstanceActionsNegativeTestJSON-860721589-subnet', 'tenant_id': '8d9202cbdcb7423c83ae2c562da269e5', 'network_id': 'f2bfb82f-1cd4-4c15-ba1b-2bc39e47e012', 'ip_version': 4, 'subnetpool_id': None, 'enable_dhcp': True, 'ipv6_ra_mode': None, 'ipv6_address_mode': None, 'gateway_ip': '192.168.128.1', 'cidr': '192.168.128.0/28', 'allocation_pools': [{'start': '192.168.128.2', 'end': '192.168.128.14'}], 'host_routes': [], 'dns_nameservers': [], 'description': '', 'router:external': False, 'service_types': [], 'tags': [], 'created_at': '2025-12-09T08:49:34Z', 'updated_at': '2025-12-09T08:49:34Z', 'revision_number': 0, 'project_id': '8d9202cbdcb7423c83ae2c562da269e5'}, Router: {'id': 'eb97f7ab-af1a-4a3f-8ad3-f1580bff9b80', 'name': 'tempest-InstanceActionsNegativeTestJSON-860721589-router', 'tenant_id': '8d9202cbdcb7423c83ae2c562da269e5', 'admin_state_up': True, 'status': 'ACTIVE', 'external_gateway_info': {'network_id': '66a281e4-4773-4d23-810b-8796c5f633d1', 'external_fixed_ips': [{'subnet_id': '6017332b-7529-44bc-879c-7082099c1105', 'ip_address': '10.180.180.188'}], 'enable_snat': True}, 'description': '', 'availability_zones': [], 'distributed': False, 'ha': False, 'availability_zone_hints': [], 'routes': [], 'flavor_id': None, 'tags': [], 'created_at': '2025-12-09T08:49:35Z', 'updated_at': '2025-12-09T08:49:35Z', 'revision_number': 2, 'project_id': '8d9202cbdcb7423c83ae2c562da269e5'}
2025-12-09 08:49:37.169 67110 INFO tempest.lib.common.rest_client [req-75cd2926-a320-4d77-a97b-154c88935d04 req-75cd2926-a320-4d77-a97b-154c88935d04 ] Request (InstanceActionsNegativeTestJSON:setUpClass): 201 POST http://10.180.1.21/identity/v3/auth/tokens 0.086s
2025-12-09 08:49:37.200 67110 INFO tempest.lib.common.rest_client [req-4ee4b0eb-bb75-4ec9-9d7f-06a937915147 req-4ee4b0eb-bb75-4ec9-9d7f-06a937915147 ] Request (InstanceActionsNegativeTestJSON:setUpClass): 201 POST http://10.180.1.21/identity/v3/auth/tokens 0.026s
2025-12-09 08:49:37.201 67110 INFO tempest.lib.common.fixed_network [-] (InstanceActionsNegativeTestJSON:setUpClass) Found network {'id': 'f2bfb82f-1cd4-4c15-ba1b-2bc39e47e012', 'name': 'tempest-InstanceActionsNegativeTestJSON-860721589-network', 'tenant_id': '8d9202cbdcb7423c83ae2c562da269e5', 'project_id': '8d9202cbdcb7423c83ae2c562da269e5', 'admin_state_up': True, 'mtu': 8950, 'status': 'ACTIVE', 'subnets': [], 'shared': False, 'port_security_enabled': True, 'router:external': False, 'provider:network_type': 'vlan', 'provider:physical_network': 'default', 'provider:segmentation_id': 574, 'availability_zone_hints': [], 'availability_zones': [], 'ipv4_address_scope': None, 'ipv6_address_scope': None, 'description': '', 'tags': [], 'created_at': '2025-12-09T08:49:34Z', 'updated_at': '2025-12-09T08:49:34Z', 'revision_number': 1} available for tenant
2025-12-09 08:49:37.234 67112 INFO tempest.lib.common.rest_client [req-bb95f571-ca6f-4e34-bf21-8105b477d8f1 req-bb95f571-ca6f-4e34-bf21-8105b477d8f1 ] Request (VolumesAssistedSnapshotsTest:test_volume_assisted_snapshot_create_delete): 200 GET http://10.180.1.21/compute/v2.1/servers/bfddcd49-90a5-4bee-bf4e-8dafe952e60a 4.375s
2025-12-09 08:49:37.489 67058 INFO tempest.lib.common.rest_client [req-de57ff07-cf00-4921-afae-5f6e425fa271 req-de57ff07-cf00-4921-afae-5f6e425fa271 ] Request (SecurityGroupsNegativeTestJSON:test_delete_the_default_security_group): 200 GET http://10.180.1.21/compute/v2.1/os-security-groups 4.417s
2025-12-09 08:49:37.525 67106 INFO tempest.lib.common.rest_client [req-b6dbd736-3ecd-4ccd-95ba-7f0b3d6adb60 req-b6dbd736-3ecd-4ccd-95ba-7f0b3d6adb60 ] Request (ServerPasswordTestJSON:setUpClass): 200 GET http://10.180.1.21/compute/v2.1/servers/af506d3c-a5c3-4a30-845a-6424e5023914 4.252s
2025-12-09 08:49:37.542 67078 INFO tempest.lib.common.rest_client [req-c1c38ab1-c073-4628-b04d-1d39bcb052b9 req-c1c38ab1-c073-4628-b04d-1d39bcb052b9 ] Request (KeyPairsV210TestJSON:test_admin_manage_keypairs_for_other_users): 201 POST http://10.180.1.21/compute/v2.1/os-keypairs 4.264s
2025-12-09 08:49:37.616 67114 INFO tempest.lib.common.rest_client [req-f90fea55-59cf-443b-9152-b2da03d928d4 req-f90fea55-59cf-443b-9152-b2da03d928d4 ] Request (ServerExternalEventsTest:test_create_server_external_events): 200 GET http://10.180.1.21/compute/v2.1/servers/9a637371-82ca-4f20-8469-310fbc8f9991 4.283s
2025-12-09 08:49:37.736 67094 INFO tempest.lib.common.rest_client [req-86e3a728-ea97-49c3-ab11-3af5339bea08 req-86e3a728-ea97-49c3-ab11-3af5339bea08 ] Request (MultipleCreateTestJSON:test_multiple_create): 200 GET http://10.180.1.21/compute/v2.1/servers/2c8f7e9b-3fa5-42bd-9f64-61f0867d9853 4.340s
2025-12-09 08:49:37.769 67076 INFO tempest.lib.common.rest_client [req-906ef1ba-564a-4bfd-8c71-751c59c063cb req-906ef1ba-564a-4bfd-8c71-751c59c063cb ] Request (ServersAdminTestJSON:setUpClass): 200 GET http://10.180.1.21/compute/v2.1/servers/2ba0d3b4-2767-4744-8fa8-6d64530cdd50 4.424s
2025-12-09 08:49:37.776 67076 INFO tempest.common.waiters [-] State transition "BUILD/None" ==> "BUILD/spawning" after 9 second wait
2025-12-09 08:49:37.864 67080 INFO tempest.lib.common.rest_client [req-a69c654f-e7b1-4d65-bd36-736de294e1b9 req-a69c654f-e7b1-4d65-bd36-736de294e1b9 ] Request (ImagesMetadataNegativeTestJSON:test_delete_nonexistent_image_metadata_item): 404 DELETE http://10.180.1.21/compute/v2.1/images/0f4406e3-2872-4842-9ed5-ed32038209e5/metadata/os_distro 4.150s
2025-12-09 08:49:37.872 67068 INFO tempest.lib.common.rest_client [req-03d8c60f-cb33-40fb-bd8d-474b24665046 req-03d8c60f-cb33-40fb-bd8d-474b24665046 ] Request (ServersTestFqdnHostnames:test_create_server_with_fqdn_name): 200 GET http://10.180.1.21/compute/v2.1/servers/773762bb-a4ca-451a-a00a-f9473ee3ad32 4.238s
2025-12-09 08:49:37.880 67068 INFO tempest.common.waiters [-] State transition "BUILD/spawning" ==> "ACTIVE/None" after 20 second wait
2025-12-09 08:49:37.909 67092 INFO tempest.lib.common.rest_client [req-fe0da8f4-871f-4442-9935-93bc255f6720 req-fe0da8f4-871f-4442-9935-93bc255f6720 ] Request (ListImageFiltersTestJSON:setUpClass): 200 GET http://10.180.1.21/compute/v2.1/images/885d10f8-8b56-4c44-b6cb-97e98fff0994 3.951s
2025-12-09 08:49:37.972 67098 INFO tempest.lib.common.rest_client [req-4b33c9c0-6ddf-4b0b-94d6-7813d5747432 req-4b33c9c0-6ddf-4b0b-94d6-7813d5747432 ] Request (SecurityGroupsTestJSON:test_list_security_groups_by_server): 200 GET http://10.180.1.21/compute/v2.1/servers/46677440-b3d2-4a95-90eb-bdee8ab35a1d 4.247s
2025-12-09 08:49:37.981 67098 INFO tempest.common.waiters [-] State transition "BUILD/networking" ==> "BUILD/spawning" after 12 second wait
2025-12-09 08:49:37.984 67074 INFO tempest.lib.common.rest_client [req-0dea039e-42f5-4d54-8702-808dde863f9b req-0dea039e-42f5-4d54-8702-808dde863f9b ] Request (ServerDiagnosticsTest:test_get_server_diagnostics): 200 GET http://10.180.1.21/compute/v2.1/servers/d05ec8a8-5140-4f96-8ed9-643d39ac386d 3.912s
2025-12-09 08:49:37.985 67060 INFO tempest.lib.common.rest_client [req-0016092e-b815-4a2a-8b64-732ecd9bc2ac req-0016092e-b815-4a2a-8b64-732ecd9bc2ac ] Request (FlavorsExtraSpecsTestJSON:test_flavor_set_get_update_show_unset_keys): 200 GET http://10.180.1.21/compute/v2.1/flavors/2089561352/os-extra_specs 3.736s
2025-12-09 08:49:37.996 67116 INFO tempest.lib.common.rest_client [req-f60e8597-ad9e-4362-97e7-2ce25b751bea req-f60e8597-ad9e-4362-97e7-2ce25b751bea ] Request (HostsAdminNegativeTestJSON:test_update_host_with_invalid_status): 400 PUT http://10.180.1.21/compute/v2.1/os-hosts/devstack 3.714s
2025-12-09 08:49:38.018 67088 INFO tempest.lib.common.rest_client [req-9666f1c2-0883-4d01-a4c7-91014a234052 req-9666f1c2-0883-4d01-a4c7-91014a234052 ] Request (AggregatesAdminNegativeTestJSON:_run_cleanups): 200 DELETE http://10.180.1.21/compute/v2.1/os-aggregates/3 3.733s
2025-12-09 08:49:38.047 67086 INFO tempest.lib.common.rest_client [req-85cc2bed-1752-4441-bbf1-a0f17faa63d4 req-85cc2bed-1752-4441-bbf1-a0f17faa63d4 ] Request (FlavorsExtraSpecsNegativeTestJSON:tearDownClass): 200 GET http://10.180.1.21/compute/v2.1/flavors/detail 3.743s
2025-12-09 08:49:38.053 67082 INFO tempest.lib.common.rest_client [req-8d5da1b1-923b-4d0d-b9b2-c110cc7dbfe1 req-8d5da1b1-923b-4d0d-b9b2-c110cc7dbfe1 ] Request (ServersWithSpecificFlavorTestJSON:test_verify_created_server_ephemeral_disk): 200 GET http://10.180.1.21/compute/v2.1/servers/9f9b474f-3d70-4657-90ce-f4aeedd71676 3.778s
2025-12-09 08:49:38.112 67085 INFO tempest.lib.common.rest_client [req-11044790-44cf-4032-bfa8-2ded0408133b req-11044790-44cf-4032-bfa8-2ded0408133b ] Request (AttachVolumeNegativeTest:test_attach_attached_volume_to_different_server): 200 GET http://10.180.1.21/compute/v2.1/servers/2b35880c-ab89-4660-89ca-f13e4134b8b4 3.388s
2025-12-09 08:49:38.123 67085 INFO tempest.common.waiters [-] State transition "BUILD/scheduling" ==> "BUILD/None" after 5 second wait
2025-12-09 08:49:38.128 67118 INFO tempest.lib.common.rest_client [req-40f3f35d-b323-4c22-8b1d-dc5652774c3e req-40f3f35d-b323-4c22-8b1d-dc5652774c3e ] Request (SecurityGroupRulesNegativeTestJSON:test_create_security_group_rule_with_invalid_port_range): 400 POST http://10.180.1.21/compute/v2.1/os-security-group-rules 3.267s
2025-12-09 08:49:38.133 67064 INFO tempest.lib.common.rest_client [req-fe01f9a6-df34-4cc2-82e0-b228a0cf65b3 req-fe01f9a6-df34-4cc2-82e0-b228a0cf65b3 ] Request (FlavorsAdminTestJSON:_run_cleanups): 202 DELETE http://10.180.1.21/compute/v2.1/flavors/2b2a689d-6024-479a-80ef-ec2360e96d82 3.259s
2025-12-09 08:49:38.179 67102 INFO tempest.lib.common.rest_client [req-a5cda1af-12bc-475d-8326-9f834b6245b0 req-a5cda1af-12bc-475d-8326-9f834b6245b0 ] Request (SecurityGroupRulesTestJSON:test_security_group_rules_delete_when_peer_group_deleted): 200 GET http://10.180.1.21/compute/v2.1/os-security-groups/4664ecb7-b3e1-454b-a7a5-7f339e02c3cf 2.731s
2025-12-09 08:49:38.193 67086 INFO tempest.lib.common.rest_client [req-c87bab49-b35e-4c63-b6cc-845782e3812c req-c87bab49-b35e-4c63-b6cc-845782e3812c ] Request (FlavorsExtraSpecsNegativeTestJSON:tearDownClass): 204 DELETE http://10.180.1.21/identity/v3/users/43135ccc765d450189b26373f277967f 0.139s
2025-12-09 08:49:38.209 67104 INFO tempest.lib.common.rest_client [req-024d54a2-4273-41f8-82e4-e617ca1fdb9e req-024d54a2-4273-41f8-82e4-e617ca1fdb9e ] Request (ServerShowV254Test:test_rebuild_server): 200 GET http://10.180.1.21/compute/v2.1/servers/97c95357-1455-4ca8-9eda-b9393c8b8d7e 2.999s
2025-12-09 08:49:38.217 67120 INFO tempest.lib.common.rest_client [req-0185266e-f9bd-4c89-be26-a8152756084d req-0185266e-f9bd-4c89-be26-a8152756084d ] Request (ServerAddressesNegativeTestJSON:test_list_server_addresses_invalid_server_id): 404 GET http://10.180.1.21/compute/v2.1/servers/999/ips 2.711s
2025-12-09 08:49:38.341 67072 INFO tempest.lib.common.rest_client [req-b65cf421-bfca-4baf-8cf0-71a0545e804f req-b65cf421-bfca-4baf-8cf0-71a0545e804f ] Request (FlavorsAccessNegativeTestJSON:test_flavor_non_admin_add): 403 POST http://10.180.1.21/compute/v2.1/flavors/438051070/action 2.870s
2025-12-09 08:49:38.361 67086 INFO tempest.lib.common.rest_client [req-29cc64f4-ff9f-48b9-9ccc-bfe1568def69 req-29cc64f4-ff9f-48b9-9ccc-bfe1568def69 ] Request (FlavorsExtraSpecsNegativeTestJSON:tearDownClass): 204 DELETE http://10.180.1.21/identity/v3/users/8a0d4e6c7ce44368aeda5a92206f33b3 0.167s
2025-12-09 08:49:38.361 67086 INFO tempest.lib.common.dynamic_creds [-] Deleting project and security group for project: e417fbdaf3f54a1480c1b9ef8a3c098a
2025-12-09 08:49:38.485 67100 INFO tempest.lib.common.rest_client [req-f64e2e5c-e37d-4f0d-8f6a-f37d94575ce6 req-f64e2e5c-e37d-4f0d-8f6a-f37d94575ce6 ] Request (ServersAdmin275Test:_run_cleanups): 200 GET http://10.180.1.21/compute/v2.1/servers/8cad1811-73c5-49c0-a12b-d250315c51cd 2.257s
2025-12-09 08:49:38.494 67092 INFO tempest.lib.common.rest_client [req-6eb84be1-ce87-4bee-acd8-f970bd186ee3 req-6eb84be1-ce87-4bee-acd8-f970bd186ee3 ] Request (ListImageFiltersTestJSON:setUpClass): 201 POST http://10.180.1.21/image/v2/images 0.581s
2025-12-09 08:49:38.533 67086 INFO tempest.lib.common.rest_client [req-a583d2b0-8909-47c5-a057-0059ac4cd22a req-a583d2b0-8909-47c5-a057-0059ac4cd22a ] Request (FlavorsExtraSpecsNegativeTestJSON:tearDownClass): 201 POST http://10.180.1.21/identity/v3/auth/tokens 0.171s
2025-12-09 08:49:38.540 67062 INFO tempest.lib.common.rest_client [req-f42c6dd9-0663-46d9-aae2-d95fc60e661c req-f42c6dd9-0663-46d9-aae2-d95fc60e661c ] Request (ServicesAdminNegativeTestJSON:test_get_service_by_invalid_params): 200 GET http://10.180.1.21/compute/v2.1/os-services 2.572s
2025-12-09 08:49:38.715 67086 INFO tempest.lib.common.rest_client [req-302cf5be-4bd7-4cc9-b681-04450984ecb1 req-302cf5be-4bd7-4cc9-b681-04450984ecb1 ] Request (FlavorsExtraSpecsNegativeTestJSON:tearDownClass): 200 GET http://10.180.1.21/networking/v2.0/security-groups?tenant_id=e417fbdaf3f54a1480c1b9ef8a3c098a&name=default 0.181s
2025-12-09 08:49:38.734 67108 INFO tempest.lib.common.rest_client [req-80203e1c-3248-47d5-8e88-598fd884eebe req-80203e1c-3248-47d5-8e88-598fd884eebe ] Request (FloatingIPsAssociationTestJSON:test_associate_already_associated_floating_ip): 200 GET http://10.180.1.21/compute/v2.1/servers/12a0baf8-e6fe-4e66-be2f-c5c6b0f5e2d9 2.377s
2025-12-09 08:49:38.798 67096 INFO tempest.lib.common.rest_client [req-ef18209f-5d2b-4f66-8175-02e3e6b9ce1b req-ef18209f-5d2b-4f66-8175-02e3e6b9ce1b ] Request (QuotaClassesAdmin257Test:test_update_default_quotas): 200 PUT http://10.180.1.21/compute/v2.1/os-quota-class-sets/default 2.380s
2025-12-09 08:49:38.836 67086 INFO tempest.lib.common.rest_client [req-8cff9cee-cd8f-425e-8dfa-e8bb152af5e7 req-8cff9cee-cd8f-425e-8dfa-e8bb152af5e7 ] Request (FlavorsExtraSpecsNegativeTestJSON:tearDownClass): 204 DELETE http://10.180.1.21/networking/v2.0/security-groups/a221f166-9096-435b-b678-4fca2b30b1bc 0.121s
2025-12-09 08:49:38.918 67086 INFO tempest.lib.common.rest_client [req-11c83db6-53a5-49ef-b997-a05d859b35b7 req-11c83db6-53a5-49ef-b997-a05d859b35b7 ] Request (FlavorsExtraSpecsNegativeTestJSON:tearDownClass): 204 DELETE http://10.180.1.21/identity/v3/projects/e417fbdaf3f54a1480c1b9ef8a3c098a 0.081s
2025-12-09 08:49:38.918 67086 INFO tempest.lib.common.dynamic_creds [-] Deleting project and security group for project: 2671fed30c164bbf90c124534e280066
2025-12-09 08:49:39.009 67056 INFO tempest.lib.common.rest_client [req-71de2d10-9c62-47b6-ab2c-e5534299180e req-71de2d10-9c62-47b6-ab2c-e5534299180e ] Request (ServerDiagnosticsNegativeTest:test_get_server_diagnostics_by_non_admin): 202 POST http://10.180.1.21/compute/v2.1/servers 2.674s
2025-12-09 08:49:39.052 67086 INFO tempest.lib.common.rest_client [req-6ea20cb5-467b-418f-bfad-22b71a387b4f req-6ea20cb5-467b-418f-bfad-22b71a387b4f ] Request (FlavorsExtraSpecsNegativeTestJSON:tearDownClass): 200 GET http://10.180.1.21/networking/v2.0/security-groups?tenant_id=2671fed30c164bbf90c124534e280066&name=default 0.133s
2025-12-09 08:49:39.218 67086 INFO tempest.lib.common.rest_client [req-cde516b6-5eb5-4c61-8da4-5949a49faf04 req-cde516b6-5eb5-4c61-8da4-5949a49faf04 ] Request (FlavorsExtraSpecsNegativeTestJSON:tearDownClass): 204 DELETE http://10.180.1.21/networking/v2.0/security-groups/29aee54a-aa56-4e2d-aa02-87323e99202a 0.166s
2025-12-09 08:49:39.271 67058 INFO tempest.lib.common.rest_client [req-d79878ea-4b89-44ca-b4ad-227798284ff4 req-d79878ea-4b89-44ca-b4ad-227798284ff4 ] Request (SecurityGroupsNegativeTestJSON:test_delete_the_default_security_group): 400 DELETE http://10.180.1.21/compute/v2.1/os-security-groups/96504c3d-8b57-42db-88e5-36588c266438 1.778s
2025-12-09 08:49:39.290 67078 INFO tempest.lib.common.rest_client [req-24704bed-30af-4e70-9dbb-2ba447af8661 req-24704bed-30af-4e70-9dbb-2ba447af8661 ] Request (KeyPairsV210TestJSON:test_admin_manage_keypairs_for_other_users): 200 GET http://10.180.1.21/compute/v2.1/os-keypairs/tempest-keypair-1499543599?user_id=e27ef4ede1e54b859bf05013dd71d9da 1.746s
2025-12-09 08:49:39.358 67086 INFO tempest.lib.common.rest_client [req-f8658198-6179-4fe3-a6dc-58c9047b9537 req-f8658198-6179-4fe3-a6dc-58c9047b9537 ] Request (FlavorsExtraSpecsNegativeTestJSON:tearDownClass): 204 DELETE http://10.180.1.21/identity/v3/projects/2671fed30c164bbf90c124534e280066 0.138s
2025-12-09 08:49:39.358 67086 INFO tempest.test [-] raised in SpiceDirectConsoleTestJSON.setUpClass. Invoking tearDownClass.
2025-12-09 08:49:39.437 67070 INFO tempest.lib.common.rest_client [req-7e71632f-ab0f-43bf-986d-35027f087405 req-7e71632f-ab0f-43bf-986d-35027f087405 ] Request (VolumesAdminNegativeTest:tearDownClass): 200 GET http://10.180.1.21/compute/v2.1/servers/ab361477-a6bc-48ee-a698-428b11144f40 1.665s
2025-12-09 08:49:39.449 67070 INFO tempest.common.waiters [-] State transition "ACTIVE/deleting" ==> "DELETED/None" after 3 second wait
2025-12-09 08:49:39.449 67086 INFO tempest.lib.common.rest_client [req-dedff6f7-dabf-4f15-a76d-7d629bb44bfb req-dedff6f7-dabf-4f15-a76d-7d629bb44bfb ] Request (ImagesTestJSON:setUpClass): 201 POST http://10.180.1.21/identity/v3/auth/tokens 0.088s
2025-12-09 08:49:39.459 67080 INFO tempest.lib.common.rest_client [req-5cfdeb7c-2a7d-4fdb-b12a-1c1f517a6a36 req-5cfdeb7c-2a7d-4fdb-b12a-1c1f517a6a36 ] Request (ImagesMetadataNegativeTestJSON:test_get_nonexistent_image_metadata_item): 404 GET http://10.180.1.21/compute/v2.1/images/d1db7f45-bf0b-40f5-ba54-742f7eb4ebaa/metadata/os_version 1.594s
2025-12-09 08:49:39.496 67086 INFO tempest.lib.common.rest_client [req-00abe8d2-c07c-4391-a3fb-78c65e10a78c req-00abe8d2-c07c-4391-a3fb-78c65e10a78c ] Request (ImagesTestJSON:setUpClass): 201 POST http://10.180.1.21/identity/v3/auth/tokens 0.042s
2025-12-09 08:49:39.527 67086 INFO tempest.lib.common.rest_client [req-f492f6c5-4673-4ee4-9e3c-506e242d7008 req-f492f6c5-4673-4ee4-9e3c-506e242d7008 ] Request (ImagesTestJSON:setUpClass): 200 GET http://10.180.1.21/identity/v3/domains?name=Default 0.031s
2025-12-09 08:49:39.560 67086 INFO tempest.lib.common.rest_client [req-1f3f054a-90c1-44f5-b841-c52030eed0ee req-1f3f054a-90c1-44f5-b841-c52030eed0ee ] Request (ImagesTestJSON:setUpClass): 201 POST http://10.180.1.21/identity/v3/projects 0.032s
2025-12-09 08:49:39.625 67068 INFO tempest.lib.common.rest_client [req-f43e465f-e794-447c-9e42-2e85ce7d2653 req-f43e465f-e794-447c-9e42-2e85ce7d2653 ] Request (ServersTestFqdnHostnames:test_create_server_with_fqdn_name): 200 GET http://10.180.1.21/compute/v2.1/servers/773762bb-a4ca-451a-a00a-f9473ee3ad32/os-interface 1.744s
2025-12-09 08:49:39.630 67110 INFO tempest.lib.common.rest_client [req-96119f58-52ae-42e5-af1f-c3c03d2d2348 req-96119f58-52ae-42e5-af1f-c3c03d2d2348 ] Request (InstanceActionsNegativeTestJSON:setUpClass): 202 POST http://10.180.1.21/compute/v2.1/servers 2.429s
2025-12-09 08:49:39.637 67086 INFO tempest.lib.common.rest_client [req-65efe664-8b47-49c4-97a8-f368e6113460 req-65efe664-8b47-49c4-97a8-f368e6113460 ] Request (ImagesTestJSON:setUpClass): 201 POST http://10.180.1.21/identity/v3/users 0.077s
2025-12-09 08:49:39.639 67116 INFO tempest.lib.common.rest_client [req-fe41f152-8db0-4ba7-b8e8-9e2940eb85a3 req-fe41f152-8db0-4ba7-b8e8-9e2940eb85a3 ] Request (HostsAdminNegativeTestJSON:test_update_host_with_non_admin_user): 403 PUT http://10.180.1.21/compute/v2.1/os-hosts/devstack 1.642s
2025-12-09 08:49:39.647 67088 INFO tempest.lib.common.rest_client [req-ff92d81f-80a2-4e38-a109-54f6f929a54e req-ff92d81f-80a2-4e38-a109-54f6f929a54e ] Request (AggregatesAdminNegativeTestJSON:test_aggregate_create_aggregate_name_length_exceeds_255): 400 POST http://10.180.1.21/compute/v2.1/os-aggregates 1.627s
2025-12-09 08:49:39.660 67060 INFO tempest.lib.common.rest_client [req-58cd5d91-14e8-4157-9195-a822e24cbf07 req-58cd5d91-14e8-4157-9195-a822e24cbf07 ] Request (FlavorsExtraSpecsTestJSON:tearDownClass): 202 DELETE http://10.180.1.21/compute/v2.1/flavors/2089561352 1.673s
2025-12-09 08:49:39.688 67064 INFO tempest.lib.common.rest_client [req-f87508ef-cda3-4212-ba0c-821da18cdc73 req-f87508ef-cda3-4212-ba0c-821da18cdc73 ] Request (FlavorsAdminTestJSON:_run_cleanups): 200 GET http://10.180.1.21/compute/v2.1/flavors/detail 1.554s
2025-12-09 08:49:39.713 67086 INFO tempest.lib.common.rest_client [req-98750e98-7d87-48b9-8966-a40c0d0e19e2 req-98750e98-7d87-48b9-8966-a40c0d0e19e2 ] Request (ImagesTestJSON:setUpClass): 200 GET http://10.180.1.21/identity/v3/roles 0.075s
2025-12-09 08:49:39.822 67086 INFO tempest.lib.common.rest_client [req-4cc3359e-3044-4ec7-b2cc-3da47d2a0c6d req-4cc3359e-3044-4ec7-b2cc-3da47d2a0c6d ] Request (ImagesTestJSON:setUpClass): 204 PUT http://10.180.1.21/identity/v3/projects/8658691d74d84f55b563b031c791b611/users/f424391192e84c7a8edb7593cf699e5b/roles/0339877a4dd6497b9a74abf83ed5a813 0.108s
2025-12-09 08:49:39.822 67086 INFO tempest.lib.common.dynamic_creds [-] Dynamic test user f424391192e84c7a8edb7593cf699e5b is created with scope project and roles: ['member']
2025-12-09 08:49:39.823 67086 INFO tempest.lib.common.dynamic_creds [-] Acquired dynamic creds: credentials: Credentials: {'domain_id': 'default', 'domain_name': 'Default', 'username': 'tempest-ImagesTestJSON-846133890-project-member', 'project_domain_id': 'default', 'project_domain_name': 'Default', 'project_id': '8658691d74d84f55b563b031c791b611', 'project_name': 'tempest-ImagesTestJSON-846133890', 'tenant_id': '8658691d74d84f55b563b031c791b611', 'tenant_name': 'tempest-ImagesTestJSON-846133890', 'user_domain_id': 'default', 'user_domain_name': 'Default', 'user_id': 'f424391192e84c7a8edb7593cf699e5b', 'system': None}, Network: None, Subnet: None, Router: None
2025-12-09 08:49:39.924 67086 INFO tempest.lib.common.rest_client [req-cc246df7-beb9-4d0a-ae3d-5ae80eef5865 req-cc246df7-beb9-4d0a-ae3d-5ae80eef5865 ] Request (ImagesTestJSON:setUpClass): 201 POST http://10.180.1.21/identity/v3/auth/tokens 0.101s
2025-12-09 08:49:40.262 67092 INFO tempest.lib.common.rest_client [req-8315b517-7b2c-4339-aa43-b53d8d471a4f req-8315b517-7b2c-4339-aa43-b53d8d471a4f ] Request (ListImageFiltersTestJSON:setUpClass): 204 PUT http://10.180.1.21/image/v2/images/f1b559c7-64f5-4476-85f6-9bafbe76a8f8/file 0.767s
2025-12-09 08:49:40.749 67118 INFO tempest.lib.common.rest_client [req-fd6fd88c-d07c-427c-b319-be93ebf87c8a req-fd6fd88c-d07c-427c-b319-be93ebf87c8a ] Request (SecurityGroupRulesNegativeTestJSON:test_create_security_group_rule_with_invalid_to_port): 200 POST http://10.180.1.21/compute/v2.1/os-security-groups 2.619s
2025-12-09 08:49:40.851 67120 INFO tempest.lib.common.rest_client [req-1e33b36e-2db7-455e-9938-a57011ab4e6c req-1e33b36e-2db7-455e-9938-a57011ab4e6c ] Request (ServerAddressesNegativeTestJSON:tearDownClass): 204 DELETE http://10.180.1.21/compute/v2.1/servers/9066933d-e6ca-41b6-a1a5-a649fa955edc 2.632s
2025-12-09 08:49:40.900 67102 INFO tempest.lib.common.rest_client [req-228a38f2-ec34-4b13-a68e-fe09508f285d req-228a38f2-ec34-4b13-a68e-fe09508f285d ] Request (SecurityGroupRulesTestJSON:test_security_group_rules_list): 200 POST http://10.180.1.21/compute/v2.1/os-security-groups 2.714s
2025-12-09 08:49:40.934 67072 INFO tempest.lib.common.rest_client [req-de4a4475-7dc5-44f4-b714-4cfef086c467 req-de4a4475-7dc5-44f4-b714-4cfef086c467 ] Request (FlavorsAccessNegativeTestJSON:_run_cleanups): 202 DELETE http://10.180.1.21/compute/v2.1/flavors/438051070 2.592s
2025-12-09 08:49:41.086 67068 INFO tempest.lib.common.rest_client [req-afa377dd-778d-4033-90d1-e3ec5de764d2 req-afa377dd-778d-4033-90d1-e3ec5de764d2 ] Request (ServersTestFqdnHostnames:test_create_server_with_fqdn_name): 200 PUT http://10.180.1.21/networking/v2.0/floatingips/87523c9f-1862-4f0e-bf5c-5d68fb01b589 1.457s
2025-12-09 08:49:41.088 67068 INFO tempest.lib.common.ssh [-] Creating ssh connection to '10.180.180.213:22' as 'cirros' with public key authentication
2025-12-09 08:49:41.198 67086 INFO tempest.lib.common.rest_client [req-557d1219-2be7-472b-8d44-b7f09339e715 req-557d1219-2be7-472b-8d44-b7f09339e715 ] Request (ImagesTestJSON:setUpClass): 201 POST http://10.180.1.21/networking/v2.0/networks 1.271s
2025-12-09 08:49:41.455 67112 INFO tempest.lib.common.rest_client [req-9f1de7dc-2f03-40ea-b57c-1677117208f5 req-9f1de7dc-2f03-40ea-b57c-1677117208f5 ] Request (VolumesAssistedSnapshotsTest:test_volume_assisted_snapshot_create_delete): 200 GET http://10.180.1.21/compute/v2.1/servers/bfddcd49-90a5-4bee-bf4e-8dafe952e60a 3.207s
2025-12-09 08:49:41.471 67112 INFO tempest.common.waiters [-] State transition "BUILD/spawning" ==> "ACTIVE/None" after 19 second wait
2025-12-09 08:49:41.479 67062 INFO tempest.lib.common.rest_client [req-11984091-afd4-4c98-9d2d-7d3b02b98c3e req-11984091-afd4-4c98-9d2d-7d3b02b98c3e ] Request (ServicesAdminNegativeTestJSON:test_get_service_by_invalid_params): 200 GET http://10.180.1.21/compute/v2.1/os-services?xxx=nova-compute 2.932s
2025-12-09 08:49:41.483 67106 INFO tempest.lib.common.rest_client [req-de8df727-e78a-4bd5-93a6-8c62d28828a8 req-de8df727-e78a-4bd5-93a6-8c62d28828a8 ] Request (ServerPasswordTestJSON:setUpClass): 200 GET http://10.180.1.21/compute/v2.1/servers/af506d3c-a5c3-4a30-845a-6424e5023914 2.949s
2025-12-09 08:49:41.494 67106 INFO tempest.common.waiters [-] State transition "BUILD/spawning" ==> "ACTIVE/None" after 18 second wait
2025-12-09 08:49:41.500 67086 INFO tempest.lib.common.rest_client [req-7aa96086-cd87-4527-bf23-45d9a09e58f2 req-7aa96086-cd87-4527-bf23-45d9a09e58f2 ] Request (ImagesTestJSON:setUpClass): 201 POST http://10.180.1.21/networking/v2.0/subnets 0.302s
2025-12-09 08:49:41.657 67094 INFO tempest.lib.common.rest_client [req-271f5d83-09f9-4e89-9a5c-45864bf83187 req-271f5d83-09f9-4e89-9a5c-45864bf83187 ] Request (MultipleCreateTestJSON:test_multiple_create): 200 GET http://10.180.1.21/compute/v2.1/servers/2c8f7e9b-3fa5-42bd-9f64-61f0867d9853 2.912s
2025-12-09 08:49:42.057 67114 INFO tempest.lib.common.rest_client [req-c5b7022d-f951-4819-8cb6-6a8e9c3e1ac6 req-c5b7022d-f951-4819-8cb6-6a8e9c3e1ac6 ] Request (ServerExternalEventsTest:test_create_server_external_events): 200 GET http://10.180.1.21/compute/v2.1/servers/9a637371-82ca-4f20-8469-310fbc8f9991 3.432s
2025-12-09 08:49:42.066 67114 INFO tempest.common.waiters [-] State transition "BUILD/None" ==> "BUILD/spawning" after 14 second wait
2025-12-09 08:49:42.078 67096 INFO tempest.lib.common.rest_client [req-007a50d7-b654-4467-81a4-cafef267a973 req-007a50d7-b654-4467-81a4-cafef267a973 ] Request (QuotaClassesAdmin257Test:test_update_default_quotas): 200 GET http://10.180.1.21/compute/v2.1/os-quota-class-sets/default 3.278s
2025-12-09 08:49:42.262 67086 INFO tempest.lib.common.rest_client [req-0912a5c0-5f98-476d-93dd-78f781d724d5 req-0912a5c0-5f98-476d-93dd-78f781d724d5 ] Request (ImagesTestJSON:setUpClass): 201 POST http://10.180.1.21/networking/v2.0/routers 0.761s
2025-12-09 08:49:42.422 67076 INFO tempest.lib.common.rest_client [req-d3cd3dae-c96d-455f-81e7-aea8731aa40d req-d3cd3dae-c96d-455f-81e7-aea8731aa40d ] Request (ServersAdminTestJSON:setUpClass): 200 GET http://10.180.1.21/compute/v2.1/servers/2ba0d3b4-2767-4744-8fa8-6d64530cdd50 3.645s
2025-12-09 08:49:43.354 67086 INFO tempest.lib.common.rest_client [req-acf501ee-9280-4272-93eb-c5c58999c973 req-acf501ee-9280-4272-93eb-c5c58999c973 ] Request (ImagesTestJSON:setUpClass): 200 PUT http://10.180.1.21/networking/v2.0/routers/6477d387-0616-4962-bec4-c2f6c2410a06/add_router_interface 1.091s
2025-12-09 08:49:43.354 67086 INFO tempest.lib.common.dynamic_creds [-] Created isolated network resources for: credentials: Credentials: {'domain_id': 'default', 'domain_name': 'Default', 'username': 'tempest-ImagesTestJSON-846133890-project-member', 'project_domain_id': 'default', 'project_domain_name': 'Default', 'project_id': '8658691d74d84f55b563b031c791b611', 'project_name': 'tempest-ImagesTestJSON-846133890', 'tenant_id': '8658691d74d84f55b563b031c791b611', 'tenant_name': 'tempest-ImagesTestJSON-846133890', 'user_domain_id': 'default', 'user_domain_name': 'Default', 'user_id': 'f424391192e84c7a8edb7593cf699e5b', 'system': None}, Network: {'id': 'f98bd895-63ea-4ea5-aca2-81c8bae32511', 'name': 'tempest-ImagesTestJSON-1434710354-network', 'tenant_id': '8658691d74d84f55b563b031c791b611', 'project_id': '8658691d74d84f55b563b031c791b611', 'admin_state_up': True, 'mtu': 8950, 'status': 'ACTIVE', 'subnets': [], 'shared': False, 'port_security_enabled': True, 'router:external': False, 'provider:network_type': 'vlan', 'provider:physical_network': 'default', 'provider:segmentation_id': 127, 'availability_zone_hints': [], 'availability_zones': [], 'ipv4_address_scope': None, 'ipv6_address_scope': None, 'description': '', 'tags': [], 'created_at': '2025-12-09T08:49:41Z', 'updated_at': '2025-12-09T08:49:41Z', 'revision_number': 1}, Subnet: {'id': 'dfb33a35-e2b7-4ea2-abc7-0f2e28a10a02', 'name': 'tempest-ImagesTestJSON-1434710354-subnet', 'tenant_id': '8658691d74d84f55b563b031c791b611', 'network_id': 'f98bd895-63ea-4ea5-aca2-81c8bae32511', 'ip_version': 4, 'subnetpool_id': None, 'enable_dhcp': True, 'ipv6_ra_mode': None, 'ipv6_address_mode': None, 'gateway_ip': '192.168.128.1', 'cidr': '192.168.128.0/28', 'allocation_pools': [{'start': '192.168.128.2', 'end': '192.168.128.14'}], 'host_routes': [], 'dns_nameservers': [], 'description': '', 'router:external': False, 'service_types': [], 'tags': [], 'created_at': '2025-12-09T08:49:41Z', 'updated_at': '2025-12-09T08:49:41Z', 'revision_number': 0, 'project_id': '8658691d74d84f55b563b031c791b611'}, Router: {'id': '6477d387-0616-4962-bec4-c2f6c2410a06', 'name': 'tempest-ImagesTestJSON-1434710354-router', 'tenant_id': '8658691d74d84f55b563b031c791b611', 'admin_state_up': True, 'status': 'ACTIVE', 'external_gateway_info': {'network_id': '66a281e4-4773-4d23-810b-8796c5f633d1', 'external_fixed_ips': [{'subnet_id': '6017332b-7529-44bc-879c-7082099c1105', 'ip_address': '10.180.180.187'}], 'enable_snat': True}, 'description': '', 'availability_zones': [], 'distributed': False, 'ha': False, 'availability_zone_hints': [], 'routes': [], 'flavor_id': None, 'tags': [], 'created_at': '2025-12-09T08:49:41Z', 'updated_at': '2025-12-09T08:49:41Z', 'revision_number': 2, 'project_id': '8658691d74d84f55b563b031c791b611'}
2025-12-09 08:49:43.411 67098 INFO tempest.lib.common.rest_client [req-fade32bf-dc48-4d25-8996-b6c6c6dfc43c req-fade32bf-dc48-4d25-8996-b6c6c6dfc43c ] Request (SecurityGroupsTestJSON:test_list_security_groups_by_server): 200 GET http://10.180.1.21/compute/v2.1/servers/46677440-b3d2-4a95-90eb-bdee8ab35a1d 4.430s
2025-12-09 08:49:43.430 67074 INFO tempest.lib.common.rest_client [req-be86675d-e6be-450c-946f-e26755f0f79a req-be86675d-e6be-450c-946f-e26755f0f79a ] Request (ServerDiagnosticsTest:test_get_server_diagnostics): 200 GET http://10.180.1.21/compute/v2.1/servers/d05ec8a8-5140-4f96-8ed9-643d39ac386d 4.437s
2025-12-09 08:49:43.449 67086 INFO tempest.lib.common.rest_client [req-b4f0c62d-5bea-4f71-b133-062c51ee9df4 req-b4f0c62d-5bea-4f71-b133-062c51ee9df4 ] Request (ImagesTestJSON:setUpClass): 201 POST http://10.180.1.21/identity/v3/auth/tokens 0.092s
2025-12-09 08:49:43.484 67086 INFO tempest.lib.common.rest_client [req-e474e1fb-3805-455b-888e-55a42a3abea7 req-e474e1fb-3805-455b-888e-55a42a3abea7 ] Request (ImagesTestJSON:test_create_image_from_stopped_server): 201 POST http://10.180.1.21/identity/v3/auth/tokens 0.031s
2025-12-09 08:49:43.485 67086 INFO tempest.lib.common.fixed_network [-] (ImagesTestJSON:test_create_image_from_stopped_server) Found network {'id': 'f98bd895-63ea-4ea5-aca2-81c8bae32511', 'name': 'tempest-ImagesTestJSON-1434710354-network', 'tenant_id': '8658691d74d84f55b563b031c791b611', 'project_id': '8658691d74d84f55b563b031c791b611', 'admin_state_up': True, 'mtu': 8950, 'status': 'ACTIVE', 'subnets': [], 'shared': False, 'port_security_enabled': True, 'router:external': False, 'provider:network_type': 'vlan', 'provider:physical_network': 'default', 'provider:segmentation_id': 127, 'availability_zone_hints': [], 'availability_zones': [], 'ipv4_address_scope': None, 'ipv6_address_scope': None, 'description': '', 'tags': [], 'created_at': '2025-12-09T08:49:41Z', 'updated_at': '2025-12-09T08:49:41Z', 'revision_number': 1} available for tenant
2025-12-09 08:49:43.551 67056 INFO tempest.lib.common.rest_client [req-b2f70a1a-e49c-417b-b125-c2f5275a0f25 req-b2f70a1a-e49c-417b-b125-c2f5275a0f25 ] Request (ServerDiagnosticsNegativeTest:test_get_server_diagnostics_by_non_admin): 200 GET http://10.180.1.21/compute/v2.1/servers/16e51381-568f-4c6e-bfe0-6c36dd7a9c0c 4.541s
2025-12-09 08:49:43.576 67082 INFO tempest.lib.common.rest_client [req-2e5d8d69-ce1c-425b-8995-b4a8ccb2c0f9 req-2e5d8d69-ce1c-425b-8995-b4a8ccb2c0f9 ] Request (ServersWithSpecificFlavorTestJSON:test_verify_created_server_ephemeral_disk): 200 GET http://10.180.1.21/compute/v2.1/servers/9f9b474f-3d70-4657-90ce-f4aeedd71676 4.513s
2025-12-09 08:49:43.585 67082 INFO tempest.common.waiters [-] State transition "BUILD/scheduling" ==> "BUILD/None" after 5 second wait
2025-12-09 08:49:43.824 67085 INFO tempest.lib.common.rest_client [req-d89ecd33-d76b-45e7-a696-6fe86775cde4 req-d89ecd33-d76b-45e7-a696-6fe86775cde4 ] Request (AttachVolumeNegativeTest:test_attach_attached_volume_to_different_server): 200 GET http://10.180.1.21/compute/v2.1/servers/2b35880c-ab89-4660-89ca-f13e4134b8b4 4.700s
2025-12-09 08:49:43.836 67104 INFO tempest.lib.common.rest_client [req-cd4f18fe-3343-4c0c-bf5c-abea9aee48a8 req-cd4f18fe-3343-4c0c-bf5c-abea9aee48a8 ] Request (ServerShowV254Test:test_rebuild_server): 200 GET http://10.180.1.21/compute/v2.1/servers/97c95357-1455-4ca8-9eda-b9393c8b8d7e 4.611s
2025-12-09 08:49:43.843 67058 INFO tempest.lib.common.rest_client [req-590fda74-4f4b-4fd8-bbf6-48204a887ae0 req-590fda74-4f4b-4fd8-bbf6-48204a887ae0 ] Request (SecurityGroupsNegativeTestJSON:test_security_group_get_nonexistent_group): 404 GET http://10.180.1.21/compute/v2.1/os-security-groups/da5da176-c972-4fe8-9ec8-f763b15def11 4.565s
2025-12-09 08:49:43.851 67104 INFO tempest.common.waiters [-] State transition "REBUILD/rebuild_spawning" ==> "ACTIVE/None" after 17 second wait
2025-12-09 08:49:43.864 67080 INFO tempest.lib.common.rest_client [req-ab289f66-1050-404c-9e3a-e8023b23c494 req-ab289f66-1050-404c-9e3a-e8023b23c494 ] Request (ImagesMetadataNegativeTestJSON:test_list_nonexistent_image_metadata): 404 GET http://10.180.1.21/compute/v2.1/images/cf9f016d-ec2a-46b7-92d6-c75b932828da/metadata 4.404s
2025-12-09 08:49:43.879 67078 INFO tempest.lib.common.rest_client [req-99d87b69-46f1-463a-a48e-26644b461e91 req-99d87b69-46f1-463a-a48e-26644b461e91 ] Request (KeyPairsV210TestJSON:test_admin_manage_keypairs_for_other_users): 201 POST http://10.180.1.21/compute/v2.1/os-keypairs 4.585s
2025-12-09 08:49:43.931 67110 INFO tempest.lib.common.rest_client [req-a68e0eee-526b-490d-be73-e5492c74b90e req-a68e0eee-526b-490d-be73-e5492c74b90e ] Request (InstanceActionsNegativeTestJSON:setUpClass): 200 GET http://10.180.1.21/compute/v2.1/servers/27187469-7087-4377-a6ea-81a53b7cabea 4.299s
2025-12-09 08:49:43.936 67116 INFO tempest.lib.common.rest_client [req-6d5b50c1-becf-4616-baf2-db33e77bbb48 req-6d5b50c1-becf-4616-baf2-db33e77bbb48 ] Request (HostsAdminNegativeTestJSON:test_update_host_without_param): 400 PUT http://10.180.1.21/compute/v2.1/os-hosts/devstack 4.295s
2025-12-09 08:49:43.942 67088 INFO tempest.lib.common.rest_client [req-279aa9b8-c62c-4fea-b23c-3a91ddbf6258 req-279aa9b8-c62c-4fea-b23c-3a91ddbf6258 ] Request (AggregatesAdminNegativeTestJSON:test_aggregate_create_aggregate_name_length_less_than_1): 400 POST http://10.180.1.21/compute/v2.1/os-aggregates 4.293s
2025-12-09 08:49:43.951 67100 INFO tempest.lib.common.rest_client [req-50e920b9-e29f-472d-bee7-30134bd6d800 req-50e920b9-e29f-472d-bee7-30134bd6d800 ] Request (ServersAdmin275Test:_run_cleanups): 200 GET http://10.180.1.21/compute/v2.1/servers/8cad1811-73c5-49c0-a12b-d250315c51cd 4.453s
2025-12-09 08:49:43.960 67100 INFO tempest.common.waiters [-] State transition "REBUILD/rebuilding" ==> "REBUILD/rebuild_spawning" after 5 second wait
2025-12-09 08:49:43.967 67060 INFO tempest.lib.common.rest_client [req-9458e446-5f35-4dc8-bf8a-e4b1cde0d189 req-9458e446-5f35-4dc8-bf8a-e4b1cde0d189 ] Request (FlavorsExtraSpecsTestJSON:tearDownClass): 200 GET http://10.180.1.21/compute/v2.1/flavors/detail 4.306s
2025-12-09 08:49:43.972 67064 INFO tempest.lib.common.rest_client [req-6924e4ba-8166-407b-acb2-fedb1ae5c61c req-6924e4ba-8166-407b-acb2-fedb1ae5c61c ] Request (FlavorsAdminTestJSON:test_create_flavor_with_uuid_id): 200 POST http://10.180.1.21/compute/v2.1/flavors 4.277s
2025-12-09 08:49:44.028 67108 INFO tempest.lib.common.rest_client [req-48e59761-005b-4a5a-b9ac-077909a98434 req-48e59761-005b-4a5a-b9ac-077909a98434 ] Request (FloatingIPsAssociationTestJSON:test_associate_already_associated_floating_ip): 200 GET http://10.180.1.21/compute/v2.1/servers/12a0baf8-e6fe-4e66-be2f-c5c6b0f5e2d9 4.284s
2025-12-09 08:49:44.038 67108 INFO tempest.common.waiters [-] State transition "BUILD/scheduling" ==> "BUILD/None" after 6 second wait
2025-12-09 08:49:44.046 67092 INFO tempest.lib.common.rest_client [req-4b446460-fdac-4dc3-ab55-9d4a69d98728 req-4b446460-fdac-4dc3-ab55-9d4a69d98728 ] Request (ListImageFiltersTestJSON:setUpClass): 200 GET http://10.180.1.21/compute/v2.1/images/f1b559c7-64f5-4476-85f6-9bafbe76a8f8 3.784s
2025-12-09 08:49:44.089 67060 INFO tempest.lib.common.rest_client [req-272f3d12-4801-476a-b647-6a49993dbeab req-272f3d12-4801-476a-b647-6a49993dbeab ] Request (FlavorsExtraSpecsTestJSON:tearDownClass): 204 DELETE http://10.180.1.21/identity/v3/users/4247560b5dba438baaa5cc35d32b2eef 0.116s
2025-12-09 08:49:44.119 67070 INFO tempest.lib.common.rest_client [req-08e57de8-9007-40aa-809c-03b218bd1687 req-08e57de8-9007-40aa-809c-03b218bd1687 ] Request (VolumesAdminNegativeTest:tearDownClass): 200 GET http://10.180.1.21/compute/v2.1/servers/ab361477-a6bc-48ee-a698-428b11144f40 3.669s
2025-12-09 08:49:44.128 67118 INFO tempest.lib.common.rest_client [req-20b8e2f9-623e-47b0-9a91-cf5da2a94557 req-20b8e2f9-623e-47b0-9a91-cf5da2a94557 ] Request (SecurityGroupRulesNegativeTestJSON:test_create_security_group_rule_with_invalid_to_port): 400 POST http://10.180.1.21/compute/v2.1/os-security-group-rules 3.372s
2025-12-09 08:49:44.175 67120 INFO tempest.lib.common.rest_client [req-d503a3cd-c7f0-4431-9372-ca4f58ac2f2d req-d503a3cd-c7f0-4431-9372-ca4f58ac2f2d ] Request (ServerAddressesNegativeTestJSON:tearDownClass): 200 GET http://10.180.1.21/compute/v2.1/servers/9066933d-e6ca-41b6-a1a5-a649fa955edc 3.323s
2025-12-09 08:49:44.203 67072 INFO tempest.lib.common.rest_client [req-f769a1be-7ac4-4fbc-a906-daccbac9ca96 req-f769a1be-7ac4-4fbc-a906-daccbac9ca96 ] Request (FlavorsAccessNegativeTestJSON:_run_cleanups): 200 GET http://10.180.1.21/compute/v2.1/flavors/detail 3.269s
2025-12-09 08:49:44.215 67060 INFO tempest.lib.common.rest_client [req-0c6ede1b-3c81-4c5f-a243-8a031ec88dfc req-0c6ede1b-3c81-4c5f-a243-8a031ec88dfc ] Request (FlavorsExtraSpecsTestJSON:tearDownClass): 204 DELETE http://10.180.1.21/identity/v3/users/f33acb3f47ea435b94254f6054af0dfc 0.125s
2025-12-09 08:49:44.215 67060 INFO tempest.lib.common.dynamic_creds [-] Deleting project and security group for project: fd478b9a054348ae98fdd918c0c2bc14
2025-12-09 08:49:44.285 67102 INFO tempest.lib.common.rest_client [req-9b3906e4-7c3b-43a0-97cb-9049068f506d req-9b3906e4-7c3b-43a0-97cb-9049068f506d ] Request (SecurityGroupRulesTestJSON:test_security_group_rules_list): 200 POST http://10.180.1.21/compute/v2.1/os-security-group-rules 3.382s
2025-12-09 08:49:44.298 67060 INFO tempest.lib.common.rest_client [req-5512d286-08bc-4ee7-947a-425b37a006f2 req-5512d286-08bc-4ee7-947a-425b37a006f2 ] Request (FlavorsExtraSpecsTestJSON:tearDownClass): 201 POST http://10.180.1.21/identity/v3/auth/tokens 0.083s
2025-12-09 08:49:44.317 67112 INFO tempest.lib.common.rest_client [req-34e79fd2-cacd-49bb-bc12-4f8d80011fac req-34e79fd2-cacd-49bb-bc12-4f8d80011fac ] Request (VolumesAssistedSnapshotsTest:test_volume_assisted_snapshot_create_delete): 200 GET http://10.180.1.21/compute/v2.1/servers/bfddcd49-90a5-4bee-bf4e-8dafe952e60a/os-interface 2.845s
2025-12-09 08:49:44.331 67062 INFO tempest.lib.common.rest_client [req-27004188-40f9-45de-86a3-93e88658a814 req-27004188-40f9-45de-86a3-93e88658a814 ] Request (ServicesAdminNegativeTestJSON:test_get_service_by_invalid_service_and_valid_host): 200 GET http://10.180.1.21/compute/v2.1/os-services 2.848s
2025-12-09 08:49:44.385 67096 INFO tempest.lib.common.rest_client [req-a554eb18-ae1f-4b04-8b00-c6adb1a093c6 req-a554eb18-ae1f-4b04-8b00-c6adb1a093c6 ] Request (QuotaClassesAdmin257Test:_run_cleanups): 200 PUT http://10.180.1.21/compute/v2.1/os-quota-class-sets/default 2.305s
2025-12-09 08:49:44.389 67106 INFO tempest.lib.common.rest_client [req-c205b8ad-19b1-4b51-b122-b6b54751ad62 req-c205b8ad-19b1-4b51-b122-b6b54751ad62 ] Request (ServerPasswordTestJSON:test_delete_server_password): 204 DELETE http://10.180.1.21/compute/v2.1/servers/af506d3c-a5c3-4a30-845a-6424e5023914/os-server-password 2.894s
2025-12-09 08:49:44.488 67096 INFO tempest.lib.common.rest_client [req-bfbf635a-e873-4eda-a7e9-daf1f381ed6d req-bfbf635a-e873-4eda-a7e9-daf1f381ed6d ] Request (QuotaClassesAdmin257Test:tearDownClass): 204 DELETE http://10.180.1.21/identity/v3/users/ca5476430d5c4f2a9882a8a8016ef791 0.093s
2025-12-09 08:49:44.563 67060 INFO tempest.lib.common.rest_client [req-01abfb9c-06e5-4f92-a6fb-4c238bbb7f10 req-01abfb9c-06e5-4f92-a6fb-4c238bbb7f10 ] Request (FlavorsExtraSpecsTestJSON:tearDownClass): 200 GET http://10.180.1.21/networking/v2.0/security-groups?tenant_id=fd478b9a054348ae98fdd918c0c2bc14&name=default 0.265s
2025-12-09 08:49:44.564 67090 INFO tempest.lib.common.rest_client [req-648de9c5-c63c-4076-a3d6-1d073cb5f653 req-648de9c5-c63c-4076-a3d6-1d073cb5f653 ] Request (QuotasAdminTestJSON:test_delete_quota): 200 GET http://10.180.1.21/identity/v3/domains?name=Default 0.104s
2025-12-09 08:49:44.594 67094 INFO tempest.lib.common.rest_client [req-3993d209-9e93-4b14-890e-2ffa8fcb940c req-3993d209-9e93-4b14-890e-2ffa8fcb940c ] Request (MultipleCreateTestJSON:test_multiple_create): 200 GET http://10.180.1.21/compute/v2.1/servers/2c8f7e9b-3fa5-42bd-9f64-61f0867d9853 1.925s
2025-12-09 08:49:44.603 67094 INFO tempest.common.waiters [-] State transition "BUILD/None" ==> "BUILD/networking" after 12 second wait
2025-12-09 08:49:44.611 67090 INFO tempest.lib.common.rest_client [req-8482849a-0e95-4271-bf5b-a09401977059 req-8482849a-0e95-4271-bf5b-a09401977059 ] Request (QuotasAdminTestJSON:test_delete_quota): 201 POST http://10.180.1.21/identity/v3/projects 0.045s
2025-12-09 08:49:44.636 67096 INFO tempest.lib.common.rest_client [req-9b8c9969-b8b2-44c0-9e4f-a05430fc3e76 req-9b8c9969-b8b2-44c0-9e4f-a05430fc3e76 ] Request (QuotaClassesAdmin257Test:tearDownClass): 204 DELETE http://10.180.1.21/identity/v3/users/d4c0bc4266ed48da85696fed0753bcc6 0.147s
2025-12-09 08:49:44.636 67096 INFO tempest.lib.common.dynamic_creds [-] Deleting project and security group for project: 7df28315f56a400a9453d713942896e8
