2025-12-09 09:18:41.927 67017 INFO tempest.lib.common.rest_client [req-90a7d1a0-fbf5-4853-9b56-a7b35190d425 req-90a7d1a0-fbf5-4853-9b56-a7b35190d425 ] Request (HypervisorAdminNegativeUnderV252Test:tearDownClass): 200 GET http://10.180.1.21/networking/v2.0/security-groups?tenant_id=0a7808f6201849c08074819e08a0b1de&name=default 0.709s
2025-12-09 09:18:42.035 67053 INFO tempest.lib.common.rest_client [req-43b0afc3-767a-46d6-aa2b-d72589693249 req-43b0afc3-767a-46d6-aa2b-d72589693249 ] Request (TenantUsagesNegativeTestJSON:tearDownClass): 200 GET http://10.180.1.21/networking/v2.0/security-groups?tenant_id=c46ed322b76f44d7b79a958b4993c530&name=default 0.798s
2025-12-09 09:18:42.067 67056 INFO tempest.lib.common.rest_client [req-b22fd748-5d13-490d-9f68-26caf7c3bd60 req-b22fd748-5d13-490d-9f68-26caf7c3bd60 ] Request (ImagesOneServerNegativeTestJSON:setUp): 200 GET http://10.180.1.21/compute/v2.1/servers/ae84e20c-26e3-4693-a6fd-37b15cdaf6d6 3.084s
2025-12-09 09:18:42.208 67023 INFO tempest.lib.common.rest_client [req-e9b62f7b-beb5-410f-8e61-85c05a3bf39c req-e9b62f7b-beb5-410f-8e61-85c05a3bf39c ] Request (VolumesAdminNegativeTest:tearDownClass): 204 DELETE http://10.180.1.21/networking/v2.0/subnets/151ba9ab-0e4f-4238-8acd-4b66a8943773 0.478s
2025-12-09 09:18:42.210 67071 INFO tempest.lib.common.rest_client [req-34591c38-71e9-4204-8eb9-e8640a0bd56c req-34591c38-71e9-4204-8eb9-e8640a0bd56c ] Request (ServersTestBootFromVolume:setUpClass): 200 POST http://10.180.1.21/compute/v2.1/os-keypairs 3.178s
2025-12-09 09:18:42.317 67011 INFO tempest.lib.common.rest_client [req-88a9cb65-7932-43b9-a7bc-2f8794f224a0 req-88a9cb65-7932-43b9-a7bc-2f8794f224a0 ] Request (MultipleCreateTestJSON:_run_cleanups): 204 DELETE http://10.180.1.21/compute/v2.1/servers/d40e0b18-8d23-4372-8a66-6604df0b5938 3.264s
2025-12-09 09:18:42.337 67041 INFO tempest.lib.common.rest_client [req-332dbcc6-fc72-43ad-8967-4cb7859b23e3 req-332dbcc6-fc72-43ad-8967-4cb7859b23e3 ] Request (AggregatesAdminNegativeTestJSON:_run_cleanups): 200 DELETE http://10.180.1.21/compute/v2.1/os-aggregates/4 3.281s
2025-12-09 09:18:42.349 67069 INFO tempest.lib.common.rest_client [req-745706bb-54a2-41a2-b807-c07946d1ab97 req-745706bb-54a2-41a2-b807-c07946d1ab97 ] Request (FlavorsAdminTestJSON:test_create_list_flavor_without_extra_data): 200 GET http://10.180.1.21/compute/v2.1/flavors/208961491 3.090s
2025-12-09 09:18:42.678 67058 INFO tempest.lib.common.rest_client [req-23486b95-2c37-43bd-9406-11750045ab2e req-23486b95-2c37-43bd-9406-11750045ab2e ] Request (InstanceActionsV221TestJSON:tearDownClass): 204 DELETE http://10.180.1.21/networking/v2.0/routers/dc08146a-54b9-4be5-a4be-09b4dec0b9b2 0.775s
2025-12-09 09:18:42.756 67017 INFO tempest.lib.common.rest_client [req-754937b1-e83b-4a08-bfaa-7eb38924e58f req-754937b1-e83b-4a08-bfaa-7eb38924e58f ] Request (HypervisorAdminNegativeUnderV252Test:tearDownClass): 204 DELETE http://10.180.1.21/networking/v2.0/security-groups/7b72562d-8580-40fa-bbd1-16aa1cd85e8c 0.828s
2025-12-09 09:18:42.847 67017 INFO tempest.lib.common.rest_client [req-a1daca80-d05e-4409-a6d3-51b00d6337a4 req-a1daca80-d05e-4409-a6d3-51b00d6337a4 ] Request (HypervisorAdminNegativeUnderV252Test:tearDownClass): 204 DELETE http://10.180.1.21/identity/v3/projects/0a7808f6201849c08074819e08a0b1de 0.090s
2025-12-09 09:18:42.847 67017 INFO tempest.lib.common.dynamic_creds [-] Deleting project and security group for project: 7dcbfa7321af4dc49e49a158b5bfbc4d
2025-12-09 09:18:42.935 67053 INFO tempest.lib.common.rest_client [req-8d83872b-ca65-42f8-b7ae-a7346fd51778 req-8d83872b-ca65-42f8-b7ae-a7346fd51778 ] Request (TenantUsagesNegativeTestJSON:tearDownClass): 204 DELETE http://10.180.1.21/networking/v2.0/security-groups/7086a7c3-b5ad-40c0-87af-39b4984ed4d7 0.900s
2025-12-09 09:18:43.041 67053 INFO tempest.lib.common.rest_client [req-3344b551-7efa-4d20-be06-9eaba92b1fc6 req-3344b551-7efa-4d20-be06-9eaba92b1fc6 ] Request (TenantUsagesNegativeTestJSON:tearDownClass): 204 DELETE http://10.180.1.21/identity/v3/projects/c46ed322b76f44d7b79a958b4993c530 0.105s
2025-12-09 09:18:43.041 67053 INFO tempest.lib.common.dynamic_creds [-] Deleting project and security group for project: a2551e22b40049559d49d97bd59cd962
2025-12-09 09:18:43.140 67049 WARNING tempest.lib.common.ssh [-] Failed to establish authenticated ssh connection to cirros@10.180.180.204 ([Errno None] Unable to connect to port 22 on 10.180.180.204). Number attempts: 4. Retry after 5 seconds.: paramiko.ssh_exception.NoValidConnectionsError: [Errno None] Unable to connect to port 22 on 10.180.180.204
2025-12-09 09:18:43.215 67023 INFO tempest.lib.common.rest_client [req-71d31c12-5ceb-4a88-bc43-c07fc1d2cfc5 req-71d31c12-5ceb-4a88-bc43-c07fc1d2cfc5 ] Request (VolumesAdminNegativeTest:tearDownClass): 204 DELETE http://10.180.1.21/networking/v2.0/networks/600668b4-f79d-4ab5-a310-41f40d14bfc7 1.006s
2025-12-09 09:18:43.303 67071 INFO tempest.lib.common.rest_client [req-35ca61ca-778d-473c-babb-a492b68e03b4 req-35ca61ca-778d-473c-babb-a492b68e03b4 ] Request (ServersTestBootFromVolume:setUpClass): 201 POST http://10.180.1.21/networking/v2.0/security-groups 1.089s
2025-12-09 09:18:43.428 67063 WARNING tempest.lib.common.ssh [-] Failed to establish authenticated ssh connection to cirros@10.180.180.217 ([Errno None] Unable to connect to port 22 on 10.180.180.217). Number attempts: 4. Retry after 5 seconds.: paramiko.ssh_exception.NoValidConnectionsError: [Errno None] Unable to connect to port 22 on 10.180.180.217
2025-12-09 09:18:43.493 67039 INFO tempest.lib.common.rest_client [req-475bef29-1db6-41f1-ac68-212acf3aeb53 req-475bef29-1db6-41f1-ac68-212acf3aeb53 ] Request (ServerGroupTestJSON:test_create_server_with_scheduler_hint_group): 200 GET http://10.180.1.21/compute/v2.1/servers/ec04a6e0-0d53-441c-97ca-60ecbfacd9a8 3.731s
2025-12-09 09:18:43.550 67029 INFO tempest.lib.common.rest_client [req-5ab812cd-65bd-4567-88eb-b1100f815d33 req-5ab812cd-65bd-4567-88eb-b1100f815d33 ] Request (FloatingIPDetailsTestJSON:tearDownClass): 202 DELETE http://10.180.1.21/compute/v2.1/os-floating-ips/80c1d817-4935-4322-8950-6ea2c24d0419 5.027s
2025-12-09 09:18:43.658 67017 INFO tempest.lib.common.rest_client [req-19896281-72f5-48eb-ab5f-267dc3d6368d req-19896281-72f5-48eb-ab5f-267dc3d6368d ] Request (HypervisorAdminNegativeUnderV252Test:tearDownClass): 200 GET http://10.180.1.21/networking/v2.0/security-groups?tenant_id=7dcbfa7321af4dc49e49a158b5bfbc4d&name=default 0.811s
2025-12-09 09:18:43.676 67058 INFO tempest.lib.common.rest_client [req-a28a6369-b217-4feb-96a0-42e0bf4fec1c req-a28a6369-b217-4feb-96a0-42e0bf4fec1c ] Request (InstanceActionsV221TestJSON:tearDownClass): 204 DELETE http://10.180.1.21/networking/v2.0/subnets/7de5d026-9263-4081-9318-609f750c278c 0.995s
2025-12-09 09:18:43.781 67053 INFO tempest.lib.common.rest_client [req-4084c29d-eb0e-4386-aa67-e364795cb536 req-4084c29d-eb0e-4386-aa67-e364795cb536 ] Request (TenantUsagesNegativeTestJSON:tearDownClass): 200 GET http://10.180.1.21/networking/v2.0/security-groups?tenant_id=a2551e22b40049559d49d97bd59cd962&name=default 0.739s
2025-12-09 09:18:44.089 67071 INFO tempest.lib.common.rest_client [req-71883503-9eb2-4be6-8792-5c104a519dce req-71883503-9eb2-4be6-8792-5c104a519dce ] Request (ServersTestBootFromVolume:setUpClass): 201 POST http://10.180.1.21/networking/v2.0/security-group-rules 0.785s
2025-12-09 09:18:44.146 67059 INFO tempest.lib.common.rest_client [req-6380fb24-5a8e-4809-929e-25f89a4bc597 req-6380fb24-5a8e-4809-929e-25f89a4bc597 ] Request (ServerAddressesNegativeTestJSON:tearDownClass): 200 GET http://10.180.1.21/compute/v2.1/servers/dedf4f26-ab78-4c18-b123-67bcbb86643c 4.380s
2025-12-09 09:18:44.268 67017 INFO tempest.lib.common.rest_client [req-9f3c56ed-82db-4b1f-a7d5-39dca887027b req-9f3c56ed-82db-4b1f-a7d5-39dca887027b ] Request (HypervisorAdminNegativeUnderV252Test:tearDownClass): 204 DELETE http://10.180.1.21/networking/v2.0/security-groups/7e2d2642-3ccc-4471-a70e-0a5f01dfb1ce 0.609s
2025-12-09 09:18:44.369 67017 INFO tempest.lib.common.rest_client [req-27219e59-b291-4496-aadd-e4f70565474f req-27219e59-b291-4496-aadd-e4f70565474f ] Request (HypervisorAdminNegativeUnderV252Test:tearDownClass): 204 DELETE http://10.180.1.21/identity/v3/projects/7dcbfa7321af4dc49e49a158b5bfbc4d 0.101s
2025-12-09 09:18:44.442 67017 INFO tempest.lib.common.rest_client [req-724b5b87-9769-4c45-ae05-b1fa41c93fd3 req-724b5b87-9769-4c45-ae05-b1fa41c93fd3 ] Request (ServerDiagnosticsV248Test:setUpClass): 201 POST http://10.180.1.21/identity/v3/auth/tokens 0.071s
2025-12-09 09:18:44.490 67017 INFO tempest.lib.common.rest_client [req-9572b191-ebc5-423d-88c2-cc42c76ea9f0 req-9572b191-ebc5-423d-88c2-cc42c76ea9f0 ] Request (ServerDiagnosticsV248Test:setUpClass): 201 POST http://10.180.1.21/identity/v3/auth/tokens 0.045s
2025-12-09 09:18:44.517 67058 INFO tempest.lib.common.rest_client [req-f5e80b2f-c95c-4231-8785-20045b1c33a9 req-f5e80b2f-c95c-4231-8785-20045b1c33a9 ] Request (InstanceActionsV221TestJSON:tearDownClass): 204 DELETE http://10.180.1.21/networking/v2.0/networks/eec5f3d5-cc48-42d2-abe1-e1f0db7d9785 0.841s
2025-12-09 09:18:44.538 67017 INFO tempest.lib.common.rest_client [req-183f4cc6-5577-4b0c-afe9-c686eb39eadf req-183f4cc6-5577-4b0c-afe9-c686eb39eadf ] Request (ServerDiagnosticsV248Test:setUpClass): 200 GET http://10.180.1.21/identity/v3/domains?name=Default 0.047s
2025-12-09 09:18:44.569 67017 INFO tempest.lib.common.rest_client [req-1f880eec-1b2f-474d-8b96-411024a53b97 req-1f880eec-1b2f-474d-8b96-411024a53b97 ] Request (ServerDiagnosticsV248Test:setUpClass): 201 POST http://10.180.1.21/identity/v3/projects 0.031s
2025-12-09 09:18:44.606 67058 INFO tempest.lib.common.rest_client [req-850c4a6f-844d-4ef4-bad0-b2310eb63f83 req-850c4a6f-844d-4ef4-bad0-b2310eb63f83 ] Request (InstanceActionsV221TestJSON:tearDownClass): 204 DELETE http://10.180.1.21/identity/v3/users/30eaa78e7772470581ac8c71988f59f6 0.089s
2025-12-09 09:18:44.607 67058 INFO tempest.lib.common.dynamic_creds [-] Deleting project and security group for project: 80022042d02c48c7b57b68da84b9eb42
2025-12-09 09:18:44.617 67053 INFO tempest.lib.common.rest_client [req-aa7fae79-de41-41a2-aac4-2723b1f04508 req-aa7fae79-de41-41a2-aac4-2723b1f04508 ] Request (TenantUsagesNegativeTestJSON:tearDownClass): 204 DELETE http://10.180.1.21/networking/v2.0/security-groups/229f4069-3c21-4d14-be85-c8ad1ee373d5 0.835s
2025-12-09 09:18:44.661 67017 INFO tempest.lib.common.rest_client [req-01d98dfc-257f-4edc-8cd3-6881a95cae11 req-01d98dfc-257f-4edc-8cd3-6881a95cae11 ] Request (ServerDiagnosticsV248Test:setUpClass): 201 POST http://10.180.1.21/identity/v3/users 0.091s
2025-12-09 09:18:44.661 67023 INFO tempest.lib.common.rest_client [req-4d6e522f-dbd8-476c-ab2c-7a9ed8900ad8 req-4d6e522f-dbd8-476c-ab2c-7a9ed8900ad8 ] Request (VolumesAdminNegativeTest:tearDownClass): 200 PUT http://10.180.1.21/networking/v2.0/routers/28eb4c9e-57a9-4c1c-a48b-fb998748db41/remove_router_interface 1.446s
2025-12-09 09:18:44.691 67017 INFO tempest.lib.common.rest_client [req-b078700e-5a86-422d-b8b7-4d5f03b15b54 req-b078700e-5a86-422d-b8b7-4d5f03b15b54 ] Request (ServerDiagnosticsV248Test:setUpClass): 200 GET http://10.180.1.21/identity/v3/roles 0.030s
2025-12-09 09:18:44.725 67053 INFO tempest.lib.common.rest_client [req-7d306b92-45b2-4086-bccb-007f2426de50 req-7d306b92-45b2-4086-bccb-007f2426de50 ] Request (TenantUsagesNegativeTestJSON:tearDownClass): 204 DELETE http://10.180.1.21/identity/v3/projects/a2551e22b40049559d49d97bd59cd962 0.108s
2025-12-09 09:18:44.761 67071 INFO tempest.lib.common.rest_client [req-7b331e61-ea45-41a3-a3d2-8083d282e37b req-7b331e61-ea45-41a3-a3d2-8083d282e37b ] Request (ServersTestBootFromVolume:setUpClass): 201 POST http://10.180.1.21/networking/v2.0/security-group-rules 0.672s
2025-12-09 09:18:44.762 67017 INFO tempest.lib.common.rest_client [req-e2831edd-b966-4740-b9f8-71ef7bf80130 req-e2831edd-b966-4740-b9f8-71ef7bf80130 ] Request (ServerDiagnosticsV248Test:setUpClass): 204 PUT http://10.180.1.21/identity/v3/projects/61914e34cec44a14b60d7893ac9d9699/users/c17d242344064a8ba4339414c5bf425f/roles/7ed9c61879e249adb15c729126e0bcc0 0.070s
2025-12-09 09:18:44.762 67017 INFO tempest.lib.common.dynamic_creds [-] Dynamic test user c17d242344064a8ba4339414c5bf425f is created with scope project and roles: ['member']
2025-12-09 09:18:44.763 67017 INFO tempest.lib.common.dynamic_creds [-] Acquired dynamic creds: credentials: Credentials: {'domain_id': 'default', 'domain_name': 'Default', 'username': 'tempest-ServerDiagnosticsV248Test-806046541-project-member', 'project_domain_id': 'default', 'project_domain_name': 'Default', 'project_id': '61914e34cec44a14b60d7893ac9d9699', 'project_name': 'tempest-ServerDiagnosticsV248Test-806046541', 'tenant_id': '61914e34cec44a14b60d7893ac9d9699', 'tenant_name': 'tempest-ServerDiagnosticsV248Test-806046541', 'user_domain_id': 'default', 'user_domain_name': 'Default', 'user_id': 'c17d242344064a8ba4339414c5bf425f', 'system': None}, Network: None, Subnet: None, Router: None
2025-12-09 09:18:44.763 67017 INFO tempest.lib.common.dynamic_creds [-] Created isolated network resources for: credentials: Credentials: {'domain_id': 'default', 'domain_name': 'Default', 'username': 'tempest-ServerDiagnosticsV248Test-806046541-project-member', 'project_domain_id': 'default', 'project_domain_name': 'Default', 'project_id': '61914e34cec44a14b60d7893ac9d9699', 'project_name': 'tempest-ServerDiagnosticsV248Test-806046541', 'tenant_id': '61914e34cec44a14b60d7893ac9d9699', 'tenant_name': 'tempest-ServerDiagnosticsV248Test-806046541', 'user_domain_id': 'default', 'user_domain_name': 'Default', 'user_id': 'c17d242344064a8ba4339414c5bf425f', 'system': None}, Network: None, Subnet: None, Router: None
2025-12-09 09:18:44.814 67053 INFO tempest.lib.common.rest_client [req-e5c569f9-9203-4ef1-97bb-e7a49462ae91 req-e5c569f9-9203-4ef1-97bb-e7a49462ae91 ] Request (KeyPairsNegativeTestJSON:setUpClass): 201 POST http://10.180.1.21/identity/v3/auth/tokens 0.087s
2025-12-09 09:18:44.821 67043 INFO tempest.lib.common.rest_client [req-c7882fcb-58db-4d73-88e7-f8537f8df339 req-c7882fcb-58db-4d73-88e7-f8537f8df339 ] Request (ServersAdminTestJSON:setUpClass): 200 GET http://10.180.1.21/compute/v2.1/servers/383db9c7-624b-48c3-8ab6-cdef8bfd1e15 4.974s
2025-12-09 09:18:44.850 67017 INFO tempest.lib.common.rest_client [req-e3d22331-362d-4527-89fd-47251321020a req-e3d22331-362d-4527-89fd-47251321020a ] Request (ServerDiagnosticsV248Test:setUpClass): 201 POST http://10.180.1.21/identity/v3/auth/tokens 0.081s
2025-12-09 09:18:44.857 67053 INFO tempest.lib.common.rest_client [req-9ed7eac4-386e-44d8-8838-9d264ec22c5f req-9ed7eac4-386e-44d8-8838-9d264ec22c5f ] Request (KeyPairsNegativeTestJSON:setUpClass): 201 POST http://10.180.1.21/identity/v3/auth/tokens 0.040s
2025-12-09 09:18:44.883 67053 INFO tempest.lib.common.rest_client [req-275bbeeb-7498-44d5-a53f-414cf0936f20 req-275bbeeb-7498-44d5-a53f-414cf0936f20 ] Request (KeyPairsNegativeTestJSON:setUpClass): 200 GET http://10.180.1.21/identity/v3/domains?name=Default 0.025s
2025-12-09 09:18:44.885 67017 INFO tempest.lib.common.rest_client [req-fd049bfe-9fed-42d4-824f-ecdbe8bf4063 req-fd049bfe-9fed-42d4-824f-ecdbe8bf4063 ] Request (ServerDiagnosticsV248Test:setUpClass): 201 POST http://10.180.1.21/identity/v3/projects 0.035s
2025-12-09 09:18:44.944 67058 INFO tempest.lib.common.rest_client [req-2ccef9e6-276e-4884-b10d-a95b1aff6393 req-2ccef9e6-276e-4884-b10d-a95b1aff6393 ] Request (InstanceActionsV221TestJSON:tearDownClass): 200 GET http://10.180.1.21/networking/v2.0/security-groups?tenant_id=80022042d02c48c7b57b68da84b9eb42&name=default 0.337s
2025-12-09 09:18:44.948 67017 INFO tempest.lib.common.rest_client [req-4b98a0a5-570b-4bf2-9b49-dbeb511f8b71 req-4b98a0a5-570b-4bf2-9b49-dbeb511f8b71 ] Request (ServerDiagnosticsV248Test:setUpClass): 201 POST http://10.180.1.21/identity/v3/users 0.062s
2025-12-09 09:18:44.960 67053 INFO tempest.lib.common.rest_client [req-55880571-8e39-4ea0-a2f9-ad2eef039828 req-55880571-8e39-4ea0-a2f9-ad2eef039828 ] Request (KeyPairsNegativeTestJSON:setUpClass): 201 POST http://10.180.1.21/identity/v3/projects 0.076s
2025-12-09 09:18:44.971 67017 INFO tempest.lib.common.rest_client [req-9e0c9414-a8cd-4757-bfa2-4b3317f75d46 req-9e0c9414-a8cd-4757-bfa2-4b3317f75d46 ] Request (ServerDiagnosticsV248Test:setUpClass): 200 GET http://10.180.1.21/identity/v3/roles 0.023s
2025-12-09 09:18:45.030 67053 INFO tempest.lib.common.rest_client [req-b60d2cf2-1377-4c2c-8237-249efdf9e9c9 req-b60d2cf2-1377-4c2c-8237-249efdf9e9c9 ] Request (KeyPairsNegativeTestJSON:setUpClass): 201 POST http://10.180.1.21/identity/v3/users 0.070s
2025-12-09 09:18:45.057 67053 INFO tempest.lib.common.rest_client [req-d11bd3b2-d707-40e0-a98e-b83e94ca884a req-d11bd3b2-d707-40e0-a98e-b83e94ca884a ] Request (KeyPairsNegativeTestJSON:setUpClass): 200 GET http://10.180.1.21/identity/v3/roles 0.027s
2025-12-09 09:18:45.058 67017 INFO tempest.lib.common.rest_client [req-549184ec-be6c-4279-b061-c236b4aa2b89 req-549184ec-be6c-4279-b061-c236b4aa2b89 ] Request (ServerDiagnosticsV248Test:setUpClass): 204 PUT http://10.180.1.21/identity/v3/projects/e46bd88d0de6488fba00810da5d1c5f1/users/976242f8ad6e433985f5c20590d7361a/roles/98cfa5ff7638450cb302ca2eca7fe714 0.086s
2025-12-09 09:18:45.114 67017 INFO tempest.lib.common.rest_client [req-dcdab6d2-111c-4442-aa2d-382c28fa5c99 req-dcdab6d2-111c-4442-aa2d-382c28fa5c99 ] Request (ServerDiagnosticsV248Test:setUpClass): 200 GET http://10.180.1.21/identity/v3/roles 0.056s
2025-12-09 09:18:45.122 67053 INFO tempest.lib.common.rest_client [req-5ece916f-04c4-429d-a9b8-3ae537736476 req-5ece916f-04c4-429d-a9b8-3ae537736476 ] Request (KeyPairsNegativeTestJSON:setUpClass): 204 PUT http://10.180.1.21/identity/v3/projects/7dcd850dec4c46168b21c8447f3c0636/users/801447c16b604d24a534d65121008f34/roles/7ed9c61879e249adb15c729126e0bcc0 0.064s
2025-12-09 09:18:45.122 67053 INFO tempest.lib.common.dynamic_creds [-] Dynamic test user 801447c16b604d24a534d65121008f34 is created with scope project and roles: ['member']
2025-12-09 09:18:45.122 67053 INFO tempest.lib.common.dynamic_creds [-] Acquired dynamic creds: credentials: Credentials: {'domain_id': 'default', 'domain_name': 'Default', 'username': 'tempest-KeyPairsNegativeTestJSON-1512222632-project-member', 'project_domain_id': 'default', 'project_domain_name': 'Default', 'project_id': '7dcd850dec4c46168b21c8447f3c0636', 'project_name': 'tempest-KeyPairsNegativeTestJSON-1512222632', 'tenant_id': '7dcd850dec4c46168b21c8447f3c0636', 'tenant_name': 'tempest-KeyPairsNegativeTestJSON-1512222632', 'user_domain_id': 'default', 'user_domain_name': 'Default', 'user_id': '801447c16b604d24a534d65121008f34', 'system': None}, Network: None, Subnet: None, Router: None
2025-12-09 09:18:45.122 67053 INFO tempest.lib.common.dynamic_creds [-] Created isolated network resources for: credentials: Credentials: {'domain_id': 'default', 'domain_name': 'Default', 'username': 'tempest-KeyPairsNegativeTestJSON-1512222632-project-member', 'project_domain_id': 'default', 'project_domain_name': 'Default', 'project_id': '7dcd850dec4c46168b21c8447f3c0636', 'project_name': 'tempest-KeyPairsNegativeTestJSON-1512222632', 'tenant_id': '7dcd850dec4c46168b21c8447f3c0636', 'tenant_name': 'tempest-KeyPairsNegativeTestJSON-1512222632', 'user_domain_id': 'default', 'user_domain_name': 'Default', 'user_id': '801447c16b604d24a534d65121008f34', 'system': None}, Network: None, Subnet: None, Router: None
2025-12-09 09:18:45.160 67017 INFO tempest.lib.common.rest_client [req-c550bcd3-a1af-4d1a-8362-652f7e915bb2 req-c550bcd3-a1af-4d1a-8362-652f7e915bb2 ] Request (ServerDiagnosticsV248Test:setUpClass): 204 PUT http://10.180.1.21/identity/v3/projects/e46bd88d0de6488fba00810da5d1c5f1/users/976242f8ad6e433985f5c20590d7361a/roles/98cfa5ff7638450cb302ca2eca7fe714 0.046s
2025-12-09 09:18:45.161 67017 INFO tempest.lib.common.dynamic_creds [-] Dynamic test user 976242f8ad6e433985f5c20590d7361a is created with scope project and roles: ['admin']
2025-12-09 09:18:45.161 67017 INFO tempest.lib.common.dynamic_creds [-] Acquired dynamic creds: credentials: Credentials: {'domain_id': 'default', 'domain_name': 'Default', 'username': 'tempest-ServerDiagnosticsV248Test-1794313723-project-admin', 'project_domain_id': 'default', 'project_domain_name': 'Default', 'project_id': 'e46bd88d0de6488fba00810da5d1c5f1', 'project_name': 'tempest-ServerDiagnosticsV248Test-1794313723', 'tenant_id': 'e46bd88d0de6488fba00810da5d1c5f1', 'tenant_name': 'tempest-ServerDiagnosticsV248Test-1794313723', 'user_domain_id': 'default', 'user_domain_name': 'Default', 'user_id': '976242f8ad6e433985f5c20590d7361a', 'system': None}, Network: None, Subnet: None, Router: None
2025-12-09 09:18:45.161 67017 INFO tempest.lib.common.dynamic_creds [-] Created isolated network resources for: credentials: Credentials: {'domain_id': 'default', 'domain_name': 'Default', 'username': 'tempest-ServerDiagnosticsV248Test-1794313723-project-admin', 'project_domain_id': 'default', 'project_domain_name': 'Default', 'project_id': 'e46bd88d0de6488fba00810da5d1c5f1', 'project_name': 'tempest-ServerDiagnosticsV248Test-1794313723', 'tenant_id': 'e46bd88d0de6488fba00810da5d1c5f1', 'tenant_name': 'tempest-ServerDiagnosticsV248Test-1794313723', 'user_domain_id': 'default', 'user_domain_name': 'Default', 'user_id': '976242f8ad6e433985f5c20590d7361a', 'system': None}, Network: None, Subnet: None, Router: None
2025-12-09 09:18:45.202 67053 INFO tempest.lib.common.rest_client [req-76abc03a-4eaa-4301-94da-68e4cfc4c9aa req-76abc03a-4eaa-4301-94da-68e4cfc4c9aa ] Request (KeyPairsNegativeTestJSON:setUpClass): 201 POST http://10.180.1.21/identity/v3/auth/tokens 0.076s
2025-12-09 09:18:45.255 67017 INFO tempest.lib.common.rest_client [req-2439c521-d15d-4709-a654-788f6b0ccece req-2439c521-d15d-4709-a654-788f6b0ccece ] Request (ServerDiagnosticsV248Test:setUpClass): 201 POST http://10.180.1.21/identity/v3/auth/tokens 0.092s
2025-12-09 09:18:45.322 67031 WARNING tempest.lib.common.ssh [-] Failed to establish authenticated ssh connection to cirros@10.180.180.198 ([Errno None] Unable to connect to port 22 on 10.180.180.198). Number attempts: 6. Retry after 7 seconds.: paramiko.ssh_exception.NoValidConnectionsError: [Errno None] Unable to connect to port 22 on 10.180.180.198
2025-12-09 09:18:45.324 67017 INFO tempest.lib.common.rest_client [req-874dc3ed-a379-4053-b362-0e6f626de260 req-874dc3ed-a379-4053-b362-0e6f626de260 ] Request (ServerDiagnosticsV248Test:test_get_server_diagnostics): 201 POST http://10.180.1.21/identity/v3/auth/tokens 0.061s
2025-12-09 09:18:45.324 67017 INFO tempest.lib.common.fixed_network [-] (ServerDiagnosticsV248Test:test_get_server_diagnostics) Found network None available for tenant
2025-12-09 09:18:45.365 67023 INFO tempest.lib.common.rest_client [req-44cd7faa-601a-418a-b5d6-efafc6abecab req-44cd7faa-601a-418a-b5d6-efafc6abecab ] Request (VolumesAdminNegativeTest:tearDownClass): 204 DELETE http://10.180.1.21/networking/v2.0/routers/28eb4c9e-57a9-4c1c-a48b-fb998748db41 0.703s
2025-12-09 09:18:45.438 67071 INFO tempest.lib.common.rest_client [req-4614f2f8-8ecf-482f-8eb4-3be332f85d14 req-4614f2f8-8ecf-482f-8eb4-3be332f85d14 ] Request (ServersTestBootFromVolume:setUpClass): 201 POST http://10.180.1.21/networking/v2.0/floatingips 0.676s
2025-12-09 09:18:45.460 67009 INFO tempest.lib.common.rest_client [req-44809d4f-a11f-45b9-bc97-601d2cd78205 req-44809d4f-a11f-45b9-bc97-601d2cd78205 ] Request (ServerDiagnosticsTest:tearDownClass): 200 GET http://10.180.1.21/compute/v2.1/servers/0ffc0e40-fff6-4dd7-a9c8-d7a05bdbd1b0 5.591s
2025-12-09 09:18:45.515 67015 INFO tempest.lib.common.rest_client [req-a06a5f73-11b7-4d3a-915a-4ec511c1bed5 req-a06a5f73-11b7-4d3a-915a-4ec511c1bed5 ] Request (FloatingIPsAssociationNegativeTestJSON:test_associate_ip_to_server_with_floating_ip): 400 POST http://10.180.1.21/compute/v2.1/servers/1bc504f0-cdd5-4c89-80e8-c38472340030/action 5.713s
2025-12-09 09:18:45.533 67071 INFO tempest.lib.common.rest_client [req-2d7f3b9c-b9cd-4460-9834-22246a3bbfe3 req-2d7f3b9c-b9cd-4460-9834-22246a3bbfe3 ] Request (ServersTestBootFromVolume:setUpClass): 201 POST http://10.180.1.21/identity/v3/auth/tokens 0.092s
2025-12-09 09:18:45.534 67071 INFO tempest.lib.common.fixed_network [-] (ServersTestBootFromVolume:setUpClass) Found network {'id': 'dd29c1dd-5db1-4a38-8047-2ed6f39345c2', 'name': 'tempest-ServersTestBootFromVolume-201229354-network', 'tenant_id': '5a0f2b9676344814b0f1a3c310784c58', 'project_id': '5a0f2b9676344814b0f1a3c310784c58', 'admin_state_up': True, 'mtu': 8950, 'status': 'ACTIVE', 'subnets': [], 'shared': False, 'port_security_enabled': True, 'router:external': False, 'provider:network_type': 'vlan', 'provider:physical_network': 'default', 'provider:segmentation_id': 137, 'availability_zone_hints': [], 'availability_zones': [], 'ipv4_address_scope': None, 'ipv6_address_scope': None, 'description': '', 'tags': [], 'created_at': '2025-12-09T09:18:36Z', 'updated_at': '2025-12-09T09:18:36Z', 'revision_number': 1} available for tenant
2025-12-09 09:18:45.587 67067 INFO tempest.lib.common.rest_client [req-805d4550-73c3-48f5-8de9-5ca55a631355 req-805d4550-73c3-48f5-8de9-5ca55a631355 ] Request (ServersAdminNegativeTestJSON:test_migrate_server_invalid_state): 202 POST http://10.180.1.21/compute/v2.1/servers/d92b6932-59bf-44d6-aece-9fa108746372/action 5.598s
2025-12-09 09:18:45.638 67058 INFO tempest.lib.common.rest_client [req-9875b7bd-ca38-439d-bdd5-394533906847 req-9875b7bd-ca38-439d-bdd5-394533906847 ] Request (InstanceActionsV221TestJSON:tearDownClass): 204 DELETE http://10.180.1.21/networking/v2.0/security-groups/2da3a663-8ba5-4db7-8624-49b0dba218ab 0.693s
2025-12-09 09:18:45.745 67058 INFO tempest.lib.common.rest_client [req-15d4196c-4b0a-4a2e-a1e8-b907f3041950 req-15d4196c-4b0a-4a2e-a1e8-b907f3041950 ] Request (InstanceActionsV221TestJSON:tearDownClass): 204 DELETE http://10.180.1.21/identity/v3/projects/80022042d02c48c7b57b68da84b9eb42 0.107s
2025-12-09 09:18:45.842 67058 INFO tempest.lib.common.rest_client [req-edafea4f-eb74-472c-b3bb-a4deda821abd req-edafea4f-eb74-472c-b3bb-a4deda821abd ] Request (ServerActionsTestJSON:setUpClass): 201 POST http://10.180.1.21/identity/v3/auth/tokens 0.095s
2025-12-09 09:18:45.887 67058 INFO tempest.lib.common.rest_client [req-a8ac2197-147e-40e3-b49d-3e7b408d1bcf req-a8ac2197-147e-40e3-b49d-3e7b408d1bcf ] Request (ServerActionsTestJSON:setUpClass): 201 POST http://10.180.1.21/identity/v3/auth/tokens 0.042s
2025-12-09 09:18:45.919 67058 INFO tempest.lib.common.rest_client [req-1dc5e828-cb3f-4326-b70c-c7dbfde1e88b req-1dc5e828-cb3f-4326-b70c-c7dbfde1e88b ] Request (ServerActionsTestJSON:setUpClass): 200 GET http://10.180.1.21/identity/v3/domains?name=Default 0.031s
2025-12-09 09:18:45.938 67023 INFO tempest.lib.common.rest_client [req-dd4073d9-6cd9-4d02-8683-cae57b3d2270 req-dd4073d9-6cd9-4d02-8683-cae57b3d2270 ] Request (VolumesAdminNegativeTest:tearDownClass): 204 DELETE http://10.180.1.21/networking/v2.0/subnets/5e432cc5-5fe6-45ca-8597-c203bad5bac5 0.572s
2025-12-09 09:18:45.957 67058 INFO tempest.lib.common.rest_client [req-50916998-96ef-4a15-b7a9-90662e5c8e30 req-50916998-96ef-4a15-b7a9-90662e5c8e30 ] Request (ServerActionsTestJSON:setUpClass): 201 POST http://10.180.1.21/identity/v3/projects 0.037s
2025-12-09 09:18:46.002 67065 INFO tempest.lib.common.rest_client [req-f90b68b8-7b3a-48de-8d80-387a133266e3 req-f90b68b8-7b3a-48de-8d80-387a133266e3 ] Request (ServersAdmin275Test:tearDownClass): 200 GET http://10.180.1.21/compute/v2.1/servers/59de45df-cecb-42a0-8c57-75bdd2472069 5.941s
2025-12-09 09:18:46.011 67071 INFO tempest.lib.common.rest_client [req-eb7d8693-c86e-4fbd-a541-87f041d14513 req-eb7d8693-c86e-4fbd-a541-87f041d14513 ] Request (ServersTestBootFromVolume:setUpClass): 202 POST http://10.180.1.21/volume/v3/volumes 0.476s
2025-12-09 09:18:46.033 67058 INFO tempest.lib.common.rest_client [req-7a51490e-ff2e-44de-9ff1-5224e53017d9 req-7a51490e-ff2e-44de-9ff1-5224e53017d9 ] Request (ServerActionsTestJSON:setUpClass): 201 POST http://10.180.1.21/identity/v3/users 0.076s
2025-12-09 09:18:46.057 67058 INFO tempest.lib.common.rest_client [req-22abe1bc-0250-4b40-9a55-e3ececa5628e req-22abe1bc-0250-4b40-9a55-e3ececa5628e ] Request (ServerActionsTestJSON:setUpClass): 200 GET http://10.180.1.21/identity/v3/roles 0.023s
2025-12-09 09:18:46.057 67071 INFO tempest.lib.common.rest_client [req-a9cdd0d9-1f2e-465f-a6ee-c52a38844d52 req-a9cdd0d9-1f2e-465f-a6ee-c52a38844d52 ] Request (ServersTestBootFromVolume:setUpClass): 200 GET http://10.180.1.21/volume/v3/volumes/18951954-c05f-4bf4-a301-46a055f3ca44 0.033s
2025-12-09 09:18:46.099 67058 INFO tempest.lib.common.rest_client [req-b33838f0-a2c5-44f3-8f5b-7287fc31c6fe req-b33838f0-a2c5-44f3-8f5b-7287fc31c6fe ] Request (ServerActionsTestJSON:setUpClass): 204 PUT http://10.180.1.21/identity/v3/projects/231fbf7909c74a47b9b2eb1321e15545/users/1c10e228304142dea3c1cd9cbdd53c71/roles/7ed9c61879e249adb15c729126e0bcc0 0.042s
2025-12-09 09:18:46.099 67058 INFO tempest.lib.common.dynamic_creds [-] Dynamic test user 1c10e228304142dea3c1cd9cbdd53c71 is created with scope project and roles: ['member']
2025-12-09 09:18:46.099 67058 INFO tempest.lib.common.dynamic_creds [-] Acquired dynamic creds: credentials: Credentials: {'domain_id': 'default', 'domain_name': 'Default', 'username': 'tempest-ServerActionsTestJSON-1271866897-project-member', 'project_domain_id': 'default', 'project_domain_name': 'Default', 'project_id': '231fbf7909c74a47b9b2eb1321e15545', 'project_name': 'tempest-ServerActionsTestJSON-1271866897', 'tenant_id': '231fbf7909c74a47b9b2eb1321e15545', 'tenant_name': 'tempest-ServerActionsTestJSON-1271866897', 'user_domain_id': 'default', 'user_domain_name': 'Default', 'user_id': '1c10e228304142dea3c1cd9cbdd53c71', 'system': None}, Network: None, Subnet: None, Router: None
2025-12-09 09:18:46.180 67058 INFO tempest.lib.common.rest_client [req-74c9b436-fb1f-43e2-8fac-9d2883e26a3d req-74c9b436-fb1f-43e2-8fac-9d2883e26a3d ] Request (ServerActionsTestJSON:setUpClass): 201 POST http://10.180.1.21/identity/v3/auth/tokens 0.080s
2025-12-09 09:18:46.441 67023 INFO tempest.lib.common.rest_client [req-2b63e47d-7586-4567-81ce-c062d20d3a43 req-2b63e47d-7586-4567-81ce-c062d20d3a43 ] Request (VolumesAdminNegativeTest:tearDownClass): 204 DELETE http://10.180.1.21/networking/v2.0/networks/d05b0be3-6215-4892-a634-0dc61b8a1b26 0.503s
2025-12-09 09:18:46.495 67061 INFO tempest.lib.common.rest_client [req-ac0808f6-8f6f-4526-b727-5d3ebf4fde63 req-ac0808f6-8f6f-4526-b727-5d3ebf4fde63 ] Request (FloatingIPsAssociationTestJSON:test_associate_already_associated_floating_ip): 200 GET http://10.180.1.21/compute/v2.1/servers/78f144fc-a044-4ca1-ab72-8767c9010a4b 6.381s
2025-12-09 09:18:46.504 67061 INFO tempest.common.waiters [-] State transition "BUILD/None" ==> "BUILD/spawning" after 16 second wait
2025-12-09 09:18:46.509 67045 INFO tempest.lib.common.rest_client [req-800ba9b1-7c71-4209-b3ca-45105b4ed894 req-800ba9b1-7c71-4209-b3ca-45105b4ed894 ] Request (DeleteServersAdminTestJSON:test_delete_server_while_in_error_state): 200 GET http://10.180.1.21/compute/v2.1/servers/890d8e0a-b85d-466d-bef9-c517c2ca36f2 6.377s
2025-12-09 09:18:46.725 67033 INFO tempest.lib.common.rest_client [req-41eb0ae8-a4bf-4eeb-af01-42f0e484980d req-41eb0ae8-a4bf-4eeb-af01-42f0e484980d ] Request (QuotasAdminTestV236:test_get_updated_quotas): 200 PUT http://10.180.1.21/compute/v2.1/os-quota-sets/fde1b83c8d764b65b0908aefd788287c?user_id=850e6921ef3b47498b62ce159c0a7988 6.538s
2025-12-09 09:18:47.095 67071 INFO tempest.lib.common.rest_client [req-1488ffca-1c43-423f-a856-11e036d15418 req-1488ffca-1c43-423f-a856-11e036d15418 ] Request (ServersTestBootFromVolume:setUpClass): 200 GET http://10.180.1.21/volume/v3/volumes/18951954-c05f-4bf4-a301-46a055f3ca44 0.029s
2025-12-09 09:18:47.153 67058 INFO tempest.lib.common.rest_client [req-efaad54b-3f2a-4c2b-ada8-5381c50a3ec5 req-efaad54b-3f2a-4c2b-ada8-5381c50a3ec5 ] Request (ServerActionsTestJSON:setUpClass): 201 POST http://10.180.1.21/networking/v2.0/networks 0.971s
2025-12-09 09:18:47.890 67023 INFO tempest.lib.common.rest_client [req-4b006ef0-6c9e-4347-a85e-a8bedae0c32e req-4b006ef0-6c9e-4347-a85e-a8bedae0c32e ] Request (VolumesAdminNegativeTest:tearDownClass): 200 PUT http://10.180.1.21/networking/v2.0/routers/aec4ada9-e90d-4bd2-96c7-1184715c9d6d/remove_router_interface 1.448s
2025-12-09 09:18:48.044 67013 WARNING tempest.lib.common.ssh [-] Failed to establish authenticated ssh connection to cirros@10.180.180.246 ([Errno None] Unable to connect to port 22 on 10.180.180.246). Number attempts: 5. Retry after 6 seconds.: paramiko.ssh_exception.NoValidConnectionsError: [Errno None] Unable to connect to port 22 on 10.180.180.246
2025-12-09 09:18:48.068 67058 INFO tempest.lib.common.rest_client [req-3ff1b7a8-32a2-4381-ad70-665ea3e706d1 req-3ff1b7a8-32a2-4381-ad70-665ea3e706d1 ] Request (ServerActionsTestJSON:setUpClass): 201 POST http://10.180.1.21/networking/v2.0/subnets 0.915s
2025-12-09 09:18:48.131 67071 INFO tempest.lib.common.rest_client [req-3c44a82a-34a5-4fe3-9c71-6ad0f0dbf4c5 req-3c44a82a-34a5-4fe3-9c71-6ad0f0dbf4c5 ] Request (ServersTestBootFromVolume:setUpClass): 200 GET http://10.180.1.21/volume/v3/volumes/18951954-c05f-4bf4-a301-46a055f3ca44 0.028s
2025-12-09 09:18:48.142 67021 INFO tempest.lib.common.rest_client [req-03b59855-acf7-43cd-8654-aadbf5079d39 req-03b59855-acf7-43cd-8654-aadbf5079d39 ] Request (ServersWithSpecificFlavorTestJSON:test_verify_created_server_ephemeral_disk): 200 GET http://10.180.1.21/compute/v2.1/servers/bd13e3c8-181b-475b-8f64-aac8de08a1e3 7.895s
2025-12-09 09:18:48.152 67021 INFO tempest.common.waiters [-] State transition "BUILD/spawning" ==> "ACTIVE/None" after 28 second wait
2025-12-09 09:18:48.240 67027 INFO tempest.lib.common.rest_client [req-49b3a241-2356-426e-832b-56ef6e4d96f4 req-49b3a241-2356-426e-832b-56ef6e4d96f4 ] Request (SecurityGroupRulesNegativeTestJSON:test_create_security_group_rule_duplicate): 200 POST http://10.180.1.21/compute/v2.1/os-security-group-rules 7.905s
2025-12-09 09:18:48.283 67035 INFO tempest.lib.common.rest_client [req-85e84f13-46da-4795-8386-b343019ea328 req-85e84f13-46da-4795-8386-b343019ea328 ] Request (FlavorsAccessNegativeTestJSON:_run_cleanups): 200 POST http://10.180.1.21/compute/v2.1/flavors/307953365/action 7.944s
2025-12-09 09:18:48.295 67037 INFO tempest.lib.common.rest_client [req-6a37198e-0811-4fde-b547-bdada1a51e1a req-6a37198e-0811-4fde-b547-bdada1a51e1a ] Request (FlavorsV2TestJSON:test_list_flavors_filter_by_min_disk): 200 GET http://10.180.1.21/compute/v2.1/flavors/42 7.452s
2025-12-09 09:18:48.315 67051 INFO tempest.lib.common.rest_client [req-088622ce-541e-4370-8406-f4beea99c7ca req-088622ce-541e-4370-8406-f4beea99c7ca ] Request (ServerShowV254Test:tearDownClass): 404 GET http://10.180.1.21/compute/v2.1/servers/7751e845-eccc-44d8-a2b0-e2bcf5f449e9 7.081s
2025-12-09 09:18:48.403 67051 INFO tempest.lib.common.rest_client [req-c2a7fa4a-bcfa-47d6-b1df-95594bd04278 req-c2a7fa4a-bcfa-47d6-b1df-95594bd04278 ] Request (ServerShowV254Test:tearDownClass): 204 DELETE http://10.180.1.21/identity/v3/users/3706f3561a0744a9961a5fb0b43867a4 0.087s
2025-12-09 09:18:48.403 67051 INFO tempest.lib.common.dynamic_creds [-] Deleting project and security group for project: 073d8d1993124706a796a4ecd1be9ab5
2025-12-09 09:18:48.471 67051 INFO tempest.lib.common.rest_client [req-f5bec7da-0190-401c-ac28-c13d626d9e4a req-f5bec7da-0190-401c-ac28-c13d626d9e4a ] Request (ServerShowV254Test:tearDownClass): 201 POST http://10.180.1.21/identity/v3/auth/tokens 0.067s
2025-12-09 09:18:48.648 67049 WARNING tempest.lib.common.ssh [-] Failed to establish authenticated ssh connection to cirros@10.180.180.204 ([Errno None] Unable to connect to port 22 on 10.180.180.204). Number attempts: 5. Retry after 6 seconds.: paramiko.ssh_exception.NoValidConnectionsError: [Errno None] Unable to connect to port 22 on 10.180.180.204
2025-12-09 09:18:48.666 67023 INFO tempest.lib.common.rest_client [req-6945bbe9-15ee-4dc9-b5ac-a8933f4b5495 req-6945bbe9-15ee-4dc9-b5ac-a8933f4b5495 ] Request (VolumesAdminNegativeTest:tearDownClass): 204 DELETE http://10.180.1.21/networking/v2.0/routers/aec4ada9-e90d-4bd2-96c7-1184715c9d6d 0.775s
2025-12-09 09:18:48.935 67063 WARNING tempest.lib.common.ssh [-] Failed to establish authenticated ssh connection to cirros@10.180.180.217 ([Errno None] Unable to connect to port 22 on 10.180.180.217). Number attempts: 5. Retry after 6 seconds.: paramiko.ssh_exception.NoValidConnectionsError: [Errno None] Unable to connect to port 22 on 10.180.180.217
2025-12-09 09:18:49.015 67047 INFO tempest.lib.common.rest_client [req-2bd6099b-e7f9-4514-9be0-24b5a7ca9f81 req-2bd6099b-e7f9-4514-9be0-24b5a7ca9f81 ] Request (ImagesNegativeTestJSON:test_create_image_from_deleted_server): 200 GET http://10.180.1.21/compute/v2.1/servers/cc1d85f8-38c6-42da-81ea-3d147a15b852 7.207s
2025-12-09 09:18:49.020 67056 INFO tempest.lib.common.rest_client [req-afa45d6b-8227-491f-b6fe-224037352ee0 req-afa45d6b-8227-491f-b6fe-224037352ee0 ] Request (ImagesOneServerNegativeTestJSON:test_create_image_specify_invalid_metadata): 400 POST http://10.180.1.21/compute/v2.1/servers/ae84e20c-26e3-4693-a6fd-37b15cdaf6d6/action 6.944s
2025-12-09 09:18:49.121 67011 INFO tempest.lib.common.rest_client [req-ae120568-44b2-4ad2-a03d-0019651776dd req-ae120568-44b2-4ad2-a03d-0019651776dd ] Request (MultipleCreateTestJSON:_run_cleanups): 204 DELETE http://10.180.1.21/compute/v2.1/servers/a92cb7fb-dddd-4c2a-ade2-a49c5f41dd3e 6.803s
2025-12-09 09:18:49.148 67041 INFO tempest.lib.common.rest_client [req-e5706684-7e41-419c-b0a0-47e065a70706 req-e5706684-7e41-419c-b0a0-47e065a70706 ] Request (AggregatesAdminNegativeTestJSON:test_aggregate_delete_as_user): 200 POST http://10.180.1.21/compute/v2.1/os-aggregates 6.810s
2025-12-09 09:18:49.175 67071 INFO tempest.lib.common.rest_client [req-96baaf81-623e-4185-8b74-00e0a183e082 req-96baaf81-623e-4185-8b74-00e0a183e082 ] Request (ServersTestBootFromVolume:setUpClass): 200 GET http://10.180.1.21/volume/v3/volumes/18951954-c05f-4bf4-a301-46a055f3ca44 0.034s
2025-12-09 09:18:49.228 67051 INFO tempest.lib.common.rest_client [req-da782fe7-bbcb-4427-9ba1-5960b3918859 req-da782fe7-bbcb-4427-9ba1-5960b3918859 ] Request (ServerShowV254Test:tearDownClass): 200 GET http://10.180.1.21/networking/v2.0/security-groups?tenant_id=073d8d1993124706a796a4ecd1be9ab5&name=default 0.757s
2025-12-09 09:18:49.266 67069 INFO tempest.lib.common.rest_client [req-62f92c2f-e2b7-4443-9b57-a38e716ad306 req-62f92c2f-e2b7-4443-9b57-a38e716ad306 ] Request (FlavorsAdminTestJSON:test_create_list_flavor_without_extra_data): 200 GET http://10.180.1.21/compute/v2.1/flavors/detail 6.914s
2025-12-09 09:18:49.334 67023 INFO tempest.lib.common.rest_client [req-2b881564-ebc5-4ec9-b0f2-38a67331b914 req-2b881564-ebc5-4ec9-b0f2-38a67331b914 ] Request (VolumesAdminNegativeTest:tearDownClass): 204 DELETE http://10.180.1.21/networking/v2.0/subnets/2cdb7285-74af-404b-a474-fa9c1785d679 0.667s
2025-12-09 09:18:49.424 67058 INFO tempest.lib.common.rest_client [req-ce69510b-e2ca-4903-8517-3658e1696256 req-ce69510b-e2ca-4903-8517-3658e1696256 ] Request (ServerActionsTestJSON:setUpClass): 201 POST http://10.180.1.21/networking/v2.0/routers 1.355s
2025-12-09 09:18:49.427 67025 INFO tempest.lib.common.rest_client [req-cb3501fe-a041-4c3f-a26c-bf8779c0db31 req-cb3501fe-a041-4c3f-a26c-bf8779c0db31 ] Request (InstanceActionsTestJSON:setUpClass): 200 GET http://10.180.1.21/compute/v2.1/servers/ba6259cb-e9d9-4daf-80d6-52a02035fada 8.302s
2025-12-09 09:18:49.436 67025 INFO tempest.common.waiters [-] State transition "BUILD/None" ==> "BUILD/spawning" after 21 second wait
2025-12-09 09:18:49.530 67051 INFO tempest.lib.common.rest_client [req-554a0a29-13ba-46e4-b87d-7fca359c4bf0 req-554a0a29-13ba-46e4-b87d-7fca359c4bf0 ] Request (ServerShowV254Test:tearDownClass): 204 DELETE http://10.180.1.21/networking/v2.0/security-groups/be752628-3c3e-494e-962e-e122a3f9166e 0.302s
2025-12-09 09:18:49.613 67051 INFO tempest.lib.common.rest_client [req-62dc8c96-5821-4a53-9dd0-093f174a7085 req-62dc8c96-5821-4a53-9dd0-093f174a7085 ] Request (ServerShowV254Test:tearDownClass): 204 DELETE http://10.180.1.21/identity/v3/projects/073d8d1993124706a796a4ecd1be9ab5 0.083s
2025-12-09 09:18:49.786 67023 INFO tempest.lib.common.rest_client [req-2537276e-a805-4b34-89c3-f4b4563417cb req-2537276e-a805-4b34-89c3-f4b4563417cb ] Request (VolumesAdminNegativeTest:tearDownClass): 204 DELETE http://10.180.1.21/networking/v2.0/networks/2cd52612-efab-4130-911d-b52248e4e255 0.451s
2025-12-09 09:18:49.846 67039 INFO tempest.lib.common.rest_client [req-460d114f-cdcb-4fa6-b1b4-c5993aeda481 req-460d114f-cdcb-4fa6-b1b4-c5993aeda481 ] Request (ServerGroupTestJSON:test_create_server_with_scheduler_hint_group): 200 GET http://10.180.1.21/compute/v2.1/servers/ec04a6e0-0d53-441c-97ca-60ecbfacd9a8 5.343s
2025-12-09 09:18:49.907 67023 INFO tempest.lib.common.rest_client [req-523a51be-4810-4494-b4bd-64af5b372980 req-523a51be-4810-4494-b4bd-64af5b372980 ] Request (VolumesAdminNegativeTest:tearDownClass): 204 DELETE http://10.180.1.21/identity/v3/users/c260ef08d9d7495b9f784daade624c64 0.120s
2025-12-09 09:18:50.013 67023 INFO tempest.lib.common.rest_client [req-c4d562a7-02b1-4a67-92d3-f6d3831ec1e1 req-c4d562a7-02b1-4a67-92d3-f6d3831ec1e1 ] Request (VolumesAdminNegativeTest:tearDownClass): 204 DELETE http://10.180.1.21/identity/v3/users/0ab7991541754d53862c351cdf4a3c82 0.106s
2025-12-09 09:18:50.032 67059 INFO tempest.lib.common.rest_client [req-c7f67ff7-a505-4ea0-978f-04cf6cb04c8c req-c7f67ff7-a505-4ea0-978f-04cf6cb04c8c ] Request (ServerAddressesNegativeTestJSON:tearDownClass): 200 GET http://10.180.1.21/compute/v2.1/servers/dedf4f26-ab78-4c18-b123-67bcbb86643c 4.870s
2025-12-09 09:18:50.140 67023 INFO tempest.lib.common.rest_client [req-2de85a27-cbbc-4009-8632-fd7bac2f47e7 req-2de85a27-cbbc-4009-8632-fd7bac2f47e7 ] Request (VolumesAdminNegativeTest:tearDownClass): 204 DELETE http://10.180.1.21/identity/v3/users/3eab799b085546f28b03691ee873275e 0.126s
2025-12-09 09:18:50.140 67023 INFO tempest.lib.common.dynamic_creds [-] Deleting project and security group for project: 37afc2e579a94e6cbd332ee5eb5d4eb1
2025-12-09 09:18:50.145 67053 INFO tempest.lib.common.rest_client [req-45bcfdcc-b172-40a6-a3f8-35be5c957020 req-45bcfdcc-b172-40a6-a3f8-35be5c957020 ] Request (KeyPairsNegativeTestJSON:test_create_keypair_invalid_name): 400 POST http://10.180.1.21/compute/v2.1/os-keypairs 4.940s
2025-12-09 09:18:50.222 67071 INFO tempest.lib.common.rest_client [req-799786da-f3f2-45a2-8329-4598107e82a7 req-799786da-f3f2-45a2-8329-4598107e82a7 ] Request (ServersTestBootFromVolume:setUpClass): 200 GET http://10.180.1.21/volume/v3/volumes/18951954-c05f-4bf4-a301-46a055f3ca44 0.039s
2025-12-09 09:18:50.413 67017 INFO tempest.lib.common.rest_client [req-f392fe12-7be9-42bb-91ef-bc415cd7b537 req-f392fe12-7be9-42bb-91ef-bc415cd7b537 ] Request (ServerDiagnosticsV248Test:test_get_server_diagnostics): 202 POST http://10.180.1.21/compute/v2.1/servers 5.088s
2025-12-09 09:18:50.439 67029 INFO tempest.lib.common.rest_client [req-0779a69b-0a0b-4ae6-b5fc-03767c838c16 req-0779a69b-0a0b-4ae6-b5fc-03767c838c16 ] Request (FloatingIPDetailsTestJSON:tearDownClass): 202 DELETE http://10.180.1.21/compute/v2.1/os-floating-ips/a4f4866d-3655-4824-baff-542e6442f9e5 6.888s
2025-12-09 09:18:50.516 67023 INFO tempest.lib.common.rest_client [req-3a251c66-aa98-4b25-b519-fd4edb47b42c req-3a251c66-aa98-4b25-b519-fd4edb47b42c ] Request (VolumesAdminNegativeTest:tearDownClass): 200 GET http://10.180.1.21/networking/v2.0/security-groups?tenant_id=37afc2e579a94e6cbd332ee5eb5d4eb1&name=default 0.375s
2025-12-09 09:18:50.582 67058 INFO tempest.lib.common.rest_client [req-f7f8ba57-b796-48d6-8abf-c42a8011ba77 req-f7f8ba57-b796-48d6-8abf-c42a8011ba77 ] Request (ServerActionsTestJSON:setUpClass): 200 PUT http://10.180.1.21/networking/v2.0/routers/4bf58af4-2265-47e8-ac7f-85443d54dfa3/add_router_interface 1.157s
2025-12-09 09:18:50.582 67058 INFO tempest.lib.common.dynamic_creds [-] Created isolated network resources for: credentials: Credentials: {'domain_id': 'default', 'domain_name': 'Default', 'username': 'tempest-ServerActionsTestJSON-1271866897-project-member', 'project_domain_id': 'default', 'project_domain_name': 'Default', 'project_id': '231fbf7909c74a47b9b2eb1321e15545', 'project_name': 'tempest-ServerActionsTestJSON-1271866897', 'tenant_id': '231fbf7909c74a47b9b2eb1321e15545', 'tenant_name': 'tempest-ServerActionsTestJSON-1271866897', 'user_domain_id': 'default', 'user_domain_name': 'Default', 'user_id': '1c10e228304142dea3c1cd9cbdd53c71', 'system': None}, Network: {'id': '314e4f46-67d3-49f5-a7fe-73b58609aa34', 'name': 'tempest-ServerActionsTestJSON-1588551663-network', 'tenant_id': '231fbf7909c74a47b9b2eb1321e15545', 'project_id': '231fbf7909c74a47b9b2eb1321e15545', 'admin_state_up': True, 'mtu': 8950, 'status': 'ACTIVE', 'subnets': [], 'shared': False, 'port_security_enabled': True, 'router:external': False, 'provider:network_type': 'vlan', 'provider:physical_network': 'default', 'provider:segmentation_id': 312, 'availability_zone_hints': [], 'availability_zones': [], 'ipv4_address_scope': None, 'ipv6_address_scope': None, 'description': '', 'tags': [], 'created_at': '2025-12-09T09:18:47Z', 'updated_at': '2025-12-09T09:18:47Z', 'revision_number': 1}, Subnet: {'id': 'e9cec98f-44d6-4597-8bb7-91aed7a92ade', 'name': 'tempest-ServerActionsTestJSON-1588551663-subnet', 'tenant_id': '231fbf7909c74a47b9b2eb1321e15545', 'network_id': '314e4f46-67d3-49f5-a7fe-73b58609aa34', 'ip_version': 4, 'subnetpool_id': None, 'enable_dhcp': True, 'ipv6_ra_mode': None, 'ipv6_address_mode': None, 'gateway_ip': '192.168.128.1', 'cidr': '192.168.128.0/28', 'allocation_pools': [{'start': '192.168.128.2', 'end': '192.168.128.14'}], 'host_routes': [], 'dns_nameservers': [], 'description': '', 'router:external': False, 'service_types': [], 'tags': [], 'created_at': '2025-12-09T09:18:47Z', 'updated_at': '2025-12-09T09:18:47Z', 'revision_number': 0, 'project_id': '231fbf7909c74a47b9b2eb1321e15545'}, Router: {'id': '4bf58af4-2265-47e8-ac7f-85443d54dfa3', 'name': 'tempest-ServerActionsTestJSON-1588551663-router', 'tenant_id': '231fbf7909c74a47b9b2eb1321e15545', 'admin_state_up': True, 'status': 'ACTIVE', 'external_gateway_info': {'network_id': '36c218aa-627d-418a-9501-ba587c43e224', 'external_fixed_ips': [{'subnet_id': 'aa9ff4c2-441a-47f2-bafc-11825fc47454', 'ip_address': '10.180.180.244'}], 'enable_snat': True}, 'description': '', 'availability_zones': [], 'distributed': False, 'ha': False, 'availability_zone_hints': [], 'routes': [], 'flavor_id': None, 'tags': [], 'created_at': '2025-12-09T09:18:48Z', 'updated_at': '2025-12-09T09:18:49Z', 'revision_number': 2, 'project_id': '231fbf7909c74a47b9b2eb1321e15545'}
2025-12-09 09:18:50.745 67058 INFO tempest.lib.common.rest_client [req-2f2fda6d-80ce-497c-bd70-abc0cfa4c006 req-2f2fda6d-80ce-497c-bd70-abc0cfa4c006 ] Request (ServerActionsTestJSON:setUpClass): 201 POST http://10.180.1.21/identity/v3/auth/tokens 0.156s
2025-12-09 09:18:50.883 67023 INFO tempest.lib.common.rest_client [req-3e498ade-00f9-45ee-8d71-173fbf582f82 req-3e498ade-00f9-45ee-8d71-173fbf582f82 ] Request (VolumesAdminNegativeTest:tearDownClass): 204 DELETE http://10.180.1.21/networking/v2.0/security-groups/f0953939-b67d-4f80-a8c0-428ed7221931 0.367s
2025-12-09 09:18:51.004 67023 INFO tempest.lib.common.rest_client [req-3715f815-ca8e-485f-b45e-da4f77e17072 req-3715f815-ca8e-485f-b45e-da4f77e17072 ] Request (VolumesAdminNegativeTest:tearDownClass): 204 DELETE http://10.180.1.21/identity/v3/projects/37afc2e579a94e6cbd332ee5eb5d4eb1 0.120s
2025-12-09 09:18:51.004 67023 INFO tempest.lib.common.dynamic_creds [-] Deleting project and security group for project: 91be0f4a196b419982380834bd2bd3fc
2025-12-09 09:18:51.264 67071 INFO tempest.lib.common.rest_client [req-51079e3c-85d6-4d93-9b1d-a67c86212c9c req-51079e3c-85d6-4d93-9b1d-a67c86212c9c ] Request (ServersTestBootFromVolume:setUpClass): 200 GET http://10.180.1.21/volume/v3/volumes/18951954-c05f-4bf4-a301-46a055f3ca44 0.034s
2025-12-09 09:18:51.506 67067 INFO tempest.lib.common.rest_client [req-75abd981-91fb-411e-9c39-6d8237ff76d4 req-75abd981-91fb-411e-9c39-6d8237ff76d4 ] Request (ServersAdminNegativeTestJSON:test_migrate_server_invalid_state): 200 GET http://10.180.1.21/compute/v2.1/servers/d92b6932-59bf-44d6-aece-9fa108746372 5.914s
2025-12-09 09:18:51.527 67023 INFO tempest.lib.common.rest_client [req-d1c47109-b835-4e5e-84f7-ebb4e9f8e8fd req-d1c47109-b835-4e5e-84f7-ebb4e9f8e8fd ] Request (VolumesAdminNegativeTest:tearDownClass): 200 GET http://10.180.1.21/networking/v2.0/security-groups?tenant_id=91be0f4a196b419982380834bd2bd3fc&name=default 0.523s
2025-12-09 09:18:51.631 67029 INFO tempest.lib.common.rest_client [req-6f5ac2a1-9a2e-48ed-97ad-140c1dd37868 req-6f5ac2a1-9a2e-48ed-97ad-140c1dd37868 ] Request (FloatingIPDetailsTestJSON:tearDownClass): 200 PUT http://10.180.1.21/networking/v2.0/routers/65984ec2-46df-4268-8e53-cf5db83a5884/remove_router_interface 1.189s
2025-12-09 09:18:51.785 67023 INFO tempest.lib.common.rest_client [req-6e4eebf2-8a86-43fe-a2f5-f8ecdbbc71e2 req-6e4eebf2-8a86-43fe-a2f5-f8ecdbbc71e2 ] Request (VolumesAdminNegativeTest:tearDownClass): 204 DELETE http://10.180.1.21/networking/v2.0/security-groups/75bb3b1a-d915-4ef3-a6a2-af7bb74e0513 0.256s
2025-12-09 09:18:51.916 67023 INFO tempest.lib.common.rest_client [req-64e62fa5-58c4-4024-a5e5-3e419d43d9ec req-64e62fa5-58c4-4024-a5e5-3e419d43d9ec ] Request (VolumesAdminNegativeTest:tearDownClass): 204 DELETE http://10.180.1.21/identity/v3/projects/91be0f4a196b419982380834bd2bd3fc 0.129s
2025-12-09 09:18:51.916 67023 INFO tempest.lib.common.dynamic_creds [-] Deleting project and security group for project: b9532ff9c3b0450f9127e8c4c85fc5b3
