2025-12-09 09:20:57.680 67015 INFO tempest.lib.common.rest_client [req-e51a24c8-b29b-4f92-b198-de6ea0cb4261 req-e51a24c8-b29b-4f92-b198-de6ea0cb4261 ] Request (ServersNegativeTestJSON:setUpClass): 200 GET http://10.180.1.21/compute/v2.1/servers/3bb6952b-9472-4552-ab66-6cf1697ff97a 0.186s
2025-12-09 09:20:57.684 67047 INFO tempest.common.waiters [-] State transition "BUILD/None" ==> "BUILD/networking" after 58 second wait
2025-12-09 09:20:57.810 67011 INFO tempest.lib.common.rest_client [req-e81b2bba-0b08-4e25-b6cb-d6ed074771f4 req-e81b2bba-0b08-4e25-b6cb-d6ed074771f4 ] Request (ServerGroup264TestJSON:tearDownClass): 204 DELETE http://10.180.1.21/networking/v2.0/networks/ca98e48e-cb96-4644-a6f5-6894e742e6e2 0.156s
2025-12-09 09:20:57.839 67009 INFO tempest.lib.common.rest_client [req-8c50b2ca-ee1c-4a44-99c6-f89f372fa526 req-8c50b2ca-ee1c-4a44-99c6-f89f372fa526 ] Request (ImagesTestJSON:test_create_image_from_suspended_server): 200 GET http://10.180.1.21/compute/v2.1/servers/34ac49b7-9d66-44b0-94b3-c3b9a137d8ce 0.284s
2025-12-09 09:20:57.862 67025 INFO tempest.lib.common.rest_client [req-4b8f2698-4662-4639-b60c-5b85b374eca9 req-4b8f2698-4662-4639-b60c-5b85b374eca9 ] Request (ListServersNegativeTestJSON:setUpClass): 200 GET http://10.180.1.21/compute/v2.1/servers/7da78ec1-bc6a-4046-a3a3-2e05c315a5f2 0.324s
2025-12-09 09:20:57.911 67011 INFO tempest.lib.common.rest_client [req-c151ba80-50d3-482c-9e9a-8e4eba58d4dd req-c151ba80-50d3-482c-9e9a-8e4eba58d4dd ] Request (ServerGroup264TestJSON:tearDownClass): 204 DELETE http://10.180.1.21/identity/v3/users/7caf1d0412754edd8873df6178fcd34a 0.100s
2025-12-09 09:20:57.911 67011 INFO tempest.lib.common.dynamic_creds [-] Deleting project and security group for project: b2610b9ab4594b75a77acb4bca9f75c8
2025-12-09 09:20:57.918 67067 INFO tempest.lib.common.rest_client [req-8d403c77-2f83-4f82-9024-8e0caa051886 req-8d403c77-2f83-4f82-9024-8e0caa051886 ] Request (ServersAdminNegativeTestJSON:tearDownClass): 200 GET http://10.180.1.21/compute/v2.1/servers/7ddc6107-2c07-4d30-9f46-3cd0e0bcd99a 0.315s
2025-12-09 09:20:57.939 67037 INFO tempest.lib.common.rest_client [req-76be758a-416d-4995-b264-ef3209a755a3 req-76be758a-416d-4995-b264-ef3209a755a3 ] Request (ServerRescueTestJSONUnderV235:tearDownClass): 200 GET http://10.180.1.21/compute/v2.1/servers/b42fcdc7-8491-48af-a932-6dd8e837b7ec 0.310s
2025-12-09 09:20:57.946 67011 INFO tempest.lib.common.rest_client [req-9dc67a18-e03f-4af0-b9e4-62fbdd355c03 req-9dc67a18-e03f-4af0-b9e4-62fbdd355c03 ] Request (ServerGroup264TestJSON:tearDownClass): 200 GET http://10.180.1.21/networking/v2.0/security-groups?tenant_id=b2610b9ab4594b75a77acb4bca9f75c8&name=default 0.034s
2025-12-09 09:20:58.021 67011 INFO tempest.lib.common.rest_client [req-7062fd47-20d9-448d-a7fe-8de9fbe9ac8b req-7062fd47-20d9-448d-a7fe-8de9fbe9ac8b ] Request (ServerGroup264TestJSON:tearDownClass): 204 DELETE http://10.180.1.21/networking/v2.0/security-groups/4797cc4d-474a-4ea4-8575-6b64409657b6 0.074s
2025-12-09 09:20:58.040 67027 INFO tempest.lib.common.rest_client [req-1364e2f5-8cda-461b-8233-f77dd2807f40 req-1364e2f5-8cda-461b-8233-f77dd2807f40 ] Request (ServersListShow298Test:tearDownClass): 200 GET http://10.180.1.21/compute/v2.1/servers/b21f308d-abc0-4b48-8f17-640794658f83 0.247s
2025-12-09 09:20:58.087 67041 INFO tempest.lib.common.rest_client [req-cd8eb3af-f181-471e-95c8-0c19b7a3ad5f req-cd8eb3af-f181-471e-95c8-0c19b7a3ad5f ] Request (MigrationsAdminTest:test_list_migrations_in_flavor_resize_situation): 200 GET http://10.180.1.21/compute/v2.1/servers/93492d04-1727-4f8d-b6ce-33fb44de23d9 0.279s
2025-12-09 09:20:58.124 67011 INFO tempest.lib.common.rest_client [req-c6588fa3-0494-41c9-a45f-515fc8f5f55a req-c6588fa3-0494-41c9-a45f-515fc8f5f55a ] Request (ServerGroup264TestJSON:tearDownClass): 204 DELETE http://10.180.1.21/identity/v3/projects/b2610b9ab4594b75a77acb4bca9f75c8 0.103s
2025-12-09 09:20:58.125 67011 INFO tempest.test [-] raised in AttachVolumeMultiAttachTest.setUpClass. Invoking tearDownClass.
2025-12-09 09:20:58.132 67069 INFO tempest.lib.common.rest_client [req-b389342e-99f6-4f61-921c-c53cb4db32b1 req-b389342e-99f6-4f61-921c-c53cb4db32b1 ] Request (TenantUsagesTestJSON:tearDownClass): 200 GET http://10.180.1.21/compute/v2.1/servers/446a9e2c-4a10-406b-adca-12131724eaf3 0.072s
2025-12-09 09:20:58.191 67061 INFO tempest.lib.common.rest_client [req-80391c96-e0b2-4f5d-97fc-e514ad0c2575 req-80391c96-e0b2-4f5d-97fc-e514ad0c2575 ] Request (ServerActionsTestOtherB:setUpClass): 200 GET http://10.180.1.21/compute/v2.1/servers/bf006b1f-17ec-46dc-a1d3-fbc5021d855b 0.069s
2025-12-09 09:20:58.320 67023 INFO tempest.lib.common.rest_client [req-4561095b-4a20-4342-b37f-15ff094b7d44 req-4561095b-4a20-4342-b37f-15ff094b7d44 ] Request (ServersTestJSON:tearDownClass): 200 GET http://10.180.1.21/compute/v2.1/servers/a2673269-901f-4762-add8-0055d7b9e8fa 0.102s
2025-12-09 09:20:58.376 67031 INFO tempest.lib.common.rest_client [req-eaf71059-3ebb-44bb-bded-127758d4add8 req-eaf71059-3ebb-44bb-bded-127758d4add8 ] Request (AttachInterfacesV270Test:test_create_get_list_interfaces): 200 GET http://10.180.1.21/compute/v2.1/servers/70dbad1b-a071-4fa0-8081-aafcbe8737bf 0.081s
2025-12-09 09:20:58.499 67033 INFO tempest.lib.common.rest_client [req-5e35a9c1-9f2b-4841-967a-2b05c5c551f9 req-5e35a9c1-9f2b-4841-967a-2b05c5c551f9 ] Request (ServersTestManualDisk:tearDownClass): 200 GET http://10.180.1.21/compute/v2.1/servers/83106c13-960a-4a40-842e-478b2f312810 0.138s
2025-12-09 09:20:58.529 67043 INFO tempest.lib.common.rest_client [req-109603a1-6e94-4975-849f-bfcd97581389 req-109603a1-6e94-4975-849f-bfcd97581389 ] Request (ServersAdminTestJSON:test_rebuild_server_in_error_state): 200 GET http://10.180.1.21/compute/v2.1/servers/d520469b-5e6e-4688-a065-2d12a119519f 0.211s
2025-12-09 09:20:58.564 67056 INFO tempest.lib.common.rest_client [req-b2549f87-fdd4-4bcf-bba6-1a2cdabc414f req-b2549f87-fdd4-4bcf-bba6-1a2cdabc414f ] Request (ImagesOneServerNegativeTestJSON:_run_cleanups): 200 GET http://10.180.1.21/compute/v2.1/servers/c9988073-40c4-4a3b-ae51-ca338e15f224 0.190s
2025-12-09 09:20:58.632 67049 INFO tempest.lib.common.rest_client [req-ea61ba1a-1052-4260-8f6b-163bef2ba700 req-ea61ba1a-1052-4260-8f6b-163bef2ba700 ] Request (ServerActionsTestOtherA:_run_cleanups): 200 GET http://10.180.1.21/compute/v2.1/servers/2e9d0cc0-8aa2-436a-b45c-0deba3a0248f 0.212s
2025-12-09 09:20:58.665 67071 INFO tempest.lib.common.rest_client [req-3d9e095c-5339-4cc8-b89e-9c1789f1208a req-3d9e095c-5339-4cc8-b89e-9c1789f1208a ] Request (ServersTestBootFromVolume:tearDownClass): 200 GET http://10.180.1.21/compute/v2.1/servers/d394a9f8-0d69-4bbf-8ffc-7c8282886942 0.232s
2025-12-09 09:20:58.717 67065 INFO tempest.lib.common.rest_client [req-158571c9-97d1-4f58-8d9a-bc7690f64f29 req-158571c9-97d1-4f58-8d9a-bc7690f64f29 ] Request (ImagesOneServerTestJSON:tearDownClass): 200 GET http://10.180.1.21/compute/v2.1/servers/3ace1546-5eaf-4757-b10a-a2675b99cfc8 0.221s
2025-12-09 09:20:58.729 67017 INFO tempest.lib.common.rest_client [req-8bc370fb-fae6-4177-97c9-935a874c6b43 req-8bc370fb-fae6-4177-97c9-935a874c6b43 ] Request (InstanceActionsNegativeTestJSON:setUpClass): 200 GET http://10.180.1.21/compute/v2.1/servers/460db65f-3673-406c-96e6-65932d07e7bb 0.220s
2025-12-09 09:20:58.736 67017 INFO tempest.common.waiters [-] State transition "BUILD/scheduling" ==> "BUILD/None" after 37 second wait
2025-12-09 09:20:58.787 67045 INFO tempest.lib.common.rest_client [req-aeeea015-2bb0-4b93-adfd-65133eee7d77 req-aeeea015-2bb0-4b93-adfd-65133eee7d77 ] Request (ServersV294TestFqdnHostnames:setUpClass): 200 GET http://10.180.1.21/compute/v2.1/servers/35bf075e-7ca3-4a05-9d6f-3e56b487ca70 0.231s
2025-12-09 09:20:58.797 67035 INFO tempest.lib.common.rest_client [req-14fc75de-7f66-44ce-a317-05944016ca02 req-14fc75de-7f66-44ce-a317-05944016ca02 ] Request (ServerExternalEventsTest:tearDownClass): 200 GET http://10.180.1.21/compute/v2.1/servers/95a06454-61e3-47c5-93c9-468d7303ec2a 0.214s
2025-12-09 09:20:58.923 67015 INFO tempest.lib.common.rest_client [req-fb811041-5816-4e75-b8e1-9d2151f012aa req-fb811041-5816-4e75-b8e1-9d2151f012aa ] Request (ServersNegativeTestJSON:setUpClass): 200 GET http://10.180.1.21/compute/v2.1/servers/3bb6952b-9472-4552-ab66-6cf1697ff97a 0.232s
2025-12-09 09:20:58.948 67047 INFO tempest.lib.common.rest_client [req-910a0251-debc-436a-96be-4150d294fef3 req-910a0251-debc-436a-96be-4150d294fef3 ] Request (ListServerFiltersTestJSON:setUpClass): 200 GET http://10.180.1.21/compute/v2.1/servers/b29753b8-b05d-4c10-ac46-dd1835f974e1 0.262s
2025-12-09 09:20:58.956 67047 INFO tempest.common.waiters [-] State transition "BUILD/networking" ==> "BUILD/spawning" after 59 second wait
2025-12-09 09:20:58.974 67009 INFO tempest.lib.common.rest_client [req-819ba54b-536f-47fb-853e-ab63b1941775 req-819ba54b-536f-47fb-853e-ab63b1941775 ] Request (ImagesTestJSON:test_create_image_from_suspended_server): 200 GET http://10.180.1.21/compute/v2.1/servers/34ac49b7-9d66-44b0-94b3-c3b9a137d8ce 0.122s
2025-12-09 09:20:58.999 67025 INFO tempest.lib.common.rest_client [req-30147aa1-f1b0-4b1b-a52e-cd28dd3b9c4d req-30147aa1-f1b0-4b1b-a52e-cd28dd3b9c4d ] Request (ListServersNegativeTestJSON:setUpClass): 200 GET http://10.180.1.21/compute/v2.1/servers/7da78ec1-bc6a-4046-a3a3-2e05c315a5f2 0.125s
2025-12-09 09:20:59.033 67067 INFO tempest.lib.common.rest_client [req-6ba66c45-33fd-4ffc-acc3-d16bc9db5cc4 req-6ba66c45-33fd-4ffc-acc3-d16bc9db5cc4 ] Request (ServersAdminNegativeTestJSON:tearDownClass): 200 GET http://10.180.1.21/compute/v2.1/servers/7ddc6107-2c07-4d30-9f46-3cd0e0bcd99a 0.105s
2025-12-09 09:20:59.058 67037 INFO tempest.lib.common.rest_client [req-6e8914d6-f2d8-49fb-be68-4520d98b627e req-6e8914d6-f2d8-49fb-be68-4520d98b627e ] Request (ServerRescueTestJSONUnderV235:tearDownClass): 200 GET http://10.180.1.21/compute/v2.1/servers/b42fcdc7-8491-48af-a932-6dd8e837b7ec 0.109s
2025-12-09 09:20:59.122 67027 INFO tempest.lib.common.rest_client [req-da0cd62a-a393-4a9e-9a45-a663ae00a8be req-da0cd62a-a393-4a9e-9a45-a663ae00a8be ] Request (ServersListShow298Test:tearDownClass): 200 GET http://10.180.1.21/compute/v2.1/servers/b21f308d-abc0-4b48-8f17-640794658f83 0.071s
2025-12-09 09:20:59.193 67041 INFO tempest.lib.common.rest_client [req-bc6124ab-8235-4d09-a953-6f366516fc53 req-bc6124ab-8235-4d09-a953-6f366516fc53 ] Request (MigrationsAdminTest:test_list_migrations_in_flavor_resize_situation): 200 GET http://10.180.1.21/compute/v2.1/servers/93492d04-1727-4f8d-b6ce-33fb44de23d9 0.097s
2025-12-09 09:20:59.208 67069 INFO tempest.lib.common.rest_client [req-f87b7cc1-66aa-4527-a69c-7b60cd183abc req-f87b7cc1-66aa-4527-a69c-7b60cd183abc ] Request (TenantUsagesTestJSON:tearDownClass): 200 GET http://10.180.1.21/compute/v2.1/servers/446a9e2c-4a10-406b-adca-12131724eaf3 0.062s
2025-12-09 09:20:59.247 67061 INFO tempest.lib.common.rest_client [req-bdd26721-181c-4fea-8161-908da0dc5d96 req-bdd26721-181c-4fea-8161-908da0dc5d96 ] Request (ServerActionsTestOtherB:setUpClass): 200 GET http://10.180.1.21/compute/v2.1/servers/bf006b1f-17ec-46dc-a1d3-fbc5021d855b 0.046s
2025-12-09 09:20:59.402 67023 INFO tempest.lib.common.rest_client [req-a517629d-a33d-48ff-bb64-bb94c7ccd3d5 req-a517629d-a33d-48ff-bb64-bb94c7ccd3d5 ] Request (ServersTestJSON:tearDownClass): 200 GET http://10.180.1.21/compute/v2.1/servers/a2673269-901f-4762-add8-0055d7b9e8fa 0.073s
2025-12-09 09:20:59.445 67031 INFO tempest.lib.common.rest_client [req-5a7ce8ee-96b6-4a19-8216-0456897a32bb req-5a7ce8ee-96b6-4a19-8216-0456897a32bb ] Request (AttachInterfacesV270Test:test_create_get_list_interfaces): 200 GET http://10.180.1.21/compute/v2.1/servers/70dbad1b-a071-4fa0-8081-aafcbe8737bf 0.059s
2025-12-09 09:20:59.575 67033 INFO tempest.lib.common.rest_client [req-4e0718ed-00e1-49f8-9d45-855ffd10b582 req-4e0718ed-00e1-49f8-9d45-855ffd10b582 ] Request (ServersTestManualDisk:tearDownClass): 200 GET http://10.180.1.21/compute/v2.1/servers/83106c13-960a-4a40-842e-478b2f312810 0.061s
2025-12-09 09:20:59.626 67056 INFO tempest.lib.common.rest_client [req-8d3b946d-0bb1-4254-9bfc-c18fe0b96f9e req-8d3b946d-0bb1-4254-9bfc-c18fe0b96f9e ] Request (ImagesOneServerNegativeTestJSON:_run_cleanups): 200 GET http://10.180.1.21/compute/v2.1/servers/c9988073-40c4-4a3b-ae51-ca338e15f224 0.052s
2025-12-09 09:20:59.651 67043 INFO tempest.lib.common.rest_client [req-f0abab32-bbad-4de1-a694-83d9eaef359f req-f0abab32-bbad-4de1-a694-83d9eaef359f ] Request (ServersAdminTestJSON:test_rebuild_server_in_error_state): 200 GET http://10.180.1.21/compute/v2.1/servers/d520469b-5e6e-4688-a065-2d12a119519f 0.111s
2025-12-09 09:20:59.720 67049 INFO tempest.lib.common.rest_client [req-44392d9c-4493-42bb-ad5e-d7d0b92428b4 req-44392d9c-4493-42bb-ad5e-d7d0b92428b4 ] Request (ServerActionsTestOtherA:_run_cleanups): 200 GET http://10.180.1.21/compute/v2.1/servers/2e9d0cc0-8aa2-436a-b45c-0deba3a0248f 0.073s
2025-12-09 09:20:59.734 67071 INFO tempest.lib.common.rest_client [req-17e89faf-d3e8-45f2-924b-c8651792a2d5 req-17e89faf-d3e8-45f2-924b-c8651792a2d5 ] Request (ServersTestBootFromVolume:tearDownClass): 200 GET http://10.180.1.21/compute/v2.1/servers/d394a9f8-0d69-4bbf-8ffc-7c8282886942 0.059s
2025-12-09 09:20:59.739 67013 INFO paramiko.transport [-] Connected (version 2.0, client dropbear_2020.81)
2025-12-09 09:20:59.782 67065 INFO tempest.lib.common.rest_client [req-c84a52ca-8869-4fb6-82c1-5332fe3a486b req-c84a52ca-8869-4fb6-82c1-5332fe3a486b ] Request (ImagesOneServerTestJSON:tearDownClass): 200 GET http://10.180.1.21/compute/v2.1/servers/3ace1546-5eaf-4757-b10a-a2675b99cfc8 0.058s
2025-12-09 09:20:59.786 67017 INFO tempest.lib.common.rest_client [req-e780700e-3c5e-4a4b-bcaa-99d55badc053 req-e780700e-3c5e-4a4b-bcaa-99d55badc053 ] Request (InstanceActionsNegativeTestJSON:setUpClass): 200 GET http://10.180.1.21/compute/v2.1/servers/460db65f-3673-406c-96e6-65932d07e7bb 0.049s
2025-12-09 09:20:59.846 67013 INFO paramiko.transport [-] Authentication (publickey) successful!
2025-12-09 09:20:59.847 67013 INFO tempest.lib.common.ssh [-] ssh connection to cirros@10.180.180.246 successfully created
2025-12-09 09:20:59.856 67045 INFO tempest.lib.common.rest_client [req-d4da100f-d71d-41ab-98f6-6ac8c5a6f730 req-d4da100f-d71d-41ab-98f6-6ac8c5a6f730 ] Request (ServersV294TestFqdnHostnames:setUpClass): 200 GET http://10.180.1.21/compute/v2.1/servers/35bf075e-7ca3-4a05-9d6f-3e56b487ca70 0.056s
2025-12-09 09:20:59.859 67035 INFO tempest.lib.common.rest_client [req-f885a3e1-d59c-4f6d-b528-b9314eee1f96 req-f885a3e1-d59c-4f6d-b528-b9314eee1f96 ] Request (ServerExternalEventsTest:tearDownClass): 200 GET http://10.180.1.21/compute/v2.1/servers/95a06454-61e3-47c5-93c9-468d7303ec2a 0.055s
2025-12-09 09:20:59.982 67015 INFO tempest.lib.common.rest_client [req-7b08dc77-d23d-4601-9608-0615a0a0ca74 req-7b08dc77-d23d-4601-9608-0615a0a0ca74 ] Request (ServersNegativeTestJSON:setUpClass): 200 GET http://10.180.1.21/compute/v2.1/servers/3bb6952b-9472-4552-ab66-6cf1697ff97a 0.050s
2025-12-09 09:20:59.989 67015 INFO tempest.common.waiters [-] State transition "BUILD/None" ==> "BUILD/networking" after 60 second wait
2025-12-09 09:21:00.078 67047 INFO tempest.lib.common.rest_client [req-426b4723-2adf-4f2a-bf55-b77849c98750 req-426b4723-2adf-4f2a-bf55-b77849c98750 ] Request (ListServerFiltersTestJSON:setUpClass): 200 GET http://10.180.1.21/compute/v2.1/servers/b29753b8-b05d-4c10-ac46-dd1835f974e1 0.122s
2025-12-09 09:21:00.128 67009 INFO tempest.lib.common.rest_client [req-6bef6887-fe3b-43d6-8807-63912ffe40d4 req-6bef6887-fe3b-43d6-8807-63912ffe40d4 ] Request (ImagesTestJSON:test_create_image_from_suspended_server): 200 GET http://10.180.1.21/compute/v2.1/servers/34ac49b7-9d66-44b0-94b3-c3b9a137d8ce 0.145s
2025-12-09 09:21:00.176 67025 INFO tempest.lib.common.rest_client [req-aa227246-66ff-43b3-94f7-aa4d87bb3afe req-aa227246-66ff-43b3-94f7-aa4d87bb3afe ] Request (ListServersNegativeTestJSON:setUpClass): 200 GET http://10.180.1.21/compute/v2.1/servers/7da78ec1-bc6a-4046-a3a3-2e05c315a5f2 0.169s
2025-12-09 09:21:00.232 67067 INFO tempest.lib.common.rest_client [req-e1e77e97-8c3b-4be0-89fc-8c84aa7bdeb8 req-e1e77e97-8c3b-4be0-89fc-8c84aa7bdeb8 ] Request (ServersAdminNegativeTestJSON:tearDownClass): 200 GET http://10.180.1.21/compute/v2.1/servers/7ddc6107-2c07-4d30-9f46-3cd0e0bcd99a 0.190s
2025-12-09 09:21:00.295 67037 INFO tempest.lib.common.rest_client [req-d1c61c0d-52a2-4217-a801-ab22d181282b req-d1c61c0d-52a2-4217-a801-ab22d181282b ] Request (ServerRescueTestJSONUnderV235:tearDownClass): 200 GET http://10.180.1.21/compute/v2.1/servers/b42fcdc7-8491-48af-a932-6dd8e837b7ec 0.228s
2025-12-09 09:21:00.360 67027 INFO tempest.lib.common.rest_client [req-db6ac568-19de-4dae-b4c3-b78536b4c9fe req-db6ac568-19de-4dae-b4c3-b78536b4c9fe ] Request (ServersListShow298Test:tearDownClass): 200 GET http://10.180.1.21/compute/v2.1/servers/b21f308d-abc0-4b48-8f17-640794658f83 0.226s
2025-12-09 09:21:00.452 67041 INFO tempest.lib.common.rest_client [req-621cba48-0b72-4711-ba62-cf81c6395122 req-621cba48-0b72-4711-ba62-cf81c6395122 ] Request (MigrationsAdminTest:test_list_migrations_in_flavor_resize_situation): 200 GET http://10.180.1.21/compute/v2.1/servers/93492d04-1727-4f8d-b6ce-33fb44de23d9 0.251s
2025-12-09 09:21:00.508 67069 INFO tempest.lib.common.rest_client [req-9e759676-472c-47f0-8df5-529908b3c6ee req-9e759676-472c-47f0-8df5-529908b3c6ee ] Request (TenantUsagesTestJSON:tearDownClass): 200 GET http://10.180.1.21/compute/v2.1/servers/446a9e2c-4a10-406b-adca-12131724eaf3 0.292s
2025-12-09 09:21:00.554 67061 INFO tempest.lib.common.rest_client [req-cc3a712e-411f-410d-b43a-76c68d17c839 req-cc3a712e-411f-410d-b43a-76c68d17c839 ] Request (ServerActionsTestOtherB:setUpClass): 200 GET http://10.180.1.21/compute/v2.1/servers/bf006b1f-17ec-46dc-a1d3-fbc5021d855b 0.299s
2025-12-09 09:21:00.612 67023 INFO tempest.lib.common.rest_client [req-e73dc1e2-9ae3-42e5-bcf6-c21fe2571973 req-e73dc1e2-9ae3-42e5-bcf6-c21fe2571973 ] Request (ServersTestJSON:tearDownClass): 200 GET http://10.180.1.21/compute/v2.1/servers/a2673269-901f-4762-add8-0055d7b9e8fa 0.201s
2025-12-09 09:21:00.672 67031 INFO tempest.lib.common.rest_client [req-00da0289-f781-4435-ae5a-3b56003642d9 req-00da0289-f781-4435-ae5a-3b56003642d9 ] Request (AttachInterfacesV270Test:test_create_get_list_interfaces): 200 GET http://10.180.1.21/compute/v2.1/servers/70dbad1b-a071-4fa0-8081-aafcbe8737bf 0.217s
2025-12-09 09:21:00.744 67033 INFO tempest.lib.common.rest_client [req-84c1604d-5171-4c7a-97cc-6848cf9a16cf req-84c1604d-5171-4c7a-97cc-6848cf9a16cf ] Request (ServersTestManualDisk:tearDownClass): 200 GET http://10.180.1.21/compute/v2.1/servers/83106c13-960a-4a40-842e-478b2f312810 0.161s
2025-12-09 09:21:00.816 67056 INFO tempest.lib.common.rest_client [req-5f013139-7f5f-4669-a80e-abcd10ddedd2 req-5f013139-7f5f-4669-a80e-abcd10ddedd2 ] Request (ImagesOneServerNegativeTestJSON:_run_cleanups): 200 GET http://10.180.1.21/compute/v2.1/servers/c9988073-40c4-4a3b-ae51-ca338e15f224 0.183s
2025-12-09 09:21:00.958 67043 INFO tempest.lib.common.rest_client [req-0237f534-2431-4da1-bb00-70e432b00286 req-0237f534-2431-4da1-bb00-70e432b00286 ] Request (ServersAdminTestJSON:test_rebuild_server_in_error_state): 200 GET http://10.180.1.21/compute/v2.1/servers/d520469b-5e6e-4688-a065-2d12a119519f 0.299s
2025-12-09 09:21:01.024 67049 INFO tempest.lib.common.rest_client [req-f2b1deba-6c36-4efe-927d-55de0758bc4a req-f2b1deba-6c36-4efe-927d-55de0758bc4a ] Request (ServerActionsTestOtherA:_run_cleanups): 200 GET http://10.180.1.21/compute/v2.1/servers/2e9d0cc0-8aa2-436a-b45c-0deba3a0248f 0.296s
2025-12-09 09:21:01.064 67058 WARNING tempest.lib.common.ssh [-] Failed to establish authenticated ssh connection to cirros@10.180.180.187 ([Errno None] Unable to connect to port 22 on 10.180.180.187). Number attempts: 5. Retry after 6 seconds.: paramiko.ssh_exception.NoValidConnectionsError: [Errno None] Unable to connect to port 22 on 10.180.180.187
2025-12-09 09:21:01.092 67071 INFO tempest.lib.common.rest_client [req-f1a55142-6e65-4932-8c53-3c853391f887 req-f1a55142-6e65-4932-8c53-3c853391f887 ] Request (ServersTestBootFromVolume:tearDownClass): 200 GET http://10.180.1.21/compute/v2.1/servers/d394a9f8-0d69-4bbf-8ffc-7c8282886942 0.348s
2025-12-09 09:21:01.152 67065 INFO tempest.lib.common.rest_client [req-fa112f4f-6f92-486e-9aee-7692d7fdb45a req-fa112f4f-6f92-486e-9aee-7692d7fdb45a ] Request (ImagesOneServerTestJSON:tearDownClass): 200 GET http://10.180.1.21/compute/v2.1/servers/3ace1546-5eaf-4757-b10a-a2675b99cfc8 0.362s
2025-12-09 09:21:01.200 67017 INFO tempest.lib.common.rest_client [req-d8aa496d-ad2b-4196-91df-24bb50271f23 req-d8aa496d-ad2b-4196-91df-24bb50271f23 ] Request (InstanceActionsNegativeTestJSON:setUpClass): 200 GET http://10.180.1.21/compute/v2.1/servers/460db65f-3673-406c-96e6-65932d07e7bb 0.406s
2025-12-09 09:21:01.252 67045 INFO tempest.lib.common.rest_client [req-e982d6b9-1762-42a1-bee2-1667c064df03 req-e982d6b9-1762-42a1-bee2-1667c064df03 ] Request (ServersV294TestFqdnHostnames:setUpClass): 200 GET http://10.180.1.21/compute/v2.1/servers/35bf075e-7ca3-4a05-9d6f-3e56b487ca70 0.387s
2025-12-09 09:21:01.302 67035 INFO tempest.lib.common.rest_client [req-37a95d7d-f17a-4e15-a0fa-bc9113bb149c req-37a95d7d-f17a-4e15-a0fa-bc9113bb149c ] Request (ServerExternalEventsTest:tearDownClass): 200 GET http://10.180.1.21/compute/v2.1/servers/95a06454-61e3-47c5-93c9-468d7303ec2a 0.435s
2025-12-09 09:21:01.387 67015 INFO tempest.lib.common.rest_client [req-78a4e2da-dbd5-409d-83ad-c533fc09e297 req-78a4e2da-dbd5-409d-83ad-c533fc09e297 ] Request (ServersNegativeTestJSON:setUpClass): 200 GET http://10.180.1.21/compute/v2.1/servers/3bb6952b-9472-4552-ab66-6cf1697ff97a 0.396s
2025-12-09 09:21:01.394 67015 INFO tempest.common.waiters [-] State transition "BUILD/networking" ==> "BUILD/block_device_mapping" after 62 second wait
2025-12-09 09:21:01.490 67047 INFO tempest.lib.common.rest_client [req-516b99ec-e0b6-4242-bab3-4245e743eb0f req-516b99ec-e0b6-4242-bab3-4245e743eb0f ] Request (ListServerFiltersTestJSON:setUpClass): 200 GET http://10.180.1.21/compute/v2.1/servers/b29753b8-b05d-4c10-ac46-dd1835f974e1 0.403s
2025-12-09 09:21:01.516 67013 INFO tempest.lib.common.rest_client [req-a67ec374-375c-4bc8-9325-88079ad66bc1 req-a67ec374-375c-4bc8-9325-88079ad66bc1 ] Request (VolumesAssistedSnapshotsTest:test_volume_assisted_snapshot_create_delete): 200 POST http://10.180.1.21/compute/v2.1/servers/26fa4611-32d1-429c-91dd-2ce5346f1b4e/os-volume_attachments 1.669s
2025-12-09 09:21:01.544 67009 INFO tempest.lib.common.rest_client [req-7a61a6a7-d772-4264-b83f-d4768a89db62 req-7a61a6a7-d772-4264-b83f-d4768a89db62 ] Request (ImagesTestJSON:test_create_image_from_suspended_server): 200 GET http://10.180.1.21/compute/v2.1/servers/34ac49b7-9d66-44b0-94b3-c3b9a137d8ce 0.408s
2025-12-09 09:21:01.547 67013 INFO tempest.lib.common.rest_client [req-5f446d44-8d6c-429e-acaa-1312959ade02 req-5f446d44-8d6c-429e-acaa-1312959ade02 ] Request (VolumesAssistedSnapshotsTest:test_volume_assisted_snapshot_create_delete): 200 GET http://10.180.1.21/volume/v3/volumes/218161e5-1b36-4588-8486-c51103b5b861 0.029s
2025-12-09 09:21:01.575 67025 INFO tempest.lib.common.rest_client [req-46d36b10-f1f0-4291-bf5b-c70ea9a94297 req-46d36b10-f1f0-4291-bf5b-c70ea9a94297 ] Request (ListServersNegativeTestJSON:setUpClass): 200 GET http://10.180.1.21/compute/v2.1/servers/7da78ec1-bc6a-4046-a3a3-2e05c315a5f2 0.390s
2025-12-09 09:21:01.635 67067 INFO tempest.lib.common.rest_client [req-b0c291d6-b103-4699-8d78-3bbd9dd646ba req-b0c291d6-b103-4699-8d78-3bbd9dd646ba ] Request (ServersAdminNegativeTestJSON:tearDownClass): 200 GET http://10.180.1.21/compute/v2.1/servers/7ddc6107-2c07-4d30-9f46-3cd0e0bcd99a 0.393s
2025-12-09 09:21:01.660 67037 INFO tempest.lib.common.rest_client [req-8438a2be-31d0-47b7-b051-a152d9082b97 req-8438a2be-31d0-47b7-b051-a152d9082b97 ] Request (ServerRescueTestJSONUnderV235:tearDownClass): 200 GET http://10.180.1.21/compute/v2.1/servers/b42fcdc7-8491-48af-a932-6dd8e837b7ec 0.357s
2025-12-09 09:21:01.704 67027 INFO tempest.lib.common.rest_client [req-8df29d89-e18d-4e5e-9eee-53a2a35d17b8 req-8df29d89-e18d-4e5e-9eee-53a2a35d17b8 ] Request (ServersListShow298Test:tearDownClass): 200 GET http://10.180.1.21/compute/v2.1/servers/b21f308d-abc0-4b48-8f17-640794658f83 0.333s
2025-12-09 09:21:01.803 67069 INFO tempest.lib.common.rest_client [req-d68215af-8fed-445c-821b-3d4521ffe9a5 req-d68215af-8fed-445c-821b-3d4521ffe9a5 ] Request (TenantUsagesTestJSON:tearDownClass): 200 GET http://10.180.1.21/compute/v2.1/servers/446a9e2c-4a10-406b-adca-12131724eaf3 0.286s
2025-12-09 09:21:01.844 67041 INFO tempest.lib.common.rest_client [req-1600febc-86e6-4591-9404-8e9ea46a6622 req-1600febc-86e6-4591-9404-8e9ea46a6622 ] Request (MigrationsAdminTest:test_list_migrations_in_flavor_resize_situation): 200 GET http://10.180.1.21/compute/v2.1/servers/93492d04-1727-4f8d-b6ce-33fb44de23d9 0.382s
2025-12-09 09:21:01.860 67061 INFO tempest.lib.common.rest_client [req-ef18b6c6-f840-4bdf-9670-9e85110daf16 req-ef18b6c6-f840-4bdf-9670-9e85110daf16 ] Request (ServerActionsTestOtherB:setUpClass): 200 GET http://10.180.1.21/compute/v2.1/servers/bf006b1f-17ec-46dc-a1d3-fbc5021d855b 0.299s
2025-12-09 09:21:01.923 67023 INFO tempest.lib.common.rest_client [req-8da84ff4-b600-4f9b-ab2c-02a430dd62ef req-8da84ff4-b600-4f9b-ab2c-02a430dd62ef ] Request (ServersTestJSON:tearDownClass): 200 GET http://10.180.1.21/compute/v2.1/servers/a2673269-901f-4762-add8-0055d7b9e8fa 0.303s
2025-12-09 09:21:01.940 67031 INFO tempest.lib.common.rest_client [req-02365618-9322-4a7b-a113-1f806444ddb8 req-02365618-9322-4a7b-a113-1f806444ddb8 ] Request (AttachInterfacesV270Test:test_create_get_list_interfaces): 200 GET http://10.180.1.21/compute/v2.1/servers/70dbad1b-a071-4fa0-8081-aafcbe8737bf 0.256s
2025-12-09 09:21:01.983 67033 INFO tempest.lib.common.rest_client [req-69cb1c50-80e5-4aad-9d82-3061bf723fac req-69cb1c50-80e5-4aad-9d82-3061bf723fac ] Request (ServersTestManualDisk:tearDownClass): 200 GET http://10.180.1.21/compute/v2.1/servers/83106c13-960a-4a40-842e-478b2f312810 0.229s
2025-12-09 09:21:01.998 67056 INFO tempest.lib.common.rest_client [req-4b260252-5516-401f-baca-bab38154f512 req-4b260252-5516-401f-baca-bab38154f512 ] Request (ImagesOneServerNegativeTestJSON:_run_cleanups): 200 GET http://10.180.1.21/compute/v2.1/servers/c9988073-40c4-4a3b-ae51-ca338e15f224 0.173s
2025-12-09 09:21:02.099 67049 INFO tempest.lib.common.rest_client [req-53e6da63-e35d-46ff-a459-7c943c74e91d req-53e6da63-e35d-46ff-a459-7c943c74e91d ] Request (ServerActionsTestOtherA:_run_cleanups): 200 GET http://10.180.1.21/compute/v2.1/servers/2e9d0cc0-8aa2-436a-b45c-0deba3a0248f 0.066s
2025-12-09 09:21:02.129 67043 INFO tempest.lib.common.rest_client [req-fe98b164-7d4e-4a8b-b20f-fedf53692352 req-fe98b164-7d4e-4a8b-b20f-fedf53692352 ] Request (ServersAdminTestJSON:test_rebuild_server_in_error_state): 200 GET http://10.180.1.21/compute/v2.1/servers/d520469b-5e6e-4688-a065-2d12a119519f 0.162s
2025-12-09 09:21:02.170 67071 INFO tempest.lib.common.rest_client [req-82e5aa15-0011-4421-ad16-6ca30f0aeda7 req-82e5aa15-0011-4421-ad16-6ca30f0aeda7 ] Request (ServersTestBootFromVolume:tearDownClass): 200 GET http://10.180.1.21/compute/v2.1/servers/d394a9f8-0d69-4bbf-8ffc-7c8282886942 0.070s
2025-12-09 09:21:02.240 67065 INFO tempest.lib.common.rest_client [req-41a3239d-90d6-4f19-b756-04f8c66f1477 req-41a3239d-90d6-4f19-b756-04f8c66f1477 ] Request (ImagesOneServerTestJSON:tearDownClass): 200 GET http://10.180.1.21/compute/v2.1/servers/3ace1546-5eaf-4757-b10a-a2675b99cfc8 0.079s
2025-12-09 09:21:02.271 67017 INFO tempest.lib.common.rest_client [req-c732a817-de7f-442d-99a1-5a4eff7c530c req-c732a817-de7f-442d-99a1-5a4eff7c530c ] Request (InstanceActionsNegativeTestJSON:setUpClass): 200 GET http://10.180.1.21/compute/v2.1/servers/460db65f-3673-406c-96e6-65932d07e7bb 0.064s
2025-12-09 09:21:02.339 67045 INFO tempest.lib.common.rest_client [req-4f371e40-f5d6-4fc5-a235-3749a3e680ca req-4f371e40-f5d6-4fc5-a235-3749a3e680ca ] Request (ServersV294TestFqdnHostnames:setUpClass): 200 GET http://10.180.1.21/compute/v2.1/servers/35bf075e-7ca3-4a05-9d6f-3e56b487ca70 0.075s
2025-12-09 09:21:02.346 67035 INFO tempest.lib.common.rest_client [req-43e326b3-1199-49bf-863d-7ab388b67e89 req-43e326b3-1199-49bf-863d-7ab388b67e89 ] Request (ServerExternalEventsTest:tearDownClass): 404 GET http://10.180.1.21/compute/v2.1/servers/95a06454-61e3-47c5-93c9-468d7303ec2a 0.035s
2025-12-09 09:21:02.496 67035 INFO tempest.lib.common.rest_client [req-a292c0d1-b9bf-4268-876e-2f090bb5beb7 req-a292c0d1-b9bf-4268-876e-2f090bb5beb7 ] Request (ServerExternalEventsTest:tearDownClass): 204 DELETE http://10.180.1.21/identity/v3/users/5ce1054e251344e48c5a3259f77c92de 0.150s
2025-12-09 09:21:02.589 67015 INFO tempest.lib.common.rest_client [req-0bf898ff-1889-4084-9cb9-65e790d39c0c req-0bf898ff-1889-4084-9cb9-65e790d39c0c ] Request (ServersNegativeTestJSON:setUpClass): 200 GET http://10.180.1.21/compute/v2.1/servers/3bb6952b-9472-4552-ab66-6cf1697ff97a 0.193s
2025-12-09 09:21:02.599 67015 INFO tempest.common.waiters [-] State transition "BUILD/block_device_mapping" ==> "BUILD/spawning" after 63 second wait
2025-12-09 09:21:02.605 67013 INFO tempest.lib.common.rest_client [req-31cb670e-147c-4ef1-9667-a672f8ae1de7 req-31cb670e-147c-4ef1-9667-a672f8ae1de7 ] Request (VolumesAssistedSnapshotsTest:test_volume_assisted_snapshot_create_delete): 200 GET http://10.180.1.21/volume/v3/volumes/218161e5-1b36-4588-8486-c51103b5b861 0.047s
2025-12-09 09:21:02.652 67035 INFO tempest.lib.common.rest_client [req-75b069c6-1d46-474d-b3b7-e52088ab9ca0 req-75b069c6-1d46-474d-b3b7-e52088ab9ca0 ] Request (ServerExternalEventsTest:tearDownClass): 204 DELETE http://10.180.1.21/identity/v3/users/dfe97fdd54374c0193bccc94131b6411 0.154s
2025-12-09 09:21:02.662 67047 INFO tempest.lib.common.rest_client [req-cfc46d61-f2f7-4d22-8714-8a704b0b24fc req-cfc46d61-f2f7-4d22-8714-8a704b0b24fc ] Request (ListServerFiltersTestJSON:setUpClass): 200 GET http://10.180.1.21/compute/v2.1/servers/b29753b8-b05d-4c10-ac46-dd1835f974e1 0.161s
2025-12-09 09:21:02.674 67009 INFO tempest.lib.common.rest_client [req-e4e9d5e5-9581-4a36-85df-ee6f6ded3b96 req-e4e9d5e5-9581-4a36-85df-ee6f6ded3b96 ] Request (ImagesTestJSON:test_create_image_from_suspended_server): 200 GET http://10.180.1.21/compute/v2.1/servers/34ac49b7-9d66-44b0-94b3-c3b9a137d8ce 0.115s
2025-12-09 09:21:02.746 67025 INFO tempest.lib.common.rest_client [req-08d65bc9-a899-4c69-83d5-aae1939d1eaa req-08d65bc9-a899-4c69-83d5-aae1939d1eaa ] Request (ListServersNegativeTestJSON:setUpClass): 200 GET http://10.180.1.21/compute/v2.1/servers/7da78ec1-bc6a-4046-a3a3-2e05c315a5f2 0.164s
2025-12-09 09:21:02.754 67067 INFO tempest.lib.common.rest_client [req-26c2100b-ed09-40c0-b175-0639d8cefea2 req-26c2100b-ed09-40c0-b175-0639d8cefea2 ] Request (ServersAdminNegativeTestJSON:tearDownClass): 200 GET http://10.180.1.21/compute/v2.1/servers/7ddc6107-2c07-4d30-9f46-3cd0e0bcd99a 0.111s
2025-12-09 09:21:02.805 67035 INFO tempest.lib.common.rest_client [req-a403c96d-28ee-481d-804f-5fa76e779e47 req-a403c96d-28ee-481d-804f-5fa76e779e47 ] Request (ServerExternalEventsTest:tearDownClass): 204 DELETE http://10.180.1.21/identity/v3/users/3bca45bbd5e7404b8d34b90d83b211ca 0.153s
2025-12-09 09:21:02.805 67035 INFO tempest.lib.common.dynamic_creds [-] Deleting project and security group for project: 844eede8b1764de1b47fe36a14bf3418
2025-12-09 09:21:02.817 67037 INFO tempest.lib.common.rest_client [req-d8d3b6eb-8667-4e45-ba85-d841b9d95977 req-d8d3b6eb-8667-4e45-ba85-d841b9d95977 ] Request (ServerRescueTestJSONUnderV235:tearDownClass): 200 GET http://10.180.1.21/compute/v2.1/servers/b42fcdc7-8491-48af-a932-6dd8e837b7ec 0.149s
2025-12-09 09:21:02.827 67019 WARNING tempest.lib.common.ssh [-] Failed to establish authenticated ssh connection to cirros@10.180.180.136 ([Errno None] Unable to connect to port 22 on 10.180.180.136). Number attempts: 5. Retry after 6 seconds.: paramiko.ssh_exception.NoValidConnectionsError: [Errno None] Unable to connect to port 22 on 10.180.180.136
2025-12-09 09:21:02.832 67027 INFO tempest.lib.common.rest_client [req-5022c70d-83f7-45ff-99ba-71a91bd42c32 req-5022c70d-83f7-45ff-99ba-71a91bd42c32 ] Request (ServersListShow298Test:tearDownClass): 200 GET http://10.180.1.21/compute/v2.1/servers/b21f308d-abc0-4b48-8f17-640794658f83 0.115s
2025-12-09 09:21:02.873 67035 INFO tempest.lib.common.rest_client [req-730087bc-6b70-4dcf-9ac7-b46168c0faf5 req-730087bc-6b70-4dcf-9ac7-b46168c0faf5 ] Request (ServerExternalEventsTest:tearDownClass): 201 POST http://10.180.1.21/identity/v3/auth/tokens 0.067s
2025-12-09 09:21:02.880 67069 INFO tempest.lib.common.rest_client [req-633dd0cf-1bd2-41e3-b195-8324ade2345d req-633dd0cf-1bd2-41e3-b195-8324ade2345d ] Request (TenantUsagesTestJSON:tearDownClass): 200 GET http://10.180.1.21/compute/v2.1/servers/446a9e2c-4a10-406b-adca-12131724eaf3 0.069s
2025-12-09 09:21:02.955 67061 INFO tempest.lib.common.rest_client [req-d8889feb-209f-4d6d-8009-2f443ad0c71f req-d8889feb-209f-4d6d-8009-2f443ad0c71f ] Request (ServerActionsTestOtherB:setUpClass): 200 GET http://10.180.1.21/compute/v2.1/servers/bf006b1f-17ec-46dc-a1d3-fbc5021d855b 0.083s
2025-12-09 09:21:02.981 67041 INFO tempest.lib.common.rest_client [req-6943d971-adb9-42b4-8f02-e45b09dd2227 req-6943d971-adb9-42b4-8f02-e45b09dd2227 ] Request (MigrationsAdminTest:test_list_migrations_in_flavor_resize_situation): 200 GET http://10.180.1.21/compute/v2.1/servers/93492d04-1727-4f8d-b6ce-33fb44de23d9 0.125s
2025-12-09 09:21:03.031 67023 INFO tempest.lib.common.rest_client [req-6e4f47b2-d51a-48c1-9f8b-071ce9e68a5e req-6e4f47b2-d51a-48c1-9f8b-071ce9e68a5e ] Request (ServersTestJSON:tearDownClass): 200 GET http://10.180.1.21/compute/v2.1/servers/a2673269-901f-4762-add8-0055d7b9e8fa 0.094s
2025-12-09 09:21:03.051 67031 INFO tempest.lib.common.rest_client [req-9f4f8e90-449f-4f42-87fe-8fa3fa3874b4 req-9f4f8e90-449f-4f42-87fe-8fa3fa3874b4 ] Request (AttachInterfacesV270Test:test_create_get_list_interfaces): 200 GET http://10.180.1.21/compute/v2.1/servers/70dbad1b-a071-4fa0-8081-aafcbe8737bf 0.096s
2025-12-09 09:21:03.083 67035 INFO tempest.lib.common.rest_client [req-a895bdb4-8ab1-4855-b7bf-e78959a53e64 req-a895bdb4-8ab1-4855-b7bf-e78959a53e64 ] Request (ServerExternalEventsTest:tearDownClass): 200 GET http://10.180.1.21/networking/v2.0/security-groups?tenant_id=844eede8b1764de1b47fe36a14bf3418&name=default 0.209s
2025-12-09 09:21:03.104 67033 INFO tempest.lib.common.rest_client [req-7e75dd7a-fc5d-4b50-85cf-0141ee1200eb req-7e75dd7a-fc5d-4b50-85cf-0141ee1200eb ] Request (ServersTestManualDisk:tearDownClass): 200 GET http://10.180.1.21/compute/v2.1/servers/83106c13-960a-4a40-842e-478b2f312810 0.110s
2025-12-09 09:21:03.121 67056 INFO tempest.lib.common.rest_client [req-5c9ae95a-b47c-4257-9d6b-e0a8d9145141 req-5c9ae95a-b47c-4257-9d6b-e0a8d9145141 ] Request (ImagesOneServerNegativeTestJSON:_run_cleanups): 200 GET http://10.180.1.21/compute/v2.1/servers/c9988073-40c4-4a3b-ae51-ca338e15f224 0.114s
2025-12-09 09:21:03.171 67049 INFO tempest.lib.common.rest_client [req-88a8725f-3825-4160-a8d3-846bae7bff28 req-88a8725f-3825-4160-a8d3-846bae7bff28 ] Request (ServerActionsTestOtherA:_run_cleanups): 200 GET http://10.180.1.21/compute/v2.1/servers/2e9d0cc0-8aa2-436a-b45c-0deba3a0248f 0.061s
2025-12-09 09:21:03.173 67035 INFO tempest.lib.common.rest_client [req-98ebc615-bf5b-44e3-82c5-8dee6c39ee91 req-98ebc615-bf5b-44e3-82c5-8dee6c39ee91 ] Request (ServerExternalEventsTest:tearDownClass): 204 DELETE http://10.180.1.21/networking/v2.0/security-groups/a679ffa9-6370-43a5-b333-fee51b734607 0.090s
2025-12-09 09:21:03.237 67071 INFO tempest.lib.common.rest_client [req-7bdbbafa-9a02-41ea-8c5b-2b95617e3693 req-7bdbbafa-9a02-41ea-8c5b-2b95617e3693 ] Request (ServersTestBootFromVolume:tearDownClass): 200 GET http://10.180.1.21/compute/v2.1/servers/d394a9f8-0d69-4bbf-8ffc-7c8282886942 0.060s
2025-12-09 09:21:03.246 67035 INFO tempest.lib.common.rest_client [req-4d21e933-ee12-4312-8a8f-b2a25842ecf6 req-4d21e933-ee12-4312-8a8f-b2a25842ecf6 ] Request (ServerExternalEventsTest:tearDownClass): 204 DELETE http://10.180.1.21/identity/v3/projects/844eede8b1764de1b47fe36a14bf3418 0.073s
2025-12-09 09:21:03.247 67035 INFO tempest.lib.common.dynamic_creds [-] Deleting project and security group for project: 3ee37f86e16b43139cc7f3b4b4b07a6a
2025-12-09 09:21:03.249 67043 INFO tempest.lib.common.rest_client [req-87373f9b-c92b-4dc3-8804-ac104bf190b7 req-87373f9b-c92b-4dc3-8804-ac104bf190b7 ] Request (ServersAdminTestJSON:test_rebuild_server_in_error_state): 200 GET http://10.180.1.21/compute/v2.1/servers/d520469b-5e6e-4688-a065-2d12a119519f 0.108s
2025-12-09 09:21:03.275 67035 INFO tempest.lib.common.rest_client [req-4749e026-12ef-4cc5-8457-698d7a915864 req-4749e026-12ef-4cc5-8457-698d7a915864 ] Request (ServerExternalEventsTest:tearDownClass): 200 GET http://10.180.1.21/networking/v2.0/security-groups?tenant_id=3ee37f86e16b43139cc7f3b4b4b07a6a&name=default 0.028s
2025-12-09 09:21:03.313 67065 INFO tempest.lib.common.rest_client [req-6dde6fbe-aeb3-4b16-b31b-bec9ca5b3f41 req-6dde6fbe-aeb3-4b16-b31b-bec9ca5b3f41 ] Request (ImagesOneServerTestJSON:tearDownClass): 200 GET http://10.180.1.21/compute/v2.1/servers/3ace1546-5eaf-4757-b10a-a2675b99cfc8 0.059s
2025-12-09 09:21:03.335 67017 INFO tempest.lib.common.rest_client [req-b1586b4a-d990-48c4-a6a8-bade34b1476d req-b1586b4a-d990-48c4-a6a8-bade34b1476d ] Request (InstanceActionsNegativeTestJSON:setUpClass): 200 GET http://10.180.1.21/compute/v2.1/servers/460db65f-3673-406c-96e6-65932d07e7bb 0.056s
2025-12-09 09:21:03.365 67035 INFO tempest.lib.common.rest_client [req-e5e93aff-3865-4bf2-b904-a7ed7f68ca3f req-e5e93aff-3865-4bf2-b904-a7ed7f68ca3f ] Request (ServerExternalEventsTest:tearDownClass): 204 DELETE http://10.180.1.21/networking/v2.0/security-groups/a990b75f-99ab-4d6c-b4c7-6582e101c3ac 0.089s
2025-12-09 09:21:03.415 67045 INFO tempest.lib.common.rest_client [req-516373b1-8fdc-42eb-9b02-19c76224bcc8 req-516373b1-8fdc-42eb-9b02-19c76224bcc8 ] Request (ServersV294TestFqdnHostnames:setUpClass): 200 GET http://10.180.1.21/compute/v2.1/servers/35bf075e-7ca3-4a05-9d6f-3e56b487ca70 0.065s
2025-12-09 09:21:03.467 67035 INFO tempest.lib.common.rest_client [req-1ae23032-948e-4efe-8f28-552c250718bf req-1ae23032-948e-4efe-8f28-552c250718bf ] Request (ServerExternalEventsTest:tearDownClass): 204 DELETE http://10.180.1.21/identity/v3/projects/3ee37f86e16b43139cc7f3b4b4b07a6a 0.101s
2025-12-09 09:21:03.467 67035 INFO tempest.lib.common.dynamic_creds [-] Deleting project and security group for project: 420c5eb0d6bd4d449d009876e7857c27
2025-12-09 09:21:03.575 67035 INFO tempest.lib.common.rest_client [req-d3c2442e-00b1-4d00-bcd7-4cd36885b4a4 req-d3c2442e-00b1-4d00-bcd7-4cd36885b4a4 ] Request (ServerExternalEventsTest:tearDownClass): 200 GET http://10.180.1.21/networking/v2.0/security-groups?tenant_id=420c5eb0d6bd4d449d009876e7857c27&name=default 0.107s
2025-12-09 09:21:03.648 67013 INFO tempest.lib.common.rest_client [req-bda787db-955d-460b-a0bb-af20ac86a19c req-bda787db-955d-460b-a0bb-af20ac86a19c ] Request (VolumesAssistedSnapshotsTest:test_volume_assisted_snapshot_create_delete): 200 GET http://10.180.1.21/volume/v3/volumes/218161e5-1b36-4588-8486-c51103b5b861 0.030s
2025-12-09 09:21:03.689 67035 INFO tempest.lib.common.rest_client [req-f2e181c4-283b-472f-96ef-a0469e426678 req-f2e181c4-283b-472f-96ef-a0469e426678 ] Request (ServerExternalEventsTest:tearDownClass): 204 DELETE http://10.180.1.21/networking/v2.0/security-groups/6f91335f-1f01-4fb0-9f79-ab2913c496ef 0.113s
2025-12-09 09:21:03.746 67015 INFO tempest.lib.common.rest_client [req-2af635c9-b2c2-4747-b9dd-06678c387248 req-2af635c9-b2c2-4747-b9dd-06678c387248 ] Request (ServersNegativeTestJSON:setUpClass): 200 GET http://10.180.1.21/compute/v2.1/servers/3bb6952b-9472-4552-ab66-6cf1697ff97a 0.145s
2025-12-09 09:21:03.784 67047 INFO tempest.lib.common.rest_client [req-8c7d9fa6-acf1-48ff-adb0-0b1976787be1 req-8c7d9fa6-acf1-48ff-adb0-0b1976787be1 ] Request (ListServerFiltersTestJSON:setUpClass): 200 GET http://10.180.1.21/compute/v2.1/servers/b29753b8-b05d-4c10-ac46-dd1835f974e1 0.112s
2025-12-09 09:21:03.799 67009 INFO tempest.lib.common.rest_client [req-e31a55a4-71c0-48c3-b8b2-4ccd3ba115c0 req-e31a55a4-71c0-48c3-b8b2-4ccd3ba115c0 ] Request (ImagesTestJSON:test_create_image_from_suspended_server): 200 GET http://10.180.1.21/compute/v2.1/servers/34ac49b7-9d66-44b0-94b3-c3b9a137d8ce 0.113s
2025-12-09 09:21:03.802 67035 INFO tempest.lib.common.rest_client [req-f9498606-37b8-4f1d-98d3-11d07d9dcb1b req-f9498606-37b8-4f1d-98d3-11d07d9dcb1b ] Request (ServerExternalEventsTest:tearDownClass): 204 DELETE http://10.180.1.21/identity/v3/projects/420c5eb0d6bd4d449d009876e7857c27 0.112s
2025-12-09 09:21:03.820 67067 INFO tempest.lib.common.rest_client [req-4ebf80d4-1d2e-4836-b2bf-50f4c526561a req-4ebf80d4-1d2e-4836-b2bf-50f4c526561a ] Request (ServersAdminNegativeTestJSON:tearDownClass): 404 GET http://10.180.1.21/compute/v2.1/servers/7ddc6107-2c07-4d30-9f46-3cd0e0bcd99a 0.057s
2025-12-09 09:21:03.836 67025 INFO tempest.lib.common.rest_client [req-c148fc83-c13a-4683-8198-be680ecc70ae req-c148fc83-c13a-4683-8198-be680ecc70ae ] Request (ListServersNegativeTestJSON:setUpClass): 200 GET http://10.180.1.21/compute/v2.1/servers/7da78ec1-bc6a-4046-a3a3-2e05c315a5f2 0.081s
2025-12-09 09:21:03.851 67021 WARNING tempest.lib.common.ssh [-] Failed to establish authenticated ssh connection to cirros@10.180.180.251 ([Errno None] Unable to connect to port 22 on 10.180.180.251). Number attempts: 4. Retry after 5 seconds.: paramiko.ssh_exception.NoValidConnectionsError: [Errno None] Unable to connect to port 22 on 10.180.180.251
2025-12-09 09:21:03.879 67035 INFO tempest.lib.common.rest_client [req-5d26f1d4-dc25-4d69-9bf4-ef12d0f6d851 req-5d26f1d4-dc25-4d69-9bf4-ef12d0f6d851 ] Request (FloatingIPsTestJSON:setUpClass): 201 POST http://10.180.1.21/identity/v3/auth/tokens 0.075s
2025-12-09 09:21:03.898 67037 INFO tempest.lib.common.rest_client [req-120da2b6-da55-43c7-bb67-0c259583a797 req-120da2b6-da55-43c7-bb67-0c259583a797 ] Request (ServerRescueTestJSONUnderV235:tearDownClass): 200 GET http://10.180.1.21/compute/v2.1/servers/b42fcdc7-8491-48af-a932-6dd8e837b7ec 0.072s
2025-12-09 09:21:03.924 67027 INFO tempest.lib.common.rest_client [req-abcd154b-d1af-4e08-b120-6f4dcd6a1b1f req-abcd154b-d1af-4e08-b120-6f4dcd6a1b1f ] Request (ServersListShow298Test:tearDownClass): 200 GET http://10.180.1.21/compute/v2.1/servers/b21f308d-abc0-4b48-8f17-640794658f83 0.080s
2025-12-09 09:21:03.926 67067 INFO tempest.lib.common.rest_client [req-fe9ae43a-0e76-458c-93b6-e9fc3d73d4a3 req-fe9ae43a-0e76-458c-93b6-e9fc3d73d4a3 ] Request (ServersAdminNegativeTestJSON:tearDownClass): 204 DELETE http://10.180.1.21/identity/v3/users/26fde11cebb14fa296fafe847dcf0fd1 0.105s
2025-12-09 09:21:03.940 67035 INFO tempest.lib.common.rest_client [req-6826399d-c334-4177-aca1-1df590200136 req-6826399d-c334-4177-aca1-1df590200136 ] Request (FloatingIPsTestJSON:setUpClass): 201 POST http://10.180.1.21/identity/v3/auth/tokens 0.058s
2025-12-09 09:21:03.955 67069 INFO tempest.lib.common.rest_client [req-73b7ebf8-9ff8-4e20-8798-bc0218516e95 req-73b7ebf8-9ff8-4e20-8798-bc0218516e95 ] Request (TenantUsagesTestJSON:tearDownClass): 200 GET http://10.180.1.21/compute/v2.1/servers/446a9e2c-4a10-406b-adca-12131724eaf3 0.064s
2025-12-09 09:21:03.995 67035 INFO tempest.lib.common.rest_client [req-4e9f1f7c-26e5-4c09-8f4a-a7519910c855 req-4e9f1f7c-26e5-4c09-8f4a-a7519910c855 ] Request (FloatingIPsTestJSON:setUpClass): 200 GET http://10.180.1.21/identity/v3/domains?name=Default 0.054s
2025-12-09 09:21:04.013 67067 INFO tempest.lib.common.rest_client [req-dd29334d-82e3-46a5-93ce-e1a8519b1e31 req-dd29334d-82e3-46a5-93ce-e1a8519b1e31 ] Request (ServersAdminNegativeTestJSON:tearDownClass): 204 DELETE http://10.180.1.21/identity/v3/users/fa3144aeafba440c897bd4221ac6b6a1 0.087s
2025-12-09 09:21:04.014 67067 INFO tempest.lib.common.dynamic_creds [-] Deleting project and security group for project: 9da58ef0f6dc490e9ca47b82177e9bae
2025-12-09 09:21:04.018 67061 INFO tempest.lib.common.rest_client [req-9c4d4f0f-2aa9-41b2-ab4c-a709b49ac9f5 req-9c4d4f0f-2aa9-41b2-ab4c-a709b49ac9f5 ] Request (ServerActionsTestOtherB:setUpClass): 200 GET http://10.180.1.21/compute/v2.1/servers/bf006b1f-17ec-46dc-a1d3-fbc5021d855b 0.055s
2025-12-09 09:21:04.052 67035 INFO tempest.lib.common.rest_client [req-85ff47fe-3e88-4357-91b2-3dc2e0fea50d req-85ff47fe-3e88-4357-91b2-3dc2e0fea50d ] Request (FloatingIPsTestJSON:setUpClass): 201 POST http://10.180.1.21/identity/v3/projects 0.056s
2025-12-09 09:21:04.081 67067 INFO tempest.lib.common.rest_client [req-87c2d9ec-7c5a-4148-be20-58c1e6311ecf req-87c2d9ec-7c5a-4148-be20-58c1e6311ecf ] Request (ServersAdminNegativeTestJSON:tearDownClass): 201 POST http://10.180.1.21/identity/v3/auth/tokens 0.067s
2025-12-09 09:21:04.151 67023 INFO tempest.lib.common.rest_client [req-4031265c-2195-419c-bcf3-ff83187647b6 req-4031265c-2195-419c-bcf3-ff83187647b6 ] Request (ServersTestJSON:tearDownClass): 200 GET http://10.180.1.21/compute/v2.1/servers/a2673269-901f-4762-add8-0055d7b9e8fa 0.110s
2025-12-09 09:21:04.161 67035 INFO tempest.lib.common.rest_client [req-f0b10e87-7423-49ca-ae77-ab4357a6b366 req-f0b10e87-7423-49ca-ae77-ab4357a6b366 ] Request (FloatingIPsTestJSON:setUpClass): 201 POST http://10.180.1.21/identity/v3/users 0.108s
2025-12-09 09:21:04.189 67041 INFO tempest.lib.common.rest_client [req-0247f427-49d3-49be-ba89-3bdff70fdd1d req-0247f427-49d3-49be-ba89-3bdff70fdd1d ] Request (MigrationsAdminTest:test_list_migrations_in_flavor_resize_situation): 200 GET http://10.180.1.21/compute/v2.1/servers/93492d04-1727-4f8d-b6ce-33fb44de23d9 0.200s
2025-12-09 09:21:04.200 67035 INFO tempest.lib.common.rest_client [req-cb9b13ab-86ff-4eb7-b222-13a10656c613 req-cb9b13ab-86ff-4eb7-b222-13a10656c613 ] Request (FloatingIPsTestJSON:setUpClass): 200 GET http://10.180.1.21/identity/v3/roles 0.039s
2025-12-09 09:21:04.230 67067 INFO tempest.lib.common.rest_client [req-c89a6b83-0067-49c6-abb7-84504d11391e req-c89a6b83-0067-49c6-abb7-84504d11391e ] Request (ServersAdminNegativeTestJSON:tearDownClass): 200 GET http://10.180.1.21/networking/v2.0/security-groups?tenant_id=9da58ef0f6dc490e9ca47b82177e9bae&name=default 0.148s
2025-12-09 09:21:04.235 67035 INFO tempest.lib.common.rest_client [req-7b931e3b-4928-4c2d-82a5-85abcdb8c2d9 req-7b931e3b-4928-4c2d-82a5-85abcdb8c2d9 ] Request (FloatingIPsTestJSON:setUpClass): 204 PUT http://10.180.1.21/identity/v3/projects/5475db30780443f79d4a8d018f893e1f/users/b2afb90bd50647e1b5eba5686c3888a5/roles/7ed9c61879e249adb15c729126e0bcc0 0.034s
2025-12-09 09:21:04.236 67035 INFO tempest.lib.common.dynamic_creds [-] Dynamic test user b2afb90bd50647e1b5eba5686c3888a5 is created with scope project and roles: ['member']
2025-12-09 09:21:04.236 67031 INFO tempest.lib.common.rest_client [req-2b772650-a6e8-4256-90ef-8ea0d69e7e65 req-2b772650-a6e8-4256-90ef-8ea0d69e7e65 ] Request (AttachInterfacesV270Test:test_create_get_list_interfaces): 200 GET http://10.180.1.21/compute/v2.1/servers/70dbad1b-a071-4fa0-8081-aafcbe8737bf 0.174s
2025-12-09 09:21:04.236 67035 INFO tempest.lib.common.dynamic_creds [-] Acquired dynamic creds: credentials: Credentials: {'domain_id': 'default', 'domain_name': 'Default', 'username': 'tempest-FloatingIPsTestJSON-535212690-project-member', 'project_domain_id': 'default', 'project_domain_name': 'Default', 'project_id': '5475db30780443f79d4a8d018f893e1f', 'project_name': 'tempest-FloatingIPsTestJSON-535212690', 'tenant_id': '5475db30780443f79d4a8d018f893e1f', 'tenant_name': 'tempest-FloatingIPsTestJSON-535212690', 'user_domain_id': 'default', 'user_domain_name': 'Default', 'user_id': 'b2afb90bd50647e1b5eba5686c3888a5', 'system': None}, Network: None, Subnet: None, Router: None
2025-12-09 09:21:04.270 67033 INFO tempest.lib.common.rest_client [req-c3927077-efe8-4c24-bdbe-d1bf136ec2a4 req-c3927077-efe8-4c24-bdbe-d1bf136ec2a4 ] Request (ServersTestManualDisk:tearDownClass): 200 GET http://10.180.1.21/compute/v2.1/servers/83106c13-960a-4a40-842e-478b2f312810 0.158s
2025-12-09 09:21:04.303 67035 INFO tempest.lib.common.rest_client [req-6a5a9476-ad96-413e-b4cc-16886b0f0592 req-6a5a9476-ad96-413e-b4cc-16886b0f0592 ] Request (FloatingIPsTestJSON:setUpClass): 201 POST http://10.180.1.21/identity/v3/auth/tokens 0.067s
2025-12-09 09:21:04.305 67056 INFO tempest.lib.common.rest_client [req-16c56738-ca7f-4a5b-9ee4-c57d6ad20349 req-16c56738-ca7f-4a5b-9ee4-c57d6ad20349 ] Request (ImagesOneServerNegativeTestJSON:_run_cleanups): 200 GET http://10.180.1.21/compute/v2.1/servers/c9988073-40c4-4a3b-ae51-ca338e15f224 0.174s
2025-12-09 09:21:04.345 67067 INFO tempest.lib.common.rest_client [req-0b0d2dad-1c3f-43c8-be74-edf9381e1507 req-0b0d2dad-1c3f-43c8-be74-edf9381e1507 ] Request (ServersAdminNegativeTestJSON:tearDownClass): 204 DELETE http://10.180.1.21/networking/v2.0/security-groups/dc953449-14a4-40e3-ba52-192516526237 0.115s
2025-12-09 09:21:04.369 67049 INFO tempest.lib.common.rest_client [req-cf5e0c6c-712a-440f-9685-b30ad506c1fe req-cf5e0c6c-712a-440f-9685-b30ad506c1fe ] Request (ServerActionsTestOtherA:_run_cleanups): 200 GET http://10.180.1.21/compute/v2.1/servers/2e9d0cc0-8aa2-436a-b45c-0deba3a0248f 0.186s
2025-12-09 09:21:04.387 67071 INFO tempest.lib.common.rest_client [req-8903657d-6dc8-495f-b5db-ba63a9e781ca req-8903657d-6dc8-495f-b5db-ba63a9e781ca ] Request (ServersTestBootFromVolume:tearDownClass): 200 GET http://10.180.1.21/compute/v2.1/servers/d394a9f8-0d69-4bbf-8ffc-7c8282886942 0.141s
2025-12-09 09:21:04.419 67067 INFO tempest.lib.common.rest_client [req-7fa4c6f8-99ca-4469-a106-e9696bb0b12d req-7fa4c6f8-99ca-4469-a106-e9696bb0b12d ] Request (ServersAdminNegativeTestJSON:tearDownClass): 204 DELETE http://10.180.1.21/identity/v3/projects/9da58ef0f6dc490e9ca47b82177e9bae 0.073s
