2025-12-09 09:20:16.952 67017 INFO tempest.lib.common.rest_client [req-52e2362d-b619-4c91-b31f-7c8b1fe1ca8b req-52e2362d-b619-4c91-b31f-7c8b1fe1ca8b ] Request (InstanceActionsNegativeTestJSON:setUpClass): 200 GET http://10.180.1.21/identity/v3/roles 0.025s
2025-12-09 09:20:16.983 67017 INFO tempest.lib.common.rest_client [req-1b9b00c3-2f94-44ea-b699-ca706817c628 req-1b9b00c3-2f94-44ea-b699-ca706817c628 ] Request (InstanceActionsNegativeTestJSON:setUpClass): 204 PUT http://10.180.1.21/identity/v3/projects/7b1944167bdc45e79258275d738160e6/users/dcbb7cae545b4d11875ae6e58c7ead83/roles/7ed9c61879e249adb15c729126e0bcc0 0.030s
2025-12-09 09:20:16.983 67017 INFO tempest.lib.common.dynamic_creds [-] Dynamic test user dcbb7cae545b4d11875ae6e58c7ead83 is created with scope project and roles: ['member']
2025-12-09 09:20:16.983 67017 INFO tempest.lib.common.dynamic_creds [-] Acquired dynamic creds: credentials: Credentials: {'domain_id': 'default', 'domain_name': 'Default', 'username': 'tempest-InstanceActionsNegativeTestJSON-1981752961-project-member', 'project_domain_id': 'default', 'project_domain_name': 'Default', 'project_id': '7b1944167bdc45e79258275d738160e6', 'project_name': 'tempest-InstanceActionsNegativeTestJSON-1981752961', 'tenant_id': '7b1944167bdc45e79258275d738160e6', 'tenant_name': 'tempest-InstanceActionsNegativeTestJSON-1981752961', 'user_domain_id': 'default', 'user_domain_name': 'Default', 'user_id': 'dcbb7cae545b4d11875ae6e58c7ead83', 'system': None}, Network: None, Subnet: None, Router: None
2025-12-09 09:20:17.004 67061 INFO tempest.lib.common.rest_client [req-98072020-e44e-4569-9c78-6a8ed05a905c req-98072020-e44e-4569-9c78-6a8ed05a905c ] Request (FloatingIPsAssociationTestJSON:tearDownClass): 200 GET http://10.180.1.21/compute/v2.1/servers/a49a7fbe-0acc-4893-9ee4-56078007bbcb 0.471s
2025-12-09 09:20:17.033 67035 INFO tempest.lib.common.rest_client [req-27eb8bb2-c0df-453d-86b7-de3e4596700a req-27eb8bb2-c0df-453d-86b7-de3e4596700a ] Request (ServerExternalEventsTest:test_create_server_external_events): 200 POST http://10.180.1.21/compute/v2.1/os-server-external-events 0.559s
2025-12-09 09:20:17.051 67017 INFO tempest.lib.common.rest_client [req-23671f9a-7f46-481c-9193-11e8a17be859 req-23671f9a-7f46-481c-9193-11e8a17be859 ] Request (InstanceActionsNegativeTestJSON:setUpClass): 201 POST http://10.180.1.21/identity/v3/auth/tokens 0.067s
2025-12-09 09:20:17.078 67043 INFO tempest.lib.common.rest_client [req-3c1855f0-3fdc-4785-a3b2-7fc17a34b50f req-3c1855f0-3fdc-4785-a3b2-7fc17a34b50f ] Request (ServersAdminTestJSON:test_inject_network_info): 200 GET http://10.180.1.21/compute/v2.1/servers/fd2e1a2f-c719-4241-a853-b4ced4c81708 0.483s
2025-12-09 09:20:17.371 67017 INFO tempest.lib.common.rest_client [req-2a9644da-bc42-466a-9285-5a99aba62293 req-2a9644da-bc42-466a-9285-5a99aba62293 ] Request (InstanceActionsNegativeTestJSON:setUpClass): 201 POST http://10.180.1.21/networking/v2.0/networks 0.319s
2025-12-09 09:20:17.396 67067 INFO tempest.lib.common.rest_client [req-5d6bf3c2-7fa1-4f89-a4c6-2bc2022a6bef req-5d6bf3c2-7fa1-4f89-a4c6-2bc2022a6bef ] Request (ServersAdminNegativeTestJSON:tearDownClass): 200 GET http://10.180.1.21/compute/v2.1/servers/d92b6932-59bf-44d6-aece-9fa108746372 0.749s
2025-12-09 09:20:17.411 67056 INFO tempest.lib.common.rest_client [req-3ce6b402-0bcd-47ad-bd13-5605e45f6610 req-3ce6b402-0bcd-47ad-bd13-5605e45f6610 ] Request (ImagesOneServerNegativeTestJSON:_run_cleanups): 200 GET http://10.180.1.21/compute/v2.1/servers/c9988073-40c4-4a3b-ae51-ca338e15f224 0.700s
2025-12-09 09:20:17.551 67017 INFO tempest.lib.common.rest_client [req-c3c8064b-7e43-474a-82e4-cd2dc3b4d703 req-c3c8064b-7e43-474a-82e4-cd2dc3b4d703 ] Request (InstanceActionsNegativeTestJSON:setUpClass): 201 POST http://10.180.1.21/networking/v2.0/subnets 0.180s
2025-12-09 09:20:17.583 67045 INFO tempest.lib.common.rest_client [req-44ee2732-5248-4eba-b17c-1a4041b6deba req-44ee2732-5248-4eba-b17c-1a4041b6deba ] Request (ServersV294TestFqdnHostnames:setUpClass): 200 GET http://10.180.1.21/compute/v2.1/servers/35bf075e-7ca3-4a05-9d6f-3e56b487ca70 0.857s
2025-12-09 09:20:17.594 67011 INFO tempest.lib.common.rest_client [req-46a69166-be22-4c80-baa7-e944dfd397b1 req-46a69166-be22-4c80-baa7-e944dfd397b1 ] Request (MultipleCreateTestJSON:tearDownClass): 200 GET http://10.180.1.21/compute/v2.1/servers/910c8e40-3662-45ab-ba31-713647220035 0.791s
2025-12-09 09:20:18.370 67017 INFO tempest.lib.common.rest_client [req-99c48784-e93b-4141-a75d-1ed232e938fd req-99c48784-e93b-4141-a75d-1ed232e938fd ] Request (InstanceActionsNegativeTestJSON:setUpClass): 201 POST http://10.180.1.21/networking/v2.0/routers 0.818s
2025-12-09 09:20:18.398 67019 INFO tempest.lib.common.rest_client [req-1d65a9af-1da1-4721-9595-bf4d42b8cb15 req-1d65a9af-1da1-4721-9595-bf4d42b8cb15 ] Request (AttachVolumeShelveTestJSON:test_attach_volume_shelved_or_offload_server): 200 GET http://10.180.1.21/compute/v2.1/servers/e96af12b-2824-4249-bffd-8fcc489d4925 1.539s
2025-12-09 09:20:18.410 67033 WARNING tempest.lib.common.ssh [-] Failed to establish authenticated ssh connection to cirros@10.180.180.167 ([Errno None] Unable to connect to port 22 on 10.180.180.167). Number attempts: 6. Retry after 7 seconds.: paramiko.ssh_exception.NoValidConnectionsError: [Errno None] Unable to connect to port 22 on 10.180.180.167
2025-12-09 09:20:18.419 67031 INFO tempest.lib.common.rest_client [req-4a9eb267-1907-41d4-a925-7d9efa4584d9 req-4a9eb267-1907-41d4-a925-7d9efa4584d9 ] Request (AttachInterfacesUnderV243Test:_run_cleanups): 200 GET http://10.180.1.21/compute/v2.1/servers/0bc1fb64-dbcd-4f59-8734-4c6b750e91ff 1.470s
2025-12-09 09:20:18.468 67047 INFO tempest.lib.common.rest_client [req-24aaa19b-ca59-4e13-ae36-b4743024dc4c req-24aaa19b-ca59-4e13-ae36-b4743024dc4c ] Request (ListServerFiltersTestJSON:setUpClass): 200 GET http://10.180.1.21/compute/v2.1/servers/b29753b8-b05d-4c10-ac46-dd1835f974e1 1.451s
2025-12-09 09:20:18.523 67035 INFO tempest.lib.common.rest_client [req-26e65871-b7f6-489f-a074-f6c92e0614b1 req-26e65871-b7f6-489f-a074-f6c92e0614b1 ] Request (ServerExternalEventsTest:tearDownClass): 204 DELETE http://10.180.1.21/compute/v2.1/servers/95a06454-61e3-47c5-93c9-468d7303ec2a 1.486s
2025-12-09 09:20:18.549 67059 INFO tempest.lib.common.rest_client [req-39171b1f-b40c-498b-9854-6f32d494629c req-39171b1f-b40c-498b-9854-6f32d494629c ] Request (ServersListShow296Test:tearDownClass): 200 GET http://10.180.1.21/compute/v2.1/servers/25bfc074-6ab8-45e8-9bc6-b9a71aa9f77d 1.398s
2025-12-09 09:20:18.606 67025 INFO tempest.lib.common.rest_client [req-f13597ac-aefe-4aa3-a072-2b404e4bd9c3 req-f13597ac-aefe-4aa3-a072-2b404e4bd9c3 ] Request (ListServersNegativeTestJSON:setUpClass): 200 GET http://10.180.1.21/compute/v2.1/servers/7da78ec1-bc6a-4046-a3a3-2e05c315a5f2 1.450s
2025-12-09 09:20:18.663 67027 INFO tempest.lib.common.rest_client [req-bb972941-abf8-421e-b50d-b48575bbee3a req-bb972941-abf8-421e-b50d-b48575bbee3a ] Request (ServersListShow298Test:test_list_show_update_rebuild_server_298): 200 GET http://10.180.1.21/compute/v2.1/servers/b21f308d-abc0-4b48-8f17-640794658f83 1.446s
2025-12-09 09:20:18.671 67015 INFO tempest.lib.common.rest_client [req-ff567a92-6dac-4caf-9d61-9aecbda5adfd req-ff567a92-6dac-4caf-9d61-9aecbda5adfd ] Request (ServersNegativeTestJSON:setUpClass): 200 GET http://10.180.1.21/compute/v2.1/servers/3bb6952b-9472-4552-ab66-6cf1697ff97a 1.445s
2025-12-09 09:20:18.688 67058 INFO paramiko.transport [-] Connected (version 2.0, client dropbear_2020.81)
2025-12-09 09:20:18.752 67058 INFO paramiko.transport [-] Authentication (publickey) successful!
2025-12-09 09:20:18.752 67058 INFO tempest.lib.common.ssh [-] ssh connection to cirros@10.180.180.187 successfully created
2025-12-09 09:20:18.799 67009 INFO tempest.lib.common.rest_client [req-f8f617d9-2ff6-42af-b95c-17dd3d0eaee0 req-f8f617d9-2ff6-42af-b95c-17dd3d0eaee0 ] Request (ImagesTestJSON:test_create_image_from_suspended_server): 200 GET http://10.180.1.21/compute/v2.1/servers/34ac49b7-9d66-44b0-94b3-c3b9a137d8ce 1.355s
2025-12-09 09:20:18.825 67049 INFO tempest.lib.common.rest_client [req-e39ebda2-0916-416b-954b-b8453b45d0d5 req-e39ebda2-0916-416b-954b-b8453b45d0d5 ] Request (ServerActionsTestOtherA:test_rebuild_server_in_stop_state): 200 GET http://10.180.1.21/compute/v2.1/servers/2e9d0cc0-8aa2-436a-b45c-0deba3a0248f 1.514s
2025-12-09 09:20:18.835 67049 INFO tempest.common.waiters [-] State transition "BUILD/networking" ==> "BUILD/spawning" after 41 second wait
2025-12-09 09:20:18.863 67041 INFO tempest.lib.common.rest_client [req-c402d669-8641-45eb-9a4e-9cd24739baf0 req-c402d669-8641-45eb-9a4e-9cd24739baf0 ] Request (MigrationsAdminTest:test_list_migrations_in_flavor_resize_situation): 200 GET http://10.180.1.21/compute/v2.1/servers/93492d04-1727-4f8d-b6ce-33fb44de23d9 1.102s
2025-12-09 09:20:18.887 67021 INFO tempest.lib.common.rest_client [req-46854812-639a-484b-a705-ff4d89f680ca req-46854812-639a-484b-a705-ff4d89f680ca ] Request (ServersWithSpecificFlavorTestJSON:test_verify_created_server_ephemeral_disk): 200 GET http://10.180.1.21/compute/v2.1/servers/2f1df32a-5529-4f2a-a5a3-58d1c7378a40 1.105s
2025-12-09 09:20:18.912 67065 INFO tempest.lib.common.rest_client [req-0c22dd43-84be-41d9-9923-9864722743b1 req-0c22dd43-84be-41d9-9923-9864722743b1 ] Request (ImagesOneServerTestJSON:test_create_image_specify_multibyte_character_image_name): 200 GET http://10.180.1.21/compute/v2.1/images/0f995484-f52f-4d67-a065-cea12724cd8a 1.089s
2025-12-09 09:20:18.939 67069 INFO tempest.lib.common.rest_client [req-f8934d26-703d-4956-a1c1-97a41ac19cf5 req-f8934d26-703d-4956-a1c1-97a41ac19cf5 ] Request (TenantUsagesTestJSON:setUpClass): 200 GET http://10.180.1.21/compute/v2.1/servers/446a9e2c-4a10-406b-adca-12131724eaf3 1.078s
2025-12-09 09:20:18.947 67023 WARNING tempest.lib.common.ssh [-] Failed to establish authenticated ssh connection to cirros@10.180.180.195 ([Errno None] Unable to connect to port 22 on 10.180.180.195). Number attempts: 7. Retry after 8 seconds.: paramiko.ssh_exception.NoValidConnectionsError: [Errno None] Unable to connect to port 22 on 10.180.180.195
2025-12-09 09:20:19.035 67061 INFO tempest.lib.common.rest_client [req-996d9cda-bdac-4b56-afad-310a9a30d0ab req-996d9cda-bdac-4b56-afad-310a9a30d0ab ] Request (FloatingIPsAssociationTestJSON:tearDownClass): 200 GET http://10.180.1.21/compute/v2.1/servers/a49a7fbe-0acc-4893-9ee4-56078007bbcb 1.022s
2025-12-09 09:20:19.063 67037 INFO tempest.lib.common.rest_client [req-ebeadca9-13cf-474f-b2ac-c1be4fd08cd0 req-ebeadca9-13cf-474f-b2ac-c1be4fd08cd0 ] Request (ServerRescueTestJSONUnderV235:setUpClass): 200 GET http://10.180.1.21/compute/v2.1/servers/b42fcdc7-8491-48af-a932-6dd8e837b7ec 1.121s
2025-12-09 09:20:19.075 67037 INFO tempest.common.waiters [-] State transition "BUILD/spawning" ==> "ACTIVE/None" after 45 second wait
2025-12-09 09:20:19.107 67043 INFO tempest.lib.common.rest_client [req-c2ef6750-d041-46c9-a1b3-d411d912fd29 req-c2ef6750-d041-46c9-a1b3-d411d912fd29 ] Request (ServersAdminTestJSON:test_inject_network_info): 200 GET http://10.180.1.21/compute/v2.1/servers/fd2e1a2f-c719-4241-a853-b4ced4c81708 1.018s
2025-12-09 09:20:19.336 67017 INFO tempest.lib.common.rest_client [req-64104853-da93-4938-9715-548e1b138291 req-64104853-da93-4938-9715-548e1b138291 ] Request (InstanceActionsNegativeTestJSON:setUpClass): 200 PUT http://10.180.1.21/networking/v2.0/routers/6b92ae4e-e9da-4ba8-b3c5-89a6ce71560e/add_router_interface 0.965s
2025-12-09 09:20:19.336 67017 INFO tempest.lib.common.dynamic_creds [-] Created isolated network resources for: credentials: Credentials: {'domain_id': 'default', 'domain_name': 'Default', 'username': 'tempest-InstanceActionsNegativeTestJSON-1981752961-project-member', 'project_domain_id': 'default', 'project_domain_name': 'Default', 'project_id': '7b1944167bdc45e79258275d738160e6', 'project_name': 'tempest-InstanceActionsNegativeTestJSON-1981752961', 'tenant_id': '7b1944167bdc45e79258275d738160e6', 'tenant_name': 'tempest-InstanceActionsNegativeTestJSON-1981752961', 'user_domain_id': 'default', 'user_domain_name': 'Default', 'user_id': 'dcbb7cae545b4d11875ae6e58c7ead83', 'system': None}, Network: {'id': '1f28354b-2ecd-491f-8a64-fd53f8f5b933', 'name': 'tempest-InstanceActionsNegativeTestJSON-1831929-network', 'tenant_id': '7b1944167bdc45e79258275d738160e6', 'project_id': '7b1944167bdc45e79258275d738160e6', 'admin_state_up': True, 'mtu': 8950, 'status': 'ACTIVE', 'subnets': [], 'shared': False, 'port_security_enabled': True, 'router:external': False, 'provider:network_type': 'vlan', 'provider:physical_network': 'default', 'provider:segmentation_id': 5, 'availability_zone_hints': [], 'availability_zones': [], 'ipv4_address_scope': None, 'ipv6_address_scope': None, 'description': '', 'tags': [], 'created_at': '2025-12-09T09:20:17Z', 'updated_at': '2025-12-09T09:20:17Z', 'revision_number': 1}, Subnet: {'id': '775fc648-2789-432e-ab4f-9e4031fd6242', 'name': 'tempest-InstanceActionsNegativeTestJSON-1831929-subnet', 'tenant_id': '7b1944167bdc45e79258275d738160e6', 'network_id': '1f28354b-2ecd-491f-8a64-fd53f8f5b933', 'ip_version': 4, 'subnetpool_id': None, 'enable_dhcp': True, 'ipv6_ra_mode': None, 'ipv6_address_mode': None, 'gateway_ip': '192.168.128.1', 'cidr': '192.168.128.0/28', 'allocation_pools': [{'start': '192.168.128.2', 'end': '192.168.128.14'}], 'host_routes': [], 'dns_nameservers': [], 'description': '', 'router:external': False, 'service_types': [], 'tags': [], 'created_at': '2025-12-09T09:20:17Z', 'updated_at': '2025-12-09T09:20:17Z', 'revision_number': 0, 'project_id': '7b1944167bdc45e79258275d738160e6'}, Router: {'id': '6b92ae4e-e9da-4ba8-b3c5-89a6ce71560e', 'name': 'tempest-InstanceActionsNegativeTestJSON-1831929-router', 'tenant_id': '7b1944167bdc45e79258275d738160e6', 'admin_state_up': True, 'status': 'ACTIVE', 'external_gateway_info': {'network_id': '36c218aa-627d-418a-9501-ba587c43e224', 'external_fixed_ips': [{'subnet_id': 'aa9ff4c2-441a-47f2-bafc-11825fc47454', 'ip_address': '10.180.180.142'}], 'enable_snat': True}, 'description': '', 'availability_zones': [], 'distributed': False, 'ha': False, 'availability_zone_hints': [], 'routes': [], 'flavor_id': None, 'tags': [], 'created_at': '2025-12-09T09:20:17Z', 'updated_at': '2025-12-09T09:20:18Z', 'revision_number': 2, 'project_id': '7b1944167bdc45e79258275d738160e6'}
2025-12-09 09:20:19.366 67056 INFO tempest.lib.common.rest_client [req-e0083999-19b0-46e3-bec7-2b2bc9e06b22 req-e0083999-19b0-46e3-bec7-2b2bc9e06b22 ] Request (ImagesOneServerNegativeTestJSON:_run_cleanups): 200 GET http://10.180.1.21/compute/v2.1/servers/c9988073-40c4-4a3b-ae51-ca338e15f224 0.947s
2025-12-09 09:20:19.384 67067 INFO tempest.lib.common.rest_client [req-af2d6c38-c9c3-4820-9ba5-01a7b8b548a6 req-af2d6c38-c9c3-4820-9ba5-01a7b8b548a6 ] Request (ServersAdminNegativeTestJSON:tearDownClass): 200 GET http://10.180.1.21/compute/v2.1/servers/d92b6932-59bf-44d6-aece-9fa108746372 0.979s
2025-12-09 09:20:19.458 67017 INFO tempest.lib.common.rest_client [req-7ff29266-49e7-485d-b179-7770c356db14 req-7ff29266-49e7-485d-b179-7770c356db14 ] Request (InstanceActionsNegativeTestJSON:setUpClass): 201 POST http://10.180.1.21/identity/v3/auth/tokens 0.119s
2025-12-09 09:20:19.497 67017 INFO tempest.lib.common.rest_client [req-2d99dabc-2aea-4916-84c8-0113262caf36 req-2d99dabc-2aea-4916-84c8-0113262caf36 ] Request (InstanceActionsNegativeTestJSON:setUpClass): 201 POST http://10.180.1.21/identity/v3/auth/tokens 0.036s
2025-12-09 09:20:19.497 67017 INFO tempest.lib.common.fixed_network [-] (InstanceActionsNegativeTestJSON:setUpClass) Found network {'id': '1f28354b-2ecd-491f-8a64-fd53f8f5b933', 'name': 'tempest-InstanceActionsNegativeTestJSON-1831929-network', 'tenant_id': '7b1944167bdc45e79258275d738160e6', 'project_id': '7b1944167bdc45e79258275d738160e6', 'admin_state_up': True, 'mtu': 8950, 'status': 'ACTIVE', 'subnets': [], 'shared': False, 'port_security_enabled': True, 'router:external': False, 'provider:network_type': 'vlan', 'provider:physical_network': 'default', 'provider:segmentation_id': 5, 'availability_zone_hints': [], 'availability_zones': [], 'ipv4_address_scope': None, 'ipv6_address_scope': None, 'description': '', 'tags': [], 'created_at': '2025-12-09T09:20:17Z', 'updated_at': '2025-12-09T09:20:17Z', 'revision_number': 1} available for tenant
2025-12-09 09:20:19.528 67045 INFO tempest.lib.common.rest_client [req-7c8dc12d-e35a-42c6-9e7d-6f6139837525 req-7c8dc12d-e35a-42c6-9e7d-6f6139837525 ] Request (ServersV294TestFqdnHostnames:setUpClass): 200 GET http://10.180.1.21/compute/v2.1/servers/35bf075e-7ca3-4a05-9d6f-3e56b487ca70 0.932s
2025-12-09 09:20:19.585 67035 INFO tempest.lib.common.rest_client [req-37e81f3d-b916-4ddc-bfb2-cfe116203baa req-37e81f3d-b916-4ddc-bfb2-cfe116203baa ] Request (ServerExternalEventsTest:tearDownClass): 200 GET http://10.180.1.21/compute/v2.1/servers/95a06454-61e3-47c5-93c9-468d7303ec2a 1.061s
2025-12-09 09:20:19.642 67011 INFO tempest.lib.common.rest_client [req-eec41f78-f103-4a9e-a3c5-2077b28ba747 req-eec41f78-f103-4a9e-a3c5-2077b28ba747 ] Request (MultipleCreateTestJSON:tearDownClass): 200 GET http://10.180.1.21/compute/v2.1/servers/910c8e40-3662-45ab-ba31-713647220035 1.038s
2025-12-09 09:20:19.750 67037 INFO tempest.lib.common.rest_client [req-4374a8bc-d2b3-40b9-b245-290d6fd3a745 req-4374a8bc-d2b3-40b9-b245-290d6fd3a745 ] Request (ServerRescueTestJSONUnderV235:setUpClass): 200 POST http://10.180.1.21/compute/v2.1/servers/b42fcdc7-8491-48af-a932-6dd8e837b7ec/action 0.675s
2025-12-09 09:20:19.821 67058 INFO tempest.lib.common.rest_client [req-16b6f188-37b2-4ad3-ba3e-3e7c0b0567b1 req-16b6f188-37b2-4ad3-ba3e-3e7c0b0567b1 ] Request (ServerActionsTestJSON:setUp): 200 GET http://10.180.1.21/compute/v2.1/servers/fc4dc04b-bc46-461d-b852-d14bc87cccce 1.067s
2025-12-09 09:20:19.924 67031 INFO tempest.lib.common.rest_client [req-afecda27-7858-445d-8af7-7bfd0d6bd29a req-afecda27-7858-445d-8af7-7bfd0d6bd29a ] Request (AttachInterfacesUnderV243Test:_run_cleanups): 200 GET http://10.180.1.21/compute/v2.1/servers/0bc1fb64-dbcd-4f59-8734-4c6b750e91ff 0.497s
2025-12-09 09:20:19.948 67019 INFO tempest.lib.common.rest_client [req-8de49042-9bc9-4fbf-ae43-8ba31c1d2270 req-8de49042-9bc9-4fbf-ae43-8ba31c1d2270 ] Request (AttachVolumeShelveTestJSON:test_attach_volume_shelved_or_offload_server): 200 GET http://10.180.1.21/compute/v2.1/servers/e96af12b-2824-4249-bffd-8fcc489d4925 0.535s
2025-12-09 09:20:19.956 67019 INFO tempest.common.waiters [-] State transition "BUILD/None" ==> "BUILD/block_device_mapping" after 42 second wait
2025-12-09 09:20:19.978 67047 INFO tempest.lib.common.rest_client [req-fd56a21e-7d60-4c2f-a8b9-223c283f3136 req-fd56a21e-7d60-4c2f-a8b9-223c283f3136 ] Request (ListServerFiltersTestJSON:setUpClass): 200 GET http://10.180.1.21/compute/v2.1/servers/b29753b8-b05d-4c10-ac46-dd1835f974e1 0.498s
2025-12-09 09:20:20.050 67059 INFO tempest.lib.common.rest_client [req-dd292936-f816-427a-a33e-e495196bf2c5 req-dd292936-f816-427a-a33e-e495196bf2c5 ] Request (ServersListShow296Test:tearDownClass): 200 GET http://10.180.1.21/compute/v2.1/servers/25bfc074-6ab8-45e8-9bc6-b9a71aa9f77d 0.486s
2025-12-09 09:20:20.103 67025 INFO tempest.lib.common.rest_client [req-dedd3254-e9f6-421e-9c5b-5ef53a17a4a7 req-dedd3254-e9f6-421e-9c5b-5ef53a17a4a7 ] Request (ListServersNegativeTestJSON:setUpClass): 200 GET http://10.180.1.21/compute/v2.1/servers/7da78ec1-bc6a-4046-a3a3-2e05c315a5f2 0.488s
2025-12-09 09:20:20.170 67015 INFO tempest.lib.common.rest_client [req-12a29246-6bcb-41cb-a5e6-699935ae3fd5 req-12a29246-6bcb-41cb-a5e6-699935ae3fd5 ] Request (ServersNegativeTestJSON:setUpClass): 200 GET http://10.180.1.21/compute/v2.1/servers/3bb6952b-9472-4552-ab66-6cf1697ff97a 0.491s
2025-12-09 09:20:20.253 67027 INFO tempest.lib.common.rest_client [req-9cf4d46d-da46-4d0e-a7ae-a1c8158c3fa7 req-9cf4d46d-da46-4d0e-a7ae-a1c8158c3fa7 ] Request (ServersListShow298Test:test_list_show_update_rebuild_server_298): 200 GET http://10.180.1.21/compute/v2.1/servers/b21f308d-abc0-4b48-8f17-640794658f83 0.573s
2025-12-09 09:20:20.264 67027 INFO tempest.common.waiters [-] State transition "BUILD/spawning" ==> "ACTIVE/None" after 45 second wait
2025-12-09 09:20:20.391 67017 INFO tempest.lib.common.rest_client [req-dd8075df-1f4e-45a7-9a0c-b14468910033 req-dd8075df-1f4e-45a7-9a0c-b14468910033 ] Request (InstanceActionsNegativeTestJSON:setUpClass): 202 POST http://10.180.1.21/compute/v2.1/servers 0.893s
2025-12-09 09:20:20.423 67037 INFO tempest.lib.common.rest_client [req-1f5cac54-b83c-4334-a558-b0d271d6d29a req-1f5cac54-b83c-4334-a558-b0d271d6d29a ] Request (ServerRescueTestJSONUnderV235:setUpClass): 200 GET http://10.180.1.21/compute/v2.1/servers/b42fcdc7-8491-48af-a932-6dd8e837b7ec 0.672s
2025-12-09 09:20:20.460 67009 INFO tempest.lib.common.rest_client [req-cd4921b9-c4d5-4a33-b1f9-0a24e449ebaf req-cd4921b9-c4d5-4a33-b1f9-0a24e449ebaf ] Request (ImagesTestJSON:test_create_image_from_suspended_server): 200 GET http://10.180.1.21/compute/v2.1/servers/34ac49b7-9d66-44b0-94b3-c3b9a137d8ce 0.652s
2025-12-09 09:20:20.508 67058 INFO tempest.lib.common.rest_client [req-4157a69f-11e3-476c-93e0-09c857a54270 req-4157a69f-11e3-476c-93e0-09c857a54270 ] Request (ServerActionsTestJSON:test_lock_unlock_server): 202 POST http://10.180.1.21/compute/v2.1/servers/fc4dc04b-bc46-461d-b852-d14bc87cccce/action 0.679s
2025-12-09 09:20:20.580 67041 INFO tempest.lib.common.rest_client [req-b61beabf-417c-4c74-92cd-29f7faffe334 req-b61beabf-417c-4c74-92cd-29f7faffe334 ] Request (MigrationsAdminTest:test_list_migrations_in_flavor_resize_situation): 200 GET http://10.180.1.21/compute/v2.1/servers/93492d04-1727-4f8d-b6ce-33fb44de23d9 0.709s
2025-12-09 09:20:20.606 67049 INFO tempest.lib.common.rest_client [req-b6f40d74-43a8-4e40-ab47-198affe2f0a0 req-b6f40d74-43a8-4e40-ab47-198affe2f0a0 ] Request (ServerActionsTestOtherA:test_rebuild_server_in_stop_state): 200 GET http://10.180.1.21/compute/v2.1/servers/2e9d0cc0-8aa2-436a-b45c-0deba3a0248f 0.769s
2025-12-09 09:20:20.648 67065 INFO tempest.lib.common.rest_client [req-f14fc323-d478-46ff-95f9-6791bbdd852f req-f14fc323-d478-46ff-95f9-6791bbdd852f ] Request (ImagesOneServerTestJSON:test_create_image_specify_multibyte_character_image_name): 200 GET http://10.180.1.21/compute/v2.1/images/0f995484-f52f-4d67-a065-cea12724cd8a 0.732s
2025-12-09 09:20:20.653 67021 INFO tempest.lib.common.rest_client [req-5c6361a5-34d7-4388-aa77-9fb29b8a2818 req-5c6361a5-34d7-4388-aa77-9fb29b8a2818 ] Request (ServersWithSpecificFlavorTestJSON:test_verify_created_server_ephemeral_disk): 200 GET http://10.180.1.21/compute/v2.1/servers/2f1df32a-5529-4f2a-a5a3-58d1c7378a40 0.754s
2025-12-09 09:20:20.773 67069 INFO tempest.lib.common.rest_client [req-6d2334b1-fc63-48b8-a76f-335c281808f8 req-6d2334b1-fc63-48b8-a76f-335c281808f8 ] Request (TenantUsagesTestJSON:setUpClass): 200 GET http://10.180.1.21/compute/v2.1/servers/446a9e2c-4a10-406b-adca-12131724eaf3 0.824s
2025-12-09 09:20:20.792 67061 INFO tempest.lib.common.rest_client [req-df643c35-8258-4c41-b6d3-6503d4770dbf req-df643c35-8258-4c41-b6d3-6503d4770dbf ] Request (FloatingIPsAssociationTestJSON:tearDownClass): 200 GET http://10.180.1.21/compute/v2.1/servers/a49a7fbe-0acc-4893-9ee4-56078007bbcb 0.746s
2025-12-09 09:20:21.069 67043 INFO tempest.lib.common.rest_client [req-0d5241e4-48b2-460a-8b26-08c9f654fd82 req-0d5241e4-48b2-460a-8b26-08c9f654fd82 ] Request (ServersAdminTestJSON:test_inject_network_info): 200 GET http://10.180.1.21/compute/v2.1/servers/fd2e1a2f-c719-4241-a853-b4ced4c81708 0.949s
2025-12-09 09:20:21.084 67027 INFO tempest.lib.common.rest_client [req-82fcbc04-76ba-4d69-9c29-fc1a9b57c62b req-82fcbc04-76ba-4d69-9c29-fc1a9b57c62b ] Request (ServersListShow298Test:test_list_show_update_rebuild_server_298): 200 GET http://10.180.1.21/compute/v2.1/servers/detail 0.819s
2025-12-09 09:20:21.107 67067 INFO tempest.lib.common.rest_client [req-a7166379-9731-4725-b1e2-766a7b8f6799 req-a7166379-9731-4725-b1e2-766a7b8f6799 ] Request (ServersAdminNegativeTestJSON:tearDownClass): 404 GET http://10.180.1.21/compute/v2.1/servers/d92b6932-59bf-44d6-aece-9fa108746372 0.712s
2025-12-09 09:20:21.145 67056 INFO tempest.lib.common.rest_client [req-48afecb6-7cce-439e-8000-981c9c7bb441 req-48afecb6-7cce-439e-8000-981c9c7bb441 ] Request (ImagesOneServerNegativeTestJSON:_run_cleanups): 200 GET http://10.180.1.21/compute/v2.1/servers/c9988073-40c4-4a3b-ae51-ca338e15f224 0.769s
2025-12-09 09:20:21.179 67017 INFO tempest.lib.common.rest_client [req-a09df605-adea-46e6-aa3c-710d076c0e98 req-a09df605-adea-46e6-aa3c-710d076c0e98 ] Request (InstanceActionsNegativeTestJSON:setUpClass): 200 GET http://10.180.1.21/compute/v2.1/servers/460db65f-3673-406c-96e6-65932d07e7bb 0.785s
2025-12-09 09:20:21.274 67045 INFO tempest.lib.common.rest_client [req-2eeab235-f005-4c07-b346-bda810e14733 req-2eeab235-f005-4c07-b346-bda810e14733 ] Request (ServersV294TestFqdnHostnames:setUpClass): 200 GET http://10.180.1.21/compute/v2.1/servers/35bf075e-7ca3-4a05-9d6f-3e56b487ca70 0.735s
2025-12-09 09:20:21.298 67058 INFO tempest.lib.common.rest_client [req-3bfba92e-cd1e-4965-8d0a-fa6251011830 req-3bfba92e-cd1e-4965-8d0a-fa6251011830 ] Request (ServerActionsTestJSON:test_lock_unlock_server): 200 GET http://10.180.1.21/compute/v2.1/servers/fc4dc04b-bc46-461d-b852-d14bc87cccce 0.790s
2025-12-09 09:20:21.325 67035 INFO tempest.lib.common.rest_client [req-fe8cc427-9e50-4e2d-aed7-4a6801c009bd req-fe8cc427-9e50-4e2d-aed7-4a6801c009bd ] Request (ServerExternalEventsTest:tearDownClass): 200 GET http://10.180.1.21/compute/v2.1/servers/95a06454-61e3-47c5-93c9-468d7303ec2a 0.728s
2025-12-09 09:20:21.336 67065 INFO tempest.lib.common.rest_client [req-6e69f796-47f2-4868-a310-c8a29e2c8845 req-6e69f796-47f2-4868-a310-c8a29e2c8845 ] Request (ImagesOneServerTestJSON:test_create_image_specify_multibyte_character_image_name): 200 GET http://10.180.1.21/compute/v2.1/images/0f995484-f52f-4d67-a065-cea12724cd8a 0.685s
2025-12-09 09:20:21.383 67011 INFO tempest.lib.common.rest_client [req-53a51fbd-acf9-43e8-845d-e6753b67264f req-53a51fbd-acf9-43e8-845d-e6753b67264f ] Request (MultipleCreateTestJSON:tearDownClass): 200 GET http://10.180.1.21/compute/v2.1/servers/910c8e40-3662-45ab-ba31-713647220035 0.730s
2025-12-09 09:20:21.401 67031 INFO tempest.lib.common.rest_client [req-e7b06632-66d2-47ca-8f36-e1087c1bfb1e req-e7b06632-66d2-47ca-8f36-e1087c1bfb1e ] Request (AttachInterfacesUnderV243Test:_run_cleanups): 200 GET http://10.180.1.21/compute/v2.1/servers/0bc1fb64-dbcd-4f59-8734-4c6b750e91ff 0.468s
2025-12-09 09:20:21.459 67047 INFO tempest.lib.common.rest_client [req-dc0e511c-ccd7-44d0-b82a-482ea4a0ccd1 req-dc0e511c-ccd7-44d0-b82a-482ea4a0ccd1 ] Request (ListServerFiltersTestJSON:setUpClass): 200 GET http://10.180.1.21/compute/v2.1/servers/b29753b8-b05d-4c10-ac46-dd1835f974e1 0.471s
2025-12-09 09:20:21.466 67047 INFO tempest.common.waiters [-] State transition "BUILD/scheduling" ==> "BUILD/None" after 22 second wait
2025-12-09 09:20:21.497 67019 INFO tempest.lib.common.rest_client [req-181542ff-d050-4674-8625-494b46e28109 req-181542ff-d050-4674-8625-494b46e28109 ] Request (AttachVolumeShelveTestJSON:test_attach_volume_shelved_or_offload_server): 200 GET http://10.180.1.21/compute/v2.1/servers/e96af12b-2824-4249-bffd-8fcc489d4925 0.539s
2025-12-09 09:20:21.505 67019 INFO tempest.common.waiters [-] State transition "BUILD/block_device_mapping" ==> "BUILD/spawning" after 44 second wait
2025-12-09 09:20:21.553 67059 INFO tempest.lib.common.rest_client [req-e1805405-944d-4bc5-9e2a-a4c80333462c req-e1805405-944d-4bc5-9e2a-a4c80333462c ] Request (ServersListShow296Test:tearDownClass): 200 GET http://10.180.1.21/compute/v2.1/servers/25bfc074-6ab8-45e8-9bc6-b9a71aa9f77d 0.490s
2025-12-09 09:20:21.576 67027 INFO tempest.lib.common.rest_client [req-38b70af8-02a0-4929-be6b-a39987f9f0c4 req-38b70af8-02a0-4929-be6b-a39987f9f0c4 ] Request (ServersListShow298Test:test_list_show_update_rebuild_server_298): 200 GET http://10.180.1.21/compute/v2.1/servers/b21f308d-abc0-4b48-8f17-640794658f83 0.480s
2025-12-09 09:20:21.657 67067 INFO tempest.lib.common.rest_client [req-35c809f0-ba5f-400a-9051-53d7df6fd8d8 req-35c809f0-ba5f-400a-9051-53d7df6fd8d8 ] Request (ServersAdminNegativeTestJSON:tearDownClass): 204 DELETE http://10.180.1.21/compute/v2.1/servers/7ddc6107-2c07-4d30-9f46-3cd0e0bcd99a 0.549s
2025-12-09 09:20:21.670 67025 INFO tempest.lib.common.rest_client [req-6bd49123-609a-4172-a1ea-4548c292a4e3 req-6bd49123-609a-4172-a1ea-4548c292a4e3 ] Request (ListServersNegativeTestJSON:setUpClass): 200 GET http://10.180.1.21/compute/v2.1/servers/7da78ec1-bc6a-4046-a3a3-2e05c315a5f2 0.559s
2025-12-09 09:20:21.709 67015 INFO tempest.lib.common.rest_client [req-aaed29cb-c724-425e-ab18-7ae349e589da req-aaed29cb-c724-425e-ab18-7ae349e589da ] Request (ServersNegativeTestJSON:setUpClass): 200 GET http://10.180.1.21/compute/v2.1/servers/3bb6952b-9472-4552-ab66-6cf1697ff97a 0.529s
2025-12-09 09:20:21.715 67058 INFO tempest.lib.common.rest_client [req-24a9bddc-a0e0-4576-9311-8bd6144d01a0 req-24a9bddc-a0e0-4576-9311-8bd6144d01a0 ] Request (ServerActionsTestJSON:test_lock_unlock_server): 409 POST http://10.180.1.21/compute/v2.1/servers/fc4dc04b-bc46-461d-b852-d14bc87cccce/action 0.408s
2025-12-09 09:20:21.719 67015 INFO tempest.common.waiters [-] State transition "BUILD/scheduling" ==> "BUILD/None" after 22 second wait
2025-12-09 09:20:21.853 67037 INFO tempest.lib.common.rest_client [req-c64efd8d-b9eb-4ebc-a1c5-bd95a2047413 req-c64efd8d-b9eb-4ebc-a1c5-bd95a2047413 ] Request (ServerRescueTestJSONUnderV235:setUpClass): 200 GET http://10.180.1.21/compute/v2.1/servers/b42fcdc7-8491-48af-a932-6dd8e837b7ec 0.422s
2025-12-09 09:20:21.853 67065 INFO tempest.lib.common.rest_client [req-174d5026-4a57-4bbc-88b7-5cc7810d3b01 req-174d5026-4a57-4bbc-88b7-5cc7810d3b01 ] Request (ImagesOneServerTestJSON:test_create_image_specify_multibyte_character_image_name): 200 GET http://10.180.1.21/compute/v2.1/servers/3ace1546-5eaf-4757-b10a-a2675b99cfc8 0.514s
2025-12-09 09:20:21.912 67009 INFO tempest.lib.common.rest_client [req-a7446266-a5c0-4342-98ee-710d9e105f7b req-a7446266-a5c0-4342-98ee-710d9e105f7b ] Request (ImagesTestJSON:test_create_image_from_suspended_server): 200 GET http://10.180.1.21/compute/v2.1/servers/34ac49b7-9d66-44b0-94b3-c3b9a137d8ce 0.442s
2025-12-09 09:20:21.929 67027 INFO tempest.lib.common.rest_client [req-f15e3a7f-1a07-482c-9a66-101514d4c7d9 req-f15e3a7f-1a07-482c-9a66-101514d4c7d9 ] Request (ServersListShow298Test:test_list_show_update_rebuild_server_298): 200 PUT http://10.180.1.21/compute/v2.1/servers/b21f308d-abc0-4b48-8f17-640794658f83 0.342s
2025-12-09 09:20:21.967 67041 INFO tempest.lib.common.rest_client [req-398dc70a-0e77-418b-8dd7-efd8d74d227f req-398dc70a-0e77-418b-8dd7-efd8d74d227f ] Request (MigrationsAdminTest:test_list_migrations_in_flavor_resize_situation): 200 GET http://10.180.1.21/compute/v2.1/servers/93492d04-1727-4f8d-b6ce-33fb44de23d9 0.376s
2025-12-09 09:20:22.078 67067 INFO tempest.lib.common.rest_client [req-6d5a82a0-a21b-4f9b-a746-f9fd0fb4b475 req-6d5a82a0-a21b-4f9b-a746-f9fd0fb4b475 ] Request (ServersAdminNegativeTestJSON:tearDownClass): 200 GET http://10.180.1.21/compute/v2.1/servers/7ddc6107-2c07-4d30-9f46-3cd0e0bcd99a 0.421s
2025-12-09 09:20:22.097 67049 INFO tempest.lib.common.rest_client [req-0496cd2e-e3c0-4725-b7d9-73342e080a70 req-0496cd2e-e3c0-4725-b7d9-73342e080a70 ] Request (ServerActionsTestOtherA:test_rebuild_server_in_stop_state): 200 GET http://10.180.1.21/compute/v2.1/servers/2e9d0cc0-8aa2-436a-b45c-0deba3a0248f 0.483s
2025-12-09 09:20:22.138 67021 INFO tempest.lib.common.rest_client [req-151e421d-21dd-4894-b038-b9894d4f8898 req-151e421d-21dd-4894-b038-b9894d4f8898 ] Request (ServersWithSpecificFlavorTestJSON:test_verify_created_server_ephemeral_disk): 200 GET http://10.180.1.21/compute/v2.1/servers/2f1df32a-5529-4f2a-a5a3-58d1c7378a40 0.478s
2025-12-09 09:20:22.173 67058 INFO tempest.lib.common.rest_client [req-6e2879e7-183a-40ca-ab14-27bc4d4eade8 req-6e2879e7-183a-40ca-ab14-27bc4d4eade8 ] Request (ServerActionsTestJSON:test_lock_unlock_server): 202 POST http://10.180.1.21/compute/v2.1/servers/fc4dc04b-bc46-461d-b852-d14bc87cccce/action 0.457s
2025-12-09 09:20:22.191 67069 INFO tempest.lib.common.rest_client [req-7ce240be-713d-468c-a188-76a493bc6e7d req-7ce240be-713d-468c-a188-76a493bc6e7d ] Request (TenantUsagesTestJSON:setUpClass): 200 GET http://10.180.1.21/compute/v2.1/servers/446a9e2c-4a10-406b-adca-12131724eaf3 0.410s
2025-12-09 09:20:22.237 67061 INFO tempest.lib.common.rest_client [req-76c2b3a2-abef-493a-9331-552201c47fb0 req-76c2b3a2-abef-493a-9331-552201c47fb0 ] Request (FloatingIPsAssociationTestJSON:tearDownClass): 200 GET http://10.180.1.21/compute/v2.1/servers/a49a7fbe-0acc-4893-9ee4-56078007bbcb 0.434s
2025-12-09 09:20:22.306 67043 INFO tempest.lib.common.rest_client [req-053f6b9a-8832-44e6-872a-3fa7e46b30b4 req-053f6b9a-8832-44e6-872a-3fa7e46b30b4 ] Request (ServersAdminTestJSON:test_inject_network_info): 200 GET http://10.180.1.21/compute/v2.1/servers/fd2e1a2f-c719-4241-a853-b4ced4c81708 0.227s
2025-12-09 09:20:22.361 67056 INFO tempest.lib.common.rest_client [req-e2a65ee1-59d6-4044-a328-3bea420dd3f7 req-e2a65ee1-59d6-4044-a328-3bea420dd3f7 ] Request (ImagesOneServerNegativeTestJSON:_run_cleanups): 200 GET http://10.180.1.21/compute/v2.1/servers/c9988073-40c4-4a3b-ae51-ca338e15f224 0.209s
2025-12-09 09:20:22.411 67027 INFO tempest.lib.common.rest_client [req-8ed78212-f842-400f-8a06-dff87a44aee7 req-8ed78212-f842-400f-8a06-dff87a44aee7 ] Request (ServersListShow298Test:test_list_show_update_rebuild_server_298): 202 POST http://10.180.1.21/compute/v2.1/servers/b21f308d-abc0-4b48-8f17-640794658f83/action 0.471s
2025-12-09 09:20:22.415 67058 INFO tempest.lib.common.rest_client [req-45fe65d5-71dc-4b09-9ee5-fe6b963a4dc6 req-45fe65d5-71dc-4b09-9ee5-fe6b963a4dc6 ] Request (ServerActionsTestJSON:test_lock_unlock_server): 202 POST http://10.180.1.21/compute/v2.1/servers/fc4dc04b-bc46-461d-b852-d14bc87cccce/action 0.242s
2025-12-09 09:20:22.461 67017 INFO tempest.lib.common.rest_client [req-a9b47d8a-6bf6-4bc0-be95-c961627085f1 req-a9b47d8a-6bf6-4bc0-be95-c961627085f1 ] Request (InstanceActionsNegativeTestJSON:setUpClass): 200 GET http://10.180.1.21/compute/v2.1/servers/460db65f-3673-406c-96e6-65932d07e7bb 0.270s
2025-12-09 09:20:22.463 67045 INFO tempest.lib.common.rest_client [req-be55a189-998b-4dfb-ae94-086db9fd98a0 req-be55a189-998b-4dfb-ae94-086db9fd98a0 ] Request (ServersV294TestFqdnHostnames:setUpClass): 200 GET http://10.180.1.21/compute/v2.1/servers/35bf075e-7ca3-4a05-9d6f-3e56b487ca70 0.178s
2025-12-09 09:20:22.514 67035 INFO tempest.lib.common.rest_client [req-615ee2ad-48e6-446d-81d6-78b7ad101837 req-615ee2ad-48e6-446d-81d6-78b7ad101837 ] Request (ServerExternalEventsTest:tearDownClass): 200 GET http://10.180.1.21/compute/v2.1/servers/95a06454-61e3-47c5-93c9-468d7303ec2a 0.176s
2025-12-09 09:20:22.518 67011 INFO tempest.lib.common.rest_client [req-ebd56fea-14d6-41ac-b0ac-810aaaa19154 req-ebd56fea-14d6-41ac-b0ac-810aaaa19154 ] Request (MultipleCreateTestJSON:tearDownClass): 200 GET http://10.180.1.21/compute/v2.1/servers/910c8e40-3662-45ab-ba31-713647220035 0.124s
2025-12-09 09:20:22.521 67035 INFO tempest.common.waiters [-] State transition "ACTIVE/deleting" ==> "DELETED/None" after 3 second wait
2025-12-09 09:20:22.573 67031 INFO tempest.lib.common.rest_client [req-807f47d3-f077-487a-9c93-b3b39d5db135 req-807f47d3-f077-487a-9c93-b3b39d5db135 ] Request (AttachInterfacesUnderV243Test:_run_cleanups): 200 GET http://10.180.1.21/compute/v2.1/servers/0bc1fb64-dbcd-4f59-8734-4c6b750e91ff 0.160s
2025-12-09 09:20:22.637 67058 INFO tempest.lib.common.rest_client [req-4d519a41-ef3c-4647-9166-bd43281fbf07 req-4d519a41-ef3c-4647-9166-bd43281fbf07 ] Request (ServerActionsTestJSON:test_lock_unlock_server): 200 GET http://10.180.1.21/compute/v2.1/servers/fc4dc04b-bc46-461d-b852-d14bc87cccce 0.221s
2025-12-09 09:20:22.646 67027 INFO tempest.lib.common.rest_client [req-0805870e-b845-43fd-b0c5-43a822308b87 req-0805870e-b845-43fd-b0c5-43a822308b87 ] Request (ServersListShow298Test:test_list_show_update_rebuild_server_298): 200 GET http://10.180.1.21/compute/v2.1/servers/b21f308d-abc0-4b48-8f17-640794658f83 0.220s
2025-12-09 09:20:22.693 67047 INFO tempest.lib.common.rest_client [req-17cc5e8f-dd84-4165-b25f-88ee7478b401 req-17cc5e8f-dd84-4165-b25f-88ee7478b401 ] Request (ListServerFiltersTestJSON:setUpClass): 200 GET http://10.180.1.21/compute/v2.1/servers/b29753b8-b05d-4c10-ac46-dd1835f974e1 0.226s
2025-12-09 09:20:22.763 67019 INFO tempest.lib.common.rest_client [req-dc61bcdd-31e3-4189-9105-fdff9a2349b8 req-dc61bcdd-31e3-4189-9105-fdff9a2349b8 ] Request (AttachVolumeShelveTestJSON:test_attach_volume_shelved_or_offload_server): 200 GET http://10.180.1.21/compute/v2.1/servers/e96af12b-2824-4249-bffd-8fcc489d4925 0.256s
2025-12-09 09:20:22.766 67059 INFO tempest.lib.common.rest_client [req-bb5092c9-83db-4f9f-ae65-70d900b1f28b req-bb5092c9-83db-4f9f-ae65-70d900b1f28b ] Request (ServersListShow296Test:tearDownClass): 200 GET http://10.180.1.21/compute/v2.1/servers/25bfc074-6ab8-45e8-9bc6-b9a71aa9f77d 0.193s
2025-12-09 09:20:22.797 67071 WARNING tempest.lib.common.ssh [-] Failed to establish authenticated ssh connection to cirros@10.180.180.213 ([Errno None] Unable to connect to port 22 on 10.180.180.213). Number attempts: 7. Retry after 8 seconds.: paramiko.ssh_exception.NoValidConnectionsError: [Errno None] Unable to connect to port 22 on 10.180.180.213
2025-12-09 09:20:22.824 67025 INFO tempest.lib.common.rest_client [req-fba45299-0c70-43da-930c-75005b09f85f req-fba45299-0c70-43da-930c-75005b09f85f ] Request (ListServersNegativeTestJSON:setUpClass): 200 GET http://10.180.1.21/compute/v2.1/servers/7da78ec1-bc6a-4046-a3a3-2e05c315a5f2 0.144s
2025-12-09 09:20:22.825 67015 INFO tempest.lib.common.rest_client [req-5fa3bb0a-0ab7-4b2a-b1aa-aace9bfa9701 req-5fa3bb0a-0ab7-4b2a-b1aa-aace9bfa9701 ] Request (ServersNegativeTestJSON:setUpClass): 200 GET http://10.180.1.21/compute/v2.1/servers/3bb6952b-9472-4552-ab66-6cf1697ff97a 0.105s
2025-12-09 09:20:22.964 67065 INFO tempest.lib.common.rest_client [req-7326a937-ed59-4375-a5ab-3edeb4630d5d req-7326a937-ed59-4375-a5ab-3edeb4630d5d ] Request (ImagesOneServerTestJSON:test_create_image_specify_multibyte_character_image_name): 200 GET http://10.180.1.21/compute/v2.1/servers/3ace1546-5eaf-4757-b10a-a2675b99cfc8 0.102s
2025-12-09 09:20:22.964 67037 INFO tempest.lib.common.rest_client [req-cd227656-4167-46bf-bf1f-e269cc47c74b req-cd227656-4167-46bf-bf1f-e269cc47c74b ] Request (ServerRescueTestJSONUnderV235:setUpClass): 200 GET http://10.180.1.21/compute/v2.1/servers/b42fcdc7-8491-48af-a932-6dd8e837b7ec 0.102s
2025-12-09 09:20:22.973 67065 INFO tempest.common.waiters [-] State transition "ACTIVE/image_uploading" ==> "ACTIVE/None" after 1 second wait
2025-12-09 09:20:23.016 67009 INFO tempest.lib.common.rest_client [req-34eecc4b-eaa4-4e9b-8577-a9b47b1e6a02 req-34eecc4b-eaa4-4e9b-8577-a9b47b1e6a02 ] Request (ImagesTestJSON:test_create_image_from_suspended_server): 200 GET http://10.180.1.21/compute/v2.1/servers/34ac49b7-9d66-44b0-94b3-c3b9a137d8ce 0.091s
2025-12-09 09:20:23.084 67041 INFO tempest.lib.common.rest_client [req-b271ab77-7c06-410c-acff-9cd5c8984745 req-b271ab77-7c06-410c-acff-9cd5c8984745 ] Request (MigrationsAdminTest:test_list_migrations_in_flavor_resize_situation): 200 GET http://10.180.1.21/compute/v2.1/servers/93492d04-1727-4f8d-b6ce-33fb44de23d9 0.108s
2025-12-09 09:20:23.101 67065 INFO tempest.lib.common.rest_client [req-f0c46b7b-7d4d-497e-9b43-5bde7eb74dd7 req-f0c46b7b-7d4d-497e-9b43-5bde7eb74dd7 ] Request (ImagesOneServerTestJSON:tearDownClass): 204 DELETE http://10.180.1.21/compute/v2.1/images/0f995484-f52f-4d67-a065-cea12724cd8a 0.126s
2025-12-09 09:20:23.123 67065 INFO tempest.lib.common.rest_client [req-c8bfc314-4199-4189-9667-c7d73fd6abed req-c8bfc314-4199-4189-9667-c7d73fd6abed ] Request (ImagesOneServerTestJSON:tearDownClass): 404 DELETE http://10.180.1.21/compute/v2.1/images/de22235e-37d3-4bb7-b7cf-78d9865d0d03 0.021s
2025-12-09 09:20:23.213 67067 INFO tempest.lib.common.rest_client [req-1cec5a25-133c-4d3d-9853-e0546b2b0d95 req-1cec5a25-133c-4d3d-9853-e0546b2b0d95 ] Request (ServersAdminNegativeTestJSON:tearDownClass): 200 GET http://10.180.1.21/compute/v2.1/servers/7ddc6107-2c07-4d30-9f46-3cd0e0bcd99a 0.124s
2025-12-09 09:20:23.222 67049 INFO tempest.lib.common.rest_client [req-6bc206b3-71f3-48e4-8c16-7fd682ffe8f8 req-6bc206b3-71f3-48e4-8c16-7fd682ffe8f8 ] Request (ServerActionsTestOtherA:test_rebuild_server_in_stop_state): 200 GET http://10.180.1.21/compute/v2.1/servers/2e9d0cc0-8aa2-436a-b45c-0deba3a0248f 0.116s
2025-12-09 09:20:23.277 67021 INFO tempest.lib.common.rest_client [req-c6f23656-54df-4664-8451-74fe7f47eea6 req-c6f23656-54df-4664-8451-74fe7f47eea6 ] Request (ServersWithSpecificFlavorTestJSON:test_verify_created_server_ephemeral_disk): 200 GET http://10.180.1.21/compute/v2.1/servers/2f1df32a-5529-4f2a-a5a3-58d1c7378a40 0.131s
2025-12-09 09:20:23.293 67065 INFO tempest.lib.common.rest_client [req-90a56afb-1706-4feb-b16b-80d0e7ea24ff req-90a56afb-1706-4feb-b16b-80d0e7ea24ff ] Request (ImagesOneServerTestJSON:tearDownClass): 204 DELETE http://10.180.1.21/compute/v2.1/servers/3ace1546-5eaf-4757-b10a-a2675b99cfc8 0.169s
2025-12-09 09:20:23.334 67069 INFO tempest.lib.common.rest_client [req-aa423365-5785-4888-ae03-6b9d0d71c214 req-aa423365-5785-4888-ae03-6b9d0d71c214 ] Request (TenantUsagesTestJSON:setUpClass): 200 GET http://10.180.1.21/compute/v2.1/servers/446a9e2c-4a10-406b-adca-12131724eaf3 0.134s
2025-12-09 09:20:23.356 67061 INFO tempest.lib.common.rest_client [req-b8ba152f-fbe9-4686-891a-4f5135938752 req-b8ba152f-fbe9-4686-891a-4f5135938752 ] Request (FloatingIPsAssociationTestJSON:tearDownClass): 200 GET http://10.180.1.21/compute/v2.1/servers/a49a7fbe-0acc-4893-9ee4-56078007bbcb 0.108s
2025-12-09 09:20:23.405 67043 INFO tempest.lib.common.rest_client [req-894d042f-c00a-4cc9-8a38-e1602db7d5db req-894d042f-c00a-4cc9-8a38-e1602db7d5db ] Request (ServersAdminTestJSON:test_inject_network_info): 200 GET http://10.180.1.21/compute/v2.1/servers/fd2e1a2f-c719-4241-a853-b4ced4c81708 0.089s
2025-12-09 09:20:23.433 67065 INFO tempest.lib.common.rest_client [req-dc928243-5af0-4699-aea5-9d493f3438fd req-dc928243-5af0-4699-aea5-9d493f3438fd ] Request (ImagesOneServerTestJSON:tearDownClass): 200 GET http://10.180.1.21/compute/v2.1/servers/3ace1546-5eaf-4757-b10a-a2675b99cfc8 0.139s
2025-12-09 09:20:23.459 67056 INFO tempest.lib.common.rest_client [req-21f5ce84-b7ff-49e0-86de-6cb69fda3acd req-21f5ce84-b7ff-49e0-86de-6cb69fda3acd ] Request (ImagesOneServerNegativeTestJSON:_run_cleanups): 200 GET http://10.180.1.21/compute/v2.1/servers/c9988073-40c4-4a3b-ae51-ca338e15f224 0.087s
2025-12-09 09:20:23.520 67017 INFO tempest.lib.common.rest_client [req-0ad83002-fa27-451d-bcdf-93b8b966ad65 req-0ad83002-fa27-451d-bcdf-93b8b966ad65 ] Request (InstanceActionsNegativeTestJSON:setUpClass): 200 GET http://10.180.1.21/compute/v2.1/servers/460db65f-3673-406c-96e6-65932d07e7bb 0.052s
2025-12-09 09:20:23.530 67045 INFO tempest.lib.common.rest_client [req-eda89ee5-f8fc-45e3-9244-8f2af92b63fd req-eda89ee5-f8fc-45e3-9244-8f2af92b63fd ] Request (ServersV294TestFqdnHostnames:setUpClass): 200 GET http://10.180.1.21/compute/v2.1/servers/35bf075e-7ca3-4a05-9d6f-3e56b487ca70 0.056s
2025-12-09 09:20:23.595 67035 INFO tempest.lib.common.rest_client [req-85c8f260-a7b4-47d4-b744-238bfd40db03 req-85c8f260-a7b4-47d4-b744-238bfd40db03 ] Request (ServerExternalEventsTest:tearDownClass): 200 GET http://10.180.1.21/compute/v2.1/servers/95a06454-61e3-47c5-93c9-468d7303ec2a 0.074s
2025-12-09 09:20:23.613 67011 INFO tempest.lib.common.rest_client [req-8a72411f-2ed0-4f30-a057-2aaf45e32df0 req-8a72411f-2ed0-4f30-a057-2aaf45e32df0 ] Request (MultipleCreateTestJSON:tearDownClass): 200 GET http://10.180.1.21/compute/v2.1/servers/910c8e40-3662-45ab-ba31-713647220035 0.085s
2025-12-09 09:20:23.618 67031 INFO tempest.lib.common.rest_client [req-dd6dfaa1-6d7a-47c5-be38-0ecabaa8122f req-dd6dfaa1-6d7a-47c5-be38-0ecabaa8122f ] Request (AttachInterfacesUnderV243Test:_run_cleanups): 404 GET http://10.180.1.21/compute/v2.1/servers/0bc1fb64-dbcd-4f59-8734-4c6b750e91ff 0.037s
2025-12-09 09:20:23.635 67031 INFO tempest.lib.common.rest_client [req-b2b3a4ec-517a-4e17-b6fe-c6ef3726b569 req-b2b3a4ec-517a-4e17-b6fe-c6ef3726b569 ] Request (AttachInterfacesUnderV243Test:_run_cleanups): 202 DELETE http://10.180.1.21/compute/v2.1/os-keypairs/tempest-keypair-1335784404 0.017s
2025-12-09 09:20:23.733 67031 INFO tempest.lib.common.rest_client [req-d68192f0-46f2-48da-9e91-b5375dc583c1 req-d68192f0-46f2-48da-9e91-b5375dc583c1 ] Request (AttachInterfacesUnderV243Test:_run_cleanups): 204 DELETE http://10.180.1.21/networking/v2.0/security-groups/37618f85-0f36-4f79-8b52-767cb711053f 0.097s
2025-12-09 09:20:23.760 67031 INFO tempest.lib.common.rest_client [req-f1d69f0b-68b8-4941-b973-c4acf9ab1211 req-f1d69f0b-68b8-4941-b973-c4acf9ab1211 ] Request (AttachInterfacesUnderV243Test:_run_cleanups): 404 GET http://10.180.1.21/networking/v2.0/security-groups/37618f85-0f36-4f79-8b52-767cb711053f 0.027s
2025-12-09 09:20:23.767 67027 INFO tempest.lib.common.rest_client [req-ca89a593-78a9-4835-9ea7-1581795c0520 req-ca89a593-78a9-4835-9ea7-1581795c0520 ] Request (ServersListShow298Test:test_list_show_update_rebuild_server_298): 200 GET http://10.180.1.21/compute/v2.1/servers/b21f308d-abc0-4b48-8f17-640794658f83 0.110s
2025-12-09 09:20:23.786 67058 INFO tempest.lib.common.rest_client [req-fdd254e7-aa62-4f56-bcf5-7a5fec1fc607 req-fdd254e7-aa62-4f56-bcf5-7a5fec1fc607 ] Request (ServerActionsTestJSON:test_lock_unlock_server): 200 GET http://10.180.1.21/compute/v2.1/servers/fc4dc04b-bc46-461d-b852-d14bc87cccce 0.139s
2025-12-09 09:20:23.852 67047 INFO tempest.lib.common.rest_client [req-ba1f4049-e42a-43de-8645-76d162776d85 req-ba1f4049-e42a-43de-8645-76d162776d85 ] Request (ListServerFiltersTestJSON:setUpClass): 200 GET http://10.180.1.21/compute/v2.1/servers/b29753b8-b05d-4c10-ac46-dd1835f974e1 0.150s
2025-12-09 09:20:23.978 67019 INFO tempest.lib.common.rest_client [req-364975c6-6f10-403f-8c9a-187c79e74add req-364975c6-6f10-403f-8c9a-187c79e74add ] Request (AttachVolumeShelveTestJSON:test_attach_volume_shelved_or_offload_server): 200 GET http://10.180.1.21/compute/v2.1/servers/e96af12b-2824-4249-bffd-8fcc489d4925 0.206s
2025-12-09 09:20:23.993 67059 INFO tempest.lib.common.rest_client [req-525c73f6-4b8d-4178-b5d2-027eb1c1bd3c req-525c73f6-4b8d-4178-b5d2-027eb1c1bd3c ] Request (ServersListShow296Test:tearDownClass): 200 GET http://10.180.1.21/compute/v2.1/servers/25bfc074-6ab8-45e8-9bc6-b9a71aa9f77d 0.209s
2025-12-09 09:20:24.010 67031 INFO tempest.lib.common.rest_client [req-ffc5a9b1-7e07-493b-b8b7-7baa246e4970 req-ffc5a9b1-7e07-493b-b8b7-7baa246e4970 ] Request (AttachInterfacesUnderV243Test:_run_cleanups): 204 DELETE http://10.180.1.21/networking/v2.0/floatingips/321e6e37-ac31-49db-bc05-69f05472e05d 0.250s
2025-12-09 09:20:24.057 67015 INFO tempest.lib.common.rest_client [req-51ac6cea-6d3b-4a90-a701-e6665bee0124 req-51ac6cea-6d3b-4a90-a701-e6665bee0124 ] Request (ServersNegativeTestJSON:setUpClass): 200 GET http://10.180.1.21/compute/v2.1/servers/3bb6952b-9472-4552-ab66-6cf1697ff97a 0.223s
2025-12-09 09:20:24.073 67025 INFO tempest.lib.common.rest_client [req-8e80bd0b-2fc0-4edf-ac7f-ab6d6b6ad00f req-8e80bd0b-2fc0-4edf-ac7f-ab6d6b6ad00f ] Request (ListServersNegativeTestJSON:setUpClass): 200 GET http://10.180.1.21/compute/v2.1/servers/7da78ec1-bc6a-4046-a3a3-2e05c315a5f2 0.241s
2025-12-09 09:20:24.098 67031 INFO tempest.lib.common.rest_client [req-110c8403-9235-4370-9db6-75a0005dff8f req-110c8403-9235-4370-9db6-75a0005dff8f ] Request (AttachInterfacesUnderV243Test:tearDownClass): 404 DELETE http://10.180.1.21/compute/v2.1/servers/0bc1fb64-dbcd-4f59-8734-4c6b750e91ff 0.079s
2025-12-09 09:20:24.157 67009 INFO tempest.lib.common.rest_client [req-0d00af48-ac3f-42da-b971-76d2aa605535 req-0d00af48-ac3f-42da-b971-76d2aa605535 ] Request (ImagesTestJSON:test_create_image_from_suspended_server): 200 GET http://10.180.1.21/compute/v2.1/servers/34ac49b7-9d66-44b0-94b3-c3b9a137d8ce 0.133s
2025-12-09 09:20:24.198 67037 INFO tempest.lib.common.rest_client [req-463ff6bc-c906-4a22-8082-926874b7d3b0 req-463ff6bc-c906-4a22-8082-926874b7d3b0 ] Request (ServerRescueTestJSONUnderV235:setUpClass): 200 GET http://10.180.1.21/compute/v2.1/servers/b42fcdc7-8491-48af-a932-6dd8e837b7ec 0.221s
2025-12-09 09:20:24.223 67031 INFO tempest.lib.common.rest_client [req-0b38be7c-d4f7-44df-8730-9365958e7b56 req-0b38be7c-d4f7-44df-8730-9365958e7b56 ] Request (AttachInterfacesUnderV243Test:tearDownClass): 404 GET http://10.180.1.21/compute/v2.1/servers/0bc1fb64-dbcd-4f59-8734-4c6b750e91ff 0.125s
2025-12-09 09:20:24.227 67041 INFO tempest.lib.common.rest_client [req-a2621004-c12f-40d5-8b4e-c94a295203e0 req-a2621004-c12f-40d5-8b4e-c94a295203e0 ] Request (MigrationsAdminTest:test_list_migrations_in_flavor_resize_situation): 200 GET http://10.180.1.21/compute/v2.1/servers/93492d04-1727-4f8d-b6ce-33fb44de23d9 0.135s
2025-12-09 09:20:24.306 67067 INFO tempest.lib.common.rest_client [req-01d849aa-b1c8-4863-988a-9cf12bc29339 req-01d849aa-b1c8-4863-988a-9cf12bc29339 ] Request (ServersAdminNegativeTestJSON:tearDownClass): 200 GET http://10.180.1.21/compute/v2.1/servers/7ddc6107-2c07-4d30-9f46-3cd0e0bcd99a 0.083s
2025-12-09 09:20:24.364 67021 INFO tempest.lib.common.rest_client [req-1730bf2f-0fea-44ff-84db-759704038dd7 req-1730bf2f-0fea-44ff-84db-759704038dd7 ] Request (ServersWithSpecificFlavorTestJSON:test_verify_created_server_ephemeral_disk): 200 GET http://10.180.1.21/compute/v2.1/servers/2f1df32a-5529-4f2a-a5a3-58d1c7378a40 0.074s
