2025-12-09 09:19:29.683 67069 INFO tempest.lib.common.rest_client [req-d8fa79d6-e3d4-4db2-a7c7-4a633ad08580 req-d8fa79d6-e3d4-4db2-a7c7-4a633ad08580 ] Request (FlavorsAdminTestJSON:_run_cleanups): 202 DELETE http://10.180.1.21/compute/v2.1/flavors/993670550 4.661s
2025-12-09 09:19:29.720 67053 INFO tempest.lib.common.rest_client [req-67bbd1ea-bcc3-4f7e-a90b-65d1a9ddd6fa req-67bbd1ea-bcc3-4f7e-a90b-65d1a9ddd6fa ] Request (KeyPairsV22TestJSON:test_keypairs_create_list_delete): 201 POST http://10.180.1.21/compute/v2.1/os-keypairs 4.663s
2025-12-09 09:19:29.725 67027 INFO tempest.lib.common.rest_client [req-d03901a4-30e1-4a37-b580-086717ecad8d req-d03901a4-30e1-4a37-b580-086717ecad8d ] Request (SecurityGroupRulesNegativeTestJSON:tearDownClass): 204 DELETE http://10.180.1.21/identity/v3/users/9294f04e49d341c3892a49a45e490156 0.087s
2025-12-09 09:19:29.726 67027 INFO tempest.lib.common.dynamic_creds [-] Deleting project and security group for project: 240f65086e4d42c8aa1eb4a6762cd8c2
2025-12-09 09:19:29.844 67019 INFO tempest.lib.common.rest_client [req-291140ea-2045-4ccb-8669-9f2aea6d8d29 req-291140ea-2045-4ccb-8669-9f2aea6d8d29 ] Request (AttachVolumeShelveTestJSON:setUpClass): 201 POST http://10.180.1.21/networking/v2.0/routers 0.909s
2025-12-09 09:19:29.920 67047 INFO tempest.lib.common.rest_client [req-51097f28-7c71-48ff-88ee-f79f1fec2302 req-51097f28-7c71-48ff-88ee-f79f1fec2302 ] Request (ImagesNegativeTestJSON:test_create_image_from_deleted_server): 200 GET http://10.180.1.21/compute/v2.1/servers/cc1d85f8-38c6-42da-81ea-3d147a15b852 4.950s
2025-12-09 09:19:29.938 67027 INFO tempest.lib.common.rest_client [req-16b8d89e-3a79-4099-913d-3c664cfe7bc1 req-16b8d89e-3a79-4099-913d-3c664cfe7bc1 ] Request (SecurityGroupRulesNegativeTestJSON:tearDownClass): 200 GET http://10.180.1.21/networking/v2.0/security-groups?tenant_id=240f65086e4d42c8aa1eb4a6762cd8c2&name=default 0.212s
2025-12-09 09:19:29.968 67071 INFO tempest.lib.common.rest_client [req-69f4bc8d-ff1f-4f67-a052-ba58217d208e req-69f4bc8d-ff1f-4f67-a052-ba58217d208e ] Request (ServersTestBootFromVolume:setUpClass): 200 GET http://10.180.1.21/compute/v2.1/servers/d394a9f8-0d69-4bbf-8ffc-7c8282886942 4.845s
2025-12-09 09:19:30.827 67019 INFO tempest.lib.common.rest_client [req-4bac4e61-bd9e-4894-8015-161336d58e01 req-4bac4e61-bd9e-4894-8015-161336d58e01 ] Request (AttachVolumeShelveTestJSON:setUpClass): 200 PUT http://10.180.1.21/networking/v2.0/routers/1f73075d-7c77-4fba-9f77-5fce889c30ec/add_router_interface 0.982s
2025-12-09 09:19:30.827 67019 INFO tempest.lib.common.dynamic_creds [-] Created isolated network resources for: credentials: Credentials: {'domain_id': 'default', 'domain_name': 'Default', 'username': 'tempest-AttachVolumeShelveTestJSON-975151550-project-member', 'project_domain_id': 'default', 'project_domain_name': 'Default', 'project_id': '0e48ceb8dbf2456eb33da5e898864797', 'project_name': 'tempest-AttachVolumeShelveTestJSON-975151550', 'tenant_id': '0e48ceb8dbf2456eb33da5e898864797', 'tenant_name': 'tempest-AttachVolumeShelveTestJSON-975151550', 'user_domain_id': 'default', 'user_domain_name': 'Default', 'user_id': '2f66b946b4694d6ab0fcd7a235dc6d09', 'system': None}, Network: {'id': '7958a6ea-c5c4-4b88-9fe9-1fe586c3fcb2', 'name': 'tempest-AttachVolumeShelveTestJSON-1103499369-network', 'tenant_id': '0e48ceb8dbf2456eb33da5e898864797', 'project_id': '0e48ceb8dbf2456eb33da5e898864797', 'admin_state_up': True, 'mtu': 8950, 'status': 'ACTIVE', 'subnets': [], 'shared': False, 'port_security_enabled': True, 'router:external': False, 'provider:network_type': 'vlan', 'provider:physical_network': 'default', 'provider:segmentation_id': 342, 'availability_zone_hints': [], 'availability_zones': [], 'ipv4_address_scope': None, 'ipv6_address_scope': None, 'description': '', 'tags': [], 'created_at': '2025-12-09T09:19:28Z', 'updated_at': '2025-12-09T09:19:28Z', 'revision_number': 1}, Subnet: {'id': 'fe982877-e79a-4dbc-9863-19020d9719dc', 'name': 'tempest-AttachVolumeShelveTestJSON-1103499369-subnet', 'tenant_id': '0e48ceb8dbf2456eb33da5e898864797', 'network_id': '7958a6ea-c5c4-4b88-9fe9-1fe586c3fcb2', 'ip_version': 4, 'subnetpool_id': None, 'enable_dhcp': True, 'ipv6_ra_mode': None, 'ipv6_address_mode': None, 'gateway_ip': '192.168.128.1', 'cidr': '192.168.128.0/28', 'allocation_pools': [{'start': '192.168.128.2', 'end': '192.168.128.14'}], 'host_routes': [], 'dns_nameservers': [], 'description': '', 'router:external': False, 'service_types': [], 'tags': [], 'created_at': '2025-12-09T09:19:28Z', 'updated_at': '2025-12-09T09:19:28Z', 'revision_number': 0, 'project_id': '0e48ceb8dbf2456eb33da5e898864797'}, Router: {'id': '1f73075d-7c77-4fba-9f77-5fce889c30ec', 'name': 'tempest-AttachVolumeShelveTestJSON-1103499369-router', 'tenant_id': '0e48ceb8dbf2456eb33da5e898864797', 'admin_state_up': True, 'status': 'ACTIVE', 'external_gateway_info': {'network_id': '36c218aa-627d-418a-9501-ba587c43e224', 'external_fixed_ips': [{'subnet_id': 'aa9ff4c2-441a-47f2-bafc-11825fc47454', 'ip_address': '10.180.180.170'}], 'enable_snat': True}, 'description': '', 'availability_zones': [], 'distributed': False, 'ha': False, 'availability_zone_hints': [], 'routes': [], 'flavor_id': None, 'tags': [], 'created_at': '2025-12-09T09:19:29Z', 'updated_at': '2025-12-09T09:19:29Z', 'revision_number': 2, 'project_id': '0e48ceb8dbf2456eb33da5e898864797'}
2025-12-09 09:19:30.913 67019 INFO tempest.lib.common.rest_client [req-4f734f6a-124f-4191-a3b4-883b120e1ba1 req-4f734f6a-124f-4191-a3b4-883b120e1ba1 ] Request (AttachVolumeShelveTestJSON:setUpClass): 201 POST http://10.180.1.21/identity/v3/auth/tokens 0.080s
2025-12-09 09:19:31.007 67027 INFO tempest.lib.common.rest_client [req-85cd9ddf-c992-4901-ab1f-c685b0cadaf4 req-85cd9ddf-c992-4901-ab1f-c685b0cadaf4 ] Request (SecurityGroupRulesNegativeTestJSON:tearDownClass): 204 DELETE http://10.180.1.21/networking/v2.0/security-groups/2123bc3a-3356-4de1-9b7a-431eefab2e92 1.068s
2025-12-09 09:19:31.032 67039 INFO tempest.lib.common.rest_client [req-ea36eb16-bb25-4f6f-ae5a-bd8084aced23 req-ea36eb16-bb25-4f6f-ae5a-bd8084aced23 ] Request (ServerGroupTestJSON:_run_cleanups): 200 GET http://10.180.1.21/compute/v2.1/servers/ec04a6e0-0d53-441c-97ca-60ecbfacd9a8 5.851s
2025-12-09 09:19:31.049 67045 INFO tempest.lib.common.rest_client [req-89f00d61-aa5e-46bc-8741-254383e010c7 req-89f00d61-aa5e-46bc-8741-254383e010c7 ] Request (DeleteServersAdminTestJSON:test_delete_server_while_in_error_state): 200 GET http://10.180.1.21/compute/v2.1/servers/890d8e0a-b85d-466d-bef9-c517c2ca36f2 5.815s
2025-12-09 09:19:31.075 67067 INFO tempest.lib.common.rest_client [req-e0d791d3-595e-4c17-a413-703443b0b298 req-e0d791d3-595e-4c17-a413-703443b0b298 ] Request (ServersAdminNegativeTestJSON:_run_cleanups): 200 GET http://10.180.1.21/compute/v2.1/flavors/detail 5.677s
2025-12-09 09:19:31.117 67027 INFO tempest.lib.common.rest_client [req-4151507d-314d-409a-bb4a-e363f2e74d9f req-4151507d-314d-409a-bb4a-e363f2e74d9f ] Request (SecurityGroupRulesNegativeTestJSON:tearDownClass): 204 DELETE http://10.180.1.21/identity/v3/projects/240f65086e4d42c8aa1eb4a6762cd8c2 0.109s
2025-12-09 09:19:31.200 67027 INFO tempest.lib.common.rest_client [req-3a3ca606-b861-4812-8f2c-5bb8c4112f8a req-3a3ca606-b861-4812-8f2c-5bb8c4112f8a ] Request (ServersListShow298Test:setUpClass): 201 POST http://10.180.1.21/identity/v3/auth/tokens 0.080s
2025-12-09 09:19:31.200 67049 INFO paramiko.transport [-] Connected (version 2.0, client dropbear_2020.81)
2025-12-09 09:19:31.210 67025 INFO tempest.lib.common.rest_client [req-ca8cb605-6a6c-4c82-968e-92753f49ce24 req-ca8cb605-6a6c-4c82-968e-92753f49ce24 ] Request (InstanceActionsTestJSON:tearDownClass): 200 GET http://10.180.1.21/compute/v2.1/servers/ba6259cb-e9d9-4daf-80d6-52a02035fada 5.945s
2025-12-09 09:19:31.251 67027 INFO tempest.lib.common.rest_client [req-0ea31c22-84ee-4588-b9f5-4f15263e69f9 req-0ea31c22-84ee-4588-b9f5-4f15263e69f9 ] Request (ServersListShow298Test:setUpClass): 201 POST http://10.180.1.21/identity/v3/auth/tokens 0.043s
2025-12-09 09:19:31.252 67033 INFO tempest.lib.common.rest_client [req-97f037ce-1234-4740-bcb9-3e7b56ff2b71 req-97f037ce-1234-4740-bcb9-3e7b56ff2b71 ] Request (ServersTestManualDisk:setUpClass): 200 GET http://10.180.1.21/compute/v2.1/servers/83106c13-960a-4a40-842e-478b2f312810 5.553s
2025-12-09 09:19:31.295 67027 INFO tempest.lib.common.rest_client [req-b71d3afd-bbb8-4097-960d-13cad1f979fa req-b71d3afd-bbb8-4097-960d-13cad1f979fa ] Request (ServersListShow298Test:setUpClass): 200 GET http://10.180.1.21/identity/v3/domains?name=Default 0.044s
2025-12-09 09:19:31.302 67049 INFO paramiko.transport [-] Authentication (publickey) successful!
2025-12-09 09:19:31.303 67049 INFO tempest.lib.common.ssh [-] ssh connection to cirros@10.180.180.204 successfully created
2025-12-09 09:19:31.327 67027 INFO tempest.lib.common.rest_client [req-cd376575-f84b-42cf-b7e8-234d253e5895 req-cd376575-f84b-42cf-b7e8-234d253e5895 ] Request (ServersListShow298Test:setUpClass): 201 POST http://10.180.1.21/identity/v3/projects 0.031s
2025-12-09 09:19:31.347 67041 INFO tempest.lib.common.rest_client [req-a4f7abe5-b1aa-451d-b782-d9f72eaeb753 req-a4f7abe5-b1aa-451d-b782-d9f72eaeb753 ] Request (FlavorsAccessTestJSON:test_flavor_access_add_remove): 200 POST http://10.180.1.21/compute/v2.1/flavors 5.471s
2025-12-09 09:19:31.404 67027 INFO tempest.lib.common.rest_client [req-2cef0db3-7d32-43bf-995c-8fd2595ab80a req-2cef0db3-7d32-43bf-995c-8fd2595ab80a ] Request (ServersListShow298Test:setUpClass): 201 POST http://10.180.1.21/identity/v3/users 0.076s
2025-12-09 09:19:31.429 67027 INFO tempest.lib.common.rest_client [req-33a195d0-35d3-40d4-9a99-20273e0e5fed req-33a195d0-35d3-40d4-9a99-20273e0e5fed ] Request (ServersListShow298Test:setUpClass): 200 GET http://10.180.1.21/identity/v3/roles 0.024s
2025-12-09 09:19:31.473 67027 INFO tempest.lib.common.rest_client [req-9ddd3055-e15b-4f58-8c9b-b7b096f39921 req-9ddd3055-e15b-4f58-8c9b-b7b096f39921 ] Request (ServersListShow298Test:setUpClass): 204 PUT http://10.180.1.21/identity/v3/projects/5a8add8cd44d43f9bcdc89f3a9d3f04b/users/385f033455e14258bf7452fa097d51cb/roles/7ed9c61879e249adb15c729126e0bcc0 0.044s
2025-12-09 09:19:31.473 67027 INFO tempest.lib.common.dynamic_creds [-] Dynamic test user 385f033455e14258bf7452fa097d51cb is created with scope project and roles: ['member']
2025-12-09 09:19:31.473 67027 INFO tempest.lib.common.dynamic_creds [-] Acquired dynamic creds: credentials: Credentials: {'domain_id': 'default', 'domain_name': 'Default', 'username': 'tempest-ServersListShow298Test-1512620990-project-member', 'project_domain_id': 'default', 'project_domain_name': 'Default', 'project_id': '5a8add8cd44d43f9bcdc89f3a9d3f04b', 'project_name': 'tempest-ServersListShow298Test-1512620990', 'tenant_id': '5a8add8cd44d43f9bcdc89f3a9d3f04b', 'tenant_name': 'tempest-ServersListShow298Test-1512620990', 'user_domain_id': 'default', 'user_domain_name': 'Default', 'user_id': '385f033455e14258bf7452fa097d51cb', 'system': None}, Network: None, Subnet: None, Router: None
2025-12-09 09:19:31.473 67027 INFO tempest.lib.common.dynamic_creds [-] Created isolated network resources for: credentials: Credentials: {'domain_id': 'default', 'domain_name': 'Default', 'username': 'tempest-ServersListShow298Test-1512620990-project-member', 'project_domain_id': 'default', 'project_domain_name': 'Default', 'project_id': '5a8add8cd44d43f9bcdc89f3a9d3f04b', 'project_name': 'tempest-ServersListShow298Test-1512620990', 'tenant_id': '5a8add8cd44d43f9bcdc89f3a9d3f04b', 'tenant_name': 'tempest-ServersListShow298Test-1512620990', 'user_domain_id': 'default', 'user_domain_name': 'Default', 'user_id': '385f033455e14258bf7452fa097d51cb', 'system': None}, Network: None, Subnet: None, Router: None
2025-12-09 09:19:31.554 67058 INFO tempest.lib.common.rest_client [req-2577a40b-1534-4121-9acc-a909e5520add req-2577a40b-1534-4121-9acc-a909e5520add ] Request (ServerActionsTestJSON:setUpClass): 200 GET http://10.180.1.21/compute/v2.1/servers/fc4dc04b-bc46-461d-b852-d14bc87cccce 5.350s
2025-12-09 09:19:31.565 67058 INFO tempest.common.waiters [-] State transition "BUILD/spawning" ==> "ACTIVE/None" after 24 second wait
2025-12-09 09:19:31.579 67027 INFO tempest.lib.common.rest_client [req-58ae28be-55d8-425e-9156-4392719aab65 req-58ae28be-55d8-425e-9156-4392719aab65 ] Request (ServersListShow298Test:setUpClass): 201 POST http://10.180.1.21/identity/v3/auth/tokens 0.102s
2025-12-09 09:19:31.615 67059 INFO tempest.lib.common.rest_client [req-5419a587-465e-428e-a8fa-1f35acb78307 req-5419a587-465e-428e-a8fa-1f35acb78307 ] Request (ServersListShow296Test:test_list_show_update_rebuild_server_296): 200 GET http://10.180.1.21/compute/v2.1/servers/25bfc074-6ab8-45e8-9bc6-b9a71aa9f77d 5.226s
2025-12-09 09:19:31.637 67027 INFO tempest.lib.common.rest_client [req-887a2ab8-515f-407b-a045-e7a5bb826915 req-887a2ab8-515f-407b-a045-e7a5bb826915 ] Request (ServersListShow298Test:test_list_show_update_rebuild_server_298): 201 POST http://10.180.1.21/identity/v3/auth/tokens 0.053s
2025-12-09 09:19:31.637 67027 INFO tempest.lib.common.fixed_network [-] (ServersListShow298Test:test_list_show_update_rebuild_server_298) Found network None available for tenant
2025-12-09 09:19:31.798 67065 INFO tempest.lib.common.rest_client [req-f0f69a42-af59-4156-af38-1c6fde0c8746 req-f0f69a42-af59-4156-af38-1c6fde0c8746 ] Request (ImagesOneServerTestJSON:setUpClass): 200 GET http://10.180.1.21/compute/v2.1/servers/3ace1546-5eaf-4757-b10a-a2675b99cfc8 4.206s
2025-12-09 09:19:31.805 67065 INFO tempest.common.waiters [-] State transition "BUILD/networking" ==> "BUILD/spawning" after 24 second wait
2025-12-09 09:19:31.915 67061 INFO tempest.lib.common.rest_client [req-410eaaaa-3451-4360-b51c-ba574f03b557 req-410eaaaa-3451-4360-b51c-ba574f03b557 ] Request (FloatingIPsAssociationTestJSON:tearDownClass): 200 GET http://10.180.1.21/compute/v2.1/servers/78f144fc-a044-4ca1-ab72-8767c9010a4b 3.346s
2025-12-09 09:19:32.011 67063 INFO tempest.lib.common.rest_client [req-d898ae1a-ce71-40c5-9d80-8f8fa8de5bc0 req-d898ae1a-ce71-40c5-9d80-8f8fa8de5bc0 ] Request (ServersTestFqdnHostnames:tearDownClass): 200 GET http://10.180.1.21/compute/v2.1/servers/3be5d0b0-7d8d-40d6-8d6a-54da86fa01c2 3.272s
2025-12-09 09:19:32.048 67029 INFO tempest.lib.common.rest_client [req-e634587d-5b19-4b7a-a7ac-5f88e999b3d1 req-e634587d-5b19-4b7a-a7ac-5f88e999b3d1 ] Request (ImagesMetadataTestJSON:test_update_image_metadata): 200 GET http://10.180.1.21/compute/v2.1/images/5bccbaf5-7155-45cc-9974-f86be02990d5/metadata 2.794s
2025-12-09 09:19:32.102 67037 INFO tempest.lib.common.rest_client [req-3df739e5-38f6-4652-beec-9f67a68fe681 req-3df739e5-38f6-4652-beec-9f67a68fe681 ] Request (ServerRescueTestJSONUnderV235:setUpClass): 202 POST http://10.180.1.21/compute/v2.1/servers 4.245s
2025-12-09 09:19:32.116 67009 INFO tempest.lib.common.rest_client [req-852fc4d3-04b4-4280-9127-b048bde37b32 req-852fc4d3-04b4-4280-9127-b048bde37b32 ] Request (ImagesTestJSON:test_create_image_from_stopped_server): 200 GET http://10.180.1.21/compute/v2.1/servers/1c3a65d7-7a5b-48b3-981e-5604f749077f 2.740s
2025-12-09 09:19:32.144 67069 INFO tempest.lib.common.rest_client [req-921d37f0-0857-4f1b-97ae-87a5bacc0ee3 req-921d37f0-0857-4f1b-97ae-87a5bacc0ee3 ] Request (FlavorsAdminTestJSON:_run_cleanups): 200 GET http://10.180.1.21/compute/v2.1/flavors/detail 2.461s
2025-12-09 09:19:32.149 67029 INFO tempest.lib.common.rest_client [req-f17f3a87-e578-4c38-ba8c-e6f28114b91e req-f17f3a87-e578-4c38-ba8c-e6f28114b91e ] Request (ImagesMetadataTestJSON:tearDownClass): 204 DELETE http://10.180.1.21/image/v2/images/5bccbaf5-7155-45cc-9974-f86be02990d5 0.098s
2025-12-09 09:19:32.160 67053 INFO tempest.lib.common.rest_client [req-af1e5ede-5517-456d-bf2f-308a9a8f49a1 req-af1e5ede-5517-456d-bf2f-308a9a8f49a1 ] Request (KeyPairsV22TestJSON:test_keypairs_create_list_delete): 200 GET http://10.180.1.21/compute/v2.1/os-keypairs 2.439s
2025-12-09 09:19:32.295 67056 INFO tempest.lib.common.rest_client [req-936f3340-0b0b-4f66-9dee-d95237e0dbfe req-936f3340-0b0b-4f66-9dee-d95237e0dbfe ] Request (ImagesOneServerNegativeTestJSON:_run_cleanups): 200 GET http://10.180.1.21/compute/v2.1/servers/ae84e20c-26e3-4693-a6fd-37b15cdaf6d6 2.561s
2025-12-09 09:19:32.306 67056 INFO tempest.common.waiters [-] State transition "ACTIVE/deleting" ==> "DELETED/None" after 4 second wait
2025-12-09 09:19:32.327 67023 INFO tempest.lib.common.rest_client [req-c08c2c26-5766-42ca-b487-c570eb5cc42d req-c08c2c26-5766-42ca-b487-c570eb5cc42d ] Request (ServersTestJSON:setUpClass): 200 GET http://10.180.1.21/compute/v2.1/servers/a2673269-901f-4762-add8-0055d7b9e8fa 2.893s
2025-12-09 09:19:32.337 67023 INFO tempest.common.waiters [-] State transition "BUILD/networking" ==> "BUILD/spawning" after 23 second wait
2025-12-09 09:19:32.343 67029 INFO tempest.lib.common.rest_client [req-b6a3dc1e-2cdd-4fb9-b508-3de486fb5651 req-b6a3dc1e-2cdd-4fb9-b508-3de486fb5651 ] Request (ImagesMetadataTestJSON:tearDownClass): 204 DELETE http://10.180.1.21/identity/v3/users/ead86ca5b5fd474dabac0d1be322debb 0.194s
2025-12-09 09:19:32.344 67029 INFO tempest.lib.common.dynamic_creds [-] Deleting project and security group for project: 2854e64802b74b94ab350e1a9c076ca3
2025-12-09 09:19:32.394 67015 INFO tempest.lib.common.rest_client [req-f9a093ab-e058-4827-afc1-9360022b4088 req-f9a093ab-e058-4827-afc1-9360022b4088 ] Request (FloatingIPsAssociationNegativeTestJSON:tearDownClass): 200 GET http://10.180.1.21/compute/v2.1/servers/1bc504f0-cdd5-4c89-80e8-c38472340030 2.456s
2025-12-09 09:19:32.397 67013 WARNING tempest.lib.common.ssh [-] Failed to establish authenticated ssh connection to cirros@10.180.180.246 ([Errno None] Unable to connect to port 22 on 10.180.180.246). Number attempts: 9. Retry after 10 seconds.: paramiko.ssh_exception.NoValidConnectionsError: [Errno None] Unable to connect to port 22 on 10.180.180.246
2025-12-09 09:19:32.421 67035 INFO tempest.lib.common.rest_client [req-3e6b5db2-6261-4050-a78f-426632397915 req-3e6b5db2-6261-4050-a78f-426632397915 ] Request (ServerExternalEventsTest:test_create_server_external_events): 200 GET http://10.180.1.21/compute/v2.1/servers/95a06454-61e3-47c5-93c9-468d7303ec2a 2.420s
2025-12-09 09:19:32.432 67035 INFO tempest.common.waiters [-] State transition "BUILD/scheduling" ==> "BUILD/None" after 15 second wait
2025-12-09 09:19:32.441 67029 INFO tempest.lib.common.rest_client [req-e7c337be-f8b4-4c83-aff4-de39b5df57cb req-e7c337be-f8b4-4c83-aff4-de39b5df57cb ] Request (ImagesMetadataTestJSON:tearDownClass): 201 POST http://10.180.1.21/identity/v3/auth/tokens 0.097s
2025-12-09 09:19:32.457 67031 INFO tempest.lib.common.rest_client [req-c437d538-034c-481e-9ab1-15abbbee7e3d req-c437d538-034c-481e-9ab1-15abbbee7e3d ] Request (AttachInterfacesUnderV243Test:test_add_remove_fixed_ip): 200 GET http://10.180.1.21/compute/v2.1/servers/0bc1fb64-dbcd-4f59-8734-4c6b750e91ff/ips 2.075s
2025-12-09 09:19:32.461 67043 INFO tempest.lib.common.rest_client [req-f8ff5374-e929-410b-8d5c-8b9a6d1deed2 req-f8ff5374-e929-410b-8d5c-8b9a6d1deed2 ] Request (ServersAdminTestJSON:test_create_server_with_scheduling_hint): 200 GET http://10.180.1.21/compute/v2.1/servers/4b793d93-b1cd-4d14-9d5b-87c0bc024ee5 2.110s
2025-12-09 09:19:32.688 67029 INFO tempest.lib.common.rest_client [req-715c7455-9695-42dd-880b-a19b98e7dc2a req-715c7455-9695-42dd-880b-a19b98e7dc2a ] Request (ImagesMetadataTestJSON:tearDownClass): 200 GET http://10.180.1.21/networking/v2.0/security-groups?tenant_id=2854e64802b74b94ab350e1a9c076ca3&name=default 0.247s
2025-12-09 09:19:32.752 67011 INFO tempest.lib.common.rest_client [req-5077e130-5b85-41e8-9762-84be27e78dbd req-5077e130-5b85-41e8-9762-84be27e78dbd ] Request (MultipleCreateTestJSON:test_multiple_create_with_reservation_return): 200 GET http://10.180.1.21/compute/v2.1/servers/8b28f352-035b-485a-984d-b4a47f6a09a8 2.081s
2025-12-09 09:19:32.851 67029 INFO tempest.lib.common.rest_client [req-36c6ca6d-a739-4ec0-a7dc-9d0282cdfde1 req-36c6ca6d-a739-4ec0-a7dc-9d0282cdfde1 ] Request (ImagesMetadataTestJSON:tearDownClass): 204 DELETE http://10.180.1.21/networking/v2.0/security-groups/ce7edb63-4cc2-4d50-88d2-b26fc77768fa 0.162s
2025-12-09 09:19:32.945 67019 INFO tempest.lib.common.rest_client [req-23b9facb-cf45-47e8-96ab-49b3593a758f req-23b9facb-cf45-47e8-96ab-49b3593a758f ] Request (ValidationResourcesFixture:setUp): 201 POST http://10.180.1.21/compute/v2.1/os-keypairs 2.029s
2025-12-09 09:19:32.952 67029 INFO tempest.lib.common.rest_client [req-a26a4e22-7a48-4b3d-a00f-d5777d4350ed req-a26a4e22-7a48-4b3d-a00f-d5777d4350ed ] Request (ImagesMetadataTestJSON:tearDownClass): 204 DELETE http://10.180.1.21/identity/v3/projects/2854e64802b74b94ab350e1a9c076ca3 0.100s
2025-12-09 09:19:32.953 67029 INFO tempest.test [-] raised in ServerPersonalityTestJSON.setUpClass. Invoking tearDownClass.
2025-12-09 09:19:32.991 67017 INFO tempest.lib.common.rest_client [req-4df722cb-d131-431d-a7f1-1b72c84aa4fa req-4df722cb-d131-431d-a7f1-1b72c84aa4fa ] Request (ServerDiagnosticsV248Test:test_get_server_diagnostics): 200 GET http://10.180.1.21/compute/v2.1/servers/d9833b38-1f8a-4118-86eb-dc739625a5d3/diagnostics 2.485s
2025-12-09 09:19:33.069 67019 INFO tempest.lib.common.rest_client [req-21177bc2-3abd-4f15-ab06-ac5aeaf999e5 req-21177bc2-3abd-4f15-ab06-ac5aeaf999e5 ] Request (ValidationResourcesFixture:setUp): 201 POST http://10.180.1.21/networking/v2.0/security-groups 0.122s
2025-12-09 09:19:33.098 67047 INFO tempest.lib.common.rest_client [req-7d9e8310-4b73-4f43-9832-f23016843e37 req-7d9e8310-4b73-4f43-9832-f23016843e37 ] Request (ImagesNegativeTestJSON:test_create_image_from_deleted_server): 200 GET http://10.180.1.21/compute/v2.1/servers/cc1d85f8-38c6-42da-81ea-3d147a15b852 2.168s
2025-12-09 09:19:33.217 67019 INFO tempest.lib.common.rest_client [req-bb93fef8-0483-4e42-b4f5-fc9063a61937 req-bb93fef8-0483-4e42-b4f5-fc9063a61937 ] Request (ValidationResourcesFixture:setUp): 201 POST http://10.180.1.21/networking/v2.0/security-group-rules 0.147s
2025-12-09 09:19:33.244 67067 INFO tempest.lib.common.rest_client [req-29e54596-a6db-41ca-bcdb-f5c6a84947ef req-29e54596-a6db-41ca-bcdb-f5c6a84947ef ] Request (ServersAdminNegativeTestJSON:test_resize_server_using_overlimit_vcpus): 200 GET http://10.180.1.21/compute/v2.1/os-quota-sets/edf85e665c6f4181963e8517956525d9 2.160s
2025-12-09 09:19:33.249 67071 INFO tempest.lib.common.rest_client [req-7f147802-204a-4a58-9c56-9ea895dd7f99 req-7f147802-204a-4a58-9c56-9ea895dd7f99 ] Request (ServersTestBootFromVolume:setUpClass): 200 GET http://10.180.1.21/compute/v2.1/servers/d394a9f8-0d69-4bbf-8ffc-7c8282886942 2.268s
2025-12-09 09:19:33.262 67071 INFO tempest.common.waiters [-] State transition "BUILD/None" ==> "BUILD/block_device_mapping" after 23 second wait
2025-12-09 09:19:33.362 67041 INFO tempest.lib.common.rest_client [req-252893ca-1602-419a-b744-28f3461b8242 req-252893ca-1602-419a-b744-28f3461b8242 ] Request (FlavorsAccessTestJSON:test_flavor_access_add_remove): 200 POST http://10.180.1.21/compute/v2.1/flavors/1774382010/action 2.009s
2025-12-09 09:19:33.367 67019 INFO tempest.lib.common.rest_client [req-2ac43ecf-bc45-48ea-a691-0361227c861c req-2ac43ecf-bc45-48ea-a691-0361227c861c ] Request (ValidationResourcesFixture:setUp): 201 POST http://10.180.1.21/networking/v2.0/security-group-rules 0.150s
2025-12-09 09:19:33.427 67049 INFO tempest.lib.common.rest_client [req-499a2040-e3bd-484d-b313-274bddec0877 req-499a2040-e3bd-484d-b313-274bddec0877 ] Request (ServerActionsTestOtherA:setUp): 200 GET http://10.180.1.21/compute/v2.1/servers/e0de11bb-bd80-4219-9055-efebcc0bdf7e 2.122s
2025-12-09 09:19:33.498 67049 INFO tempest.lib.common.rest_client [req-11054829-2a99-439f-82ce-087e02c5f3d8 req-11054829-2a99-439f-82ce-087e02c5f3d8 ] Request (ServerActionsTestOtherA:test_rebuild_server_in_stop_state): 201 POST http://10.180.1.21/identity/v3/auth/tokens 0.059s
2025-12-09 09:19:33.499 67049 INFO tempest.lib.common.fixed_network [-] (ServerActionsTestOtherA:test_rebuild_server_in_stop_state) Found network {'id': '37dfe80a-aff1-4e03-ac25-2cd5debe61e7', 'name': 'tempest-ServerActionsTestOtherA-918949617-network', 'tenant_id': '192d8494924f478d962adbdba668aedb', 'project_id': '192d8494924f478d962adbdba668aedb', 'admin_state_up': True, 'mtu': 8950, 'status': 'ACTIVE', 'subnets': [], 'shared': False, 'port_security_enabled': True, 'router:external': False, 'provider:network_type': 'vlan', 'provider:physical_network': 'default', 'provider:segmentation_id': 143, 'availability_zone_hints': [], 'availability_zones': [], 'ipv4_address_scope': None, 'ipv6_address_scope': None, 'description': '', 'tags': [], 'created_at': '2025-12-09T09:17:32Z', 'updated_at': '2025-12-09T09:17:32Z', 'revision_number': 1} available for tenant
2025-12-09 09:19:33.659 67027 INFO tempest.lib.common.rest_client [req-0dd31234-be1d-44c7-8255-617a01dae97b req-0dd31234-be1d-44c7-8255-617a01dae97b ] Request (ServersListShow298Test:test_list_show_update_rebuild_server_298): 202 POST http://10.180.1.21/compute/v2.1/servers 2.020s
2025-12-09 09:19:33.903 67058 INFO tempest.lib.common.rest_client [req-8d63d3d5-ab04-42de-836e-4812b9943249 req-8d63d3d5-ab04-42de-836e-4812b9943249 ] Request (ServerActionsTestJSON:setUpClass): 200 GET http://10.180.1.21/compute/v2.1/servers/fc4dc04b-bc46-461d-b852-d14bc87cccce/os-interface 2.337s
2025-12-09 09:19:33.916 67019 INFO tempest.lib.common.rest_client [req-c0ae1c57-1abf-48c1-b85d-6becde18178a req-c0ae1c57-1abf-48c1-b85d-6becde18178a ] Request (ValidationResourcesFixture:setUp): 201 POST http://10.180.1.21/networking/v2.0/floatingips 0.548s
2025-12-09 09:19:33.940 67039 INFO tempest.lib.common.rest_client [req-485f376a-0fbf-41f9-b1fe-6716805e7036 req-485f376a-0fbf-41f9-b1fe-6716805e7036 ] Request (ServerGroupTestJSON:_run_cleanups): 200 GET http://10.180.1.21/compute/v2.1/servers/ec04a6e0-0d53-441c-97ca-60ecbfacd9a8 1.894s
2025-12-09 09:19:34.017 67019 INFO tempest.lib.common.rest_client [req-90ecddfa-1f79-4c46-b3ea-428197a849ad req-90ecddfa-1f79-4c46-b3ea-428197a849ad ] Request (AttachVolumeShelveTestJSON:test_attach_volume_shelved_or_offload_server): 201 POST http://10.180.1.21/identity/v3/auth/tokens 0.095s
2025-12-09 09:19:34.018 67019 INFO tempest.lib.common.fixed_network [-] (AttachVolumeShelveTestJSON:test_attach_volume_shelved_or_offload_server) Found network {'id': '7958a6ea-c5c4-4b88-9fe9-1fe586c3fcb2', 'name': 'tempest-AttachVolumeShelveTestJSON-1103499369-network', 'tenant_id': '0e48ceb8dbf2456eb33da5e898864797', 'project_id': '0e48ceb8dbf2456eb33da5e898864797', 'admin_state_up': True, 'mtu': 8950, 'status': 'ACTIVE', 'subnets': [], 'shared': False, 'port_security_enabled': True, 'router:external': False, 'provider:network_type': 'vlan', 'provider:physical_network': 'default', 'provider:segmentation_id': 342, 'availability_zone_hints': [], 'availability_zones': [], 'ipv4_address_scope': None, 'ipv6_address_scope': None, 'description': '', 'tags': [], 'created_at': '2025-12-09T09:19:28Z', 'updated_at': '2025-12-09T09:19:28Z', 'revision_number': 1} available for tenant
2025-12-09 09:19:34.456 67058 INFO tempest.lib.common.rest_client [req-8b68f664-632e-46e5-b9de-8a7eeaeedad6 req-8b68f664-632e-46e5-b9de-8a7eeaeedad6 ] Request (ServerActionsTestJSON:setUpClass): 200 PUT http://10.180.1.21/networking/v2.0/floatingips/9ed683b8-e2b3-4c54-9ab1-12ab9ffbd036 0.551s
2025-12-09 09:19:34.457 67058 INFO tempest.lib.common.ssh [-] Creating ssh connection to '10.180.180.187:22' as 'cirros' with public key authentication
2025-12-09 09:19:34.521 67045 INFO tempest.lib.common.rest_client [req-60160c3d-1398-4482-9600-fa1007ac7e0c req-60160c3d-1398-4482-9600-fa1007ac7e0c ] Request (DeleteServersAdminTestJSON:test_delete_server_while_in_error_state): 200 GET http://10.180.1.21/compute/v2.1/servers/890d8e0a-b85d-466d-bef9-c517c2ca36f2 2.461s
2025-12-09 09:19:34.539 67037 INFO tempest.lib.common.rest_client [req-eb7c053f-1ce9-404d-8662-d60f7eede26c req-eb7c053f-1ce9-404d-8662-d60f7eede26c ] Request (ServerRescueTestJSONUnderV235:setUpClass): 200 GET http://10.180.1.21/compute/v2.1/servers/b42fcdc7-8491-48af-a932-6dd8e837b7ec 2.434s
2025-12-09 09:19:34.570 67069 INFO tempest.lib.common.rest_client [req-644a95a4-c9b8-42bc-a2c4-ce5b4e359f4f req-644a95a4-c9b8-42bc-a2c4-ce5b4e359f4f ] Request (FlavorsAdminTestJSON:test_list_non_public_flavor): 200 POST http://10.180.1.21/compute/v2.1/flavors 2.419s
2025-12-09 09:19:34.580 67053 INFO tempest.lib.common.rest_client [req-84ee1260-c7a0-43d5-aef9-dc67e7a9cca7 req-84ee1260-c7a0-43d5-aef9-dc67e7a9cca7 ] Request (KeyPairsV22TestJSON:_run_cleanups): 204 DELETE http://10.180.1.21/compute/v2.1/os-keypairs/tempest-KeyPairsV22TestJSON-keypair-1586937637 2.418s
2025-12-09 09:19:34.698 67025 INFO tempest.lib.common.rest_client [req-e5e1d93f-7689-480c-b4d4-ba591f6e8c7f req-e5e1d93f-7689-480c-b4d4-ba591f6e8c7f ] Request (InstanceActionsTestJSON:tearDownClass): 200 GET http://10.180.1.21/compute/v2.1/servers/ba6259cb-e9d9-4daf-80d6-52a02035fada 2.478s
2025-12-09 09:19:34.822 67033 INFO tempest.lib.common.rest_client [req-f20ae85d-fe2b-41ed-bb7a-d67f7d5e9cd3 req-f20ae85d-fe2b-41ed-bb7a-d67f7d5e9cd3 ] Request (ServersTestManualDisk:setUpClass): 200 GET http://10.180.1.21/compute/v2.1/servers/83106c13-960a-4a40-842e-478b2f312810 2.552s
2025-12-09 09:19:34.829 67033 INFO tempest.common.waiters [-] State transition "BUILD/None" ==> "BUILD/spawning" after 23 second wait
2025-12-09 09:19:34.965 67059 INFO tempest.lib.common.rest_client [req-c96b4e3c-805c-44c4-8acd-e6772aa67d94 req-c96b4e3c-805c-44c4-8acd-e6772aa67d94 ] Request (ServersListShow296Test:test_list_show_update_rebuild_server_296): 200 GET http://10.180.1.21/compute/v2.1/servers/25bfc074-6ab8-45e8-9bc6-b9a71aa9f77d 2.329s
2025-12-09 09:19:34.975 67059 INFO tempest.common.waiters [-] State transition "BUILD/spawning" ==> "ACTIVE/None" after 27 second wait
2025-12-09 09:19:34.986 67031 INFO tempest.lib.common.rest_client [req-e44572ba-e682-461f-bb08-6ab7c31406a5 req-e44572ba-e682-461f-bb08-6ab7c31406a5 ] Request (AttachInterfacesUnderV243Test:test_add_remove_fixed_ip): 200 GET http://10.180.1.21/compute/v2.1/servers/0bc1fb64-dbcd-4f59-8734-4c6b750e91ff 2.527s
2025-12-09 09:19:35.227 67061 INFO tempest.lib.common.rest_client [req-28ee9634-572a-448e-97de-dc881b4ac382 req-28ee9634-572a-448e-97de-dc881b4ac382 ] Request (FloatingIPsAssociationTestJSON:tearDownClass): 200 GET http://10.180.1.21/compute/v2.1/servers/78f144fc-a044-4ca1-ab72-8767c9010a4b 2.301s
2025-12-09 09:19:35.254 67065 INFO tempest.lib.common.rest_client [req-2e4d8237-e20c-4736-b5f8-d626889e42b1 req-2e4d8237-e20c-4736-b5f8-d626889e42b1 ] Request (ImagesOneServerTestJSON:setUpClass): 200 GET http://10.180.1.21/compute/v2.1/servers/3ace1546-5eaf-4757-b10a-a2675b99cfc8 2.449s
2025-12-09 09:19:35.303 67017 INFO tempest.lib.common.rest_client [req-a96a852f-bf53-4767-bfb8-57913b43a812 req-a96a852f-bf53-4767-bfb8-57913b43a812 ] Request (ServerDiagnosticsV248Test:tearDownClass): 204 DELETE http://10.180.1.21/compute/v2.1/servers/d9833b38-1f8a-4118-86eb-dc739625a5d3 2.302s
2025-12-09 09:19:35.312 67063 INFO tempest.lib.common.rest_client [req-09d2982e-b636-4032-999c-8294c38a5693 req-09d2982e-b636-4032-999c-8294c38a5693 ] Request (ServersTestFqdnHostnames:tearDownClass): 200 GET http://10.180.1.21/compute/v2.1/servers/3be5d0b0-7d8d-40d6-8d6a-54da86fa01c2 2.290s
2025-12-09 09:19:35.329 67067 INFO tempest.lib.common.rest_client [req-51c6f597-f702-4aee-be88-b9fa5dc9d93f req-51c6f597-f702-4aee-be88-b9fa5dc9d93f ] Request (ServersAdminNegativeTestJSON:test_resize_server_using_overlimit_vcpus): 200 POST http://10.180.1.21/compute/v2.1/flavors 2.082s
2025-12-09 09:19:35.356 67009 INFO tempest.lib.common.rest_client [req-500ddba8-940a-44ff-a91b-999fd8971591 req-500ddba8-940a-44ff-a91b-999fd8971591 ] Request (ImagesTestJSON:test_create_image_from_stopped_server): 200 GET http://10.180.1.21/compute/v2.1/servers/1c3a65d7-7a5b-48b3-981e-5604f749077f 2.224s
2025-12-09 09:19:35.387 67056 INFO tempest.lib.common.rest_client [req-069db39b-11da-4c47-8bde-22b81304dc65 req-069db39b-11da-4c47-8bde-22b81304dc65 ] Request (ImagesOneServerNegativeTestJSON:_run_cleanups): 200 GET http://10.180.1.21/compute/v2.1/servers/ae84e20c-26e3-4693-a6fd-37b15cdaf6d6 2.079s
2025-12-09 09:19:35.459 67023 INFO tempest.lib.common.rest_client [req-c3df865a-7133-4a0d-98c1-44621b2f4c05 req-c3df865a-7133-4a0d-98c1-44621b2f4c05 ] Request (ServersTestJSON:setUpClass): 200 GET http://10.180.1.21/compute/v2.1/servers/a2673269-901f-4762-add8-0055d7b9e8fa 2.120s
2025-12-09 09:19:35.475 67041 INFO tempest.lib.common.rest_client [req-ff93e5bb-d933-47ca-81c8-b5b1f2a8ac66 req-ff93e5bb-d933-47ca-81c8-b5b1f2a8ac66 ] Request (FlavorsAccessTestJSON:test_flavor_access_add_remove): 200 GET http://10.180.1.21/compute/v2.1/flavors/detail 2.111s
2025-12-09 09:19:35.535 67015 INFO tempest.lib.common.rest_client [req-15d9eaf1-16f3-4dc3-ba8e-165399ca773a req-15d9eaf1-16f3-4dc3-ba8e-165399ca773a ] Request (FloatingIPsAssociationNegativeTestJSON:tearDownClass): 200 GET http://10.180.1.21/compute/v2.1/servers/1bc504f0-cdd5-4c89-80e8-c38472340030 2.130s
2025-12-09 09:19:35.548 67035 INFO tempest.lib.common.rest_client [req-044537e3-0ab1-49fb-a72f-10505abc134b req-044537e3-0ab1-49fb-a72f-10505abc134b ] Request (ServerExternalEventsTest:test_create_server_external_events): 200 GET http://10.180.1.21/compute/v2.1/servers/95a06454-61e3-47c5-93c9-468d7303ec2a 2.116s
2025-12-09 09:19:35.594 67043 INFO tempest.lib.common.rest_client [req-17f47b80-b49b-442d-a2b3-9d82fa038893 req-17f47b80-b49b-442d-a2b3-9d82fa038893 ] Request (ServersAdminTestJSON:test_create_server_with_scheduling_hint): 200 GET http://10.180.1.21/compute/v2.1/servers/4b793d93-b1cd-4d14-9d5b-87c0bc024ee5 2.125s
2025-12-09 09:19:35.602 67043 INFO tempest.common.waiters [-] State transition "BUILD/None" ==> "BUILD/networking" after 22 second wait
2025-12-09 09:19:35.685 67027 INFO tempest.lib.common.rest_client [req-8a0a7214-9966-4c09-b828-514738ecb808 req-8a0a7214-9966-4c09-b828-514738ecb808 ] Request (ServersListShow298Test:test_list_show_update_rebuild_server_298): 200 GET http://10.180.1.21/compute/v2.1/servers/b21f308d-abc0-4b48-8f17-640794658f83 2.021s
2025-12-09 09:19:35.779 67011 INFO tempest.lib.common.rest_client [req-dcb30430-e858-4c83-8954-7f008c48d51c req-dcb30430-e858-4c83-8954-7f008c48d51c ] Request (MultipleCreateTestJSON:test_multiple_create_with_reservation_return): 200 GET http://10.180.1.21/compute/v2.1/servers/8b28f352-035b-485a-984d-b4a47f6a09a8 2.014s
2025-12-09 09:19:35.944 67049 INFO tempest.lib.common.rest_client [req-be65ab01-dd9e-40d2-adbf-074f34d05235 req-be65ab01-dd9e-40d2-adbf-074f34d05235 ] Request (ServerActionsTestOtherA:test_rebuild_server_in_stop_state): 202 POST http://10.180.1.21/compute/v2.1/servers 2.444s
2025-12-09 09:19:36.137 67047 INFO tempest.lib.common.rest_client [req-7a02dafc-ae67-4618-b781-0e8be9181176 req-7a02dafc-ae67-4618-b781-0e8be9181176 ] Request (ImagesNegativeTestJSON:test_create_image_from_deleted_server): 200 GET http://10.180.1.21/compute/v2.1/servers/cc1d85f8-38c6-42da-81ea-3d147a15b852 2.028s
2025-12-09 09:19:36.336 67021 WARNING tempest.lib.common.ssh [-] Failed to establish authenticated ssh connection to cirros@10.180.180.251 ([Errno None] Unable to connect to port 22 on 10.180.180.251). Number attempts: 7. Retry after 8 seconds.: paramiko.ssh_exception.NoValidConnectionsError: [Errno None] Unable to connect to port 22 on 10.180.180.251
2025-12-09 09:19:36.388 67071 INFO tempest.lib.common.rest_client [req-768fbe6b-e116-4071-9d89-3af4ab1df539 req-768fbe6b-e116-4071-9d89-3af4ab1df539 ] Request (ServersTestBootFromVolume:setUpClass): 200 GET http://10.180.1.21/compute/v2.1/servers/d394a9f8-0d69-4bbf-8ffc-7c8282886942 2.124s
2025-12-09 09:19:36.395 67071 INFO tempest.common.waiters [-] State transition "BUILD/block_device_mapping" ==> "BUILD/spawning" after 26 second wait
2025-12-09 09:19:36.416 67019 INFO tempest.lib.common.rest_client [req-a567fb91-971a-4665-97af-cd41d033df93 req-a567fb91-971a-4665-97af-cd41d033df93 ] Request (AttachVolumeShelveTestJSON:test_attach_volume_shelved_or_offload_server): 202 POST http://10.180.1.21/compute/v2.1/servers 2.397s
2025-12-09 09:19:36.417 67069 INFO tempest.lib.common.rest_client [req-6ccb5488-aecd-4558-8cfb-71ff8de3b82e req-6ccb5488-aecd-4558-8cfb-71ff8de3b82e ] Request (FlavorsAdminTestJSON:test_list_non_public_flavor): 200 GET http://10.180.1.21/compute/v2.1/flavors/detail 1.843s
2025-12-09 09:19:36.445 67053 INFO tempest.lib.common.rest_client [req-285e878e-2fff-43ca-8515-e3e98e20cbaa req-285e878e-2fff-43ca-8515-e3e98e20cbaa ] Request (KeyPairsV22TestJSON:_run_cleanups): 204 DELETE http://10.180.1.21/compute/v2.1/os-keypairs/tempest-KeyPairsV22TestJSON-keypair-2007728493 1.864s
2025-12-09 09:19:36.534 67039 INFO tempest.lib.common.rest_client [req-2781ec9d-5e54-40e2-b890-83f51f7009f2 req-2781ec9d-5e54-40e2-b890-83f51f7009f2 ] Request (ServerGroupTestJSON:_run_cleanups): 200 GET http://10.180.1.21/compute/v2.1/servers/ec04a6e0-0d53-441c-97ca-60ecbfacd9a8 1.582s
2025-12-09 09:19:36.598 67031 INFO tempest.lib.common.rest_client [req-985d4148-d176-4e91-8077-c4e9f8a1d822 req-985d4148-d176-4e91-8077-c4e9f8a1d822 ] Request (AttachInterfacesUnderV243Test:test_add_remove_fixed_ip): 202 POST http://10.180.1.21/compute/v2.1/servers/0bc1fb64-dbcd-4f59-8734-4c6b750e91ff/action 1.603s
2025-12-09 09:19:36.679 67017 INFO tempest.lib.common.rest_client [req-44716a76-eeb1-4c10-b4d1-b78aec7e3c57 req-44716a76-eeb1-4c10-b4d1-b78aec7e3c57 ] Request (ServerDiagnosticsV248Test:tearDownClass): 200 GET http://10.180.1.21/compute/v2.1/servers/d9833b38-1f8a-4118-86eb-dc739625a5d3 1.376s
2025-12-09 09:19:36.694 67059 INFO tempest.lib.common.rest_client [req-43d77cdf-1318-4a97-a76b-5fbb24dbde2c req-43d77cdf-1318-4a97-a76b-5fbb24dbde2c ] Request (ServersListShow296Test:test_list_show_update_rebuild_server_296): 200 GET http://10.180.1.21/compute/v2.1/servers/detail 1.718s
2025-12-09 09:19:36.767 67041 INFO tempest.lib.common.rest_client [req-c69b290e-02f8-47a3-96cc-782df4585314 req-c69b290e-02f8-47a3-96cc-782df4585314 ] Request (FlavorsAccessTestJSON:test_flavor_access_add_remove): 200 POST http://10.180.1.21/compute/v2.1/flavors/1774382010/action 1.284s
2025-12-09 09:19:36.786 67067 INFO tempest.lib.common.rest_client [req-04841568-a071-469d-806c-af4bfcbb1359 req-04841568-a071-469d-806c-af4bfcbb1359 ] Request (ServersAdminNegativeTestJSON:test_resize_server_using_overlimit_vcpus): 403 POST http://10.180.1.21/compute/v2.1/servers/7ddc6107-2c07-4d30-9f46-3cd0e0bcd99a/action 1.454s
2025-12-09 09:19:36.851 67037 INFO tempest.lib.common.rest_client [req-95ae352d-0026-4d8c-9a85-8fc92cb5adf3 req-95ae352d-0026-4d8c-9a85-8fc92cb5adf3 ] Request (ServerRescueTestJSONUnderV235:setUpClass): 200 GET http://10.180.1.21/compute/v2.1/servers/b42fcdc7-8491-48af-a932-6dd8e837b7ec 1.303s
2025-12-09 09:19:36.871 67045 INFO tempest.lib.common.rest_client [req-7b490c77-c4d5-410c-bfe1-4908758b8da0 req-7b490c77-c4d5-410c-bfe1-4908758b8da0 ] Request (DeleteServersAdminTestJSON:test_delete_server_while_in_error_state): 200 GET http://10.180.1.21/compute/v2.1/servers/890d8e0a-b85d-466d-bef9-c517c2ca36f2 1.335s
2025-12-09 09:19:36.947 67025 INFO tempest.lib.common.rest_client [req-286bf928-6a14-41d3-b74d-38e552d46031 req-286bf928-6a14-41d3-b74d-38e552d46031 ] Request (InstanceActionsTestJSON:tearDownClass): 200 GET http://10.180.1.21/compute/v2.1/servers/ba6259cb-e9d9-4daf-80d6-52a02035fada 1.241s
2025-12-09 09:19:37.021 67049 INFO tempest.lib.common.rest_client [req-79dd6c86-f43b-4ee9-b760-4c3f79326c49 req-79dd6c86-f43b-4ee9-b760-4c3f79326c49 ] Request (ServerActionsTestOtherA:test_rebuild_server_in_stop_state): 200 GET http://10.180.1.21/compute/v2.1/servers/2e9d0cc0-8aa2-436a-b45c-0deba3a0248f 1.075s
2025-12-09 09:19:37.051 67033 INFO tempest.lib.common.rest_client [req-72c97fc3-bb69-4f8c-9f32-3637db6c5d6a req-72c97fc3-bb69-4f8c-9f32-3637db6c5d6a ] Request (ServersTestManualDisk:setUpClass): 200 GET http://10.180.1.21/compute/v2.1/servers/83106c13-960a-4a40-842e-478b2f312810 1.221s
2025-12-09 09:19:37.091 67061 INFO tempest.lib.common.rest_client [req-6e349d1f-6ecb-41d2-9c09-5291511ec7c3 req-6e349d1f-6ecb-41d2-9c09-5291511ec7c3 ] Request (FloatingIPsAssociationTestJSON:tearDownClass): 200 GET http://10.180.1.21/compute/v2.1/servers/78f144fc-a044-4ca1-ab72-8767c9010a4b 0.856s
2025-12-09 09:19:37.266 67063 INFO tempest.lib.common.rest_client [req-6617a30a-7b62-4178-af66-d9f3ee1e11e0 req-6617a30a-7b62-4178-af66-d9f3ee1e11e0 ] Request (ServersTestFqdnHostnames:tearDownClass): 200 GET http://10.180.1.21/compute/v2.1/servers/3be5d0b0-7d8d-40d6-8d6a-54da86fa01c2 0.945s
2025-12-09 09:19:37.288 67065 INFO tempest.lib.common.rest_client [req-ad28a96b-5bf5-4d2a-81b9-acb0cf349434 req-ad28a96b-5bf5-4d2a-81b9-acb0cf349434 ] Request (ImagesOneServerTestJSON:setUpClass): 200 GET http://10.180.1.21/compute/v2.1/servers/3ace1546-5eaf-4757-b10a-a2675b99cfc8 1.024s
2025-12-09 09:19:37.706 67009 INFO tempest.lib.common.rest_client [req-36bf20dd-77b2-408f-b199-254c0dc97e7a req-36bf20dd-77b2-408f-b199-254c0dc97e7a ] Request (ImagesTestJSON:test_create_image_from_stopped_server): 200 GET http://10.180.1.21/compute/v2.1/servers/1c3a65d7-7a5b-48b3-981e-5604f749077f 1.336s
2025-12-09 09:19:37.733 67056 INFO tempest.lib.common.rest_client [req-e808b6ad-57fd-4f63-8c21-b88d02c1d6be req-e808b6ad-57fd-4f63-8c21-b88d02c1d6be ] Request (ImagesOneServerNegativeTestJSON:_run_cleanups): 200 GET http://10.180.1.21/compute/v2.1/servers/ae84e20c-26e3-4693-a6fd-37b15cdaf6d6 1.338s
2025-12-09 09:19:37.763 67069 INFO tempest.lib.common.rest_client [req-a94378f3-d36d-4078-9ff0-a6fcc9740901 req-a94378f3-d36d-4078-9ff0-a6fcc9740901 ] Request (FlavorsAdminTestJSON:test_list_non_public_flavor): 200 GET http://10.180.1.21/compute/v2.1/flavors/detail 1.340s
2025-12-09 09:19:37.788 67053 INFO tempest.lib.common.rest_client [req-14810546-2996-470a-a2d1-f1687021160a req-14810546-2996-470a-a2d1-f1687021160a ] Request (KeyPairsV22TestJSON:_run_cleanups): 204 DELETE http://10.180.1.21/compute/v2.1/os-keypairs/tempest-KeyPairsV22TestJSON-keypair-1673985711 1.343s
2025-12-09 09:19:37.855 67019 INFO tempest.lib.common.rest_client [req-9c69e2bf-b094-4670-86cf-08bfe91c4e28 req-9c69e2bf-b094-4670-86cf-08bfe91c4e28 ] Request (AttachVolumeShelveTestJSON:test_attach_volume_shelved_or_offload_server): 200 GET http://10.180.1.21/compute/v2.1/servers/e96af12b-2824-4249-bffd-8fcc489d4925 1.436s
2025-12-09 09:19:38.070 67015 INFO tempest.lib.common.rest_client [req-7a874761-c6f4-4f7c-b088-22809d0256c9 req-7a874761-c6f4-4f7c-b088-22809d0256c9 ] Request (FloatingIPsAssociationNegativeTestJSON:tearDownClass): 200 GET http://10.180.1.21/compute/v2.1/servers/1bc504f0-cdd5-4c89-80e8-c38472340030 1.524s
2025-12-09 09:19:38.111 67023 INFO tempest.lib.common.rest_client [req-5b3515fb-b783-4037-b3d6-65c5e1d6ed02 req-5b3515fb-b783-4037-b3d6-65c5e1d6ed02 ] Request (ServersTestJSON:setUpClass): 200 GET http://10.180.1.21/compute/v2.1/servers/a2673269-901f-4762-add8-0055d7b9e8fa 1.645s
2025-12-09 09:19:38.147 67031 INFO tempest.lib.common.rest_client [req-895ed994-40e0-4014-9e9a-c82d7dcf7fab req-895ed994-40e0-4014-9e9a-c82d7dcf7fab ] Request (AttachInterfacesUnderV243Test:test_add_remove_fixed_ip): 200 GET http://10.180.1.21/compute/v2.1/servers/0bc1fb64-dbcd-4f59-8734-4c6b750e91ff/ips 1.548s
2025-12-09 09:19:38.177 67035 INFO tempest.lib.common.rest_client [req-92ba70f8-297a-44e9-9f86-a817a7cb178e req-92ba70f8-297a-44e9-9f86-a817a7cb178e ] Request (ServerExternalEventsTest:test_create_server_external_events): 200 GET http://10.180.1.21/compute/v2.1/servers/95a06454-61e3-47c5-93c9-468d7303ec2a 1.619s
2025-12-09 09:19:38.301 67027 INFO tempest.lib.common.rest_client [req-a18d853a-3f8a-42ef-9723-65b60dcb88aa req-a18d853a-3f8a-42ef-9723-65b60dcb88aa ] Request (ServersListShow298Test:test_list_show_update_rebuild_server_298): 200 GET http://10.180.1.21/compute/v2.1/servers/b21f308d-abc0-4b48-8f17-640794658f83 1.600s
2025-12-09 09:19:38.328 67043 INFO tempest.lib.common.rest_client [req-fc1735a0-bd25-4b2a-bbfd-6f0c2aa96afe req-fc1735a0-bd25-4b2a-bbfd-6f0c2aa96afe ] Request (ServersAdminTestJSON:test_create_server_with_scheduling_hint): 200 GET http://10.180.1.21/compute/v2.1/servers/4b793d93-b1cd-4d14-9d5b-87c0bc024ee5 1.726s
2025-12-09 09:19:38.339 67043 INFO tempest.common.waiters [-] State transition "BUILD/networking" ==> "BUILD/spawning" after 25 second wait
2025-12-09 09:19:38.357 67041 INFO tempest.lib.common.rest_client [req-0e6597be-7829-4c93-ac2c-3aaaeb020e2c req-0e6597be-7829-4c93-ac2c-3aaaeb020e2c ] Request (FlavorsAccessTestJSON:test_flavor_access_add_remove): 200 GET http://10.180.1.21/compute/v2.1/flavors/detail 1.588s
2025-12-09 09:19:38.375 67067 INFO tempest.lib.common.rest_client [req-b8b728c7-e2f8-4bca-b215-9cec25df6470 req-b8b728c7-e2f8-4bca-b215-9cec25df6470 ] Request (ServersAdminNegativeTestJSON:_run_cleanups): 202 DELETE http://10.180.1.21/compute/v2.1/flavors/1555273700 1.588s
2025-12-09 09:19:38.375 67059 INFO tempest.lib.common.rest_client [req-5f393ae7-449e-4691-a6f1-5a78b58c57cd req-5f393ae7-449e-4691-a6f1-5a78b58c57cd ] Request (ServersListShow296Test:test_list_show_update_rebuild_server_296): 200 GET http://10.180.1.21/compute/v2.1/servers/25bfc074-6ab8-45e8-9bc6-b9a71aa9f77d 1.669s
2025-12-09 09:19:38.432 67011 INFO tempest.lib.common.rest_client [req-db907710-34d5-4714-acc1-403ae96ecccb req-db907710-34d5-4714-acc1-403ae96ecccb ] Request (MultipleCreateTestJSON:test_multiple_create_with_reservation_return): 200 GET http://10.180.1.21/compute/v2.1/servers/8b28f352-035b-485a-984d-b4a47f6a09a8 1.646s
2025-12-09 09:19:38.441 67047 INFO tempest.lib.common.rest_client [req-dcc6439e-db63-4bc9-8bee-aab36404bb9b req-dcc6439e-db63-4bc9-8bee-aab36404bb9b ] Request (ImagesNegativeTestJSON:test_create_image_from_deleted_server): 200 GET http://10.180.1.21/compute/v2.1/servers/cc1d85f8-38c6-42da-81ea-3d147a15b852 1.294s
2025-12-09 09:19:38.545 67039 INFO tempest.lib.common.rest_client [req-e2f961e4-3334-40af-813b-259096c29a14 req-e2f961e4-3334-40af-813b-259096c29a14 ] Request (ServerGroupTestJSON:_run_cleanups): 200 GET http://10.180.1.21/compute/v2.1/servers/ec04a6e0-0d53-441c-97ca-60ecbfacd9a8 0.999s
2025-12-09 09:19:38.585 67071 INFO tempest.lib.common.rest_client [req-4fa3d3d8-e817-4c3a-91be-217e8d20cb85 req-4fa3d3d8-e817-4c3a-91be-217e8d20cb85 ] Request (ServersTestBootFromVolume:setUpClass): 200 GET http://10.180.1.21/compute/v2.1/servers/d394a9f8-0d69-4bbf-8ffc-7c8282886942 1.188s
2025-12-09 09:19:38.599 67069 INFO tempest.lib.common.rest_client [req-f1ec3a9c-8d36-49b8-ac7e-7a8e09f99478 req-f1ec3a9c-8d36-49b8-ac7e-7a8e09f99478 ] Request (FlavorsAdminTestJSON:_run_cleanups): 202 DELETE http://10.180.1.21/compute/v2.1/flavors/1476778103 0.831s
2025-12-09 09:19:38.610 67017 INFO tempest.lib.common.rest_client [req-d9745158-6215-4800-9b4e-1a33218f2ca8 req-d9745158-6215-4800-9b4e-1a33218f2ca8 ] Request (ServerDiagnosticsV248Test:tearDownClass): 200 GET http://10.180.1.21/compute/v2.1/servers/d9833b38-1f8a-4118-86eb-dc739625a5d3 0.916s
2025-12-09 09:19:38.634 67053 INFO tempest.lib.common.rest_client [req-b67f8b89-0a29-4b80-9883-33f0305fa068 req-b67f8b89-0a29-4b80-9883-33f0305fa068 ] Request (KeyPairsV22TestJSON:test_keypairsv22_create_list_show): 201 POST http://10.180.1.21/compute/v2.1/os-keypairs 0.844s
2025-12-09 09:19:38.658 67037 INFO tempest.lib.common.rest_client [req-b379c2b5-1aa4-414c-b91a-8be1c094a064 req-b379c2b5-1aa4-414c-b91a-8be1c094a064 ] Request (ServerRescueTestJSONUnderV235:setUpClass): 200 GET http://10.180.1.21/compute/v2.1/servers/b42fcdc7-8491-48af-a932-6dd8e837b7ec 0.800s
2025-12-09 09:19:38.701 67045 INFO tempest.lib.common.rest_client [req-39077992-b3c4-4780-9299-a387b2c8d759 req-39077992-b3c4-4780-9299-a387b2c8d759 ] Request (DeleteServersAdminTestJSON:test_delete_server_while_in_error_state): 200 GET http://10.180.1.21/compute/v2.1/servers/890d8e0a-b85d-466d-bef9-c517c2ca36f2 0.822s
2025-12-09 09:19:38.732 67025 INFO tempest.lib.common.rest_client [req-d3808450-9a95-405b-af84-cdc46de570d8 req-d3808450-9a95-405b-af84-cdc46de570d8 ] Request (InstanceActionsTestJSON:tearDownClass): 200 GET http://10.180.1.21/compute/v2.1/servers/ba6259cb-e9d9-4daf-80d6-52a02035fada 0.774s
2025-12-09 09:19:38.766 67049 INFO tempest.lib.common.rest_client [req-63b5aee1-0a9d-4a67-8f0c-081243fdd1ff req-63b5aee1-0a9d-4a67-8f0c-081243fdd1ff ] Request (ServerActionsTestOtherA:test_rebuild_server_in_stop_state): 200 GET http://10.180.1.21/compute/v2.1/servers/2e9d0cc0-8aa2-436a-b45c-0deba3a0248f 0.733s
2025-12-09 09:19:38.908 67061 INFO tempest.lib.common.rest_client [req-955cd2ff-e8cc-4fe2-a7ee-4c2cdef2abaf req-955cd2ff-e8cc-4fe2-a7ee-4c2cdef2abaf ] Request (FloatingIPsAssociationTestJSON:tearDownClass): 200 GET http://10.180.1.21/compute/v2.1/servers/78f144fc-a044-4ca1-ab72-8767c9010a4b 0.806s
2025-12-09 09:19:38.941 67033 INFO tempest.lib.common.rest_client [req-a6ee149d-0db5-48f8-9e97-607f34909699 req-a6ee149d-0db5-48f8-9e97-607f34909699 ] Request (ServersTestManualDisk:setUpClass): 200 GET http://10.180.1.21/compute/v2.1/servers/83106c13-960a-4a40-842e-478b2f312810 0.877s
2025-12-09 09:19:38.992 67063 INFO tempest.lib.common.rest_client [req-7a96f8c8-cc3f-42b2-a6dd-1f2b0426ccd8 req-7a96f8c8-cc3f-42b2-a6dd-1f2b0426ccd8 ] Request (ServersTestFqdnHostnames:tearDownClass): 200 GET http://10.180.1.21/compute/v2.1/servers/3be5d0b0-7d8d-40d6-8d6a-54da86fa01c2 0.715s
2025-12-09 09:19:39.014 67041 INFO tempest.lib.common.rest_client [req-06a0befd-e362-4f7f-97e7-b1347d2b34e0 req-06a0befd-e362-4f7f-97e7-b1347d2b34e0 ] Request (FlavorsAccessTestJSON:_run_cleanups): 202 DELETE http://10.180.1.21/compute/v2.1/flavors/1774382010 0.649s
