2025-12-09 09:18:59.960 67059 INFO tempest.lib.common.rest_client [req-e2aece68-a562-49ea-be02-70d552af23da req-e2aece68-a562-49ea-be02-70d552af23da ] Request (ServerAddressesNegativeTestJSON:tearDownClass): 204 DELETE http://10.180.1.21/identity/v3/projects/9f88cd9ca5094c0ebde905f5644cffcf 0.162s
2025-12-09 09:19:00.006 67065 INFO tempest.lib.common.rest_client [req-19a465b1-b9b8-4827-90d6-3d813285fd1d req-19a465b1-b9b8-4827-90d6-3d813285fd1d ] Request (ImagesOneServerTestJSON:setUpClass): 201 POST http://10.180.1.21/identity/v3/auth/tokens 0.123s
2025-12-09 09:19:00.047 67059 INFO tempest.lib.common.rest_client [req-2554f50e-d12d-4237-83c1-81b7ad19f1cc req-2554f50e-d12d-4237-83c1-81b7ad19f1cc ] Request (ServersListShow296Test:setUpClass): 201 POST http://10.180.1.21/identity/v3/auth/tokens 0.085s
2025-12-09 09:19:00.051 67065 INFO tempest.lib.common.rest_client [req-65be1110-33f4-435f-b7a5-4026e411fee0 req-65be1110-33f4-435f-b7a5-4026e411fee0 ] Request (ImagesOneServerTestJSON:setUpClass): 201 POST http://10.180.1.21/identity/v3/auth/tokens 0.041s
2025-12-09 09:19:00.052 67065 INFO tempest.lib.common.fixed_network [-] (ImagesOneServerTestJSON:setUpClass) Found network {'id': '24ef53e9-877c-4bb0-9c85-180e6cd6e316', 'name': 'tempest-ImagesOneServerTestJSON-1286462604-network', 'tenant_id': '129a5aae00e548319769be0443174f97', 'project_id': '129a5aae00e548319769be0443174f97', 'admin_state_up': True, 'mtu': 8950, 'status': 'ACTIVE', 'subnets': [], 'shared': False, 'port_security_enabled': True, 'router:external': False, 'provider:network_type': 'vlan', 'provider:physical_network': 'default', 'provider:segmentation_id': 721, 'availability_zone_hints': [], 'availability_zones': [], 'ipv4_address_scope': None, 'ipv6_address_scope': None, 'description': '', 'tags': [], 'created_at': '2025-12-09T09:18:56Z', 'updated_at': '2025-12-09T09:18:56Z', 'revision_number': 1} available for tenant
2025-12-09 09:19:00.087 67059 INFO tempest.lib.common.rest_client [req-ca2f53ad-ce00-46d1-97f3-bb14450f244c req-ca2f53ad-ce00-46d1-97f3-bb14450f244c ] Request (ServersListShow296Test:setUpClass): 201 POST http://10.180.1.21/identity/v3/auth/tokens 0.033s
2025-12-09 09:19:00.130 67059 INFO tempest.lib.common.rest_client [req-53206115-4003-4a78-87a4-e830209d2079 req-53206115-4003-4a78-87a4-e830209d2079 ] Request (ServersListShow296Test:setUpClass): 200 GET http://10.180.1.21/identity/v3/domains?name=Default 0.042s
2025-12-09 09:19:00.173 67059 INFO tempest.lib.common.rest_client [req-11fbbc47-ce1e-47d3-b4da-58ca7c1ba4b8 req-11fbbc47-ce1e-47d3-b4da-58ca7c1ba4b8 ] Request (ServersListShow296Test:setUpClass): 201 POST http://10.180.1.21/identity/v3/projects 0.043s
2025-12-09 09:19:00.251 67059 INFO tempest.lib.common.rest_client [req-37c24b75-43f7-455c-8423-2da55aa63d82 req-37c24b75-43f7-455c-8423-2da55aa63d82 ] Request (ServersListShow296Test:setUpClass): 201 POST http://10.180.1.21/identity/v3/users 0.076s
2025-12-09 09:19:00.281 67059 INFO tempest.lib.common.rest_client [req-ec8d1c65-e1e3-4dbb-9b09-3d15b739916e req-ec8d1c65-e1e3-4dbb-9b09-3d15b739916e ] Request (ServersListShow296Test:setUpClass): 200 GET http://10.180.1.21/identity/v3/roles 0.029s
2025-12-09 09:19:00.319 67059 INFO tempest.lib.common.rest_client [req-ef2548b4-8433-4972-a993-1b56b8ec469e req-ef2548b4-8433-4972-a993-1b56b8ec469e ] Request (ServersListShow296Test:setUpClass): 204 PUT http://10.180.1.21/identity/v3/projects/4578060b1d974c398e80d43ea28e68fa/users/5487f6f2fe784bdf8ad535d5b9e2ec4d/roles/7ed9c61879e249adb15c729126e0bcc0 0.038s
2025-12-09 09:19:00.320 67059 INFO tempest.lib.common.dynamic_creds [-] Dynamic test user 5487f6f2fe784bdf8ad535d5b9e2ec4d is created with scope project and roles: ['member']
2025-12-09 09:19:00.320 67059 INFO tempest.lib.common.dynamic_creds [-] Acquired dynamic creds: credentials: Credentials: {'domain_id': 'default', 'domain_name': 'Default', 'username': 'tempest-ServersListShow296Test-1800052762-project-member', 'project_domain_id': 'default', 'project_domain_name': 'Default', 'project_id': '4578060b1d974c398e80d43ea28e68fa', 'project_name': 'tempest-ServersListShow296Test-1800052762', 'tenant_id': '4578060b1d974c398e80d43ea28e68fa', 'tenant_name': 'tempest-ServersListShow296Test-1800052762', 'user_domain_id': 'default', 'user_domain_name': 'Default', 'user_id': '5487f6f2fe784bdf8ad535d5b9e2ec4d', 'system': None}, Network: None, Subnet: None, Router: None
2025-12-09 09:19:00.320 67059 INFO tempest.lib.common.dynamic_creds [-] Created isolated network resources for: credentials: Credentials: {'domain_id': 'default', 'domain_name': 'Default', 'username': 'tempest-ServersListShow296Test-1800052762-project-member', 'project_domain_id': 'default', 'project_domain_name': 'Default', 'project_id': '4578060b1d974c398e80d43ea28e68fa', 'project_name': 'tempest-ServersListShow296Test-1800052762', 'tenant_id': '4578060b1d974c398e80d43ea28e68fa', 'tenant_name': 'tempest-ServersListShow296Test-1800052762', 'user_domain_id': 'default', 'user_domain_name': 'Default', 'user_id': '5487f6f2fe784bdf8ad535d5b9e2ec4d', 'system': None}, Network: None, Subnet: None, Router: None
2025-12-09 09:19:00.405 67059 INFO tempest.lib.common.rest_client [req-33dba15f-52ff-42f9-aca3-8ae092919ef0 req-33dba15f-52ff-42f9-aca3-8ae092919ef0 ] Request (ServersListShow296Test:setUpClass): 201 POST http://10.180.1.21/identity/v3/auth/tokens 0.082s
2025-12-09 09:19:00.454 67059 INFO tempest.lib.common.rest_client [req-664d39cf-536e-445b-8b0a-9ec3b57dcce1 req-664d39cf-536e-445b-8b0a-9ec3b57dcce1 ] Request (ServersListShow296Test:test_list_show_update_rebuild_server_296): 201 POST http://10.180.1.21/identity/v3/auth/tokens 0.044s
2025-12-09 09:19:00.455 67059 INFO tempest.lib.common.fixed_network [-] (ServersListShow296Test:test_list_show_update_rebuild_server_296) Found network None available for tenant
2025-12-09 09:19:00.692 67071 INFO tempest.lib.common.rest_client [req-d70bf215-b5ab-4a66-8cb1-bab19f3780ae req-d70bf215-b5ab-4a66-8cb1-bab19f3780ae ] Request (ServersTestBootFromVolume:setUpClass): 200 GET http://10.180.1.21/volume/v3/volumes/18951954-c05f-4bf4-a301-46a055f3ca44 0.030s
2025-12-09 09:19:01.191 67033 INFO tempest.lib.common.rest_client [req-d6cadf6a-b664-4ec2-aad6-dffe4d71a902 req-d6cadf6a-b664-4ec2-aad6-dffe4d71a902 ] Request (ServersTestManualDisk:setUpClass): 200 PUT http://10.180.1.21/networking/v2.0/routers/1c56183e-1743-46bc-a22a-c5fabe7b3e3f/add_router_interface 1.591s
2025-12-09 09:19:01.191 67033 INFO tempest.lib.common.dynamic_creds [-] Created isolated network resources for: credentials: Credentials: {'domain_id': 'default', 'domain_name': 'Default', 'username': 'tempest-ServersTestManualDisk-1836161777-project-member', 'project_domain_id': 'default', 'project_domain_name': 'Default', 'project_id': 'cad1350fe0764cbfbc8489b6fd683d1d', 'project_name': 'tempest-ServersTestManualDisk-1836161777', 'tenant_id': 'cad1350fe0764cbfbc8489b6fd683d1d', 'tenant_name': 'tempest-ServersTestManualDisk-1836161777', 'user_domain_id': 'default', 'user_domain_name': 'Default', 'user_id': 'ebb8ad613655466eb8db057040488f5d', 'system': None}, Network: {'id': '6dbe9ceb-e1bf-41a7-ba1f-c13866656fcb', 'name': 'tempest-ServersTestManualDisk-1202585273-network', 'tenant_id': 'cad1350fe0764cbfbc8489b6fd683d1d', 'project_id': 'cad1350fe0764cbfbc8489b6fd683d1d', 'admin_state_up': True, 'mtu': 8950, 'status': 'ACTIVE', 'subnets': [], 'shared': False, 'port_security_enabled': True, 'router:external': False, 'provider:network_type': 'vlan', 'provider:physical_network': 'default', 'provider:segmentation_id': 486, 'availability_zone_hints': [], 'availability_zones': [], 'ipv4_address_scope': None, 'ipv6_address_scope': None, 'description': '', 'tags': [], 'created_at': '2025-12-09T09:18:57Z', 'updated_at': '2025-12-09T09:18:57Z', 'revision_number': 1}, Subnet: {'id': '9d3ba08d-aa45-4b14-86ad-3fd17d585846', 'name': 'tempest-ServersTestManualDisk-1202585273-subnet', 'tenant_id': 'cad1350fe0764cbfbc8489b6fd683d1d', 'network_id': '6dbe9ceb-e1bf-41a7-ba1f-c13866656fcb', 'ip_version': 4, 'subnetpool_id': None, 'enable_dhcp': True, 'ipv6_ra_mode': None, 'ipv6_address_mode': None, 'gateway_ip': '192.168.128.1', 'cidr': '192.168.128.0/28', 'allocation_pools': [{'start': '192.168.128.2', 'end': '192.168.128.14'}], 'host_routes': [], 'dns_nameservers': [], 'description': '', 'router:external': False, 'service_types': [], 'tags': [], 'created_at': '2025-12-09T09:18:58Z', 'updated_at': '2025-12-09T09:18:58Z', 'revision_number': 0, 'project_id': 'cad1350fe0764cbfbc8489b6fd683d1d'}, Router: {'id': '1c56183e-1743-46bc-a22a-c5fabe7b3e3f', 'name': 'tempest-ServersTestManualDisk-1202585273-router', 'tenant_id': 'cad1350fe0764cbfbc8489b6fd683d1d', 'admin_state_up': True, 'status': 'ACTIVE', 'external_gateway_info': {'network_id': '36c218aa-627d-418a-9501-ba587c43e224', 'external_fixed_ips': [{'subnet_id': 'aa9ff4c2-441a-47f2-bafc-11825fc47454', 'ip_address': '10.180.180.221'}], 'enable_snat': True}, 'description': '', 'availability_zones': [], 'distributed': False, 'ha': False, 'availability_zone_hints': [], 'routes': [], 'flavor_id': None, 'tags': [], 'created_at': '2025-12-09T09:18:58Z', 'updated_at': '2025-12-09T09:18:59Z', 'revision_number': 2, 'project_id': 'cad1350fe0764cbfbc8489b6fd683d1d'}
2025-12-09 09:19:01.215 67009 INFO tempest.lib.common.rest_client [req-702f81b3-78e4-41d5-9b61-4e430b3ed7b0 req-702f81b3-78e4-41d5-9b61-4e430b3ed7b0 ] Request (ServerDiagnosticsTest:tearDownClass): 200 GET http://10.180.1.21/compute/v2.1/servers/0ffc0e40-fff6-4dd7-a9c8-d7a05bdbd1b0 7.139s
2025-12-09 09:19:01.285 67033 INFO tempest.lib.common.rest_client [req-7359a271-5c8c-4cf2-ae19-71ffa1aea4b3 req-7359a271-5c8c-4cf2-ae19-71ffa1aea4b3 ] Request (ServersTestManualDisk:setUpClass): 201 POST http://10.180.1.21/identity/v3/auth/tokens 0.091s
2025-12-09 09:19:01.341 67031 WARNING tempest.lib.common.ssh [-] Failed to establish authenticated ssh connection to cirros@10.180.180.198 ([Errno None] Unable to connect to port 22 on 10.180.180.198). Number attempts: 8. Retry after 9 seconds.: paramiko.ssh_exception.NoValidConnectionsError: [Errno None] Unable to connect to port 22 on 10.180.180.198
2025-12-09 09:19:01.369 67019 INFO tempest.lib.common.rest_client [req-28f06306-0ca1-4f97-aea6-fa6c7b507a15 req-28f06306-0ca1-4f97-aea6-fa6c7b507a15 ] Request (QuotasAdminTestJSON:test_delete_quota): 200 GET http://10.180.1.21/compute/v2.1/os-quota-sets/cefc88a02d624497bf0237978bb15099 7.227s
2025-12-09 09:19:01.607 67021 INFO tempest.lib.common.rest_client [req-f7a00149-d131-4d72-a809-527292b8d243 req-f7a00149-d131-4d72-a809-527292b8d243 ] Request (ServersWithSpecificFlavorTestJSON:test_verify_created_server_ephemeral_disk): 200 GET http://10.180.1.21/compute/v2.1/servers/bd13e3c8-181b-475b-8f64-aac8de08a1e3 7.305s
2025-12-09 09:19:01.619 67021 INFO tempest.lib.common.ssh [-] Creating ssh connection to '10.180.180.251:22' as 'cirros' with public key authentication
2025-12-09 09:19:01.731 67071 INFO tempest.lib.common.rest_client [req-c5e535f1-da63-4e5d-bd92-8aa328f3df79 req-c5e535f1-da63-4e5d-bd92-8aa328f3df79 ] Request (ServersTestBootFromVolume:setUpClass): 200 GET http://10.180.1.21/volume/v3/volumes/18951954-c05f-4bf4-a301-46a055f3ca44 0.030s
2025-12-09 09:19:01.808 67015 INFO tempest.lib.common.rest_client [req-eadd9092-9ef7-4e5e-ab30-4822aff2b9e4 req-eadd9092-9ef7-4e5e-ab30-4822aff2b9e4 ] Request (FloatingIPsAssociationNegativeTestJSON:_run_cleanups): 202 POST http://10.180.1.21/compute/v2.1/servers/1bc504f0-cdd5-4c89-80e8-c38472340030/action 8.892s
2025-12-09 09:19:01.837 67056 INFO tempest.lib.common.rest_client [req-e25a1235-dc8f-4179-a628-d009b2271893 req-e25a1235-dc8f-4179-a628-d009b2271893 ] Request (ImagesOneServerNegativeTestJSON:setUp): 200 GET http://10.180.1.21/compute/v2.1/servers/ae84e20c-26e3-4693-a6fd-37b15cdaf6d6 7.501s
2025-12-09 09:19:01.855 67053 INFO tempest.lib.common.rest_client [req-2f4ecbf6-a30d-4e70-967b-d70386f9fa8a req-2f4ecbf6-a30d-4e70-967b-d70386f9fa8a ] Request (KeyPairsNegativeTestJSON:test_create_keypair_with_duplicate_name): 200 POST http://10.180.1.21/compute/v2.1/os-keypairs 7.489s
2025-12-09 09:19:01.906 67045 INFO tempest.lib.common.rest_client [req-cf1a9999-409d-405a-9c1a-4b1d70b73dcf req-cf1a9999-409d-405a-9c1a-4b1d70b73dcf ] Request (DeleteServersAdminTestJSON:test_delete_server_while_in_error_state): 200 GET http://10.180.1.21/compute/v2.1/servers/890d8e0a-b85d-466d-bef9-c517c2ca36f2 7.376s
2025-12-09 09:19:01.978 67011 INFO tempest.lib.common.rest_client [req-836a2c5b-07d9-4f0c-bbdd-925cb8f7a323 req-836a2c5b-07d9-4f0c-bbdd-925cb8f7a323 ] Request (MultipleCreateTestJSON:_run_cleanups): 200 GET http://10.180.1.21/compute/v2.1/servers/d40e0b18-8d23-4372-8a66-6604df0b5938 7.065s
2025-12-09 09:19:02.002 67061 INFO tempest.lib.common.rest_client [req-b1325495-e0ae-41c9-8b74-53c8534a3c91 req-b1325495-e0ae-41c9-8b74-53c8534a3c91 ] Request (FloatingIPsAssociationTestJSON:test_associate_already_associated_floating_ip): 200 GET http://10.180.1.21/compute/v2.1/servers/78f144fc-a044-4ca1-ab72-8767c9010a4b 7.321s
2025-12-09 09:19:02.009 67061 INFO tempest.common.waiters [-] State transition "BUILD/spawning" ==> "ACTIVE/None" after 32 second wait
2025-12-09 09:19:02.092 67017 INFO tempest.lib.common.rest_client [req-10c4869d-1bba-4901-b2ea-fec31e69f150 req-10c4869d-1bba-4901-b2ea-fec31e69f150 ] Request (ServerDiagnosticsV248Test:test_get_server_diagnostics): 200 GET http://10.180.1.21/compute/v2.1/servers/d9833b38-1f8a-4118-86eb-dc739625a5d3 6.394s
2025-12-09 09:19:02.098 67067 INFO tempest.lib.common.rest_client [req-62fc5cdc-f1d9-4cfe-906b-29b06955c1d8 req-62fc5cdc-f1d9-4cfe-906b-29b06955c1d8 ] Request (ServersAdminNegativeTestJSON:test_reset_state_server_invalid_state): 400 POST http://10.180.1.21/compute/v2.1/servers/7ddc6107-2c07-4d30-9f46-3cd0e0bcd99a/action 6.190s
2025-12-09 09:19:02.117 67047 INFO tempest.lib.common.rest_client [req-28649407-e34c-459a-be87-21357e06f9c8 req-28649407-e34c-459a-be87-21357e06f9c8 ] Request (ImagesNegativeTestJSON:test_create_image_from_deleted_server): 200 GET http://10.180.1.21/compute/v2.1/servers/cc1d85f8-38c6-42da-81ea-3d147a15b852 6.782s
2025-12-09 09:19:02.125 67047 INFO tempest.common.waiters [-] State transition "BUILD/None" ==> "BUILD/spawning" after 22 second wait
2025-12-09 09:19:02.296 67025 INFO tempest.lib.common.rest_client [req-f87d8322-d92c-4ec1-b833-db6a9d022fc3 req-f87d8322-d92c-4ec1-b833-db6a9d022fc3 ] Request (InstanceActionsTestJSON:setUpClass): 200 GET http://10.180.1.21/compute/v2.1/servers/ba6259cb-e9d9-4daf-80d6-52a02035fada 6.382s
2025-12-09 09:19:02.307 67025 INFO tempest.common.waiters [-] State transition "BUILD/spawning" ==> "ACTIVE/None" after 34 second wait
2025-12-09 09:19:02.322 67039 INFO tempest.lib.common.rest_client [req-6ee5e976-c94f-4fa2-8f2c-b7e975bc42b7 req-6ee5e976-c94f-4fa2-8f2c-b7e975bc42b7 ] Request (ServerGroupTestJSON:test_create_server_with_scheduler_hint_group): 200 GET http://10.180.1.21/compute/v2.1/servers/ec04a6e0-0d53-441c-97ca-60ecbfacd9a8 6.196s
2025-12-09 09:19:02.332 67039 INFO tempest.common.waiters [-] State transition "BUILD/None" ==> "BUILD/block_device_mapping" after 19 second wait
2025-12-09 09:19:02.363 67029 INFO tempest.lib.common.rest_client [req-96b86a14-f6a5-47d3-af0c-d37e37bfb0fb req-96b86a14-f6a5-47d3-af0c-d37e37bfb0fb ] Request (ImagesMetadataTestJSON:setUpClass): 200 GET http://10.180.1.21/compute/v2.1/images/5bccbaf5-7155-45cc-9974-f86be02990d5 5.932s
2025-12-09 09:19:02.379 67035 INFO tempest.lib.common.rest_client [req-c91c1917-014c-4cca-a637-7b3bc98c9239 req-c91c1917-014c-4cca-a637-7b3bc98c9239 ] Request (FlavorsAccessNegativeTestJSON:test_remove_flavor_access_not_found): 200 POST http://10.180.1.21/compute/v2.1/flavors 5.292s
2025-12-09 09:19:02.464 67023 INFO tempest.lib.common.rest_client [req-47c0f6aa-dc98-4c85-8066-89a2df12ebe3 req-47c0f6aa-dc98-4c85-8066-89a2df12ebe3 ] Request (ServersTestJSON:setUpClass): 200 POST http://10.180.1.21/compute/v2.1/os-keypairs 4.844s
2025-12-09 09:19:02.653 67023 INFO tempest.lib.common.rest_client [req-adef6391-7b4b-4d73-b8c6-146307f51810 req-adef6391-7b4b-4d73-b8c6-146307f51810 ] Request (ServersTestJSON:setUpClass): 201 POST http://10.180.1.21/networking/v2.0/security-groups 0.187s
2025-12-09 09:19:02.665 67049 WARNING tempest.lib.common.ssh [-] Failed to establish authenticated ssh connection to cirros@10.180.180.204 ([Errno None] Unable to connect to port 22 on 10.180.180.204). Number attempts: 7. Retry after 8 seconds.: paramiko.ssh_exception.NoValidConnectionsError: [Errno None] Unable to connect to port 22 on 10.180.180.204
2025-12-09 09:19:02.690 67043 INFO tempest.lib.common.rest_client [req-db111a4c-b218-4994-a4fe-557ef411e24a req-db111a4c-b218-4994-a4fe-557ef411e24a ] Request (ServersAdminTestJSON:setUpClass): 200 GET http://10.180.1.21/compute/v2.1/servers/383db9c7-624b-48c3-8ab6-cdef8bfd1e15 4.630s
2025-12-09 09:19:02.773 67071 INFO tempest.lib.common.rest_client [req-674e4b52-4527-498b-b1d4-1683939883f5 req-674e4b52-4527-498b-b1d4-1683939883f5 ] Request (ServersTestBootFromVolume:setUpClass): 200 GET http://10.180.1.21/volume/v3/volumes/18951954-c05f-4bf4-a301-46a055f3ca44 0.033s
2025-12-09 09:19:02.832 67023 INFO tempest.lib.common.rest_client [req-13d6a1e2-3bca-4382-bd0b-b884b450695c req-13d6a1e2-3bca-4382-bd0b-b884b450695c ] Request (ServersTestJSON:setUpClass): 201 POST http://10.180.1.21/networking/v2.0/security-group-rules 0.178s
2025-12-09 09:19:02.951 67027 INFO tempest.lib.common.rest_client [req-a8bebb90-bd93-498e-afc4-84b4cd1c821d req-a8bebb90-bd93-498e-afc4-84b4cd1c821d ] Request (SecurityGroupRulesNegativeTestJSON:test_create_security_group_rule_with_invalid_from_port): 200 POST http://10.180.1.21/compute/v2.1/os-security-groups 3.229s
2025-12-09 09:19:02.952 67063 WARNING tempest.lib.common.ssh [-] Failed to establish authenticated ssh connection to cirros@10.180.180.217 ([Errno None] Unable to connect to port 22 on 10.180.180.217). Number attempts: 7. Retry after 8 seconds.: paramiko.ssh_exception.NoValidConnectionsError: [Errno None] Unable to connect to port 22 on 10.180.180.217
2025-12-09 09:19:02.974 67037 INFO tempest.lib.common.rest_client [req-8ad6aee5-f66c-4548-b11f-5172e82a85eb req-8ad6aee5-f66c-4548-b11f-5172e82a85eb ] Request (FlavorsV2TestJSON:test_list_flavors_filter_by_min_ram): 200 GET http://10.180.1.21/compute/v2.1/flavors?minRam=193 3.227s
2025-12-09 09:19:02.994 67041 INFO tempest.lib.common.rest_client [req-a36738be-5010-4974-b095-ef3b8026601a req-a36738be-5010-4974-b095-ef3b8026601a ] Request (AggregatesAdminNegativeTestJSON:test_aggregate_delete_with_invalid_id): 404 DELETE http://10.180.1.21/compute/v2.1/os-aggregates/-1 3.226s
2025-12-09 09:19:03.010 67069 INFO tempest.lib.common.rest_client [req-ad668e4c-2824-4a7e-b4ec-1c1341983ef6 req-ad668e4c-2824-4a7e-b4ec-1c1341983ef6 ] Request (FlavorsAdminTestJSON:test_create_server_with_non_public_flavor): 200 POST http://10.180.1.21/compute/v2.1/flavors 3.219s
2025-12-09 09:19:03.099 67023 INFO tempest.lib.common.rest_client [req-d779ced6-5d40-4070-a579-04cb3655562b req-d779ced6-5d40-4070-a579-04cb3655562b ] Request (ServersTestJSON:setUpClass): 201 POST http://10.180.1.21/networking/v2.0/security-group-rules 0.267s
2025-12-09 09:19:03.695 67023 INFO tempest.lib.common.rest_client [req-35f77c40-4ee4-44b9-91cf-8e6315dc652e req-35f77c40-4ee4-44b9-91cf-8e6315dc652e ] Request (ServersTestJSON:setUpClass): 201 POST http://10.180.1.21/networking/v2.0/floatingips 0.595s
2025-12-09 09:19:03.746 67023 INFO tempest.lib.common.rest_client [req-37649ed2-f2a5-4c43-8d9a-3441853647a9 req-37649ed2-f2a5-4c43-8d9a-3441853647a9 ] Request (ServersTestJSON:setUpClass): 201 POST http://10.180.1.21/identity/v3/auth/tokens 0.042s
2025-12-09 09:19:03.746 67023 INFO tempest.lib.common.fixed_network [-] (ServersTestJSON:setUpClass) Found network {'id': 'b6dee919-7f05-49b2-8a79-eeeb200fdb2c', 'name': 'tempest-ServersTestJSON-1590937180-network', 'tenant_id': '785dea2a32a740d681c31914814bb2f9', 'project_id': '785dea2a32a740d681c31914814bb2f9', 'admin_state_up': True, 'mtu': 8950, 'status': 'ACTIVE', 'subnets': [], 'shared': False, 'port_security_enabled': True, 'router:external': False, 'provider:network_type': 'vlan', 'provider:physical_network': 'default', 'provider:segmentation_id': 827, 'availability_zone_hints': [], 'availability_zones': [], 'ipv4_address_scope': None, 'ipv6_address_scope': None, 'description': '', 'tags': [], 'created_at': '2025-12-09T09:18:54Z', 'updated_at': '2025-12-09T09:18:54Z', 'revision_number': 1} available for tenant
2025-12-09 09:19:03.819 67071 INFO tempest.lib.common.rest_client [req-b470178e-0c0d-48ed-95d4-e5537aa7749d req-b470178e-0c0d-48ed-95d4-e5537aa7749d ] Request (ServersTestBootFromVolume:setUpClass): 200 GET http://10.180.1.21/volume/v3/volumes/18951954-c05f-4bf4-a301-46a055f3ca44 0.038s
2025-12-09 09:19:04.272 67058 INFO tempest.lib.common.rest_client [req-235d649d-afeb-40cc-bb17-14e98f406566 req-235d649d-afeb-40cc-bb17-14e98f406566 ] Request (ServerActionsTestJSON:setUpClass): 202 POST http://10.180.1.21/compute/v2.1/servers 6.208s
2025-12-09 09:19:04.467 67059 INFO tempest.lib.common.rest_client [req-3354cdfe-2d8a-4e57-9bd2-307f0132d20f req-3354cdfe-2d8a-4e57-9bd2-307f0132d20f ] Request (ServersListShow296Test:test_list_show_update_rebuild_server_296): 202 POST http://10.180.1.21/compute/v2.1/servers 4.011s
2025-12-09 09:19:04.515 67065 INFO tempest.lib.common.rest_client [req-03ec2c3e-40c1-4d28-ab7a-09e186fbaece req-03ec2c3e-40c1-4d28-ab7a-09e186fbaece ] Request (ImagesOneServerTestJSON:setUpClass): 202 POST http://10.180.1.21/compute/v2.1/servers 4.462s
2025-12-09 09:19:04.584 67033 INFO tempest.lib.common.rest_client [req-1a1650d7-81e8-484f-83fd-d78ce97396bb req-1a1650d7-81e8-484f-83fd-d78ce97396bb ] Request (ServersTestManualDisk:setUpClass): 200 POST http://10.180.1.21/compute/v2.1/os-keypairs 3.297s
2025-12-09 09:19:04.611 67019 INFO tempest.lib.common.rest_client [req-d509f81e-db2c-42fd-be16-7d6b60103be5 req-d509f81e-db2c-42fd-be16-7d6b60103be5 ] Request (QuotasAdminTestJSON:test_delete_quota): 200 PUT http://10.180.1.21/compute/v2.1/os-quota-sets/cefc88a02d624497bf0237978bb15099 3.240s
2025-12-09 09:19:04.619 67056 INFO tempest.lib.common.rest_client [req-b0f8c000-ef48-4423-a270-d1f9f014403f req-b0f8c000-ef48-4423-a270-d1f9f014403f ] Request (ImagesOneServerNegativeTestJSON:test_create_image_specify_metadata_over_limits): 400 POST http://10.180.1.21/compute/v2.1/servers/ae84e20c-26e3-4693-a6fd-37b15cdaf6d6/action 2.768s
2025-12-09 09:19:04.658 67053 INFO tempest.lib.common.rest_client [req-16d9d170-a6b3-441c-8ab8-f82577172ae3 req-16d9d170-a6b3-441c-8ab8-f82577172ae3 ] Request (KeyPairsNegativeTestJSON:test_create_keypair_with_duplicate_name): 409 POST http://10.180.1.21/compute/v2.1/os-keypairs 2.797s
2025-12-09 09:19:04.683 67021 WARNING tempest.lib.common.ssh [-] Failed to establish authenticated ssh connection to cirros@10.180.180.251 ([Errno None] Unable to connect to port 22 on 10.180.180.251). Number attempts: 1. Retry after 2 seconds.: paramiko.ssh_exception.NoValidConnectionsError: [Errno None] Unable to connect to port 22 on 10.180.180.251
2025-12-09 09:19:04.843 67033 INFO tempest.lib.common.rest_client [req-4a933395-7f2f-499f-8a1a-2716fb78dfd4 req-4a933395-7f2f-499f-8a1a-2716fb78dfd4 ] Request (ServersTestManualDisk:setUpClass): 201 POST http://10.180.1.21/networking/v2.0/security-groups 0.255s
2025-12-09 09:19:04.863 67071 INFO tempest.lib.common.rest_client [req-59e7aa29-c8ad-460b-bf1c-16c46a789a1f req-59e7aa29-c8ad-460b-bf1c-16c46a789a1f ] Request (ServersTestBootFromVolume:setUpClass): 200 GET http://10.180.1.21/volume/v3/volumes/18951954-c05f-4bf4-a301-46a055f3ca44 0.035s
2025-12-09 09:19:04.871 67071 INFO tempest.common.waiters [-] volume 18951954-c05f-4bf4-a301-46a055f3ca44 reached available after waiting for 18.871290 seconds
2025-12-09 09:19:05.053 67033 INFO tempest.lib.common.rest_client [req-04bd76ba-167b-4d0d-9613-acbd811aadbe req-04bd76ba-167b-4d0d-9613-acbd811aadbe ] Request (ServersTestManualDisk:setUpClass): 201 POST http://10.180.1.21/networking/v2.0/security-group-rules 0.208s
2025-12-09 09:19:05.240 67033 INFO tempest.lib.common.rest_client [req-ea3f6d85-d9f2-45c2-a20c-dd32c8a2e048 req-ea3f6d85-d9f2-45c2-a20c-dd32c8a2e048 ] Request (ServersTestManualDisk:setUpClass): 201 POST http://10.180.1.21/networking/v2.0/security-group-rules 0.185s
2025-12-09 09:19:06.253 67033 INFO tempest.lib.common.rest_client [req-1c687e9f-a93f-4188-bb30-ab94061d4f92 req-1c687e9f-a93f-4188-bb30-ab94061d4f92 ] Request (ServersTestManualDisk:setUpClass): 201 POST http://10.180.1.21/networking/v2.0/floatingips 1.012s
2025-12-09 09:19:06.288 67033 INFO tempest.lib.common.rest_client [req-0565fed0-7514-43c0-b811-35750065a1b6 req-0565fed0-7514-43c0-b811-35750065a1b6 ] Request (ServersTestManualDisk:setUpClass): 201 POST http://10.180.1.21/identity/v3/auth/tokens 0.032s
2025-12-09 09:19:06.289 67033 INFO tempest.lib.common.fixed_network [-] (ServersTestManualDisk:setUpClass) Found network {'id': '6dbe9ceb-e1bf-41a7-ba1f-c13866656fcb', 'name': 'tempest-ServersTestManualDisk-1202585273-network', 'tenant_id': 'cad1350fe0764cbfbc8489b6fd683d1d', 'project_id': 'cad1350fe0764cbfbc8489b6fd683d1d', 'admin_state_up': True, 'mtu': 8950, 'status': 'ACTIVE', 'subnets': [], 'shared': False, 'port_security_enabled': True, 'router:external': False, 'provider:network_type': 'vlan', 'provider:physical_network': 'default', 'provider:segmentation_id': 486, 'availability_zone_hints': [], 'availability_zones': [], 'ipv4_address_scope': None, 'ipv6_address_scope': None, 'description': '', 'tags': [], 'created_at': '2025-12-09T09:18:57Z', 'updated_at': '2025-12-09T09:18:57Z', 'revision_number': 1} available for tenant
2025-12-09 09:19:06.368 67015 INFO tempest.lib.common.rest_client [req-b7b9bbfd-fc6d-4ac9-91b4-05309d6f619c req-b7b9bbfd-fc6d-4ac9-91b4-05309d6f619c ] Request (FloatingIPsAssociationNegativeTestJSON:_run_cleanups): 202 DELETE http://10.180.1.21/compute/v2.1/os-floating-ips/46eef4aa-1fbf-4d16-9d40-1375fa5255ed 4.560s
2025-12-09 09:19:06.378 67067 INFO tempest.lib.common.rest_client [req-32777d64-0270-465f-a369-c35be1fba068 req-32777d64-0270-465f-a369-c35be1fba068 ] Request (ServersAdminNegativeTestJSON:test_reset_state_server_invalid_type): 400 POST http://10.180.1.21/compute/v2.1/servers/7ddc6107-2c07-4d30-9f46-3cd0e0bcd99a/action 4.278s
2025-12-09 09:19:06.403 67009 INFO tempest.lib.common.rest_client [req-829b7d32-25c7-4bfa-804a-056fd589fda3 req-829b7d32-25c7-4bfa-804a-056fd589fda3 ] Request (ServerDiagnosticsTest:tearDownClass): 404 GET http://10.180.1.21/compute/v2.1/servers/0ffc0e40-fff6-4dd7-a9c8-d7a05bdbd1b0 4.177s
2025-12-09 09:19:06.458 67025 INFO tempest.lib.common.rest_client [req-11550f83-530b-4bfc-bf6b-4baf69ce9b36 req-11550f83-530b-4bfc-bf6b-4baf69ce9b36 ] Request (InstanceActionsTestJSON:test_get_instance_action): 200 GET http://10.180.1.21/compute/v2.1/servers/ba6259cb-e9d9-4daf-80d6-52a02035fada/os-instance-actions/req-627802d3-f588-476c-9d76-386b161172f0 4.150s
2025-12-09 09:19:06.572 67061 INFO tempest.lib.common.rest_client [req-138b3824-6a7c-4f56-9e10-a386a70f0d1d req-138b3824-6a7c-4f56-9e10-a386a70f0d1d ] Request (FloatingIPsAssociationTestJSON:test_associate_already_associated_floating_ip): 202 POST http://10.180.1.21/compute/v2.1/servers/a49a7fbe-0acc-4893-9ee4-56078007bbcb/action 4.563s
2025-12-09 09:19:06.595 67009 INFO tempest.lib.common.rest_client [req-47aed5cb-3731-4985-ae9e-fd07baca2a5f req-47aed5cb-3731-4985-ae9e-fd07baca2a5f ] Request (ServerDiagnosticsTest:tearDownClass): 204 DELETE http://10.180.1.21/identity/v3/users/115f670780e34a82afb0be194b253412 0.191s
2025-12-09 09:19:06.722 67009 INFO tempest.lib.common.rest_client [req-5f6ffa1c-570b-44c1-8bb2-e53e4358acc1 req-5f6ffa1c-570b-44c1-8bb2-e53e4358acc1 ] Request (ServerDiagnosticsTest:tearDownClass): 204 DELETE http://10.180.1.21/identity/v3/users/8bda6ed0c7a54a99903d34e7a5d0d17a 0.127s
2025-12-09 09:19:06.722 67009 INFO tempest.lib.common.dynamic_creds [-] Deleting project and security group for project: 07da36d6c06c4c118ab55c44fb9def6c
2025-12-09 09:19:06.758 67029 INFO tempest.lib.common.rest_client [req-762b7af0-d3a6-4550-ae82-7bcfe3c0930a req-762b7af0-d3a6-4550-ae82-7bcfe3c0930a ] Request (ImagesMetadataTestJSON:setUp): 200 PUT http://10.180.1.21/compute/v2.1/images/5bccbaf5-7155-45cc-9974-f86be02990d5/metadata 4.390s
2025-12-09 09:19:06.777 67035 INFO tempest.lib.common.rest_client [req-07d2a891-72b5-4f8b-869d-f540fed19869 req-07d2a891-72b5-4f8b-869d-f540fed19869 ] Request (FlavorsAccessNegativeTestJSON:test_remove_flavor_access_not_found): 404 POST http://10.180.1.21/compute/v2.1/flavors/750194162/action 4.394s
2025-12-09 09:19:06.798 67009 INFO tempest.lib.common.rest_client [req-c22ce219-957e-4981-b45f-50d63f0d4e89 req-c22ce219-957e-4981-b45f-50d63f0d4e89 ] Request (ServerDiagnosticsTest:tearDownClass): 201 POST http://10.180.1.21/identity/v3/auth/tokens 0.075s
2025-12-09 09:19:06.817 67027 INFO tempest.lib.common.rest_client [req-c150991d-851b-494c-9c96-d7ce43f5f812 req-c150991d-851b-494c-9c96-d7ce43f5f812 ] Request (SecurityGroupRulesNegativeTestJSON:test_create_security_group_rule_with_invalid_from_port): 400 POST http://10.180.1.21/compute/v2.1/os-security-group-rules 3.863s
2025-12-09 09:19:06.831 67037 INFO tempest.lib.common.rest_client [req-fc6a1e93-dbb9-4a92-8a57-f2fc2183748d req-fc6a1e93-dbb9-4a92-8a57-f2fc2183748d ] Request (FlavorsV2TestJSON:test_list_flavors_limit_results): 200 GET http://10.180.1.21/compute/v2.1/flavors?limit=1 3.853s
2025-12-09 09:19:06.850 67011 INFO tempest.lib.common.rest_client [req-3c96316c-29a3-4000-b0e7-08bdbab20301 req-3c96316c-29a3-4000-b0e7-08bdbab20301 ] Request (MultipleCreateTestJSON:_run_cleanups): 404 GET http://10.180.1.21/compute/v2.1/servers/d40e0b18-8d23-4372-8a66-6604df0b5938 3.863s
2025-12-09 09:19:06.887 67041 INFO tempest.lib.common.rest_client [req-bf6a4c03-3494-41c6-9f76-461656751163 req-bf6a4c03-3494-41c6-9f76-461656751163 ] Request (AggregatesAdminNegativeTestJSON:test_aggregate_get_details_as_user): 200 POST http://10.180.1.21/compute/v2.1/os-aggregates 3.892s
2025-12-09 09:19:06.905 67069 INFO tempest.lib.common.rest_client [req-4a2b355b-7726-4e70-8927-f8a0d3e257e7 req-4a2b355b-7726-4e70-8927-f8a0d3e257e7 ] Request (FlavorsAdminTestJSON:test_create_server_with_non_public_flavor): 400 POST http://10.180.1.21/compute/v2.1/servers 3.892s
2025-12-09 09:19:06.923 67009 INFO tempest.lib.common.rest_client [req-5dadfd24-1faf-4a02-9a24-94949c33159c req-5dadfd24-1faf-4a02-9a24-94949c33159c ] Request (ServerDiagnosticsTest:tearDownClass): 200 GET http://10.180.1.21/networking/v2.0/security-groups?tenant_id=07da36d6c06c4c118ab55c44fb9def6c&name=default 0.125s
2025-12-09 09:19:06.933 67045 INFO tempest.lib.common.rest_client [req-28cda72b-e2e4-4661-a350-8bafa369d4ab req-28cda72b-e2e4-4661-a350-8bafa369d4ab ] Request (DeleteServersAdminTestJSON:test_delete_server_while_in_error_state): 200 GET http://10.180.1.21/compute/v2.1/servers/890d8e0a-b85d-466d-bef9-c517c2ca36f2 4.015s
2025-12-09 09:19:06.940 67045 INFO tempest.common.waiters [-] State transition "BUILD/None" ==> "BUILD/spawning" after 20 second wait
2025-12-09 09:19:06.977 67017 INFO tempest.lib.common.rest_client [req-a0f400b2-2696-4870-95ab-1955e8bd6ef0 req-a0f400b2-2696-4870-95ab-1955e8bd6ef0 ] Request (ServerDiagnosticsV248Test:test_get_server_diagnostics): 200 GET http://10.180.1.21/compute/v2.1/servers/d9833b38-1f8a-4118-86eb-dc739625a5d3 3.873s
2025-12-09 09:19:07.035 67009 INFO tempest.lib.common.rest_client [req-658731af-2c36-44ca-9292-8642b1c74e4d req-658731af-2c36-44ca-9292-8642b1c74e4d ] Request (ServerDiagnosticsTest:tearDownClass): 204 DELETE http://10.180.1.21/networking/v2.0/security-groups/4cbbeff7-98a8-4d7e-8e46-e123d5d575fa 0.111s
2025-12-09 09:19:07.099 67047 INFO tempest.lib.common.rest_client [req-8bddf5bd-ad69-4527-b24a-89e763c1da41 req-8bddf5bd-ad69-4527-b24a-89e763c1da41 ] Request (ImagesNegativeTestJSON:test_create_image_from_deleted_server): 200 GET http://10.180.1.21/compute/v2.1/servers/cc1d85f8-38c6-42da-81ea-3d147a15b852 3.973s
2025-12-09 09:19:07.111 67009 INFO tempest.lib.common.rest_client [req-f30698ea-b2f5-4b3e-8ff2-9bfbfe14599a req-f30698ea-b2f5-4b3e-8ff2-9bfbfe14599a ] Request (ServerDiagnosticsTest:tearDownClass): 204 DELETE http://10.180.1.21/identity/v3/projects/07da36d6c06c4c118ab55c44fb9def6c 0.076s
2025-12-09 09:19:07.111 67009 INFO tempest.lib.common.dynamic_creds [-] Deleting project and security group for project: a1633c4eed02491490d5fcdd214c4f73
2025-12-09 09:19:07.135 67039 INFO tempest.lib.common.rest_client [req-3a27ce56-c6e0-4c1c-bc88-551502645909 req-3a27ce56-c6e0-4c1c-bc88-551502645909 ] Request (ServerGroupTestJSON:test_create_server_with_scheduler_hint_group): 200 GET http://10.180.1.21/compute/v2.1/servers/ec04a6e0-0d53-441c-97ca-60ecbfacd9a8 3.801s
2025-12-09 09:19:07.142 67039 INFO tempest.common.waiters [-] State transition "BUILD/block_device_mapping" ==> "BUILD/spawning" after 24 second wait
2025-12-09 09:19:07.223 67009 INFO tempest.lib.common.rest_client [req-05d423bd-08c1-460f-b248-a4499a092c0c req-05d423bd-08c1-460f-b248-a4499a092c0c ] Request (ServerDiagnosticsTest:tearDownClass): 200 GET http://10.180.1.21/networking/v2.0/security-groups?tenant_id=a1633c4eed02491490d5fcdd214c4f73&name=default 0.111s
2025-12-09 09:19:07.288 67043 INFO tempest.lib.common.rest_client [req-81ec5dd5-d929-415c-8d93-8d8d8a2b9932 req-81ec5dd5-d929-415c-8d93-8d8d8a2b9932 ] Request (ServersAdminTestJSON:setUpClass): 200 GET http://10.180.1.21/compute/v2.1/servers/383db9c7-624b-48c3-8ab6-cdef8bfd1e15 3.585s
2025-12-09 09:19:07.295 67043 INFO tempest.common.waiters [-] State transition "BUILD/spawning" ==> "ACTIVE/None" after 29 second wait
2025-12-09 09:19:07.346 67009 INFO tempest.lib.common.rest_client [req-f3619203-57e7-47a6-bd56-cda81b8fe99d req-f3619203-57e7-47a6-bd56-cda81b8fe99d ] Request (ServerDiagnosticsTest:tearDownClass): 204 DELETE http://10.180.1.21/networking/v2.0/security-groups/8e0d9b21-f4ba-4be1-998f-47222a6dcb56 0.122s
2025-12-09 09:19:07.373 67058 INFO tempest.lib.common.rest_client [req-9c135166-251d-4fc8-9661-24f19c81648e req-9c135166-251d-4fc8-9661-24f19c81648e ] Request (ServerActionsTestJSON:setUpClass): 200 GET http://10.180.1.21/compute/v2.1/servers/fc4dc04b-bc46-461d-b852-d14bc87cccce 3.095s
2025-12-09 09:19:07.461 67009 INFO tempest.lib.common.rest_client [req-c0c1a10d-c9a8-4a10-b030-f90855f90235 req-c0c1a10d-c9a8-4a10-b030-f90855f90235 ] Request (ServerDiagnosticsTest:tearDownClass): 204 DELETE http://10.180.1.21/identity/v3/projects/a1633c4eed02491490d5fcdd214c4f73 0.115s
2025-12-09 09:19:07.483 67059 INFO tempest.lib.common.rest_client [req-b0cc768d-14b7-4d69-b455-c3512d176126 req-b0cc768d-14b7-4d69-b455-c3512d176126 ] Request (ServersListShow296Test:test_list_show_update_rebuild_server_296): 200 GET http://10.180.1.21/compute/v2.1/servers/25bfc074-6ab8-45e8-9bc6-b9a71aa9f77d 3.013s
2025-12-09 09:19:07.541 67009 INFO tempest.lib.common.rest_client [req-127ff5f3-194e-4de9-bb53-022b5ad22676 req-127ff5f3-194e-4de9-bb53-022b5ad22676 ] Request (ImagesTestJSON:setUpClass): 201 POST http://10.180.1.21/identity/v3/auth/tokens 0.078s
2025-12-09 09:19:07.558 67065 INFO tempest.lib.common.rest_client [req-dee5eced-cb66-45de-8448-69a56aaad8ab req-dee5eced-cb66-45de-8448-69a56aaad8ab ] Request (ImagesOneServerTestJSON:setUpClass): 200 GET http://10.180.1.21/compute/v2.1/servers/3ace1546-5eaf-4757-b10a-a2675b99cfc8 3.041s
2025-12-09 09:19:07.573 67019 INFO tempest.lib.common.rest_client [req-5e40fac1-0d92-4818-a4db-dfcb0f8522cd req-5e40fac1-0d92-4818-a4db-dfcb0f8522cd ] Request (QuotasAdminTestJSON:test_delete_quota): 202 DELETE http://10.180.1.21/compute/v2.1/os-quota-sets/cefc88a02d624497bf0237978bb15099 2.956s
2025-12-09 09:19:07.581 67009 INFO tempest.lib.common.rest_client [req-40f87c83-7a6b-4df8-add1-794f5bc58f41 req-40f87c83-7a6b-4df8-add1-794f5bc58f41 ] Request (ImagesTestJSON:setUpClass): 201 POST http://10.180.1.21/identity/v3/auth/tokens 0.037s
2025-12-09 09:19:07.605 67023 INFO tempest.lib.common.rest_client [req-891af98c-cf17-4a17-9473-7c07f9d0e8a8 req-891af98c-cf17-4a17-9473-7c07f9d0e8a8 ] Request (ServersTestJSON:setUpClass): 202 POST http://10.180.1.21/compute/v2.1/servers 3.858s
2025-12-09 09:19:07.607 67009 INFO tempest.lib.common.rest_client [req-9f9f1128-8030-4c34-affc-21be1afc4d30 req-9f9f1128-8030-4c34-affc-21be1afc4d30 ] Request (ImagesTestJSON:setUpClass): 200 GET http://10.180.1.21/identity/v3/domains?name=Default 0.026s
2025-12-09 09:19:07.622 67053 INFO tempest.lib.common.rest_client [req-2e3f8f5e-6596-4760-8267-583e4d67a466 req-2e3f8f5e-6596-4760-8267-583e4d67a466 ] Request (KeyPairsNegativeTestJSON:test_create_keypair_with_duplicate_name): 202 DELETE http://10.180.1.21/compute/v2.1/os-keypairs/tempest-keypair-1213885189 2.963s
2025-12-09 09:19:07.642 67009 INFO tempest.lib.common.rest_client [req-67a0975b-6ac0-4508-824f-dbc3b3a280f4 req-67a0975b-6ac0-4508-824f-dbc3b3a280f4 ] Request (ImagesTestJSON:setUpClass): 201 POST http://10.180.1.21/identity/v3/projects 0.034s
2025-12-09 09:19:07.705 67009 INFO tempest.lib.common.rest_client [req-63a0f862-01c8-45d3-ae00-d11b82613182 req-63a0f862-01c8-45d3-ae00-d11b82613182 ] Request (ImagesTestJSON:setUpClass): 201 POST http://10.180.1.21/identity/v3/users 0.063s
2025-12-09 09:19:07.725 67056 INFO tempest.lib.common.rest_client [req-9965b56b-b61c-432d-9562-e029b629b826 req-9965b56b-b61c-432d-9562-e029b629b826 ] Request (ImagesOneServerNegativeTestJSON:tearDown): 200 GET http://10.180.1.21/compute/v2.1/servers/ae84e20c-26e3-4693-a6fd-37b15cdaf6d6 3.105s
2025-12-09 09:19:07.729 67009 INFO tempest.lib.common.rest_client [req-4bbe6635-978c-4291-8903-d18733465abc req-4bbe6635-978c-4291-8903-d18733465abc ] Request (ImagesTestJSON:setUpClass): 200 GET http://10.180.1.21/identity/v3/roles 0.023s
2025-12-09 09:19:07.756 67021 WARNING tempest.lib.common.ssh [-] Failed to establish authenticated ssh connection to cirros@10.180.180.251 ([Errno None] Unable to connect to port 22 on 10.180.180.251). Number attempts: 2. Retry after 3 seconds.: paramiko.ssh_exception.NoValidConnectionsError: [Errno None] Unable to connect to port 22 on 10.180.180.251
2025-12-09 09:19:07.762 67009 INFO tempest.lib.common.rest_client [req-d61ac431-205a-44c3-b97f-ebaf63369a8a req-d61ac431-205a-44c3-b97f-ebaf63369a8a ] Request (ImagesTestJSON:setUpClass): 204 PUT http://10.180.1.21/identity/v3/projects/09ca74b0cb3b4d48ac3990e4846d95b7/users/c21c2c9378d04e699dc24e94daa45612/roles/7ed9c61879e249adb15c729126e0bcc0 0.032s
2025-12-09 09:19:07.762 67009 INFO tempest.lib.common.dynamic_creds [-] Dynamic test user c21c2c9378d04e699dc24e94daa45612 is created with scope project and roles: ['member']
2025-12-09 09:19:07.762 67009 INFO tempest.lib.common.dynamic_creds [-] Acquired dynamic creds: credentials: Credentials: {'domain_id': 'default', 'domain_name': 'Default', 'username': 'tempest-ImagesTestJSON-1020199058-project-member', 'project_domain_id': 'default', 'project_domain_name': 'Default', 'project_id': '09ca74b0cb3b4d48ac3990e4846d95b7', 'project_name': 'tempest-ImagesTestJSON-1020199058', 'tenant_id': '09ca74b0cb3b4d48ac3990e4846d95b7', 'tenant_name': 'tempest-ImagesTestJSON-1020199058', 'user_domain_id': 'default', 'user_domain_name': 'Default', 'user_id': 'c21c2c9378d04e699dc24e94daa45612', 'system': None}, Network: None, Subnet: None, Router: None
2025-12-09 09:19:07.823 67009 INFO tempest.lib.common.rest_client [req-cfdecddc-e164-4bbf-803e-55284634fc11 req-cfdecddc-e164-4bbf-803e-55284634fc11 ] Request (ImagesTestJSON:setUpClass): 201 POST http://10.180.1.21/identity/v3/auth/tokens 0.060s
2025-12-09 09:19:08.109 67009 INFO tempest.lib.common.rest_client [req-8f08a77b-8b66-4297-b2bc-d86a25fef186 req-8f08a77b-8b66-4297-b2bc-d86a25fef186 ] Request (ImagesTestJSON:setUpClass): 201 POST http://10.180.1.21/networking/v2.0/networks 0.286s
2025-12-09 09:19:08.156 67071 INFO tempest.lib.common.rest_client [req-32a5af47-3bb5-4b52-ac93-36800dc2344c req-32a5af47-3bb5-4b52-ac93-36800dc2344c ] Request (ServersTestBootFromVolume:setUpClass): 202 POST http://10.180.1.21/compute/v2.1/servers 3.284s
2025-12-09 09:19:08.162 67015 INFO tempest.lib.common.rest_client [req-d22d9264-c43c-497d-af64-fda52b57af9a req-d22d9264-c43c-497d-af64-fda52b57af9a ] Request (FloatingIPsAssociationNegativeTestJSON:test_associate_ip_to_server_without_passing_floating_ip): 400 POST http://10.180.1.21/compute/v2.1/servers/1bc504f0-cdd5-4c89-80e8-c38472340030/action 1.793s
2025-12-09 09:19:08.171 67067 INFO tempest.lib.common.rest_client [req-e86af7ed-28cc-4504-bba1-94cf8245be2a req-e86af7ed-28cc-4504-bba1-94cf8245be2a ] Request (ServersAdminNegativeTestJSON:test_reset_state_server_nonexistent_server): 404 POST http://10.180.1.21/compute/v2.1/servers/999/action 1.792s
2025-12-09 09:19:08.203 67013 WARNING tempest.lib.common.ssh [-] Failed to establish authenticated ssh connection to cirros@10.180.180.246 ([Errno None] Unable to connect to port 22 on 10.180.180.246). Number attempts: 7. Retry after 8 seconds.: paramiko.ssh_exception.NoValidConnectionsError: [Errno None] Unable to connect to port 22 on 10.180.180.246
2025-12-09 09:19:08.254 67025 INFO tempest.lib.common.rest_client [req-ac8b0561-a948-4654-8d19-d8fd071c09a4 req-ac8b0561-a948-4654-8d19-d8fd071c09a4 ] Request (InstanceActionsTestJSON:test_list_instance_actions): 202 POST http://10.180.1.21/compute/v2.1/servers/ba6259cb-e9d9-4daf-80d6-52a02035fada/action 1.791s
2025-12-09 09:19:08.288 67033 INFO tempest.lib.common.rest_client [req-fb581750-06a5-41de-9c7e-14a78e5d39ca req-fb581750-06a5-41de-9c7e-14a78e5d39ca ] Request (ServersTestManualDisk:setUpClass): 202 POST http://10.180.1.21/compute/v2.1/servers 1.999s
2025-12-09 09:19:08.357 67009 INFO tempest.lib.common.rest_client [req-c26088b3-a7a8-42df-bfcb-229e8118c126 req-c26088b3-a7a8-42df-bfcb-229e8118c126 ] Request (ImagesTestJSON:setUpClass): 201 POST http://10.180.1.21/networking/v2.0/subnets 0.247s
2025-12-09 09:19:08.492 67029 INFO tempest.lib.common.rest_client [req-07084864-6c72-451d-824a-d07de884ac4e req-07084864-6c72-451d-824a-d07de884ac4e ] Request (ImagesMetadataTestJSON:test_delete_image_metadata_item): 204 DELETE http://10.180.1.21/compute/v2.1/images/5bccbaf5-7155-45cc-9974-f86be02990d5/metadata/os_version 1.733s
2025-12-09 09:19:08.519 67035 INFO tempest.lib.common.rest_client [req-e0ebf6ab-1408-42c0-bfb3-adff68a10dc2 req-e0ebf6ab-1408-42c0-bfb3-adff68a10dc2 ] Request (FlavorsAccessNegativeTestJSON:_run_cleanups): 202 DELETE http://10.180.1.21/compute/v2.1/flavors/750194162 1.741s
2025-12-09 09:19:08.527 67027 INFO tempest.lib.common.rest_client [req-413be63b-2ff7-4ef2-ac07-1f8b2136b313 req-413be63b-2ff7-4ef2-ac07-1f8b2136b313 ] Request (SecurityGroupRulesNegativeTestJSON:test_create_security_group_rule_with_invalid_id): 400 POST http://10.180.1.21/compute/v2.1/os-security-group-rules 1.708s
2025-12-09 09:19:08.548 67037 INFO tempest.lib.common.rest_client [req-4335a03d-6ce6-4c38-9716-1bde31016c0f req-4335a03d-6ce6-4c38-9716-1bde31016c0f ] Request (FlavorsV2TestJSON:test_list_flavors_using_marker): 200 GET http://10.180.1.21/compute/v2.1/flavors/42 1.714s
2025-12-09 09:19:08.708 67011 INFO tempest.lib.common.rest_client [req-e95e0c37-6cec-4cd5-8a88-bb9fac8a5bc8 req-e95e0c37-6cec-4cd5-8a88-bb9fac8a5bc8 ] Request (MultipleCreateTestJSON:_run_cleanups): 200 GET http://10.180.1.21/compute/v2.1/servers/a92cb7fb-dddd-4c2a-ade2-a49c5f41dd3e 1.857s
2025-12-09 09:19:08.713 67041 INFO tempest.lib.common.rest_client [req-a0b88369-510e-4755-8b55-43ecc6391db1 req-a0b88369-510e-4755-8b55-43ecc6391db1 ] Request (AggregatesAdminNegativeTestJSON:test_aggregate_get_details_as_user): 403 GET http://10.180.1.21/compute/v2.1/os-aggregates/6 1.823s
2025-12-09 09:19:08.737 67069 INFO tempest.lib.common.rest_client [req-94039002-29e7-4bb4-9d80-6f0741f84ee2 req-94039002-29e7-4bb4-9d80-6f0741f84ee2 ] Request (FlavorsAdminTestJSON:_run_cleanups): 202 DELETE http://10.180.1.21/compute/v2.1/flavors/1237127622 1.831s
2025-12-09 09:19:09.255 67009 INFO tempest.lib.common.rest_client [req-8259a098-7aca-4430-b0ad-cf7f7cccbec9 req-8259a098-7aca-4430-b0ad-cf7f7cccbec9 ] Request (ImagesTestJSON:setUpClass): 201 POST http://10.180.1.21/networking/v2.0/routers 0.898s
2025-12-09 09:19:09.669 67043 INFO tempest.lib.common.rest_client [req-6ef6b1cc-08d7-47fd-9e77-b6a9393b0254 req-6ef6b1cc-08d7-47fd-9e77-b6a9393b0254 ] Request (ServersAdminTestJSON:setUpClass): 200 GET http://10.180.1.21/compute/v2.1/servers/d520469b-5e6e-4688-a065-2d12a119519f 2.373s
2025-12-09 09:19:09.785 67043 INFO tempest.lib.common.rest_client [req-bafc4e20-6333-4265-b1f3-674d5bc01a21 req-bafc4e20-6333-4265-b1f3-674d5bc01a21 ] Request (ServersAdminTestJSON:test_create_server_with_scheduling_hint): 201 POST http://10.180.1.21/identity/v3/auth/tokens 0.099s
2025-12-09 09:19:09.785 67043 INFO tempest.lib.common.fixed_network [-] (ServersAdminTestJSON:test_create_server_with_scheduling_hint) Found network {'id': 'fe30ed3e-b889-4485-a56b-df19507acdf8', 'name': 'tempest-ServersAdminTestJSON-1234671096-network', 'tenant_id': '5d1638db073646a8a9d83cf7d25a5123', 'project_id': '5d1638db073646a8a9d83cf7d25a5123', 'admin_state_up': True, 'mtu': 8950, 'status': 'ACTIVE', 'subnets': [], 'shared': False, 'port_security_enabled': True, 'router:external': False, 'provider:network_type': 'vlan', 'provider:physical_network': 'default', 'provider:segmentation_id': 519, 'availability_zone_hints': [], 'availability_zones': [], 'ipv4_address_scope': None, 'ipv6_address_scope': None, 'description': '', 'tags': [], 'created_at': '2025-12-09T09:18:21Z', 'updated_at': '2025-12-09T09:18:21Z', 'revision_number': 1} available for tenant
2025-12-09 09:19:09.849 67019 INFO tempest.lib.common.rest_client [req-665adf4f-e82a-4ae0-876c-d4f61fd12695 req-665adf4f-e82a-4ae0-876c-d4f61fd12695 ] Request (QuotasAdminTestJSON:test_delete_quota): 200 GET http://10.180.1.21/compute/v2.1/os-quota-sets/cefc88a02d624497bf0237978bb15099 2.276s
2025-12-09 09:19:09.948 67019 INFO tempest.lib.common.rest_client [req-01c41c28-6013-4d6d-9fbf-105b483ebb2a req-01c41c28-6013-4d6d-9fbf-105b483ebb2a ] Request (QuotasAdminTestJSON:_run_cleanups): 204 DELETE http://10.180.1.21/identity/v3/projects/cefc88a02d624497bf0237978bb15099 0.096s
2025-12-09 09:19:09.992 67023 INFO tempest.lib.common.rest_client [req-342ec314-f0ef-43af-8a30-0b8e1d6fb292 req-342ec314-f0ef-43af-8a30-0b8e1d6fb292 ] Request (ServersTestJSON:setUpClass): 200 GET http://10.180.1.21/compute/v2.1/servers/a2673269-901f-4762-add8-0055d7b9e8fa 2.385s
2025-12-09 09:19:09.998 67053 INFO tempest.lib.common.rest_client [req-c39f82f6-4ea9-447a-be3e-d9590df95e5d req-c39f82f6-4ea9-447a-be3e-d9590df95e5d ] Request (KeyPairsNegativeTestJSON:test_create_keypair_with_empty_name_string): 400 POST http://10.180.1.21/compute/v2.1/os-keypairs 2.374s
2025-12-09 09:19:10.288 67056 INFO tempest.lib.common.rest_client [req-78325c1d-bcc8-4ab0-805a-f7ce37500c5b req-78325c1d-bcc8-4ab0-805a-f7ce37500c5b ] Request (ImagesOneServerNegativeTestJSON:setUp): 200 GET http://10.180.1.21/compute/v2.1/servers/ae84e20c-26e3-4693-a6fd-37b15cdaf6d6 2.551s
2025-12-09 09:19:10.396 67009 INFO tempest.lib.common.rest_client [req-892af545-3cda-42bb-a5c6-a01afbe7d3d2 req-892af545-3cda-42bb-a5c6-a01afbe7d3d2 ] Request (ImagesTestJSON:setUpClass): 200 PUT http://10.180.1.21/networking/v2.0/routers/537046a8-2cec-4940-9222-aad7a73cae06/add_router_interface 1.140s
