2025-12-09 09:48:17.002 65508 INFO tempest.lib.common.dynamic_creds [-] Acquired dynamic creds: credentials: Credentials: {'domain_id': 'default', 'domain_name': 'Default', 'username': 'tempest-ServerAddressesNegativeTestJSON-1282354117-project-member', 'project_domain_id': 'default', 'project_domain_name': 'Default', 'project_id': 'aba6febaed534975bdf25133090944c6', 'project_name': 'tempest-ServerAddressesNegativeTestJSON-1282354117', 'tenant_id': 'aba6febaed534975bdf25133090944c6', 'tenant_name': 'tempest-ServerAddressesNegativeTestJSON-1282354117', 'user_domain_id': 'default', 'user_domain_name': 'Default', 'user_id': 'b3c8305f6f6a47a5bd117e8fb5594b35', 'system': None}, Network: None, Subnet: None, Router: None
2025-12-09 09:48:17.075 65508 INFO tempest.lib.common.rest_client [req-bca87f39-907b-497d-be2f-d66642e2b1d8 req-bca87f39-907b-497d-be2f-d66642e2b1d8 ] Request (ServerAddressesNegativeTestJSON:setUpClass): 201 POST http://10.180.1.21/identity/v3/auth/tokens 0.073s
2025-12-09 09:48:17.101 65524 INFO tempest.lib.common.rest_client [req-c7d2f7ec-0a5c-44f2-874e-92690c10bd56 req-c7d2f7ec-0a5c-44f2-874e-92690c10bd56 ] Request (ServerRescueTestJSONUnderV235:setUpClass): 201 POST http://10.180.1.21/networking/v2.0/networks 0.570s
2025-12-09 09:48:17.314 65494 INFO tempest.lib.common.rest_client [req-3e02bfe2-b1d8-48e4-95da-451dcdec08d8 req-3e02bfe2-b1d8-48e4-95da-451dcdec08d8 ] Request (FlavorsV2TestJSON:tearDownClass): 204 DELETE http://10.180.1.21/networking/v2.0/security-groups/95a1bd6e-ce09-440a-afde-1f011ea8bbd5 0.635s
2025-12-09 09:48:17.389 65494 INFO tempest.lib.common.rest_client [req-bf8ef2eb-9daf-4658-83ce-cf7a703abb12 req-bf8ef2eb-9daf-4658-83ce-cf7a703abb12 ] Request (FlavorsV2TestJSON:tearDownClass): 204 DELETE http://10.180.1.21/identity/v3/projects/8ac3cca704934990b90f947af4aa76e2 0.075s
2025-12-09 09:48:17.422 65502 INFO tempest.lib.common.rest_client [req-ee544541-fd09-4326-87cf-a6f45544146e req-ee544541-fd09-4326-87cf-a6f45544146e ] Request (FloatingIPsTestJSON:tearDownClass): 200 PUT http://10.180.1.21/networking/v2.0/routers/8302d2bb-b252-41a1-82ee-bcccefa40e96/remove_router_interface 1.111s
2025-12-09 09:48:17.486 65494 INFO tempest.lib.common.rest_client [req-4a534103-3709-43ca-ab1d-a717165b5748 req-4a534103-3709-43ca-ab1d-a717165b5748 ] Request (ServerShowV247Test:setUpClass): 201 POST http://10.180.1.21/identity/v3/auth/tokens 0.094s
2025-12-09 09:48:17.539 65494 INFO tempest.lib.common.rest_client [req-538e0703-0801-4147-ba88-9d0101be5a3e req-538e0703-0801-4147-ba88-9d0101be5a3e ] Request (ServerShowV247Test:setUpClass): 201 POST http://10.180.1.21/identity/v3/auth/tokens 0.048s
2025-12-09 09:48:17.583 65494 INFO tempest.lib.common.rest_client [req-0588b3ee-ffd9-41ef-a13a-3fdddba9736d req-0588b3ee-ffd9-41ef-a13a-3fdddba9736d ] Request (ServerShowV247Test:setUpClass): 200 GET http://10.180.1.21/identity/v3/domains?name=Default 0.044s
2025-12-09 09:48:17.623 65494 INFO tempest.lib.common.rest_client [req-6d2a08cc-eb66-4615-bca5-196b7fc4a099 req-6d2a08cc-eb66-4615-bca5-196b7fc4a099 ] Request (ServerShowV247Test:setUpClass): 201 POST http://10.180.1.21/identity/v3/projects 0.040s
2025-12-09 09:48:17.651 65524 INFO tempest.lib.common.rest_client [req-d8c2ca0b-7691-469f-b324-d1915ed6ae3f req-d8c2ca0b-7691-469f-b324-d1915ed6ae3f ] Request (ServerRescueTestJSONUnderV235:setUpClass): 201 POST http://10.180.1.21/networking/v2.0/subnets 0.549s
2025-12-09 09:48:17.714 65494 INFO tempest.lib.common.rest_client [req-7c060a20-4ce2-4226-90cc-bcbd307018f7 req-7c060a20-4ce2-4226-90cc-bcbd307018f7 ] Request (ServerShowV247Test:setUpClass): 201 POST http://10.180.1.21/identity/v3/users 0.090s
2025-12-09 09:48:17.741 65494 INFO tempest.lib.common.rest_client [req-606ced9e-80c5-41d8-822b-e5c10ed57228 req-606ced9e-80c5-41d8-822b-e5c10ed57228 ] Request (ServerShowV247Test:setUpClass): 200 GET http://10.180.1.21/identity/v3/roles 0.025s
2025-12-09 09:48:17.743 65508 INFO tempest.lib.common.rest_client [req-e01d4ac6-9f3a-4e22-aa79-19bd1f35be67 req-e01d4ac6-9f3a-4e22-aa79-19bd1f35be67 ] Request (ServerAddressesNegativeTestJSON:setUpClass): 201 POST http://10.180.1.21/networking/v2.0/networks 0.668s
2025-12-09 09:48:17.774 65494 INFO tempest.lib.common.rest_client [req-b91c5136-9d07-48c9-8fa6-b5205ed917ff req-b91c5136-9d07-48c9-8fa6-b5205ed917ff ] Request (ServerShowV247Test:setUpClass): 204 PUT http://10.180.1.21/identity/v3/projects/d4685476aebc48e7a0d2c8f8ba494f02/users/6229e13b164d4119ad13a8f2918fdce2/roles/3d70e162b4694cf3a94cc19cff43525a 0.033s
2025-12-09 09:48:17.774 65494 INFO tempest.lib.common.dynamic_creds [-] Dynamic test user 6229e13b164d4119ad13a8f2918fdce2 is created with scope project and roles: ['member']
2025-12-09 09:48:17.775 65494 INFO tempest.lib.common.dynamic_creds [-] Acquired dynamic creds: credentials: Credentials: {'domain_id': 'default', 'domain_name': 'Default', 'username': 'tempest-ServerShowV247Test-41622665-project-member', 'project_domain_id': 'default', 'project_domain_name': 'Default', 'project_id': 'd4685476aebc48e7a0d2c8f8ba494f02', 'project_name': 'tempest-ServerShowV247Test-41622665', 'tenant_id': 'd4685476aebc48e7a0d2c8f8ba494f02', 'tenant_name': 'tempest-ServerShowV247Test-41622665', 'user_domain_id': 'default', 'user_domain_name': 'Default', 'user_id': '6229e13b164d4119ad13a8f2918fdce2', 'system': None}, Network: None, Subnet: None, Router: None
2025-12-09 09:48:17.775 65494 INFO tempest.lib.common.dynamic_creds [-] Created isolated network resources for: credentials: Credentials: {'domain_id': 'default', 'domain_name': 'Default', 'username': 'tempest-ServerShowV247Test-41622665-project-member', 'project_domain_id': 'default', 'project_domain_name': 'Default', 'project_id': 'd4685476aebc48e7a0d2c8f8ba494f02', 'project_name': 'tempest-ServerShowV247Test-41622665', 'tenant_id': 'd4685476aebc48e7a0d2c8f8ba494f02', 'tenant_name': 'tempest-ServerShowV247Test-41622665', 'user_domain_id': 'default', 'user_domain_name': 'Default', 'user_id': '6229e13b164d4119ad13a8f2918fdce2', 'system': None}, Network: None, Subnet: None, Router: None
2025-12-09 09:48:17.848 65494 INFO tempest.lib.common.rest_client [req-c509c777-ed73-429f-8094-a8128e9a4aac req-c509c777-ed73-429f-8094-a8128e9a4aac ] Request (ServerShowV247Test:setUpClass): 201 POST http://10.180.1.21/identity/v3/auth/tokens 0.066s
2025-12-09 09:48:17.890 65494 INFO tempest.lib.common.rest_client [req-d92a59f4-a680-4559-8264-7dd39542da67 req-d92a59f4-a680-4559-8264-7dd39542da67 ] Request (ServerShowV247Test:setUpClass): 200 GET http://10.180.1.21/identity/v3/projects/d4685476aebc48e7a0d2c8f8ba494f02 0.042s
2025-12-09 09:48:17.891 65494 INFO tempest.lib.common.dynamic_creds [-] Using the existing project d4685476aebc48e7a0d2c8f8ba494f02 for scope project and roles: ['reader']
2025-12-09 09:48:17.892 65504 INFO tempest.lib.common.rest_client [req-b2a21064-a5f1-4cf3-b8a3-65d3b188d83a req-b2a21064-a5f1-4cf3-b8a3-65d3b188d83a ] Request (ServerExternalEventsTest:test_create_server_external_events): 202 POST http://10.180.1.21/compute/v2.1/servers 4.540s
2025-12-09 09:48:17.919 65494 INFO tempest.lib.common.rest_client [req-18d1fe30-983d-474c-a993-179644c903f1 req-18d1fe30-983d-474c-a993-179644c903f1 ] Request (ServerShowV247Test:setUpClass): 201 POST http://10.180.1.21/identity/v3/users 0.028s
2025-12-09 09:48:17.921 65522 INFO tempest.lib.common.rest_client [req-be824549-c71f-4d50-8e25-4a0350b5f049 req-be824549-c71f-4d50-8e25-4a0350b5f049 ] Request (AggregatesAdminNegativeTestJSON:test_aggregate_create_with_existent_aggregate_name): 200 POST http://10.180.1.21/compute/v2.1/os-aggregates 4.549s
2025-12-09 09:48:17.945 65494 INFO tempest.lib.common.rest_client [req-4e11695b-2424-426f-be8c-6bd340301ea9 req-4e11695b-2424-426f-be8c-6bd340301ea9 ] Request (ServerShowV247Test:setUpClass): 200 GET http://10.180.1.21/identity/v3/roles 0.025s
2025-12-09 09:48:17.948 65528 INFO tempest.lib.common.rest_client [req-fb967670-9295-4ed2-a1da-c214e65b6158 req-fb967670-9295-4ed2-a1da-c214e65b6158 ] Request (FlavorsAdminTestJSON:_run_cleanups): 200 GET http://10.180.1.21/compute/v2.1/flavors/detail 4.559s
2025-12-09 09:48:18.007 65494 INFO tempest.lib.common.rest_client [req-8edd73f5-815a-43c5-be07-51fdbb280d04 req-8edd73f5-815a-43c5-be07-51fdbb280d04 ] Request (ServerShowV247Test:setUpClass): 204 PUT http://10.180.1.21/identity/v3/projects/d4685476aebc48e7a0d2c8f8ba494f02/users/cfd9df2da3b44b5d8f1ba522bf33656b/roles/4dfe59899a9a449884f98d5778887230 0.062s
2025-12-09 09:48:18.008 65494 INFO tempest.lib.common.dynamic_creds [-] Dynamic test user cfd9df2da3b44b5d8f1ba522bf33656b is created with scope project and roles: ['reader']
2025-12-09 09:48:18.008 65494 INFO tempest.lib.common.dynamic_creds [-] Acquired dynamic creds: credentials: Credentials: {'domain_id': 'default', 'domain_name': 'Default', 'username': 'tempest-ServerShowV247Test-41622665-project-reader', 'project_domain_id': 'default', 'project_domain_name': 'Default', 'project_id': 'd4685476aebc48e7a0d2c8f8ba494f02', 'project_name': 'tempest-ServerShowV247Test-41622665', 'tenant_id': 'd4685476aebc48e7a0d2c8f8ba494f02', 'tenant_name': 'tempest-ServerShowV247Test-41622665', 'user_domain_id': 'default', 'user_domain_name': 'Default', 'user_id': 'cfd9df2da3b44b5d8f1ba522bf33656b', 'system': None}, Network: None, Subnet: None, Router: None
2025-12-09 09:48:18.008 65494 INFO tempest.lib.common.dynamic_creds [-] Network resources are not created for requested scope: project and credentials: Credentials: {'domain_id': 'default', 'domain_name': 'Default', 'username': 'tempest-ServerShowV247Test-41622665-project-reader', 'project_domain_id': 'default', 'project_domain_name': 'Default', 'project_id': 'd4685476aebc48e7a0d2c8f8ba494f02', 'project_name': 'tempest-ServerShowV247Test-41622665', 'tenant_id': 'd4685476aebc48e7a0d2c8f8ba494f02', 'tenant_name': 'tempest-ServerShowV247Test-41622665', 'user_domain_id': 'default', 'user_domain_name': 'Default', 'user_id': 'cfd9df2da3b44b5d8f1ba522bf33656b', 'system': None}, Network: None, Subnet: None, Router: None
2025-12-09 09:48:18.110 65494 INFO tempest.lib.common.rest_client [req-3d9c6ba6-b4b7-4a9e-a64c-f871182b6a43 req-3d9c6ba6-b4b7-4a9e-a64c-f871182b6a43 ] Request (ServerShowV247Test:setUpClass): 201 POST http://10.180.1.21/identity/v3/auth/tokens 0.097s
2025-12-09 09:48:18.183 65494 INFO tempest.lib.common.rest_client [req-55a93b2d-ea10-45d0-81f9-1e005b02406d req-55a93b2d-ea10-45d0-81f9-1e005b02406d ] Request (ServerShowV247Test:test_show_server): 201 POST http://10.180.1.21/identity/v3/auth/tokens 0.068s
2025-12-09 09:48:18.183 65494 INFO tempest.lib.common.fixed_network [-] (ServerShowV247Test:test_show_server) Found network None available for tenant
2025-12-09 09:48:18.254 65502 INFO tempest.lib.common.rest_client [req-3d4a7c02-5df8-4444-817c-dc3a84e55913 req-3d4a7c02-5df8-4444-817c-dc3a84e55913 ] Request (FloatingIPsTestJSON:tearDownClass): 204 DELETE http://10.180.1.21/networking/v2.0/routers/8302d2bb-b252-41a1-82ee-bcccefa40e96 0.832s
2025-12-09 09:48:18.688 65484 INFO tempest.lib.common.rest_client [req-edbe9dfb-6985-4a2f-877c-eaa97968806e req-edbe9dfb-6985-4a2f-877c-eaa97968806e ] Request (FloatingIPsAssociationNegativeTestJSON:test_associate_ip_to_server_with_floating_ip): 400 POST http://10.180.1.21/compute/v2.1/servers/97fcc7bb-7b67-4651-a0e0-20b63cb0ccc8/action 5.321s
2025-12-09 09:48:18.714 65524 INFO tempest.lib.common.rest_client [req-7d994c13-aa4e-4401-bfb3-4bf004f1f2b1 req-7d994c13-aa4e-4401-bfb3-4bf004f1f2b1 ] Request (ServerRescueTestJSONUnderV235:setUpClass): 201 POST http://10.180.1.21/networking/v2.0/routers 1.063s
2025-12-09 09:48:18.876 65508 INFO tempest.lib.common.rest_client [req-43bf8ca0-b68e-449e-b49c-4688cc2bc97e req-43bf8ca0-b68e-449e-b49c-4688cc2bc97e ] Request (ServerAddressesNegativeTestJSON:setUpClass): 201 POST http://10.180.1.21/networking/v2.0/subnets 1.132s
2025-12-09 09:48:19.059 65502 INFO tempest.lib.common.rest_client [req-33e37dc5-25a1-4e75-a44a-272aab8249a2 req-33e37dc5-25a1-4e75-a44a-272aab8249a2 ] Request (FloatingIPsTestJSON:tearDownClass): 204 DELETE http://10.180.1.21/networking/v2.0/subnets/ba981364-3e68-42cd-a45c-02d7cc7cc7ec 0.804s
2025-12-09 09:48:19.916 65524 INFO tempest.lib.common.rest_client [req-323ac89f-f47a-495e-9518-f0096a9e46d0 req-323ac89f-f47a-495e-9518-f0096a9e46d0 ] Request (ServerRescueTestJSONUnderV235:setUpClass): 200 PUT http://10.180.1.21/networking/v2.0/routers/aabab710-7dbe-42cf-9fbb-98b76c0ab196/add_router_interface 1.201s
2025-12-09 09:48:19.916 65524 INFO tempest.lib.common.dynamic_creds [-] Created isolated network resources for: credentials: Credentials: {'domain_id': 'default', 'domain_name': 'Default', 'username': 'tempest-ServerRescueTestJSONUnderV235-332989680-project-member', 'project_domain_id': 'default', 'project_domain_name': 'Default', 'project_id': '397415c982be4e88b23b27c317c7c0b3', 'project_name': 'tempest-ServerRescueTestJSONUnderV235-332989680', 'tenant_id': '397415c982be4e88b23b27c317c7c0b3', 'tenant_name': 'tempest-ServerRescueTestJSONUnderV235-332989680', 'user_domain_id': 'default', 'user_domain_name': 'Default', 'user_id': 'bbcab4ebcb794adf9a2a2c4c443dd42c', 'system': None}, Network: {'id': 'e902b826-9b89-40b1-bc42-c4093fab9e67', 'name': 'tempest-ServerRescueTestJSONUnderV235-493279059-network', 'tenant_id': '397415c982be4e88b23b27c317c7c0b3', 'project_id': '397415c982be4e88b23b27c317c7c0b3', 'admin_state_up': True, 'mtu': 8950, 'status': 'ACTIVE', 'subnets': [], 'shared': False, 'port_security_enabled': True, 'router:external': False, 'provider:network_type': 'vlan', 'provider:physical_network': 'default', 'provider:segmentation_id': 741, 'availability_zone_hints': [], 'availability_zones': [], 'ipv4_address_scope': None, 'ipv6_address_scope': None, 'description': '', 'tags': [], 'created_at': '2025-12-09T09:48:16Z', 'updated_at': '2025-12-09T09:48:17Z', 'revision_number': 1}, Subnet: {'id': '19e05592-0757-4853-991e-22f15f14e798', 'name': 'tempest-ServerRescueTestJSONUnderV235-493279059-subnet', 'tenant_id': '397415c982be4e88b23b27c317c7c0b3', 'network_id': 'e902b826-9b89-40b1-bc42-c4093fab9e67', 'ip_version': 4, 'subnetpool_id': None, 'enable_dhcp': False, 'ipv6_ra_mode': None, 'ipv6_address_mode': None, 'gateway_ip': '192.168.128.1', 'cidr': '192.168.128.0/28', 'allocation_pools': [{'start': '192.168.128.2', 'end': '192.168.128.14'}], 'host_routes': [], 'dns_nameservers': [], 'description': '', 'router:external': False, 'service_types': [], 'tags': [], 'created_at': '2025-12-09T09:48:17Z', 'updated_at': '2025-12-09T09:48:17Z', 'revision_number': 0, 'project_id': '397415c982be4e88b23b27c317c7c0b3'}, Router: {'id': 'aabab710-7dbe-42cf-9fbb-98b76c0ab196', 'name': 'tempest-ServerRescueTestJSONUnderV235-493279059-router', 'tenant_id': '397415c982be4e88b23b27c317c7c0b3', 'admin_state_up': True, 'status': 'ACTIVE', 'external_gateway_info': {'network_id': '75a8fd72-ea05-4bd2-b101-4e2e38c45a3a', 'external_fixed_ips': [{'subnet_id': 'af3e5655-ba43-465d-9f10-bfe3107b29f1', 'ip_address': '10.180.180.179'}], 'enable_snat': True}, 'description': '', 'availability_zones': [], 'distributed': False, 'ha': False, 'availability_zone_hints': [], 'routes': [], 'flavor_id': None, 'tags': [], 'created_at': '2025-12-09T09:48:17Z', 'updated_at': '2025-12-09T09:48:18Z', 'revision_number': 2, 'project_id': '397415c982be4e88b23b27c317c7c0b3'}
2025-12-09 09:48:19.919 65508 INFO tempest.lib.common.rest_client [req-56b08f47-e465-4a28-a378-ce24f8a3c5e1 req-56b08f47-e465-4a28-a378-ce24f8a3c5e1 ] Request (ServerAddressesNegativeTestJSON:setUpClass): 201 POST http://10.180.1.21/networking/v2.0/routers 1.042s
2025-12-09 09:48:20.011 65524 INFO tempest.lib.common.rest_client [req-98d9d4f7-4650-4931-825a-671df1d47a33 req-98d9d4f7-4650-4931-825a-671df1d47a33 ] Request (ServerRescueTestJSONUnderV235:setUpClass): 201 POST http://10.180.1.21/identity/v3/auth/tokens 0.088s
2025-12-09 09:48:20.052 65524 INFO tempest.lib.common.rest_client [req-a4366888-1177-4ced-86b8-38fb647b19d4 req-a4366888-1177-4ced-86b8-38fb647b19d4 ] Request (ServerRescueTestJSONUnderV235:setUpClass): 201 POST http://10.180.1.21/identity/v3/auth/tokens 0.037s
2025-12-09 09:48:20.053 65524 INFO tempest.lib.common.fixed_network [-] (ServerRescueTestJSONUnderV235:setUpClass) Found network {'id': 'e902b826-9b89-40b1-bc42-c4093fab9e67', 'name': 'tempest-ServerRescueTestJSONUnderV235-493279059-network', 'tenant_id': '397415c982be4e88b23b27c317c7c0b3', 'project_id': '397415c982be4e88b23b27c317c7c0b3', 'admin_state_up': True, 'mtu': 8950, 'status': 'ACTIVE', 'subnets': [], 'shared': False, 'port_security_enabled': True, 'router:external': False, 'provider:network_type': 'vlan', 'provider:physical_network': 'default', 'provider:segmentation_id': 741, 'availability_zone_hints': [], 'availability_zones': [], 'ipv4_address_scope': None, 'ipv6_address_scope': None, 'description': '', 'tags': [], 'created_at': '2025-12-09T09:48:16Z', 'updated_at': '2025-12-09T09:48:17Z', 'revision_number': 1} available for tenant
2025-12-09 09:48:20.070 65520 INFO tempest.lib.common.rest_client [req-cbd0c00a-16f1-4416-87d0-65fd5d7593c9 req-cbd0c00a-16f1-4416-87d0-65fd5d7593c9 ] Request (SecurityGroupRulesTestJSON:test_security_group_rules_list): 200 POST http://10.180.1.21/compute/v2.1/os-security-group-rules 6.556s
2025-12-09 09:48:20.304 65502 INFO tempest.lib.common.rest_client [req-560abe9c-9bbc-45e4-8190-a8f721d68499 req-560abe9c-9bbc-45e4-8190-a8f721d68499 ] Request (FloatingIPsTestJSON:tearDownClass): 204 DELETE http://10.180.1.21/networking/v2.0/networks/6c1844b9-dcd4-451d-939f-54f8c1538ac8 1.244s
2025-12-09 09:48:20.458 65502 INFO tempest.lib.common.rest_client [req-1e5fc2db-b208-46a9-9149-73965af77a7a req-1e5fc2db-b208-46a9-9149-73965af77a7a ] Request (FloatingIPsTestJSON:tearDownClass): 204 DELETE http://10.180.1.21/identity/v3/users/f4713ad315174116a6cc30ded750df3a 0.154s
2025-12-09 09:48:20.459 65502 INFO tempest.lib.common.dynamic_creds [-] Deleting project and security group for project: f2965d6e02a547a0a2205034daba124a
2025-12-09 09:48:20.514 65480 WARNING tempest.lib.common.ssh [-] Failed to establish authenticated ssh connection to cirros@10.180.180.137 ([Errno None] Unable to connect to port 22 on 10.180.180.137). Number attempts: 4. Retry after 5 seconds.: paramiko.ssh_exception.NoValidConnectionsError: [Errno None] Unable to connect to port 22 on 10.180.180.137
2025-12-09 09:48:21.295 65508 INFO tempest.lib.common.rest_client [req-8ee30226-f82b-4038-9701-31e992b011b2 req-8ee30226-f82b-4038-9701-31e992b011b2 ] Request (ServerAddressesNegativeTestJSON:setUpClass): 200 PUT http://10.180.1.21/networking/v2.0/routers/12505c51-5526-439f-a410-97f6a9bb8bfc/add_router_interface 1.375s
2025-12-09 09:48:21.295 65508 INFO tempest.lib.common.dynamic_creds [-] Created isolated network resources for: credentials: Credentials: {'domain_id': 'default', 'domain_name': 'Default', 'username': 'tempest-ServerAddressesNegativeTestJSON-1282354117-project-member', 'project_domain_id': 'default', 'project_domain_name': 'Default', 'project_id': 'aba6febaed534975bdf25133090944c6', 'project_name': 'tempest-ServerAddressesNegativeTestJSON-1282354117', 'tenant_id': 'aba6febaed534975bdf25133090944c6', 'tenant_name': 'tempest-ServerAddressesNegativeTestJSON-1282354117', 'user_domain_id': 'default', 'user_domain_name': 'Default', 'user_id': 'b3c8305f6f6a47a5bd117e8fb5594b35', 'system': None}, Network: {'id': 'f7d637fb-8c23-4155-97f0-e361f9d2d4aa', 'name': 'tempest-ServerAddressesNegativeTestJSON-1511034131-network', 'tenant_id': 'aba6febaed534975bdf25133090944c6', 'project_id': 'aba6febaed534975bdf25133090944c6', 'admin_state_up': True, 'mtu': 8950, 'status': 'ACTIVE', 'subnets': [], 'shared': False, 'port_security_enabled': True, 'router:external': False, 'provider:network_type': 'vlan', 'provider:physical_network': 'default', 'provider:segmentation_id': 252, 'availability_zone_hints': [], 'availability_zones': [], 'ipv4_address_scope': None, 'ipv6_address_scope': None, 'description': '', 'tags': [], 'created_at': '2025-12-09T09:48:17Z', 'updated_at': '2025-12-09T09:48:17Z', 'revision_number': 1}, Subnet: {'id': '3aa7a856-676c-4b0d-8bb4-830d42fd8553', 'name': 'tempest-ServerAddressesNegativeTestJSON-1511034131-subnet', 'tenant_id': 'aba6febaed534975bdf25133090944c6', 'network_id': 'f7d637fb-8c23-4155-97f0-e361f9d2d4aa', 'ip_version': 4, 'subnetpool_id': None, 'enable_dhcp': True, 'ipv6_ra_mode': None, 'ipv6_address_mode': None, 'gateway_ip': '192.168.128.1', 'cidr': '192.168.128.0/28', 'allocation_pools': [{'start': '192.168.128.2', 'end': '192.168.128.14'}], 'host_routes': [], 'dns_nameservers': [], 'description': '', 'router:external': False, 'service_types': [], 'tags': [], 'created_at': '2025-12-09T09:48:18Z', 'updated_at': '2025-12-09T09:48:18Z', 'revision_number': 0, 'project_id': 'aba6febaed534975bdf25133090944c6'}, Router: {'id': '12505c51-5526-439f-a410-97f6a9bb8bfc', 'name': 'tempest-ServerAddressesNegativeTestJSON-1511034131-router', 'tenant_id': 'aba6febaed534975bdf25133090944c6', 'admin_state_up': True, 'status': 'ACTIVE', 'external_gateway_info': {'network_id': '75a8fd72-ea05-4bd2-b101-4e2e38c45a3a', 'external_fixed_ips': [{'subnet_id': 'af3e5655-ba43-465d-9f10-bfe3107b29f1', 'ip_address': '10.180.180.167'}], 'enable_snat': True}, 'description': '', 'availability_zones': [], 'distributed': False, 'ha': False, 'availability_zone_hints': [], 'routes': [], 'flavor_id': None, 'tags': [], 'created_at': '2025-12-09T09:48:19Z', 'updated_at': '2025-12-09T09:48:19Z', 'revision_number': 2, 'project_id': 'aba6febaed534975bdf25133090944c6'}
2025-12-09 09:48:21.382 65508 INFO tempest.lib.common.rest_client [req-3341cb9d-5720-4620-b649-0e83feb3d860 req-3341cb9d-5720-4620-b649-0e83feb3d860 ] Request (ServerAddressesNegativeTestJSON:setUpClass): 201 POST http://10.180.1.21/identity/v3/auth/tokens 0.083s
2025-12-09 09:48:21.417 65508 INFO tempest.lib.common.rest_client [req-36b45ded-8757-4181-80c8-72563cf283ee req-36b45ded-8757-4181-80c8-72563cf283ee ] Request (ServerAddressesNegativeTestJSON:setUpClass): 201 POST http://10.180.1.21/identity/v3/auth/tokens 0.031s
2025-12-09 09:48:21.417 65508 INFO tempest.lib.common.fixed_network [-] (ServerAddressesNegativeTestJSON:setUpClass) Found network {'id': 'f7d637fb-8c23-4155-97f0-e361f9d2d4aa', 'name': 'tempest-ServerAddressesNegativeTestJSON-1511034131-network', 'tenant_id': 'aba6febaed534975bdf25133090944c6', 'project_id': 'aba6febaed534975bdf25133090944c6', 'admin_state_up': True, 'mtu': 8950, 'status': 'ACTIVE', 'subnets': [], 'shared': False, 'port_security_enabled': True, 'router:external': False, 'provider:network_type': 'vlan', 'provider:physical_network': 'default', 'provider:segmentation_id': 252, 'availability_zone_hints': [], 'availability_zones': [], 'ipv4_address_scope': None, 'ipv6_address_scope': None, 'description': '', 'tags': [], 'created_at': '2025-12-09T09:48:17Z', 'updated_at': '2025-12-09T09:48:17Z', 'revision_number': 1} available for tenant
2025-12-09 09:48:21.780 65502 INFO tempest.lib.common.rest_client [req-3ea1f01d-137e-47f8-b6dc-954220ca691d req-3ea1f01d-137e-47f8-b6dc-954220ca691d ] Request (FloatingIPsTestJSON:tearDownClass): 200 GET http://10.180.1.21/networking/v2.0/security-groups?tenant_id=f2965d6e02a547a0a2205034daba124a&name=default 1.321s
2025-12-09 09:48:21.844 65472 INFO tempest.lib.common.rest_client [req-35fd3d5a-2205-4472-b1f8-418f5f3ec001 req-35fd3d5a-2205-4472-b1f8-418f5f3ec001 ] Request (DeleteServersAdminTestJSON:test_delete_server_while_in_error_state): 200 GET http://10.180.1.21/compute/v2.1/servers/2b27517f-3f02-46dd-bc3d-436a783b4a57 8.143s
2025-12-09 09:48:21.915 65502 INFO tempest.lib.common.rest_client [req-313efe9c-7bae-48e7-b855-9082fecc8345 req-313efe9c-7bae-48e7-b855-9082fecc8345 ] Request (FloatingIPsTestJSON:tearDownClass): 204 DELETE http://10.180.1.21/networking/v2.0/security-groups/8c43a45d-2368-4dc0-8429-b440e7796e0a 0.135s
2025-12-09 09:48:22.055 65486 INFO tempest.lib.common.rest_client [req-77c86422-6acc-4a66-9128-05130dd6c01c req-77c86422-6acc-4a66-9128-05130dd6c01c ] Request (ServerRescueNegativeTestJSON:setUpClass): 200 GET http://10.180.1.21/compute/v2.1/servers/1f622de8-8fb9-4c0b-a6d8-edab4d6214cb 7.780s
2025-12-09 09:48:22.058 65502 INFO tempest.lib.common.rest_client [req-8837251b-8257-4af5-96b7-7ab7c7d0f3c7 req-8837251b-8257-4af5-96b7-7ab7c7d0f3c7 ] Request (FloatingIPsTestJSON:tearDownClass): 204 DELETE http://10.180.1.21/identity/v3/projects/f2965d6e02a547a0a2205034daba124a 0.142s
2025-12-09 09:48:22.185 65486 INFO tempest.lib.common.rest_client [req-a64c2ac9-7454-43f0-9892-876f4a0888d4 req-a64c2ac9-7454-43f0-9892-876f4a0888d4 ] Request (ServerRescueNegativeTestJSON:setUpClass): 201 POST http://10.180.1.21/identity/v3/auth/tokens 0.115s
2025-12-09 09:48:22.186 65486 INFO tempest.lib.common.fixed_network [-] (ServerRescueNegativeTestJSON:setUpClass) Found network {'id': '3f255646-8319-4b55-b570-93dd2396f7af', 'name': 'tempest-ServerRescueNegativeTestJSON-2145669684-network', 'tenant_id': 'f91029c9af7e4b02a034d5ba23ba9cb8', 'project_id': 'f91029c9af7e4b02a034d5ba23ba9cb8', 'admin_state_up': True, 'mtu': 8950, 'status': 'ACTIVE', 'subnets': [], 'shared': False, 'port_security_enabled': True, 'router:external': False, 'provider:network_type': 'vlan', 'provider:physical_network': 'default', 'provider:segmentation_id': 568, 'availability_zone_hints': [], 'availability_zones': [], 'ipv4_address_scope': None, 'ipv6_address_scope': None, 'description': '', 'tags': [], 'created_at': '2025-12-09T09:48:07Z', 'updated_at': '2025-12-09T09:48:07Z', 'revision_number': 1} available for tenant
2025-12-09 09:48:22.190 65502 INFO tempest.lib.common.rest_client [req-629e10d9-84d9-4693-aec8-1d9748c7f840 req-629e10d9-84d9-4693-aec8-1d9748c7f840 ] Request (ServersV294TestFqdnHostnames:setUpClass): 201 POST http://10.180.1.21/identity/v3/auth/tokens 0.127s
2025-12-09 09:48:22.219 65490 INFO tempest.lib.common.rest_client [req-f5fa0987-a97f-4639-a800-3407a8b9b50b req-f5fa0987-a97f-4639-a800-3407a8b9b50b ] Request (ServersTestManualDisk:setUpClass): 200 GET http://10.180.1.21/compute/v2.1/servers/1c2baa7c-87a2-494a-924c-c9861692a8aa 7.939s
2025-12-09 09:48:22.230 65518 INFO tempest.lib.common.rest_client [req-807f362b-7a37-4c6f-931a-e5435d657502 req-807f362b-7a37-4c6f-931a-e5435d657502 ] Request (ServerGroupTestJSON:test_create_server_with_scheduler_hint_group): 202 POST http://10.180.1.21/compute/v2.1/servers 8.722s
2025-12-09 09:48:22.243 65502 INFO tempest.lib.common.rest_client [req-95e5c8c2-88c8-481b-a01d-be1fb050eb74 req-95e5c8c2-88c8-481b-a01d-be1fb050eb74 ] Request (ServersV294TestFqdnHostnames:setUpClass): 201 POST http://10.180.1.21/identity/v3/auth/tokens 0.048s
2025-12-09 09:48:22.249 65482 INFO tempest.lib.common.rest_client [req-9ca73c17-eaf6-4c35-ab77-47b86037618c req-9ca73c17-eaf6-4c35-ab77-47b86037618c ] Request (QuotasAdminTestJSON:test_delete_quota): 202 DELETE http://10.180.1.21/compute/v2.1/os-quota-sets/4de6fecb57ad4d2887c5652bfdaaade0 7.582s
2025-12-09 09:48:22.281 65502 INFO tempest.lib.common.rest_client [req-f3bebf79-df0b-45eb-ab0d-33ad5605e5db req-f3bebf79-df0b-45eb-ab0d-33ad5605e5db ] Request (ServersV294TestFqdnHostnames:setUpClass): 200 GET http://10.180.1.21/identity/v3/domains?name=Default 0.038s
2025-12-09 09:48:22.311 65502 INFO tempest.lib.common.rest_client [req-ffbf4f41-25ce-4c72-ab82-f4084faf9d5a req-ffbf4f41-25ce-4c72-ab82-f4084faf9d5a ] Request (ServersV294TestFqdnHostnames:setUpClass): 201 POST http://10.180.1.21/identity/v3/projects 0.029s
2025-12-09 09:48:22.392 65502 INFO tempest.lib.common.rest_client [req-76f5439b-6c5b-4bf9-8fc7-9c62dcc82eef req-76f5439b-6c5b-4bf9-8fc7-9c62dcc82eef ] Request (ServersV294TestFqdnHostnames:setUpClass): 201 POST http://10.180.1.21/identity/v3/users 0.080s
2025-12-09 09:48:22.419 65502 INFO tempest.lib.common.rest_client [req-f337a6ca-c581-4d7d-9330-3e931bd24104 req-f337a6ca-c581-4d7d-9330-3e931bd24104 ] Request (ServersV294TestFqdnHostnames:setUpClass): 200 GET http://10.180.1.21/identity/v3/roles 0.027s
2025-12-09 09:48:22.451 65534 INFO tempest.lib.common.rest_client [req-b0a6f846-3c4d-4628-be86-af4623698c44 req-b0a6f846-3c4d-4628-be86-af4623698c44 ] Request (HypervisorAdminNegativeTestJSON:test_get_hypervisor_uptime_with_non_admin_user): 200 GET http://10.180.1.21/compute/v2.1/os-hypervisors 7.585s
2025-12-09 09:48:22.451 65502 INFO tempest.lib.common.rest_client [req-5a8e1703-2893-4955-9d78-af674f5bf649 req-5a8e1703-2893-4955-9d78-af674f5bf649 ] Request (ServersV294TestFqdnHostnames:setUpClass): 204 PUT http://10.180.1.21/identity/v3/projects/320d642986e845bfbf8a40103a99ea53/users/8af377bcd9704d4a998b10dc73aa771c/roles/3d70e162b4694cf3a94cc19cff43525a 0.031s
2025-12-09 09:48:22.451 65502 INFO tempest.lib.common.dynamic_creds [-] Dynamic test user 8af377bcd9704d4a998b10dc73aa771c is created with scope project and roles: ['member']
2025-12-09 09:48:22.452 65502 INFO tempest.lib.common.dynamic_creds [-] Acquired dynamic creds: credentials: Credentials: {'domain_id': 'default', 'domain_name': 'Default', 'username': 'tempest-ServersV294TestFqdnHostnames-1114566949-project-member', 'project_domain_id': 'default', 'project_domain_name': 'Default', 'project_id': '320d642986e845bfbf8a40103a99ea53', 'project_name': 'tempest-ServersV294TestFqdnHostnames-1114566949', 'tenant_id': '320d642986e845bfbf8a40103a99ea53', 'tenant_name': 'tempest-ServersV294TestFqdnHostnames-1114566949', 'user_domain_id': 'default', 'user_domain_name': 'Default', 'user_id': '8af377bcd9704d4a998b10dc73aa771c', 'system': None}, Network: None, Subnet: None, Router: None
2025-12-09 09:48:22.538 65502 INFO tempest.lib.common.rest_client [req-80ae3ddd-c298-4c66-8802-3eeb07ef612c req-80ae3ddd-c298-4c66-8802-3eeb07ef612c ] Request (ServersV294TestFqdnHostnames:setUpClass): 201 POST http://10.180.1.21/identity/v3/auth/tokens 0.086s
2025-12-09 09:48:22.802 65530 INFO tempest.lib.common.rest_client [req-cd465429-a2f9-4e51-8a3d-30cb14c098d4 req-cd465429-a2f9-4e51-8a3d-30cb14c098d4 ] Request (ServersTestMultiNic:test_verify_duplicate_network_nics): 200 GET http://10.180.1.21/compute/v2.1/servers/61293d09-98aa-4f51-a527-110079e1cce5 7.901s
2025-12-09 09:48:23.095 65502 INFO tempest.lib.common.rest_client [req-3f604207-5306-45bc-ba88-9d0e9267dda2 req-3f604207-5306-45bc-ba88-9d0e9267dda2 ] Request (ServersV294TestFqdnHostnames:setUpClass): 201 POST http://10.180.1.21/networking/v2.0/networks 0.557s
2025-12-09 09:48:23.423 65506 INFO tempest.lib.common.rest_client [req-af8302e5-1b12-4abb-adcd-f11a2feaa228 req-af8302e5-1b12-4abb-adcd-f11a2feaa228 ] Request (TenantUsagesTestJSON:setUpClass): 200 GET http://10.180.1.21/compute/v2.1/servers/c389c935-75ee-4259-92a7-5572726b5395 8.839s
2025-12-09 09:48:23.430 65506 INFO tempest.common.waiters [-] State transition "BUILD/None" ==> "BUILD/spawning" after 15 second wait
2025-12-09 09:48:23.438 65516 INFO tempest.lib.common.rest_client [req-b7195ff8-8116-4ba3-8cdc-6d279dae124c req-b7195ff8-8116-4ba3-8cdc-6d279dae124c ] Request (MultipleCreateTestJSON:_run_cleanups): 200 GET http://10.180.1.21/compute/v2.1/servers/9c3b4b48-da4b-4a49-9d8c-5f209c85baad 8.447s
2025-12-09 09:48:23.475 65512 INFO tempest.lib.common.rest_client [req-024b3450-804a-444d-8e75-48d2d64572a2 req-024b3450-804a-444d-8e75-48d2d64572a2 ] Request (KeyPairsV2TestJSON:test_keypair_create_with_pub_key): 200 POST http://10.180.1.21/compute/v2.1/os-keypairs 8.157s
2025-12-09 09:48:23.598 65502 INFO tempest.lib.common.rest_client [req-4251b27f-0a86-49d3-9fa9-4650f816a260 req-4251b27f-0a86-49d3-9fa9-4650f816a260 ] Request (ServersV294TestFqdnHostnames:setUpClass): 201 POST http://10.180.1.21/networking/v2.0/subnets 0.502s
2025-12-09 09:48:24.410 65502 INFO tempest.lib.common.rest_client [req-b292926a-ab5e-4ee0-a8a7-ddf88dbca2ae req-b292926a-ab5e-4ee0-a8a7-ddf88dbca2ae ] Request (ServersV294TestFqdnHostnames:setUpClass): 201 POST http://10.180.1.21/networking/v2.0/routers 0.812s
2025-12-09 09:48:24.618 65514 INFO tempest.lib.common.rest_client [req-3abab2f6-9f98-4dbc-941e-af0de14a5054 req-3abab2f6-9f98-4dbc-941e-af0de14a5054 ] Request (ServersAdminNegativeTestJSON:test_migrate_server_invalid_state): 200 GET http://10.180.1.21/compute/v2.1/servers/bddbe9c8-97cf-4269-b74e-26e61d181e85 9.327s
2025-12-09 09:48:24.640 65498 INFO tempest.lib.common.rest_client [req-ce1cb511-35d1-4fd0-b7c4-05733ea3a96c req-ce1cb511-35d1-4fd0-b7c4-05733ea3a96c ] Request (ImagesTestJSON:test_create_image_from_stopped_server): 200 GET http://10.180.1.21/compute/v2.1/servers/1ff304eb-358b-4d81-8f14-662c761b5a8e 9.198s
2025-12-09 09:48:25.033 65488 INFO tempest.lib.common.rest_client [req-94fed2df-d119-43fc-9f56-32af17bdfacd req-94fed2df-d119-43fc-9f56-32af17bdfacd ] Request (FloatingIPsAssociationTestJSON:test_associate_already_associated_floating_ip): 200 GET http://10.180.1.21/compute/v2.1/servers/39a51e82-9053-473b-b761-389c36f70a54 9.492s
2025-12-09 09:48:25.040 65488 INFO tempest.common.waiters [-] State transition "BUILD/None" ==> "BUILD/spawning" after 11 second wait
2025-12-09 09:48:25.058 65492 INFO tempest.lib.common.rest_client [req-ba32d631-af4e-43d7-87b7-2c3df9e6a178 req-ba32d631-af4e-43d7-87b7-2c3df9e6a178 ] Request (ServersWithSpecificFlavorTestJSON:test_verify_created_server_ephemeral_disk): 200 GET http://10.180.1.21/compute/v2.1/servers/ec5031fa-bcb7-4d13-aef0-e1527e4204ce 9.327s
2025-12-09 09:48:25.065 65476 INFO tempest.lib.common.rest_client [req-c2762295-b221-4b8f-9690-4372d43c99d5 req-c2762295-b221-4b8f-9690-4372d43c99d5 ] Request (HostsAdminNegativeTestJSON:test_update_host_without_param): 400 PUT http://10.180.1.21/compute/v2.1/os-hosts/devstack 9.188s
2025-12-09 09:48:25.068 65492 INFO tempest.common.waiters [-] State transition "BUILD/networking" ==> "BUILD/spawning" after 21 second wait
2025-12-09 09:48:25.515 65474 INFO tempest.lib.common.rest_client [req-441c15a2-db71-4877-af86-67e646a97018 req-441c15a2-db71-4877-af86-67e646a97018 ] Request (ServerShowV257Test:test_rebuild_server): 202 POST http://10.180.1.21/compute/v2.1/servers/0b4891f7-207e-4db5-86d7-960ee09a9110/action 9.639s
2025-12-09 09:48:25.939 65502 INFO tempest.lib.common.rest_client [req-b8359c03-70ba-426c-9184-3ff5e34b800c req-b8359c03-70ba-426c-9184-3ff5e34b800c ] Request (ServersV294TestFqdnHostnames:setUpClass): 200 PUT http://10.180.1.21/networking/v2.0/routers/ac9bd9fe-6b61-498c-889e-0696c7b4d373/add_router_interface 1.528s
2025-12-09 09:48:25.939 65502 INFO tempest.lib.common.dynamic_creds [-] Created isolated network resources for: credentials: Credentials: {'domain_id': 'default', 'domain_name': 'Default', 'username': 'tempest-ServersV294TestFqdnHostnames-1114566949-project-member', 'project_domain_id': 'default', 'project_domain_name': 'Default', 'project_id': '320d642986e845bfbf8a40103a99ea53', 'project_name': 'tempest-ServersV294TestFqdnHostnames-1114566949', 'tenant_id': '320d642986e845bfbf8a40103a99ea53', 'tenant_name': 'tempest-ServersV294TestFqdnHostnames-1114566949', 'user_domain_id': 'default', 'user_domain_name': 'Default', 'user_id': '8af377bcd9704d4a998b10dc73aa771c', 'system': None}, Network: {'id': 'cc034ec0-29fb-49b6-b6ed-f456aff05bf9', 'name': 'tempest-ServersV294TestFqdnHostnames-1998401535-network', 'tenant_id': '320d642986e845bfbf8a40103a99ea53', 'project_id': '320d642986e845bfbf8a40103a99ea53', 'admin_state_up': True, 'mtu': 8950, 'status': 'ACTIVE', 'subnets': [], 'shared': False, 'port_security_enabled': True, 'router:external': False, 'provider:network_type': 'vlan', 'provider:physical_network': 'default', 'provider:segmentation_id': 11, 'availability_zone_hints': [], 'availability_zones': [], 'ipv4_address_scope': None, 'ipv6_address_scope': None, 'description': '', 'tags': [], 'created_at': '2025-12-09T09:48:23Z', 'updated_at': '2025-12-09T09:48:23Z', 'revision_number': 1}, Subnet: {'id': 'a1178e4f-926f-49f7-94f9-6ae9a1803536', 'name': 'tempest-ServersV294TestFqdnHostnames-1998401535-subnet', 'tenant_id': '320d642986e845bfbf8a40103a99ea53', 'network_id': 'cc034ec0-29fb-49b6-b6ed-f456aff05bf9', 'ip_version': 4, 'subnetpool_id': None, 'enable_dhcp': True, 'ipv6_ra_mode': None, 'ipv6_address_mode': None, 'gateway_ip': '192.168.128.1', 'cidr': '192.168.128.0/28', 'allocation_pools': [{'start': '192.168.128.2', 'end': '192.168.128.14'}], 'host_routes': [], 'dns_nameservers': [], 'description': '', 'router:external': False, 'service_types': [], 'tags': [], 'created_at': '2025-12-09T09:48:23Z', 'updated_at': '2025-12-09T09:48:23Z', 'revision_number': 0, 'project_id': '320d642986e845bfbf8a40103a99ea53'}, Router: {'id': 'ac9bd9fe-6b61-498c-889e-0696c7b4d373', 'name': 'tempest-ServersV294TestFqdnHostnames-1998401535-router', 'tenant_id': '320d642986e845bfbf8a40103a99ea53', 'admin_state_up': True, 'status': 'ACTIVE', 'external_gateway_info': {'network_id': '75a8fd72-ea05-4bd2-b101-4e2e38c45a3a', 'external_fixed_ips': [{'subnet_id': 'af3e5655-ba43-465d-9f10-bfe3107b29f1', 'ip_address': '10.180.180.247'}], 'enable_snat': True}, 'description': '', 'availability_zones': [], 'distributed': False, 'ha': False, 'availability_zone_hints': [], 'routes': [], 'flavor_id': None, 'tags': [], 'created_at': '2025-12-09T09:48:23Z', 'updated_at': '2025-12-09T09:48:24Z', 'revision_number': 2, 'project_id': '320d642986e845bfbf8a40103a99ea53'}
2025-12-09 09:48:26.022 65480 WARNING tempest.lib.common.ssh [-] Failed to establish authenticated ssh connection to cirros@10.180.180.137 ([Errno None] Unable to connect to port 22 on 10.180.180.137). Number attempts: 5. Retry after 6 seconds.: paramiko.ssh_exception.NoValidConnectionsError: [Errno None] Unable to connect to port 22 on 10.180.180.137
2025-12-09 09:48:26.030 65502 INFO tempest.lib.common.rest_client [req-06d1f70c-a0ca-438f-9e69-133a645a5ab9 req-06d1f70c-a0ca-438f-9e69-133a645a5ab9 ] Request (ServersV294TestFqdnHostnames:setUpClass): 201 POST http://10.180.1.21/identity/v3/auth/tokens 0.086s
2025-12-09 09:48:26.185 65532 INFO tempest.lib.common.rest_client [req-c5232c7b-095f-4cd5-94e5-28ef47cc2bb4 req-c5232c7b-095f-4cd5-94e5-28ef47cc2bb4 ] Request (ServersAdminTestJSON:test_create_server_with_scheduling_hint): 200 GET http://10.180.1.21/compute/v2.1/servers/aa4f5712-f4f6-4cc8-9b52-3337dcb4ed38 10.212s
2025-12-09 09:48:26.192 65532 INFO tempest.common.waiters [-] State transition "BUILD/None" ==> "BUILD/spawning" after 15 second wait
2025-12-09 09:48:26.446 65526 INFO tempest.lib.common.rest_client [req-9d1edf87-7cee-4763-80e2-cd4e2a5dfbd7 req-9d1edf87-7cee-4763-80e2-cd4e2a5dfbd7 ] Request (MigrationsAdminTest:test_list_migrations_in_flavor_resize_situation): 200 GET http://10.180.1.21/compute/v2.1/servers/d59366c5-6251-44f6-bc7b-4b4f8d92aeda 10.248s
2025-12-09 09:48:26.455 65526 INFO tempest.common.waiters [-] State transition "RESIZE/resize_finish" ==> "VERIFY_RESIZE/None" after 31 second wait
2025-12-09 09:48:26.595 65496 INFO tempest.lib.common.rest_client [req-01e7407e-2e0e-4c9f-afe5-190e20c0dfba req-01e7407e-2e0e-4c9f-afe5-190e20c0dfba ] Request (FlavorsAccessNegativeTestJSON:test_flavor_non_admin_remove): 200 POST http://10.180.1.21/compute/v2.1/flavors/260011682/action 10.037s
2025-12-09 09:48:26.687 65504 INFO tempest.lib.common.rest_client [req-a2928f6b-b9e0-497f-a1d3-721336d605c8 req-a2928f6b-b9e0-497f-a1d3-721336d605c8 ] Request (ServerExternalEventsTest:test_create_server_external_events): 200 GET http://10.180.1.21/compute/v2.1/servers/7381804f-92db-47d1-9b4d-7ac5778a6d00 8.794s
2025-12-09 09:48:26.701 65522 INFO tempest.lib.common.rest_client [req-2e42908d-bfd2-4ad1-a865-36a0923e52c0 req-2e42908d-bfd2-4ad1-a865-36a0923e52c0 ] Request (AggregatesAdminNegativeTestJSON:test_aggregate_create_with_existent_aggregate_name): 409 POST http://10.180.1.21/compute/v2.1/os-aggregates 8.778s
2025-12-09 09:48:26.721 65528 INFO tempest.lib.common.rest_client [req-52f48835-bc2f-4238-8ddd-eb22ad9244b2 req-52f48835-bc2f-4238-8ddd-eb22ad9244b2 ] Request (FlavorsAdminTestJSON:test_create_list_flavor_without_extra_data): 200 POST http://10.180.1.21/compute/v2.1/flavors 8.767s
2025-12-09 09:48:26.923 65494 INFO tempest.lib.common.rest_client [req-5c3f412f-367d-4cbb-970b-13ba130032bd req-5c3f412f-367d-4cbb-970b-13ba130032bd ] Request (ServerShowV247Test:test_show_server): 202 POST http://10.180.1.21/compute/v2.1/servers 8.739s
2025-12-09 09:48:27.345 65484 INFO tempest.lib.common.rest_client [req-d14dc10c-3c88-42ea-a5e8-949d34cb890a req-d14dc10c-3c88-42ea-a5e8-949d34cb890a ] Request (FloatingIPsAssociationNegativeTestJSON:_run_cleanups): 202 DELETE http://10.180.1.21/compute/v2.1/os-floating-ips/4d942b2a-db69-429b-a64f-d0b72daf5b4f 8.656s
2025-12-09 09:48:27.831 65524 INFO tempest.lib.common.rest_client [req-dece5040-d575-46fc-88cf-8448b4d2513c req-dece5040-d575-46fc-88cf-8448b4d2513c ] Request (ServerRescueTestJSONUnderV235:setUpClass): 202 POST http://10.180.1.21/compute/v2.1/servers 7.777s
2025-12-09 09:48:27.883 65520 INFO tempest.lib.common.rest_client [req-35a4a269-41c4-4427-be47-9ba757638250 req-35a4a269-41c4-4427-be47-9ba757638250 ] Request (SecurityGroupRulesTestJSON:test_security_group_rules_list): 200 GET http://10.180.1.21/compute/v2.1/os-security-groups/0a69a26c-fbf7-4eab-844a-b61701f98f1e 7.810s
2025-12-09 09:48:28.096 65478 INFO tempest.lib.common.rest_client [req-092da7eb-b446-4f47-8259-a3e185787ab7 req-092da7eb-b446-4f47-8259-a3e185787ab7 ] Request (AttachInterfacesV270Test:test_create_get_list_interfaces): 400 POST http://10.180.1.21/compute/v2.1/servers/ba43c102-5349-4075-be8f-98f52d8b6df2/os-interface 12.320s
2025-12-09 09:48:28.445 65508 INFO tempest.lib.common.rest_client [req-49d82a1d-8440-405e-8660-7e6186580ee5 req-49d82a1d-8440-405e-8660-7e6186580ee5 ] Request (ServerAddressesNegativeTestJSON:setUpClass): 202 POST http://10.180.1.21/compute/v2.1/servers 7.028s
2025-12-09 09:48:28.586 65518 INFO tempest.lib.common.rest_client [req-bda0eefa-a106-4aa7-b397-f1d0bdad0239 req-bda0eefa-a106-4aa7-b397-f1d0bdad0239 ] Request (ServerGroupTestJSON:test_create_server_with_scheduler_hint_group): 200 GET http://10.180.1.21/compute/v2.1/servers/0a183a09-5154-4171-8e96-14d9a984ee4a 6.351s
2025-12-09 09:48:28.685 65482 INFO tempest.lib.common.rest_client [req-8cc5f801-ab89-42a9-8e17-8efa96a7fe33 req-8cc5f801-ab89-42a9-8e17-8efa96a7fe33 ] Request (QuotasAdminTestJSON:test_delete_quota): 200 GET http://10.180.1.21/compute/v2.1/os-quota-sets/4de6fecb57ad4d2887c5652bfdaaade0 6.435s
2025-12-09 09:48:28.691 65534 INFO tempest.lib.common.rest_client [req-e0cc4d57-27c3-40b9-9b81-58fd2e7a2b28 req-e0cc4d57-27c3-40b9-9b81-58fd2e7a2b28 ] Request (HypervisorAdminNegativeTestJSON:test_get_hypervisor_uptime_with_non_admin_user): 403 GET http://10.180.1.21/compute/v2.1/os-hypervisors/1/uptime 6.238s
2025-12-09 09:48:28.750 65486 INFO tempest.lib.common.rest_client [req-b1b36ec3-ac66-4210-b373-46810191ef8c req-b1b36ec3-ac66-4210-b373-46810191ef8c ] Request (ServerRescueNegativeTestJSON:setUpClass): 202 POST http://10.180.1.21/compute/v2.1/servers 6.563s
2025-12-09 09:48:28.781 65482 INFO tempest.lib.common.rest_client [req-e3dc5c2b-44a3-432c-8bdc-fd2eed8bfa4d req-e3dc5c2b-44a3-432c-8bdc-fd2eed8bfa4d ] Request (QuotasAdminTestJSON:_run_cleanups): 204 DELETE http://10.180.1.21/identity/v3/projects/4de6fecb57ad4d2887c5652bfdaaade0 0.094s
2025-12-09 09:48:28.910 65472 INFO tempest.lib.common.rest_client [req-46e89bc2-deeb-4199-b53a-6e65b537db57 req-46e89bc2-deeb-4199-b53a-6e65b537db57 ] Request (DeleteServersAdminTestJSON:test_delete_server_while_in_error_state): 200 GET http://10.180.1.21/compute/v2.1/servers/2b27517f-3f02-46dd-bc3d-436a783b4a57 6.058s
2025-12-09 09:48:28.921 65472 INFO tempest.common.waiters [-] State transition "BUILD/spawning" ==> "ACTIVE/None" after 28 second wait
2025-12-09 09:48:29.009 65490 INFO tempest.lib.common.rest_client [req-7f63c0a0-43a4-4997-a8e5-6ec84e340b6b req-7f63c0a0-43a4-4997-a8e5-6ec84e340b6b ] Request (ServersTestManualDisk:setUpClass): 200 GET http://10.180.1.21/compute/v2.1/servers/1c2baa7c-87a2-494a-924c-c9861692a8aa 5.779s
2025-12-09 09:48:29.029 65512 INFO tempest.lib.common.rest_client [req-775645e6-24ee-47b7-89da-c3f448d67daf req-775645e6-24ee-47b7-89da-c3f448d67daf ] Request (KeyPairsV2TestJSON:_run_cleanups): 202 DELETE http://10.180.1.21/compute/v2.1/os-keypairs/tempest-keypair-533894889 5.552s
2025-12-09 09:48:29.190 65530 INFO tempest.lib.common.rest_client [req-8ccf3c46-f0cd-4e77-9884-d29064b5dd15 req-8ccf3c46-f0cd-4e77-9884-d29064b5dd15 ] Request (ServersTestMultiNic:test_verify_duplicate_network_nics): 200 GET http://10.180.1.21/compute/v2.1/servers/61293d09-98aa-4f51-a527-110079e1cce5 5.377s
2025-12-09 09:48:29.198 65530 INFO tempest.common.waiters [-] State transition "BUILD/None" ==> "BUILD/spawning" after 7 second wait
2025-12-09 09:48:29.235 65510 INFO tempest.lib.common.rest_client [req-d495689f-c372-4083-a1f1-7c108569eb82 req-d495689f-c372-4083-a1f1-7c108569eb82 ] Request (ServerDiagnosticsV248Test:test_get_server_diagnostics): 200 GET http://10.180.1.21/compute/v2.1/servers/037c83bc-7444-47db-9f3c-a65d1b421f34/diagnostics 6.597s
2025-12-09 09:48:29.296 65506 INFO tempest.lib.common.rest_client [req-ca02a4d5-c613-41cf-ba93-89e6e1dc14b3 req-ca02a4d5-c613-41cf-ba93-89e6e1dc14b3 ] Request (TenantUsagesTestJSON:setUpClass): 200 GET http://10.180.1.21/compute/v2.1/servers/c389c935-75ee-4259-92a7-5572726b5395 4.864s
2025-12-09 09:48:29.313 65516 INFO tempest.lib.common.rest_client [req-2dbf329f-567d-4ab5-a475-5c7d3d2a36ec req-2dbf329f-567d-4ab5-a475-5c7d3d2a36ec ] Request (MultipleCreateTestJSON:_run_cleanups): 200 GET http://10.180.1.21/compute/v2.1/servers/9c3b4b48-da4b-4a49-9d8c-5f209c85baad 4.865s
2025-12-09 09:48:29.364 65476 INFO tempest.lib.common.rest_client [req-a04ce7f2-8377-473a-bcf6-983af2c61f92 req-a04ce7f2-8377-473a-bcf6-983af2c61f92 ] Request (HostsAdminNegativeTestJSON:test_update_nonexistent_host): 404 PUT http://10.180.1.21/compute/v2.1/os-hosts/nonexistent_hostname 4.298s
2025-12-09 09:48:29.394 65514 INFO tempest.lib.common.rest_client [req-23710e51-59f3-4d93-ab9f-3d4cb33273e6 req-23710e51-59f3-4d93-ab9f-3d4cb33273e6 ] Request (ServersAdminNegativeTestJSON:test_migrate_server_invalid_state): 409 POST http://10.180.1.21/compute/v2.1/servers/bddbe9c8-97cf-4269-b74e-26e61d181e85/action 4.766s
2025-12-09 09:48:29.439 65474 INFO tempest.lib.common.rest_client [req-836c0d33-611b-4434-8989-2bd9783dd65d req-836c0d33-611b-4434-8989-2bd9783dd65d ] Request (ServerShowV257Test:test_rebuild_server): 200 GET http://10.180.1.21/compute/v2.1/servers/0b4891f7-207e-4db5-86d7-960ee09a9110 3.912s
2025-12-09 09:48:29.549 65476 INFO tempest.lib.common.rest_client [req-4100c8b5-6753-4f95-8ea7-ca16836bbbfe req-4100c8b5-6753-4f95-8ea7-ca16836bbbfe ] Request (HostsAdminNegativeTestJSON:tearDownClass): 204 DELETE http://10.180.1.21/identity/v3/users/eee6baa61214405d93b49bdbdc2068ba 0.183s
2025-12-09 09:48:29.607 65498 INFO tempest.lib.common.rest_client [req-16fd4876-8301-422a-81cd-859113b6dea2 req-16fd4876-8301-422a-81cd-859113b6dea2 ] Request (ImagesTestJSON:test_create_image_from_stopped_server): 200 GET http://10.180.1.21/compute/v2.1/servers/1ff304eb-358b-4d81-8f14-662c761b5a8e 3.956s
2025-12-09 09:48:29.614 65498 INFO tempest.common.waiters [-] State transition "BUILD/spawning" ==> "ACTIVE/None" after 25 second wait
2025-12-09 09:48:29.664 65502 INFO tempest.lib.common.rest_client [req-bac6a47b-baee-4722-9c5c-65f1ab597de7 req-bac6a47b-baee-4722-9c5c-65f1ab597de7 ] Request (ServersV294TestFqdnHostnames:setUpClass): 201 POST http://10.180.1.21/compute/v2.1/os-keypairs 3.631s
2025-12-09 09:48:29.696 65476 INFO tempest.lib.common.rest_client [req-81dcb8ce-ec72-47f8-b5ed-a27e4c4c4ca0 req-81dcb8ce-ec72-47f8-b5ed-a27e4c4c4ca0 ] Request (HostsAdminNegativeTestJSON:tearDownClass): 204 DELETE http://10.180.1.21/identity/v3/users/7b2d55d1180942858069fab8f2ccc70b 0.147s
2025-12-09 09:48:29.697 65476 INFO tempest.lib.common.dynamic_creds [-] Deleting project and security group for project: 84ddd0b6b926441f85e09c8c99efe6cc
2025-12-09 09:48:29.774 65476 INFO tempest.lib.common.rest_client [req-78ef2943-64de-4bfd-b62f-672411636687 req-78ef2943-64de-4bfd-b62f-672411636687 ] Request (HostsAdminNegativeTestJSON:tearDownClass): 201 POST http://10.180.1.21/identity/v3/auth/tokens 0.077s
2025-12-09 09:48:29.863 65502 INFO tempest.lib.common.rest_client [req-ed37e9d7-13cb-4c06-87db-133ab9a31347 req-ed37e9d7-13cb-4c06-87db-133ab9a31347 ] Request (ServersV294TestFqdnHostnames:setUpClass): 201 POST http://10.180.1.21/networking/v2.0/security-groups 0.197s
2025-12-09 09:48:29.977 65488 INFO tempest.lib.common.rest_client [req-4962216b-1d33-4035-b2e1-afe7bba25467 req-4962216b-1d33-4035-b2e1-afe7bba25467 ] Request (FloatingIPsAssociationTestJSON:test_associate_already_associated_floating_ip): 200 GET http://10.180.1.21/compute/v2.1/servers/39a51e82-9053-473b-b761-389c36f70a54 3.936s
2025-12-09 09:48:30.058 65526 INFO tempest.lib.common.rest_client [req-cfe9dd9d-85c9-4052-a7dc-4a798c33c481 req-cfe9dd9d-85c9-4052-a7dc-4a798c33c481 ] Request (MigrationsAdminTest:test_list_migrations_in_flavor_resize_situation): 204 POST http://10.180.1.21/compute/v2.1/servers/d59366c5-6251-44f6-bc7b-4b4f8d92aeda/action 3.602s
2025-12-09 09:48:30.066 65496 INFO tempest.lib.common.rest_client [req-90fe3663-fbac-48d2-b3f6-e4adb6ad6367 req-90fe3663-fbac-48d2-b3f6-e4adb6ad6367 ] Request (FlavorsAccessNegativeTestJSON:test_flavor_non_admin_remove): 403 POST http://10.180.1.21/compute/v2.1/flavors/260011682/action 3.469s
2025-12-09 09:48:30.099 65522 INFO tempest.lib.common.rest_client [req-67ad92ed-150d-451f-9981-0a067abd961f req-67ad92ed-150d-451f-9981-0a067abd961f ] Request (AggregatesAdminNegativeTestJSON:_run_cleanups): 200 DELETE http://10.180.1.21/compute/v2.1/os-aggregates/4 3.397s
