2025-12-09 09:50:47.026 65512 INFO tempest.lib.common.rest_client [req-125ee0c8-0625-4f6f-9de1-dd6579360602 req-125ee0c8-0625-4f6f-9de1-dd6579360602 ] Request (InstanceActionsV221TestJSON:test_get_list_deleted_instance_actions): 200 GET http://10.180.1.21/compute/v2.1/servers/79cb369a-8c29-4f29-81bd-574086cbe295 0.065s
2025-12-09 09:50:47.069 65478 INFO tempest.lib.common.rest_client [req-abea21fe-36ec-4baa-9ed3-227454c3f0cc req-abea21fe-36ec-4baa-9ed3-227454c3f0cc ] Request (ServerDiskConfigTestJSON:test_rebuild_server_with_manual_disk_config): 200 GET http://10.180.1.21/compute/v2.1/servers/fbc0e22b-a3ac-4dfb-b842-0554676ae0d2 0.054s
2025-12-09 09:50:47.188 65504 INFO tempest.lib.common.rest_client [req-3dd177fa-a7b5-4588-bea4-83887df1353b req-3dd177fa-a7b5-4588-bea4-83887df1353b ] Request (VolumesAdminNegativeTest:tearDownClass): 200 GET http://10.180.1.21/compute/v2.1/servers/68beeb75-a481-4d34-a752-3de3d1df4ad4 0.057s
2025-12-09 09:50:47.267 65514 INFO tempest.lib.common.rest_client [req-6c1f6e10-e58f-4c30-bf93-8e12b9c97173 req-6c1f6e10-e58f-4c30-bf93-8e12b9c97173 ] Request (ListServerFiltersTestJSON:setUpClass): 200 GET http://10.180.1.21/compute/v2.1/servers/80e19ff4-2ed5-4361-b68e-7fa12928cd8a 0.100s
2025-12-09 09:50:47.294 65526 INFO tempest.lib.common.rest_client [req-ffab2f94-21f1-4ba8-a4b8-dc0b34bab848 req-ffab2f94-21f1-4ba8-a4b8-dc0b34bab848 ] Request (MigrationsAdminTest:test_resize_server_revert_deleted_flavor): 200 GET http://10.180.1.21/compute/v2.1/servers/96cae346-18e5-41f6-ac35-c67366617a5d 0.135s
2025-12-09 09:50:47.319 65490 INFO tempest.lib.common.rest_client [req-4838afda-b9f7-4a60-8231-980f0e359ea1 req-4838afda-b9f7-4a60-8231-980f0e359ea1 ] Request (InstanceActionsNegativeTestJSON:setUpClass): 200 GET http://10.180.1.21/compute/v2.1/servers/6ef51103-f387-4c86-99a4-82824ce2bb16 0.072s
2025-12-09 09:50:47.390 65488 INFO tempest.lib.common.rest_client [req-6b29caf9-ebae-4cce-a300-509ef4f54c87 req-6b29caf9-ebae-4cce-a300-509ef4f54c87 ] Request (ImagesOneServerNegativeTestJSON:setUpClass): 200 GET http://10.180.1.21/compute/v2.1/servers/2e07bb3c-3db0-4a8e-bd07-8cfdfeb20a35 0.067s
2025-12-09 09:50:47.412 65482 INFO tempest.lib.common.rest_client [req-369462b5-724a-4c53-a14f-4f3c1596be31 req-369462b5-724a-4c53-a14f-4f3c1596be31 ] Request (ImagesNegativeTestJSON:test_create_image_from_deleted_server): 200 GET http://10.180.1.21/compute/v2.1/servers/40bee384-6732-4d59-85e4-856e75648894 0.104s
2025-12-09 09:50:47.443 65510 INFO tempest.lib.common.rest_client [req-aa308660-678c-4b6b-b202-868975b33426 req-aa308660-678c-4b6b-b202-868975b33426 ] Request (ListServersNegativeTestJSON:setUpClass): 200 GET http://10.180.1.21/compute/v2.1/servers/6ccb1bd6-8393-4a56-b98f-721e98c83d42 0.071s
2025-12-09 09:50:47.514 65530 INFO tempest.lib.common.rest_client [req-4c702db3-576e-4f11-8072-b2aa171d733a req-4c702db3-576e-4f11-8072-b2aa171d733a ] Request (ServersTestMultiNic:_run_cleanups): 200 GET http://10.180.1.21/compute/v2.1/servers/cd15fbe1-f32f-4e5e-9a69-b53fba1b189d 0.067s
2025-12-09 09:50:47.535 65472 INFO tempest.lib.common.rest_client [req-842400a1-dbfe-40c0-a3d4-98f09ebd5ad0 req-842400a1-dbfe-40c0-a3d4-98f09ebd5ad0 ] Request (SecurityGroupsTestJSON:test_list_security_groups_by_server): 200 GET http://10.180.1.21/compute/v2.1/servers/6fd779d9-0150-49e8-bb4c-e83343b01c55 0.106s
2025-12-09 09:50:47.542 65472 INFO tempest.common.waiters [-] State transition "BUILD/block_device_mapping" ==> "BUILD/spawning" after 55 second wait
2025-12-09 09:50:47.568 65498 INFO tempest.lib.common.rest_client [req-416dbba5-114f-4174-b43f-d2a8329d1a95 req-416dbba5-114f-4174-b43f-d2a8329d1a95 ] Request (ImagesTestJSON:test_create_server_from_snapshot): 200 GET http://10.180.1.21/compute/v2.1/servers/0bfea838-a496-422b-a842-4aa17eb057fb 0.085s
2025-12-09 09:50:47.600 65532 INFO tempest.lib.common.rest_client [req-eb15baa4-4b6a-488e-b49f-553331a270e7 req-eb15baa4-4b6a-488e-b49f-553331a270e7 ] Request (ServersAdminTestJSON:tearDownClass): 200 GET http://10.180.1.21/compute/v2.1/servers/11c9d69e-582f-40a2-9d5a-97763b5db112 0.096s
2025-12-09 09:50:47.621 65480 INFO tempest.lib.common.rest_client [req-9a887042-b4a3-4340-baa5-81321e70a1c1 req-9a887042-b4a3-4340-baa5-81321e70a1c1 ] Request (ImagesOneServerTestJSON:setUpClass): 200 GET http://10.180.1.21/compute/v2.1/servers/c3029e70-888e-49c9-85b8-fe7525db76da 0.089s
2025-12-09 09:50:47.652 65528 INFO tempest.lib.common.rest_client [req-b2439afe-f6d0-401f-8982-583a732c24ee req-b2439afe-f6d0-401f-8982-583a732c24ee ] Request (ServerActionsTestOtherA:setUpClass): 200 GET http://10.180.1.21/compute/v2.1/servers/befad315-d547-44c8-a16a-1aedc5efa7e7 0.099s
2025-12-09 09:50:47.720 65486 INFO tempest.lib.common.rest_client [req-0043884c-c8b9-4a35-b6f0-e97b60170ede req-0043884c-c8b9-4a35-b6f0-e97b60170ede ] Request (ServerRescueNegativeTestJSON:test_rescued_vm_detach_volume): 200 GET http://10.180.1.21/compute/v2.1/servers/2e6d2073-2be7-4596-ae86-a5bd3e50ca55 0.135s
2025-12-09 09:50:47.745 65484 INFO tempest.lib.common.rest_client [req-e0a6375f-f49c-48c0-b55e-348d9b7fc7f3 req-e0a6375f-f49c-48c0-b55e-348d9b7fc7f3 ] Request (ServerMetadataNegativeTestJSON:tearDownClass): 200 GET http://10.180.1.21/compute/v2.1/servers/559aa898-6617-45f6-8be6-85e2b478c8a7 0.091s
2025-12-09 09:50:47.781 65492 INFO tempest.lib.common.rest_client [req-ec6995c4-ad01-4bd7-b585-8c410877cd7f req-ec6995c4-ad01-4bd7-b585-8c410877cd7f ] Request (ServersWithSpecificFlavorTestJSON:test_verify_created_server_ephemeral_disk): 200 GET http://10.180.1.21/compute/v2.1/servers/af37bf3c-6d6c-4ab9-86b4-556d8f669c30 0.053s
2025-12-09 09:50:47.847 65494 INFO tempest.lib.common.rest_client [req-696813e7-d884-49b5-8be9-5f9720f78313 req-696813e7-d884-49b5-8be9-5f9720f78313 ] Request (ServerShowV247Test:tearDownClass): 200 GET http://10.180.1.21/compute/v2.1/servers/aae8c1fe-a3e5-4dcd-8e9b-671d5204c5c1 0.060s
2025-12-09 09:50:47.894 65496 INFO tempest.lib.common.rest_client [req-e6a317cc-d2db-45d7-afd3-3a4f24d2189f req-e6a317cc-d2db-45d7-afd3-3a4f24d2189f ] Request (ServersListShow296Test:tearDownClass): 200 GET http://10.180.1.21/compute/v2.1/servers/11181332-af23-4e30-b246-41ab57ca066d 0.067s
2025-12-09 09:50:47.918 65522 INFO tempest.lib.common.rest_client [req-512a57f8-d53e-42d6-98b5-fbabda760650 req-512a57f8-d53e-42d6-98b5-fbabda760650 ] Request (ServerDiagnosticsTest:tearDownClass): 200 GET http://10.180.1.21/compute/v2.1/servers/8f7ea8dd-9e04-4425-981f-28a4b9c7139e 0.062s
2025-12-09 09:50:48.010 65516 INFO tempest.lib.common.rest_client [req-115b53df-55c5-4b53-bc53-b193ffcd69fd req-115b53df-55c5-4b53-bc53-b193ffcd69fd ] Request (ServerTagsTestJSON:setUpClass): 200 GET http://10.180.1.21/compute/v2.1/servers/62d494cf-b975-42b4-a9ef-6b98a77b7eab 0.052s
2025-12-09 09:50:48.103 65512 INFO tempest.lib.common.rest_client [req-d01a1fc0-f92d-4c1d-be95-0377d2b0228a req-d01a1fc0-f92d-4c1d-be95-0377d2b0228a ] Request (InstanceActionsV221TestJSON:test_get_list_deleted_instance_actions): 200 GET http://10.180.1.21/compute/v2.1/servers/79cb369a-8c29-4f29-81bd-574086cbe295 0.067s
2025-12-09 09:50:48.133 65478 INFO tempest.lib.common.rest_client [req-1dac3356-4f26-486a-bfa3-725612fd1d8c req-1dac3356-4f26-486a-bfa3-725612fd1d8c ] Request (ServerDiskConfigTestJSON:test_rebuild_server_with_manual_disk_config): 200 GET http://10.180.1.21/compute/v2.1/servers/fbc0e22b-a3ac-4dfb-b842-0554676ae0d2 0.055s
2025-12-09 09:50:48.258 65504 INFO tempest.lib.common.rest_client [req-005ec8b7-4edb-4ddd-b635-852981fcdda8 req-005ec8b7-4edb-4ddd-b635-852981fcdda8 ] Request (VolumesAdminNegativeTest:tearDownClass): 200 GET http://10.180.1.21/compute/v2.1/servers/68beeb75-a481-4d34-a752-3de3d1df4ad4 0.061s
2025-12-09 09:50:48.335 65514 INFO tempest.lib.common.rest_client [req-79e46715-87a6-493e-9d0f-65e45960e0ec req-79e46715-87a6-493e-9d0f-65e45960e0ec ] Request (ListServerFiltersTestJSON:setUpClass): 200 GET http://10.180.1.21/compute/v2.1/servers/80e19ff4-2ed5-4361-b68e-7fa12928cd8a 0.058s
2025-12-09 09:50:48.387 65490 INFO tempest.lib.common.rest_client [req-028c4f22-3c00-4053-bd84-a8660045b2fc req-028c4f22-3c00-4053-bd84-a8660045b2fc ] Request (InstanceActionsNegativeTestJSON:setUpClass): 200 GET http://10.180.1.21/compute/v2.1/servers/6ef51103-f387-4c86-99a4-82824ce2bb16 0.055s
2025-12-09 09:50:48.410 65526 INFO tempest.lib.common.rest_client [req-edcbfeec-d33c-466c-81a7-139be1f49e36 req-edcbfeec-d33c-466c-81a7-139be1f49e36 ] Request (MigrationsAdminTest:test_resize_server_revert_deleted_flavor): 200 GET http://10.180.1.21/compute/v2.1/servers/96cae346-18e5-41f6-ac35-c67366617a5d 0.108s
2025-12-09 09:50:48.449 65488 INFO tempest.lib.common.rest_client [req-a3a223e7-218c-46ab-a142-5588dd6ee3c4 req-a3a223e7-218c-46ab-a142-5588dd6ee3c4 ] Request (ImagesOneServerNegativeTestJSON:setUpClass): 200 GET http://10.180.1.21/compute/v2.1/servers/2e07bb3c-3db0-4a8e-bd07-8cfdfeb20a35 0.049s
2025-12-09 09:50:48.510 65510 INFO tempest.lib.common.rest_client [req-7b541cb4-6305-473e-8e46-d5202fe87e61 req-7b541cb4-6305-473e-8e46-d5202fe87e61 ] Request (ListServersNegativeTestJSON:setUpClass): 200 GET http://10.180.1.21/compute/v2.1/servers/6ccb1bd6-8393-4a56-b98f-721e98c83d42 0.058s
2025-12-09 09:50:48.511 65482 INFO tempest.lib.common.rest_client [req-a569b38e-8871-4dc5-aa68-7e3eb617cb36 req-a569b38e-8871-4dc5-aa68-7e3eb617cb36 ] Request (ImagesNegativeTestJSON:test_create_image_from_deleted_server): 200 GET http://10.180.1.21/compute/v2.1/servers/40bee384-6732-4d59-85e4-856e75648894 0.090s
2025-12-09 09:50:48.518 65482 INFO tempest.common.waiters [-] State transition "BUILD/spawning" ==> "ACTIVE/None" after 63 second wait
2025-12-09 09:50:48.576 65530 INFO tempest.lib.common.rest_client [req-19f0b5ac-c485-451b-9e1c-73a45c19d211 req-19f0b5ac-c485-451b-9e1c-73a45c19d211 ] Request (ServersTestMultiNic:_run_cleanups): 200 GET http://10.180.1.21/compute/v2.1/servers/cd15fbe1-f32f-4e5e-9a69-b53fba1b189d 0.053s
2025-12-09 09:50:48.585 65482 INFO tempest.lib.common.rest_client [req-be54435e-9a0c-4720-89ae-26956a3b08ea req-be54435e-9a0c-4720-89ae-26956a3b08ea ] Request (ImagesNegativeTestJSON:test_create_image_from_deleted_server): 204 DELETE http://10.180.1.21/compute/v2.1/servers/40bee384-6732-4d59-85e4-856e75648894 0.066s
2025-12-09 09:50:48.631 65498 INFO tempest.lib.common.rest_client [req-2a59e6b8-337b-42e8-a0e6-cfff0e5aaa30 req-2a59e6b8-337b-42e8-a0e6-cfff0e5aaa30 ] Request (ImagesTestJSON:test_create_server_from_snapshot): 200 GET http://10.180.1.21/compute/v2.1/servers/0bfea838-a496-422b-a842-4aa17eb057fb 0.054s
2025-12-09 09:50:48.702 65472 INFO tempest.lib.common.rest_client [req-d8847592-2eb8-4bee-85f2-6e591da6bf94 req-d8847592-2eb8-4bee-85f2-6e591da6bf94 ] Request (SecurityGroupsTestJSON:test_list_security_groups_by_server): 200 GET http://10.180.1.21/compute/v2.1/servers/6fd779d9-0150-49e8-bb4c-e83343b01c55 0.158s
2025-12-09 09:50:48.733 65482 INFO tempest.lib.common.rest_client [req-23b1ccfc-d0dd-43d7-a306-b72f7e284849 req-23b1ccfc-d0dd-43d7-a306-b72f7e284849 ] Request (ImagesNegativeTestJSON:test_create_image_from_deleted_server): 200 GET http://10.180.1.21/compute/v2.1/servers/40bee384-6732-4d59-85e4-856e75648894 0.148s
2025-12-09 09:50:48.766 65532 INFO tempest.lib.common.rest_client [req-70cdef9e-4461-4b1e-92e9-d29115f9b68f req-70cdef9e-4461-4b1e-92e9-d29115f9b68f ] Request (ServersAdminTestJSON:tearDownClass): 200 GET http://10.180.1.21/compute/v2.1/servers/11c9d69e-582f-40a2-9d5a-97763b5db112 0.158s
2025-12-09 09:50:48.783 65480 INFO tempest.lib.common.rest_client [req-1cc8f84c-cc56-4757-8d9e-8214b78f8636 req-1cc8f84c-cc56-4757-8d9e-8214b78f8636 ] Request (ImagesOneServerTestJSON:setUpClass): 200 GET http://10.180.1.21/compute/v2.1/servers/c3029e70-888e-49c9-85b8-fe7525db76da 0.149s
2025-12-09 09:50:48.815 65528 INFO tempest.lib.common.rest_client [req-a02510a9-09c6-4568-a937-3faec9dbc3fa req-a02510a9-09c6-4568-a937-3faec9dbc3fa ] Request (ServerActionsTestOtherA:setUpClass): 200 GET http://10.180.1.21/compute/v2.1/servers/befad315-d547-44c8-a16a-1aedc5efa7e7 0.155s
2025-12-09 09:50:48.834 65486 INFO tempest.lib.common.rest_client [req-be13e944-4228-495b-98f9-c57c10db260c req-be13e944-4228-495b-98f9-c57c10db260c ] Request (ServerRescueNegativeTestJSON:test_rescued_vm_detach_volume): 200 GET http://10.180.1.21/compute/v2.1/servers/2e6d2073-2be7-4596-ae86-a5bd3e50ca55 0.100s
2025-12-09 09:50:48.875 65484 INFO tempest.lib.common.rest_client [req-8d8af86c-7975-44ce-961c-caf903a5c510 req-8d8af86c-7975-44ce-961c-caf903a5c510 ] Request (ServerMetadataNegativeTestJSON:tearDownClass): 200 GET http://10.180.1.21/compute/v2.1/servers/559aa898-6617-45f6-8be6-85e2b478c8a7 0.123s
2025-12-09 09:50:48.890 65492 INFO tempest.lib.common.rest_client [req-669fc808-19b1-4225-9f07-043571250e7f req-669fc808-19b1-4225-9f07-043571250e7f ] Request (ServersWithSpecificFlavorTestJSON:test_verify_created_server_ephemeral_disk): 200 GET http://10.180.1.21/compute/v2.1/servers/af37bf3c-6d6c-4ab9-86b4-556d8f669c30 0.099s
2025-12-09 09:50:48.945 65494 INFO tempest.lib.common.rest_client [req-a8a3fb1f-415b-4a00-968e-8d9708068703 req-a8a3fb1f-415b-4a00-968e-8d9708068703 ] Request (ServerShowV247Test:tearDownClass): 200 GET http://10.180.1.21/compute/v2.1/servers/aae8c1fe-a3e5-4dcd-8e9b-671d5204c5c1 0.086s
2025-12-09 09:50:48.991 65496 INFO tempest.lib.common.rest_client [req-f756c364-4375-468f-ab63-cdc135514a84 req-f756c364-4375-468f-ab63-cdc135514a84 ] Request (ServersListShow296Test:tearDownClass): 200 GET http://10.180.1.21/compute/v2.1/servers/11181332-af23-4e30-b246-41ab57ca066d 0.085s
2025-12-09 09:50:49.029 65522 INFO tempest.lib.common.rest_client [req-b3f931aa-4baa-4ab5-bbfb-a5e9fae9ca53 req-b3f931aa-4baa-4ab5-bbfb-a5e9fae9ca53 ] Request (ServerDiagnosticsTest:tearDownClass): 200 GET http://10.180.1.21/compute/v2.1/servers/8f7ea8dd-9e04-4425-981f-28a4b9c7139e 0.102s
2025-12-09 09:50:49.076 65516 INFO tempest.lib.common.rest_client [req-74f0c243-2bbf-4d70-80e7-01bd657461ba req-74f0c243-2bbf-4d70-80e7-01bd657461ba ] Request (ServerTagsTestJSON:setUpClass): 200 GET http://10.180.1.21/compute/v2.1/servers/62d494cf-b975-42b4-a9ef-6b98a77b7eab 0.055s
2025-12-09 09:50:49.171 65512 INFO tempest.lib.common.rest_client [req-5dfdd474-f590-4a3b-b660-e07fb9b479da req-5dfdd474-f590-4a3b-b660-e07fb9b479da ] Request (InstanceActionsV221TestJSON:test_get_list_deleted_instance_actions): 200 GET http://10.180.1.21/compute/v2.1/servers/79cb369a-8c29-4f29-81bd-574086cbe295 0.057s
2025-12-09 09:50:49.187 65478 INFO tempest.lib.common.rest_client [req-ff0360e7-69af-4fa6-816a-ec791b4a25ea req-ff0360e7-69af-4fa6-816a-ec791b4a25ea ] Request (ServerDiskConfigTestJSON:test_rebuild_server_with_manual_disk_config): 200 GET http://10.180.1.21/compute/v2.1/servers/fbc0e22b-a3ac-4dfb-b842-0554676ae0d2 0.045s
2025-12-09 09:50:49.318 65504 INFO tempest.lib.common.rest_client [req-08d499c5-8df9-444c-b676-470ca98a03a6 req-08d499c5-8df9-444c-b676-470ca98a03a6 ] Request (VolumesAdminNegativeTest:tearDownClass): 200 GET http://10.180.1.21/compute/v2.1/servers/68beeb75-a481-4d34-a752-3de3d1df4ad4 0.052s
2025-12-09 09:50:49.365 65474 WARNING tempest.lib.common.ssh [-] Failed to establish authenticated ssh connection to cirros@10.180.180.223 ([Errno None] Unable to connect to port 22 on 10.180.180.223). Number attempts: 2. Retry after 3 seconds.: paramiko.ssh_exception.NoValidConnectionsError: [Errno None] Unable to connect to port 22 on 10.180.180.223
2025-12-09 09:50:49.393 65514 INFO tempest.lib.common.rest_client [req-0f3d4b54-3aaa-4679-9730-a5da5682da42 req-0f3d4b54-3aaa-4679-9730-a5da5682da42 ] Request (ListServerFiltersTestJSON:setUpClass): 200 GET http://10.180.1.21/compute/v2.1/servers/80e19ff4-2ed5-4361-b68e-7fa12928cd8a 0.049s
2025-12-09 09:50:49.448 65490 INFO tempest.lib.common.rest_client [req-cde512b6-3ec8-4c56-8a5e-4accfeac278f req-cde512b6-3ec8-4c56-8a5e-4accfeac278f ] Request (InstanceActionsNegativeTestJSON:setUpClass): 200 GET http://10.180.1.21/compute/v2.1/servers/6ef51103-f387-4c86-99a4-82824ce2bb16 0.054s
2025-12-09 09:50:49.505 65488 INFO tempest.lib.common.rest_client [req-09afdf90-fe09-472d-b24e-6f4ffd082c29 req-09afdf90-fe09-472d-b24e-6f4ffd082c29 ] Request (ImagesOneServerNegativeTestJSON:setUpClass): 200 GET http://10.180.1.21/compute/v2.1/servers/2e07bb3c-3db0-4a8e-bd07-8cfdfeb20a35 0.048s
2025-12-09 09:50:49.515 65526 INFO tempest.lib.common.rest_client [req-352b6040-c646-43cd-96f9-2c95e92ee865 req-352b6040-c646-43cd-96f9-2c95e92ee865 ] Request (MigrationsAdminTest:test_resize_server_revert_deleted_flavor): 200 GET http://10.180.1.21/compute/v2.1/servers/96cae346-18e5-41f6-ac35-c67366617a5d 0.096s
2025-12-09 09:50:49.578 65510 INFO tempest.lib.common.rest_client [req-0fcfd667-ce8c-42a6-84b8-e234f0200f9c req-0fcfd667-ce8c-42a6-84b8-e234f0200f9c ] Request (ListServersNegativeTestJSON:setUpClass): 200 GET http://10.180.1.21/compute/v2.1/servers/6ccb1bd6-8393-4a56-b98f-721e98c83d42 0.060s
2025-12-09 09:50:49.650 65530 INFO tempest.lib.common.rest_client [req-23a610cd-d2a6-4acb-adfa-10a486f6bb78 req-23a610cd-d2a6-4acb-adfa-10a486f6bb78 ] Request (ServersTestMultiNic:_run_cleanups): 200 GET http://10.180.1.21/compute/v2.1/servers/cd15fbe1-f32f-4e5e-9a69-b53fba1b189d 0.065s
2025-12-09 09:50:49.710 65498 INFO tempest.lib.common.rest_client [req-6ede1afb-05fe-4feb-9ebc-79128cdc0f86 req-6ede1afb-05fe-4feb-9ebc-79128cdc0f86 ] Request (ImagesTestJSON:test_create_server_from_snapshot): 200 GET http://10.180.1.21/compute/v2.1/servers/0bfea838-a496-422b-a842-4aa17eb057fb 0.069s
2025-12-09 09:50:49.879 65472 INFO tempest.lib.common.rest_client [req-10a97969-d262-4ea8-ad2a-357fa131d5ba req-10a97969-d262-4ea8-ad2a-357fa131d5ba ] Request (SecurityGroupsTestJSON:test_list_security_groups_by_server): 200 GET http://10.180.1.21/compute/v2.1/servers/6fd779d9-0150-49e8-bb4c-e83343b01c55 0.169s
2025-12-09 09:50:49.902 65482 INFO tempest.lib.common.rest_client [req-f6998731-8269-4f6f-b9df-75e2a73ed02d req-f6998731-8269-4f6f-b9df-75e2a73ed02d ] Request (ImagesNegativeTestJSON:test_create_image_from_deleted_server): 200 GET http://10.180.1.21/compute/v2.1/servers/40bee384-6732-4d59-85e4-856e75648894 0.160s
2025-12-09 09:50:49.960 65532 INFO tempest.lib.common.rest_client [req-df656447-8f95-47f3-97b9-d78bbd69a39e req-df656447-8f95-47f3-97b9-d78bbd69a39e ] Request (ServersAdminTestJSON:tearDownClass): 200 GET http://10.180.1.21/compute/v2.1/servers/11c9d69e-582f-40a2-9d5a-97763b5db112 0.187s
2025-12-09 09:50:49.984 65480 INFO tempest.lib.common.rest_client [req-3971c2f2-9bb4-4ed8-bdcf-1c495ed3fdc2 req-3971c2f2-9bb4-4ed8-bdcf-1c495ed3fdc2 ] Request (ImagesOneServerTestJSON:setUpClass): 200 GET http://10.180.1.21/compute/v2.1/servers/c3029e70-888e-49c9-85b8-fe7525db76da 0.190s
2025-12-09 09:50:50.050 65486 INFO tempest.lib.common.rest_client [req-5bf36deb-577e-49c6-8fc1-7261d91b92b1 req-5bf36deb-577e-49c6-8fc1-7261d91b92b1 ] Request (ServerRescueNegativeTestJSON:test_rescued_vm_detach_volume): 200 GET http://10.180.1.21/compute/v2.1/servers/2e6d2073-2be7-4596-ae86-a5bd3e50ca55 0.208s
2025-12-09 09:50:50.078 65528 INFO tempest.lib.common.rest_client [req-4c14d92d-6564-4964-aa7a-036562f9fe30 req-4c14d92d-6564-4964-aa7a-036562f9fe30 ] Request (ServerActionsTestOtherA:setUpClass): 200 GET http://10.180.1.21/compute/v2.1/servers/befad315-d547-44c8-a16a-1aedc5efa7e7 0.253s
2025-12-09 09:50:50.087 65528 INFO tempest.common.waiters [-] State transition "BUILD/None" ==> "BUILD/block_device_mapping" after 54 second wait
2025-12-09 09:50:50.114 65484 INFO tempest.lib.common.rest_client [req-dad4d4fa-9ed3-4fc4-a0ea-b670b4699fb2 req-dad4d4fa-9ed3-4fc4-a0ea-b670b4699fb2 ] Request (ServerMetadataNegativeTestJSON:tearDownClass): 200 GET http://10.180.1.21/compute/v2.1/servers/559aa898-6617-45f6-8be6-85e2b478c8a7 0.232s
2025-12-09 09:50:50.133 65492 INFO tempest.lib.common.rest_client [req-b2956893-1b88-4ed8-93f6-041c945ccc7d req-b2956893-1b88-4ed8-93f6-041c945ccc7d ] Request (ServersWithSpecificFlavorTestJSON:test_verify_created_server_ephemeral_disk): 200 GET http://10.180.1.21/compute/v2.1/servers/af37bf3c-6d6c-4ab9-86b4-556d8f669c30 0.233s
2025-12-09 09:50:50.170 65494 INFO tempest.lib.common.rest_client [req-8c6185b5-38c5-4138-8392-42ffa840e0b3 req-8c6185b5-38c5-4138-8392-42ffa840e0b3 ] Request (ServerShowV247Test:tearDownClass): 200 GET http://10.180.1.21/compute/v2.1/servers/aae8c1fe-a3e5-4dcd-8e9b-671d5204c5c1 0.215s
2025-12-09 09:50:50.193 65496 INFO tempest.lib.common.rest_client [req-a236a384-c45c-4a82-94e8-ba1c85643554 req-a236a384-c45c-4a82-94e8-ba1c85643554 ] Request (ServersListShow296Test:tearDownClass): 200 GET http://10.180.1.21/compute/v2.1/servers/11181332-af23-4e30-b246-41ab57ca066d 0.191s
2025-12-09 09:50:50.246 65522 INFO tempest.lib.common.rest_client [req-a7482005-72d2-4161-bc50-30509e090580 req-a7482005-72d2-4161-bc50-30509e090580 ] Request (ServerDiagnosticsTest:tearDownClass): 200 GET http://10.180.1.21/compute/v2.1/servers/8f7ea8dd-9e04-4425-981f-28a4b9c7139e 0.207s
2025-12-09 09:50:50.261 65516 INFO tempest.lib.common.rest_client [req-88dd2c56-ca61-441b-98a0-d831ed08659c req-88dd2c56-ca61-441b-98a0-d831ed08659c ] Request (ServerTagsTestJSON:setUpClass): 200 GET http://10.180.1.21/compute/v2.1/servers/62d494cf-b975-42b4-a9ef-6b98a77b7eab 0.175s
2025-12-09 09:50:50.271 65516 INFO tempest.common.waiters [-] State transition "BUILD/scheduling" ==> "BUILD/None" after 12 second wait
2025-12-09 09:50:50.317 65512 INFO tempest.lib.common.rest_client [req-26cdf107-89c5-4b0d-9c3f-db7668ed8918 req-26cdf107-89c5-4b0d-9c3f-db7668ed8918 ] Request (InstanceActionsV221TestJSON:test_get_list_deleted_instance_actions): 200 GET http://10.180.1.21/compute/v2.1/servers/79cb369a-8c29-4f29-81bd-574086cbe295 0.137s
2025-12-09 09:50:50.332 65478 INFO tempest.lib.common.rest_client [req-6e6dcf36-136a-4105-b809-c12f60dc68fe req-6e6dcf36-136a-4105-b809-c12f60dc68fe ] Request (ServerDiskConfigTestJSON:test_rebuild_server_with_manual_disk_config): 200 GET http://10.180.1.21/compute/v2.1/servers/fbc0e22b-a3ac-4dfb-b842-0554676ae0d2 0.136s
2025-12-09 09:50:50.401 65504 INFO tempest.lib.common.rest_client [req-cef71945-1984-4299-8668-22869d048217 req-cef71945-1984-4299-8668-22869d048217 ] Request (VolumesAdminNegativeTest:tearDownClass): 200 GET http://10.180.1.21/compute/v2.1/servers/68beeb75-a481-4d34-a752-3de3d1df4ad4 0.074s
2025-12-09 09:50:50.486 65514 INFO tempest.lib.common.rest_client [req-84c4f21e-eef0-4607-92de-e98539f453d3 req-84c4f21e-eef0-4607-92de-e98539f453d3 ] Request (ListServerFiltersTestJSON:setUpClass): 200 GET http://10.180.1.21/compute/v2.1/servers/80e19ff4-2ed5-4361-b68e-7fa12928cd8a 0.085s
2025-12-09 09:50:50.525 65490 INFO tempest.lib.common.rest_client [req-815f3840-b6eb-4fe1-8560-8a801deb4032 req-815f3840-b6eb-4fe1-8560-8a801deb4032 ] Request (InstanceActionsNegativeTestJSON:setUpClass): 200 GET http://10.180.1.21/compute/v2.1/servers/6ef51103-f387-4c86-99a4-82824ce2bb16 0.068s
2025-12-09 09:50:50.568 65488 INFO tempest.lib.common.rest_client [req-fabff94f-9bde-40ef-9418-45ce44507ebe req-fabff94f-9bde-40ef-9418-45ce44507ebe ] Request (ImagesOneServerNegativeTestJSON:setUpClass): 200 GET http://10.180.1.21/compute/v2.1/servers/2e07bb3c-3db0-4a8e-bd07-8cfdfeb20a35 0.054s
2025-12-09 09:50:50.627 65526 INFO tempest.lib.common.rest_client [req-1bc19241-f4e4-4814-b1cc-67179714536d req-1bc19241-f4e4-4814-b1cc-67179714536d ] Request (MigrationsAdminTest:test_resize_server_revert_deleted_flavor): 200 GET http://10.180.1.21/compute/v2.1/servers/96cae346-18e5-41f6-ac35-c67366617a5d 0.104s
2025-12-09 09:50:50.638 65526 INFO tempest.common.waiters [-] State transition "RESIZE/resize_migrating" ==> "RESIZE/resize_migrated" after 54 second wait
2025-12-09 09:50:50.653 65510 INFO tempest.lib.common.rest_client [req-28fb3937-7637-4abf-a0a8-5e1da09a6cc5 req-28fb3937-7637-4abf-a0a8-5e1da09a6cc5 ] Request (ListServersNegativeTestJSON:setUpClass): 200 GET http://10.180.1.21/compute/v2.1/servers/6ccb1bd6-8393-4a56-b98f-721e98c83d42 0.067s
2025-12-09 09:50:50.732 65530 INFO tempest.lib.common.rest_client [req-40276b57-927b-4574-a085-49e6581a12ae req-40276b57-927b-4574-a085-49e6581a12ae ] Request (ServersTestMultiNic:_run_cleanups): 200 GET http://10.180.1.21/compute/v2.1/servers/cd15fbe1-f32f-4e5e-9a69-b53fba1b189d 0.072s
2025-12-09 09:50:50.773 65498 INFO tempest.lib.common.rest_client [req-c2b14998-55bd-4f2a-8cd3-2587935e154b req-c2b14998-55bd-4f2a-8cd3-2587935e154b ] Request (ImagesTestJSON:test_create_server_from_snapshot): 200 GET http://10.180.1.21/compute/v2.1/servers/0bfea838-a496-422b-a842-4aa17eb057fb 0.054s
2025-12-09 09:50:51.234 65482 INFO tempest.lib.common.rest_client [req-ec24db8e-a992-4a4d-917c-05e13d612b44 req-ec24db8e-a992-4a4d-917c-05e13d612b44 ] Request (ImagesNegativeTestJSON:test_create_image_from_deleted_server): 200 GET http://10.180.1.21/compute/v2.1/servers/40bee384-6732-4d59-85e4-856e75648894 0.323s
2025-12-09 09:50:51.273 65472 INFO tempest.lib.common.rest_client [req-103d395b-79c6-4b7d-9095-db94389ac7a1 req-103d395b-79c6-4b7d-9095-db94389ac7a1 ] Request (SecurityGroupsTestJSON:test_list_security_groups_by_server): 200 GET http://10.180.1.21/compute/v2.1/servers/6fd779d9-0150-49e8-bb4c-e83343b01c55 0.385s
2025-12-09 09:50:51.314 65532 INFO tempest.lib.common.rest_client [req-b20cd544-d59e-4c4b-a5dd-609e35a3b37f req-b20cd544-d59e-4c4b-a5dd-609e35a3b37f ] Request (ServersAdminTestJSON:tearDownClass): 200 GET http://10.180.1.21/compute/v2.1/servers/11c9d69e-582f-40a2-9d5a-97763b5db112 0.346s
2025-12-09 09:50:51.339 65480 INFO tempest.lib.common.rest_client [req-89c12fab-dac8-41f3-a6e4-478fda777d5d req-89c12fab-dac8-41f3-a6e4-478fda777d5d ] Request (ImagesOneServerTestJSON:setUpClass): 200 GET http://10.180.1.21/compute/v2.1/servers/c3029e70-888e-49c9-85b8-fe7525db76da 0.346s
2025-12-09 09:50:51.369 65486 INFO tempest.lib.common.rest_client [req-292b026a-2dd1-46f4-8f60-8a06ea771beb req-292b026a-2dd1-46f4-8f60-8a06ea771beb ] Request (ServerRescueNegativeTestJSON:test_rescued_vm_detach_volume): 200 GET http://10.180.1.21/compute/v2.1/servers/2e6d2073-2be7-4596-ae86-a5bd3e50ca55 0.312s
2025-12-09 09:50:51.442 65528 INFO tempest.lib.common.rest_client [req-1e64f86e-1fd7-460e-8f94-57e8338cb1de req-1e64f86e-1fd7-460e-8f94-57e8338cb1de ] Request (ServerActionsTestOtherA:setUpClass): 200 GET http://10.180.1.21/compute/v2.1/servers/befad315-d547-44c8-a16a-1aedc5efa7e7 0.354s
2025-12-09 09:50:51.453 65528 INFO tempest.common.waiters [-] State transition "BUILD/block_device_mapping" ==> "BUILD/spawning" after 55 second wait
2025-12-09 09:50:51.464 65484 INFO tempest.lib.common.rest_client [req-138a05a6-7e0a-42c6-a779-280155ecb56d req-138a05a6-7e0a-42c6-a779-280155ecb56d ] Request (ServerMetadataNegativeTestJSON:tearDownClass): 200 GET http://10.180.1.21/compute/v2.1/servers/559aa898-6617-45f6-8be6-85e2b478c8a7 0.342s
2025-12-09 09:50:51.495 65492 INFO tempest.lib.common.rest_client [req-01fc6fd1-2f9d-46ed-a8bf-1d24da9d0a5c req-01fc6fd1-2f9d-46ed-a8bf-1d24da9d0a5c ] Request (ServersWithSpecificFlavorTestJSON:test_verify_created_server_ephemeral_disk): 200 GET http://10.180.1.21/compute/v2.1/servers/af37bf3c-6d6c-4ab9-86b4-556d8f669c30 0.353s
2025-12-09 09:50:51.570 65494 INFO tempest.lib.common.rest_client [req-a68d0c80-4f85-4200-8538-aebf9ff95922 req-a68d0c80-4f85-4200-8538-aebf9ff95922 ] Request (ServerShowV247Test:tearDownClass): 200 GET http://10.180.1.21/compute/v2.1/servers/aae8c1fe-a3e5-4dcd-8e9b-671d5204c5c1 0.390s
2025-12-09 09:50:51.571 65496 INFO tempest.lib.common.rest_client [req-5a843bd4-9d00-4740-b18f-9bc1e8aa73ce req-5a843bd4-9d00-4740-b18f-9bc1e8aa73ce ] Request (ServersListShow296Test:tearDownClass): 200 GET http://10.180.1.21/compute/v2.1/servers/11181332-af23-4e30-b246-41ab57ca066d 0.367s
2025-12-09 09:50:51.632 65516 INFO tempest.lib.common.rest_client [req-88c6c3ef-12d7-49e4-9035-a19b0c29d791 req-88c6c3ef-12d7-49e4-9035-a19b0c29d791 ] Request (ServerTagsTestJSON:setUpClass): 200 GET http://10.180.1.21/compute/v2.1/servers/62d494cf-b975-42b4-a9ef-6b98a77b7eab 0.360s
2025-12-09 09:50:51.648 65522 INFO tempest.lib.common.rest_client [req-89c395c5-280e-497a-aa77-887b32a28694 req-89c395c5-280e-497a-aa77-887b32a28694 ] Request (ServerDiagnosticsTest:tearDownClass): 200 GET http://10.180.1.21/compute/v2.1/servers/8f7ea8dd-9e04-4425-981f-28a4b9c7139e 0.393s
2025-12-09 09:50:51.731 65478 INFO tempest.lib.common.rest_client [req-b28cebf7-a465-415e-8987-a878d84445b1 req-b28cebf7-a465-415e-8987-a878d84445b1 ] Request (ServerDiskConfigTestJSON:test_rebuild_server_with_manual_disk_config): 200 GET http://10.180.1.21/compute/v2.1/servers/fbc0e22b-a3ac-4dfb-b842-0554676ae0d2 0.388s
2025-12-09 09:50:51.738 65512 INFO tempest.lib.common.rest_client [req-aa673b39-e1f7-4dcb-a9dd-d46696da75cb req-aa673b39-e1f7-4dcb-a9dd-d46696da75cb ] Request (InstanceActionsV221TestJSON:test_get_list_deleted_instance_actions): 200 GET http://10.180.1.21/compute/v2.1/servers/79cb369a-8c29-4f29-81bd-574086cbe295 0.407s
2025-12-09 09:50:51.794 65514 INFO tempest.lib.common.rest_client [req-70ee6929-ebf8-4f55-b5f8-160ba96d290b req-70ee6929-ebf8-4f55-b5f8-160ba96d290b ] Request (ListServerFiltersTestJSON:setUpClass): 200 GET http://10.180.1.21/compute/v2.1/servers/80e19ff4-2ed5-4361-b68e-7fa12928cd8a 0.301s
2025-12-09 09:50:51.809 65504 INFO tempest.lib.common.rest_client [req-15e587ea-f6dc-4726-a556-92ed5749e3de req-15e587ea-f6dc-4726-a556-92ed5749e3de ] Request (VolumesAdminNegativeTest:tearDownClass): 200 GET http://10.180.1.21/compute/v2.1/servers/68beeb75-a481-4d34-a752-3de3d1df4ad4 0.397s
2025-12-09 09:50:51.848 65490 INFO tempest.lib.common.rest_client [req-0aa329cf-c74f-4b21-9e76-f1958808dae7 req-0aa329cf-c74f-4b21-9e76-f1958808dae7 ] Request (InstanceActionsNegativeTestJSON:setUpClass): 200 GET http://10.180.1.21/compute/v2.1/servers/6ef51103-f387-4c86-99a4-82824ce2bb16 0.315s
2025-12-09 09:50:51.867 65488 INFO tempest.lib.common.rest_client [req-9afb5d99-71b0-4546-9813-94a8fb589464 req-9afb5d99-71b0-4546-9813-94a8fb589464 ] Request (ImagesOneServerNegativeTestJSON:setUpClass): 200 GET http://10.180.1.21/compute/v2.1/servers/2e07bb3c-3db0-4a8e-bd07-8cfdfeb20a35 0.290s
2025-12-09 09:50:51.933 65510 INFO tempest.lib.common.rest_client [req-32c14984-e27e-4191-bbc3-ce30c83ca53e req-32c14984-e27e-4191-bbc3-ce30c83ca53e ] Request (ListServersNegativeTestJSON:setUpClass): 200 GET http://10.180.1.21/compute/v2.1/servers/6ccb1bd6-8393-4a56-b98f-721e98c83d42 0.270s
2025-12-09 09:50:51.978 65526 INFO tempest.lib.common.rest_client [req-2155645a-3ee0-4ae5-ba6b-d5e92ab54b7c req-2155645a-3ee0-4ae5-ba6b-d5e92ab54b7c ] Request (MigrationsAdminTest:test_resize_server_revert_deleted_flavor): 200 GET http://10.180.1.21/compute/v2.1/servers/96cae346-18e5-41f6-ac35-c67366617a5d 0.338s
2025-12-09 09:50:52.018 65530 INFO tempest.lib.common.rest_client [req-2d86ca3f-3a65-4cf6-9e04-57469d76646c req-2d86ca3f-3a65-4cf6-9e04-57469d76646c ] Request (ServersTestMultiNic:_run_cleanups): 200 GET http://10.180.1.21/compute/v2.1/servers/cd15fbe1-f32f-4e5e-9a69-b53fba1b189d 0.276s
2025-12-09 09:50:52.028 65498 INFO tempest.lib.common.rest_client [req-93937b28-b913-4c5e-8d30-8f56de385f38 req-93937b28-b913-4c5e-8d30-8f56de385f38 ] Request (ImagesTestJSON:test_create_server_from_snapshot): 200 GET http://10.180.1.21/compute/v2.1/servers/0bfea838-a496-422b-a842-4aa17eb057fb 0.247s
2025-12-09 09:50:52.316 65482 INFO tempest.lib.common.rest_client [req-084f37d5-9864-4c79-976d-2b2d662be46e req-084f37d5-9864-4c79-976d-2b2d662be46e ] Request (ImagesNegativeTestJSON:test_create_image_from_deleted_server): 200 GET http://10.180.1.21/compute/v2.1/servers/40bee384-6732-4d59-85e4-856e75648894 0.071s
2025-12-09 09:50:52.323 65482 INFO tempest.common.waiters [-] State transition "ACTIVE/deleting" ==> "DELETED/None" after 4 second wait
2025-12-09 09:50:52.380 65472 INFO tempest.lib.common.rest_client [req-b546cfb7-33d3-422a-9425-9eebf52158c6 req-b546cfb7-33d3-422a-9425-9eebf52158c6 ] Request (SecurityGroupsTestJSON:test_list_security_groups_by_server): 200 GET http://10.180.1.21/compute/v2.1/servers/6fd779d9-0150-49e8-bb4c-e83343b01c55 0.099s
2025-12-09 09:50:52.395 65532 INFO tempest.lib.common.rest_client [req-084a5853-cc47-4299-a32c-11fa65613494 req-084a5853-cc47-4299-a32c-11fa65613494 ] Request (ServersAdminTestJSON:tearDownClass): 200 GET http://10.180.1.21/compute/v2.1/servers/11c9d69e-582f-40a2-9d5a-97763b5db112 0.065s
2025-12-09 09:50:52.433 65480 INFO tempest.lib.common.rest_client [req-e39d3058-f8fb-4450-87ba-5937cfbbc8a5 req-e39d3058-f8fb-4450-87ba-5937cfbbc8a5 ] Request (ImagesOneServerTestJSON:setUpClass): 200 GET http://10.180.1.21/compute/v2.1/servers/c3029e70-888e-49c9-85b8-fe7525db76da 0.086s
2025-12-09 09:50:52.445 65486 INFO tempest.lib.common.rest_client [req-69055289-f2c9-484e-8465-2fc2a881bf9e req-69055289-f2c9-484e-8465-2fc2a881bf9e ] Request (ServerRescueNegativeTestJSON:test_rescued_vm_detach_volume): 200 GET http://10.180.1.21/compute/v2.1/servers/2e6d2073-2be7-4596-ae86-a5bd3e50ca55 0.061s
2025-12-09 09:50:52.546 65484 INFO tempest.lib.common.rest_client [req-2adf25c8-4e13-4daa-af1c-3040d238c732 req-2adf25c8-4e13-4daa-af1c-3040d238c732 ] Request (ServerMetadataNegativeTestJSON:tearDownClass): 200 GET http://10.180.1.21/compute/v2.1/servers/559aa898-6617-45f6-8be6-85e2b478c8a7 0.073s
2025-12-09 09:50:52.587 65528 INFO tempest.lib.common.rest_client [req-73e5b6bf-21d8-484b-8739-746e3ddc57ba req-73e5b6bf-21d8-484b-8739-746e3ddc57ba ] Request (ServerActionsTestOtherA:setUpClass): 200 GET http://10.180.1.21/compute/v2.1/servers/befad315-d547-44c8-a16a-1aedc5efa7e7 0.132s
2025-12-09 09:50:52.604 65492 INFO tempest.lib.common.rest_client [req-f8d00153-81a7-43a9-8209-d83f1aa2de4b req-f8d00153-81a7-43a9-8209-d83f1aa2de4b ] Request (ServersWithSpecificFlavorTestJSON:test_verify_created_server_ephemeral_disk): 200 GET http://10.180.1.21/compute/v2.1/servers/af37bf3c-6d6c-4ab9-86b4-556d8f669c30 0.099s
2025-12-09 09:50:52.654 65494 INFO tempest.lib.common.rest_client [req-0b51d3a9-7028-41ae-b32a-e92303d764c2 req-0b51d3a9-7028-41ae-b32a-e92303d764c2 ] Request (ServerShowV247Test:tearDownClass): 200 GET http://10.180.1.21/compute/v2.1/servers/aae8c1fe-a3e5-4dcd-8e9b-671d5204c5c1 0.074s
2025-12-09 09:50:52.676 65496 INFO tempest.lib.common.rest_client [req-c20be1d5-09c1-4f2a-bdde-863dc9492fc5 req-c20be1d5-09c1-4f2a-bdde-863dc9492fc5 ] Request (ServersListShow296Test:tearDownClass): 200 GET http://10.180.1.21/compute/v2.1/servers/11181332-af23-4e30-b246-41ab57ca066d 0.094s
2025-12-09 09:50:52.705 65516 INFO tempest.lib.common.rest_client [req-0539f5a2-a626-4a6a-84ab-d92f7d5301b4 req-0539f5a2-a626-4a6a-84ab-d92f7d5301b4 ] Request (ServerTagsTestJSON:setUpClass): 200 GET http://10.180.1.21/compute/v2.1/servers/62d494cf-b975-42b4-a9ef-6b98a77b7eab 0.057s
2025-12-09 09:50:52.730 65522 INFO tempest.lib.common.rest_client [req-35a416bb-b834-4963-8989-eaa258a4100a req-35a416bb-b834-4963-8989-eaa258a4100a ] Request (ServerDiagnosticsTest:tearDownClass): 200 GET http://10.180.1.21/compute/v2.1/servers/8f7ea8dd-9e04-4425-981f-28a4b9c7139e 0.073s
2025-12-09 09:50:52.800 65478 INFO tempest.lib.common.rest_client [req-85288f2a-eb36-4a07-a57f-6a7f8452dc64 req-85288f2a-eb36-4a07-a57f-6a7f8452dc64 ] Request (ServerDiskConfigTestJSON:test_rebuild_server_with_manual_disk_config): 200 GET http://10.180.1.21/compute/v2.1/servers/fbc0e22b-a3ac-4dfb-b842-0554676ae0d2 0.056s
2025-12-09 09:50:52.809 65512 INFO tempest.lib.common.rest_client [req-fc401f3a-49a7-4858-9ec0-b0b33e715a61 req-fc401f3a-49a7-4858-9ec0-b0b33e715a61 ] Request (InstanceActionsV221TestJSON:test_get_list_deleted_instance_actions): 200 GET http://10.180.1.21/compute/v2.1/servers/79cb369a-8c29-4f29-81bd-574086cbe295 0.061s
2025-12-09 09:50:52.853 65514 INFO tempest.lib.common.rest_client [req-573eb2dc-b9a7-479b-be0e-18a989db6dd7 req-573eb2dc-b9a7-479b-be0e-18a989db6dd7 ] Request (ListServerFiltersTestJSON:setUpClass): 200 GET http://10.180.1.21/compute/v2.1/servers/80e19ff4-2ed5-4361-b68e-7fa12928cd8a 0.049s
2025-12-09 09:50:52.876 65504 INFO tempest.lib.common.rest_client [req-4dd411f7-15e6-4d55-8283-bcca62c12dbc req-4dd411f7-15e6-4d55-8283-bcca62c12dbc ] Request (VolumesAdminNegativeTest:tearDownClass): 200 GET http://10.180.1.21/compute/v2.1/servers/68beeb75-a481-4d34-a752-3de3d1df4ad4 0.056s
2025-12-09 09:50:52.907 65490 INFO tempest.lib.common.rest_client [req-0a2f91e9-e129-48bd-a068-38331a37b649 req-0a2f91e9-e129-48bd-a068-38331a37b649 ] Request (InstanceActionsNegativeTestJSON:setUpClass): 200 GET http://10.180.1.21/compute/v2.1/servers/6ef51103-f387-4c86-99a4-82824ce2bb16 0.051s
2025-12-09 09:50:52.927 65488 INFO tempest.lib.common.rest_client [req-680f67f1-bca9-4422-8e1d-397e4cb4a0c2 req-680f67f1-bca9-4422-8e1d-397e4cb4a0c2 ] Request (ImagesOneServerNegativeTestJSON:setUpClass): 200 GET http://10.180.1.21/compute/v2.1/servers/2e07bb3c-3db0-4a8e-bd07-8cfdfeb20a35 0.051s
2025-12-09 09:50:53.000 65510 INFO tempest.lib.common.rest_client [req-d54002c8-1e8b-423d-b2e6-bca22d3c5304 req-d54002c8-1e8b-423d-b2e6-bca22d3c5304 ] Request (ListServersNegativeTestJSON:setUpClass): 200 GET http://10.180.1.21/compute/v2.1/servers/6ccb1bd6-8393-4a56-b98f-721e98c83d42 0.058s
2025-12-09 09:50:53.086 65530 INFO tempest.lib.common.rest_client [req-caec71d7-fc56-494a-aa14-b026e62bfa56 req-caec71d7-fc56-494a-aa14-b026e62bfa56 ] Request (ServersTestMultiNic:_run_cleanups): 200 GET http://10.180.1.21/compute/v2.1/servers/cd15fbe1-f32f-4e5e-9a69-b53fba1b189d 0.058s
2025-12-09 09:50:53.124 65526 INFO tempest.lib.common.rest_client [req-23317c91-0fbd-40aa-b156-1e10fba80463 req-23317c91-0fbd-40aa-b156-1e10fba80463 ] Request (MigrationsAdminTest:test_resize_server_revert_deleted_flavor): 200 GET http://10.180.1.21/compute/v2.1/servers/96cae346-18e5-41f6-ac35-c67366617a5d 0.136s
2025-12-09 09:50:53.132 65526 INFO tempest.common.waiters [-] State transition "RESIZE/resize_migrated" ==> "RESIZE/resize_finish" after 57 second wait
2025-12-09 09:50:53.139 65498 INFO tempest.lib.common.rest_client [req-49f725be-356b-4d55-b270-41f4c9e43bc2 req-49f725be-356b-4d55-b270-41f4c9e43bc2 ] Request (ImagesTestJSON:test_create_server_from_snapshot): 200 GET http://10.180.1.21/compute/v2.1/servers/0bfea838-a496-422b-a842-4aa17eb057fb 0.103s
2025-12-09 09:50:53.384 65482 INFO tempest.lib.common.rest_client [req-8c4e0e92-24f6-4bb6-8012-eecfd536d564 req-8c4e0e92-24f6-4bb6-8012-eecfd536d564 ] Request (ImagesNegativeTestJSON:test_create_image_from_deleted_server): 200 GET http://10.180.1.21/compute/v2.1/servers/40bee384-6732-4d59-85e4-856e75648894 0.060s
2025-12-09 09:50:53.467 65532 INFO tempest.lib.common.rest_client [req-8336fe83-5084-40c3-bdb0-157daf39e371 req-8336fe83-5084-40c3-bdb0-157daf39e371 ] Request (ServersAdminTestJSON:tearDownClass): 200 GET http://10.180.1.21/compute/v2.1/servers/11c9d69e-582f-40a2-9d5a-97763b5db112 0.064s
2025-12-09 09:50:53.493 65472 INFO tempest.lib.common.rest_client [req-9a1517fe-1c93-4b3c-ac54-c7c0ed4f4d3f req-9a1517fe-1c93-4b3c-ac54-c7c0ed4f4d3f ] Request (SecurityGroupsTestJSON:test_list_security_groups_by_server): 200 GET http://10.180.1.21/compute/v2.1/servers/6fd779d9-0150-49e8-bb4c-e83343b01c55 0.103s
2025-12-09 09:50:53.514 65480 INFO tempest.lib.common.rest_client [req-8bdb9974-4a46-4bc4-8202-a18a421931b8 req-8bdb9974-4a46-4bc4-8202-a18a421931b8 ] Request (ImagesOneServerTestJSON:setUpClass): 200 GET http://10.180.1.21/compute/v2.1/servers/c3029e70-888e-49c9-85b8-fe7525db76da 0.073s
2025-12-09 09:50:53.543 65486 INFO tempest.lib.common.rest_client [req-2d5a019f-d4f0-4346-bd20-5b23b13fad79 req-2d5a019f-d4f0-4346-bd20-5b23b13fad79 ] Request (ServerRescueNegativeTestJSON:test_rescued_vm_detach_volume): 200 GET http://10.180.1.21/compute/v2.1/servers/2e6d2073-2be7-4596-ae86-a5bd3e50ca55 0.090s
2025-12-09 09:50:53.614 65484 INFO tempest.lib.common.rest_client [req-cd1c4ba6-b632-409e-aadf-e1844a86503f req-cd1c4ba6-b632-409e-aadf-e1844a86503f ] Request (ServerMetadataNegativeTestJSON:tearDownClass): 200 GET http://10.180.1.21/compute/v2.1/servers/559aa898-6617-45f6-8be6-85e2b478c8a7 0.058s
2025-12-09 09:50:53.668 65492 INFO tempest.lib.common.rest_client [req-1ce7f6a4-c15e-49f7-b96a-dc760c9b1e2d req-1ce7f6a4-c15e-49f7-b96a-dc760c9b1e2d ] Request (ServersWithSpecificFlavorTestJSON:test_verify_created_server_ephemeral_disk): 200 GET http://10.180.1.21/compute/v2.1/servers/af37bf3c-6d6c-4ab9-86b4-556d8f669c30 0.057s
2025-12-09 09:50:53.710 65528 INFO tempest.lib.common.rest_client [req-6cdd1c7b-942f-46b8-8670-13fce93aec3f req-6cdd1c7b-942f-46b8-8670-13fce93aec3f ] Request (ServerActionsTestOtherA:setUpClass): 200 GET http://10.180.1.21/compute/v2.1/servers/befad315-d547-44c8-a16a-1aedc5efa7e7 0.111s
2025-12-09 09:50:53.748 65494 INFO tempest.lib.common.rest_client [req-cd852a1a-8ba5-43a5-b781-c54c3204b421 req-cd852a1a-8ba5-43a5-b781-c54c3204b421 ] Request (ServerShowV247Test:tearDownClass): 200 GET http://10.180.1.21/compute/v2.1/servers/aae8c1fe-a3e5-4dcd-8e9b-671d5204c5c1 0.084s
2025-12-09 09:50:53.778 65496 INFO tempest.lib.common.rest_client [req-1652673b-4393-4c9f-8453-9026a457bd75 req-1652673b-4393-4c9f-8453-9026a457bd75 ] Request (ServersListShow296Test:tearDownClass): 200 GET http://10.180.1.21/compute/v2.1/servers/11181332-af23-4e30-b246-41ab57ca066d 0.090s
2025-12-09 09:50:53.805 65516 INFO tempest.lib.common.rest_client [req-1c95dd8a-3208-4488-a2c7-691d3d26ec23 req-1c95dd8a-3208-4488-a2c7-691d3d26ec23 ] Request (ServerTagsTestJSON:setUpClass): 200 GET http://10.180.1.21/compute/v2.1/servers/62d494cf-b975-42b4-a9ef-6b98a77b7eab 0.089s
2025-12-09 09:50:53.805 65522 INFO tempest.lib.common.rest_client [req-3ad37440-baba-43e4-87f1-dc7f49288b5d req-3ad37440-baba-43e4-87f1-dc7f49288b5d ] Request (ServerDiagnosticsTest:tearDownClass): 404 GET http://10.180.1.21/compute/v2.1/servers/8f7ea8dd-9e04-4425-981f-28a4b9c7139e 0.067s
2025-12-09 09:50:53.869 65478 INFO tempest.lib.common.rest_client [req-bf042c2b-1178-4977-9d14-0ada5e94e0b7 req-bf042c2b-1178-4977-9d14-0ada5e94e0b7 ] Request (ServerDiskConfigTestJSON:test_rebuild_server_with_manual_disk_config): 200 GET http://10.180.1.21/compute/v2.1/servers/fbc0e22b-a3ac-4dfb-b842-0554676ae0d2 0.061s
2025-12-09 09:50:53.884 65512 INFO tempest.lib.common.rest_client [req-aa8a930b-053a-4fb8-9cfc-09697a829267 req-aa8a930b-053a-4fb8-9cfc-09697a829267 ] Request (InstanceActionsV221TestJSON:test_get_list_deleted_instance_actions): 200 GET http://10.180.1.21/compute/v2.1/servers/79cb369a-8c29-4f29-81bd-574086cbe295 0.065s
2025-12-09 09:50:53.889 65522 INFO tempest.lib.common.rest_client [req-c7093b1a-a3b4-435e-a3e6-6cb3a7d385a0 req-c7093b1a-a3b4-435e-a3e6-6cb3a7d385a0 ] Request (ServerDiagnosticsTest:tearDownClass): 204 DELETE http://10.180.1.21/identity/v3/users/9802d21ef4c54874baf276b706b1f433 0.083s
2025-12-09 09:50:53.924 65514 INFO tempest.lib.common.rest_client [req-23cc6679-5d8b-41da-9798-ad86b7392c14 req-23cc6679-5d8b-41da-9798-ad86b7392c14 ] Request (ListServerFiltersTestJSON:setUpClass): 200 GET http://10.180.1.21/compute/v2.1/servers/80e19ff4-2ed5-4361-b68e-7fa12928cd8a 0.064s
2025-12-09 09:50:53.942 65504 INFO tempest.lib.common.rest_client [req-4d754850-b788-4219-9da2-db9c1a87f383 req-4d754850-b788-4219-9da2-db9c1a87f383 ] Request (VolumesAdminNegativeTest:tearDownClass): 200 GET http://10.180.1.21/compute/v2.1/servers/68beeb75-a481-4d34-a752-3de3d1df4ad4 0.058s
2025-12-09 09:50:53.969 65490 INFO tempest.lib.common.rest_client [req-97c26fab-1eb3-4ef3-b106-7a94e9e4482c req-97c26fab-1eb3-4ef3-b106-7a94e9e4482c ] Request (InstanceActionsNegativeTestJSON:setUpClass): 200 GET http://10.180.1.21/compute/v2.1/servers/6ef51103-f387-4c86-99a4-82824ce2bb16 0.053s
2025-12-09 09:50:53.979 65522 INFO tempest.lib.common.rest_client [req-c6778a43-830b-4702-85a5-e38e00e7e673 req-c6778a43-830b-4702-85a5-e38e00e7e673 ] Request (ServerDiagnosticsTest:tearDownClass): 204 DELETE http://10.180.1.21/identity/v3/users/acfbca0b7514462c8be77cca5997e45d 0.090s
2025-12-09 09:50:53.979 65522 INFO tempest.lib.common.dynamic_creds [-] Deleting project and security group for project: 2086705807d2437481511403630ab8f1
2025-12-09 09:50:53.989 65488 INFO tempest.lib.common.rest_client [req-ec5a6135-79e5-4025-a052-d0a3741740fb req-ec5a6135-79e5-4025-a052-d0a3741740fb ] Request (ImagesOneServerNegativeTestJSON:setUpClass): 200 GET http://10.180.1.21/compute/v2.1/servers/2e07bb3c-3db0-4a8e-bd07-8cfdfeb20a35 0.055s
2025-12-09 09:50:54.045 65522 INFO tempest.lib.common.rest_client [req-b367a921-e7f1-4ca3-882b-a7ad518360cf req-b367a921-e7f1-4ca3-882b-a7ad518360cf ] Request (ServerDiagnosticsTest:tearDownClass): 201 POST http://10.180.1.21/identity/v3/auth/tokens 0.065s
2025-12-09 09:50:54.069 65510 INFO tempest.lib.common.rest_client [req-bec4876e-4b1e-4305-b856-ee18fb26b2cb req-bec4876e-4b1e-4305-b856-ee18fb26b2cb ] Request (ListServersNegativeTestJSON:setUpClass): 200 GET http://10.180.1.21/compute/v2.1/servers/6ccb1bd6-8393-4a56-b98f-721e98c83d42 0.061s
2025-12-09 09:50:54.128 65522 INFO tempest.lib.common.rest_client [req-15717252-9a9f-4fb3-8ddd-fcea7d073962 req-15717252-9a9f-4fb3-8ddd-fcea7d073962 ] Request (ServerDiagnosticsTest:tearDownClass): 200 GET http://10.180.1.21/networking/v2.0/security-groups?tenant_id=2086705807d2437481511403630ab8f1&name=default 0.082s
2025-12-09 09:50:54.160 65530 INFO tempest.lib.common.rest_client [req-46764745-e188-44f4-86d8-58b495643bfd req-46764745-e188-44f4-86d8-58b495643bfd ] Request (ServersTestMultiNic:_run_cleanups): 200 GET http://10.180.1.21/compute/v2.1/servers/cd15fbe1-f32f-4e5e-9a69-b53fba1b189d 0.065s
2025-12-09 09:50:54.221 65498 INFO tempest.lib.common.rest_client [req-091005b9-88dd-474f-b471-3dfc671f2cce req-091005b9-88dd-474f-b471-3dfc671f2cce ] Request (ImagesTestJSON:test_create_server_from_snapshot): 200 GET http://10.180.1.21/compute/v2.1/servers/0bfea838-a496-422b-a842-4aa17eb057fb 0.075s
2025-12-09 09:50:54.223 65522 INFO tempest.lib.common.rest_client [req-eeacb6f0-fc76-4605-a212-62a730e18781 req-eeacb6f0-fc76-4605-a212-62a730e18781 ] Request (ServerDiagnosticsTest:tearDownClass): 204 DELETE http://10.180.1.21/networking/v2.0/security-groups/b231786c-aac2-4557-8df1-0fa1cbd1d508 0.095s
2025-12-09 09:50:54.247 65526 INFO tempest.lib.common.rest_client [req-783e3d15-1cfc-42b9-a485-ea98e1bf05a8 req-783e3d15-1cfc-42b9-a485-ea98e1bf05a8 ] Request (MigrationsAdminTest:test_resize_server_revert_deleted_flavor): 200 GET http://10.180.1.21/compute/v2.1/servers/96cae346-18e5-41f6-ac35-c67366617a5d 0.114s
2025-12-09 09:50:54.283 65522 INFO tempest.lib.common.rest_client [req-28538a40-b806-4879-90a5-c84b55d885c0 req-28538a40-b806-4879-90a5-c84b55d885c0 ] Request (ServerDiagnosticsTest:tearDownClass): 204 DELETE http://10.180.1.21/identity/v3/projects/2086705807d2437481511403630ab8f1 0.059s
2025-12-09 09:50:54.283 65522 INFO tempest.lib.common.dynamic_creds [-] Deleting project and security group for project: 08c7b31ad3ed47479aff73725427438d
2025-12-09 09:50:54.384 65522 INFO tempest.lib.common.rest_client [req-570c72a3-ae57-4dfd-a94c-66a2b1f3f06d req-570c72a3-ae57-4dfd-a94c-66a2b1f3f06d ] Request (ServerDiagnosticsTest:tearDownClass): 200 GET http://10.180.1.21/networking/v2.0/security-groups?tenant_id=08c7b31ad3ed47479aff73725427438d&name=default 0.101s
2025-12-09 09:50:54.452 65482 INFO tempest.lib.common.rest_client [req-328b85fe-970f-4bb1-bb70-ca5c0f7c752d req-328b85fe-970f-4bb1-bb70-ca5c0f7c752d ] Request (ImagesNegativeTestJSON:test_create_image_from_deleted_server): 200 GET http://10.180.1.21/compute/v2.1/servers/40bee384-6732-4d59-85e4-856e75648894 0.060s
2025-12-09 09:50:54.467 65522 INFO tempest.lib.common.rest_client [req-70daeed6-1d57-40c9-8e3a-947b0b77884a req-70daeed6-1d57-40c9-8e3a-947b0b77884a ] Request (ServerDiagnosticsTest:tearDownClass): 204 DELETE http://10.180.1.21/networking/v2.0/security-groups/9ce161a6-9a3a-41e6-9ed4-4dca6f8d8070 0.082s
2025-12-09 09:50:54.541 65532 INFO tempest.lib.common.rest_client [req-a7a21a33-becd-48de-ae1d-489a1f809b6c req-a7a21a33-becd-48de-ae1d-489a1f809b6c ] Request (ServersAdminTestJSON:tearDownClass): 200 GET http://10.180.1.21/compute/v2.1/servers/11c9d69e-582f-40a2-9d5a-97763b5db112 0.065s
2025-12-09 09:50:54.562 65522 INFO tempest.lib.common.rest_client [req-22ce8b1a-b431-48ac-bbb6-da6603b73e76 req-22ce8b1a-b431-48ac-bbb6-da6603b73e76 ] Request (ServerDiagnosticsTest:tearDownClass): 204 DELETE http://10.180.1.21/identity/v3/projects/08c7b31ad3ed47479aff73725427438d 0.095s
2025-12-09 09:50:54.563 65522 INFO tempest.test [-] raised in TestVolumeSwap.setUpClass. Invoking tearDownClass.
2025-12-09 09:50:54.566 65522 INFO tempest.test [-] raised in ServerStableDeviceRescueTest.setUpClass. Invoking tearDownClass.
2025-12-09 09:50:54.607 65480 INFO tempest.lib.common.rest_client [req-b5373fc7-b067-49a2-b2f8-3df2d8a7e239 req-b5373fc7-b067-49a2-b2f8-3df2d8a7e239 ] Request (ImagesOneServerTestJSON:setUpClass): 200 GET http://10.180.1.21/compute/v2.1/servers/c3029e70-888e-49c9-85b8-fe7525db76da 0.083s
2025-12-09 09:50:54.664 65472 INFO tempest.lib.common.rest_client [req-d752c64f-b203-4c35-a23a-968e4ce882e5 req-d752c64f-b203-4c35-a23a-968e4ce882e5 ] Request (SecurityGroupsTestJSON:test_list_security_groups_by_server): 200 GET http://10.180.1.21/compute/v2.1/servers/6fd779d9-0150-49e8-bb4c-e83343b01c55 0.162s
2025-12-09 09:50:54.683 65486 INFO tempest.lib.common.rest_client [req-589d3166-f638-4ccb-9b25-62c5e4c72250 req-589d3166-f638-4ccb-9b25-62c5e4c72250 ] Request (ServerRescueNegativeTestJSON:test_rescued_vm_detach_volume): 200 GET http://10.180.1.21/compute/v2.1/servers/2e6d2073-2be7-4596-ae86-a5bd3e50ca55 0.130s
2025-12-09 09:50:54.745 65484 INFO tempest.lib.common.rest_client [req-3d8046aa-badc-4edf-9208-d3fe8c7c6837 req-3d8046aa-badc-4edf-9208-d3fe8c7c6837 ] Request (ServerMetadataNegativeTestJSON:tearDownClass): 200 GET http://10.180.1.21/compute/v2.1/servers/559aa898-6617-45f6-8be6-85e2b478c8a7 0.123s
