2025-12-09 09:50:09.521 65482 INFO tempest.lib.common.rest_client [req-5ba34021-c23b-4bb6-bcc6-91b150289db3 req-5ba34021-c23b-4bb6-bcc6-91b150289db3 ] Request (ImagesNegativeTestJSON:test_create_image_from_deleted_server): 200 GET http://10.180.1.21/compute/v2.1/servers/40bee384-6732-4d59-85e4-856e75648894 0.526s
2025-12-09 09:50:09.604 65490 INFO tempest.lib.common.rest_client [req-76e5a310-ecf2-4483-b094-6b08ffa31ca8 req-76e5a310-ecf2-4483-b094-6b08ffa31ca8 ] Request (ServersTestManualDisk:tearDownClass): 200 GET http://10.180.1.21/compute/v2.1/servers/1c2baa7c-87a2-494a-924c-c9861692a8aa 0.558s
2025-12-09 09:50:09.671 65500 INFO tempest.lib.common.rest_client [req-48d43cbe-6a8f-400b-a732-43a92a78a475 req-48d43cbe-6a8f-400b-a732-43a92a78a475 ] Request (SecurityGroupRulesNegativeTestJSON:test_create_security_group_rule_with_invalid_from_port): 200 POST http://10.180.1.21/compute/v2.1/os-security-groups 0.519s
2025-12-09 09:50:09.700 65488 INFO tempest.lib.common.rest_client [req-700427fb-38a6-48be-adac-6d18b08e801f req-700427fb-38a6-48be-adac-6d18b08e801f ] Request (FloatingIPsAssociationTestJSON:tearDownClass): 200 GET http://10.180.1.21/compute/v2.1/servers/ce5ded2c-2aa2-4c7a-9b34-79ac6ed1fdcc 0.545s
2025-12-09 09:50:09.740 65472 INFO tempest.lib.common.rest_client [req-f87cfc6f-978d-46fa-a5ec-d20f63dbb8d3 req-f87cfc6f-978d-46fa-a5ec-d20f63dbb8d3 ] Request (SecurityGroupsTestJSON:test_list_security_groups_by_server): 200 GET http://10.180.1.21/compute/v2.1/servers/6fd779d9-0150-49e8-bb4c-e83343b01c55 0.574s
2025-12-09 09:50:09.801 65480 INFO tempest.lib.common.rest_client [req-f34fa2fe-3357-4a83-8414-1a7950300190 req-f34fa2fe-3357-4a83-8414-1a7950300190 ] Request (FlavorsExtraSpecsNegativeTestJSON:setUpClass): 200 POST http://10.180.1.21/compute/v2.1/flavors 0.595s
2025-12-09 09:50:09.802 65520 INFO tempest.lib.common.rest_client [req-61a762f3-7c65-4e95-be0c-750e908f8643 req-61a762f3-7c65-4e95-be0c-750e908f8643 ] Request (ServerPasswordTestJSON:tearDownClass): 200 GET http://10.180.1.21/compute/v2.1/servers/17f7df5a-7ba7-489d-89d5-d5c9ff2b8929 0.554s
2025-12-09 09:50:09.852 65504 INFO tempest.lib.common.rest_client [req-e899d872-3283-4e3c-b241-f8607063df4a req-e899d872-3283-4e3c-b241-f8607063df4a ] Request (VolumesAdminNegativeTest:test_update_attached_volume_with_nonexistent_volume_in_uri): 200 GET http://10.180.1.21/compute/v2.1/servers/68beeb75-a481-4d34-a752-3de3d1df4ad4 0.541s
2025-12-09 09:50:09.912 65524 INFO tempest.lib.common.rest_client [req-19870296-e535-4371-b324-0c4d6bcfc59d req-19870296-e535-4371-b324-0c4d6bcfc59d ] Request (ServerRescueTestJSONUnderV235:tearDownClass): 200 GET http://10.180.1.21/compute/v2.1/servers/c03fb5b5-7a44-46d0-813a-f15819b21953 0.515s
2025-12-09 09:50:09.926 65498 INFO tempest.lib.common.rest_client [req-c55ffa71-69cc-4a01-868f-7482c7022955 req-c55ffa71-69cc-4a01-868f-7482c7022955 ] Request (ImagesTestJSON:_run_cleanups): 204 DELETE http://10.180.1.21/compute/v2.1/images/5a19fbbc-a3fe-46b8-b58c-76cce03c1ba9 0.556s
2025-12-09 09:50:09.991 65510 INFO tempest.lib.common.rest_client [req-165e21e3-9d9a-464f-823e-46cf2cd317ca req-165e21e3-9d9a-464f-823e-46cf2cd317ca ] Request (ListServersNegativeTestJSON:setUpClass): 200 GET http://10.180.1.21/compute/v2.1/servers/533ccbf6-bb93-4bde-ac80-35328114f16d 0.486s
2025-12-09 09:50:10.028 65478 INFO tempest.lib.common.rest_client [req-3123ab51-26e0-48b8-bc73-67819defbc95 req-3123ab51-26e0-48b8-bc73-67819defbc95 ] Request (ServerDiskConfigTestJSON:_run_cleanups): 204 DELETE http://10.180.1.21/compute/v2.1/servers/4706a204-9597-4354-8f9c-6a61cbb21c23 0.565s
2025-12-09 09:50:10.047 65530 INFO tempest.lib.common.rest_client [req-c7831601-1bbe-4b3b-ba11-27a2238307e2 req-c7831601-1bbe-4b3b-ba11-27a2238307e2 ] Request (ServersTestMultiNic:test_verify_multiple_nics_order): 200 GET http://10.180.1.21/compute/v2.1/servers/cd15fbe1-f32f-4e5e-9a69-b53fba1b189d 0.401s
2025-12-09 09:50:10.068 65500 INFO tempest.lib.common.rest_client [req-541a3cfb-abaa-4004-84b6-79745ab20411 req-541a3cfb-abaa-4004-84b6-79745ab20411 ] Request (SecurityGroupRulesNegativeTestJSON:test_create_security_group_rule_with_invalid_from_port): 400 POST http://10.180.1.21/compute/v2.1/os-security-group-rules 0.393s
2025-12-09 09:50:10.113 65478 INFO tempest.lib.common.rest_client [req-2e1eb8be-def6-4423-83f0-666081b1234c req-2e1eb8be-def6-4423-83f0-666081b1234c ] Request (ServerDiskConfigTestJSON:test_rebuild_server_with_manual_disk_config): 201 POST http://10.180.1.21/identity/v3/auth/tokens 0.078s
2025-12-09 09:50:10.113 65478 INFO tempest.lib.common.fixed_network [-] (ServerDiskConfigTestJSON:test_rebuild_server_with_manual_disk_config) Found network {'id': 'e67c0316-8269-48b1-b67d-54ad5f6e08e7', 'name': 'tempest-ServerDiskConfigTestJSON-375608763-network', 'tenant_id': 'd6fb1e97ccfe48f2befc1b7770a2430a', 'project_id': 'd6fb1e97ccfe48f2befc1b7770a2430a', 'admin_state_up': True, 'mtu': 8950, 'status': 'ACTIVE', 'subnets': [], 'shared': False, 'port_security_enabled': True, 'router:external': False, 'provider:network_type': 'vlan', 'provider:physical_network': 'default', 'provider:segmentation_id': 743, 'availability_zone_hints': [], 'availability_zones': [], 'ipv4_address_scope': None, 'ipv6_address_scope': None, 'description': '', 'tags': [], 'created_at': '2025-12-09T09:49:05Z', 'updated_at': '2025-12-09T09:49:05Z', 'revision_number': 1} available for tenant
2025-12-09 09:50:10.163 65480 INFO tempest.lib.common.rest_client [req-d1ab3d4c-e2a1-4add-a4b7-63bfe9e49c4e req-d1ab3d4c-e2a1-4add-a4b7-63bfe9e49c4e ] Request (FlavorsExtraSpecsNegativeTestJSON:test_flavor_get_nonexistent_key): 404 GET http://10.180.1.21/compute/v2.1/flavors/1386098092/os-extra_specs/hw:cpu_thread_policy 0.359s
2025-12-09 09:50:10.227 65532 INFO tempest.lib.common.rest_client [req-cd57c09b-218a-4278-9d5d-94df4e53b0ce req-cd57c09b-218a-4278-9d5d-94df4e53b0ce ] Request (ServersAdminTestJSON:test_rebuild_server_in_error_state): 200 GET http://10.180.1.21/compute/v2.1/servers/de07401c-79be-4192-9636-a9d6193feae7 0.331s
2025-12-09 09:50:10.236 65532 INFO tempest.common.waiters [-] State transition "REBUILD/rebuild_spawning" ==> "ACTIVE/None" after 11 second wait
2025-12-09 09:50:10.259 65498 INFO tempest.lib.common.rest_client [req-9a8bbac1-9d80-4c65-a12e-d29c4a5c23af req-9a8bbac1-9d80-4c65-a12e-d29c4a5c23af ] Request (ImagesTestJSON:_run_cleanups): 204 DELETE http://10.180.1.21/compute/v2.1/servers/190639d4-94a9-4dfd-9779-e3b4fb3a76eb 0.333s
2025-12-09 09:50:10.284 65494 INFO tempest.lib.common.rest_client [req-3f4b150e-f9b5-415b-b9f8-330350c14657 req-3f4b150e-f9b5-415b-b9f8-330350c14657 ] Request (ServerShowV247Test:tearDownClass): 200 GET http://10.180.1.21/compute/v2.1/servers/aae8c1fe-a3e5-4dcd-8e9b-671d5204c5c1 0.323s
2025-12-09 09:50:10.315 65498 INFO tempest.lib.common.rest_client [req-86582899-e41c-46ac-81b1-4f05e97e8948 req-86582899-e41c-46ac-81b1-4f05e97e8948 ] Request (ImagesTestJSON:test_create_server_from_snapshot): 201 POST http://10.180.1.21/identity/v3/auth/tokens 0.051s
2025-12-09 09:50:10.315 65498 INFO tempest.lib.common.fixed_network [-] (ImagesTestJSON:test_create_server_from_snapshot) Found network {'id': 'cd4381ca-f4f3-4731-b046-7faecae71fe3', 'name': 'tempest-ImagesTestJSON-915572345-network', 'tenant_id': '78ca69b12ac747aca8bddeb9ed0d69c6', 'project_id': '78ca69b12ac747aca8bddeb9ed0d69c6', 'admin_state_up': True, 'mtu': 8950, 'status': 'ACTIVE', 'subnets': [], 'shared': False, 'port_security_enabled': True, 'router:external': False, 'provider:network_type': 'vlan', 'provider:physical_network': 'default', 'provider:segmentation_id': 257, 'availability_zone_hints': [], 'availability_zones': [], 'ipv4_address_scope': None, 'ipv6_address_scope': None, 'description': '', 'tags': [], 'created_at': '2025-12-09T09:47:52Z', 'updated_at': '2025-12-09T09:47:53Z', 'revision_number': 1} available for tenant
2025-12-09 09:50:10.338 65516 INFO tempest.lib.common.rest_client [req-3342cceb-0532-4aca-9ff9-7cb0a03ef731 req-3342cceb-0532-4aca-9ff9-7cb0a03ef731 ] Request (MultipleCreateTestJSON:tearDownClass): 200 GET http://10.180.1.21/compute/v2.1/servers/65af83f7-96b0-4c20-b1e7-006025c271d8 0.281s
2025-12-09 09:50:10.342 65500 INFO tempest.lib.common.rest_client [req-a467f0c5-9b05-44eb-917a-4d77c39fffcc req-a467f0c5-9b05-44eb-917a-4d77c39fffcc ] Request (SecurityGroupRulesNegativeTestJSON:test_create_security_group_rule_with_invalid_id): 400 POST http://10.180.1.21/compute/v2.1/os-security-group-rules 0.272s
2025-12-09 09:50:10.387 65526 INFO tempest.lib.common.rest_client [req-025376bd-7aab-4db3-85d0-297ff678dfc2 req-025376bd-7aab-4db3-85d0-297ff678dfc2 ] Request (MigrationsAdminTest:test_resize_server_revert_deleted_flavor): 200 GET http://10.180.1.21/compute/v2.1/servers/96cae346-18e5-41f6-ac35-c67366617a5d 0.409s
2025-12-09 09:50:10.394 65480 INFO tempest.lib.common.rest_client [req-1fa7b71b-78e7-4a2a-ba97-4dba45193350 req-1fa7b71b-78e7-4a2a-ba97-4dba45193350 ] Request (FlavorsExtraSpecsNegativeTestJSON:test_flavor_non_admin_set_keys): 403 POST http://10.180.1.21/compute/v2.1/flavors/1386098092/os-extra_specs 0.229s
2025-12-09 09:50:10.439 65528 INFO tempest.lib.common.rest_client [req-54467b8c-ceb5-49b4-9440-f7f249f2e2c6 req-54467b8c-ceb5-49b4-9440-f7f249f2e2c6 ] Request (ServerActionsTestOtherA:setUpClass): 200 GET http://10.180.1.21/compute/v2.1/servers/befad315-d547-44c8-a16a-1aedc5efa7e7 0.249s
2025-12-09 09:50:10.492 65486 INFO tempest.lib.common.rest_client [req-b376eca7-04d4-4568-b7f3-74af18e9772a req-b376eca7-04d4-4568-b7f3-74af18e9772a ] Request (ServerRescueNegativeTestJSON:test_rescued_vm_detach_volume): 200 GET http://10.180.1.21/compute/v2.1/servers/2e6d2073-2be7-4596-ae86-a5bd3e50ca55 0.273s
2025-12-09 09:50:10.591 65532 INFO tempest.lib.common.rest_client [req-7cf7b10b-6c0f-4e82-ad90-821d3b7ead82 req-7cf7b10b-6c0f-4e82-ad90-821d3b7ead82 ] Request (ServersAdminTestJSON:test_rebuild_server_in_error_state): 200 GET http://10.180.1.21/compute/v2.1/servers/de07401c-79be-4192-9636-a9d6193feae7 0.354s
2025-12-09 09:50:10.631 65478 INFO tempest.lib.common.rest_client [req-c0b7cf34-023e-4021-8198-215c879e582f req-c0b7cf34-023e-4021-8198-215c879e582f ] Request (ServerDiskConfigTestJSON:test_rebuild_server_with_manual_disk_config): 202 POST http://10.180.1.21/compute/v2.1/servers 0.518s
2025-12-09 09:50:10.676 65496 INFO tempest.lib.common.rest_client [req-c85be0d5-7d07-4163-a587-4d4d65a4f6e3 req-c85be0d5-7d07-4163-a587-4d4d65a4f6e3 ] Request (ServersListShow296Test:tearDownClass): 200 GET http://10.180.1.21/compute/v2.1/servers/11181332-af23-4e30-b246-41ab57ca066d 0.386s
2025-12-09 09:50:10.696 65492 WARNING tempest.lib.common.ssh [-] Failed to establish authenticated ssh connection to cirros@10.180.180.156 ([Errno None] Unable to connect to port 22 on 10.180.180.156). Number attempts: 11. Retry after 12 seconds.: paramiko.ssh_exception.NoValidConnectionsError: [Errno None] Unable to connect to port 22 on 10.180.180.156
2025-12-09 09:50:10.850 65512 INFO tempest.lib.common.rest_client [req-31866aec-8c08-49c3-8701-e3a5970f0c21 req-31866aec-8c08-49c3-8701-e3a5970f0c21 ] Request (InstanceActionsV221TestJSON:test_get_list_deleted_instance_actions): 200 GET http://10.180.1.21/compute/v2.1/servers/79cb369a-8c29-4f29-81bd-574086cbe295 0.536s
2025-12-09 09:50:11.037 65500 INFO tempest.lib.common.rest_client [req-81536696-8577-4d15-9f0e-1c0d00b6c104 req-81536696-8577-4d15-9f0e-1c0d00b6c104 ] Request (SecurityGroupRulesNegativeTestJSON:test_create_security_group_rule_with_invalid_ip_protocol): 200 POST http://10.180.1.21/compute/v2.1/os-security-groups 0.693s
2025-12-09 09:50:11.166 65514 INFO tempest.lib.common.rest_client [req-1a6ad7a5-b9ea-41e1-a1d4-01acf7ddaeb9 req-1a6ad7a5-b9ea-41e1-a1d4-01acf7ddaeb9 ] Request (ServersAdminNegativeTestJSON:tearDownClass): 200 GET http://10.180.1.21/compute/v2.1/servers/f79c040a-00b3-4e7a-b354-f542b759911a 0.806s
2025-12-09 09:50:11.205 65480 INFO tempest.lib.common.rest_client [req-b988e138-d5bd-4cf2-b870-55063456bb0a req-b988e138-d5bd-4cf2-b870-55063456bb0a ] Request (FlavorsExtraSpecsNegativeTestJSON:test_flavor_non_admin_unset_keys): 200 POST http://10.180.1.21/compute/v2.1/flavors/1386098092/os-extra_specs 0.809s
2025-12-09 09:50:11.242 65498 INFO tempest.lib.common.rest_client [req-9ac1f6b5-360a-4d4e-9f63-be54c59dcf11 req-9ac1f6b5-360a-4d4e-9f63-be54c59dcf11 ] Request (ImagesTestJSON:test_create_server_from_snapshot): 202 POST http://10.180.1.21/compute/v2.1/servers 0.926s
2025-12-09 09:50:11.455 65474 INFO tempest.lib.common.rest_client [req-b5c22f96-7642-46b8-95a7-c3049542fe06 req-b5c22f96-7642-46b8-95a7-c3049542fe06 ] Request (AttachVolumeNegativeTest:test_attach_attached_volume_to_different_server): 200 GET http://10.180.1.21/compute/v2.1/servers/cd5c19f4-855a-494f-b8ef-5342b59f89d9 1.042s
2025-12-09 09:50:11.472 65522 INFO tempest.lib.common.rest_client [req-bcf72416-c797-4291-be6a-c196606ca197 req-bcf72416-c797-4291-be6a-c196606ca197 ] Request (ServerDiagnosticsTest:tearDownClass): 200 GET http://10.180.1.21/compute/v2.1/servers/8f7ea8dd-9e04-4425-981f-28a4b9c7139e 0.994s
2025-12-09 09:50:11.479 65522 INFO tempest.common.waiters [-] State transition "ACTIVE/deleting" ==> "DELETED/None" after 4 second wait
2025-12-09 09:50:11.528 65484 INFO tempest.lib.common.rest_client [req-ce67c6dc-be9a-40c0-97e8-a6a48a6ff2df req-ce67c6dc-be9a-40c0-97e8-a6a48a6ff2df ] Request (ServerMetadataNegativeTestJSON:setUpClass): 200 GET http://10.180.1.21/compute/v2.1/servers/559aa898-6617-45f6-8be6-85e2b478c8a7 1.010s
2025-12-09 09:50:11.546 65482 INFO tempest.lib.common.rest_client [req-d96eefbc-67c4-42dd-9d1f-713405fb570e req-d96eefbc-67c4-42dd-9d1f-713405fb570e ] Request (ImagesNegativeTestJSON:test_create_image_from_deleted_server): 200 GET http://10.180.1.21/compute/v2.1/servers/40bee384-6732-4d59-85e4-856e75648894 1.016s
2025-12-09 09:50:11.619 65490 INFO tempest.lib.common.rest_client [req-d8d972bf-9e79-4634-9486-962b8819277a req-d8d972bf-9e79-4634-9486-962b8819277a ] Request (ServersTestManualDisk:tearDownClass): 200 GET http://10.180.1.21/compute/v2.1/servers/1c2baa7c-87a2-494a-924c-c9861692a8aa 1.007s
2025-12-09 09:50:11.670 65476 WARNING tempest.lib.common.ssh [-] Failed to establish authenticated ssh connection to cirros@10.180.180.133 ([Errno None] Unable to connect to port 22 on 10.180.180.133). Number attempts: 5. Retry after 6 seconds.: paramiko.ssh_exception.NoValidConnectionsError: [Errno None] Unable to connect to port 22 on 10.180.180.133
2025-12-09 09:50:11.684 65478 INFO tempest.lib.common.rest_client [req-fee73e5b-4308-4f81-b2f7-9870b55be11f req-fee73e5b-4308-4f81-b2f7-9870b55be11f ] Request (ServerDiskConfigTestJSON:test_rebuild_server_with_manual_disk_config): 200 GET http://10.180.1.21/compute/v2.1/servers/fbc0e22b-a3ac-4dfb-b842-0554676ae0d2 1.051s
2025-12-09 09:50:11.729 65532 INFO tempest.lib.common.rest_client [req-d73664ae-6a9c-4958-b4d5-c8f46a4d895a req-d73664ae-6a9c-4958-b4d5-c8f46a4d895a ] Request (ServersAdminTestJSON:_run_cleanups): 202 POST http://10.180.1.21/compute/v2.1/servers/de07401c-79be-4192-9636-a9d6193feae7/action 1.130s
2025-12-09 09:50:11.758 65488 INFO tempest.lib.common.rest_client [req-241db110-3166-4a18-95b5-fe43a4b2eceb req-241db110-3166-4a18-95b5-fe43a4b2eceb ] Request (FloatingIPsAssociationTestJSON:tearDownClass): 200 GET http://10.180.1.21/compute/v2.1/servers/ce5ded2c-2aa2-4c7a-9b34-79ac6ed1fdcc 1.050s
2025-12-09 09:50:11.785 65472 INFO tempest.lib.common.rest_client [req-00070fe6-d2e1-47c7-b495-d63474f1444e req-00070fe6-d2e1-47c7-b495-d63474f1444e ] Request (SecurityGroupsTestJSON:test_list_security_groups_by_server): 200 GET http://10.180.1.21/compute/v2.1/servers/6fd779d9-0150-49e8-bb4c-e83343b01c55 1.036s
2025-12-09 09:50:11.816 65520 INFO tempest.lib.common.rest_client [req-d999631c-8331-4ab4-a565-139f97354188 req-d999631c-8331-4ab4-a565-139f97354188 ] Request (ServerPasswordTestJSON:tearDownClass): 200 GET http://10.180.1.21/compute/v2.1/servers/17f7df5a-7ba7-489d-89d5-d5c9ff2b8929 1.007s
2025-12-09 09:50:11.885 65504 INFO tempest.lib.common.rest_client [req-bdbe7be5-55fa-42f6-948f-2c00010c263a req-bdbe7be5-55fa-42f6-948f-2c00010c263a ] Request (VolumesAdminNegativeTest:test_update_attached_volume_with_nonexistent_volume_in_uri): 200 GET http://10.180.1.21/compute/v2.1/servers/68beeb75-a481-4d34-a752-3de3d1df4ad4 1.022s
2025-12-09 09:50:11.950 65524 INFO tempest.lib.common.rest_client [req-dac52c19-d42c-48d6-a156-cc9ac921182f req-dac52c19-d42c-48d6-a156-cc9ac921182f ] Request (ServerRescueTestJSONUnderV235:tearDownClass): 200 GET http://10.180.1.21/compute/v2.1/servers/c03fb5b5-7a44-46d0-813a-f15819b21953 1.028s
2025-12-09 09:50:12.057 65500 INFO tempest.lib.common.rest_client [req-d55ac9e8-f11e-42d6-9ef1-a1086a573bb1 req-d55ac9e8-f11e-42d6-9ef1-a1086a573bb1 ] Request (SecurityGroupRulesNegativeTestJSON:test_create_security_group_rule_with_invalid_ip_protocol): 400 POST http://10.180.1.21/compute/v2.1/os-security-group-rules 1.017s
2025-12-09 09:50:12.155 65510 INFO tempest.lib.common.rest_client [req-47e8af68-afa8-4ad6-8c92-c4182d66ab1b req-47e8af68-afa8-4ad6-8c92-c4182d66ab1b ] Request (ListServersNegativeTestJSON:setUpClass): 200 GET http://10.180.1.21/compute/v2.1/servers/533ccbf6-bb93-4bde-ac80-35328114f16d 1.156s
2025-12-09 09:50:12.160 65480 INFO tempest.lib.common.rest_client [req-b2d81b7e-8040-4805-826d-501000a0d949 req-b2d81b7e-8040-4805-826d-501000a0d949 ] Request (FlavorsExtraSpecsNegativeTestJSON:test_flavor_non_admin_unset_keys): 403 DELETE http://10.180.1.21/compute/v2.1/flavors/1386098092/os-extra_specs/hw:numa_nodes 0.953s
2025-12-09 09:50:12.166 65510 INFO tempest.common.waiters [-] State transition "BUILD/None" ==> "BUILD/spawning" after 52 second wait
2025-12-09 09:50:12.197 65530 INFO tempest.lib.common.rest_client [req-195415bb-679c-414a-9f91-4504148ec9bf req-195415bb-679c-414a-9f91-4504148ec9bf ] Request (ServersTestMultiNic:test_verify_multiple_nics_order): 200 GET http://10.180.1.21/compute/v2.1/servers/cd15fbe1-f32f-4e5e-9a69-b53fba1b189d 1.140s
2025-12-09 09:50:12.444 65498 INFO tempest.lib.common.rest_client [req-0fecf208-a315-40ba-a653-490e234c9670 req-0fecf208-a315-40ba-a653-490e234c9670 ] Request (ImagesTestJSON:test_create_server_from_snapshot): 200 GET http://10.180.1.21/compute/v2.1/servers/0bfea838-a496-422b-a842-4aa17eb057fb 1.199s
2025-12-09 09:50:12.513 65494 INFO tempest.lib.common.rest_client [req-4a865db8-5644-47b8-b4b9-3a45c1f4ecf2 req-4a865db8-5644-47b8-b4b9-3a45c1f4ecf2 ] Request (ServerShowV247Test:tearDownClass): 200 GET http://10.180.1.21/compute/v2.1/servers/aae8c1fe-a3e5-4dcd-8e9b-671d5204c5c1 1.219s
2025-12-09 09:50:12.523 65494 INFO tempest.common.waiters [-] State transition "ACTIVE/deleting" ==> "DELETED/None" after 5 second wait
2025-12-09 09:50:12.557 65516 INFO tempest.lib.common.rest_client [req-dd658b73-f7d0-44ed-98b6-c04998241092 req-dd658b73-f7d0-44ed-98b6-c04998241092 ] Request (MultipleCreateTestJSON:tearDownClass): 200 GET http://10.180.1.21/compute/v2.1/servers/65af83f7-96b0-4c20-b1e7-006025c271d8 1.210s
2025-12-09 09:50:12.811 65528 INFO tempest.lib.common.rest_client [req-94deeb7e-39da-47c5-ba01-b6ae7e3c58bf req-94deeb7e-39da-47c5-ba01-b6ae7e3c58bf ] Request (ServerActionsTestOtherA:setUpClass): 200 GET http://10.180.1.21/compute/v2.1/servers/befad315-d547-44c8-a16a-1aedc5efa7e7 1.363s
2025-12-09 09:50:12.836 65526 INFO tempest.lib.common.rest_client [req-3ba6f972-c734-46d3-ab28-b91012d1e891 req-3ba6f972-c734-46d3-ab28-b91012d1e891 ] Request (MigrationsAdminTest:test_resize_server_revert_deleted_flavor): 200 GET http://10.180.1.21/compute/v2.1/servers/96cae346-18e5-41f6-ac35-c67366617a5d 1.441s
2025-12-09 09:50:12.864 65486 INFO tempest.lib.common.rest_client [req-8b5e1708-edbf-488c-b84a-406612265a5b req-8b5e1708-edbf-488c-b84a-406612265a5b ] Request (ServerRescueNegativeTestJSON:test_rescued_vm_detach_volume): 200 GET http://10.180.1.21/compute/v2.1/servers/2e6d2073-2be7-4596-ae86-a5bd3e50ca55 1.364s
2025-12-09 09:50:12.913 65496 INFO tempest.lib.common.rest_client [req-9c656ae5-211c-40aa-8a25-064ba03d9ff8 req-9c656ae5-211c-40aa-8a25-064ba03d9ff8 ] Request (ServersListShow296Test:tearDownClass): 200 GET http://10.180.1.21/compute/v2.1/servers/11181332-af23-4e30-b246-41ab57ca066d 1.227s
2025-12-09 09:50:12.923 65496 INFO tempest.common.waiters [-] State transition "ACTIVE/deleting" ==> "DELETED/None" after 5 second wait
2025-12-09 09:50:12.974 65532 INFO tempest.lib.common.rest_client [req-c339b894-be6b-4a06-a6dd-9f7dd079a456 req-c339b894-be6b-4a06-a6dd-9f7dd079a456 ] Request (ServersAdminTestJSON:_run_cleanups): 200 GET http://10.180.1.21/compute/v2.1/servers/de07401c-79be-4192-9636-a9d6193feae7 1.239s
2025-12-09 09:50:13.001 65512 INFO tempest.lib.common.rest_client [req-741e4905-118b-4207-b9e2-045c20f51425 req-741e4905-118b-4207-b9e2-045c20f51425 ] Request (InstanceActionsV221TestJSON:test_get_list_deleted_instance_actions): 200 GET http://10.180.1.21/compute/v2.1/servers/79cb369a-8c29-4f29-81bd-574086cbe295 1.140s
2025-12-09 09:50:13.011 65512 INFO tempest.common.waiters [-] State transition "ACTIVE/deleting" ==> "DELETED/None" after 4 second wait
2025-12-09 09:50:13.025 65480 INFO tempest.lib.common.rest_client [req-04414980-76e8-4632-baf2-9e499583adb2 req-04414980-76e8-4632-baf2-9e499583adb2 ] Request (FlavorsExtraSpecsNegativeTestJSON:test_flavor_non_admin_update_specific_key): 200 POST http://10.180.1.21/compute/v2.1/flavors/1386098092/os-extra_specs 0.864s
2025-12-09 09:50:13.100 65500 INFO tempest.lib.common.rest_client [req-f41deee9-9925-4141-a338-d80f65dc21ef req-f41deee9-9925-4141-a338-d80f65dc21ef ] Request (SecurityGroupRulesNegativeTestJSON:test_create_security_group_rule_with_invalid_port_range): 200 POST http://10.180.1.21/compute/v2.1/os-security-groups 1.042s
2025-12-09 09:50:13.161 65474 INFO tempest.lib.common.rest_client [req-3c26356b-0aaf-46a5-ad5b-e9e34e6b96c1 req-3c26356b-0aaf-46a5-ad5b-e9e34e6b96c1 ] Request (AttachVolumeNegativeTest:test_attach_attached_volume_to_different_server): 200 GET http://10.180.1.21/compute/v2.1/servers/cd5c19f4-855a-494f-b8ef-5342b59f89d9 0.696s
2025-12-09 09:50:13.240 65522 INFO tempest.lib.common.rest_client [req-9f05e2ac-8a13-4c78-8642-2de49a85642f req-9f05e2ac-8a13-4c78-8642-2de49a85642f ] Request (ServerDiagnosticsTest:tearDownClass): 200 GET http://10.180.1.21/compute/v2.1/servers/8f7ea8dd-9e04-4425-981f-28a4b9c7139e 0.759s
2025-12-09 09:50:13.301 65484 INFO tempest.lib.common.rest_client [req-cd487c17-26b9-4ed4-a28d-811f81d359a5 req-cd487c17-26b9-4ed4-a28d-811f81d359a5 ] Request (ServerMetadataNegativeTestJSON:setUpClass): 200 GET http://10.180.1.21/compute/v2.1/servers/559aa898-6617-45f6-8be6-85e2b478c8a7 0.764s
2025-12-09 09:50:13.354 65482 INFO tempest.lib.common.rest_client [req-f8770db7-bbd6-41dd-a098-1ace3966778b req-f8770db7-bbd6-41dd-a098-1ace3966778b ] Request (ImagesNegativeTestJSON:test_create_image_from_deleted_server): 200 GET http://10.180.1.21/compute/v2.1/servers/40bee384-6732-4d59-85e4-856e75648894 0.799s
2025-12-09 09:50:13.468 65490 INFO tempest.lib.common.rest_client [req-17d710cd-0307-4736-93c8-92bf141e972c req-17d710cd-0307-4736-93c8-92bf141e972c ] Request (ServersTestManualDisk:tearDownClass): 200 GET http://10.180.1.21/compute/v2.1/servers/1c2baa7c-87a2-494a-924c-c9861692a8aa 0.840s
2025-12-09 09:50:13.539 65514 INFO tempest.lib.common.rest_client [req-878d1020-14cd-4b96-9518-95d5e43d4654 req-878d1020-14cd-4b96-9518-95d5e43d4654 ] Request (ServersAdminNegativeTestJSON:tearDownClass): 200 GET http://10.180.1.21/compute/v2.1/servers/f79c040a-00b3-4e7a-b354-f542b759911a 1.364s
2025-12-09 09:50:13.556 65478 INFO tempest.lib.common.rest_client [req-5fbb9eba-a85e-49d2-a310-6b86a65ead64 req-5fbb9eba-a85e-49d2-a310-6b86a65ead64 ] Request (ServerDiskConfigTestJSON:test_rebuild_server_with_manual_disk_config): 200 GET http://10.180.1.21/compute/v2.1/servers/fbc0e22b-a3ac-4dfb-b842-0554676ae0d2 0.863s
2025-12-09 09:50:13.610 65472 INFO tempest.lib.common.rest_client [req-eafa253e-45ea-4652-a450-0f8593ee1404 req-eafa253e-45ea-4652-a450-0f8593ee1404 ] Request (SecurityGroupsTestJSON:test_list_security_groups_by_server): 200 GET http://10.180.1.21/compute/v2.1/servers/6fd779d9-0150-49e8-bb4c-e83343b01c55 0.817s
2025-12-09 09:50:13.626 65488 INFO tempest.lib.common.rest_client [req-00b255cf-4f45-4e7d-a352-c7ae107103a9 req-00b255cf-4f45-4e7d-a352-c7ae107103a9 ] Request (FloatingIPsAssociationTestJSON:tearDownClass): 200 GET http://10.180.1.21/compute/v2.1/servers/ce5ded2c-2aa2-4c7a-9b34-79ac6ed1fdcc 0.859s
2025-12-09 09:50:13.677 65520 INFO tempest.lib.common.rest_client [req-f8586f49-4403-4a69-8ead-8fefbcda0909 req-f8586f49-4403-4a69-8ead-8fefbcda0909 ] Request (ServerPasswordTestJSON:tearDownClass): 200 GET http://10.180.1.21/compute/v2.1/servers/17f7df5a-7ba7-489d-89d5-d5c9ff2b8929 0.848s
2025-12-09 09:50:13.699 65504 INFO tempest.lib.common.rest_client [req-44a45129-dd02-4c90-9ab0-77b19dea84c9 req-44a45129-dd02-4c90-9ab0-77b19dea84c9 ] Request (VolumesAdminNegativeTest:test_update_attached_volume_with_nonexistent_volume_in_uri): 200 GET http://10.180.1.21/compute/v2.1/servers/68beeb75-a481-4d34-a752-3de3d1df4ad4 0.800s
2025-12-09 09:50:13.710 65480 INFO tempest.lib.common.rest_client [req-52904c7d-337b-45f6-a70d-5c573da7656a req-52904c7d-337b-45f6-a70d-5c573da7656a ] Request (FlavorsExtraSpecsNegativeTestJSON:test_flavor_non_admin_update_specific_key): 403 PUT http://10.180.1.21/compute/v2.1/flavors/1386098092/os-extra_specs/hw:numa_nodes 0.683s
2025-12-09 09:50:13.750 65500 INFO tempest.lib.common.rest_client [req-d42d18c7-2494-4063-b721-835ac1714488 req-d42d18c7-2494-4063-b721-835ac1714488 ] Request (SecurityGroupRulesNegativeTestJSON:test_create_security_group_rule_with_invalid_port_range): 400 POST http://10.180.1.21/compute/v2.1/os-security-group-rules 0.647s
2025-12-09 09:50:13.775 65524 INFO tempest.lib.common.rest_client [req-52edb089-e692-4cb7-9548-78a1cdce1a1b req-52edb089-e692-4cb7-9548-78a1cdce1a1b ] Request (ServerRescueTestJSONUnderV235:tearDownClass): 200 GET http://10.180.1.21/compute/v2.1/servers/c03fb5b5-7a44-46d0-813a-f15819b21953 0.816s
2025-12-09 09:50:13.848 65502 WARNING tempest.lib.common.ssh [-] Failed to establish authenticated ssh connection to cirros@10.180.180.136 ([Errno None] Unable to connect to port 22 on 10.180.180.136). Number attempts: 8. Retry after 9 seconds.: paramiko.ssh_exception.NoValidConnectionsError: [Errno None] Unable to connect to port 22 on 10.180.180.136
2025-12-09 09:50:13.949 65510 INFO tempest.lib.common.rest_client [req-063046ee-c974-4203-a127-b9036209f9fd req-063046ee-c974-4203-a127-b9036209f9fd ] Request (ListServersNegativeTestJSON:setUpClass): 200 GET http://10.180.1.21/compute/v2.1/servers/533ccbf6-bb93-4bde-ac80-35328114f16d 0.781s
2025-12-09 09:50:13.979 65530 INFO tempest.lib.common.rest_client [req-6bd082f4-febb-4f7a-8396-be315e6aefb0 req-6bd082f4-febb-4f7a-8396-be315e6aefb0 ] Request (ServersTestMultiNic:test_verify_multiple_nics_order): 200 GET http://10.180.1.21/compute/v2.1/servers/cd15fbe1-f32f-4e5e-9a69-b53fba1b189d 0.771s
2025-12-09 09:50:13.987 65530 INFO tempest.common.waiters [-] State transition "BUILD/None" ==> "BUILD/networking" after 40 second wait
2025-12-09 09:50:14.039 65498 INFO tempest.lib.common.rest_client [req-e4a2fe76-a9d7-4612-9a8c-d8a94e7afe35 req-e4a2fe76-a9d7-4612-9a8c-d8a94e7afe35 ] Request (ImagesTestJSON:test_create_server_from_snapshot): 200 GET http://10.180.1.21/compute/v2.1/servers/0bfea838-a496-422b-a842-4aa17eb057fb 0.586s
2025-12-09 09:50:14.089 65494 INFO tempest.lib.common.rest_client [req-88183542-48b0-4955-bef3-0778e6373ea4 req-88183542-48b0-4955-bef3-0778e6373ea4 ] Request (ServerShowV247Test:tearDownClass): 200 GET http://10.180.1.21/compute/v2.1/servers/aae8c1fe-a3e5-4dcd-8e9b-671d5204c5c1 0.565s
2025-12-09 09:50:14.101 65480 INFO tempest.lib.common.rest_client [req-0f5be3b6-f3dd-4cb3-a257-30fe8bc59307 req-0f5be3b6-f3dd-4cb3-a257-30fe8bc59307 ] Request (FlavorsExtraSpecsNegativeTestJSON:test_flavor_unset_nonexistent_key): 404 DELETE http://10.180.1.21/compute/v2.1/flavors/1386098092/os-extra_specs/hw:cpu_thread_policy 0.389s
2025-12-09 09:50:14.217 65500 INFO tempest.lib.common.rest_client [req-cbd5408d-6321-4d2a-a1a9-6c7dae296b22 req-cbd5408d-6321-4d2a-a1a9-6c7dae296b22 ] Request (SecurityGroupRulesNegativeTestJSON:test_create_security_group_rule_with_invalid_to_port): 200 POST http://10.180.1.21/compute/v2.1/os-security-groups 0.466s
2025-12-09 09:50:14.221 65516 INFO tempest.lib.common.rest_client [req-b491abff-d9f2-4997-a760-d982810277fc req-b491abff-d9f2-4997-a760-d982810277fc ] Request (MultipleCreateTestJSON:tearDownClass): 200 GET http://10.180.1.21/compute/v2.1/servers/65af83f7-96b0-4c20-b1e7-006025c271d8 0.651s
2025-12-09 09:50:14.271 65528 INFO tempest.lib.common.rest_client [req-6b6de51b-fd7c-4694-9dde-8b91336266a6 req-6b6de51b-fd7c-4694-9dde-8b91336266a6 ] Request (ServerActionsTestOtherA:setUpClass): 200 GET http://10.180.1.21/compute/v2.1/servers/befad315-d547-44c8-a16a-1aedc5efa7e7 0.451s
2025-12-09 09:50:14.326 65526 INFO tempest.lib.common.rest_client [req-25d1e26f-8c04-4993-b15c-35409a77490c req-25d1e26f-8c04-4993-b15c-35409a77490c ] Request (MigrationsAdminTest:test_resize_server_revert_deleted_flavor): 200 GET http://10.180.1.21/compute/v2.1/servers/96cae346-18e5-41f6-ac35-c67366617a5d 0.482s
2025-12-09 09:50:14.339 65486 INFO tempest.lib.common.rest_client [req-8ec3924a-8ade-43e4-b35e-3d0881942966 req-8ec3924a-8ade-43e4-b35e-3d0881942966 ] Request (ServerRescueNegativeTestJSON:test_rescued_vm_detach_volume): 200 GET http://10.180.1.21/compute/v2.1/servers/2e6d2073-2be7-4596-ae86-a5bd3e50ca55 0.467s
2025-12-09 09:50:14.347 65486 INFO tempest.common.waiters [-] State transition "BUILD/scheduling" ==> "BUILD/None" after 5 second wait
2025-12-09 09:50:14.389 65496 INFO tempest.lib.common.rest_client [req-42b549dd-feab-4949-baa9-8a5ed315da4a req-42b549dd-feab-4949-baa9-8a5ed315da4a ] Request (ServersListShow296Test:tearDownClass): 200 GET http://10.180.1.21/compute/v2.1/servers/11181332-af23-4e30-b246-41ab57ca066d 0.464s
2025-12-09 09:50:14.456 65512 INFO tempest.lib.common.rest_client [req-9616bb3c-a84b-4701-850d-521dcf803126 req-9616bb3c-a84b-4701-850d-521dcf803126 ] Request (InstanceActionsV221TestJSON:test_get_list_deleted_instance_actions): 200 GET http://10.180.1.21/compute/v2.1/servers/79cb369a-8c29-4f29-81bd-574086cbe295 0.443s
2025-12-09 09:50:14.461 65480 INFO tempest.lib.common.rest_client [req-0970a885-98de-4767-b1bb-e4a39262a393 req-0970a885-98de-4767-b1bb-e4a39262a393 ] Request (FlavorsExtraSpecsNegativeTestJSON:test_flavor_update_mismatch_key): 400 PUT http://10.180.1.21/compute/v2.1/flavors/1386098092/os-extra_specs/hw:numa_nodes 0.358s
2025-12-09 09:50:14.478 65532 INFO tempest.lib.common.rest_client [req-58bd752e-4e25-4f8f-9e48-6adeab0cbfcd req-58bd752e-4e25-4f8f-9e48-6adeab0cbfcd ] Request (ServersAdminTestJSON:_run_cleanups): 200 GET http://10.180.1.21/compute/v2.1/servers/de07401c-79be-4192-9636-a9d6193feae7 0.493s
2025-12-09 09:50:14.508 65500 INFO tempest.lib.common.rest_client [req-b02b3cb6-38eb-4652-ae39-892ef6ccb855 req-b02b3cb6-38eb-4652-ae39-892ef6ccb855 ] Request (SecurityGroupRulesNegativeTestJSON:test_create_security_group_rule_with_invalid_to_port): 400 POST http://10.180.1.21/compute/v2.1/os-security-group-rules 0.287s
2025-12-09 09:50:14.527 65474 INFO tempest.lib.common.rest_client [req-149db776-17c2-47b8-86c6-62dd187ceb8e req-149db776-17c2-47b8-86c6-62dd187ceb8e ] Request (AttachVolumeNegativeTest:test_attach_attached_volume_to_different_server): 200 GET http://10.180.1.21/compute/v2.1/servers/cd5c19f4-855a-494f-b8ef-5342b59f89d9 0.354s
2025-12-09 09:50:14.564 65522 INFO tempest.lib.common.rest_client [req-d6056287-4a9c-4267-9fc5-f17eee01af24 req-d6056287-4a9c-4267-9fc5-f17eee01af24 ] Request (ServerDiagnosticsTest:tearDownClass): 200 GET http://10.180.1.21/compute/v2.1/servers/8f7ea8dd-9e04-4425-981f-28a4b9c7139e 0.315s
2025-12-09 09:50:14.577 65484 INFO tempest.lib.common.rest_client [req-4a562360-4481-4679-97b3-77279db64d80 req-4a562360-4481-4679-97b3-77279db64d80 ] Request (ServerMetadataNegativeTestJSON:setUpClass): 200 GET http://10.180.1.21/compute/v2.1/servers/559aa898-6617-45f6-8be6-85e2b478c8a7 0.268s
2025-12-09 09:50:14.581 65480 INFO tempest.lib.common.rest_client [req-1634d79e-ab55-4f9d-96d5-f153d4c04917 req-1634d79e-ab55-4f9d-96d5-f153d4c04917 ] Request (FlavorsExtraSpecsNegativeTestJSON:test_flavor_update_more_key): 400 PUT http://10.180.1.21/compute/v2.1/flavors/1386098092/os-extra_specs/hw:numa_nodes 0.119s
2025-12-09 09:50:14.611 65482 INFO tempest.lib.common.rest_client [req-3f30b462-fa31-48db-9b00-644547342827 req-3f30b462-fa31-48db-9b00-644547342827 ] Request (ImagesNegativeTestJSON:test_create_image_from_deleted_server): 200 GET http://10.180.1.21/compute/v2.1/servers/40bee384-6732-4d59-85e4-856e75648894 0.242s
2025-12-09 09:50:14.633 65500 INFO tempest.lib.common.rest_client [req-68684811-6264-4eb1-94bd-dcc8956cc343 req-68684811-6264-4eb1-94bd-dcc8956cc343 ] Request (SecurityGroupRulesNegativeTestJSON:test_create_security_group_rule_with_non_existent_id): 404 POST http://10.180.1.21/compute/v2.1/os-security-group-rules 0.123s
2025-12-09 09:50:14.660 65490 INFO tempest.lib.common.rest_client [req-d197a868-e8c4-4c10-8bd4-ed28da7e5ef8 req-d197a868-e8c4-4c10-8bd4-ed28da7e5ef8 ] Request (ServersTestManualDisk:tearDownClass): 200 GET http://10.180.1.21/compute/v2.1/servers/1c2baa7c-87a2-494a-924c-c9861692a8aa 0.181s
2025-12-09 09:50:14.702 65514 INFO tempest.lib.common.rest_client [req-25521c88-515a-475b-98e8-6850d7e094b6 req-25521c88-515a-475b-98e8-6850d7e094b6 ] Request (ServersAdminNegativeTestJSON:tearDownClass): 200 GET http://10.180.1.21/compute/v2.1/servers/f79c040a-00b3-4e7a-b354-f542b759911a 0.155s
2025-12-09 09:50:14.718 65480 INFO tempest.lib.common.rest_client [req-8005d087-f38c-4612-899d-c415600b137e req-8005d087-f38c-4612-899d-c415600b137e ] Request (FlavorsExtraSpecsNegativeTestJSON:tearDownClass): 202 DELETE http://10.180.1.21/compute/v2.1/flavors/1386098092 0.134s
2025-12-09 09:50:14.720 65478 INFO tempest.lib.common.rest_client [req-68bc8c3c-f773-4559-8ce8-9e3922491115 req-68bc8c3c-f773-4559-8ce8-9e3922491115 ] Request (ServerDiskConfigTestJSON:test_rebuild_server_with_manual_disk_config): 200 GET http://10.180.1.21/compute/v2.1/servers/fbc0e22b-a3ac-4dfb-b842-0554676ae0d2 0.149s
2025-12-09 09:50:14.771 65472 INFO tempest.lib.common.rest_client [req-98e9170a-2ab3-40c1-b92e-a0435d1e1ab9 req-98e9170a-2ab3-40c1-b92e-a0435d1e1ab9 ] Request (SecurityGroupsTestJSON:test_list_security_groups_by_server): 200 GET http://10.180.1.21/compute/v2.1/servers/6fd779d9-0150-49e8-bb4c-e83343b01c55 0.152s
2025-12-09 09:50:14.785 65488 INFO tempest.lib.common.rest_client [req-73ec25ed-3d32-4864-91e6-f8008e7f0a09 req-73ec25ed-3d32-4864-91e6-f8008e7f0a09 ] Request (FloatingIPsAssociationTestJSON:tearDownClass): 200 GET http://10.180.1.21/compute/v2.1/servers/ce5ded2c-2aa2-4c7a-9b34-79ac6ed1fdcc 0.152s
2025-12-09 09:50:14.790 65500 INFO tempest.lib.common.rest_client [req-96da0a14-dd26-4761-86e2-876456e1fd7f req-96da0a14-dd26-4761-86e2-876456e1fd7f ] Request (SecurityGroupRulesNegativeTestJSON:test_delete_security_group_rule_with_non_existent_id): 404 DELETE http://10.180.1.21/compute/v2.1/os-security-group-rules/6118f9ae-8ad2-415b-8625-f821ad09f1f4 0.155s
2025-12-09 09:50:14.844 65504 INFO tempest.lib.common.rest_client [req-a92e8978-31de-4e9b-a091-32d24475c1fc req-a92e8978-31de-4e9b-a091-32d24475c1fc ] Request (VolumesAdminNegativeTest:test_update_attached_volume_with_nonexistent_volume_in_uri): 200 GET http://10.180.1.21/compute/v2.1/servers/68beeb75-a481-4d34-a752-3de3d1df4ad4 0.137s
2025-12-09 09:50:14.853 65520 INFO tempest.lib.common.rest_client [req-154e4faf-5475-4481-b8d7-da51715a75db req-154e4faf-5475-4481-b8d7-da51715a75db ] Request (ServerPasswordTestJSON:tearDownClass): 200 GET http://10.180.1.21/compute/v2.1/servers/17f7df5a-7ba7-489d-89d5-d5c9ff2b8929 0.167s
2025-12-09 09:50:14.866 65480 INFO tempest.lib.common.rest_client [req-b6457cdb-7866-4bb0-8f4f-8ed7d1f9dcbe req-b6457cdb-7866-4bb0-8f4f-8ed7d1f9dcbe ] Request (FlavorsExtraSpecsNegativeTestJSON:tearDownClass): 200 GET http://10.180.1.21/compute/v2.1/flavors/detail 0.147s
2025-12-09 09:50:14.925 65524 INFO tempest.lib.common.rest_client [req-b8020fa3-1f97-4776-b9a2-a5582b0d8803 req-b8020fa3-1f97-4776-b9a2-a5582b0d8803 ] Request (ServerRescueTestJSONUnderV235:tearDownClass): 200 GET http://10.180.1.21/compute/v2.1/servers/c03fb5b5-7a44-46d0-813a-f15819b21953 0.142s
2025-12-09 09:50:14.988 65480 INFO tempest.lib.common.rest_client [req-02315b1d-06d2-48ce-8c45-a14f7bc8fa3d req-02315b1d-06d2-48ce-8c45-a14f7bc8fa3d ] Request (FlavorsExtraSpecsNegativeTestJSON:tearDownClass): 204 DELETE http://10.180.1.21/identity/v3/users/4b4eb854d38740c0bc6d3c940bac1d97 0.116s
2025-12-09 09:50:14.996 65500 INFO tempest.lib.common.rest_client [req-119e9bde-88f6-49ea-a54f-a77233556f58 req-119e9bde-88f6-49ea-a54f-a77233556f58 ] Request (SecurityGroupRulesNegativeTestJSON:tearDownClass): 202 DELETE http://10.180.1.21/compute/v2.1/os-security-groups/f4117894-2930-4373-8220-949871bf813c 0.204s
2025-12-09 09:50:15.111 65480 INFO tempest.lib.common.rest_client [req-9629a777-6b6d-4b2a-b120-184a203afea4 req-9629a777-6b6d-4b2a-b120-184a203afea4 ] Request (FlavorsExtraSpecsNegativeTestJSON:tearDownClass): 204 DELETE http://10.180.1.21/identity/v3/users/c03d43fd8f0e44579999af2284eb74b3 0.123s
2025-12-09 09:50:15.111 65480 INFO tempest.lib.common.dynamic_creds [-] Deleting project and security group for project: 27413474e7644b4b8d0f490dba2b2e7c
2025-12-09 09:50:15.177 65510 INFO tempest.lib.common.rest_client [req-f3058874-be27-4929-8ee3-ba6769784d0a req-f3058874-be27-4929-8ee3-ba6769784d0a ] Request (ListServersNegativeTestJSON:setUpClass): 200 GET http://10.180.1.21/compute/v2.1/servers/533ccbf6-bb93-4bde-ac80-35328114f16d 0.220s
2025-12-09 09:50:15.183 65480 INFO tempest.lib.common.rest_client [req-c72376c4-5877-48b1-b8c9-239d5738f22d req-c72376c4-5877-48b1-b8c9-239d5738f22d ] Request (FlavorsExtraSpecsNegativeTestJSON:tearDownClass): 201 POST http://10.180.1.21/identity/v3/auth/tokens 0.071s
2025-12-09 09:50:15.206 65530 INFO tempest.lib.common.rest_client [req-5f0c5ce6-00f2-4fd0-a3f6-01fb7971e5d8 req-5f0c5ce6-00f2-4fd0-a3f6-01fb7971e5d8 ] Request (ServersTestMultiNic:test_verify_multiple_nics_order): 200 GET http://10.180.1.21/compute/v2.1/servers/cd15fbe1-f32f-4e5e-9a69-b53fba1b189d 0.218s
2025-12-09 09:50:15.217 65530 INFO tempest.common.waiters [-] State transition "BUILD/networking" ==> "BUILD/spawning" after 42 second wait
2025-12-09 09:50:15.415 65480 INFO tempest.lib.common.rest_client [req-319220c3-b2f1-467d-88aa-e178bbb13342 req-319220c3-b2f1-467d-88aa-e178bbb13342 ] Request (FlavorsExtraSpecsNegativeTestJSON:tearDownClass): 200 GET http://10.180.1.21/networking/v2.0/security-groups?tenant_id=27413474e7644b4b8d0f490dba2b2e7c&name=default 0.232s
2025-12-09 09:50:15.435 65498 INFO tempest.lib.common.rest_client [req-50374b8a-22a1-4b62-9393-a1275c54929f req-50374b8a-22a1-4b62-9393-a1275c54929f ] Request (ImagesTestJSON:test_create_server_from_snapshot): 200 GET http://10.180.1.21/compute/v2.1/servers/0bfea838-a496-422b-a842-4aa17eb057fb 0.382s
2025-12-09 09:50:15.551 65500 INFO tempest.lib.common.rest_client [req-3daf0f32-f2e9-4b61-9e62-2a793dca2f01 req-3daf0f32-f2e9-4b61-9e62-2a793dca2f01 ] Request (SecurityGroupRulesNegativeTestJSON:tearDownClass): 202 DELETE http://10.180.1.21/compute/v2.1/os-security-groups/06e8ef27-32c0-4372-b1f4-ef3edbca78e8 0.555s
2025-12-09 09:50:15.629 65480 INFO tempest.lib.common.rest_client [req-ae89ab00-6335-45d4-81aa-74b7e53cc147 req-ae89ab00-6335-45d4-81aa-74b7e53cc147 ] Request (FlavorsExtraSpecsNegativeTestJSON:tearDownClass): 204 DELETE http://10.180.1.21/networking/v2.0/security-groups/cf5cbc7c-d4af-4759-8e5e-baea2334a024 0.213s
2025-12-09 09:50:15.677 65494 INFO tempest.lib.common.rest_client [req-e717de13-cc46-4561-bf1f-77ad99e3d49b req-e717de13-cc46-4561-bf1f-77ad99e3d49b ] Request (ServerShowV247Test:tearDownClass): 200 GET http://10.180.1.21/compute/v2.1/servers/aae8c1fe-a3e5-4dcd-8e9b-671d5204c5c1 0.572s
2025-12-09 09:50:15.694 65516 INFO tempest.lib.common.rest_client [req-c4cc652d-f3dc-493f-b46c-a1648e0e8039 req-c4cc652d-f3dc-493f-b46c-a1648e0e8039 ] Request (MultipleCreateTestJSON:tearDownClass): 200 GET http://10.180.1.21/compute/v2.1/servers/65af83f7-96b0-4c20-b1e7-006025c271d8 0.462s
2025-12-09 09:50:15.746 65480 INFO tempest.lib.common.rest_client [req-51eed096-d778-450e-9234-12c089e2fe93 req-51eed096-d778-450e-9234-12c089e2fe93 ] Request (FlavorsExtraSpecsNegativeTestJSON:tearDownClass): 204 DELETE http://10.180.1.21/identity/v3/projects/27413474e7644b4b8d0f490dba2b2e7c 0.117s
2025-12-09 09:50:15.746 65480 INFO tempest.lib.common.dynamic_creds [-] Deleting project and security group for project: 61fa29a397014ff4b18b4ec4bafe7afe
2025-12-09 09:50:15.800 65528 INFO tempest.lib.common.rest_client [req-445a82da-a5a8-4fbb-a34d-15a23be2e48b req-445a82da-a5a8-4fbb-a34d-15a23be2e48b ] Request (ServerActionsTestOtherA:setUpClass): 200 GET http://10.180.1.21/compute/v2.1/servers/befad315-d547-44c8-a16a-1aedc5efa7e7 0.521s
2025-12-09 09:50:15.912 65480 INFO tempest.lib.common.rest_client [req-44bdfaa1-f3a9-41b8-859f-d9dee30f782a req-44bdfaa1-f3a9-41b8-859f-d9dee30f782a ] Request (FlavorsExtraSpecsNegativeTestJSON:tearDownClass): 200 GET http://10.180.1.21/networking/v2.0/security-groups?tenant_id=61fa29a397014ff4b18b4ec4bafe7afe&name=default 0.165s
2025-12-09 09:50:15.937 65486 INFO tempest.lib.common.rest_client [req-9ee781d7-5bc8-4167-8ed4-d53b3fb0a0b9 req-9ee781d7-5bc8-4167-8ed4-d53b3fb0a0b9 ] Request (ServerRescueNegativeTestJSON:test_rescued_vm_detach_volume): 200 GET http://10.180.1.21/compute/v2.1/servers/2e6d2073-2be7-4596-ae86-a5bd3e50ca55 0.589s
2025-12-09 09:50:15.966 65526 INFO tempest.lib.common.rest_client [req-f57e5d77-deff-44ad-9669-cbf084c2bf79 req-f57e5d77-deff-44ad-9669-cbf084c2bf79 ] Request (MigrationsAdminTest:test_resize_server_revert_deleted_flavor): 200 GET http://10.180.1.21/compute/v2.1/servers/96cae346-18e5-41f6-ac35-c67366617a5d 0.629s
2025-12-09 09:50:16.032 65512 INFO tempest.lib.common.rest_client [req-c77b8966-8adf-4bfc-aea5-4edd4054b073 req-c77b8966-8adf-4bfc-aea5-4edd4054b073 ] Request (InstanceActionsV221TestJSON:test_get_list_deleted_instance_actions): 200 GET http://10.180.1.21/compute/v2.1/servers/79cb369a-8c29-4f29-81bd-574086cbe295 0.565s
2025-12-09 09:50:16.040 65480 INFO tempest.lib.common.rest_client [req-cba851e6-126f-45e4-9d97-8b4d0ebf6bc4 req-cba851e6-126f-45e4-9d97-8b4d0ebf6bc4 ] Request (FlavorsExtraSpecsNegativeTestJSON:tearDownClass): 204 DELETE http://10.180.1.21/networking/v2.0/security-groups/3b7ebc93-851f-45a8-a527-c0f5442dc754 0.128s
2025-12-09 09:50:16.050 65496 INFO tempest.lib.common.rest_client [req-7b90b2f3-4253-4081-9d9d-fed22d089de8 req-7b90b2f3-4253-4081-9d9d-fed22d089de8 ] Request (ServersListShow296Test:tearDownClass): 200 GET http://10.180.1.21/compute/v2.1/servers/11181332-af23-4e30-b246-41ab57ca066d 0.648s
2025-12-09 09:50:16.103 65474 INFO tempest.lib.common.rest_client [req-5a8c6df3-01f0-49bc-9ffc-236254d87c5e req-5a8c6df3-01f0-49bc-9ffc-236254d87c5e ] Request (AttachVolumeNegativeTest:test_attach_attached_volume_to_different_server): 200 GET http://10.180.1.21/compute/v2.1/servers/cd5c19f4-855a-494f-b8ef-5342b59f89d9 0.568s
2025-12-09 09:50:16.133 65532 INFO tempest.lib.common.rest_client [req-71e29220-7529-4d58-a626-c1ed226a808b req-71e29220-7529-4d58-a626-c1ed226a808b ] Request (ServersAdminTestJSON:_run_cleanups): 200 GET http://10.180.1.21/compute/v2.1/servers/de07401c-79be-4192-9636-a9d6193feae7 0.647s
2025-12-09 09:50:16.140 65532 INFO tempest.common.waiters [-] State transition "REBUILD/rebuilding" ==> "REBUILD/rebuild_spawning" after 4 second wait
2025-12-09 09:50:16.144 65480 INFO tempest.lib.common.rest_client [req-89ae82b5-7e86-4f91-a879-e9aaf60811c1 req-89ae82b5-7e86-4f91-a879-e9aaf60811c1 ] Request (FlavorsExtraSpecsNegativeTestJSON:tearDownClass): 204 DELETE http://10.180.1.21/identity/v3/projects/61fa29a397014ff4b18b4ec4bafe7afe 0.103s
2025-12-09 09:50:16.193 65522 INFO tempest.lib.common.rest_client [req-ec256ac4-77d8-47d5-8be3-8ff910ddd8dd req-ec256ac4-77d8-47d5-8be3-8ff910ddd8dd ] Request (ServerDiagnosticsTest:tearDownClass): 200 GET http://10.180.1.21/compute/v2.1/servers/8f7ea8dd-9e04-4425-981f-28a4b9c7139e 0.621s
2025-12-09 09:50:16.208 65480 INFO tempest.lib.common.rest_client [req-94b8bb94-722b-40c7-a423-912c8f2040c0 req-94b8bb94-722b-40c7-a423-912c8f2040c0 ] Request (ImagesOneServerTestJSON:setUpClass): 201 POST http://10.180.1.21/identity/v3/auth/tokens 0.062s
2025-12-09 09:50:16.216 65500 INFO tempest.lib.common.rest_client [req-61006624-abfc-434c-a45f-42f52ea9af4d req-61006624-abfc-434c-a45f-42f52ea9af4d ] Request (SecurityGroupRulesNegativeTestJSON:tearDownClass): 202 DELETE http://10.180.1.21/compute/v2.1/os-security-groups/a1a41012-0073-474f-a7d7-0253b98b0fde 0.665s
2025-12-09 09:50:16.244 65480 INFO tempest.lib.common.rest_client [req-ab0b7bb9-2997-4cc7-aa71-2ea7e646a613 req-ab0b7bb9-2997-4cc7-aa71-2ea7e646a613 ] Request (ImagesOneServerTestJSON:setUpClass): 201 POST http://10.180.1.21/identity/v3/auth/tokens 0.031s
2025-12-09 09:50:16.250 65484 INFO tempest.lib.common.rest_client [req-bd4913ba-6ca8-4a7c-bee6-e6a7bfb39022 req-bd4913ba-6ca8-4a7c-bee6-e6a7bfb39022 ] Request (ServerMetadataNegativeTestJSON:setUpClass): 200 GET http://10.180.1.21/compute/v2.1/servers/559aa898-6617-45f6-8be6-85e2b478c8a7 0.663s
2025-12-09 09:50:16.268 65482 INFO tempest.lib.common.rest_client [req-54f1e1f7-2e5f-43f6-8aa6-fd35b56d8446 req-54f1e1f7-2e5f-43f6-8aa6-fd35b56d8446 ] Request (ImagesNegativeTestJSON:test_create_image_from_deleted_server): 200 GET http://10.180.1.21/compute/v2.1/servers/40bee384-6732-4d59-85e4-856e75648894 0.649s
2025-12-09 09:50:16.268 65480 INFO tempest.lib.common.rest_client [req-a42475d2-17f3-43e1-ba7c-d2727155eee8 req-a42475d2-17f3-43e1-ba7c-d2727155eee8 ] Request (ImagesOneServerTestJSON:setUpClass): 200 GET http://10.180.1.21/identity/v3/domains?name=Default 0.023s
2025-12-09 09:50:16.304 65480 INFO tempest.lib.common.rest_client [req-3cc5c907-406a-4fa2-a0a4-88c9681830f5 req-3cc5c907-406a-4fa2-a0a4-88c9681830f5 ] Request (ImagesOneServerTestJSON:setUpClass): 201 POST http://10.180.1.21/identity/v3/projects 0.035s
2025-12-09 09:50:16.321 65490 INFO tempest.lib.common.rest_client [req-ecc0ad82-2919-49f4-8b08-083f28b3875f req-ecc0ad82-2919-49f4-8b08-083f28b3875f ] Request (ServersTestManualDisk:tearDownClass): 200 GET http://10.180.1.21/compute/v2.1/servers/1c2baa7c-87a2-494a-924c-c9861692a8aa 0.654s
2025-12-09 09:50:16.344 65514 INFO tempest.lib.common.rest_client [req-7e42f68f-2bf1-431b-ae52-8488006dbc73 req-7e42f68f-2bf1-431b-ae52-8488006dbc73 ] Request (ServersAdminNegativeTestJSON:tearDownClass): 200 GET http://10.180.1.21/compute/v2.1/servers/f79c040a-00b3-4e7a-b354-f542b759911a 0.634s
2025-12-09 09:50:16.389 65478 INFO tempest.lib.common.rest_client [req-bf93f6dd-ab7a-4014-b58c-45120d7c59fe req-bf93f6dd-ab7a-4014-b58c-45120d7c59fe ] Request (ServerDiskConfigTestJSON:test_rebuild_server_with_manual_disk_config): 200 GET http://10.180.1.21/compute/v2.1/servers/fbc0e22b-a3ac-4dfb-b842-0554676ae0d2 0.661s
2025-12-09 09:50:16.393 65480 INFO tempest.lib.common.rest_client [req-740b0af4-dae6-492d-9bcd-a55c2b765632 req-740b0af4-dae6-492d-9bcd-a55c2b765632 ] Request (ImagesOneServerTestJSON:setUpClass): 201 POST http://10.180.1.21/identity/v3/users 0.088s
2025-12-09 09:50:16.408 65472 INFO tempest.lib.common.rest_client [req-8ec4f2d0-1c8e-446b-b9d3-76c23be620d1 req-8ec4f2d0-1c8e-446b-b9d3-76c23be620d1 ] Request (SecurityGroupsTestJSON:test_list_security_groups_by_server): 200 GET http://10.180.1.21/compute/v2.1/servers/6fd779d9-0150-49e8-bb4c-e83343b01c55 0.628s
2025-12-09 09:50:16.417 65488 INFO tempest.lib.common.rest_client [req-687df8fa-3ab1-4edb-b565-f3f23a6213ab req-687df8fa-3ab1-4edb-b565-f3f23a6213ab ] Request (FloatingIPsAssociationTestJSON:tearDownClass): 404 GET http://10.180.1.21/compute/v2.1/servers/ce5ded2c-2aa2-4c7a-9b34-79ac6ed1fdcc 0.621s
2025-12-09 09:50:16.418 65480 INFO tempest.lib.common.rest_client [req-313e0ff8-1f15-43ad-a741-0a771b942838 req-313e0ff8-1f15-43ad-a741-0a771b942838 ] Request (ImagesOneServerTestJSON:setUpClass): 200 GET http://10.180.1.21/identity/v3/roles 0.024s
2025-12-09 09:50:16.467 65480 INFO tempest.lib.common.rest_client [req-9807f97f-120f-4721-b834-070de64c6cf0 req-9807f97f-120f-4721-b834-070de64c6cf0 ] Request (ImagesOneServerTestJSON:setUpClass): 204 PUT http://10.180.1.21/identity/v3/projects/2d085e831fdf46e4b484eda0ca0aeb8f/users/c6ecb8e2dc1c42c1a02d9fa2ec161291/roles/3d70e162b4694cf3a94cc19cff43525a 0.048s
2025-12-09 09:50:16.467 65480 INFO tempest.lib.common.dynamic_creds [-] Dynamic test user c6ecb8e2dc1c42c1a02d9fa2ec161291 is created with scope project and roles: ['member']
2025-12-09 09:50:16.467 65480 INFO tempest.lib.common.dynamic_creds [-] Acquired dynamic creds: credentials: Credentials: {'domain_id': 'default', 'domain_name': 'Default', 'username': 'tempest-ImagesOneServerTestJSON-1562777381-project-member', 'project_domain_id': 'default', 'project_domain_name': 'Default', 'project_id': '2d085e831fdf46e4b484eda0ca0aeb8f', 'project_name': 'tempest-ImagesOneServerTestJSON-1562777381', 'tenant_id': '2d085e831fdf46e4b484eda0ca0aeb8f', 'tenant_name': 'tempest-ImagesOneServerTestJSON-1562777381', 'user_domain_id': 'default', 'user_domain_name': 'Default', 'user_id': 'c6ecb8e2dc1c42c1a02d9fa2ec161291', 'system': None}, Network: None, Subnet: None, Router: None
2025-12-09 09:50:16.547 65480 INFO tempest.lib.common.rest_client [req-a7ebb114-e7b7-47f2-910c-8a0107c65b43 req-a7ebb114-e7b7-47f2-910c-8a0107c65b43 ] Request (ImagesOneServerTestJSON:setUpClass): 201 POST http://10.180.1.21/identity/v3/auth/tokens 0.079s
