2025-12-09 09:49:33.867 65486 INFO tempest.lib.common.rest_client [req-81506317-b24d-4295-8d50-7ccfe92a7e50 req-81506317-b24d-4295-8d50-7ccfe92a7e50 ] Request (ServerRescueNegativeTestJSON:test_rescued_vm_attach_volume): 200 GET http://10.180.1.21/volume/v3/volumes/bf76ee07-5e2e-41dd-929c-3cece575332b 0.070s
2025-12-09 09:49:34.017 65506 INFO tempest.lib.common.rest_client [req-f9c4bd41-f0a9-4942-af7a-a7d879a47461 req-f9c4bd41-f0a9-4942-af7a-a7d879a47461 ] Request (FlavorsV2NegativeTest:tearDownClass): 204 DELETE http://10.180.1.21/networking/v2.0/security-groups/5ee378ef-73bb-46e7-a96d-b63a5d4c62d8 0.242s
2025-12-09 09:49:34.075 65504 INFO tempest.lib.common.rest_client [req-21f370bd-47ca-46b6-b721-e6decaa7823a req-21f370bd-47ca-46b6-b721-e6decaa7823a ] Request (VolumesAdminNegativeTest:setUpClass): 201 POST http://10.180.1.21/networking/v2.0/routers 0.959s
2025-12-09 09:49:34.077 65508 INFO tempest.lib.common.rest_client [req-65eaeac3-e031-4e76-a51c-a6896cb71d92 req-65eaeac3-e031-4e76-a51c-a6896cb71d92 ] Request (ServerAddressesNegativeTestJSON:tearDownClass): 200 GET http://10.180.1.21/compute/v2.1/servers/e4b03ff4-37d3-445e-a176-d395009c4316 7.127s
2025-12-09 09:49:34.108 65520 INFO tempest.lib.common.rest_client [req-95cfa2e3-0138-426a-a50b-a6f6ec3c7706 req-95cfa2e3-0138-426a-a50b-a6f6ec3c7706 ] Request (ServerPasswordTestJSON:setUpClass): 200 GET http://10.180.1.21/compute/v2.1/servers/17f7df5a-7ba7-489d-89d5-d5c9ff2b8929 7.456s
2025-12-09 09:49:34.140 65506 INFO tempest.lib.common.rest_client [req-56a1662f-9c7e-4a18-a2c8-b0b41cca41ba req-56a1662f-9c7e-4a18-a2c8-b0b41cca41ba ] Request (FlavorsV2NegativeTest:tearDownClass): 204 DELETE http://10.180.1.21/identity/v3/projects/64edb4ea9332457daa94cf145fba72ea 0.123s
2025-12-09 09:49:34.187 65488 INFO tempest.lib.common.rest_client [req-40c384b4-ac42-4827-8085-92ea11f4b56d req-40c384b4-ac42-4827-8085-92ea11f4b56d ] Request (FloatingIPsAssociationTestJSON:tearDownClass): 204 DELETE http://10.180.1.21/compute/v2.1/servers/ce5ded2c-2aa2-4c7a-9b34-79ac6ed1fdcc 7.173s
2025-12-09 09:49:34.231 65482 INFO tempest.lib.common.rest_client [req-7d612404-c159-46b9-b2d0-24d57147c3ff req-7d612404-c159-46b9-b2d0-24d57147c3ff ] Request (ImagesMetadataTestJSON:test_update_image_metadata): 200 GET http://10.180.1.21/compute/v2.1/images/1591c0f2-e24f-4b78-b653-8894c0e06a7a/metadata 6.895s
2025-12-09 09:49:34.341 65482 INFO tempest.lib.common.rest_client [req-e72c18df-9d16-4716-bd35-2ce6b4207350 req-e72c18df-9d16-4716-bd35-2ce6b4207350 ] Request (ImagesMetadataTestJSON:tearDownClass): 204 DELETE http://10.180.1.21/image/v2/images/1591c0f2-e24f-4b78-b653-8894c0e06a7a 0.108s
2025-12-09 09:49:34.492 65482 INFO tempest.lib.common.rest_client [req-d8e814e7-0e24-4b92-b6f8-c7d6fb37a1e5 req-d8e814e7-0e24-4b92-b6f8-c7d6fb37a1e5 ] Request (ImagesMetadataTestJSON:tearDownClass): 204 DELETE http://10.180.1.21/identity/v3/users/13acab45d0724bd59d87951323d5ac25 0.150s
2025-12-09 09:49:34.492 65482 INFO tempest.lib.common.dynamic_creds [-] Deleting project and security group for project: 86830020bdb54045978c54c8631aab36
2025-12-09 09:49:34.535 65526 INFO tempest.lib.common.rest_client [req-95cb12a3-5e84-4b64-befd-27b0f0205521 req-95cb12a3-5e84-4b64-befd-27b0f0205521 ] Request (MigrationsAdminTest:test_resize_server_revert_deleted_flavor): 200 GET http://10.180.1.21/compute/v2.1/servers/96cae346-18e5-41f6-ac35-c67366617a5d 6.486s
2025-12-09 09:49:34.613 65490 INFO tempest.lib.common.rest_client [req-5c42dd71-10fb-400c-ae59-4ead83c2373a req-5c42dd71-10fb-400c-ae59-4ead83c2373a ] Request (ServersTestManualDisk:test_list_servers_with_detail): 200 GET http://10.180.1.21/compute/v2.1/servers/detail 7.514s
2025-12-09 09:49:34.641 65482 INFO tempest.lib.common.rest_client [req-aad24e4b-48ca-4492-a9b0-78ddd484c787 req-aad24e4b-48ca-4492-a9b0-78ddd484c787 ] Request (ImagesMetadataTestJSON:tearDownClass): 201 POST http://10.180.1.21/identity/v3/auth/tokens 0.148s
2025-12-09 09:49:34.824 65512 INFO tempest.lib.common.rest_client [req-1dcab0fd-3825-4e18-9f9a-349c478d8e88 req-1dcab0fd-3825-4e18-9f9a-349c478d8e88 ] Request (InstanceActionsV221TestJSON:test_get_list_deleted_instance_actions): 200 GET http://10.180.1.21/compute/v2.1/servers/79cb369a-8c29-4f29-81bd-574086cbe295 6.500s
2025-12-09 09:49:34.908 65486 INFO tempest.lib.common.rest_client [req-ba585398-f3a0-40f1-950f-9bf3482e57fb req-ba585398-f3a0-40f1-950f-9bf3482e57fb ] Request (ServerRescueNegativeTestJSON:test_rescued_vm_attach_volume): 200 GET http://10.180.1.21/volume/v3/volumes/bf76ee07-5e2e-41dd-929c-3cece575332b 0.034s
2025-12-09 09:49:34.915 65486 INFO tempest.common.waiters [-] volume bf76ee07-5e2e-41dd-929c-3cece575332b reached available after waiting for 1.915363 seconds
2025-12-09 09:49:35.019 65482 INFO tempest.lib.common.rest_client [req-a9b521d7-7d40-497a-9af6-381d592ab79e req-a9b521d7-7d40-497a-9af6-381d592ab79e ] Request (ImagesMetadataTestJSON:tearDownClass): 200 GET http://10.180.1.21/networking/v2.0/security-groups?tenant_id=86830020bdb54045978c54c8631aab36&name=default 0.375s
2025-12-09 09:49:35.046 65494 INFO tempest.lib.common.rest_client [req-79af85d9-2805-408b-b6e1-f3b28c091459 req-79af85d9-2805-408b-b6e1-f3b28c091459 ] Request (ServerShowV247Test:tearDownClass): 200 GET http://10.180.1.21/compute/v2.1/servers/fe1588c5-adfb-4ba4-b56f-f695ab3918df 6.549s
2025-12-09 09:49:35.060 65494 INFO tempest.common.waiters [-] State transition "ACTIVE/deleting" ==> "DELETED/None" after 8 second wait
2025-12-09 09:49:35.127 65502 WARNING tempest.lib.common.ssh [-] Failed to establish authenticated ssh connection to cirros@10.180.180.136 ([Errno None] Unable to connect to port 22 on 10.180.180.136). Number attempts: 3. Retry after 4 seconds.: paramiko.ssh_exception.NoValidConnectionsError: [Errno None] Unable to connect to port 22 on 10.180.180.136
2025-12-09 09:49:35.179 65496 INFO tempest.lib.common.rest_client [req-98170d74-cbc3-450d-9ce2-060bd7a21a09 req-98170d74-cbc3-450d-9ce2-060bd7a21a09 ] Request (ServersListShow296Test:test_list_show_update_rebuild_server_296): 200 GET http://10.180.1.21/compute/v2.1/servers/11181332-af23-4e30-b246-41ab57ca066d 6.680s
2025-12-09 09:49:35.240 65504 INFO tempest.lib.common.rest_client [req-fac29696-7abf-4be0-a6e9-ca15e06fedc7 req-fac29696-7abf-4be0-a6e9-ca15e06fedc7 ] Request (VolumesAdminNegativeTest:setUpClass): 200 PUT http://10.180.1.21/networking/v2.0/routers/85de7eed-c1ff-40b1-8355-8abb65d3fb75/add_router_interface 1.164s
2025-12-09 09:49:35.240 65504 INFO tempest.lib.common.dynamic_creds [-] Created isolated network resources for: credentials: Credentials: {'domain_id': 'default', 'domain_name': 'Default', 'username': 'tempest-VolumesAdminNegativeTest-900402496-project', 'project_domain_id': 'default', 'project_domain_name': 'Default', 'project_id': '11c5ea7ab98b4b3aae3be846d69b8094', 'project_name': 'tempest-VolumesAdminNegativeTest-900402496', 'tenant_id': '11c5ea7ab98b4b3aae3be846d69b8094', 'tenant_name': 'tempest-VolumesAdminNegativeTest-900402496', 'user_domain_id': 'default', 'user_domain_name': 'Default', 'user_id': '404d453a4ded4afeb3b9796e5c936cf3', 'system': None}, Network: {'id': 'e1825729-f2ec-48de-b8ed-80d91dd9992f', 'name': 'tempest-VolumesAdminNegativeTest-1208842440-network', 'tenant_id': '11c5ea7ab98b4b3aae3be846d69b8094', 'project_id': '11c5ea7ab98b4b3aae3be846d69b8094', 'admin_state_up': True, 'mtu': 8950, 'status': 'ACTIVE', 'subnets': [], 'shared': False, 'port_security_enabled': True, 'router:external': False, 'provider:network_type': 'vlan', 'provider:physical_network': 'default', 'provider:segmentation_id': 222, 'availability_zone_hints': [], 'availability_zones': [], 'ipv4_address_scope': None, 'ipv6_address_scope': None, 'description': '', 'tags': [], 'created_at': '2025-12-09T09:49:31Z', 'updated_at': '2025-12-09T09:49:31Z', 'revision_number': 1}, Subnet: {'id': 'b6ead774-12cb-4474-a847-361343774c6e', 'name': 'tempest-VolumesAdminNegativeTest-1208842440-subnet', 'tenant_id': '11c5ea7ab98b4b3aae3be846d69b8094', 'network_id': 'e1825729-f2ec-48de-b8ed-80d91dd9992f', 'ip_version': 4, 'subnetpool_id': None, 'enable_dhcp': True, 'ipv6_ra_mode': None, 'ipv6_address_mode': None, 'gateway_ip': '192.168.128.1', 'cidr': '192.168.128.0/28', 'allocation_pools': [{'start': '192.168.128.2', 'end': '192.168.128.14'}], 'host_routes': [], 'dns_nameservers': [], 'description': '', 'router:external': False, 'service_types': [], 'tags': [], 'created_at': '2025-12-09T09:49:32Z', 'updated_at': '2025-12-09T09:49:32Z', 'revision_number': 0, 'project_id': '11c5ea7ab98b4b3aae3be846d69b8094'}, Router: {'id': '85de7eed-c1ff-40b1-8355-8abb65d3fb75', 'name': 'tempest-VolumesAdminNegativeTest-1208842440-router', 'tenant_id': '11c5ea7ab98b4b3aae3be846d69b8094', 'admin_state_up': True, 'status': 'ACTIVE', 'external_gateway_info': {'network_id': '75a8fd72-ea05-4bd2-b101-4e2e38c45a3a', 'external_fixed_ips': [{'subnet_id': 'af3e5655-ba43-465d-9f10-bfe3107b29f1', 'ip_address': '10.180.180.214'}], 'enable_snat': True}, 'description': '', 'availability_zones': [], 'distributed': False, 'ha': False, 'availability_zone_hints': [], 'routes': [], 'flavor_id': None, 'tags': [], 'created_at': '2025-12-09T09:49:33Z', 'updated_at': '2025-12-09T09:49:33Z', 'revision_number': 2, 'project_id': '11c5ea7ab98b4b3aae3be846d69b8094'}
2025-12-09 09:49:35.276 65482 INFO tempest.lib.common.rest_client [req-47e7a73d-5c80-45f8-8250-8ac1344abae7 req-47e7a73d-5c80-45f8-8250-8ac1344abae7 ] Request (ImagesMetadataTestJSON:tearDownClass): 204 DELETE http://10.180.1.21/networking/v2.0/security-groups/e5f4d237-a1a4-46df-b095-c5afc8776e5f 0.256s
2025-12-09 09:49:35.366 65504 INFO tempest.lib.common.rest_client [req-d687856d-8a55-401a-9ee9-601e96c60eff req-d687856d-8a55-401a-9ee9-601e96c60eff ] Request (VolumesAdminNegativeTest:setUpClass): 201 POST http://10.180.1.21/identity/v3/auth/tokens 0.121s
2025-12-09 09:49:35.382 65482 INFO tempest.lib.common.rest_client [req-ac964422-849c-43ad-851c-4099ce536d77 req-ac964422-849c-43ad-851c-4099ce536d77 ] Request (ImagesMetadataTestJSON:tearDownClass): 204 DELETE http://10.180.1.21/identity/v3/projects/86830020bdb54045978c54c8631aab36 0.106s
2025-12-09 09:49:35.406 65516 INFO tempest.lib.common.rest_client [req-3209e2e3-51ee-4d19-a69f-bbb1df0d8338 req-3209e2e3-51ee-4d19-a69f-bbb1df0d8338 ] Request (MultipleCreateTestJSON:test_multiple_create_with_reservation_return): 200 GET http://10.180.1.21/compute/v2.1/servers/41c0c3db-c952-45be-9c6b-b4387dc18331 6.633s
2025-12-09 09:49:35.424 65516 INFO tempest.common.waiters [-] State transition "BUILD/spawning" ==> "ACTIVE/None" after 51 second wait
2025-12-09 09:49:35.461 65504 INFO tempest.lib.common.rest_client [req-8eba6299-88ee-4da7-8f53-8514fe500bff req-8eba6299-88ee-4da7-8f53-8514fe500bff ] Request (VolumesAdminNegativeTest:test_update_attached_volume_with_nonexistent_volume_in_uri): 201 POST http://10.180.1.21/identity/v3/auth/tokens 0.085s
2025-12-09 09:49:35.461 65504 INFO tempest.lib.common.fixed_network [-] (VolumesAdminNegativeTest:test_update_attached_volume_with_nonexistent_volume_in_uri) Found network {'id': '458b1ffd-e4d2-46cb-8d2a-905cc10f2fe7', 'name': 'tempest-VolumesAdminNegativeTest-1180598044-network', 'tenant_id': '7fb21bb83b47435ca1489aa4507d5d8a', 'project_id': '7fb21bb83b47435ca1489aa4507d5d8a', 'admin_state_up': True, 'mtu': 8950, 'status': 'ACTIVE', 'subnets': [], 'shared': False, 'port_security_enabled': True, 'router:external': False, 'provider:network_type': 'vlan', 'provider:physical_network': 'default', 'provider:segmentation_id': 424, 'availability_zone_hints': [], 'availability_zones': [], 'ipv4_address_scope': None, 'ipv6_address_scope': None, 'description': '', 'tags': [], 'created_at': '2025-12-09T09:49:24Z', 'updated_at': '2025-12-09T09:49:24Z', 'revision_number': 1} available for tenant
2025-12-09 09:49:35.471 65482 INFO tempest.lib.common.rest_client [req-bd83044c-33e7-47dc-9c80-9fe37ef43080 req-bd83044c-33e7-47dc-9c80-9fe37ef43080 ] Request (ImagesNegativeTestJSON:setUpClass): 201 POST http://10.180.1.21/identity/v3/auth/tokens 0.087s
2025-12-09 09:49:35.525 65482 INFO tempest.lib.common.rest_client [req-b19f4afb-622e-48ac-afcc-438dae16f359 req-b19f4afb-622e-48ac-afcc-438dae16f359 ] Request (ImagesNegativeTestJSON:setUpClass): 201 POST http://10.180.1.21/identity/v3/auth/tokens 0.048s
2025-12-09 09:49:35.537 65498 INFO tempest.lib.common.rest_client [req-0d83b8de-6199-4b48-9d93-3c95bfa1345d req-0d83b8de-6199-4b48-9d93-3c95bfa1345d ] Request (ImagesTestJSON:test_create_image_from_suspended_server): 200 GET http://10.180.1.21/compute/v2.1/servers/190639d4-94a9-4dfd-9779-e3b4fb3a76eb 6.594s
2025-12-09 09:49:35.549 65498 INFO tempest.common.waiters [-] State transition "BUILD/None" ==> "BUILD/spawning" after 30 second wait
2025-12-09 09:49:35.581 65482 INFO tempest.lib.common.rest_client [req-234f79c4-4092-4e87-a20d-f56113e088df req-234f79c4-4092-4e87-a20d-f56113e088df ] Request (ImagesNegativeTestJSON:setUpClass): 200 GET http://10.180.1.21/identity/v3/domains?name=Default 0.054s
2025-12-09 09:49:35.614 65482 INFO tempest.lib.common.rest_client [req-f9553443-3802-4388-96fc-56f9e2fccb42 req-f9553443-3802-4388-96fc-56f9e2fccb42 ] Request (ImagesNegativeTestJSON:setUpClass): 201 POST http://10.180.1.21/identity/v3/projects 0.033s
2025-12-09 09:49:35.702 65522 INFO tempest.lib.common.rest_client [req-ef9fb359-0cd3-4e4e-b43d-63717a382f36 req-ef9fb359-0cd3-4e4e-b43d-63717a382f36 ] Request (ServerDiagnosticsTest:test_get_server_diagnostics): 200 GET http://10.180.1.21/compute/v2.1/servers/8f7ea8dd-9e04-4425-981f-28a4b9c7139e 6.387s
2025-12-09 09:49:35.712 65482 INFO tempest.lib.common.rest_client [req-98837a80-a5cb-4708-9e03-58c3baabae13 req-98837a80-a5cb-4708-9e03-58c3baabae13 ] Request (ImagesNegativeTestJSON:setUpClass): 201 POST http://10.180.1.21/identity/v3/users 0.098s
2025-12-09 09:49:35.740 65476 INFO tempest.lib.common.rest_client [req-f2635cf9-1ffc-4d36-adcd-59a31fd237af req-f2635cf9-1ffc-4d36-adcd-59a31fd237af ] Request (ServersTestFqdnHostnames:test_create_server_with_fqdn_name): 200 GET http://10.180.1.21/compute/v2.1/servers/21824b0f-b36e-4942-b25c-75a18cc605a0 6.745s
2025-12-09 09:49:35.749 65476 INFO tempest.common.waiters [-] State transition "BUILD/spawning" ==> "ACTIVE/None" after 33 second wait
2025-12-09 09:49:35.750 65482 INFO tempest.lib.common.rest_client [req-72aa8f9c-85ab-4b76-94ac-8634599bed49 req-72aa8f9c-85ab-4b76-94ac-8634599bed49 ] Request (ImagesNegativeTestJSON:setUpClass): 200 GET http://10.180.1.21/identity/v3/roles 0.037s
2025-12-09 09:49:35.791 65482 INFO tempest.lib.common.rest_client [req-fc1007ae-c5f2-4c56-be2c-d5768b0b6849 req-fc1007ae-c5f2-4c56-be2c-d5768b0b6849 ] Request (ImagesNegativeTestJSON:setUpClass): 204 PUT http://10.180.1.21/identity/v3/projects/87044a9f47144e9d9f38d91da8794067/users/97efef9a3f2e4cffb544c63f6b6d48c4/roles/3d70e162b4694cf3a94cc19cff43525a 0.041s
2025-12-09 09:49:35.792 65482 INFO tempest.lib.common.dynamic_creds [-] Dynamic test user 97efef9a3f2e4cffb544c63f6b6d48c4 is created with scope project and roles: ['member']
2025-12-09 09:49:35.792 65482 INFO tempest.lib.common.dynamic_creds [-] Acquired dynamic creds: credentials: Credentials: {'domain_id': 'default', 'domain_name': 'Default', 'username': 'tempest-ImagesNegativeTestJSON-1437593605-project-member', 'project_domain_id': 'default', 'project_domain_name': 'Default', 'project_id': '87044a9f47144e9d9f38d91da8794067', 'project_name': 'tempest-ImagesNegativeTestJSON-1437593605', 'tenant_id': '87044a9f47144e9d9f38d91da8794067', 'tenant_name': 'tempest-ImagesNegativeTestJSON-1437593605', 'user_domain_id': 'default', 'user_domain_name': 'Default', 'user_id': '97efef9a3f2e4cffb544c63f6b6d48c4', 'system': None}, Network: None, Subnet: None, Router: None
2025-12-09 09:49:35.804 65480 INFO tempest.lib.common.rest_client [req-aa2f2c12-2545-4bcc-9ba8-0d4c05a0af91 req-aa2f2c12-2545-4bcc-9ba8-0d4c05a0af91 ] Request (VolumesAssistedSnapshotsTest:tearDownClass): 200 GET http://10.180.1.21/compute/v2.1/servers/a424d57b-54b9-42a7-b455-7a1d67f8ed62 5.877s
2025-12-09 09:49:35.831 65514 INFO tempest.lib.common.rest_client [req-41153516-4bd8-4cdb-8925-5800b8f21945 req-41153516-4bd8-4cdb-8925-5800b8f21945 ] Request (ServersAdminNegativeTestJSON:tearDownClass): 200 GET http://10.180.1.21/compute/v2.1/servers/bddbe9c8-97cf-4269-b74e-26e61d181e85 4.581s
2025-12-09 09:49:35.909 65482 INFO tempest.lib.common.rest_client [req-7a940943-a34b-4f12-b2e2-67e0bdfc4878 req-7a940943-a34b-4f12-b2e2-67e0bdfc4878 ] Request (ImagesNegativeTestJSON:setUpClass): 201 POST http://10.180.1.21/identity/v3/auth/tokens 0.116s
2025-12-09 09:49:36.042 65474 INFO tempest.lib.common.rest_client [req-d0cf7aee-a009-4ab6-a56d-e7c04524c0d1 req-d0cf7aee-a009-4ab6-a56d-e7c04524c0d1 ] Request (ValidationResourcesFixture:setUp): 200 POST http://10.180.1.21/compute/v2.1/os-keypairs 2.895s
2025-12-09 09:49:36.320 65482 INFO tempest.lib.common.rest_client [req-d1cf71c6-706e-4ab8-a700-3dbaad1bab4d req-d1cf71c6-706e-4ab8-a700-3dbaad1bab4d ] Request (ImagesNegativeTestJSON:setUpClass): 201 POST http://10.180.1.21/networking/v2.0/networks 0.411s
2025-12-09 09:49:36.461 65474 INFO tempest.lib.common.rest_client [req-4030f87c-838d-4256-b288-b218a73bafc4 req-4030f87c-838d-4256-b288-b218a73bafc4 ] Request (ValidationResourcesFixture:setUp): 201 POST http://10.180.1.21/networking/v2.0/security-groups 0.416s
2025-12-09 09:49:36.723 65482 INFO tempest.lib.common.rest_client [req-483ce3e1-d2ec-4c0b-96e6-8dc031230e2f req-483ce3e1-d2ec-4c0b-96e6-8dc031230e2f ] Request (ImagesNegativeTestJSON:setUpClass): 201 POST http://10.180.1.21/networking/v2.0/subnets 0.402s
2025-12-09 09:49:36.905 65474 INFO tempest.lib.common.rest_client [req-824113a2-b8fb-4134-8f54-680f02687c1c req-824113a2-b8fb-4134-8f54-680f02687c1c ] Request (ValidationResourcesFixture:setUp): 201 POST http://10.180.1.21/networking/v2.0/security-group-rules 0.443s
2025-12-09 09:49:36.949 65532 INFO tempest.lib.common.rest_client [req-007606ad-ceff-4ccf-b000-f21218e389c8 req-007606ad-ceff-4ccf-b000-f21218e389c8 ] Request (ServersAdminTestJSON:test_list_servers_by_admin_with_all_tenants): 200 GET http://10.180.1.21/compute/v2.1/servers/detail?all_tenants= 3.749s
2025-12-09 09:49:36.975 65532 WARNING tempest.lib.common.rest_client [-] Deprecated: "tenant_id" property is deprecated for removal, use "project_id" instead
2025-12-09 09:49:37.662 65482 INFO tempest.lib.common.rest_client [req-054aec02-6283-46a6-abd3-3e3063d49bec req-054aec02-6283-46a6-abd3-3e3063d49bec ] Request (ImagesNegativeTestJSON:setUpClass): 201 POST http://10.180.1.21/networking/v2.0/routers 0.939s
2025-12-09 09:49:37.780 65474 INFO tempest.lib.common.rest_client [req-252e4c14-1f2b-4e95-bbca-a574e185564d req-252e4c14-1f2b-4e95-bbca-a574e185564d ] Request (ValidationResourcesFixture:setUp): 201 POST http://10.180.1.21/networking/v2.0/security-group-rules 0.874s
2025-12-09 09:49:38.298 65474 INFO tempest.lib.common.rest_client [req-09bcfd00-b666-4617-9710-289afb31cc7c req-09bcfd00-b666-4617-9710-289afb31cc7c ] Request (ValidationResourcesFixture:setUp): 201 POST http://10.180.1.21/networking/v2.0/floatingips 0.517s
2025-12-09 09:49:38.342 65474 INFO tempest.lib.common.rest_client [req-3a7070ac-abcc-4e06-8aae-f6ba5fed2a06 req-3a7070ac-abcc-4e06-8aae-f6ba5fed2a06 ] Request (AttachVolumeNegativeTest:test_attach_attached_volume_to_different_server): 201 POST http://10.180.1.21/identity/v3/auth/tokens 0.041s
2025-12-09 09:49:38.342 65474 INFO tempest.lib.common.fixed_network [-] (AttachVolumeNegativeTest:test_attach_attached_volume_to_different_server) Found network {'id': 'c8f6ba37-a965-4efd-9e51-eae3c45b2ebe', 'name': 'tempest-AttachVolumeNegativeTest-841972591-network', 'tenant_id': 'dd425a8129664d73b973796819fc67e9', 'project_id': 'dd425a8129664d73b973796819fc67e9', 'admin_state_up': True, 'mtu': 8950, 'status': 'ACTIVE', 'subnets': [], 'shared': False, 'port_security_enabled': True, 'router:external': False, 'provider:network_type': 'vlan', 'provider:physical_network': 'default', 'provider:segmentation_id': 832, 'availability_zone_hints': [], 'availability_zones': [], 'ipv4_address_scope': None, 'ipv6_address_scope': None, 'description': '', 'tags': [], 'created_at': '2025-12-09T09:49:28Z', 'updated_at': '2025-12-09T09:49:28Z', 'revision_number': 1} available for tenant
2025-12-09 09:49:38.504 65484 INFO tempest.lib.common.rest_client [req-599f7988-b663-4cea-920d-80ca6eb4d1f1 req-599f7988-b663-4cea-920d-80ca6eb4d1f1 ] Request (ServerMetadataNegativeTestJSON:setUpClass): 202 POST http://10.180.1.21/compute/v2.1/servers 7.042s
2025-12-09 09:49:38.535 65518 INFO tempest.lib.common.rest_client [req-75775cf1-0f99-4f7d-872e-ee2f0dc6b5b2 req-75775cf1-0f99-4f7d-872e-ee2f0dc6b5b2 ] Request (ServerGroupTestJSON:test_show_server_group): 200 GET http://10.180.1.21/compute/v2.1/os-server-groups/36bf1a40-ba4f-49ca-9a6b-245a9e29261f 5.150s
2025-12-09 09:49:38.559 65472 INFO tempest.lib.common.rest_client [req-1c7f33bf-1571-46ba-8115-24e996318aae req-1c7f33bf-1571-46ba-8115-24e996318aae ] Request (ImagesDeleteNegativeTestJSON:test_delete_image_with_invalid_image_id): 404 DELETE http://10.180.1.21/compute/v2.1/images/tempest-invalid-1811765111 4.919s
2025-12-09 09:49:38.710 65482 INFO tempest.lib.common.rest_client [req-192823de-735f-4899-b429-4b43e3e6033d req-192823de-735f-4899-b429-4b43e3e6033d ] Request (ImagesNegativeTestJSON:setUpClass): 200 PUT http://10.180.1.21/networking/v2.0/routers/dcdfd8d4-0521-46cc-8c3b-0608226f1d44/add_router_interface 1.048s
2025-12-09 09:49:38.711 65482 INFO tempest.lib.common.dynamic_creds [-] Created isolated network resources for: credentials: Credentials: {'domain_id': 'default', 'domain_name': 'Default', 'username': 'tempest-ImagesNegativeTestJSON-1437593605-project-member', 'project_domain_id': 'default', 'project_domain_name': 'Default', 'project_id': '87044a9f47144e9d9f38d91da8794067', 'project_name': 'tempest-ImagesNegativeTestJSON-1437593605', 'tenant_id': '87044a9f47144e9d9f38d91da8794067', 'tenant_name': 'tempest-ImagesNegativeTestJSON-1437593605', 'user_domain_id': 'default', 'user_domain_name': 'Default', 'user_id': '97efef9a3f2e4cffb544c63f6b6d48c4', 'system': None}, Network: {'id': 'a18eae7d-900f-45d8-b3ff-305c604ba017', 'name': 'tempest-ImagesNegativeTestJSON-1449607520-network', 'tenant_id': '87044a9f47144e9d9f38d91da8794067', 'project_id': '87044a9f47144e9d9f38d91da8794067', 'admin_state_up': True, 'mtu': 8950, 'status': 'ACTIVE', 'subnets': [], 'shared': False, 'port_security_enabled': True, 'router:external': False, 'provider:network_type': 'vlan', 'provider:physical_network': 'default', 'provider:segmentation_id': 533, 'availability_zone_hints': [], 'availability_zones': [], 'ipv4_address_scope': None, 'ipv6_address_scope': None, 'description': '', 'tags': [], 'created_at': '2025-12-09T09:49:36Z', 'updated_at': '2025-12-09T09:49:36Z', 'revision_number': 1}, Subnet: {'id': '02ec37cc-ba62-4eee-b697-0b3f79103ea1', 'name': 'tempest-ImagesNegativeTestJSON-1449607520-subnet', 'tenant_id': '87044a9f47144e9d9f38d91da8794067', 'network_id': 'a18eae7d-900f-45d8-b3ff-305c604ba017', 'ip_version': 4, 'subnetpool_id': None, 'enable_dhcp': True, 'ipv6_ra_mode': None, 'ipv6_address_mode': None, 'gateway_ip': '192.168.128.1', 'cidr': '192.168.128.0/28', 'allocation_pools': [{'start': '192.168.128.2', 'end': '192.168.128.14'}], 'host_routes': [], 'dns_nameservers': [], 'description': '', 'router:external': False, 'service_types': [], 'tags': [], 'created_at': '2025-12-09T09:49:36Z', 'updated_at': '2025-12-09T09:49:36Z', 'revision_number': 0, 'project_id': '87044a9f47144e9d9f38d91da8794067'}, Router: {'id': 'dcdfd8d4-0521-46cc-8c3b-0608226f1d44', 'name': 'tempest-ImagesNegativeTestJSON-1449607520-router', 'tenant_id': '87044a9f47144e9d9f38d91da8794067', 'admin_state_up': True, 'status': 'ACTIVE', 'external_gateway_info': {'network_id': '75a8fd72-ea05-4bd2-b101-4e2e38c45a3a', 'external_fixed_ips': [{'subnet_id': 'af3e5655-ba43-465d-9f10-bfe3107b29f1', 'ip_address': '10.180.180.207'}], 'enable_snat': True}, 'description': '', 'availability_zones': [], 'distributed': False, 'ha': False, 'availability_zone_hints': [], 'routes': [], 'flavor_id': None, 'tags': [], 'created_at': '2025-12-09T09:49:36Z', 'updated_at': '2025-12-09T09:49:37Z', 'revision_number': 2, 'project_id': '87044a9f47144e9d9f38d91da8794067'}
2025-12-09 09:49:38.822 65482 INFO tempest.lib.common.rest_client [req-5563c0b3-13a9-4111-af7a-9aaa55ab8a0a req-5563c0b3-13a9-4111-af7a-9aaa55ab8a0a ] Request (ImagesNegativeTestJSON:setUpClass): 201 POST http://10.180.1.21/identity/v3/auth/tokens 0.107s
2025-12-09 09:49:38.863 65482 INFO tempest.lib.common.rest_client [req-913a7f2d-7b74-4dce-b730-c82f329ab43e req-913a7f2d-7b74-4dce-b730-c82f329ab43e ] Request (ImagesNegativeTestJSON:test_create_image_from_deleted_server): 201 POST http://10.180.1.21/identity/v3/auth/tokens 0.037s
2025-12-09 09:49:38.863 65482 INFO tempest.lib.common.fixed_network [-] (ImagesNegativeTestJSON:test_create_image_from_deleted_server) Found network {'id': 'a18eae7d-900f-45d8-b3ff-305c604ba017', 'name': 'tempest-ImagesNegativeTestJSON-1449607520-network', 'tenant_id': '87044a9f47144e9d9f38d91da8794067', 'project_id': '87044a9f47144e9d9f38d91da8794067', 'admin_state_up': True, 'mtu': 8950, 'status': 'ACTIVE', 'subnets': [], 'shared': False, 'port_security_enabled': True, 'router:external': False, 'provider:network_type': 'vlan', 'provider:physical_network': 'default', 'provider:segmentation_id': 533, 'availability_zone_hints': [], 'availability_zones': [], 'ipv4_address_scope': None, 'ipv6_address_scope': None, 'description': '', 'tags': [], 'created_at': '2025-12-09T09:49:36Z', 'updated_at': '2025-12-09T09:49:36Z', 'revision_number': 1} available for tenant
2025-12-09 09:49:38.978 65500 INFO tempest.lib.common.rest_client [req-1bc93856-569d-40ac-ba38-6d8e9da40634 req-1bc93856-569d-40ac-ba38-6d8e9da40634 ] Request (QuotasAdminNegativeTest:test_create_server_when_cpu_quota_is_full): 403 POST http://10.180.1.21/compute/v2.1/servers 5.254s
2025-12-09 09:49:39.003 65528 INFO tempest.lib.common.rest_client [req-1af5aaec-42ef-4f36-82c9-6407d1e26b97 req-1af5aaec-42ef-4f36-82c9-6407d1e26b97 ] Request (FlavorsAdminTestJSON:test_list_public_flavor_with_other_user): 200 GET http://10.180.1.21/compute/v2.1/flavors/detail 5.168s
2025-12-09 09:49:39.110 65488 INFO tempest.lib.common.rest_client [req-a337d77f-7c31-4bdf-9467-6323c65c1d61 req-a337d77f-7c31-4bdf-9467-6323c65c1d61 ] Request (FloatingIPsAssociationTestJSON:tearDownClass): 200 GET http://10.180.1.21/compute/v2.1/servers/ce5ded2c-2aa2-4c7a-9b34-79ac6ed1fdcc 4.922s
2025-12-09 09:49:39.157 65492 WARNING tempest.lib.common.ssh [-] Failed to establish authenticated ssh connection to cirros@10.180.180.156 ([Errno None] Unable to connect to port 22 on 10.180.180.156). Number attempts: 8. Retry after 9 seconds.: paramiko.ssh_exception.NoValidConnectionsError: [Errno None] Unable to connect to port 22 on 10.180.180.156
2025-12-09 09:49:39.180 65510 INFO tempest.lib.common.rest_client [req-6c2e9d8d-69d2-4e8c-90c6-f01c327202bc req-6c2e9d8d-69d2-4e8c-90c6-f01c327202bc ] Request (ListServersNegativeTestJSON:setUpClass): 200 GET http://10.180.1.21/compute/v2.1/servers/533ccbf6-bb93-4bde-ac80-35328114f16d 4.831s
2025-12-09 09:49:39.191 65510 INFO tempest.common.waiters [-] State transition "BUILD/scheduling" ==> "BUILD/None" after 19 second wait
2025-12-09 09:49:39.236 65478 INFO tempest.lib.common.rest_client [req-a441ff74-d018-43a9-a2c5-f7dc2173aea8 req-a441ff74-d018-43a9-a2c5-f7dc2173aea8 ] Request (ServerDiskConfigTestJSON:test_rebuild_server_with_auto_disk_config): 200 GET http://10.180.1.21/compute/v2.1/servers/4706a204-9597-4354-8f9c-6a61cbb21c23 4.752s
2025-12-09 09:49:39.250 65490 INFO tempest.lib.common.rest_client [req-c0b49c94-8c12-431c-ba2c-9ef2e9452dcf req-c0b49c94-8c12-431c-ba2c-9ef2e9452dcf ] Request (ServersTestManualDisk:test_verify_created_server_vcpus): 200 GET http://10.180.1.21/compute/v2.1/flavors/42 4.621s
2025-12-09 09:49:39.252 65490 INFO tempest.lib.common.ssh [-] Creating ssh connection to '10.180.180.222:22' as 'cirros' with public key authentication
2025-12-09 09:49:39.256 65490 INFO paramiko.transport [-] Connected (version 2.0, client dropbear_2020.81)
2025-12-09 09:49:39.318 65530 INFO tempest.lib.common.rest_client [req-1639b7a8-c2ea-43b9-aeaa-0a7c64619ccc req-1639b7a8-c2ea-43b9-aeaa-0a7c64619ccc ] Request (ServersTestMultiNic:test_verify_multiple_nics_order): 200 GET http://10.180.1.21/compute/v2.1/servers/cd15fbe1-f32f-4e5e-9a69-b53fba1b189d 4.493s
2025-12-09 09:49:39.328 65530 INFO tempest.common.waiters [-] State transition "BUILD/scheduling" ==> "BUILD/None" after 6 second wait
2025-12-09 09:49:39.352 65490 INFO paramiko.transport [-] Authentication (publickey) successful!
2025-12-09 09:49:39.355 65490 INFO tempest.lib.common.ssh [-] ssh connection to cirros@10.180.180.222 successfully created
2025-12-09 09:49:39.422 65486 INFO tempest.lib.common.rest_client [req-4e3d39ec-5be3-40d0-9371-e12c739550d4 req-4e3d39ec-5be3-40d0-9371-e12c739550d4 ] Request (ServerRescueNegativeTestJSON:test_rescued_vm_attach_volume): 200 POST http://10.180.1.21/compute/v2.1/servers/1f622de8-8fb9-4c0b-a6d8-edab4d6214cb/action 4.506s
2025-12-09 09:49:39.503 65508 INFO tempest.lib.common.rest_client [req-561763d3-120e-4f2a-95a0-f6d87e8773cb req-561763d3-120e-4f2a-95a0-f6d87e8773cb ] Request (ServerAddressesNegativeTestJSON:tearDownClass): 200 GET http://10.180.1.21/compute/v2.1/servers/e4b03ff4-37d3-445e-a176-d395009c4316 4.414s
2025-12-09 09:49:39.636 65524 INFO tempest.lib.common.rest_client [req-295451f7-f136-469b-b9d9-7d6b753818b4 req-295451f7-f136-469b-b9d9-7d6b753818b4 ] Request (ServerRescueTestJSONUnderV235:test_rescued_vm_associate_dissociate_floating_ip): 202 POST http://10.180.1.21/compute/v2.1/servers/c03fb5b5-7a44-46d0-813a-f15819b21953/action 6.304s
2025-12-09 09:49:39.665 65520 INFO tempest.lib.common.rest_client [req-8243459f-11b7-496e-9548-9bcb4fd4b9d2 req-8243459f-11b7-496e-9548-9bcb4fd4b9d2 ] Request (ServerPasswordTestJSON:setUpClass): 200 GET http://10.180.1.21/compute/v2.1/servers/17f7df5a-7ba7-489d-89d5-d5c9ff2b8929 4.547s
2025-12-09 09:49:39.674 65520 INFO tempest.common.waiters [-] State transition "BUILD/spawning" ==> "ACTIVE/None" after 38 second wait
2025-12-09 09:49:39.809 65516 INFO tempest.lib.common.rest_client [req-197ca1f4-3404-41d3-a824-9fb6bde65c8f req-197ca1f4-3404-41d3-a824-9fb6bde65c8f ] Request (MultipleCreateTestJSON:test_multiple_create_with_reservation_return): 200 GET http://10.180.1.21/compute/v2.1/servers/65af83f7-96b0-4c20-b1e7-006025c271d8 4.384s
2025-12-09 09:49:39.960 65526 INFO tempest.lib.common.rest_client [req-62908602-839a-4145-898c-bc104897156d req-62908602-839a-4145-898c-bc104897156d ] Request (MigrationsAdminTest:test_resize_server_revert_deleted_flavor): 200 GET http://10.180.1.21/compute/v2.1/servers/96cae346-18e5-41f6-ac35-c67366617a5d 4.415s
2025-12-09 09:49:39.968 65526 INFO tempest.common.waiters [-] State transition "BUILD/None" ==> "BUILD/spawning" after 32 second wait
2025-12-09 09:49:40.073 65476 INFO tempest.lib.common.rest_client [req-c9dfc3ea-7998-447f-812e-475597d11564 req-c9dfc3ea-7998-447f-812e-475597d11564 ] Request (ServersTestFqdnHostnames:test_create_server_with_fqdn_name): 200 GET http://10.180.1.21/compute/v2.1/servers/21824b0f-b36e-4942-b25c-75a18cc605a0/os-interface 4.323s
2025-12-09 09:49:40.144 65512 INFO tempest.lib.common.rest_client [req-e6f93cec-99a4-43ef-880c-0042c6d46103 req-e6f93cec-99a4-43ef-880c-0042c6d46103 ] Request (InstanceActionsV221TestJSON:test_get_list_deleted_instance_actions): 200 GET http://10.180.1.21/compute/v2.1/servers/79cb369a-8c29-4f29-81bd-574086cbe295 4.307s
2025-12-09 09:49:40.150 65504 INFO tempest.lib.common.rest_client [req-57afe1e2-dac4-4c35-85b0-c0b1e795939e req-57afe1e2-dac4-4c35-85b0-c0b1e795939e ] Request (VolumesAdminNegativeTest:test_update_attached_volume_with_nonexistent_volume_in_uri): 202 POST http://10.180.1.21/compute/v2.1/servers 4.688s
2025-12-09 09:49:40.235 65496 INFO tempest.lib.common.rest_client [req-960ed592-3f57-4e0a-9d06-e448f5ce5e95 req-960ed592-3f57-4e0a-9d06-e448f5ce5e95 ] Request (ServersListShow296Test:test_list_show_update_rebuild_server_296): 200 GET http://10.180.1.21/compute/v2.1/servers/11181332-af23-4e30-b246-41ab57ca066d 4.041s
2025-12-09 09:49:40.250 65494 INFO tempest.lib.common.rest_client [req-801630df-f8b2-491e-90b9-8d1cd296c038 req-801630df-f8b2-491e-90b9-8d1cd296c038 ] Request (ServerShowV247Test:tearDownClass): 200 GET http://10.180.1.21/compute/v2.1/servers/fe1588c5-adfb-4ba4-b56f-f695ab3918df 4.188s
2025-12-09 09:49:40.254 65496 INFO tempest.common.waiters [-] State transition "BUILD/None" ==> "BUILD/spawning" after 33 second wait
2025-12-09 09:49:40.358 65522 INFO tempest.lib.common.rest_client [req-b66e6327-8629-4ab4-b867-b502ff739983 req-b66e6327-8629-4ab4-b867-b502ff739983 ] Request (ServerDiagnosticsTest:test_get_server_diagnostics): 200 GET http://10.180.1.21/compute/v2.1/servers/8f7ea8dd-9e04-4425-981f-28a4b9c7139e 3.644s
2025-12-09 09:49:40.398 65498 INFO tempest.lib.common.rest_client [req-0dbc9476-e7c9-49b4-9410-750688e04342 req-0dbc9476-e7c9-49b4-9410-750688e04342 ] Request (ImagesTestJSON:test_create_image_from_suspended_server): 200 GET http://10.180.1.21/compute/v2.1/servers/190639d4-94a9-4dfd-9779-e3b4fb3a76eb 3.847s
2025-12-09 09:49:40.463 65480 INFO tempest.lib.common.rest_client [req-6673a94b-02aa-4cee-a45f-06198175a66b req-6673a94b-02aa-4cee-a45f-06198175a66b ] Request (VolumesAssistedSnapshotsTest:tearDownClass): 200 GET http://10.180.1.21/compute/v2.1/servers/a424d57b-54b9-42a7-b455-7a1d67f8ed62 3.647s
2025-12-09 09:49:40.504 65532 INFO tempest.lib.common.rest_client [req-a0a47520-1b53-4bc0-9deb-eaf5c9adbe75 req-a0a47520-1b53-4bc0-9deb-eaf5c9adbe75 ] Request (ServersAdminTestJSON:test_list_servers_by_admin_with_specified_tenant): 200 GET http://10.180.1.21/compute/v2.1/servers/detail?tenant_id=27659f4d89af4d7c8ff81c2d20174a5c 3.528s
2025-12-09 09:49:40.549 65514 INFO tempest.lib.common.rest_client [req-b2769846-235c-4103-a3cb-8e00d671946a req-b2769846-235c-4103-a3cb-8e00d671946a ] Request (ServersAdminNegativeTestJSON:tearDownClass): 200 GET http://10.180.1.21/compute/v2.1/servers/bddbe9c8-97cf-4269-b74e-26e61d181e85 3.708s
2025-12-09 09:49:40.615 65476 INFO tempest.lib.common.rest_client [req-e7ea1002-ea1f-4cb4-a52a-2803d8e1db46 req-e7ea1002-ea1f-4cb4-a52a-2803d8e1db46 ] Request (ServersTestFqdnHostnames:test_create_server_with_fqdn_name): 200 PUT http://10.180.1.21/networking/v2.0/floatingips/c7ec4e71-39b6-4503-95f4-3f729421ea9e 0.540s
2025-12-09 09:49:40.617 65476 INFO tempest.lib.common.ssh [-] Creating ssh connection to '10.180.180.133:22' as 'cirros' with public key authentication
2025-12-09 09:49:40.691 65484 INFO tempest.lib.common.rest_client [req-2726c0ff-73de-4a45-9577-a45fcd71fc99 req-2726c0ff-73de-4a45-9577-a45fcd71fc99 ] Request (ServerMetadataNegativeTestJSON:setUpClass): 200 GET http://10.180.1.21/compute/v2.1/servers/559aa898-6617-45f6-8be6-85e2b478c8a7 2.185s
2025-12-09 09:49:40.725 65518 INFO tempest.lib.common.rest_client [req-a5856df2-e9e7-4623-9e80-0cea9b1bb349 req-a5856df2-e9e7-4623-9e80-0cea9b1bb349 ] Request (ServerGroupTestJSON:tearDownClass): 404 DELETE http://10.180.1.21/compute/v2.1/servers/0a183a09-5154-4171-8e96-14d9a984ee4a 2.185s
2025-12-09 09:49:40.750 65472 INFO tempest.lib.common.rest_client [req-9ff2becf-9e29-435d-8355-485bea5a31b1 req-9ff2becf-9e29-435d-8355-485bea5a31b1 ] Request (ImagesDeleteNegativeTestJSON:test_delete_non_existent_image): 404 DELETE http://10.180.1.21/compute/v2.1/images/0ff80520-8e7c-4f1d-b62a-7ce31ade2bee 2.188s
2025-12-09 09:49:40.886 65472 INFO tempest.lib.common.rest_client [req-397fe094-7156-4e58-8c6e-d2f659e43ca2 req-397fe094-7156-4e58-8c6e-d2f659e43ca2 ] Request (ImagesDeleteNegativeTestJSON:tearDownClass): 204 DELETE http://10.180.1.21/identity/v3/users/1350e4ab5e6d4eec884557d8ce951160 0.131s
2025-12-09 09:49:40.886 65472 INFO tempest.lib.common.dynamic_creds [-] Deleting project and security group for project: 45fb75537a2e4e43a43f723e3949953d
2025-12-09 09:49:40.977 65472 INFO tempest.lib.common.rest_client [req-9edd0eae-87f1-4710-b2cc-87d0b8eef3c4 req-9edd0eae-87f1-4710-b2cc-87d0b8eef3c4 ] Request (ImagesDeleteNegativeTestJSON:tearDownClass): 201 POST http://10.180.1.21/identity/v3/auth/tokens 0.090s
2025-12-09 09:49:41.286 65472 INFO tempest.lib.common.rest_client [req-b1822e25-076a-436e-84d5-489b0f068fa4 req-b1822e25-076a-436e-84d5-489b0f068fa4 ] Request (ImagesDeleteNegativeTestJSON:tearDownClass): 200 GET http://10.180.1.21/networking/v2.0/security-groups?tenant_id=45fb75537a2e4e43a43f723e3949953d&name=default 0.309s
2025-12-09 09:49:41.474 65474 INFO tempest.lib.common.rest_client [req-fb64735c-e3d0-46e6-8cc4-93ac2d6b5775 req-fb64735c-e3d0-46e6-8cc4-93ac2d6b5775 ] Request (AttachVolumeNegativeTest:test_attach_attached_volume_to_different_server): 202 POST http://10.180.1.21/compute/v2.1/servers 3.130s
2025-12-09 09:49:41.529 65472 INFO tempest.lib.common.rest_client [req-345f3924-b9ef-4972-b6a0-f19e3e6af7c7 req-345f3924-b9ef-4972-b6a0-f19e3e6af7c7 ] Request (ImagesDeleteNegativeTestJSON:tearDownClass): 204 DELETE http://10.180.1.21/networking/v2.0/security-groups/745f1f28-6e92-407d-8f12-94b62c26889e 0.242s
2025-12-09 09:49:41.663 65472 INFO tempest.lib.common.rest_client [req-1d4a1a9c-53ed-4974-92b7-0c505245465b req-1d4a1a9c-53ed-4974-92b7-0c505245465b ] Request (ImagesDeleteNegativeTestJSON:tearDownClass): 204 DELETE http://10.180.1.21/identity/v3/projects/45fb75537a2e4e43a43f723e3949953d 0.133s
2025-12-09 09:49:41.755 65472 INFO tempest.lib.common.rest_client [req-bd6a28b8-37a9-440e-864d-459d44536624 req-bd6a28b8-37a9-440e-864d-459d44536624 ] Request (SecurityGroupsTestJSON:setUpClass): 201 POST http://10.180.1.21/identity/v3/auth/tokens 0.090s
2025-12-09 09:49:41.757 65482 INFO tempest.lib.common.rest_client [req-968c9278-76ec-4eb8-b1c3-c0eed5e61e0a req-968c9278-76ec-4eb8-b1c3-c0eed5e61e0a ] Request (ImagesNegativeTestJSON:test_create_image_from_deleted_server): 202 POST http://10.180.1.21/compute/v2.1/servers 2.893s
2025-12-09 09:49:41.762 65500 INFO tempest.lib.common.rest_client [req-b9418e7b-0ca7-4c95-9748-56dbcb0fd42a req-b9418e7b-0ca7-4c95-9748-56dbcb0fd42a ] Request (QuotasAdminNegativeTest:_run_cleanups): 200 PUT http://10.180.1.21/compute/v2.1/os-quota-sets/5b3e744c51bc4d6aa096a15c56ce5db9 2.783s
2025-12-09 09:49:41.776 65528 INFO tempest.lib.common.rest_client [req-c4fda81d-b4ae-494c-9450-06533995d41c req-c4fda81d-b4ae-494c-9450-06533995d41c ] Request (FlavorsAdminTestJSON:_run_cleanups): 202 DELETE http://10.180.1.21/compute/v2.1/flavors/819091645 2.766s
2025-12-09 09:49:41.801 65472 INFO tempest.lib.common.rest_client [req-c4d305e3-460c-4eac-bc02-9355be54dd50 req-c4d305e3-460c-4eac-bc02-9355be54dd50 ] Request (SecurityGroupsTestJSON:setUpClass): 201 POST http://10.180.1.21/identity/v3/auth/tokens 0.039s
2025-12-09 09:49:41.847 65472 INFO tempest.lib.common.rest_client [req-cfff7f3b-ebf2-4d1c-9ab5-088dc018b815 req-cfff7f3b-ebf2-4d1c-9ab5-088dc018b815 ] Request (SecurityGroupsTestJSON:setUpClass): 200 GET http://10.180.1.21/identity/v3/domains?name=Default 0.045s
2025-12-09 09:49:41.878 65490 INFO tempest.lib.common.rest_client [req-a93aa3a6-c4b5-4cd9-a45a-251b53bf88c0 req-a93aa3a6-c4b5-4cd9-a45a-251b53bf88c0 ] Request (ServersTestManualDisk:tearDownClass): 204 DELETE http://10.180.1.21/compute/v2.1/servers/1c2baa7c-87a2-494a-924c-c9861692a8aa 2.515s
2025-12-09 09:49:41.888 65472 INFO tempest.lib.common.rest_client [req-122d3f00-1ebd-4795-9618-52e612760626 req-122d3f00-1ebd-4795-9618-52e612760626 ] Request (SecurityGroupsTestJSON:setUpClass): 201 POST http://10.180.1.21/identity/v3/projects 0.039s
2025-12-09 09:49:41.976 65472 INFO tempest.lib.common.rest_client [req-62bf2d7b-b8c1-4d37-8f2e-d268c90e0f94 req-62bf2d7b-b8c1-4d37-8f2e-d268c90e0f94 ] Request (SecurityGroupsTestJSON:setUpClass): 201 POST http://10.180.1.21/identity/v3/users 0.087s
2025-12-09 09:49:41.978 65486 INFO tempest.lib.common.rest_client [req-6fe3f20a-766c-4f8f-982c-bbae80523903 req-6fe3f20a-766c-4f8f-982c-bbae80523903 ] Request (ServerRescueNegativeTestJSON:test_rescued_vm_attach_volume): 200 GET http://10.180.1.21/compute/v2.1/servers/1f622de8-8fb9-4c0b-a6d8-edab4d6214cb 2.555s
2025-12-09 09:49:42.007 65472 INFO tempest.lib.common.rest_client [req-6489b0a2-832e-466f-9e2c-06c4bc24f11d req-6489b0a2-832e-466f-9e2c-06c4bc24f11d ] Request (SecurityGroupsTestJSON:setUpClass): 200 GET http://10.180.1.21/identity/v3/roles 0.030s
2025-12-09 09:49:42.052 65472 INFO tempest.lib.common.rest_client [req-55550fcc-5d0e-409d-836f-6f28d89d5f3c req-55550fcc-5d0e-409d-836f-6f28d89d5f3c ] Request (SecurityGroupsTestJSON:setUpClass): 204 PUT http://10.180.1.21/identity/v3/projects/55867f259bbd4b4faa0ab31f6b2614d6/users/9be57ce8fb2843e29f44ea37af373cf6/roles/3d70e162b4694cf3a94cc19cff43525a 0.044s
2025-12-09 09:49:42.052 65472 INFO tempest.lib.common.dynamic_creds [-] Dynamic test user 9be57ce8fb2843e29f44ea37af373cf6 is created with scope project and roles: ['member']
2025-12-09 09:49:42.053 65472 INFO tempest.lib.common.dynamic_creds [-] Acquired dynamic creds: credentials: Credentials: {'domain_id': 'default', 'domain_name': 'Default', 'username': 'tempest-SecurityGroupsTestJSON-908033342-project-member', 'project_domain_id': 'default', 'project_domain_name': 'Default', 'project_id': '55867f259bbd4b4faa0ab31f6b2614d6', 'project_name': 'tempest-SecurityGroupsTestJSON-908033342', 'tenant_id': '55867f259bbd4b4faa0ab31f6b2614d6', 'tenant_name': 'tempest-SecurityGroupsTestJSON-908033342', 'user_domain_id': 'default', 'user_domain_name': 'Default', 'user_id': '9be57ce8fb2843e29f44ea37af373cf6', 'system': None}, Network: None, Subnet: None, Router: None
2025-12-09 09:49:42.054 65520 INFO tempest.lib.common.rest_client [req-45325f17-6c7f-4010-9b1b-1b380a478d3c req-45325f17-6c7f-4010-9b1b-1b380a478d3c ] Request (ServerPasswordTestJSON:test_delete_server_password): 204 DELETE http://10.180.1.21/compute/v2.1/servers/17f7df5a-7ba7-489d-89d5-d5c9ff2b8929/os-server-password 2.377s
2025-12-09 09:49:42.170 65516 INFO tempest.lib.common.rest_client [req-d2906254-1d33-404a-9f3d-a9fcad5c06d6 req-d2906254-1d33-404a-9f3d-a9fcad5c06d6 ] Request (MultipleCreateTestJSON:tearDownClass): 204 DELETE http://10.180.1.21/compute/v2.1/servers/65af83f7-96b0-4c20-b1e7-006025c271d8 2.351s
2025-12-09 09:49:42.175 65472 INFO tempest.lib.common.rest_client [req-dc4c3ac8-878c-4595-891e-bc60edd73b82 req-dc4c3ac8-878c-4595-891e-bc60edd73b82 ] Request (SecurityGroupsTestJSON:setUpClass): 201 POST http://10.180.1.21/identity/v3/auth/tokens 0.121s
2025-12-09 09:49:42.395 65524 INFO tempest.lib.common.rest_client [req-043ebdb2-50da-4714-a9a1-835ad95343a6 req-043ebdb2-50da-4714-a9a1-835ad95343a6 ] Request (ServerRescueTestJSONUnderV235:_run_cleanups): 202 DELETE http://10.180.1.21/compute/v2.1/os-floating-ips/3dc055ff-3cfd-4851-92e6-8db248d3d1f2 2.758s
2025-12-09 09:49:42.742 65502 WARNING tempest.lib.common.ssh [-] Failed to establish authenticated ssh connection to cirros@10.180.180.136 ([Errno None] Unable to connect to port 22 on 10.180.180.136). Number attempts: 4. Retry after 5 seconds.: paramiko.ssh_exception.NoValidConnectionsError: [Errno None] Unable to connect to port 22 on 10.180.180.136
2025-12-09 09:49:42.773 65472 INFO tempest.lib.common.rest_client [req-6c2f7bd2-2fb7-4684-85a0-bc2a41a01e0d req-6c2f7bd2-2fb7-4684-85a0-bc2a41a01e0d ] Request (SecurityGroupsTestJSON:setUpClass): 201 POST http://10.180.1.21/networking/v2.0/networks 0.598s
2025-12-09 09:49:42.799 65488 INFO tempest.lib.common.rest_client [req-51802c4f-4f20-49e7-bfab-9b5a86954c93 req-51802c4f-4f20-49e7-bfab-9b5a86954c93 ] Request (FloatingIPsAssociationTestJSON:tearDownClass): 200 GET http://10.180.1.21/compute/v2.1/servers/ce5ded2c-2aa2-4c7a-9b34-79ac6ed1fdcc 2.680s
2025-12-09 09:49:42.816 65504 INFO tempest.lib.common.rest_client [req-e8f864e8-2570-45f6-8c52-6ba6cbfda655 req-e8f864e8-2570-45f6-8c52-6ba6cbfda655 ] Request (VolumesAdminNegativeTest:test_update_attached_volume_with_nonexistent_volume_in_uri): 200 GET http://10.180.1.21/compute/v2.1/servers/68beeb75-a481-4d34-a752-3de3d1df4ad4 2.665s
2025-12-09 09:49:42.980 65510 INFO tempest.lib.common.rest_client [req-7abbc1d9-ceca-43b3-b181-fcfed3bf4ad2 req-7abbc1d9-ceca-43b3-b181-fcfed3bf4ad2 ] Request (ListServersNegativeTestJSON:setUpClass): 200 GET http://10.180.1.21/compute/v2.1/servers/533ccbf6-bb93-4bde-ac80-35328114f16d 2.789s
2025-12-09 09:49:42.991 65472 INFO tempest.lib.common.rest_client [req-95566036-82ce-4149-bdcf-6d6f81d6f94e req-95566036-82ce-4149-bdcf-6d6f81d6f94e ] Request (SecurityGroupsTestJSON:setUpClass): 201 POST http://10.180.1.21/networking/v2.0/subnets 0.217s
2025-12-09 09:49:43.033 65530 INFO tempest.lib.common.rest_client [req-caf4f51a-d7f1-4136-b972-758d390e13df req-caf4f51a-d7f1-4136-b972-758d390e13df ] Request (ServersTestMultiNic:test_verify_multiple_nics_order): 200 GET http://10.180.1.21/compute/v2.1/servers/cd15fbe1-f32f-4e5e-9a69-b53fba1b189d 2.704s
2025-12-09 09:49:43.057 65508 INFO tempest.lib.common.rest_client [req-efd849b6-25b6-41a1-892a-08832030119d req-efd849b6-25b6-41a1-892a-08832030119d ] Request (ServerAddressesNegativeTestJSON:tearDownClass): 404 GET http://10.180.1.21/compute/v2.1/servers/e4b03ff4-37d3-445e-a176-d395009c4316 2.546s
2025-12-09 09:49:43.063 65478 INFO tempest.lib.common.rest_client [req-7beca453-99b8-44c1-94a1-eeba78bc421f req-7beca453-99b8-44c1-94a1-eeba78bc421f ] Request (ServerDiskConfigTestJSON:test_rebuild_server_with_auto_disk_config): 200 GET http://10.180.1.21/compute/v2.1/servers/4706a204-9597-4354-8f9c-6a61cbb21c23 2.817s
2025-12-09 09:49:43.072 65478 INFO tempest.common.waiters [-] State transition "BUILD/None" ==> "BUILD/spawning" after 30 second wait
2025-12-09 09:49:43.090 65518 INFO tempest.lib.common.rest_client [req-519ad5df-acc9-4a26-9e8c-231f13f1d2b7 req-519ad5df-acc9-4a26-9e8c-231f13f1d2b7 ] Request (ServerGroupTestJSON:tearDownClass): 404 GET http://10.180.1.21/compute/v2.1/servers/0a183a09-5154-4171-8e96-14d9a984ee4a 2.362s
2025-12-09 09:49:43.859 65472 INFO tempest.lib.common.rest_client [req-ec2c45eb-ab22-4fb3-81b0-a37e974ed8aa req-ec2c45eb-ab22-4fb3-81b0-a37e974ed8aa ] Request (SecurityGroupsTestJSON:setUpClass): 201 POST http://10.180.1.21/networking/v2.0/routers 0.867s
2025-12-09 09:49:43.930 65508 INFO tempest.lib.common.rest_client [req-81614f4e-38c6-4202-a65f-3839288512d9 req-81614f4e-38c6-4202-a65f-3839288512d9 ] Request (ServerAddressesNegativeTestJSON:tearDownClass): 200 PUT http://10.180.1.21/networking/v2.0/routers/12505c51-5526-439f-a410-97f6a9bb8bfc/remove_router_interface 0.872s
2025-12-09 09:49:44.391 65508 INFO tempest.lib.common.rest_client [req-1f3e96df-f801-4292-9ea8-7303cbfcad13 req-1f3e96df-f801-4292-9ea8-7303cbfcad13 ] Request (ServerAddressesNegativeTestJSON:tearDownClass): 204 DELETE http://10.180.1.21/networking/v2.0/routers/12505c51-5526-439f-a410-97f6a9bb8bfc 0.461s
2025-12-09 09:49:44.428 65526 INFO tempest.lib.common.rest_client [req-9383ec43-295b-4e91-b7f6-bb2dcb0ef2ad req-9383ec43-295b-4e91-b7f6-bb2dcb0ef2ad ] Request (MigrationsAdminTest:test_resize_server_revert_deleted_flavor): 200 GET http://10.180.1.21/compute/v2.1/servers/96cae346-18e5-41f6-ac35-c67366617a5d 3.458s
2025-12-09 09:49:44.478 65532 INFO tempest.lib.common.rest_client [req-479b2835-9053-42b7-8f83-7ea8854e98cf req-479b2835-9053-42b7-8f83-7ea8854e98cf ] Request (ServersAdminTestJSON:test_list_servers_by_admin_with_specified_tenant): 200 GET http://10.180.1.21/compute/v2.1/servers/detail?all_tenants=&tenant_id=27659f4d89af4d7c8ff81c2d20174a5c 3.965s
2025-12-09 09:49:44.728 65508 INFO tempest.lib.common.rest_client [req-45810236-05c5-46be-8014-b8c278b73aab req-45810236-05c5-46be-8014-b8c278b73aab ] Request (ServerAddressesNegativeTestJSON:tearDownClass): 204 DELETE http://10.180.1.21/networking/v2.0/subnets/3aa7a856-676c-4b0d-8bb4-830d42fd8553 0.336s
2025-12-09 09:49:44.843 65512 INFO tempest.lib.common.rest_client [req-c9f1c078-1c98-4187-916f-b736e3b20808 req-c9f1c078-1c98-4187-916f-b736e3b20808 ] Request (InstanceActionsV221TestJSON:test_get_list_deleted_instance_actions): 200 GET http://10.180.1.21/compute/v2.1/servers/79cb369a-8c29-4f29-81bd-574086cbe295 3.686s
2025-12-09 09:49:44.869 65496 INFO tempest.lib.common.rest_client [req-de9db5e6-f478-471e-a554-e69df47ee821 req-de9db5e6-f478-471e-a554-e69df47ee821 ] Request (ServersListShow296Test:test_list_show_update_rebuild_server_296): 200 GET http://10.180.1.21/compute/v2.1/servers/11181332-af23-4e30-b246-41ab57ca066d 3.613s
2025-12-09 09:49:44.912 65472 INFO tempest.lib.common.rest_client [req-010d96f2-4244-472c-b061-c239b3fda00f req-010d96f2-4244-472c-b061-c239b3fda00f ] Request (SecurityGroupsTestJSON:setUpClass): 200 PUT http://10.180.1.21/networking/v2.0/routers/cc204b63-6c5e-4fee-a8c2-1f1d23b1063c/add_router_interface 1.052s
