2025-12-09 09:48:59.065 65488 INFO tempest.lib.common.rest_client [req-1df9fec8-242c-4ef2-80d9-2fbe6d8cbb98 req-1df9fec8-242c-4ef2-80d9-2fbe6d8cbb98 ] Request (FloatingIPsAssociationTestJSON:test_associate_disassociate_floating_ip): 200 GET http://10.180.1.21/compute/v2.1/os-floating-ips/084a53a4-10e2-4f8e-a4a0-dc44c8b40993 1.390s
2025-12-09 09:48:59.109 65512 INFO tempest.lib.common.rest_client [req-87936ca8-3219-444a-ab79-30ca335c5bd9 req-87936ca8-3219-444a-ab79-30ca335c5bd9 ] Request (KeyPairsNegativeTestJSON:test_create_keypair_with_duplicate_name): 409 POST http://10.180.1.21/compute/v2.1/os-keypairs 1.332s
2025-12-09 09:48:59.195 65508 INFO tempest.lib.common.rest_client [req-fdd0a84d-9a79-4e38-bea4-42d3dbaa2f5f req-fdd0a84d-9a79-4e38-bea4-42d3dbaa2f5f ] Request (ServerAddressesNegativeTestJSON:setUpClass): 200 GET http://10.180.1.21/compute/v2.1/servers/e4b03ff4-37d3-445e-a176-d395009c4316 1.512s
2025-12-09 09:48:59.221 65496 INFO tempest.lib.common.rest_client [req-81ed4304-3143-4ea7-837c-c360a81b406c req-81ed4304-3143-4ea7-837c-c360a81b406c ] Request (HypervisorAdminUnderV252Test:test_search_hypervisor): 200 GET http://10.180.1.21/compute/v2.1/os-hypervisors 1.349s
2025-12-09 09:48:59.266 65518 INFO tempest.lib.common.rest_client [req-75b28331-1790-45e1-a5a8-819b9f0c4de4 req-75b28331-1790-45e1-a5a8-819b9f0c4de4 ] Request (ServerGroupTestJSON:test_create_server_with_scheduler_hint_group): 200 GET http://10.180.1.21/compute/v2.1/os-server-groups/36bf1a40-ba4f-49ca-9a6b-245a9e29261f 1.137s
2025-12-09 09:48:59.309 65498 INFO tempest.lib.common.rest_client [req-34142d9f-869a-4fd1-b430-4612fc08e2a5 req-34142d9f-869a-4fd1-b430-4612fc08e2a5 ] Request (ImagesTestJSON:test_create_image_from_stopped_server): 200 GET http://10.180.1.21/compute/v2.1/images/cbb0bf8e-f4ba-457a-9a9d-cecc4718177f 1.176s
2025-12-09 09:48:59.325 65504 INFO tempest.lib.common.rest_client [req-a932014d-a329-4ea6-ab5e-e6f7f491f692 req-a932014d-a329-4ea6-ab5e-e6f7f491f692 ] Request (ServerExternalEventsTest:tearDownClass): 200 GET http://10.180.1.21/compute/v2.1/servers/7381804f-92db-47d1-9b4d-7ac5778a6d00 1.453s
2025-12-09 09:48:59.357 65498 INFO tempest.lib.common.rest_client [req-b2fbce93-326b-4af9-aa21-3cbc418d9045 req-b2fbce93-326b-4af9-aa21-3cbc418d9045 ] Request (ImagesTestJSON:test_create_image_from_stopped_server): 200 GET http://10.180.1.21/image/v2/images/cbb0bf8e-f4ba-457a-9a9d-cecc4718177f/tasks 0.041s
2025-12-09 09:48:59.393 65476 INFO tempest.lib.common.rest_client [req-9eb29925-c3cc-4a4d-8b84-0c5de23abd96 req-9eb29925-c3cc-4a4d-8b84-0c5de23abd96 ] Request (ServersTestFqdnHostnames:test_create_server_with_fqdn_name): 201 POST http://10.180.1.21/networking/v2.0/floatingips 0.584s
2025-12-09 09:48:59.440 65476 INFO tempest.lib.common.rest_client [req-698d9f10-05f2-43e5-8364-865ff4e85a51 req-698d9f10-05f2-43e5-8364-865ff4e85a51 ] Request (ServersTestFqdnHostnames:test_create_server_with_fqdn_name): 201 POST http://10.180.1.21/identity/v3/auth/tokens 0.043s
2025-12-09 09:48:59.441 65476 INFO tempest.lib.common.fixed_network [-] (ServersTestFqdnHostnames:test_create_server_with_fqdn_name) Found network {'id': 'df8375c3-0422-4c4f-a66c-b59e67b5602f', 'name': 'tempest-ServersTestFqdnHostnames-1648935323-network', 'tenant_id': 'bdfbbc27e2d5465991a30a9c404c4922', 'project_id': 'bdfbbc27e2d5465991a30a9c404c4922', 'admin_state_up': True, 'mtu': 8950, 'status': 'ACTIVE', 'subnets': [], 'shared': False, 'port_security_enabled': True, 'router:external': False, 'provider:network_type': 'vlan', 'provider:physical_network': 'default', 'provider:segmentation_id': 518, 'availability_zone_hints': [], 'availability_zones': [], 'ipv4_address_scope': None, 'ipv6_address_scope': None, 'description': '', 'tags': [], 'created_at': '2025-12-09T09:48:51Z', 'updated_at': '2025-12-09T09:48:51Z', 'revision_number': 1} available for tenant
2025-12-09 09:48:59.485 65486 INFO tempest.lib.common.rest_client [req-073f062b-9b90-42c4-bd84-a9c542fe4274 req-073f062b-9b90-42c4-bd84-a9c542fe4274 ] Request (ServerRescueNegativeTestJSON:setUpClass): 200 GET http://10.180.1.21/compute/v2.1/servers/dd9b835a-aac5-4241-bdb6-f97ceb517ede 1.120s
2025-12-09 09:48:59.492 65522 INFO tempest.lib.common.rest_client [req-62a68d47-acd6-487f-8429-cf35fa36974e req-62a68d47-acd6-487f-8429-cf35fa36974e ] Request (AggregatesAdminNegativeTestJSON:test_aggregate_remove_host_as_user): 403 POST http://10.180.1.21/compute/v2.1/os-aggregates/7/action 1.019s
2025-12-09 09:48:59.500 65514 INFO tempest.lib.common.rest_client [req-b2cac369-c12e-45c1-99e8-e2bfd3691d58 req-b2cac369-c12e-45c1-99e8-e2bfd3691d58 ] Request (ServersAdminNegativeTestJSON:test_resize_server_using_overlimit_ram): 403 POST http://10.180.1.21/compute/v2.1/servers/f79c040a-00b3-4e7a-b354-f542b759911a/action 1.348s
2025-12-09 09:48:59.749 65482 INFO tempest.lib.common.rest_client [req-3baa2c49-9f3e-43bd-9122-e33bed5b49ba req-3baa2c49-9f3e-43bd-9122-e33bed5b49ba ] Request (ImagesMetadataTestJSON:setUp): 200 PUT http://10.180.1.21/compute/v2.1/images/1591c0f2-e24f-4b78-b653-8894c0e06a7a/metadata 1.236s
2025-12-09 09:48:59.813 65532 INFO tempest.lib.common.rest_client [req-ae7fa74e-f2fb-4a1e-9b8b-c2062d8e22e5 req-ae7fa74e-f2fb-4a1e-9b8b-c2062d8e22e5 ] Request (ServersAdminTestJSON:test_inject_network_info): 200 GET http://10.180.1.21/compute/v2.1/servers/11c9d69e-582f-40a2-9d5a-97763b5db112 1.145s
2025-12-09 09:48:59.825 65526 INFO tempest.lib.common.rest_client [req-7d1ba479-bd04-4702-b1c7-3b2911c308f8 req-7d1ba479-bd04-4702-b1c7-3b2911c308f8 ] Request (MigrationsAdminTest:test_resize_server_revert_deleted_flavor): 200 GET http://10.180.1.21/compute/v2.1/flavors/42 1.092s
2025-12-09 09:48:59.829 65480 INFO tempest.lib.common.rest_client [req-896d6279-f0b7-40d2-b695-9f64e233b8cc req-896d6279-f0b7-40d2-b695-9f64e233b8cc ] Request (VolumesAssistedSnapshotsTest:test_volume_assisted_snapshot_create_delete): 200 GET http://10.180.1.21/volume/v3/volumes/0f21f730-0a2b-4b79-af1d-8df9a62c4c14 0.030s
2025-12-09 09:48:59.837 65528 INFO tempest.lib.common.rest_client [req-7cd1eda1-9081-4aef-8b5a-a77c6f1cf78b req-7cd1eda1-9081-4aef-8b5a-a77c6f1cf78b ] Request (FlavorsAdminTestJSON:test_is_public_string_variations): 200 GET http://10.180.1.21/compute/v2.1/flavors/detail?is_public=no 1.091s
2025-12-09 09:48:59.863 65490 WARNING tempest.lib.common.ssh [-] Failed to establish authenticated ssh connection to cirros@10.180.180.222 ([Errno None] Unable to connect to port 22 on 10.180.180.222). Number attempts: 3. Retry after 4 seconds.: paramiko.ssh_exception.NoValidConnectionsError: [Errno None] Unable to connect to port 22 on 10.180.180.222
2025-12-09 09:48:59.911 65520 INFO tempest.lib.common.rest_client [req-371181ac-855c-4cba-9fd3-1f62211d2104 req-371181ac-855c-4cba-9fd3-1f62211d2104 ] Request (ServerPasswordTestJSON:setUpClass): 202 POST http://10.180.1.21/compute/v2.1/servers 1.321s
2025-12-09 09:48:59.988 65524 INFO tempest.lib.common.rest_client [req-64a89378-53bf-4fa3-a74c-4a08efbdd2c4 req-64a89378-53bf-4fa3-a74c-4a08efbdd2c4 ] Request (ServerRescueTestJSONUnderV235:setUpClass): 200 GET http://10.180.1.21/compute/v2.1/servers/c03fb5b5-7a44-46d0-813a-f15819b21953 1.081s
2025-12-09 09:49:00.088 65472 INFO tempest.lib.common.rest_client [req-12150c21-f55a-4009-8b6a-67891c21bc90 req-12150c21-f55a-4009-8b6a-67891c21bc90 ] Request (DeleteServersAdminTestJSON:test_delete_server_while_in_error_state): 200 GET http://10.180.1.21/compute/v2.1/servers/2b27517f-3f02-46dd-bc3d-436a783b4a57 0.998s
2025-12-09 09:49:00.108 65512 INFO tempest.lib.common.rest_client [req-110dbdc2-cfe4-48cc-bf90-2ebf5c9a407c req-110dbdc2-cfe4-48cc-bf90-2ebf5c9a407c ] Request (KeyPairsNegativeTestJSON:test_create_keypair_with_duplicate_name): 202 DELETE http://10.180.1.21/compute/v2.1/os-keypairs/tempest-keypair-540994602 0.998s
2025-12-09 09:49:00.194 65516 INFO tempest.lib.common.rest_client [req-a985519f-ca1e-483f-ae60-b3c4aaded9f7 req-a985519f-ca1e-483f-ae60-b3c4aaded9f7 ] Request (MultipleCreateTestJSON:test_multiple_create_with_reservation_return): 200 GET http://10.180.1.21/compute/v2.1/servers/41c0c3db-c952-45be-9c6b-b4387dc18331 0.976s
2025-12-09 09:49:00.212 65496 INFO tempest.lib.common.rest_client [req-0dfb2549-9553-4b15-8e53-a7d0c6a43140 req-0dfb2549-9553-4b15-8e53-a7d0c6a43140 ] Request (HypervisorAdminUnderV252Test:test_search_hypervisor): 200 GET http://10.180.1.21/compute/v2.1/os-hypervisors/domain-c8.fc996f14-c53b-4953-92e3-bdfa48f5cc28/search 0.989s
2025-12-09 09:49:00.330 65518 INFO tempest.lib.common.rest_client [req-3db0ca43-19fe-4a35-8b58-575f0d786737 req-3db0ca43-19fe-4a35-8b58-575f0d786737 ] Request (ServerGroupTestJSON:_run_cleanups): 204 DELETE http://10.180.1.21/compute/v2.1/servers/0a183a09-5154-4171-8e96-14d9a984ee4a 1.062s
2025-12-09 09:49:00.363 65496 INFO tempest.lib.common.rest_client [req-afbdad70-0095-4393-8762-ac0307dfc052 req-afbdad70-0095-4393-8762-ac0307dfc052 ] Request (HypervisorAdminUnderV252Test:tearDownClass): 204 DELETE http://10.180.1.21/identity/v3/users/7e87b6dd49d14120b1b0cc3e77e885b1 0.149s
2025-12-09 09:49:00.532 65502 INFO tempest.lib.common.rest_client [req-2a102dbe-c2df-4487-b7d3-762f577c6932 req-2a102dbe-c2df-4487-b7d3-762f577c6932 ] Request (ServersV294TestFqdnHostnames:setUpClass): 200 GET http://10.180.1.21/compute/v2.1/servers/8ab696b2-cab9-4da6-a134-cd6f0f6eb420 1.246s
2025-12-09 09:49:00.538 65496 INFO tempest.lib.common.rest_client [req-57893084-fb76-46b3-9e1f-8b9715bd52de req-57893084-fb76-46b3-9e1f-8b9715bd52de ] Request (HypervisorAdminUnderV252Test:tearDownClass): 204 DELETE http://10.180.1.21/identity/v3/users/ba09e0f8e457451c881550b53e96c8e5 0.174s
2025-12-09 09:49:00.538 65496 INFO tempest.lib.common.dynamic_creds [-] Deleting project and security group for project: b043cf6ec33b454eaaad079da9aa6dca
2025-12-09 09:49:00.640 65474 INFO tempest.lib.common.rest_client [req-94476edb-fb7e-4388-be35-1031415f8e23 req-94476edb-fb7e-4388-be35-1031415f8e23 ] Request (ServerShowV257Test:tearDownClass): 200 GET http://10.180.1.21/compute/v2.1/servers/0b4891f7-207e-4db5-86d7-960ee09a9110 1.308s
2025-12-09 09:49:00.652 65496 INFO tempest.lib.common.rest_client [req-05baa47e-7bf9-4080-9869-9479e77742c4 req-05baa47e-7bf9-4080-9869-9479e77742c4 ] Request (HypervisorAdminUnderV252Test:tearDownClass): 201 POST http://10.180.1.21/identity/v3/auth/tokens 0.114s
2025-12-09 09:49:00.793 65498 INFO tempest.lib.common.rest_client [req-5c3a6f63-77c4-437b-9355-73b3e121147f req-5c3a6f63-77c4-437b-9355-73b3e121147f ] Request (ImagesTestJSON:_run_cleanups): 204 DELETE http://10.180.1.21/compute/v2.1/images/cbb0bf8e-f4ba-457a-9a9d-cecc4718177f 1.436s
2025-12-09 09:49:00.855 65496 INFO tempest.lib.common.rest_client [req-ea05c7ca-fd52-4243-9684-4bbb7be2e0b2 req-ea05c7ca-fd52-4243-9684-4bbb7be2e0b2 ] Request (HypervisorAdminUnderV252Test:tearDownClass): 200 GET http://10.180.1.21/networking/v2.0/security-groups?tenant_id=b043cf6ec33b454eaaad079da9aa6dca&name=default 0.202s
2025-12-09 09:49:00.879 65480 INFO tempest.lib.common.rest_client [req-85717478-8722-4459-ba08-78a430d8da5a req-85717478-8722-4459-ba08-78a430d8da5a ] Request (VolumesAssistedSnapshotsTest:test_volume_assisted_snapshot_create_delete): 200 GET http://10.180.1.21/volume/v3/volumes/0f21f730-0a2b-4b79-af1d-8df9a62c4c14 0.042s
2025-12-09 09:49:00.890 65480 INFO tempest.common.waiters [-] Attachment 479df47f-ee9e-473e-b9f4-68407656bfc6 created for volume 0f21f730-0a2b-4b79-af1d-8df9a62c4c14 to server a424d57b-54b9-42a7-b455-7a1d67f8ed62 after waiting for 8.890153 seconds
2025-12-09 09:49:00.920 65480 INFO tempest.lib.common.rest_client [req-dc27d1de-d5b6-44c2-a8be-6162e9eb1937 req-dc27d1de-d5b6-44c2-a8be-6162e9eb1937 ] Request (VolumesAssistedSnapshotsTest:test_volume_assisted_snapshot_create_delete): 200 GET http://10.180.1.21/volume/v3/volumes/0f21f730-0a2b-4b79-af1d-8df9a62c4c14 0.029s
2025-12-09 09:49:00.928 65480 INFO tempest.common.waiters [-] volume 0f21f730-0a2b-4b79-af1d-8df9a62c4c14 reached in-use after waiting for 0.928388 seconds
2025-12-09 09:49:00.949 65496 INFO tempest.lib.common.rest_client [req-2d8a5824-bbd3-4ec6-98cd-8bf7345432b9 req-2d8a5824-bbd3-4ec6-98cd-8bf7345432b9 ] Request (HypervisorAdminUnderV252Test:tearDownClass): 204 DELETE http://10.180.1.21/networking/v2.0/security-groups/151978d0-8a96-4a46-ad07-bbaba554e39b 0.093s
2025-12-09 09:49:01.061 65496 INFO tempest.lib.common.rest_client [req-7b4c0f2d-f6ab-454c-acde-527bb94f713e req-7b4c0f2d-f6ab-454c-acde-527bb94f713e ] Request (HypervisorAdminUnderV252Test:tearDownClass): 204 DELETE http://10.180.1.21/identity/v3/projects/b043cf6ec33b454eaaad079da9aa6dca 0.112s
2025-12-09 09:49:01.062 65496 INFO tempest.lib.common.dynamic_creds [-] Deleting project and security group for project: d9be5880626d4b6689131e1b1de08dca
2025-12-09 09:49:01.082 65488 INFO tempest.lib.common.rest_client [req-f1c756a4-0562-4100-b95b-6171a789e436 req-f1c756a4-0562-4100-b95b-6171a789e436 ] Request (FloatingIPsAssociationTestJSON:test_associate_disassociate_floating_ip): 202 POST http://10.180.1.21/compute/v2.1/servers/ce5ded2c-2aa2-4c7a-9b34-79ac6ed1fdcc/action 2.013s
2025-12-09 09:49:01.198 65496 INFO tempest.lib.common.rest_client [req-f184841d-7382-4758-a69b-adbabd23a241 req-f184841d-7382-4758-a69b-adbabd23a241 ] Request (HypervisorAdminUnderV252Test:tearDownClass): 200 GET http://10.180.1.21/networking/v2.0/security-groups?tenant_id=d9be5880626d4b6689131e1b1de08dca&name=default 0.136s
2025-12-09 09:49:01.250 65522 INFO tempest.lib.common.rest_client [req-dda085e3-7444-4004-8733-f8693d9eefe9 req-dda085e3-7444-4004-8733-f8693d9eefe9 ] Request (AggregatesAdminNegativeTestJSON:_run_cleanups): 200 POST http://10.180.1.21/compute/v2.1/os-aggregates/7/action 1.758s
2025-12-09 09:49:01.272 65514 INFO tempest.lib.common.rest_client [req-9f761764-c78a-473c-8b77-9661c03acffc req-9f761764-c78a-473c-8b77-9661c03acffc ] Request (ServersAdminNegativeTestJSON:_run_cleanups): 202 DELETE http://10.180.1.21/compute/v2.1/flavors/974152718 1.770s
2025-12-09 09:49:01.280 65476 INFO tempest.lib.common.rest_client [req-b33bef16-695f-4050-9cf6-c38e3895dea6 req-b33bef16-695f-4050-9cf6-c38e3895dea6 ] Request (ServersTestFqdnHostnames:test_create_server_with_fqdn_name): 202 POST http://10.180.1.21/compute/v2.1/servers 1.839s
2025-12-09 09:49:01.292 65496 INFO tempest.lib.common.rest_client [req-90fc5156-3d73-4aeb-9b80-c700d6879c53 req-90fc5156-3d73-4aeb-9b80-c700d6879c53 ] Request (HypervisorAdminUnderV252Test:tearDownClass): 204 DELETE http://10.180.1.21/networking/v2.0/security-groups/c9c24c8a-2548-490f-a053-2eb2fc56464f 0.094s
2025-12-09 09:49:01.337 65494 INFO tempest.lib.common.rest_client [req-b8ce8136-abaa-461b-a25e-932cfcf0acb8 req-b8ce8136-abaa-461b-a25e-932cfcf0acb8 ] Request (ServerShowV247Test:test_update_rebuild_list_server): 200 GET http://10.180.1.21/compute/v2.1/servers/fe1588c5-adfb-4ba4-b56f-f695ab3918df 1.716s
2025-12-09 09:49:01.347 65494 INFO tempest.common.waiters [-] State transition "BUILD/block_device_mapping" ==> "BUILD/spawning" after 21 second wait
2025-12-09 09:49:01.348 65530 INFO tempest.lib.common.rest_client [req-3ceace6a-bafc-4e49-b585-4f125f036b16 req-3ceace6a-bafc-4e49-b585-4f125f036b16 ] Request (ServersTestMultiNic:_run_cleanups): 200 GET http://10.180.1.21/compute/v2.1/servers/61293d09-98aa-4f51-a527-110079e1cce5 1.742s
2025-12-09 09:49:01.358 65530 INFO tempest.common.waiters [-] State transition "ACTIVE/deleting" ==> "DELETED/None" after 3 second wait
2025-12-09 09:49:01.372 65478 INFO tempest.lib.common.rest_client [req-49a49bb2-9f7d-4086-9f5f-4bfffaf303de req-49a49bb2-9f7d-4086-9f5f-4bfffaf303de ] Request (AttachInterfacesV270Test:tearDownClass): 404 GET http://10.180.1.21/compute/v2.1/servers/ba43c102-5349-4075-be8f-98f52d8b6df2 1.649s
2025-12-09 09:49:01.422 65506 INFO tempest.lib.common.rest_client [req-05e04d54-b254-40c3-b519-0b29c60b65b6 req-05e04d54-b254-40c3-b519-0b29c60b65b6 ] Request (TenantUsagesTestJSON:tearDownClass): 200 GET http://10.180.1.21/compute/v2.1/servers/c389c935-75ee-4259-92a7-5572726b5395 1.716s
2025-12-09 09:49:01.452 65496 INFO tempest.lib.common.rest_client [req-c18f6e43-78cd-4b1a-816a-e39974732786 req-c18f6e43-78cd-4b1a-816a-e39974732786 ] Request (HypervisorAdminUnderV252Test:tearDownClass): 204 DELETE http://10.180.1.21/identity/v3/projects/d9be5880626d4b6689131e1b1de08dca 0.159s
2025-12-09 09:49:01.516 65484 INFO tempest.lib.common.rest_client [req-0f3b69ae-8cc7-4412-addb-0ce447e0b0cb req-0f3b69ae-8cc7-4412-addb-0ce447e0b0cb ] Request (FloatingIPsAssociationNegativeTestJSON:tearDownClass): 200 GET http://10.180.1.21/compute/v2.1/servers/97fcc7bb-7b67-4651-a0e0-20b63cb0ccc8 1.724s
2025-12-09 09:49:01.533 65526 INFO tempest.lib.common.rest_client [req-b274b4ef-6bae-49f6-aa37-c31fbb3fed0e req-b274b4ef-6bae-49f6-aa37-c31fbb3fed0e ] Request (MigrationsAdminTest:test_resize_server_revert_deleted_flavor): 200 POST http://10.180.1.21/compute/v2.1/flavors 1.702s
2025-12-09 09:49:01.539 65496 INFO tempest.lib.common.rest_client [req-130c02cf-c5f0-4de5-8421-7c989204ce96 req-130c02cf-c5f0-4de5-8421-7c989204ce96 ] Request (QuotasSecurityGroupAdminNegativeTest:setUpClass): 201 POST http://10.180.1.21/identity/v3/auth/tokens 0.085s
2025-12-09 09:49:01.580 65482 INFO tempest.lib.common.rest_client [req-b2fe5d60-8230-47b3-b819-2c0469a93247 req-b2fe5d60-8230-47b3-b819-2c0469a93247 ] Request (ImagesMetadataTestJSON:test_delete_image_metadata_item): 204 DELETE http://10.180.1.21/compute/v2.1/images/1591c0f2-e24f-4b78-b653-8894c0e06a7a/metadata/os_version 1.830s
2025-12-09 09:49:01.581 65496 INFO tempest.lib.common.rest_client [req-2f8b5493-0834-4dc9-8045-a9d32e79c3f4 req-2f8b5493-0834-4dc9-8045-a9d32e79c3f4 ] Request (QuotasSecurityGroupAdminNegativeTest:setUpClass): 201 POST http://10.180.1.21/identity/v3/auth/tokens 0.039s
2025-12-09 09:49:01.599 65528 INFO tempest.lib.common.rest_client [req-ede471cb-e478-4d5f-8c2f-92482511bc0b req-ede471cb-e478-4d5f-8c2f-92482511bc0b ] Request (FlavorsAdminTestJSON:test_is_public_string_variations): 200 GET http://10.180.1.21/compute/v2.1/flavors/detail?is_public=0 1.759s
2025-12-09 09:49:01.631 65510 INFO tempest.lib.common.rest_client [req-3d8cfe7a-9186-47ec-91b6-a750a4135e9f req-3d8cfe7a-9186-47ec-91b6-a750a4135e9f ] Request (ServerDiagnosticsV248Test:tearDownClass): 200 GET http://10.180.1.21/compute/v2.1/servers/037c83bc-7444-47db-9f3c-a65d1b421f34 1.795s
2025-12-09 09:49:01.635 65496 INFO tempest.lib.common.rest_client [req-f0afa862-84d9-42fc-9498-2dd30937bd3c req-f0afa862-84d9-42fc-9498-2dd30937bd3c ] Request (QuotasSecurityGroupAdminNegativeTest:setUpClass): 200 GET http://10.180.1.21/identity/v3/domains?name=Default 0.053s
2025-12-09 09:49:01.671 65512 INFO tempest.lib.common.rest_client [req-7eaef3bd-dcd4-4531-93b1-2726adedc1f9 req-7eaef3bd-dcd4-4531-93b1-2726adedc1f9 ] Request (KeyPairsNegativeTestJSON:test_create_keypair_with_empty_name_string): 400 POST http://10.180.1.21/compute/v2.1/os-keypairs 1.561s
2025-12-09 09:49:01.672 65496 INFO tempest.lib.common.rest_client [req-4f4aac6d-9e36-419a-adc1-7b587957ef9b req-4f4aac6d-9e36-419a-adc1-7b587957ef9b ] Request (QuotasSecurityGroupAdminNegativeTest:setUpClass): 201 POST http://10.180.1.21/identity/v3/projects 0.037s
2025-12-09 09:49:01.706 65520 INFO tempest.lib.common.rest_client [req-4a56d667-d0de-410d-a6aa-6d23d49f6d31 req-4a56d667-d0de-410d-a6aa-6d23d49f6d31 ] Request (ServerPasswordTestJSON:setUpClass): 200 GET http://10.180.1.21/compute/v2.1/servers/17f7df5a-7ba7-489d-89d5-d5c9ff2b8929 1.793s
2025-12-09 09:49:01.757 65496 INFO tempest.lib.common.rest_client [req-8016f8ec-1d2d-43c4-a9a2-ccb056362edc req-8016f8ec-1d2d-43c4-a9a2-ccb056362edc ] Request (QuotasSecurityGroupAdminNegativeTest:setUpClass): 201 POST http://10.180.1.21/identity/v3/users 0.084s
2025-12-09 09:49:01.779 65496 INFO tempest.lib.common.rest_client [req-2ccf3151-d734-4c80-a9f8-7b24c065a968 req-2ccf3151-d734-4c80-a9f8-7b24c065a968 ] Request (QuotasSecurityGroupAdminNegativeTest:setUpClass): 200 GET http://10.180.1.21/identity/v3/roles 0.021s
2025-12-09 09:49:01.814 65496 INFO tempest.lib.common.rest_client [req-f6bc848a-cb50-498a-977a-45d868840f52 req-f6bc848a-cb50-498a-977a-45d868840f52 ] Request (QuotasSecurityGroupAdminNegativeTest:setUpClass): 204 PUT http://10.180.1.21/identity/v3/projects/a080d9ebd8d54da78ce66d07236876ae/users/de0f90aad1a64b1c8a4ea33f7405bb2f/roles/3d70e162b4694cf3a94cc19cff43525a 0.034s
2025-12-09 09:49:01.814 65496 INFO tempest.lib.common.dynamic_creds [-] Dynamic test user de0f90aad1a64b1c8a4ea33f7405bb2f is created with scope project and roles: ['member']
2025-12-09 09:49:01.815 65496 INFO tempest.lib.common.dynamic_creds [-] Acquired dynamic creds: credentials: Credentials: {'domain_id': 'default', 'domain_name': 'Default', 'username': 'tempest-QuotasSecurityGroupAdminNegativeTest-660772541-project-member', 'project_domain_id': 'default', 'project_domain_name': 'Default', 'project_id': 'a080d9ebd8d54da78ce66d07236876ae', 'project_name': 'tempest-QuotasSecurityGroupAdminNegativeTest-660772541', 'tenant_id': 'a080d9ebd8d54da78ce66d07236876ae', 'tenant_name': 'tempest-QuotasSecurityGroupAdminNegativeTest-660772541', 'user_domain_id': 'default', 'user_domain_name': 'Default', 'user_id': 'de0f90aad1a64b1c8a4ea33f7405bb2f', 'system': None}, Network: None, Subnet: None, Router: None
2025-12-09 09:49:01.815 65496 INFO tempest.lib.common.dynamic_creds [-] Created isolated network resources for: credentials: Credentials: {'domain_id': 'default', 'domain_name': 'Default', 'username': 'tempest-QuotasSecurityGroupAdminNegativeTest-660772541-project-member', 'project_domain_id': 'default', 'project_domain_name': 'Default', 'project_id': 'a080d9ebd8d54da78ce66d07236876ae', 'project_name': 'tempest-QuotasSecurityGroupAdminNegativeTest-660772541', 'tenant_id': 'a080d9ebd8d54da78ce66d07236876ae', 'tenant_name': 'tempest-QuotasSecurityGroupAdminNegativeTest-660772541', 'user_domain_id': 'default', 'user_domain_name': 'Default', 'user_id': 'de0f90aad1a64b1c8a4ea33f7405bb2f', 'system': None}, Network: None, Subnet: None, Router: None
2025-12-09 09:49:01.867 65508 INFO tempest.lib.common.rest_client [req-cc2e1369-7f01-4049-b693-e77f89c8d567 req-cc2e1369-7f01-4049-b693-e77f89c8d567 ] Request (ServerAddressesNegativeTestJSON:setUpClass): 200 GET http://10.180.1.21/compute/v2.1/servers/e4b03ff4-37d3-445e-a176-d395009c4316 1.657s
2025-12-09 09:49:01.895 65518 INFO tempest.lib.common.rest_client [req-3e7832bd-a27c-48f1-b80b-17aca7b24a21 req-3e7832bd-a27c-48f1-b80b-17aca7b24a21 ] Request (ServerGroupTestJSON:_run_cleanups): 200 GET http://10.180.1.21/compute/v2.1/servers/0a183a09-5154-4171-8e96-14d9a984ee4a 1.564s
2025-12-09 09:49:01.903 65496 INFO tempest.lib.common.rest_client [req-84b42181-59b6-42f1-9567-10a7a377f7dc req-84b42181-59b6-42f1-9567-10a7a377f7dc ] Request (QuotasSecurityGroupAdminNegativeTest:setUpClass): 201 POST http://10.180.1.21/identity/v3/auth/tokens 0.084s
2025-12-09 09:49:01.944 65504 INFO tempest.lib.common.rest_client [req-a3c31601-9343-4820-9afe-24d63ce131d6 req-a3c31601-9343-4820-9afe-24d63ce131d6 ] Request (ServerExternalEventsTest:tearDownClass): 200 GET http://10.180.1.21/compute/v2.1/servers/7381804f-92db-47d1-9b4d-7ac5778a6d00 1.604s
2025-12-09 09:49:01.953 65504 INFO tempest.common.waiters [-] State transition "ACTIVE/deleting" ==> "DELETED/None" after 2 second wait
2025-12-09 09:49:01.970 65496 INFO tempest.lib.common.rest_client [req-c1e62e7d-381b-44c2-b674-3d4814336de9 req-c1e62e7d-381b-44c2-b674-3d4814336de9 ] Request (QuotasSecurityGroupAdminNegativeTest:setUpClass): 201 POST http://10.180.1.21/identity/v3/projects 0.067s
2025-12-09 09:49:02.060 65498 INFO tempest.lib.common.rest_client [req-2f0cac6a-aa16-45ce-9d0c-6281ba4f4e13 req-2f0cac6a-aa16-45ce-9d0c-6281ba4f4e13 ] Request (ImagesTestJSON:_run_cleanups): 204 DELETE http://10.180.1.21/compute/v2.1/servers/1ff304eb-358b-4d81-8f14-662c761b5a8e 1.266s
2025-12-09 09:49:02.066 65486 INFO tempest.lib.common.rest_client [req-9befd9ed-17c5-4dba-b74d-f2c10ca55eed req-9befd9ed-17c5-4dba-b74d-f2c10ca55eed ] Request (ServerRescueNegativeTestJSON:setUpClass): 200 GET http://10.180.1.21/compute/v2.1/servers/dd9b835a-aac5-4241-bdb6-f97ceb517ede 1.571s
2025-12-09 09:49:02.078 65496 INFO tempest.lib.common.rest_client [req-b9c9c5a7-0f14-476b-8e73-73e277000d96 req-b9c9c5a7-0f14-476b-8e73-73e277000d96 ] Request (QuotasSecurityGroupAdminNegativeTest:setUpClass): 201 POST http://10.180.1.21/identity/v3/users 0.107s
2025-12-09 09:49:02.130 65532 INFO tempest.lib.common.rest_client [req-e1faf23d-75c5-4998-817b-f22b034ab021 req-e1faf23d-75c5-4998-817b-f22b034ab021 ] Request (ServersAdminTestJSON:test_inject_network_info): 200 GET http://10.180.1.21/compute/v2.1/servers/11c9d69e-582f-40a2-9d5a-97763b5db112 1.308s
2025-12-09 09:49:02.144 65498 INFO tempest.lib.common.rest_client [req-65320fd2-548b-4bda-8cc3-df49d239ec76 req-65320fd2-548b-4bda-8cc3-df49d239ec76 ] Request (ImagesTestJSON:test_create_image_from_suspended_server): 201 POST http://10.180.1.21/identity/v3/auth/tokens 0.075s
2025-12-09 09:49:02.144 65498 INFO tempest.lib.common.fixed_network [-] (ImagesTestJSON:test_create_image_from_suspended_server) Found network {'id': 'cd4381ca-f4f3-4731-b046-7faecae71fe3', 'name': 'tempest-ImagesTestJSON-915572345-network', 'tenant_id': '78ca69b12ac747aca8bddeb9ed0d69c6', 'project_id': '78ca69b12ac747aca8bddeb9ed0d69c6', 'admin_state_up': True, 'mtu': 8950, 'status': 'ACTIVE', 'subnets': [], 'shared': False, 'port_security_enabled': True, 'router:external': False, 'provider:network_type': 'vlan', 'provider:physical_network': 'default', 'provider:segmentation_id': 257, 'availability_zone_hints': [], 'availability_zones': [], 'ipv4_address_scope': None, 'ipv6_address_scope': None, 'description': '', 'tags': [], 'created_at': '2025-12-09T09:47:52Z', 'updated_at': '2025-12-09T09:47:53Z', 'revision_number': 1} available for tenant
2025-12-09 09:49:02.164 65496 INFO tempest.lib.common.rest_client [req-6285e52d-bdde-4111-afd4-9acc4eda8576 req-6285e52d-bdde-4111-afd4-9acc4eda8576 ] Request (QuotasSecurityGroupAdminNegativeTest:setUpClass): 200 GET http://10.180.1.21/identity/v3/roles 0.085s
2025-12-09 09:49:02.193 65496 INFO tempest.lib.common.rest_client [req-7633df72-f979-4d99-a58f-a8d7dea65088 req-7633df72-f979-4d99-a58f-a8d7dea65088 ] Request (QuotasSecurityGroupAdminNegativeTest:setUpClass): 204 PUT http://10.180.1.21/identity/v3/projects/d60203ba4fca4886a015328c62a68b45/users/dc88a57a5d9a4fc692b1ef18d9a0f392/roles/a970f99ecbe047bcbc9090e87eb60e17 0.029s
2025-12-09 09:49:02.248 65480 INFO tempest.lib.common.rest_client [req-44336e92-3a53-4192-a913-4d8182822796 req-44336e92-3a53-4192-a913-4d8182822796 ] Request (VolumesAssistedSnapshotsTest:test_volume_assisted_snapshot_create_delete): 200 POST http://10.180.1.21/compute/v2.1/os-assisted-volume-snapshots 1.319s
2025-12-09 09:49:02.253 65496 INFO tempest.lib.common.rest_client [req-a0a11575-01f0-4558-8e73-5ff5eebda7a5 req-a0a11575-01f0-4558-8e73-5ff5eebda7a5 ] Request (QuotasSecurityGroupAdminNegativeTest:setUpClass): 200 GET http://10.180.1.21/identity/v3/roles 0.059s
2025-12-09 09:49:02.276 65496 INFO tempest.lib.common.rest_client [req-48ec7d7c-f23e-431b-9e8d-61f38f5f4f46 req-48ec7d7c-f23e-431b-9e8d-61f38f5f4f46 ] Request (QuotasSecurityGroupAdminNegativeTest:setUpClass): 204 PUT http://10.180.1.21/identity/v3/projects/d60203ba4fca4886a015328c62a68b45/users/dc88a57a5d9a4fc692b1ef18d9a0f392/roles/a970f99ecbe047bcbc9090e87eb60e17 0.022s
2025-12-09 09:49:02.276 65496 INFO tempest.lib.common.dynamic_creds [-] Dynamic test user dc88a57a5d9a4fc692b1ef18d9a0f392 is created with scope project and roles: ['admin']
2025-12-09 09:49:02.276 65496 INFO tempest.lib.common.dynamic_creds [-] Acquired dynamic creds: credentials: Credentials: {'domain_id': 'default', 'domain_name': 'Default', 'username': 'tempest-QuotasSecurityGroupAdminNegativeTest-256480491-project-admin', 'project_domain_id': 'default', 'project_domain_name': 'Default', 'project_id': 'd60203ba4fca4886a015328c62a68b45', 'project_name': 'tempest-QuotasSecurityGroupAdminNegativeTest-256480491', 'tenant_id': 'd60203ba4fca4886a015328c62a68b45', 'tenant_name': 'tempest-QuotasSecurityGroupAdminNegativeTest-256480491', 'user_domain_id': 'default', 'user_domain_name': 'Default', 'user_id': 'dc88a57a5d9a4fc692b1ef18d9a0f392', 'system': None}, Network: None, Subnet: None, Router: None
2025-12-09 09:49:02.276 65496 INFO tempest.lib.common.dynamic_creds [-] Created isolated network resources for: credentials: Credentials: {'domain_id': 'default', 'domain_name': 'Default', 'username': 'tempest-QuotasSecurityGroupAdminNegativeTest-256480491-project-admin', 'project_domain_id': 'default', 'project_domain_name': 'Default', 'project_id': 'd60203ba4fca4886a015328c62a68b45', 'project_name': 'tempest-QuotasSecurityGroupAdminNegativeTest-256480491', 'tenant_id': 'd60203ba4fca4886a015328c62a68b45', 'tenant_name': 'tempest-QuotasSecurityGroupAdminNegativeTest-256480491', 'user_domain_id': 'default', 'user_domain_name': 'Default', 'user_id': 'dc88a57a5d9a4fc692b1ef18d9a0f392', 'system': None}, Network: None, Subnet: None, Router: None
2025-12-09 09:49:02.330 65524 INFO tempest.lib.common.rest_client [req-0025ed7b-48a8-417d-8ccd-9f8feac38c67 req-0025ed7b-48a8-417d-8ccd-9f8feac38c67 ] Request (ServerRescueTestJSONUnderV235:setUpClass): 200 GET http://10.180.1.21/compute/v2.1/servers/c03fb5b5-7a44-46d0-813a-f15819b21953 1.332s
2025-12-09 09:49:02.341 65488 INFO tempest.lib.common.rest_client [req-cdd2dc45-7cc9-4110-b21f-831b5529fa52 req-cdd2dc45-7cc9-4110-b21f-831b5529fa52 ] Request (FloatingIPsAssociationTestJSON:tearDownClass): 204 DELETE http://10.180.1.21/compute/v2.1/servers/39a51e82-9053-473b-b761-389c36f70a54 1.258s
2025-12-09 09:49:02.360 65496 INFO tempest.lib.common.rest_client [req-cdaffb90-983a-4587-af79-73b76fda1690 req-cdaffb90-983a-4587-af79-73b76fda1690 ] Request (QuotasSecurityGroupAdminNegativeTest:setUpClass): 201 POST http://10.180.1.21/identity/v3/auth/tokens 0.080s
2025-12-09 09:49:02.430 65516 INFO tempest.lib.common.rest_client [req-6e87f767-5766-4eca-aa00-4fe9f8584c57 req-6e87f767-5766-4eca-aa00-4fe9f8584c57 ] Request (MultipleCreateTestJSON:test_multiple_create_with_reservation_return): 200 GET http://10.180.1.21/compute/v2.1/servers/41c0c3db-c952-45be-9c6b-b4387dc18331 1.224s
2025-12-09 09:49:02.475 65522 INFO tempest.lib.common.rest_client [req-c517b7de-36ac-43bb-a0f3-6cd605fb8e99 req-c517b7de-36ac-43bb-a0f3-6cd605fb8e99 ] Request (AggregatesAdminNegativeTestJSON:_run_cleanups): 200 DELETE http://10.180.1.21/compute/v2.1/os-aggregates/7 1.222s
2025-12-09 09:49:02.487 65472 INFO tempest.lib.common.rest_client [req-0c20d3e5-738b-4092-bc99-e7466911c11b req-0c20d3e5-738b-4092-bc99-e7466911c11b ] Request (DeleteServersAdminTestJSON:test_delete_server_while_in_error_state): 200 GET http://10.180.1.21/compute/v2.1/servers/2b27517f-3f02-46dd-bc3d-436a783b4a57 1.391s
2025-12-09 09:49:02.509 65514 INFO tempest.lib.common.rest_client [req-66375977-8b22-4588-a06e-d50c7a97cb1d req-66375977-8b22-4588-a06e-d50c7a97cb1d ] Request (ServersAdminNegativeTestJSON:_run_cleanups): 200 GET http://10.180.1.21/compute/v2.1/flavors/detail 1.237s
2025-12-09 09:49:02.521 65526 INFO tempest.lib.common.rest_client [req-258f902b-0be4-4fcf-9e22-886f61a5bb80 req-258f902b-0be4-4fcf-9e22-886f61a5bb80 ] Request (MigrationsAdminTest:test_resize_server_revert_deleted_flavor): 200 GET http://10.180.1.21/compute/v2.1/flavors/42/os-extra_specs 0.985s
2025-12-09 09:49:02.543 65496 INFO tempest.lib.common.rest_client [req-ac7a1741-45ec-4573-9781-0f807b4c103f req-ac7a1741-45ec-4573-9781-0f807b4c103f ] Request (QuotasSecurityGroupAdminNegativeTest:tearDownClass): 204 DELETE http://10.180.1.21/identity/v3/users/de0f90aad1a64b1c8a4ea33f7405bb2f 0.178s
2025-12-09 09:49:02.677 65476 INFO tempest.lib.common.rest_client [req-97deb5b9-adb8-4ae6-ad1e-7f5a136596b7 req-97deb5b9-adb8-4ae6-ad1e-7f5a136596b7 ] Request (ServersTestFqdnHostnames:test_create_server_with_fqdn_name): 200 GET http://10.180.1.21/compute/v2.1/servers/21824b0f-b36e-4942-b25c-75a18cc605a0 1.395s
2025-12-09 09:49:02.719 65482 INFO tempest.lib.common.rest_client [req-b68f9973-b5bb-4ee9-85fc-7eef2efc8111 req-b68f9973-b5bb-4ee9-85fc-7eef2efc8111 ] Request (ImagesMetadataTestJSON:test_delete_image_metadata_item): 200 GET http://10.180.1.21/compute/v2.1/images/1591c0f2-e24f-4b78-b653-8894c0e06a7a/metadata 1.138s
2025-12-09 09:49:02.726 65496 INFO tempest.lib.common.rest_client [req-26ca12e7-ef42-4e4e-9633-5ab81145cc62 req-26ca12e7-ef42-4e4e-9633-5ab81145cc62 ] Request (QuotasSecurityGroupAdminNegativeTest:tearDownClass): 204 DELETE http://10.180.1.21/identity/v3/users/dc88a57a5d9a4fc692b1ef18d9a0f392 0.182s
2025-12-09 09:49:02.726 65496 INFO tempest.lib.common.dynamic_creds [-] Deleting project and security group for project: d60203ba4fca4886a015328c62a68b45
2025-12-09 09:49:02.749 65528 INFO tempest.lib.common.rest_client [req-ad68c50c-6fb4-4557-9558-074a6f4ae30a req-ad68c50c-6fb4-4557-9558-074a6f4ae30a ] Request (FlavorsAdminTestJSON:test_is_public_string_variations): 200 GET http://10.180.1.21/compute/v2.1/flavors/detail?is_public=t 1.147s
2025-12-09 09:49:02.774 65502 INFO tempest.lib.common.rest_client [req-7f4f59a3-7872-4fde-b9e4-01724f277f75 req-7f4f59a3-7872-4fde-b9e4-01724f277f75 ] Request (ServersV294TestFqdnHostnames:setUpClass): 200 GET http://10.180.1.21/compute/v2.1/servers/8ab696b2-cab9-4da6-a134-cd6f0f6eb420 1.222s
2025-12-09 09:49:02.784 65502 INFO tempest.common.waiters [-] State transition "BUILD/None" ==> "BUILD/networking" after 23 second wait
2025-12-09 09:49:02.805 65512 INFO tempest.lib.common.rest_client [req-f6d65629-a0b8-4c7a-be69-4b2a5e234b4a req-f6d65629-a0b8-4c7a-be69-4b2a5e234b4a ] Request (KeyPairsNegativeTestJSON:test_create_keypair_with_empty_public_key): 400 POST http://10.180.1.21/compute/v2.1/os-keypairs 1.132s
2025-12-09 09:49:02.820 65496 INFO tempest.lib.common.rest_client [req-39e4ca61-45ce-4795-8a21-1acfeeb75fa6 req-39e4ca61-45ce-4795-8a21-1acfeeb75fa6 ] Request (QuotasSecurityGroupAdminNegativeTest:tearDownClass): 201 POST http://10.180.1.21/identity/v3/auth/tokens 0.093s
2025-12-09 09:49:02.905 65478 INFO tempest.lib.common.rest_client [req-37b375c4-807e-40f8-b76c-91f861b5019f req-37b375c4-807e-40f8-b76c-91f861b5019f ] Request (AttachInterfacesV270Test:tearDownClass): 200 PUT http://10.180.1.21/networking/v2.0/routers/1eedeeb7-2bad-45fc-9c1f-e4462b487535/remove_router_interface 1.532s
2025-12-09 09:49:03.024 65474 INFO tempest.lib.common.rest_client [req-b77df95c-c868-43ed-bedf-c6a6dc53c3fa req-b77df95c-c868-43ed-bedf-c6a6dc53c3fa ] Request (ServerShowV257Test:tearDownClass): 200 GET http://10.180.1.21/compute/v2.1/servers/0b4891f7-207e-4db5-86d7-960ee09a9110 1.373s
2025-12-09 09:49:03.075 65480 INFO tempest.lib.common.rest_client [req-94d44fe5-62a1-4ef0-ba95-3351bc6ae177 req-94d44fe5-62a1-4ef0-ba95-3351bc6ae177 ] Request (VolumesAssistedSnapshotsTest:test_volume_assisted_snapshot_create_delete): 204 DELETE http://10.180.1.21/compute/v2.1/os-assisted-volume-snapshots/None?delete_info=%7B%22volume_id%22%3A+%220f21f730-0a2b-4b79-af1d-8df9a62c4c14%22%7D 0.827s
2025-12-09 09:49:03.117 65480 INFO tempest.lib.common.rest_client [req-ecbe58d3-0d8c-4c6a-81f6-f3b6a9fda3f5 req-ecbe58d3-0d8c-4c6a-81f6-f3b6a9fda3f5 ] Request (VolumesAssistedSnapshotsTest:_run_cleanups): 200 GET http://10.180.1.21/volume/v3/volumes/0f21f730-0a2b-4b79-af1d-8df9a62c4c14 0.041s
2025-12-09 09:49:03.223 65496 INFO tempest.lib.common.rest_client [req-c633577d-97a9-4a58-9c9f-426cb55a67b5 req-c633577d-97a9-4a58-9c9f-426cb55a67b5 ] Request (QuotasSecurityGroupAdminNegativeTest:tearDownClass): 200 GET http://10.180.1.21/networking/v2.0/security-groups?tenant_id=d60203ba4fca4886a015328c62a68b45&name=default 0.403s
2025-12-09 09:49:03.334 65488 INFO tempest.lib.common.rest_client [req-a1894451-17dd-4150-a897-8d3a978fc6f9 req-a1894451-17dd-4150-a897-8d3a978fc6f9 ] Request (FloatingIPsAssociationTestJSON:tearDownClass): 200 GET http://10.180.1.21/compute/v2.1/servers/39a51e82-9053-473b-b761-389c36f70a54 0.992s
2025-12-09 09:49:03.410 65496 INFO tempest.lib.common.rest_client [req-b6f41def-55e1-49b4-acb4-43ace03a09e7 req-b6f41def-55e1-49b4-acb4-43ace03a09e7 ] Request (QuotasSecurityGroupAdminNegativeTest:tearDownClass): 204 DELETE http://10.180.1.21/networking/v2.0/security-groups/5bbae769-ee4b-4eed-b4e2-63cf1051e046 0.185s
2025-12-09 09:49:03.515 65496 INFO tempest.lib.common.rest_client [req-ed524b95-e928-42ab-b105-00bba8933e0a req-ed524b95-e928-42ab-b105-00bba8933e0a ] Request (QuotasSecurityGroupAdminNegativeTest:tearDownClass): 204 DELETE http://10.180.1.21/identity/v3/projects/d60203ba4fca4886a015328c62a68b45 0.105s
2025-12-09 09:49:03.515 65496 INFO tempest.lib.common.dynamic_creds [-] Deleting project and security group for project: a080d9ebd8d54da78ce66d07236876ae
2025-12-09 09:49:03.537 65478 INFO tempest.lib.common.rest_client [req-c9ebb89f-ba9a-4ff0-8be1-d24b80d57659 req-c9ebb89f-ba9a-4ff0-8be1-d24b80d57659 ] Request (AttachInterfacesV270Test:tearDownClass): 204 DELETE http://10.180.1.21/networking/v2.0/routers/1eedeeb7-2bad-45fc-9c1f-e4462b487535 0.631s
2025-12-09 09:49:03.650 65494 INFO tempest.lib.common.rest_client [req-7edf880f-a540-48a2-ae9c-9df853666135 req-7edf880f-a540-48a2-ae9c-9df853666135 ] Request (ServerShowV247Test:test_update_rebuild_list_server): 200 GET http://10.180.1.21/compute/v2.1/servers/fe1588c5-adfb-4ba4-b56f-f695ab3918df 1.302s
2025-12-09 09:49:03.746 65496 INFO tempest.lib.common.rest_client [req-7fc21e53-a8fd-47b4-bb46-8c04fa93bef4 req-7fc21e53-a8fd-47b4-bb46-8c04fa93bef4 ] Request (QuotasSecurityGroupAdminNegativeTest:tearDownClass): 200 GET http://10.180.1.21/networking/v2.0/security-groups?tenant_id=a080d9ebd8d54da78ce66d07236876ae&name=default 0.230s
2025-12-09 09:49:03.830 65530 INFO tempest.lib.common.rest_client [req-d06a7896-efb9-45eb-be05-72a5ee6b56da req-d06a7896-efb9-45eb-be05-72a5ee6b56da ] Request (ServersTestMultiNic:_run_cleanups): 200 GET http://10.180.1.21/compute/v2.1/servers/61293d09-98aa-4f51-a527-110079e1cce5 1.472s
2025-12-09 09:49:03.853 65478 INFO tempest.lib.common.rest_client [req-63ddfb1f-8a69-48d4-8431-641de2967125 req-63ddfb1f-8a69-48d4-8431-641de2967125 ] Request (AttachInterfacesV270Test:tearDownClass): 204 DELETE http://10.180.1.21/networking/v2.0/subnets/7dbf1ad3-2e43-4915-97a8-153d2b4ff4c9 0.316s
2025-12-09 09:49:03.939 65496 INFO tempest.lib.common.rest_client [req-d42c4d41-f5ed-4154-9ed5-db8af579abb5 req-d42c4d41-f5ed-4154-9ed5-db8af579abb5 ] Request (QuotasSecurityGroupAdminNegativeTest:tearDownClass): 204 DELETE http://10.180.1.21/networking/v2.0/security-groups/82d9e41d-1955-4c3d-9e69-e4b2b1d74f8b 0.192s
2025-12-09 09:49:04.065 65498 INFO tempest.lib.common.rest_client [req-e8b7d117-1620-45ed-a5b1-0ce882a94d07 req-e8b7d117-1620-45ed-a5b1-0ce882a94d07 ] Request (ImagesTestJSON:test_create_image_from_suspended_server): 202 POST http://10.180.1.21/compute/v2.1/servers 1.920s
2025-12-09 09:49:04.079 65496 INFO tempest.lib.common.rest_client [req-8ecf3ce6-3999-40b7-b3c5-7fa746bb48f5 req-8ecf3ce6-3999-40b7-b3c5-7fa746bb48f5 ] Request (QuotasSecurityGroupAdminNegativeTest:tearDownClass): 204 DELETE http://10.180.1.21/identity/v3/projects/a080d9ebd8d54da78ce66d07236876ae 0.140s
2025-12-09 09:49:04.089 65522 INFO tempest.lib.common.rest_client [req-934ea5af-4c08-4e04-b197-4f402648cc1f req-934ea5af-4c08-4e04-b197-4f402648cc1f ] Request (AggregatesAdminNegativeTestJSON:test_aggregate_remove_nonexistent_host): 200 POST http://10.180.1.21/compute/v2.1/os-aggregates 1.612s
2025-12-09 09:49:04.147 65478 INFO tempest.lib.common.rest_client [req-53622f03-b088-49fe-a5a5-03652899794e req-53622f03-b088-49fe-a5a5-03652899794e ] Request (AttachInterfacesV270Test:tearDownClass): 204 DELETE http://10.180.1.21/networking/v2.0/networks/f62bc84c-dd6a-422e-b4e1-d8c7b336207f 0.293s
2025-12-09 09:49:04.201 65506 INFO tempest.lib.common.rest_client [req-400c04ce-98f9-4864-b4c8-5b7818d54913 req-400c04ce-98f9-4864-b4c8-5b7818d54913 ] Request (TenantUsagesTestJSON:tearDownClass): 200 GET http://10.180.1.21/compute/v2.1/servers/c389c935-75ee-4259-92a7-5572726b5395 1.766s
2025-12-09 09:49:04.203 65496 INFO tempest.lib.common.rest_client [req-2f3eda09-4959-4a5d-80c5-a76522295d92 req-2f3eda09-4959-4a5d-80c5-a76522295d92 ] Request (ServersListShow296Test:setUpClass): 201 POST http://10.180.1.21/identity/v3/auth/tokens 0.122s
2025-12-09 09:49:04.265 65526 INFO tempest.lib.common.rest_client [req-eb740d12-eddc-4c48-9cf8-23dcf32290a2 req-eb740d12-eddc-4c48-9cf8-23dcf32290a2 ] Request (MigrationsAdminTest:test_resize_server_revert_deleted_flavor): 200 POST http://10.180.1.21/compute/v2.1/flavors/5176dd8a-898d-4084-bd84-40b37cfa176d/os-extra_specs 1.742s
2025-12-09 09:49:04.302 65496 INFO tempest.lib.common.rest_client [req-ffc52836-922d-4b1e-8d20-b48cadee9ac7 req-ffc52836-922d-4b1e-8d20-b48cadee9ac7 ] Request (ServersListShow296Test:setUpClass): 201 POST http://10.180.1.21/identity/v3/auth/tokens 0.097s
2025-12-09 09:49:04.311 65514 INFO tempest.lib.common.rest_client [req-c5530b40-ccd1-43b5-8167-0aa9d27581ef req-c5530b40-ccd1-43b5-8167-0aa9d27581ef ] Request (ServersAdminNegativeTestJSON:test_resize_server_using_overlimit_vcpus): 200 GET http://10.180.1.21/compute/v2.1/os-quota-sets/fac7a613876e438082ef92a5c8664ed2 1.791s
2025-12-09 09:49:04.363 65478 INFO tempest.lib.common.rest_client [req-98572292-6d26-43e2-b53b-8fda8c6b4581 req-98572292-6d26-43e2-b53b-8fda8c6b4581 ] Request (AttachInterfacesV270Test:tearDownClass): 204 DELETE http://10.180.1.21/identity/v3/users/500ef6cbaf27412b87e5254285b42a86 0.215s
2025-12-09 09:49:04.363 65478 INFO tempest.lib.common.dynamic_creds [-] Deleting project and security group for project: 841f153af7a647c2a890c1a8f7497e7d
2025-12-09 09:49:04.369 65490 WARNING tempest.lib.common.ssh [-] Failed to establish authenticated ssh connection to cirros@10.180.180.222 ([Errno None] Unable to connect to port 22 on 10.180.180.222). Number attempts: 4. Retry after 5 seconds.: paramiko.ssh_exception.NoValidConnectionsError: [Errno None] Unable to connect to port 22 on 10.180.180.222
2025-12-09 09:49:04.384 65526 INFO tempest.lib.common.rest_client [req-dc3c61bd-b038-409f-b008-fb9816fe36f5 req-dc3c61bd-b038-409f-b008-fb9816fe36f5 ] Request (MigrationsAdminTest:test_resize_server_revert_deleted_flavor): 201 POST http://10.180.1.21/identity/v3/auth/tokens 0.112s
2025-12-09 09:49:04.384 65526 INFO tempest.lib.common.fixed_network [-] (MigrationsAdminTest:test_resize_server_revert_deleted_flavor) Found network None available for tenant
2025-12-09 09:49:04.420 65496 INFO tempest.lib.common.rest_client [req-50f33097-43c1-4d30-861d-fa0a6dba27f4 req-50f33097-43c1-4d30-861d-fa0a6dba27f4 ] Request (ServersListShow296Test:setUpClass): 200 GET http://10.180.1.21/identity/v3/domains?name=Default 0.117s
2025-12-09 09:49:04.494 65496 INFO tempest.lib.common.rest_client [req-96881897-8a3f-4e49-854f-d8eb7848877d req-96881897-8a3f-4e49-854f-d8eb7848877d ] Request (ServersListShow296Test:setUpClass): 201 POST http://10.180.1.21/identity/v3/projects 0.073s
2025-12-09 09:49:04.494 65484 INFO tempest.lib.common.rest_client [req-9a0fb365-ea44-4938-b483-7c149c848486 req-9a0fb365-ea44-4938-b483-7c149c848486 ] Request (FloatingIPsAssociationNegativeTestJSON:tearDownClass): 200 GET http://10.180.1.21/compute/v2.1/servers/97fcc7bb-7b67-4651-a0e0-20b63cb0ccc8 1.969s
2025-12-09 09:49:04.507 65510 INFO tempest.lib.common.rest_client [req-6954fdb1-ce5a-45d8-9991-f015161f1b69 req-6954fdb1-ce5a-45d8-9991-f015161f1b69 ] Request (ServerDiagnosticsV248Test:tearDownClass): 200 GET http://10.180.1.21/compute/v2.1/servers/037c83bc-7444-47db-9f3c-a65d1b421f34 1.863s
2025-12-09 09:49:04.524 65478 INFO tempest.lib.common.rest_client [req-4489033d-1023-43c4-a678-ada6094ea18e req-4489033d-1023-43c4-a678-ada6094ea18e ] Request (AttachInterfacesV270Test:tearDownClass): 200 GET http://10.180.1.21/networking/v2.0/security-groups?tenant_id=841f153af7a647c2a890c1a8f7497e7d&name=default 0.161s
2025-12-09 09:49:04.580 65496 INFO tempest.lib.common.rest_client [req-bd10c55e-86db-4a36-8f10-63a149052953 req-bd10c55e-86db-4a36-8f10-63a149052953 ] Request (ServersListShow296Test:setUpClass): 201 POST http://10.180.1.21/identity/v3/users 0.086s
2025-12-09 09:49:04.610 65496 INFO tempest.lib.common.rest_client [req-f0b854f5-80d0-473e-8bee-e2e34cd3e684 req-f0b854f5-80d0-473e-8bee-e2e34cd3e684 ] Request (ServersListShow296Test:setUpClass): 200 GET http://10.180.1.21/identity/v3/roles 0.029s
2025-12-09 09:49:04.668 65496 INFO tempest.lib.common.rest_client [req-5217918d-1133-4855-8905-7540bee98275 req-5217918d-1133-4855-8905-7540bee98275 ] Request (ServersListShow296Test:setUpClass): 204 PUT http://10.180.1.21/identity/v3/projects/4fb0b4fd81884450bf354737b03d909a/users/16de3dc6f180447c828b911855bb86c4/roles/3d70e162b4694cf3a94cc19cff43525a 0.057s
2025-12-09 09:49:04.669 65496 INFO tempest.lib.common.dynamic_creds [-] Dynamic test user 16de3dc6f180447c828b911855bb86c4 is created with scope project and roles: ['member']
2025-12-09 09:49:04.669 65496 INFO tempest.lib.common.dynamic_creds [-] Acquired dynamic creds: credentials: Credentials: {'domain_id': 'default', 'domain_name': 'Default', 'username': 'tempest-ServersListShow296Test-2044373787-project-member', 'project_domain_id': 'default', 'project_domain_name': 'Default', 'project_id': '4fb0b4fd81884450bf354737b03d909a', 'project_name': 'tempest-ServersListShow296Test-2044373787', 'tenant_id': '4fb0b4fd81884450bf354737b03d909a', 'tenant_name': 'tempest-ServersListShow296Test-2044373787', 'user_domain_id': 'default', 'user_domain_name': 'Default', 'user_id': '16de3dc6f180447c828b911855bb86c4', 'system': None}, Network: None, Subnet: None, Router: None
2025-12-09 09:49:04.669 65496 INFO tempest.lib.common.dynamic_creds [-] Created isolated network resources for: credentials: Credentials: {'domain_id': 'default', 'domain_name': 'Default', 'username': 'tempest-ServersListShow296Test-2044373787-project-member', 'project_domain_id': 'default', 'project_domain_name': 'Default', 'project_id': '4fb0b4fd81884450bf354737b03d909a', 'project_name': 'tempest-ServersListShow296Test-2044373787', 'tenant_id': '4fb0b4fd81884450bf354737b03d909a', 'tenant_name': 'tempest-ServersListShow296Test-2044373787', 'user_domain_id': 'default', 'user_domain_name': 'Default', 'user_id': '16de3dc6f180447c828b911855bb86c4', 'system': None}, Network: None, Subnet: None, Router: None
2025-12-09 09:49:04.748 65478 INFO tempest.lib.common.rest_client [req-055a261d-323a-4275-bb5c-0ee9ed912c57 req-055a261d-323a-4275-bb5c-0ee9ed912c57 ] Request (AttachInterfacesV270Test:tearDownClass): 204 DELETE http://10.180.1.21/networking/v2.0/security-groups/83f6001f-ad5f-43f8-97a3-c1d3c9da7b6b 0.223s
2025-12-09 09:49:04.769 65482 INFO tempest.lib.common.rest_client [req-643c9301-b86f-4127-a752-45250c785ceb req-643c9301-b86f-4127-a752-45250c785ceb ] Request (ImagesMetadataTestJSON:setUp): 200 PUT http://10.180.1.21/compute/v2.1/images/1591c0f2-e24f-4b78-b653-8894c0e06a7a/metadata 2.040s
2025-12-09 09:49:04.773 65496 INFO tempest.lib.common.rest_client [req-5112ea0e-fd9b-4db4-b092-1fb3617b9d94 req-5112ea0e-fd9b-4db4-b092-1fb3617b9d94 ] Request (ServersListShow296Test:setUpClass): 201 POST http://10.180.1.21/identity/v3/auth/tokens 0.101s
2025-12-09 09:49:04.775 65520 INFO tempest.lib.common.rest_client [req-ebe22bcb-e06d-4fc9-847b-0cf43245f42e req-ebe22bcb-e06d-4fc9-847b-0cf43245f42e ] Request (ServerPasswordTestJSON:setUpClass): 200 GET http://10.180.1.21/compute/v2.1/servers/17f7df5a-7ba7-489d-89d5-d5c9ff2b8929 2.057s
2025-12-09 09:49:04.782 65512 INFO tempest.lib.common.rest_client [req-6dbe3cd7-9448-4b28-b05d-51a02e90b380 req-6dbe3cd7-9448-4b28-b05d-51a02e90b380 ] Request (KeyPairsNegativeTestJSON:test_create_keypair_with_long_keynames): 400 POST http://10.180.1.21/compute/v2.1/os-keypairs 1.974s
2025-12-09 09:49:04.798 65528 INFO tempest.lib.common.rest_client [req-bdf45321-e1dc-4b3b-b380-c75549167c8e req-bdf45321-e1dc-4b3b-b380-c75549167c8e ] Request (FlavorsAdminTestJSON:test_is_public_string_variations): 200 GET http://10.180.1.21/compute/v2.1/flavors/detail?is_public=true 2.042s
2025-12-09 09:49:04.821 65496 INFO tempest.lib.common.rest_client [req-a28ee2c1-a379-4e43-8adb-3cc7339e318c req-a28ee2c1-a379-4e43-8adb-3cc7339e318c ] Request (ServersListShow296Test:test_list_show_update_rebuild_server_296): 201 POST http://10.180.1.21/identity/v3/auth/tokens 0.043s
2025-12-09 09:49:04.822 65496 INFO tempest.lib.common.fixed_network [-] (ServersListShow296Test:test_list_show_update_rebuild_server_296) Found network None available for tenant
2025-12-09 09:49:04.872 65478 INFO tempest.lib.common.rest_client [req-db1b3b70-6ed8-449b-94b7-e18007e8ae6b req-db1b3b70-6ed8-449b-94b7-e18007e8ae6b ] Request (AttachInterfacesV270Test:tearDownClass): 204 DELETE http://10.180.1.21/identity/v3/projects/841f153af7a647c2a890c1a8f7497e7d 0.124s
2025-12-09 09:49:04.938 65478 INFO tempest.lib.common.rest_client [req-d2a9b891-5452-4a95-b038-98fe0ff7ecb0 req-d2a9b891-5452-4a95-b038-98fe0ff7ecb0 ] Request (ServerDiskConfigTestJSON:setUpClass): 201 POST http://10.180.1.21/identity/v3/auth/tokens 0.064s
2025-12-09 09:49:04.973 65478 INFO tempest.lib.common.rest_client [req-fabd7311-d09b-430c-8c07-9ade2b6b120d req-fabd7311-d09b-430c-8c07-9ade2b6b120d ] Request (ServerDiskConfigTestJSON:setUpClass): 201 POST http://10.180.1.21/identity/v3/auth/tokens 0.032s
2025-12-09 09:49:04.974 65518 INFO tempest.lib.common.rest_client [req-acf96fe5-1aae-4dc3-93bf-f9c56bb3047b req-acf96fe5-1aae-4dc3-93bf-f9c56bb3047b ] Request (ServerGroupTestJSON:_run_cleanups): 200 GET http://10.180.1.21/compute/v2.1/servers/0a183a09-5154-4171-8e96-14d9a984ee4a 2.067s
2025-12-09 09:49:04.982 65518 INFO tempest.common.waiters [-] State transition "ACTIVE/deleting" ==> "DELETED/None" after 3 second wait
