2025-12-09 09:49:09.782 65508 INFO tempest.lib.common.rest_client [req-e18d0ed0-c27a-497d-a216-443e10491d43 req-e18d0ed0-c27a-497d-a216-443e10491d43 ] Request (ServerAddressesNegativeTestJSON:tearDownClass): 204 DELETE http://10.180.1.21/compute/v2.1/servers/e4b03ff4-37d3-445e-a176-d395009c4316 0.975s
2025-12-09 09:49:09.858 65510 INFO tempest.lib.common.rest_client [req-b77291ac-bd9f-4016-9d00-f322f1bac871 req-b77291ac-bd9f-4016-9d00-f322f1bac871 ] Request (ServerDiagnosticsV248Test:tearDownClass): 204 DELETE http://10.180.1.21/networking/v2.0/security-groups/861cc204-8f08-46a9-b378-310278c26750 0.185s
2025-12-09 09:49:09.873 65490 WARNING tempest.lib.common.ssh [-] Failed to establish authenticated ssh connection to cirros@10.180.180.222 ([Errno None] Unable to connect to port 22 on 10.180.180.222). Number attempts: 5. Retry after 6 seconds.: paramiko.ssh_exception.NoValidConnectionsError: [Errno None] Unable to connect to port 22 on 10.180.180.222
2025-12-09 09:49:09.937 65496 INFO tempest.lib.common.rest_client [req-ffbf86e3-67d2-4dbe-a1ba-e64686ebfe88 req-ffbf86e3-67d2-4dbe-a1ba-e64686ebfe88 ] Request (ServersListShow296Test:test_list_show_update_rebuild_server_296): 200 GET http://10.180.1.21/compute/v2.1/servers/11181332-af23-4e30-b246-41ab57ca066d 1.100s
2025-12-09 09:49:09.947 65516 INFO tempest.lib.common.rest_client [req-36a78083-8446-479a-8ffe-549307634533 req-36a78083-8446-479a-8ffe-549307634533 ] Request (MultipleCreateTestJSON:test_multiple_create_with_reservation_return): 200 GET http://10.180.1.21/compute/v2.1/servers/41c0c3db-c952-45be-9c6b-b4387dc18331 1.099s
2025-12-09 09:49:09.949 65496 INFO tempest.common.waiters [-] State transition "BUILD/scheduling" ==> "BUILD/None" after 2 second wait
2025-12-09 09:49:09.963 65512 INFO tempest.lib.common.rest_client [req-c1d36efe-2925-4ba6-b490-1c99c33e08c3 req-c1d36efe-2925-4ba6-b490-1c99c33e08c3 ] Request (InstanceActionsV221TestJSON:setUpClass): 201 POST http://10.180.1.21/networking/v2.0/routers 0.837s
2025-12-09 09:49:09.993 65510 INFO tempest.lib.common.rest_client [req-30d4a0a9-63ed-444a-80ed-f311b99d25c4 req-30d4a0a9-63ed-444a-80ed-f311b99d25c4 ] Request (ServerDiagnosticsV248Test:tearDownClass): 204 DELETE http://10.180.1.21/identity/v3/projects/9d92ba1f2b954ceaa821ccba67aa5ba3 0.135s
2025-12-09 09:49:10.069 65476 INFO tempest.lib.common.rest_client [req-b0a30b6a-afa7-44e4-9333-11ea047ab7f3 req-b0a30b6a-afa7-44e4-9333-11ea047ab7f3 ] Request (ServersTestFqdnHostnames:test_create_server_with_fqdn_name): 200 GET http://10.180.1.21/compute/v2.1/servers/21824b0f-b36e-4942-b25c-75a18cc605a0 1.080s
2025-12-09 09:49:10.086 65510 INFO tempest.lib.common.rest_client [req-1af8ce55-3fd5-4a62-931c-9b0331dbd0c3 req-1af8ce55-3fd5-4a62-931c-9b0331dbd0c3 ] Request (ListServersNegativeTestJSON:setUpClass): 201 POST http://10.180.1.21/identity/v3/auth/tokens 0.090s
2025-12-09 09:49:10.096 65528 INFO tempest.lib.common.rest_client [req-df478ab7-d2c0-45f1-87e9-be0d88136c63 req-df478ab7-d2c0-45f1-87e9-be0d88136c63 ] Request (FlavorsAdminTestJSON:_run_cleanups): 202 DELETE http://10.180.1.21/compute/v2.1/flavors/470852290 1.081s
2025-12-09 09:49:10.120 65510 INFO tempest.lib.common.rest_client [req-971fe015-39cc-49c9-b153-5159af8cd9f3 req-971fe015-39cc-49c9-b153-5159af8cd9f3 ] Request (ListServersNegativeTestJSON:setUpClass): 201 POST http://10.180.1.21/identity/v3/auth/tokens 0.031s
2025-12-09 09:49:10.147 65510 INFO tempest.lib.common.rest_client [req-cba40284-5e3e-42d6-9ed3-421bbe79f72d req-cba40284-5e3e-42d6-9ed3-421bbe79f72d ] Request (ListServersNegativeTestJSON:setUpClass): 200 GET http://10.180.1.21/identity/v3/domains?name=Default 0.027s
2025-12-09 09:49:10.186 65510 INFO tempest.lib.common.rest_client [req-6ac0bd19-3699-4700-93bb-1e1dab671055 req-6ac0bd19-3699-4700-93bb-1e1dab671055 ] Request (ListServersNegativeTestJSON:setUpClass): 201 POST http://10.180.1.21/identity/v3/projects 0.038s
2025-12-09 09:49:10.223 65482 INFO tempest.lib.common.rest_client [req-c9f2024d-cc14-4bac-9387-cc71fd913ffc req-c9f2024d-cc14-4bac-9387-cc71fd913ffc ] Request (ImagesMetadataTestJSON:test_set_image_metadata): 200 PUT http://10.180.1.21/compute/v2.1/images/1591c0f2-e24f-4b78-b653-8894c0e06a7a/metadata 1.244s
2025-12-09 09:49:10.277 65510 INFO tempest.lib.common.rest_client [req-19016d63-989b-4205-b944-002cba7252bc req-19016d63-989b-4205-b944-002cba7252bc ] Request (ListServersNegativeTestJSON:setUpClass): 201 POST http://10.180.1.21/identity/v3/users 0.091s
2025-12-09 09:49:10.321 65510 INFO tempest.lib.common.rest_client [req-812c7019-5d4a-4527-9ee4-dafccf187252 req-812c7019-5d4a-4527-9ee4-dafccf187252 ] Request (ListServersNegativeTestJSON:setUpClass): 200 GET http://10.180.1.21/identity/v3/roles 0.043s
2025-12-09 09:49:10.358 65510 INFO tempest.lib.common.rest_client [req-a18cf70a-af26-4851-b964-059ec92a3853 req-a18cf70a-af26-4851-b964-059ec92a3853 ] Request (ListServersNegativeTestJSON:setUpClass): 204 PUT http://10.180.1.21/identity/v3/projects/70af1bd2a0f0465d990e990fa416864b/users/0f6a087afba0476e9bc5157d0633e251/roles/3d70e162b4694cf3a94cc19cff43525a 0.036s
2025-12-09 09:49:10.358 65510 INFO tempest.lib.common.dynamic_creds [-] Dynamic test user 0f6a087afba0476e9bc5157d0633e251 is created with scope project and roles: ['member']
2025-12-09 09:49:10.359 65510 INFO tempest.lib.common.dynamic_creds [-] Acquired dynamic creds: credentials: Credentials: {'domain_id': 'default', 'domain_name': 'Default', 'username': 'tempest-ListServersNegativeTestJSON-108570912-project-member', 'project_domain_id': 'default', 'project_domain_name': 'Default', 'project_id': '70af1bd2a0f0465d990e990fa416864b', 'project_name': 'tempest-ListServersNegativeTestJSON-108570912', 'tenant_id': '70af1bd2a0f0465d990e990fa416864b', 'tenant_name': 'tempest-ListServersNegativeTestJSON-108570912', 'user_domain_id': 'default', 'user_domain_name': 'Default', 'user_id': '0f6a087afba0476e9bc5157d0633e251', 'system': None}, Network: None, Subnet: None, Router: None
2025-12-09 09:49:10.401 65524 INFO tempest.lib.common.rest_client [req-39dbe24d-63c7-4629-9b67-7677e2b625af req-39dbe24d-63c7-4629-9b67-7677e2b625af ] Request (ServerRescueTestJSONUnderV235:setUpClass): 200 GET http://10.180.1.21/compute/v2.1/servers/c03fb5b5-7a44-46d0-813a-f15819b21953 1.359s
2025-12-09 09:49:10.414 65524 INFO tempest.common.waiters [-] State transition "ACTIVE/rescuing" ==> "RESCUE/None" after 11 second wait
2025-12-09 09:49:10.429 65510 INFO tempest.lib.common.rest_client [req-f864d016-f02b-4b30-bbba-3f742b220b98 req-f864d016-f02b-4b30-bbba-3f742b220b98 ] Request (ListServersNegativeTestJSON:setUpClass): 201 POST http://10.180.1.21/identity/v3/auth/tokens 0.070s
2025-12-09 09:49:10.526 65500 INFO tempest.lib.common.rest_client [req-89ddc331-f042-47cb-8eed-543310623861 req-89ddc331-f042-47cb-8eed-543310623861 ] Request (QuotasAdminTestV236:test_get_updated_quotas): 200 PUT http://10.180.1.21/compute/v2.1/os-quota-sets/de2a38d9f7ea472187a0970e9319480f 1.493s
2025-12-09 09:49:10.785 65510 INFO tempest.lib.common.rest_client [req-39d25b77-cb49-4ffe-883b-42d74d3bd8ee req-39d25b77-cb49-4ffe-883b-42d74d3bd8ee ] Request (ListServersNegativeTestJSON:setUpClass): 201 POST http://10.180.1.21/networking/v2.0/networks 0.356s
2025-12-09 09:49:10.826 65474 INFO tempest.lib.common.rest_client [req-6b7a07ac-b51a-4c8a-85a6-045ee2761638 req-6b7a07ac-b51a-4c8a-85a6-045ee2761638 ] Request (ServerShowV257Test:tearDownClass): 200 GET http://10.180.1.21/compute/v2.1/servers/0b4891f7-207e-4db5-86d7-960ee09a9110 1.734s
2025-12-09 09:49:10.842 65498 INFO tempest.lib.common.rest_client [req-d87da9c3-f032-4c70-9c01-15676b37c76c req-d87da9c3-f032-4c70-9c01-15676b37c76c ] Request (ImagesTestJSON:test_create_image_from_suspended_server): 200 GET http://10.180.1.21/compute/v2.1/servers/190639d4-94a9-4dfd-9779-e3b4fb3a76eb 1.697s
2025-12-09 09:49:11.020 65510 INFO tempest.lib.common.rest_client [req-ccaa8959-0946-4631-bd01-e1edf52e64f5 req-ccaa8959-0946-4631-bd01-e1edf52e64f5 ] Request (ListServersNegativeTestJSON:setUpClass): 201 POST http://10.180.1.21/networking/v2.0/subnets 0.234s
2025-12-09 09:49:11.089 65488 INFO tempest.lib.common.rest_client [req-acb06ecc-06ac-4079-923c-7ebd3a966ea5 req-acb06ecc-06ac-4079-923c-7ebd3a966ea5 ] Request (FloatingIPsAssociationTestJSON:tearDownClass): 200 GET http://10.180.1.21/compute/v2.1/servers/39a51e82-9053-473b-b761-389c36f70a54 1.843s
2025-12-09 09:49:11.103 65512 INFO tempest.lib.common.rest_client [req-61ddbe67-8462-4381-8865-e207e5cdafaa req-61ddbe67-8462-4381-8865-e207e5cdafaa ] Request (InstanceActionsV221TestJSON:setUpClass): 200 PUT http://10.180.1.21/networking/v2.0/routers/5a5956a6-a036-4819-8d16-db66af8d32ee/add_router_interface 1.137s
2025-12-09 09:49:11.103 65512 INFO tempest.lib.common.dynamic_creds [-] Created isolated network resources for: credentials: Credentials: {'domain_id': 'default', 'domain_name': 'Default', 'username': 'tempest-InstanceActionsV221TestJSON-1987086567-project-member', 'project_domain_id': 'default', 'project_domain_name': 'Default', 'project_id': '0e6aa18a4fe04565b531682f179dab9e', 'project_name': 'tempest-InstanceActionsV221TestJSON-1987086567', 'tenant_id': '0e6aa18a4fe04565b531682f179dab9e', 'tenant_name': 'tempest-InstanceActionsV221TestJSON-1987086567', 'user_domain_id': 'default', 'user_domain_name': 'Default', 'user_id': '776645e193344c78ab2ad211542048d4', 'system': None}, Network: {'id': 'f3839421-1201-4de0-9409-67b3a1eaf53c', 'name': 'tempest-InstanceActionsV221TestJSON-1344072963-network', 'tenant_id': '0e6aa18a4fe04565b531682f179dab9e', 'project_id': '0e6aa18a4fe04565b531682f179dab9e', 'admin_state_up': True, 'mtu': 8950, 'status': 'ACTIVE', 'subnets': [], 'shared': False, 'port_security_enabled': True, 'router:external': False, 'provider:network_type': 'vlan', 'provider:physical_network': 'default', 'provider:segmentation_id': 502, 'availability_zone_hints': [], 'availability_zones': [], 'ipv4_address_scope': None, 'ipv6_address_scope': None, 'description': '', 'tags': [], 'created_at': '2025-12-09T09:49:08Z', 'updated_at': '2025-12-09T09:49:08Z', 'revision_number': 1}, Subnet: {'id': '84f5edcc-7338-49a5-8e42-a0c62de52818', 'name': 'tempest-InstanceActionsV221TestJSON-1344072963-subnet', 'tenant_id': '0e6aa18a4fe04565b531682f179dab9e', 'network_id': 'f3839421-1201-4de0-9409-67b3a1eaf53c', 'ip_version': 4, 'subnetpool_id': None, 'enable_dhcp': True, 'ipv6_ra_mode': None, 'ipv6_address_mode': None, 'gateway_ip': '192.168.128.1', 'cidr': '192.168.128.0/28', 'allocation_pools': [{'start': '192.168.128.2', 'end': '192.168.128.14'}], 'host_routes': [], 'dns_nameservers': [], 'description': '', 'router:external': False, 'service_types': [], 'tags': [], 'created_at': '2025-12-09T09:49:08Z', 'updated_at': '2025-12-09T09:49:08Z', 'revision_number': 0, 'project_id': '0e6aa18a4fe04565b531682f179dab9e'}, Router: {'id': '5a5956a6-a036-4819-8d16-db66af8d32ee', 'name': 'tempest-InstanceActionsV221TestJSON-1344072963-router', 'tenant_id': '0e6aa18a4fe04565b531682f179dab9e', 'admin_state_up': True, 'status': 'ACTIVE', 'external_gateway_info': {'network_id': '75a8fd72-ea05-4bd2-b101-4e2e38c45a3a', 'external_fixed_ips': [{'subnet_id': 'af3e5655-ba43-465d-9f10-bfe3107b29f1', 'ip_address': '10.180.180.238'}], 'enable_snat': True}, 'description': '', 'availability_zones': [], 'distributed': False, 'ha': False, 'availability_zone_hints': [], 'routes': [], 'flavor_id': None, 'tags': [], 'created_at': '2025-12-09T09:49:09Z', 'updated_at': '2025-12-09T09:49:09Z', 'revision_number': 2, 'project_id': '0e6aa18a4fe04565b531682f179dab9e'}
2025-12-09 09:49:11.186 65502 INFO tempest.lib.common.rest_client [req-c136144c-d275-4ef8-a6d6-cea812716564 req-c136144c-d275-4ef8-a6d6-cea812716564 ] Request (ServersV294TestFqdnHostnames:setUpClass): 200 GET http://10.180.1.21/compute/v2.1/servers/8ab696b2-cab9-4da6-a134-cd6f0f6eb420 1.975s
2025-12-09 09:49:11.197 65494 INFO tempest.lib.common.rest_client [req-4b65537a-6245-4395-b053-a108859e7515 req-4b65537a-6245-4395-b053-a108859e7515 ] Request (ServerShowV247Test:test_update_rebuild_list_server): 200 GET http://10.180.1.21/compute/v2.1/servers/fe1588c5-adfb-4ba4-b56f-f695ab3918df 1.922s
2025-12-09 09:49:11.206 65512 INFO tempest.lib.common.rest_client [req-dbe33e52-eadc-484d-8a8c-034b99dc2562 req-dbe33e52-eadc-484d-8a8c-034b99dc2562 ] Request (InstanceActionsV221TestJSON:setUpClass): 201 POST http://10.180.1.21/identity/v3/auth/tokens 0.100s
2025-12-09 09:49:11.208 65494 INFO tempest.common.waiters [-] State transition "REBUILD/rebuilding" ==> "REBUILD/rebuild_spawning" after 3 second wait
2025-12-09 09:49:11.243 65512 INFO tempest.lib.common.rest_client [req-df4e9bbe-1a36-49b0-bce5-42be3fb7f2f5 req-df4e9bbe-1a36-49b0-bce5-42be3fb7f2f5 ] Request (InstanceActionsV221TestJSON:test_get_list_deleted_instance_actions): 201 POST http://10.180.1.21/identity/v3/auth/tokens 0.029s
2025-12-09 09:49:11.244 65512 INFO tempest.lib.common.fixed_network [-] (InstanceActionsV221TestJSON:test_get_list_deleted_instance_actions) Found network {'id': 'f3839421-1201-4de0-9409-67b3a1eaf53c', 'name': 'tempest-InstanceActionsV221TestJSON-1344072963-network', 'tenant_id': '0e6aa18a4fe04565b531682f179dab9e', 'project_id': '0e6aa18a4fe04565b531682f179dab9e', 'admin_state_up': True, 'mtu': 8950, 'status': 'ACTIVE', 'subnets': [], 'shared': False, 'port_security_enabled': True, 'router:external': False, 'provider:network_type': 'vlan', 'provider:physical_network': 'default', 'provider:segmentation_id': 502, 'availability_zone_hints': [], 'availability_zones': [], 'ipv4_address_scope': None, 'ipv6_address_scope': None, 'description': '', 'tags': [], 'created_at': '2025-12-09T09:49:08Z', 'updated_at': '2025-12-09T09:49:08Z', 'revision_number': 1} available for tenant
2025-12-09 09:49:11.591 65530 INFO tempest.lib.common.rest_client [req-e651bf98-bd4b-4709-8189-60903edc34d2 req-e651bf98-bd4b-4709-8189-60903edc34d2 ] Request (ServersTestMultiNic:_run_cleanups): 200 GET http://10.180.1.21/compute/v2.1/servers/61293d09-98aa-4f51-a527-110079e1cce5 2.236s
2025-12-09 09:49:11.902 65510 INFO tempest.lib.common.rest_client [req-16129df1-58fd-49fa-bd59-e09ac4d0dbf4 req-16129df1-58fd-49fa-bd59-e09ac4d0dbf4 ] Request (ListServersNegativeTestJSON:setUpClass): 201 POST http://10.180.1.21/networking/v2.0/routers 0.881s
2025-12-09 09:49:11.969 65506 INFO tempest.lib.common.rest_client [req-7333805b-1f4f-4247-8c1f-e0bd5c287420 req-7333805b-1f4f-4247-8c1f-e0bd5c287420 ] Request (TenantUsagesTestJSON:tearDownClass): 200 GET http://10.180.1.21/compute/v2.1/servers/c389c935-75ee-4259-92a7-5572726b5395 2.602s
2025-12-09 09:49:12.005 65480 INFO tempest.lib.common.rest_client [req-3ff86e76-458e-4401-9858-fd6f90f8d04a req-3ff86e76-458e-4401-9858-fd6f90f8d04a ] Request (VolumesAssistedSnapshotsTest:_run_cleanups): 200 GET http://10.180.1.21/compute/v2.1/servers/a424d57b-54b9-42a7-b455-7a1d67f8ed62/os-volume_attachments 2.616s
2025-12-09 09:49:12.038 65480 INFO tempest.lib.common.rest_client [req-f448852a-9db7-4366-8987-ee9e38549eea req-f448852a-9db7-4366-8987-ee9e38549eea ] Request (VolumesAssistedSnapshotsTest:_run_cleanups): 200 GET http://10.180.1.21/volume/v3/volumes/0f21f730-0a2b-4b79-af1d-8df9a62c4c14 0.031s
2025-12-09 09:49:12.045 65480 INFO tempest.common.waiters [-] volume 0f21f730-0a2b-4b79-af1d-8df9a62c4c14 reached available after waiting for 0.045792 seconds
2025-12-09 09:49:12.090 65480 INFO tempest.lib.common.rest_client [req-d53d5db0-77e3-42b2-b212-678075d39584 req-d53d5db0-77e3-42b2-b212-678075d39584 ] Request (VolumesAssistedSnapshotsTest:_run_cleanups): 202 DELETE http://10.180.1.21/volume/v3/volumes/0f21f730-0a2b-4b79-af1d-8df9a62c4c14 0.044s
2025-12-09 09:49:12.119 65480 INFO tempest.lib.common.rest_client [req-2390ed1e-bc23-4931-b041-998c82af95b6 req-2390ed1e-bc23-4931-b041-998c82af95b6 ] Request (VolumesAssistedSnapshotsTest:_run_cleanups): 200 GET http://10.180.1.21/volume/v3/volumes/0f21f730-0a2b-4b79-af1d-8df9a62c4c14 0.029s
2025-12-09 09:49:13.311 65480 INFO tempest.lib.common.rest_client [req-2727fbed-5d91-4123-b543-d23c26130344 req-2727fbed-5d91-4123-b543-d23c26130344 ] Request (VolumesAssistedSnapshotsTest:_run_cleanups): 200 GET http://10.180.1.21/volume/v3/volumes/0f21f730-0a2b-4b79-af1d-8df9a62c4c14 0.181s
2025-12-09 09:49:13.326 65484 INFO tempest.lib.common.rest_client [req-48d2c033-caa6-4da4-ac74-fa7c9a6bc264 req-48d2c033-caa6-4da4-ac74-fa7c9a6bc264 ] Request (FloatingIPsAssociationNegativeTestJSON:tearDownClass): 200 GET http://10.180.1.21/compute/v2.1/servers/97fcc7bb-7b67-4651-a0e0-20b63cb0ccc8 3.881s
2025-12-09 09:49:13.344 65510 INFO tempest.lib.common.rest_client [req-cacf1e23-1776-459c-baa5-b30cf1ebb3ae req-cacf1e23-1776-459c-baa5-b30cf1ebb3ae ] Request (ListServersNegativeTestJSON:setUpClass): 200 PUT http://10.180.1.21/networking/v2.0/routers/d633ce4e-3b61-4bde-b53c-fe508edc118f/add_router_interface 1.442s
2025-12-09 09:49:13.345 65510 INFO tempest.lib.common.dynamic_creds [-] Created isolated network resources for: credentials: Credentials: {'domain_id': 'default', 'domain_name': 'Default', 'username': 'tempest-ListServersNegativeTestJSON-108570912-project-member', 'project_domain_id': 'default', 'project_domain_name': 'Default', 'project_id': '70af1bd2a0f0465d990e990fa416864b', 'project_name': 'tempest-ListServersNegativeTestJSON-108570912', 'tenant_id': '70af1bd2a0f0465d990e990fa416864b', 'tenant_name': 'tempest-ListServersNegativeTestJSON-108570912', 'user_domain_id': 'default', 'user_domain_name': 'Default', 'user_id': '0f6a087afba0476e9bc5157d0633e251', 'system': None}, Network: {'id': 'c93c2b38-c859-4d82-8b48-9509ac1b2efe', 'name': 'tempest-ListServersNegativeTestJSON-370168527-network', 'tenant_id': '70af1bd2a0f0465d990e990fa416864b', 'project_id': '70af1bd2a0f0465d990e990fa416864b', 'admin_state_up': True, 'mtu': 8950, 'status': 'ACTIVE', 'subnets': [], 'shared': False, 'port_security_enabled': True, 'router:external': False, 'provider:network_type': 'vlan', 'provider:physical_network': 'default', 'provider:segmentation_id': 667, 'availability_zone_hints': [], 'availability_zones': [], 'ipv4_address_scope': None, 'ipv6_address_scope': None, 'description': '', 'tags': [], 'created_at': '2025-12-09T09:49:10Z', 'updated_at': '2025-12-09T09:49:10Z', 'revision_number': 1}, Subnet: {'id': '9519fcef-c53f-46cc-8cdd-f2fb9939e874', 'name': 'tempest-ListServersNegativeTestJSON-370168527-subnet', 'tenant_id': '70af1bd2a0f0465d990e990fa416864b', 'network_id': 'c93c2b38-c859-4d82-8b48-9509ac1b2efe', 'ip_version': 4, 'subnetpool_id': None, 'enable_dhcp': True, 'ipv6_ra_mode': None, 'ipv6_address_mode': None, 'gateway_ip': '192.168.128.1', 'cidr': '192.168.128.0/28', 'allocation_pools': [{'start': '192.168.128.2', 'end': '192.168.128.14'}], 'host_routes': [], 'dns_nameservers': [], 'description': '', 'router:external': False, 'service_types': [], 'tags': [], 'created_at': '2025-12-09T09:49:10Z', 'updated_at': '2025-12-09T09:49:10Z', 'revision_number': 0, 'project_id': '70af1bd2a0f0465d990e990fa416864b'}, Router: {'id': 'd633ce4e-3b61-4bde-b53c-fe508edc118f', 'name': 'tempest-ListServersNegativeTestJSON-370168527-router', 'tenant_id': '70af1bd2a0f0465d990e990fa416864b', 'admin_state_up': True, 'status': 'ACTIVE', 'external_gateway_info': {'network_id': '75a8fd72-ea05-4bd2-b101-4e2e38c45a3a', 'external_fixed_ips': [{'subnet_id': 'af3e5655-ba43-465d-9f10-bfe3107b29f1', 'ip_address': '10.180.180.252'}], 'enable_snat': True}, 'description': '', 'availability_zones': [], 'distributed': False, 'ha': False, 'availability_zone_hints': [], 'routes': [], 'flavor_id': None, 'tags': [], 'created_at': '2025-12-09T09:49:11Z', 'updated_at': '2025-12-09T09:49:11Z', 'revision_number': 2, 'project_id': '70af1bd2a0f0465d990e990fa416864b'}
2025-12-09 09:49:13.399 65520 INFO tempest.lib.common.rest_client [req-1aacbb21-49d2-405b-b465-841d318f1d4e req-1aacbb21-49d2-405b-b465-841d318f1d4e ] Request (ServerPasswordTestJSON:setUpClass): 200 GET http://10.180.1.21/compute/v2.1/servers/17f7df5a-7ba7-489d-89d5-d5c9ff2b8929 3.912s
2025-12-09 09:49:13.428 65472 INFO tempest.lib.common.rest_client [req-3b985016-38fe-43e3-93c7-381bee96206a req-3b985016-38fe-43e3-93c7-381bee96206a ] Request (DeleteServersAdminTestJSON:tearDownClass): 404 DELETE http://10.180.1.21/compute/v2.1/servers/8838d61a-9fd8-44f4-8630-c0a4a0124b3d 3.902s
2025-12-09 09:49:13.471 65510 INFO tempest.lib.common.rest_client [req-36f239ba-1581-4ee2-8bd8-d4d4d87dd815 req-36f239ba-1581-4ee2-8bd8-d4d4d87dd815 ] Request (ListServersNegativeTestJSON:setUpClass): 201 POST http://10.180.1.21/identity/v3/auth/tokens 0.122s
2025-12-09 09:49:13.475 65522 INFO tempest.lib.common.rest_client [req-88cfd114-fb5b-422e-9461-f44614a67b5f req-88cfd114-fb5b-422e-9461-f44614a67b5f ] Request (ServerDiagnosticsTest:test_get_server_diagnostics): 202 POST http://10.180.1.21/compute/v2.1/servers 4.174s
2025-12-09 09:49:13.523 65510 INFO tempest.lib.common.rest_client [req-c53a1a07-a2b1-4b05-829a-ea9256c56b29 req-c53a1a07-a2b1-4b05-829a-ea9256c56b29 ] Request (ListServersNegativeTestJSON:setUpClass): 201 POST http://10.180.1.21/identity/v3/auth/tokens 0.047s
2025-12-09 09:49:13.523 65510 INFO tempest.lib.common.fixed_network [-] (ListServersNegativeTestJSON:setUpClass) Found network {'id': 'c93c2b38-c859-4d82-8b48-9509ac1b2efe', 'name': 'tempest-ListServersNegativeTestJSON-370168527-network', 'tenant_id': '70af1bd2a0f0465d990e990fa416864b', 'project_id': '70af1bd2a0f0465d990e990fa416864b', 'admin_state_up': True, 'mtu': 8950, 'status': 'ACTIVE', 'subnets': [], 'shared': False, 'port_security_enabled': True, 'router:external': False, 'provider:network_type': 'vlan', 'provider:physical_network': 'default', 'provider:segmentation_id': 667, 'availability_zone_hints': [], 'availability_zones': [], 'ipv4_address_scope': None, 'ipv6_address_scope': None, 'description': '', 'tags': [], 'created_at': '2025-12-09T09:49:10Z', 'updated_at': '2025-12-09T09:49:10Z', 'revision_number': 1} available for tenant
2025-12-09 09:49:13.541 65478 INFO tempest.lib.common.rest_client [req-973d1e56-25bf-4aa7-988c-56a1fe4a67bd req-973d1e56-25bf-4aa7-988c-56a1fe4a67bd ] Request (ServerDiskConfigTestJSON:test_rebuild_server_with_auto_disk_config): 200 GET http://10.180.1.21/compute/v2.1/servers/4706a204-9597-4354-8f9c-6a61cbb21c23 3.902s
2025-12-09 09:49:13.690 65514 INFO tempest.lib.common.rest_client [req-aaba575a-cdfc-48af-b251-97b6cb9eab39 req-aaba575a-cdfc-48af-b251-97b6cb9eab39 ] Request (ServersAdminNegativeTestJSON:tearDownClass): 204 DELETE http://10.180.1.21/compute/v2.1/servers/bddbe9c8-97cf-4269-b74e-26e61d181e85 4.010s
2025-12-09 09:49:13.753 65508 INFO tempest.lib.common.rest_client [req-02d02d1c-bbcd-4fa3-ba49-a3a1153df0be req-02d02d1c-bbcd-4fa3-ba49-a3a1153df0be ] Request (ServerAddressesNegativeTestJSON:tearDownClass): 200 GET http://10.180.1.21/compute/v2.1/servers/e4b03ff4-37d3-445e-a176-d395009c4316 3.970s
2025-12-09 09:49:13.775 65518 INFO tempest.lib.common.rest_client [req-2ab57663-b490-4d9c-bcdf-57aa9d795583 req-2ab57663-b490-4d9c-bcdf-57aa9d795583 ] Request (ServerGroupTestJSON:_run_cleanups): 200 GET http://10.180.1.21/compute/v2.1/servers/0a183a09-5154-4171-8e96-14d9a984ee4a 4.216s
2025-12-09 09:49:13.801 65528 INFO tempest.lib.common.rest_client [req-bc8af012-3fbe-4444-94aa-9f863877efa2 req-bc8af012-3fbe-4444-94aa-9f863877efa2 ] Request (FlavorsAdminTestJSON:_run_cleanups): 200 GET http://10.180.1.21/compute/v2.1/flavors/detail 3.704s
2025-12-09 09:49:13.816 65504 INFO tempest.lib.common.rest_client [req-e3c3739a-4a51-44f8-8384-1117e46e2ce4 req-e3c3739a-4a51-44f8-8384-1117e46e2ce4 ] Request (ServerExternalEventsTest:tearDownClass): 200 GET http://10.180.1.21/compute/v2.1/servers/7381804f-92db-47d1-9b4d-7ac5778a6d00 4.010s
2025-12-09 09:49:13.855 65482 INFO tempest.lib.common.rest_client [req-85744fc1-ef69-49e7-bf00-1460712563ec req-85744fc1-ef69-49e7-bf00-1460712563ec ] Request (ImagesMetadataTestJSON:test_set_image_metadata): 200 GET http://10.180.1.21/compute/v2.1/images/1591c0f2-e24f-4b78-b653-8894c0e06a7a/metadata 3.631s
2025-12-09 09:49:14.022 65524 INFO tempest.lib.common.rest_client [req-29deb6d5-a812-4ec9-a21f-e084c15d8e2d req-29deb6d5-a812-4ec9-a21f-e084c15d8e2d ] Request (ServerRescueTestJSONUnderV235:test_rescued_vm_add_remove_security_group): 200 POST http://10.180.1.21/compute/v2.1/os-security-groups 3.607s
2025-12-09 09:49:14.053 65532 INFO tempest.lib.common.rest_client [req-989dabe0-8b7e-41a3-964a-48bd118d9bce req-989dabe0-8b7e-41a3-964a-48bd118d9bce ] Request (ServersAdminTestJSON:test_inject_network_info): 200 GET http://10.180.1.21/compute/v2.1/servers/11c9d69e-582f-40a2-9d5a-97763b5db112 3.883s
2025-12-09 09:49:14.065 65532 INFO tempest.common.waiters [-] State transition "BUILD/None" ==> "BUILD/spawning" after 34 second wait
2025-12-09 09:49:14.131 65500 INFO tempest.lib.common.rest_client [req-a9665868-c913-4dc1-a36f-c46d2de38900 req-a9665868-c913-4dc1-a36f-c46d2de38900 ] Request (QuotasAdminTestV236:test_get_updated_quotas): 200 GET http://10.180.1.21/compute/v2.1/os-quota-sets/de2a38d9f7ea472187a0970e9319480f/detail 3.602s
2025-12-09 09:49:14.180 65500 INFO tempest.lib.common.rest_client [req-62a2e6a4-8329-4c36-b9f2-0878baddc116 req-62a2e6a4-8329-4c36-b9f2-0878baddc116 ] Request (QuotasAdminTestV236:test_get_updated_quotas): 200 GET http://10.180.1.21/identity/v3/domains?name=Default 0.043s
2025-12-09 09:49:14.211 65486 INFO tempest.lib.common.rest_client [req-fb13ce44-a7a2-479d-a6fb-ee8be56b8720 req-fb13ce44-a7a2-479d-a6fb-ee8be56b8720 ] Request (ServerRescueNegativeTestJSON:setUpClass): 200 GET http://10.180.1.21/compute/v2.1/servers/dd9b835a-aac5-4241-bdb6-f97ceb517ede 3.704s
2025-12-09 09:49:14.227 65526 INFO tempest.lib.common.rest_client [req-d41b1f6d-0dff-4905-bae5-1eaf0f6a6309 req-d41b1f6d-0dff-4905-bae5-1eaf0f6a6309 ] Request (MigrationsAdminTest:test_resize_server_revert_deleted_flavor): 200 GET http://10.180.1.21/compute/v2.1/servers/96cae346-18e5-41f6-ac35-c67366617a5d 3.463s
2025-12-09 09:49:14.227 65500 INFO tempest.lib.common.rest_client [req-c5704e76-3f9d-4456-bd65-8926d5a9648d req-c5704e76-3f9d-4456-bd65-8926d5a9648d ] Request (QuotasAdminTestV236:test_get_updated_quotas): 201 POST http://10.180.1.21/identity/v3/users 0.047s
2025-12-09 09:49:14.271 65500 INFO tempest.lib.common.rest_client [req-21db7496-c92d-4a46-a82c-4852f1dfefe8 req-21db7496-c92d-4a46-a82c-4852f1dfefe8 ] Request (QuotasAdminTestV236:test_get_updated_quotas): 200 GET http://10.180.1.21/identity/v3/domains?name=Default 0.043s
2025-12-09 09:49:14.309 65496 INFO tempest.lib.common.rest_client [req-462356b0-4479-47c1-ae97-f2f3ef04f871 req-462356b0-4479-47c1-ae97-f2f3ef04f871 ] Request (ServersListShow296Test:test_list_show_update_rebuild_server_296): 200 GET http://10.180.1.21/compute/v2.1/servers/11181332-af23-4e30-b246-41ab57ca066d 3.359s
2025-12-09 09:49:14.337 65516 INFO tempest.lib.common.rest_client [req-664837df-64b4-4b05-90ae-783c50cf915c req-664837df-64b4-4b05-90ae-783c50cf915c ] Request (MultipleCreateTestJSON:test_multiple_create_with_reservation_return): 200 GET http://10.180.1.21/compute/v2.1/servers/41c0c3db-c952-45be-9c6b-b4387dc18331 3.376s
2025-12-09 09:49:14.347 65480 INFO tempest.lib.common.rest_client [req-7437027b-6c1a-414f-a6c5-8f4adc4a40e9 req-7437027b-6c1a-414f-a6c5-8f4adc4a40e9 ] Request (VolumesAssistedSnapshotsTest:_run_cleanups): 404 GET http://10.180.1.21/volume/v3/volumes/0f21f730-0a2b-4b79-af1d-8df9a62c4c14 0.020s
2025-12-09 09:49:14.385 65476 INFO tempest.lib.common.rest_client [req-fb0e1859-cac2-45b4-a9ce-160ae14523c7 req-fb0e1859-cac2-45b4-a9ce-160ae14523c7 ] Request (ServersTestFqdnHostnames:test_create_server_with_fqdn_name): 200 GET http://10.180.1.21/compute/v2.1/servers/21824b0f-b36e-4942-b25c-75a18cc605a0 3.305s
2025-12-09 09:49:14.408 65474 INFO tempest.lib.common.rest_client [req-c2b4d14a-3506-4ff2-afb3-d0a7803ac55b req-c2b4d14a-3506-4ff2-afb3-d0a7803ac55b ] Request (ServerShowV257Test:tearDownClass): 404 GET http://10.180.1.21/compute/v2.1/servers/0b4891f7-207e-4db5-86d7-960ee09a9110 2.563s
2025-12-09 09:49:14.514 65474 INFO tempest.lib.common.rest_client [req-5bbd1a5f-85d1-4853-b72d-bf3e70929740 req-5bbd1a5f-85d1-4853-b72d-bf3e70929740 ] Request (ServerShowV257Test:tearDownClass): 204 DELETE http://10.180.1.21/identity/v3/users/fc6cc8d1ead449a4b75d167b4f4df7ec 0.105s
2025-12-09 09:49:14.514 65474 INFO tempest.lib.common.dynamic_creds [-] Deleting project and security group for project: 4ba4a4c3b1fb45558a121ad030e06512
2025-12-09 09:49:14.529 65498 INFO tempest.lib.common.rest_client [req-70de1e92-f721-444b-bcc3-1c33e2c1ef16 req-70de1e92-f721-444b-bcc3-1c33e2c1ef16 ] Request (ImagesTestJSON:test_create_image_from_suspended_server): 200 GET http://10.180.1.21/compute/v2.1/servers/190639d4-94a9-4dfd-9779-e3b4fb3a76eb 2.675s
2025-12-09 09:49:14.595 65474 INFO tempest.lib.common.rest_client [req-fdf8a5f1-cc4b-40d1-ad4b-2309e0847a9e req-fdf8a5f1-cc4b-40d1-ad4b-2309e0847a9e ] Request (ServerShowV257Test:tearDownClass): 201 POST http://10.180.1.21/identity/v3/auth/tokens 0.080s
2025-12-09 09:49:14.733 65488 INFO tempest.lib.common.rest_client [req-e9e734e0-44cc-44ea-96e9-f5f3fbe2d595 req-e9e734e0-44cc-44ea-96e9-f5f3fbe2d595 ] Request (FloatingIPsAssociationTestJSON:tearDownClass): 200 GET http://10.180.1.21/compute/v2.1/servers/39a51e82-9053-473b-b761-389c36f70a54 2.634s
2025-12-09 09:49:14.942 65474 INFO tempest.lib.common.rest_client [req-683b6ced-c874-4cb6-8455-e5f37b040052 req-683b6ced-c874-4cb6-8455-e5f37b040052 ] Request (ServerShowV257Test:tearDownClass): 200 GET http://10.180.1.21/networking/v2.0/security-groups?tenant_id=4ba4a4c3b1fb45558a121ad030e06512&name=default 0.347s
2025-12-09 09:49:15.152 65474 INFO tempest.lib.common.rest_client [req-18d4ca87-8266-4ad7-9d19-83b2288cd59d req-18d4ca87-8266-4ad7-9d19-83b2288cd59d ] Request (ServerShowV257Test:tearDownClass): 204 DELETE http://10.180.1.21/networking/v2.0/security-groups/c505b8c1-517f-4002-b8ad-e4b8a9144e05 0.209s
2025-12-09 09:49:15.247 65502 INFO tempest.lib.common.rest_client [req-aea4366a-20e8-4f08-a965-9f229020e80a req-aea4366a-20e8-4f08-a965-9f229020e80a ] Request (ServersV294TestFqdnHostnames:setUpClass): 200 GET http://10.180.1.21/compute/v2.1/servers/8ab696b2-cab9-4da6-a134-cd6f0f6eb420 3.046s
2025-12-09 09:49:15.250 65474 INFO tempest.lib.common.rest_client [req-4cc5de3d-7837-44b8-b235-840ab26ce809 req-4cc5de3d-7837-44b8-b235-840ab26ce809 ] Request (ServerShowV257Test:tearDownClass): 204 DELETE http://10.180.1.21/identity/v3/projects/4ba4a4c3b1fb45558a121ad030e06512 0.097s
2025-12-09 09:49:15.258 65502 INFO tempest.common.waiters [-] State transition "BUILD/spawning" ==> "ACTIVE/None" after 36 second wait
2025-12-09 09:49:15.307 65512 INFO tempest.lib.common.rest_client [req-911fb16a-2194-41c7-935a-74f7a3539524 req-911fb16a-2194-41c7-935a-74f7a3539524 ] Request (InstanceActionsV221TestJSON:test_get_list_deleted_instance_actions): 202 POST http://10.180.1.21/compute/v2.1/servers 4.062s
2025-12-09 09:49:15.336 65494 INFO tempest.lib.common.rest_client [req-a2b9f21c-db9e-4d02-b374-47bfa08d9320 req-a2b9f21c-db9e-4d02-b374-47bfa08d9320 ] Request (ServerShowV247Test:test_update_rebuild_list_server): 200 GET http://10.180.1.21/compute/v2.1/servers/fe1588c5-adfb-4ba4-b56f-f695ab3918df 3.127s
2025-12-09 09:49:15.341 65474 INFO tempest.lib.common.rest_client [req-c3b4bfd2-1728-495d-bc30-2ad48a867531 req-c3b4bfd2-1728-495d-bc30-2ad48a867531 ] Request (TestVersions:setUpClass): 201 POST http://10.180.1.21/identity/v3/auth/tokens 0.089s
2025-12-09 09:49:15.381 65474 INFO tempest.lib.common.rest_client [req-e39f8d66-ff6a-4aea-852b-04415f6fd918 req-e39f8d66-ff6a-4aea-852b-04415f6fd918 ] Request (TestVersions:setUpClass): 201 POST http://10.180.1.21/identity/v3/auth/tokens 0.038s
2025-12-09 09:49:15.411 65474 INFO tempest.lib.common.rest_client [req-32238490-cf58-4c6e-9f69-bdb84780e524 req-32238490-cf58-4c6e-9f69-bdb84780e524 ] Request (TestVersions:setUpClass): 200 GET http://10.180.1.21/identity/v3/domains?name=Default 0.029s
2025-12-09 09:49:15.445 65530 INFO tempest.lib.common.rest_client [req-d77e78aa-250b-404d-93e5-e769a46a407a req-d77e78aa-250b-404d-93e5-e769a46a407a ] Request (ServersTestMultiNic:_run_cleanups): 200 GET http://10.180.1.21/compute/v2.1/servers/61293d09-98aa-4f51-a527-110079e1cce5 2.843s
2025-12-09 09:49:15.454 65474 INFO tempest.lib.common.rest_client [req-28dc311a-44e4-4659-8aa1-9271f8f3516d req-28dc311a-44e4-4659-8aa1-9271f8f3516d ] Request (TestVersions:setUpClass): 201 POST http://10.180.1.21/identity/v3/projects 0.043s
2025-12-09 09:49:15.466 65506 INFO tempest.lib.common.rest_client [req-8ec28afc-c0d8-44b9-b814-aeed6d6ee403 req-8ec28afc-c0d8-44b9-b814-aeed6d6ee403 ] Request (TenantUsagesTestJSON:tearDownClass): 200 GET http://10.180.1.21/compute/v2.1/servers/c389c935-75ee-4259-92a7-5572726b5395 2.486s
2025-12-09 09:49:15.501 65472 INFO tempest.lib.common.rest_client [req-5549dec2-2684-43ef-b06d-d0402ffc26b3 req-5549dec2-2684-43ef-b06d-d0402ffc26b3 ] Request (DeleteServersAdminTestJSON:tearDownClass): 404 GET http://10.180.1.21/compute/v2.1/servers/8838d61a-9fd8-44f4-8630-c0a4a0124b3d 2.073s
2025-12-09 09:49:15.553 65474 INFO tempest.lib.common.rest_client [req-e88731f8-7edd-4efb-8b93-5ee68db4320e req-e88731f8-7edd-4efb-8b93-5ee68db4320e ] Request (TestVersions:setUpClass): 201 POST http://10.180.1.21/identity/v3/users 0.098s
2025-12-09 09:49:15.676 65472 INFO tempest.lib.common.rest_client [req-e314a0aa-100d-492f-942a-3d38a0240f34 req-e314a0aa-100d-492f-942a-3d38a0240f34 ] Request (DeleteServersAdminTestJSON:tearDownClass): 204 DELETE http://10.180.1.21/identity/v3/users/a0587079ddd34de5b5d149ef6cdf7289 0.174s
2025-12-09 09:49:15.745 65474 INFO tempest.lib.common.rest_client [req-d150e804-de78-4883-a520-663a0c5475f1 req-d150e804-de78-4883-a520-663a0c5475f1 ] Request (TestVersions:setUpClass): 200 GET http://10.180.1.21/identity/v3/roles 0.191s
2025-12-09 09:49:15.777 65474 INFO tempest.lib.common.rest_client [req-dfbecbe7-51db-4d01-b71c-eac22f9f2be5 req-dfbecbe7-51db-4d01-b71c-eac22f9f2be5 ] Request (TestVersions:setUpClass): 204 PUT http://10.180.1.21/identity/v3/projects/0d09c82d3931428a92023f1933b49f97/users/484c64d4f8ff4515a6dfa0e466976dfe/roles/3d70e162b4694cf3a94cc19cff43525a 0.032s
2025-12-09 09:49:15.778 65474 INFO tempest.lib.common.dynamic_creds [-] Dynamic test user 484c64d4f8ff4515a6dfa0e466976dfe is created with scope project and roles: ['member']
2025-12-09 09:49:15.778 65474 INFO tempest.lib.common.dynamic_creds [-] Acquired dynamic creds: credentials: Credentials: {'domain_id': 'default', 'domain_name': 'Default', 'username': 'tempest-TestVersions-933384328-project-member', 'project_domain_id': 'default', 'project_domain_name': 'Default', 'project_id': '0d09c82d3931428a92023f1933b49f97', 'project_name': 'tempest-TestVersions-933384328', 'tenant_id': '0d09c82d3931428a92023f1933b49f97', 'tenant_name': 'tempest-TestVersions-933384328', 'user_domain_id': 'default', 'user_domain_name': 'Default', 'user_id': '484c64d4f8ff4515a6dfa0e466976dfe', 'system': None}, Network: None, Subnet: None, Router: None
2025-12-09 09:49:15.778 65474 INFO tempest.lib.common.dynamic_creds [-] Created isolated network resources for: credentials: Credentials: {'domain_id': 'default', 'domain_name': 'Default', 'username': 'tempest-TestVersions-933384328-project-member', 'project_domain_id': 'default', 'project_domain_name': 'Default', 'project_id': '0d09c82d3931428a92023f1933b49f97', 'project_name': 'tempest-TestVersions-933384328', 'tenant_id': '0d09c82d3931428a92023f1933b49f97', 'tenant_name': 'tempest-TestVersions-933384328', 'user_domain_id': 'default', 'user_domain_name': 'Default', 'user_id': '484c64d4f8ff4515a6dfa0e466976dfe', 'system': None}, Network: None, Subnet: None, Router: None
2025-12-09 09:49:15.802 65472 INFO tempest.lib.common.rest_client [req-a06fc938-3470-4138-9203-e0358e67d856 req-a06fc938-3470-4138-9203-e0358e67d856 ] Request (DeleteServersAdminTestJSON:tearDownClass): 204 DELETE http://10.180.1.21/identity/v3/users/626d833bd76544ccb45078114cc8204a 0.125s
2025-12-09 09:49:15.801 65522 INFO tempest.lib.common.rest_client [req-2389aea9-9c3b-4d8d-b663-1ae473df0b88 req-2389aea9-9c3b-4d8d-b663-1ae473df0b88 ] Request (ServerDiagnosticsTest:test_get_server_diagnostics): 200 GET http://10.180.1.21/compute/v2.1/servers/8f7ea8dd-9e04-4425-981f-28a4b9c7139e 2.323s
2025-12-09 09:49:15.802 65472 INFO tempest.lib.common.dynamic_creds [-] Deleting project and security group for project: 82f47338e0de453ba3889aed0b5b4468
2025-12-09 09:49:15.867 65474 INFO tempest.lib.common.rest_client [req-7151e273-5ba5-4541-8c78-1879e6ff5459 req-7151e273-5ba5-4541-8c78-1879e6ff5459 ] Request (TestVersions:setUpClass): 201 POST http://10.180.1.21/identity/v3/auth/tokens 0.084s
2025-12-09 09:49:15.882 65472 INFO tempest.lib.common.rest_client [req-1dd8dd66-f929-436c-a205-5f14ecfeebeb req-1dd8dd66-f929-436c-a205-5f14ecfeebeb ] Request (DeleteServersAdminTestJSON:tearDownClass): 201 POST http://10.180.1.21/identity/v3/auth/tokens 0.080s
2025-12-09 09:49:15.891 65514 INFO tempest.lib.common.rest_client [req-88c6b556-3a72-4f67-9a34-570cd92ea387 req-88c6b556-3a72-4f67-9a34-570cd92ea387 ] Request (ServersAdminNegativeTestJSON:tearDownClass): 200 GET http://10.180.1.21/compute/v2.1/servers/bddbe9c8-97cf-4269-b74e-26e61d181e85 2.200s
2025-12-09 09:49:15.914 65528 INFO tempest.lib.common.rest_client [req-5cae83ca-90fe-416a-bdfa-774fab3fbb9b req-5cae83ca-90fe-416a-bdfa-774fab3fbb9b ] Request (FlavorsAdminTestJSON:test_list_non_public_flavor): 200 POST http://10.180.1.21/compute/v2.1/flavors 2.105s
2025-12-09 09:49:15.996 65472 INFO tempest.lib.common.rest_client [req-9732c885-d87b-4258-af16-7c981eda789d req-9732c885-d87b-4258-af16-7c981eda789d ] Request (DeleteServersAdminTestJSON:tearDownClass): 200 GET http://10.180.1.21/networking/v2.0/security-groups?tenant_id=82f47338e0de453ba3889aed0b5b4468&name=default 0.114s
2025-12-09 09:49:16.103 65472 INFO tempest.lib.common.rest_client [req-5ec4ed5e-0a96-4ac2-a886-0a6dc099b834 req-5ec4ed5e-0a96-4ac2-a886-0a6dc099b834 ] Request (DeleteServersAdminTestJSON:tearDownClass): 204 DELETE http://10.180.1.21/networking/v2.0/security-groups/85fb778e-2413-40e9-8f9f-b040ee3895a6 0.106s
2025-12-09 09:49:16.201 65472 INFO tempest.lib.common.rest_client [req-774c6763-033c-4581-a033-7db41dd8f617 req-774c6763-033c-4581-a033-7db41dd8f617 ] Request (DeleteServersAdminTestJSON:tearDownClass): 204 DELETE http://10.180.1.21/identity/v3/projects/82f47338e0de453ba3889aed0b5b4468 0.098s
2025-12-09 09:49:16.201 65472 INFO tempest.lib.common.dynamic_creds [-] Deleting project and security group for project: a73d4eed379c42fc95bfe4c9f0abecb2
2025-12-09 09:49:16.216 65482 INFO tempest.lib.common.rest_client [req-66de843c-cbd5-4dc9-8706-7f718177d640 req-66de843c-cbd5-4dc9-8706-7f718177d640 ] Request (ImagesMetadataTestJSON:setUp): 200 PUT http://10.180.1.21/compute/v2.1/images/1591c0f2-e24f-4b78-b653-8894c0e06a7a/metadata 2.359s
2025-12-09 09:49:16.217 65510 INFO tempest.lib.common.rest_client [req-577dc9e6-5f65-4d9a-b36b-687ab57f3cc1 req-577dc9e6-5f65-4d9a-b36b-687ab57f3cc1 ] Request (ListServersNegativeTestJSON:setUpClass): 202 POST http://10.180.1.21/compute/v2.1/servers 2.693s
2025-12-09 09:49:16.320 65472 INFO tempest.lib.common.rest_client [req-2657ccf7-ac96-4b07-9449-334aa36faf1e req-2657ccf7-ac96-4b07-9449-334aa36faf1e ] Request (DeleteServersAdminTestJSON:tearDownClass): 200 GET http://10.180.1.21/networking/v2.0/security-groups?tenant_id=a73d4eed379c42fc95bfe4c9f0abecb2&name=default 0.118s
2025-12-09 09:49:16.378 65490 WARNING tempest.lib.common.ssh [-] Failed to establish authenticated ssh connection to cirros@10.180.180.222 ([Errno None] Unable to connect to port 22 on 10.180.180.222). Number attempts: 6. Retry after 7 seconds.: paramiko.ssh_exception.NoValidConnectionsError: [Errno None] Unable to connect to port 22 on 10.180.180.222
2025-12-09 09:49:16.448 65472 INFO tempest.lib.common.rest_client [req-2f8e95d1-d290-490c-b223-b247541855c0 req-2f8e95d1-d290-490c-b223-b247541855c0 ] Request (DeleteServersAdminTestJSON:tearDownClass): 204 DELETE http://10.180.1.21/networking/v2.0/security-groups/99e3d270-9aa6-4289-8ca6-b8bbfb632061 0.128s
2025-12-09 09:49:16.483 65500 INFO tempest.lib.common.rest_client [req-cfd9990c-fb1b-4873-ad2f-b92b1345aea4 req-cfd9990c-fb1b-4873-ad2f-b92b1345aea4 ] Request (QuotasAdminTestV236:test_get_updated_quotas): 200 PUT http://10.180.1.21/compute/v2.1/os-quota-sets/de2a38d9f7ea472187a0970e9319480f?user_id=415764f8501049b79a09d2868e60cda0 2.212s
2025-12-09 09:49:16.574 65484 INFO tempest.lib.common.rest_client [req-3be38a4f-3b86-4187-b805-b34e9f8daeca req-3be38a4f-3b86-4187-b805-b34e9f8daeca ] Request (FloatingIPsAssociationNegativeTestJSON:tearDownClass): 200 GET http://10.180.1.21/compute/v2.1/servers/97fcc7bb-7b67-4651-a0e0-20b63cb0ccc8 2.237s
2025-12-09 09:49:16.615 65472 INFO tempest.lib.common.rest_client [req-f38ab11f-75e1-4e64-b31f-982aac8f748a req-f38ab11f-75e1-4e64-b31f-982aac8f748a ] Request (DeleteServersAdminTestJSON:tearDownClass): 204 DELETE http://10.180.1.21/identity/v3/projects/a73d4eed379c42fc95bfe4c9f0abecb2 0.166s
2025-12-09 09:49:16.701 65480 INFO tempest.lib.common.rest_client [req-29efb4c2-13d2-44f0-87a1-76ed0a3b5416 req-29efb4c2-13d2-44f0-87a1-76ed0a3b5416 ] Request (VolumesAssistedSnapshotsTest:tearDownClass): 204 DELETE http://10.180.1.21/compute/v2.1/servers/a424d57b-54b9-42a7-b455-7a1d67f8ed62 2.343s
2025-12-09 09:49:16.714 65472 INFO tempest.lib.common.rest_client [req-d517699c-db69-412b-a80f-190a59e64ca7 req-d517699c-db69-412b-a80f-190a59e64ca7 ] Request (ImagesDeleteNegativeTestJSON:setUpClass): 201 POST http://10.180.1.21/identity/v3/auth/tokens 0.097s
2025-12-09 09:49:16.763 65472 INFO tempest.lib.common.rest_client [req-b9bc346e-96d5-462e-8bf5-c98440f9070f req-b9bc346e-96d5-462e-8bf5-c98440f9070f ] Request (ImagesDeleteNegativeTestJSON:setUpClass): 201 POST http://10.180.1.21/identity/v3/auth/tokens 0.046s
2025-12-09 09:49:16.804 65472 INFO tempest.lib.common.rest_client [req-deb4b70e-55d8-46e7-a80a-d4689fc5609a req-deb4b70e-55d8-46e7-a80a-d4689fc5609a ] Request (ImagesDeleteNegativeTestJSON:setUpClass): 200 GET http://10.180.1.21/identity/v3/domains?name=Default 0.040s
2025-12-09 09:49:16.817 65520 INFO tempest.lib.common.rest_client [req-f320d32f-b31d-4f4c-b400-548cfd960d20 req-f320d32f-b31d-4f4c-b400-548cfd960d20 ] Request (ServerPasswordTestJSON:setUpClass): 200 GET http://10.180.1.21/compute/v2.1/servers/17f7df5a-7ba7-489d-89d5-d5c9ff2b8929 2.406s
2025-12-09 09:49:16.838 65524 INFO tempest.lib.common.rest_client [req-da765832-e5b6-44bc-a205-63696d13709b req-da765832-e5b6-44bc-a205-63696d13709b ] Request (ServerRescueTestJSONUnderV235:test_rescued_vm_add_remove_security_group): 202 POST http://10.180.1.21/compute/v2.1/servers/c03fb5b5-7a44-46d0-813a-f15819b21953/action 2.812s
2025-12-09 09:49:16.848 65472 INFO tempest.lib.common.rest_client [req-ea7dac7d-c391-4893-a877-dc14f04f63bc req-ea7dac7d-c391-4893-a877-dc14f04f63bc ] Request (ImagesDeleteNegativeTestJSON:setUpClass): 201 POST http://10.180.1.21/identity/v3/projects 0.043s
2025-12-09 09:49:16.886 65478 INFO tempest.lib.common.rest_client [req-427dfcc4-2945-44e9-a2f7-3e2ee8d304af req-427dfcc4-2945-44e9-a2f7-3e2ee8d304af ] Request (ServerDiskConfigTestJSON:test_rebuild_server_with_auto_disk_config): 200 GET http://10.180.1.21/compute/v2.1/servers/4706a204-9597-4354-8f9c-6a61cbb21c23 2.337s
2025-12-09 09:49:16.926 65508 INFO tempest.lib.common.rest_client [req-f712c65b-b7f4-444f-a6c2-b1d98fcf9926 req-f712c65b-b7f4-444f-a6c2-b1d98fcf9926 ] Request (ServerAddressesNegativeTestJSON:tearDownClass): 200 GET http://10.180.1.21/compute/v2.1/servers/e4b03ff4-37d3-445e-a176-d395009c4316 2.158s
2025-12-09 09:49:16.935 65508 INFO tempest.common.waiters [-] State transition "ACTIVE/deleting" ==> "DELETED/None" after 3 second wait
2025-12-09 09:49:16.948 65472 INFO tempest.lib.common.rest_client [req-2ebeb8c3-a095-4f63-9d9a-f37d78830ace req-2ebeb8c3-a095-4f63-9d9a-f37d78830ace ] Request (ImagesDeleteNegativeTestJSON:setUpClass): 201 POST http://10.180.1.21/identity/v3/users 0.099s
2025-12-09 09:49:16.963 65518 INFO tempest.lib.common.rest_client [req-83a6b849-7206-4013-a206-d2330698bb9f req-83a6b849-7206-4013-a206-d2330698bb9f ] Request (ServerGroupTestJSON:_run_cleanups): 200 GET http://10.180.1.21/compute/v2.1/servers/0a183a09-5154-4171-8e96-14d9a984ee4a 2.177s
2025-12-09 09:49:16.972 65472 INFO tempest.lib.common.rest_client [req-a64bd558-33f8-4783-ace0-c513e8271609 req-a64bd558-33f8-4783-ace0-c513e8271609 ] Request (ImagesDeleteNegativeTestJSON:setUpClass): 200 GET http://10.180.1.21/identity/v3/roles 0.023s
2025-12-09 09:49:16.996 65504 INFO tempest.lib.common.rest_client [req-8ebd5acf-8c44-44cd-b988-2950a70de58a req-8ebd5acf-8c44-44cd-b988-2950a70de58a ] Request (ServerExternalEventsTest:tearDownClass): 200 GET http://10.180.1.21/compute/v2.1/servers/7381804f-92db-47d1-9b4d-7ac5778a6d00 2.172s
2025-12-09 09:49:17.016 65492 WARNING tempest.lib.common.ssh [-] Failed to establish authenticated ssh connection to cirros@10.180.180.156 ([Errno None] Unable to connect to port 22 on 10.180.180.156). Number attempts: 6. Retry after 7 seconds.: paramiko.ssh_exception.NoValidConnectionsError: [Errno None] Unable to connect to port 22 on 10.180.180.156
2025-12-09 09:49:17.023 65472 INFO tempest.lib.common.rest_client [req-5e9e334b-7325-449c-856d-e244ecd09084 req-5e9e334b-7325-449c-856d-e244ecd09084 ] Request (ImagesDeleteNegativeTestJSON:setUpClass): 204 PUT http://10.180.1.21/identity/v3/projects/45fb75537a2e4e43a43f723e3949953d/users/1350e4ab5e6d4eec884557d8ce951160/roles/3d70e162b4694cf3a94cc19cff43525a 0.051s
2025-12-09 09:49:17.024 65472 INFO tempest.lib.common.dynamic_creds [-] Dynamic test user 1350e4ab5e6d4eec884557d8ce951160 is created with scope project and roles: ['member']
2025-12-09 09:49:17.024 65472 INFO tempest.lib.common.dynamic_creds [-] Acquired dynamic creds: credentials: Credentials: {'domain_id': 'default', 'domain_name': 'Default', 'username': 'tempest-ImagesDeleteNegativeTestJSON-1143102120-project-member', 'project_domain_id': 'default', 'project_domain_name': 'Default', 'project_id': '45fb75537a2e4e43a43f723e3949953d', 'project_name': 'tempest-ImagesDeleteNegativeTestJSON-1143102120', 'tenant_id': '45fb75537a2e4e43a43f723e3949953d', 'tenant_name': 'tempest-ImagesDeleteNegativeTestJSON-1143102120', 'user_domain_id': 'default', 'user_domain_name': 'Default', 'user_id': '1350e4ab5e6d4eec884557d8ce951160', 'system': None}, Network: None, Subnet: None, Router: None
2025-12-09 09:49:17.024 65472 INFO tempest.lib.common.dynamic_creds [-] Created isolated network resources for: credentials: Credentials: {'domain_id': 'default', 'domain_name': 'Default', 'username': 'tempest-ImagesDeleteNegativeTestJSON-1143102120-project-member', 'project_domain_id': 'default', 'project_domain_name': 'Default', 'project_id': '45fb75537a2e4e43a43f723e3949953d', 'project_name': 'tempest-ImagesDeleteNegativeTestJSON-1143102120', 'tenant_id': '45fb75537a2e4e43a43f723e3949953d', 'tenant_name': 'tempest-ImagesDeleteNegativeTestJSON-1143102120', 'user_domain_id': 'default', 'user_domain_name': 'Default', 'user_id': '1350e4ab5e6d4eec884557d8ce951160', 'system': None}, Network: None, Subnet: None, Router: None
2025-12-09 09:49:17.116 65472 INFO tempest.lib.common.rest_client [req-d307b28e-011f-46f1-81a5-0de960bc99d0 req-d307b28e-011f-46f1-81a5-0de960bc99d0 ] Request (ImagesDeleteNegativeTestJSON:setUpClass): 201 POST http://10.180.1.21/identity/v3/auth/tokens 0.084s
2025-12-09 09:49:17.162 65532 INFO tempest.lib.common.rest_client [req-757ebe12-c2de-47b9-825d-e21bab43a27e req-757ebe12-c2de-47b9-825d-e21bab43a27e ] Request (ServersAdminTestJSON:test_inject_network_info): 200 GET http://10.180.1.21/compute/v2.1/servers/11c9d69e-582f-40a2-9d5a-97763b5db112 2.095s
2025-12-09 09:49:17.173 65486 INFO tempest.lib.common.rest_client [req-6ec87ac8-65d9-4ff6-8211-a40a1756789b req-6ec87ac8-65d9-4ff6-8211-a40a1756789b ] Request (ServerRescueNegativeTestJSON:setUpClass): 200 GET http://10.180.1.21/compute/v2.1/servers/dd9b835a-aac5-4241-bdb6-f97ceb517ede 1.950s
2025-12-09 09:49:17.217 65526 INFO tempest.lib.common.rest_client [req-67197d6d-68c5-4f2f-a69c-aa0de1a7a9a7 req-67197d6d-68c5-4f2f-a69c-aa0de1a7a9a7 ] Request (MigrationsAdminTest:test_resize_server_revert_deleted_flavor): 200 GET http://10.180.1.21/compute/v2.1/servers/96cae346-18e5-41f6-ac35-c67366617a5d 1.978s
2025-12-09 09:49:17.264 65512 INFO tempest.lib.common.rest_client [req-eebc18b0-6329-4c04-8252-159bac66f60a req-eebc18b0-6329-4c04-8252-159bac66f60a ] Request (InstanceActionsV221TestJSON:test_get_list_deleted_instance_actions): 200 GET http://10.180.1.21/compute/v2.1/servers/79cb369a-8c29-4f29-81bd-574086cbe295 1.955s
2025-12-09 09:49:17.267 65502 INFO tempest.lib.common.rest_client [req-866572ed-f9a8-4221-9f83-a47b422fd4ed req-866572ed-f9a8-4221-9f83-a47b422fd4ed ] Request (ServersV294TestFqdnHostnames:setUpClass): 200 GET http://10.180.1.21/compute/v2.1/servers/8ab696b2-cab9-4da6-a134-cd6f0f6eb420/os-interface 2.008s
2025-12-09 09:49:17.328 65516 INFO tempest.lib.common.rest_client [req-3cfa9e71-8649-430c-9a47-1c3a60c163c5 req-3cfa9e71-8649-430c-9a47-1c3a60c163c5 ] Request (MultipleCreateTestJSON:test_multiple_create_with_reservation_return): 200 GET http://10.180.1.21/compute/v2.1/servers/41c0c3db-c952-45be-9c6b-b4387dc18331 1.982s
2025-12-09 09:49:17.351 65496 INFO tempest.lib.common.rest_client [req-a3c96373-82a1-4ff6-8e51-ba43c18b3c23 req-a3c96373-82a1-4ff6-8e51-ba43c18b3c23 ] Request (ServersListShow296Test:test_list_show_update_rebuild_server_296): 200 GET http://10.180.1.21/compute/v2.1/servers/11181332-af23-4e30-b246-41ab57ca066d 2.022s
