2025-12-09 09:49:05.003 65478 INFO tempest.lib.common.rest_client [req-11e485c4-4a86-466e-8c81-4c16ee7d16f9 req-11e485c4-4a86-466e-8c81-4c16ee7d16f9 ] Request (ServerDiskConfigTestJSON:setUpClass): 200 GET http://10.180.1.21/identity/v3/domains?name=Default 0.030s
2025-12-09 09:49:05.044 65478 INFO tempest.lib.common.rest_client [req-b040c35a-01c8-4a1f-8004-f4be1eef1e5e req-b040c35a-01c8-4a1f-8004-f4be1eef1e5e ] Request (ServerDiskConfigTestJSON:setUpClass): 201 POST http://10.180.1.21/identity/v3/projects 0.039s
2025-12-09 09:49:05.047 65508 INFO tempest.lib.common.rest_client [req-0d1cdc27-4ac0-4ca3-8f5c-6f489ec58151 req-0d1cdc27-4ac0-4ca3-8f5c-6f489ec58151 ] Request (ServerAddressesNegativeTestJSON:setUpClass): 200 GET http://10.180.1.21/compute/v2.1/servers/e4b03ff4-37d3-445e-a176-d395009c4316 2.170s
2025-12-09 09:49:05.101 65504 INFO tempest.lib.common.rest_client [req-96ded90c-2a97-4fa7-8122-1aa280d56a77 req-96ded90c-2a97-4fa7-8122-1aa280d56a77 ] Request (ServerExternalEventsTest:tearDownClass): 200 GET http://10.180.1.21/compute/v2.1/servers/7381804f-92db-47d1-9b4d-7ac5778a6d00 2.147s
2025-12-09 09:49:05.109 65478 INFO tempest.lib.common.rest_client [req-f553e1fd-df4f-40f8-889c-778d4de36465 req-f553e1fd-df4f-40f8-889c-778d4de36465 ] Request (ServerDiskConfigTestJSON:setUpClass): 201 POST http://10.180.1.21/identity/v3/users 0.064s
2025-12-09 09:49:05.140 65478 INFO tempest.lib.common.rest_client [req-9938b837-9135-4af9-be1b-67f205ed11e7 req-9938b837-9135-4af9-be1b-67f205ed11e7 ] Request (ServerDiskConfigTestJSON:setUpClass): 200 GET http://10.180.1.21/identity/v3/roles 0.030s
2025-12-09 09:49:05.173 65478 INFO tempest.lib.common.rest_client [req-4c80721a-ba0c-46aa-8c93-3b86cad2d9bc req-4c80721a-ba0c-46aa-8c93-3b86cad2d9bc ] Request (ServerDiskConfigTestJSON:setUpClass): 204 PUT http://10.180.1.21/identity/v3/projects/d6fb1e97ccfe48f2befc1b7770a2430a/users/51d5ab9fd114457faf42285f13c2670c/roles/3d70e162b4694cf3a94cc19cff43525a 0.033s
2025-12-09 09:49:05.173 65478 INFO tempest.lib.common.dynamic_creds [-] Dynamic test user 51d5ab9fd114457faf42285f13c2670c is created with scope project and roles: ['member']
2025-12-09 09:49:05.174 65478 INFO tempest.lib.common.dynamic_creds [-] Acquired dynamic creds: credentials: Credentials: {'domain_id': 'default', 'domain_name': 'Default', 'username': 'tempest-ServerDiskConfigTestJSON-279421941-project-member', 'project_domain_id': 'default', 'project_domain_name': 'Default', 'project_id': 'd6fb1e97ccfe48f2befc1b7770a2430a', 'project_name': 'tempest-ServerDiskConfigTestJSON-279421941', 'tenant_id': 'd6fb1e97ccfe48f2befc1b7770a2430a', 'tenant_name': 'tempest-ServerDiskConfigTestJSON-279421941', 'user_domain_id': 'default', 'user_domain_name': 'Default', 'user_id': '51d5ab9fd114457faf42285f13c2670c', 'system': None}, Network: None, Subnet: None, Router: None
2025-12-09 09:49:05.197 65486 INFO tempest.lib.common.rest_client [req-7666b214-26e9-48f2-bc41-2e53caa4a9bd req-7666b214-26e9-48f2-bc41-2e53caa4a9bd ] Request (ServerRescueNegativeTestJSON:setUpClass): 200 GET http://10.180.1.21/compute/v2.1/servers/dd9b835a-aac5-4241-bdb6-f97ceb517ede 2.121s
2025-12-09 09:49:05.244 65478 INFO tempest.lib.common.rest_client [req-c83013f9-1888-4b1d-ad66-e79e1687dd49 req-c83013f9-1888-4b1d-ad66-e79e1687dd49 ] Request (ServerDiskConfigTestJSON:setUpClass): 201 POST http://10.180.1.21/identity/v3/auth/tokens 0.069s
2025-12-09 09:49:05.247 65532 INFO tempest.lib.common.rest_client [req-14aa0e89-4168-4016-b1a9-dbd9990a6b91 req-14aa0e89-4168-4016-b1a9-dbd9990a6b91 ] Request (ServersAdminTestJSON:test_inject_network_info): 200 GET http://10.180.1.21/compute/v2.1/servers/11c9d69e-582f-40a2-9d5a-97763b5db112 2.103s
2025-12-09 09:49:05.274 65480 INFO tempest.lib.common.rest_client [req-b064d1b6-2e7b-460d-8cf8-be4537038bf7 req-b064d1b6-2e7b-460d-8cf8-be4537038bf7 ] Request (VolumesAssistedSnapshotsTest:_run_cleanups): 202 DELETE http://10.180.1.21/compute/v2.1/servers/a424d57b-54b9-42a7-b455-7a1d67f8ed62/os-volume_attachments/0f21f730-0a2b-4b79-af1d-8df9a62c4c14 2.144s
2025-12-09 09:49:05.496 65478 INFO tempest.lib.common.rest_client [req-fa9dedb3-36ce-4333-9802-52c425f33ba3 req-fa9dedb3-36ce-4333-9802-52c425f33ba3 ] Request (ServerDiskConfigTestJSON:setUpClass): 201 POST http://10.180.1.21/networking/v2.0/networks 0.252s
2025-12-09 09:49:05.586 65516 INFO tempest.lib.common.rest_client [req-636ab64d-b153-41fb-a4fc-c69760397e54 req-636ab64d-b153-41fb-a4fc-c69760397e54 ] Request (MultipleCreateTestJSON:test_multiple_create_with_reservation_return): 200 GET http://10.180.1.21/compute/v2.1/servers/41c0c3db-c952-45be-9c6b-b4387dc18331 2.147s
2025-12-09 09:49:05.728 65524 INFO tempest.lib.common.rest_client [req-a0876587-e79b-4157-a839-e0ad6ffabc0b req-a0876587-e79b-4157-a839-e0ad6ffabc0b ] Request (ServerRescueTestJSONUnderV235:setUpClass): 200 GET http://10.180.1.21/compute/v2.1/servers/c03fb5b5-7a44-46d0-813a-f15819b21953 2.385s
2025-12-09 09:49:05.747 65472 INFO tempest.lib.common.rest_client [req-be1eb48c-ad51-4e43-8cab-e1f7108b21ad req-be1eb48c-ad51-4e43-8cab-e1f7108b21ad ] Request (DeleteServersAdminTestJSON:test_delete_server_while_in_error_state): 200 GET http://10.180.1.21/compute/v2.1/servers/2b27517f-3f02-46dd-bc3d-436a783b4a57 2.246s
2025-12-09 09:49:05.797 65478 INFO tempest.lib.common.rest_client [req-d981d708-886a-4c24-b97e-15830dfff161 req-d981d708-886a-4c24-b97e-15830dfff161 ] Request (ServerDiskConfigTestJSON:setUpClass): 201 POST http://10.180.1.21/networking/v2.0/subnets 0.300s
2025-12-09 09:49:05.812 65476 INFO tempest.lib.common.rest_client [req-7bb77a7a-b648-41cb-afe4-33509e503269 req-7bb77a7a-b648-41cb-afe4-33509e503269 ] Request (ServersTestFqdnHostnames:test_create_server_with_fqdn_name): 200 GET http://10.180.1.21/compute/v2.1/servers/21824b0f-b36e-4942-b25c-75a18cc605a0 2.120s
2025-12-09 09:49:05.872 65474 INFO tempest.lib.common.rest_client [req-58dd7d61-812e-4d3a-b1d9-da684ecdef2d req-58dd7d61-812e-4d3a-b1d9-da684ecdef2d ] Request (ServerShowV257Test:tearDownClass): 200 GET http://10.180.1.21/compute/v2.1/servers/0b4891f7-207e-4db5-86d7-960ee09a9110 1.835s
2025-12-09 09:49:05.898 65502 INFO tempest.lib.common.rest_client [req-8f42991d-340b-4a86-997d-b12073488560 req-8f42991d-340b-4a86-997d-b12073488560 ] Request (ServersV294TestFqdnHostnames:setUpClass): 200 GET http://10.180.1.21/compute/v2.1/servers/8ab696b2-cab9-4da6-a134-cd6f0f6eb420 2.111s
2025-12-09 09:49:05.907 65502 INFO tempest.common.waiters [-] State transition "BUILD/networking" ==> "BUILD/spawning" after 26 second wait
2025-12-09 09:49:05.918 65498 INFO tempest.lib.common.rest_client [req-21d27a3d-6c4f-4904-8687-3a5708254055 req-21d27a3d-6c4f-4904-8687-3a5708254055 ] Request (ImagesTestJSON:test_create_image_from_suspended_server): 200 GET http://10.180.1.21/compute/v2.1/servers/190639d4-94a9-4dfd-9779-e3b4fb3a76eb 1.851s
2025-12-09 09:49:05.920 65522 INFO tempest.lib.common.rest_client [req-5c3b2782-0cad-4cda-a53f-cf7f4cea1f54 req-5c3b2782-0cad-4cda-a53f-cf7f4cea1f54 ] Request (AggregatesAdminNegativeTestJSON:test_aggregate_remove_nonexistent_host): 404 POST http://10.180.1.21/compute/v2.1/os-aggregates/8/action 1.826s
2025-12-09 09:49:05.939 65514 INFO tempest.lib.common.rest_client [req-edf5723a-5767-4793-b784-07dd3d5a7727 req-edf5723a-5767-4793-b784-07dd3d5a7727 ] Request (ServersAdminNegativeTestJSON:test_resize_server_using_overlimit_vcpus): 200 POST http://10.180.1.21/compute/v2.1/flavors 1.625s
2025-12-09 09:49:05.992 65488 INFO tempest.lib.common.rest_client [req-f86edede-2dc9-4691-955e-4541f0dad954 req-f86edede-2dc9-4691-955e-4541f0dad954 ] Request (FloatingIPsAssociationTestJSON:tearDownClass): 200 GET http://10.180.1.21/compute/v2.1/servers/39a51e82-9053-473b-b761-389c36f70a54 1.646s
2025-12-09 09:49:06.088 65494 INFO tempest.lib.common.rest_client [req-42aac159-7e06-42b1-8b7e-e43df1b39580 req-42aac159-7e06-42b1-8b7e-e43df1b39580 ] Request (ServerShowV247Test:test_update_rebuild_list_server): 200 GET http://10.180.1.21/compute/v2.1/servers/fe1588c5-adfb-4ba4-b56f-f695ab3918df 1.429s
2025-12-09 09:49:06.098 65494 INFO tempest.common.waiters [-] State transition "BUILD/spawning" ==> "ACTIVE/None" after 26 second wait
2025-12-09 09:49:06.124 65482 INFO tempest.lib.common.rest_client [req-9bab2f73-4111-465f-9bd6-31fc465ae669 req-9bab2f73-4111-465f-9bd6-31fc465ae669 ] Request (ImagesMetadataTestJSON:test_get_image_metadata_item): 200 GET http://10.180.1.21/compute/v2.1/images/1591c0f2-e24f-4b78-b653-8894c0e06a7a/metadata/os_distro 1.354s
2025-12-09 09:49:06.176 65512 INFO tempest.lib.common.rest_client [req-f8d720e4-9e77-4605-bd19-b4582fc2a3d6 req-f8d720e4-9e77-4605-bd19-b4582fc2a3d6 ] Request (KeyPairsNegativeTestJSON:test_keypair_create_with_invalid_pub_key): 400 POST http://10.180.1.21/compute/v2.1/os-keypairs 1.392s
2025-12-09 09:49:06.203 65528 INFO tempest.lib.common.rest_client [req-a98203fd-8a5e-4c3c-9bbe-9ad9b5ad348b req-a98203fd-8a5e-4c3c-9bbe-9ad9b5ad348b ] Request (FlavorsAdminTestJSON:test_is_public_string_variations): 200 GET http://10.180.1.21/compute/v2.1/flavors/detail?is_public=yes 1.400s
2025-12-09 09:49:06.262 65526 INFO tempest.lib.common.rest_client [req-012995be-3fc9-4300-bf38-a2cd12e312a7 req-012995be-3fc9-4300-bf38-a2cd12e312a7 ] Request (MigrationsAdminTest:test_resize_server_revert_deleted_flavor): 202 POST http://10.180.1.21/compute/v2.1/servers 1.877s
2025-12-09 09:49:06.332 65530 INFO tempest.lib.common.rest_client [req-c632157e-a38a-423c-ba0a-37f08082f87b req-c632157e-a38a-423c-ba0a-37f08082f87b ] Request (ServersTestMultiNic:_run_cleanups): 200 GET http://10.180.1.21/compute/v2.1/servers/61293d09-98aa-4f51-a527-110079e1cce5 1.492s
2025-12-09 09:49:06.425 65506 INFO tempest.lib.common.rest_client [req-baab3fe3-ecf1-40b0-b71b-6fd0c03e6a99 req-baab3fe3-ecf1-40b0-b71b-6fd0c03e6a99 ] Request (TenantUsagesTestJSON:tearDownClass): 200 GET http://10.180.1.21/compute/v2.1/servers/c389c935-75ee-4259-92a7-5572726b5395 1.212s
2025-12-09 09:49:06.467 65480 INFO tempest.lib.common.rest_client [req-7d548219-381e-432a-83bb-a6797f5aeadc req-7d548219-381e-432a-83bb-a6797f5aeadc ] Request (VolumesAssistedSnapshotsTest:_run_cleanups): 200 GET http://10.180.1.21/compute/v2.1/servers/a424d57b-54b9-42a7-b455-7a1d67f8ed62/os-volume_attachments 1.192s
2025-12-09 09:49:06.487 65496 INFO tempest.lib.common.rest_client [req-4e8ff597-a2c7-4ffa-9537-ac49dafd586b req-4e8ff597-a2c7-4ffa-9537-ac49dafd586b ] Request (ServersListShow296Test:test_list_show_update_rebuild_server_296): 202 POST http://10.180.1.21/compute/v2.1/servers 1.664s
2025-12-09 09:49:06.538 65484 INFO tempest.lib.common.rest_client [req-e79c21ab-426d-45dc-bc28-98f25ceee6de req-e79c21ab-426d-45dc-bc28-98f25ceee6de ] Request (FloatingIPsAssociationNegativeTestJSON:tearDownClass): 200 GET http://10.180.1.21/compute/v2.1/servers/97fcc7bb-7b67-4651-a0e0-20b63cb0ccc8 1.036s
2025-12-09 09:49:06.587 65510 INFO tempest.lib.common.rest_client [req-2ff45f7d-fd43-4431-a8db-f29c0e90685a req-2ff45f7d-fd43-4431-a8db-f29c0e90685a ] Request (ServerDiagnosticsV248Test:tearDownClass): 200 GET http://10.180.1.21/compute/v2.1/servers/037c83bc-7444-47db-9f3c-a65d1b421f34 1.069s
2025-12-09 09:49:06.605 65522 INFO tempest.lib.common.rest_client [req-a63ce767-eace-4b6c-bc55-bf4c41789673 req-a63ce767-eace-4b6c-bc55-bf4c41789673 ] Request (AggregatesAdminNegativeTestJSON:_run_cleanups): 200 DELETE http://10.180.1.21/compute/v2.1/os-aggregates/8 0.684s
2025-12-09 09:49:06.608 65478 INFO tempest.lib.common.rest_client [req-ac048ccb-60f0-47bc-8fdd-cf6850417fed req-ac048ccb-60f0-47bc-8fdd-cf6850417fed ] Request (ServerDiskConfigTestJSON:setUpClass): 201 POST http://10.180.1.21/networking/v2.0/routers 0.810s
2025-12-09 09:49:06.624 65520 INFO tempest.lib.common.rest_client [req-9c3a23ab-37d4-40e0-88e8-08d96a19981d req-9c3a23ab-37d4-40e0-88e8-08d96a19981d ] Request (ServerPasswordTestJSON:setUpClass): 200 GET http://10.180.1.21/compute/v2.1/servers/17f7df5a-7ba7-489d-89d5-d5c9ff2b8929 0.836s
2025-12-09 09:49:06.709 65518 INFO tempest.lib.common.rest_client [req-0fa12985-ead4-4a53-bc92-307e661a8c15 req-0fa12985-ead4-4a53-bc92-307e661a8c15 ] Request (ServerGroupTestJSON:_run_cleanups): 200 GET http://10.180.1.21/compute/v2.1/servers/0a183a09-5154-4171-8e96-14d9a984ee4a 0.724s
2025-12-09 09:49:06.740 65522 INFO tempest.lib.common.rest_client [req-3f6dc6e7-7764-46b1-b3c8-acc650176b7f req-3f6dc6e7-7764-46b1-b3c8-acc650176b7f ] Request (AggregatesAdminNegativeTestJSON:tearDownClass): 204 DELETE http://10.180.1.21/identity/v3/users/56e17d238efb4f61bf6f32f5d3f70173 0.132s
2025-12-09 09:49:06.763 65514 INFO tempest.lib.common.rest_client [req-feccbb20-b856-4828-aae3-832745569c8b req-feccbb20-b856-4828-aae3-832745569c8b ] Request (ServersAdminNegativeTestJSON:test_resize_server_using_overlimit_vcpus): 403 POST http://10.180.1.21/compute/v2.1/servers/f79c040a-00b3-4e7a-b354-f542b759911a/action 0.822s
2025-12-09 09:49:06.876 65508 INFO tempest.lib.common.rest_client [req-ae815f59-fd19-4535-a581-f35e5b21234d req-ae815f59-fd19-4535-a581-f35e5b21234d ] Request (ServerAddressesNegativeTestJSON:setUpClass): 200 GET http://10.180.1.21/compute/v2.1/servers/e4b03ff4-37d3-445e-a176-d395009c4316 0.819s
2025-12-09 09:49:06.881 65522 INFO tempest.lib.common.rest_client [req-b8f72605-f3c5-44f4-9c57-5c6e0b5530a6 req-b8f72605-f3c5-44f4-9c57-5c6e0b5530a6 ] Request (AggregatesAdminNegativeTestJSON:tearDownClass): 204 DELETE http://10.180.1.21/identity/v3/users/c6ef2d4c3bb34641aa81c555bc63f186 0.140s
2025-12-09 09:49:06.881 65522 INFO tempest.lib.common.dynamic_creds [-] Deleting project and security group for project: c3d46735cbb34697986433c880ab6480
2025-12-09 09:49:06.885 65508 INFO tempest.common.waiters [-] State transition "BUILD/spawning" ==> "ACTIVE/None" after 33 second wait
2025-12-09 09:49:06.970 65522 INFO tempest.lib.common.rest_client [req-00c944d8-859c-4af7-bafa-d329e9965c44 req-00c944d8-859c-4af7-bafa-d329e9965c44 ] Request (AggregatesAdminNegativeTestJSON:tearDownClass): 201 POST http://10.180.1.21/identity/v3/auth/tokens 0.088s
2025-12-09 09:49:06.993 65504 INFO tempest.lib.common.rest_client [req-e404ac7b-a776-4318-aaa2-ae5e3b7c6668 req-e404ac7b-a776-4318-aaa2-ae5e3b7c6668 ] Request (ServerExternalEventsTest:tearDownClass): 200 GET http://10.180.1.21/compute/v2.1/servers/7381804f-92db-47d1-9b4d-7ac5778a6d00 0.883s
2025-12-09 09:49:07.033 65494 INFO tempest.lib.common.rest_client [req-b4acc1ac-6cc2-4fd3-8d35-9b6e0041dc12 req-b4acc1ac-6cc2-4fd3-8d35-9b6e0041dc12 ] Request (ServerShowV247Test:test_update_rebuild_list_server): 202 POST http://10.180.1.21/compute/v2.1/servers/fe1588c5-adfb-4ba4-b56f-f695ab3918df/action 0.934s
2025-12-09 09:49:07.051 65512 INFO tempest.lib.common.rest_client [req-322b5c75-d9fb-4aa6-a648-21c4330ebfa7 req-322b5c75-d9fb-4aa6-a648-21c4330ebfa7 ] Request (KeyPairsNegativeTestJSON:test_keypair_delete_nonexistent_key): 404 DELETE http://10.180.1.21/compute/v2.1/os-keypairs/tempest-keypair-non-existent-538762102 0.873s
2025-12-09 09:49:07.169 65482 INFO tempest.lib.common.rest_client [req-5a144a42-e878-4d12-8cde-655c06f450cf req-5a144a42-e878-4d12-8cde-655c06f450cf ] Request (ImagesMetadataTestJSON:setUp): 200 PUT http://10.180.1.21/compute/v2.1/images/1591c0f2-e24f-4b78-b653-8894c0e06a7a/metadata 1.043s
2025-12-09 09:49:07.171 65512 INFO tempest.lib.common.rest_client [req-ccf885f3-00be-48fe-867f-41fcf6c87e9f req-ccf885f3-00be-48fe-867f-41fcf6c87e9f ] Request (KeyPairsNegativeTestJSON:tearDownClass): 204 DELETE http://10.180.1.21/identity/v3/users/a53ef768d8184a0c8cf9d06bb2430540 0.118s
2025-12-09 09:49:07.171 65512 INFO tempest.lib.common.dynamic_creds [-] Deleting project and security group for project: 0e244a98ef714978b800a909170d78b5
2025-12-09 09:49:07.204 65528 INFO tempest.lib.common.rest_client [req-b524d168-a772-4f8c-8a60-03b76c61c5b1 req-b524d168-a772-4f8c-8a60-03b76c61c5b1 ] Request (FlavorsAdminTestJSON:test_is_public_string_variations): 200 GET http://10.180.1.21/compute/v2.1/flavors/detail?is_public=1 0.996s
2025-12-09 09:49:07.237 65522 INFO tempest.lib.common.rest_client [req-9f29ef55-8bbf-485f-bc6f-e450293dedcc req-9f29ef55-8bbf-485f-bc6f-e450293dedcc ] Request (AggregatesAdminNegativeTestJSON:tearDownClass): 200 GET http://10.180.1.21/networking/v2.0/security-groups?tenant_id=c3d46735cbb34697986433c880ab6480&name=default 0.267s
2025-12-09 09:49:07.253 65512 INFO tempest.lib.common.rest_client [req-d5ec9ec9-4f56-4098-96c9-e07b2e67b3e5 req-d5ec9ec9-4f56-4098-96c9-e07b2e67b3e5 ] Request (KeyPairsNegativeTestJSON:tearDownClass): 201 POST http://10.180.1.21/identity/v3/auth/tokens 0.081s
2025-12-09 09:49:07.367 65522 INFO tempest.lib.common.rest_client [req-daf7760e-5861-4dbf-a065-ab544bad35e8 req-daf7760e-5861-4dbf-a065-ab544bad35e8 ] Request (AggregatesAdminNegativeTestJSON:tearDownClass): 204 DELETE http://10.180.1.21/networking/v2.0/security-groups/13925057-cc7d-4217-9332-3e69b4ff8f73 0.129s
2025-12-09 09:49:07.392 65532 INFO tempest.lib.common.rest_client [req-788a59aa-1f1c-4bab-9d85-645e384430cb req-788a59aa-1f1c-4bab-9d85-645e384430cb ] Request (ServersAdminTestJSON:test_inject_network_info): 200 GET http://10.180.1.21/compute/v2.1/servers/11c9d69e-582f-40a2-9d5a-97763b5db112 1.136s
2025-12-09 09:49:07.413 65492 WARNING tempest.lib.common.ssh [-] Failed to establish authenticated ssh connection to cirros@10.180.180.156 ([Errno None] Unable to connect to port 22 on 10.180.180.156). Number attempts: 5. Retry after 6 seconds.: paramiko.ssh_exception.NoValidConnectionsError: [Errno None] Unable to connect to port 22 on 10.180.180.156
2025-12-09 09:49:07.447 65522 INFO tempest.lib.common.rest_client [req-e6c441db-4257-4455-b938-74e644bcb506 req-e6c441db-4257-4455-b938-74e644bcb506 ] Request (AggregatesAdminNegativeTestJSON:tearDownClass): 204 DELETE http://10.180.1.21/identity/v3/projects/c3d46735cbb34697986433c880ab6480 0.080s
2025-12-09 09:49:07.448 65522 INFO tempest.lib.common.dynamic_creds [-] Deleting project and security group for project: a44231e9394f4a6889427473c8dd823f
2025-12-09 09:49:07.578 65478 INFO tempest.lib.common.rest_client [req-52b738c6-e31f-42a8-a7b7-6d0e61d05cec req-52b738c6-e31f-42a8-a7b7-6d0e61d05cec ] Request (ServerDiskConfigTestJSON:setUpClass): 200 PUT http://10.180.1.21/networking/v2.0/routers/97179621-1a4f-4893-9d77-8002a24c786c/add_router_interface 0.970s
2025-12-09 09:49:07.579 65478 INFO tempest.lib.common.dynamic_creds [-] Created isolated network resources for: credentials: Credentials: {'domain_id': 'default', 'domain_name': 'Default', 'username': 'tempest-ServerDiskConfigTestJSON-279421941-project-member', 'project_domain_id': 'default', 'project_domain_name': 'Default', 'project_id': 'd6fb1e97ccfe48f2befc1b7770a2430a', 'project_name': 'tempest-ServerDiskConfigTestJSON-279421941', 'tenant_id': 'd6fb1e97ccfe48f2befc1b7770a2430a', 'tenant_name': 'tempest-ServerDiskConfigTestJSON-279421941', 'user_domain_id': 'default', 'user_domain_name': 'Default', 'user_id': '51d5ab9fd114457faf42285f13c2670c', 'system': None}, Network: {'id': 'e67c0316-8269-48b1-b67d-54ad5f6e08e7', 'name': 'tempest-ServerDiskConfigTestJSON-375608763-network', 'tenant_id': 'd6fb1e97ccfe48f2befc1b7770a2430a', 'project_id': 'd6fb1e97ccfe48f2befc1b7770a2430a', 'admin_state_up': True, 'mtu': 8950, 'status': 'ACTIVE', 'subnets': [], 'shared': False, 'port_security_enabled': True, 'router:external': False, 'provider:network_type': 'vlan', 'provider:physical_network': 'default', 'provider:segmentation_id': 743, 'availability_zone_hints': [], 'availability_zones': [], 'ipv4_address_scope': None, 'ipv6_address_scope': None, 'description': '', 'tags': [], 'created_at': '2025-12-09T09:49:05Z', 'updated_at': '2025-12-09T09:49:05Z', 'revision_number': 1}, Subnet: {'id': '219ea316-a534-4843-b1d6-e8de3da77308', 'name': 'tempest-ServerDiskConfigTestJSON-375608763-subnet', 'tenant_id': 'd6fb1e97ccfe48f2befc1b7770a2430a', 'network_id': 'e67c0316-8269-48b1-b67d-54ad5f6e08e7', 'ip_version': 4, 'subnetpool_id': None, 'enable_dhcp': True, 'ipv6_ra_mode': None, 'ipv6_address_mode': None, 'gateway_ip': '192.168.128.1', 'cidr': '192.168.128.0/28', 'allocation_pools': [{'start': '192.168.128.2', 'end': '192.168.128.14'}], 'host_routes': [], 'dns_nameservers': [], 'description': '', 'router:external': False, 'service_types': [], 'tags': [], 'created_at': '2025-12-09T09:49:05Z', 'updated_at': '2025-12-09T09:49:05Z', 'revision_number': 0, 'project_id': 'd6fb1e97ccfe48f2befc1b7770a2430a'}, Router: {'id': '97179621-1a4f-4893-9d77-8002a24c786c', 'name': 'tempest-ServerDiskConfigTestJSON-375608763-router', 'tenant_id': 'd6fb1e97ccfe48f2befc1b7770a2430a', 'admin_state_up': True, 'status': 'ACTIVE', 'external_gateway_info': {'network_id': '75a8fd72-ea05-4bd2-b101-4e2e38c45a3a', 'external_fixed_ips': [{'subnet_id': 'af3e5655-ba43-465d-9f10-bfe3107b29f1', 'ip_address': '10.180.180.236'}], 'enable_snat': True}, 'description': '', 'availability_zones': [], 'distributed': False, 'ha': False, 'availability_zone_hints': [], 'routes': [], 'flavor_id': None, 'tags': [], 'created_at': '2025-12-09T09:49:05Z', 'updated_at': '2025-12-09T09:49:06Z', 'revision_number': 2, 'project_id': 'd6fb1e97ccfe48f2befc1b7770a2430a'}
2025-12-09 09:49:07.624 65486 INFO tempest.lib.common.rest_client [req-1cbd9405-a2a0-49eb-b19f-be4bb0f0b41a req-1cbd9405-a2a0-49eb-b19f-be4bb0f0b41a ] Request (ServerRescueNegativeTestJSON:setUpClass): 200 GET http://10.180.1.21/compute/v2.1/servers/dd9b835a-aac5-4241-bdb6-f97ceb517ede 1.418s
2025-12-09 09:49:07.640 65526 INFO tempest.lib.common.rest_client [req-c6774d35-5b3e-4d65-b0af-2cb58cdd231b req-c6774d35-5b3e-4d65-b0af-2cb58cdd231b ] Request (MigrationsAdminTest:test_resize_server_revert_deleted_flavor): 200 GET http://10.180.1.21/compute/v2.1/servers/96cae346-18e5-41f6-ac35-c67366617a5d 1.376s
2025-12-09 09:49:07.646 65486 INFO tempest.common.waiters [-] State transition "BUILD/spawning" ==> "ACTIVE/None" after 34 second wait
2025-12-09 09:49:07.687 65512 INFO tempest.lib.common.rest_client [req-20f4915d-6a60-4295-8621-a68492b4043d req-20f4915d-6a60-4295-8621-a68492b4043d ] Request (KeyPairsNegativeTestJSON:tearDownClass): 200 GET http://10.180.1.21/networking/v2.0/security-groups?tenant_id=0e244a98ef714978b800a909170d78b5&name=default 0.433s
2025-12-09 09:49:07.728 65478 INFO tempest.lib.common.rest_client [req-29ebad56-a2ba-4978-a296-71d73bb89558 req-29ebad56-a2ba-4978-a296-71d73bb89558 ] Request (ServerDiskConfigTestJSON:setUpClass): 201 POST http://10.180.1.21/identity/v3/auth/tokens 0.145s
2025-12-09 09:49:07.769 65478 INFO tempest.lib.common.rest_client [req-3f55df78-32f0-4661-a847-64d9cb2295c2 req-3f55df78-32f0-4661-a847-64d9cb2295c2 ] Request (ServerDiskConfigTestJSON:test_rebuild_server_with_auto_disk_config): 201 POST http://10.180.1.21/identity/v3/auth/tokens 0.035s
2025-12-09 09:49:07.770 65478 INFO tempest.lib.common.fixed_network [-] (ServerDiskConfigTestJSON:test_rebuild_server_with_auto_disk_config) Found network {'id': 'e67c0316-8269-48b1-b67d-54ad5f6e08e7', 'name': 'tempest-ServerDiskConfigTestJSON-375608763-network', 'tenant_id': 'd6fb1e97ccfe48f2befc1b7770a2430a', 'project_id': 'd6fb1e97ccfe48f2befc1b7770a2430a', 'admin_state_up': True, 'mtu': 8950, 'status': 'ACTIVE', 'subnets': [], 'shared': False, 'port_security_enabled': True, 'router:external': False, 'provider:network_type': 'vlan', 'provider:physical_network': 'default', 'provider:segmentation_id': 743, 'availability_zone_hints': [], 'availability_zones': [], 'ipv4_address_scope': None, 'ipv6_address_scope': None, 'description': '', 'tags': [], 'created_at': '2025-12-09T09:49:05Z', 'updated_at': '2025-12-09T09:49:05Z', 'revision_number': 1} available for tenant
2025-12-09 09:49:07.794 65522 INFO tempest.lib.common.rest_client [req-ad26f64d-84ad-423a-9c4d-6d6192524b7d req-ad26f64d-84ad-423a-9c4d-6d6192524b7d ] Request (AggregatesAdminNegativeTestJSON:tearDownClass): 200 GET http://10.180.1.21/networking/v2.0/security-groups?tenant_id=a44231e9394f4a6889427473c8dd823f&name=default 0.345s
2025-12-09 09:49:07.816 65512 INFO tempest.lib.common.rest_client [req-75153285-c70a-4a45-b586-cc554f1d25ca req-75153285-c70a-4a45-b586-cc554f1d25ca ] Request (KeyPairsNegativeTestJSON:tearDownClass): 204 DELETE http://10.180.1.21/networking/v2.0/security-groups/e1787bd0-ce67-441e-9c01-5bdaaa224d2f 0.128s
2025-12-09 09:49:07.825 65496 INFO tempest.lib.common.rest_client [req-c4658b5b-1b03-41a6-8ad6-e1c4d2344d1d req-c4658b5b-1b03-41a6-8ad6-e1c4d2344d1d ] Request (ServersListShow296Test:test_list_show_update_rebuild_server_296): 200 GET http://10.180.1.21/compute/v2.1/servers/11181332-af23-4e30-b246-41ab57ca066d 1.335s
2025-12-09 09:49:07.836 65516 INFO tempest.lib.common.rest_client [req-16aa4ea8-6371-4c2b-91fd-2b8283b28cc7 req-16aa4ea8-6371-4c2b-91fd-2b8283b28cc7 ] Request (MultipleCreateTestJSON:test_multiple_create_with_reservation_return): 200 GET http://10.180.1.21/compute/v2.1/servers/41c0c3db-c952-45be-9c6b-b4387dc18331 1.242s
2025-12-09 09:49:07.867 65472 INFO tempest.lib.common.rest_client [req-f4a38b7b-8bb9-475a-b067-7ab54ff6b9ad req-f4a38b7b-8bb9-475a-b067-7ab54ff6b9ad ] Request (DeleteServersAdminTestJSON:test_delete_server_while_in_error_state): 404 GET http://10.180.1.21/compute/v2.1/servers/2b27517f-3f02-46dd-bc3d-436a783b4a57 1.111s
2025-12-09 09:49:07.890 65514 INFO tempest.lib.common.rest_client [req-a6d495ad-893c-463d-a47e-b56abb0211a1 req-a6d495ad-893c-463d-a47e-b56abb0211a1 ] Request (ServersAdminNegativeTestJSON:_run_cleanups): 202 DELETE http://10.180.1.21/compute/v2.1/flavors/1747812204 1.126s
2025-12-09 09:49:07.930 65512 INFO tempest.lib.common.rest_client [req-80a3c789-6536-41d7-b71b-5dc5846144aa req-80a3c789-6536-41d7-b71b-5dc5846144aa ] Request (KeyPairsNegativeTestJSON:tearDownClass): 204 DELETE http://10.180.1.21/identity/v3/projects/0e244a98ef714978b800a909170d78b5 0.113s
2025-12-09 09:49:07.933 65522 INFO tempest.lib.common.rest_client [req-b70a1dd0-7a99-44f0-9486-ebc3eb7bab87 req-b70a1dd0-7a99-44f0-9486-ebc3eb7bab87 ] Request (AggregatesAdminNegativeTestJSON:tearDownClass): 204 DELETE http://10.180.1.21/networking/v2.0/security-groups/20646d07-7e8b-4422-8444-fa5a6a6677bc 0.138s
2025-12-09 09:49:07.972 65476 INFO tempest.lib.common.rest_client [req-badf5af0-a4d0-44c8-8a7b-ad49cfa5b15b req-badf5af0-a4d0-44c8-8a7b-ad49cfa5b15b ] Request (ServersTestFqdnHostnames:test_create_server_with_fqdn_name): 200 GET http://10.180.1.21/compute/v2.1/servers/21824b0f-b36e-4942-b25c-75a18cc605a0 1.151s
2025-12-09 09:49:08.007 65508 INFO tempest.lib.common.rest_client [req-666ab99d-ee1a-41df-9ad5-a35e8ef49669 req-666ab99d-ee1a-41df-9ad5-a35e8ef49669 ] Request (ServerAddressesNegativeTestJSON:test_list_server_addresses_by_network_neg): 404 GET http://10.180.1.21/compute/v2.1/servers/e4b03ff4-37d3-445e-a176-d395009c4316/ips/invalid 1.121s
2025-12-09 09:49:08.028 65524 INFO tempest.lib.common.rest_client [req-09ace786-04e2-4ac4-80a4-be67bb9201b3 req-09ace786-04e2-4ac4-80a4-be67bb9201b3 ] Request (ServerRescueTestJSONUnderV235:setUpClass): 200 GET http://10.180.1.21/compute/v2.1/servers/c03fb5b5-7a44-46d0-813a-f15819b21953 1.291s
2025-12-09 09:49:08.029 65512 INFO tempest.lib.common.rest_client [req-6060265c-867d-4620-94ae-dd85dbc755d9 req-6060265c-867d-4620-94ae-dd85dbc755d9 ] Request (InstanceActionsV221TestJSON:setUpClass): 201 POST http://10.180.1.21/identity/v3/auth/tokens 0.097s
2025-12-09 09:49:08.066 65522 INFO tempest.lib.common.rest_client [req-c95392d7-bb6a-4d29-9212-b7ddcbe9747d req-c95392d7-bb6a-4d29-9212-b7ddcbe9747d ] Request (AggregatesAdminNegativeTestJSON:tearDownClass): 204 DELETE http://10.180.1.21/identity/v3/projects/a44231e9394f4a6889427473c8dd823f 0.133s
2025-12-09 09:49:08.078 65474 INFO tempest.lib.common.rest_client [req-c9c83bfc-4be0-4998-a27b-2758a4ff3424 req-c9c83bfc-4be0-4998-a27b-2758a4ff3424 ] Request (ServerShowV257Test:tearDownClass): 200 GET http://10.180.1.21/compute/v2.1/servers/0b4891f7-207e-4db5-86d7-960ee09a9110 1.191s
2025-12-09 09:49:08.109 65512 INFO tempest.lib.common.rest_client [req-59c3b166-55eb-41f8-909d-216d8ce765f9 req-59c3b166-55eb-41f8-909d-216d8ce765f9 ] Request (InstanceActionsV221TestJSON:setUpClass): 201 POST http://10.180.1.21/identity/v3/auth/tokens 0.076s
2025-12-09 09:49:08.135 65498 INFO tempest.lib.common.rest_client [req-23e7729c-1809-495e-a1e9-c92f4bd37c77 req-23e7729c-1809-495e-a1e9-c92f4bd37c77 ] Request (ImagesTestJSON:test_create_image_from_suspended_server): 200 GET http://10.180.1.21/compute/v2.1/servers/190639d4-94a9-4dfd-9779-e3b4fb3a76eb 1.203s
2025-12-09 09:49:08.139 65512 INFO tempest.lib.common.rest_client [req-0ec89201-5558-4999-b790-bb6a340e697d req-0ec89201-5558-4999-b790-bb6a340e697d ] Request (InstanceActionsV221TestJSON:setUpClass): 200 GET http://10.180.1.21/identity/v3/domains?name=Default 0.030s
2025-12-09 09:49:08.140 65522 INFO tempest.lib.common.rest_client [req-97a89790-cbc0-4de0-92f6-385104a62162 req-97a89790-cbc0-4de0-92f6-385104a62162 ] Request (ServerDiagnosticsTest:setUpClass): 201 POST http://10.180.1.21/identity/v3/auth/tokens 0.070s
2025-12-09 09:49:08.184 65512 INFO tempest.lib.common.rest_client [req-d8d58340-1b5c-4abf-83cd-bf4a88165053 req-d8d58340-1b5c-4abf-83cd-bf4a88165053 ] Request (InstanceActionsV221TestJSON:setUpClass): 201 POST http://10.180.1.21/identity/v3/projects 0.043s
2025-12-09 09:49:08.186 65502 INFO tempest.lib.common.rest_client [req-271270ad-f561-43f5-a1b6-f74c4a7fda6e req-271270ad-f561-43f5-a1b6-f74c4a7fda6e ] Request (ServersV294TestFqdnHostnames:setUpClass): 200 GET http://10.180.1.21/compute/v2.1/servers/8ab696b2-cab9-4da6-a134-cd6f0f6eb420 1.275s
2025-12-09 09:49:08.218 65522 INFO tempest.lib.common.rest_client [req-04b273db-4050-4345-8906-46c8f246eab5 req-04b273db-4050-4345-8906-46c8f246eab5 ] Request (ServerDiagnosticsTest:setUpClass): 201 POST http://10.180.1.21/identity/v3/auth/tokens 0.073s
2025-12-09 09:49:08.228 65488 INFO tempest.lib.common.rest_client [req-bf02ee13-cf45-4d86-955e-ec47714aa0d9 req-bf02ee13-cf45-4d86-955e-ec47714aa0d9 ] Request (FloatingIPsAssociationTestJSON:tearDownClass): 200 GET http://10.180.1.21/compute/v2.1/servers/39a51e82-9053-473b-b761-389c36f70a54 1.228s
2025-12-09 09:49:08.247 65522 INFO tempest.lib.common.rest_client [req-22236c01-7a73-462f-b0f8-5d9dccdd850f req-22236c01-7a73-462f-b0f8-5d9dccdd850f ] Request (ServerDiagnosticsTest:setUpClass): 200 GET http://10.180.1.21/identity/v3/domains?name=Default 0.028s
2025-12-09 09:49:08.265 65494 INFO tempest.lib.common.rest_client [req-d3ed6f58-81da-461e-bcb5-1913bb2c2011 req-d3ed6f58-81da-461e-bcb5-1913bb2c2011 ] Request (ServerShowV247Test:test_update_rebuild_list_server): 200 GET http://10.180.1.21/compute/v2.1/servers/fe1588c5-adfb-4ba4-b56f-f695ab3918df 1.224s
2025-12-09 09:49:08.271 65482 INFO tempest.lib.common.rest_client [req-10adce15-d2dd-451d-bdba-3df3d385ee89 req-10adce15-d2dd-451d-bdba-3df3d385ee89 ] Request (ImagesMetadataTestJSON:test_list_image_metadata): 200 GET http://10.180.1.21/compute/v2.1/images/1591c0f2-e24f-4b78-b653-8894c0e06a7a/metadata 1.101s
2025-12-09 09:49:08.275 65512 INFO tempest.lib.common.rest_client [req-1dde5a7d-c208-49f1-ab95-658045351ebf req-1dde5a7d-c208-49f1-ab95-658045351ebf ] Request (InstanceActionsV221TestJSON:setUpClass): 201 POST http://10.180.1.21/identity/v3/users 0.090s
2025-12-09 09:49:08.284 65528 INFO tempest.lib.common.rest_client [req-e50b5331-610b-4da9-a2f8-f50caeeca7f7 req-e50b5331-610b-4da9-a2f8-f50caeeca7f7 ] Request (FlavorsAdminTestJSON:_run_cleanups): 202 DELETE http://10.180.1.21/compute/v2.1/flavors/1936675020 1.072s
2025-12-09 09:49:08.287 65522 INFO tempest.lib.common.rest_client [req-0c031c2e-4e3f-49bb-94d8-86b41f2d55ed req-0c031c2e-4e3f-49bb-94d8-86b41f2d55ed ] Request (ServerDiagnosticsTest:setUpClass): 201 POST http://10.180.1.21/identity/v3/projects 0.039s
2025-12-09 09:49:08.297 65512 INFO tempest.lib.common.rest_client [req-aa56ccb0-2cb0-419c-b5c0-91e7c50b5fd6 req-aa56ccb0-2cb0-419c-b5c0-91e7c50b5fd6 ] Request (InstanceActionsV221TestJSON:setUpClass): 200 GET http://10.180.1.21/identity/v3/roles 0.021s
2025-12-09 09:49:08.345 65530 INFO tempest.lib.common.rest_client [req-07a6b43d-1f15-4c9d-8559-691284e42df1 req-07a6b43d-1f15-4c9d-8559-691284e42df1 ] Request (ServersTestMultiNic:_run_cleanups): 200 GET http://10.180.1.21/compute/v2.1/servers/61293d09-98aa-4f51-a527-110079e1cce5 0.999s
2025-12-09 09:49:08.359 65506 INFO tempest.lib.common.rest_client [req-18e328f4-87e2-4b9d-ac7b-c27259c3a430 req-18e328f4-87e2-4b9d-ac7b-c27259c3a430 ] Request (TenantUsagesTestJSON:tearDownClass): 200 GET http://10.180.1.21/compute/v2.1/servers/c389c935-75ee-4259-92a7-5572726b5395 0.919s
2025-12-09 09:49:08.360 65522 INFO tempest.lib.common.rest_client [req-f90971cf-4615-400e-901b-eb4a26e28984 req-f90971cf-4615-400e-901b-eb4a26e28984 ] Request (ServerDiagnosticsTest:setUpClass): 201 POST http://10.180.1.21/identity/v3/users 0.073s
2025-12-09 09:49:08.360 65512 INFO tempest.lib.common.rest_client [req-ec25b2fb-27b5-48da-b7dd-e477ec2875c8 req-ec25b2fb-27b5-48da-b7dd-e477ec2875c8 ] Request (InstanceActionsV221TestJSON:setUpClass): 204 PUT http://10.180.1.21/identity/v3/projects/0e6aa18a4fe04565b531682f179dab9e/users/776645e193344c78ab2ad211542048d4/roles/3d70e162b4694cf3a94cc19cff43525a 0.063s
2025-12-09 09:49:08.361 65512 INFO tempest.lib.common.dynamic_creds [-] Dynamic test user 776645e193344c78ab2ad211542048d4 is created with scope project and roles: ['member']
2025-12-09 09:49:08.361 65512 INFO tempest.lib.common.dynamic_creds [-] Acquired dynamic creds: credentials: Credentials: {'domain_id': 'default', 'domain_name': 'Default', 'username': 'tempest-InstanceActionsV221TestJSON-1987086567-project-member', 'project_domain_id': 'default', 'project_domain_name': 'Default', 'project_id': '0e6aa18a4fe04565b531682f179dab9e', 'project_name': 'tempest-InstanceActionsV221TestJSON-1987086567', 'tenant_id': '0e6aa18a4fe04565b531682f179dab9e', 'tenant_name': 'tempest-InstanceActionsV221TestJSON-1987086567', 'user_domain_id': 'default', 'user_domain_name': 'Default', 'user_id': '776645e193344c78ab2ad211542048d4', 'system': None}, Network: None, Subnet: None, Router: None
2025-12-09 09:49:08.388 65480 INFO tempest.lib.common.rest_client [req-de20f04e-f343-4e01-bece-db169a8abe88 req-de20f04e-f343-4e01-bece-db169a8abe88 ] Request (VolumesAssistedSnapshotsTest:_run_cleanups): 200 GET http://10.180.1.21/compute/v2.1/servers/a424d57b-54b9-42a7-b455-7a1d67f8ed62/os-volume_attachments 0.916s
2025-12-09 09:49:08.413 65510 INFO tempest.lib.common.rest_client [req-4e702829-39f6-40d8-aafb-526ed57a972c req-4e702829-39f6-40d8-aafb-526ed57a972c ] Request (ServerDiagnosticsV248Test:tearDownClass): 404 GET http://10.180.1.21/compute/v2.1/servers/037c83bc-7444-47db-9f3c-a65d1b421f34 0.812s
2025-12-09 09:49:08.415 65522 INFO tempest.lib.common.rest_client [req-fe72646e-04c9-4314-a93f-e596aebc32f8 req-fe72646e-04c9-4314-a93f-e596aebc32f8 ] Request (ServerDiagnosticsTest:setUpClass): 200 GET http://10.180.1.21/identity/v3/roles 0.054s
2025-12-09 09:49:08.421 65512 INFO tempest.lib.common.rest_client [req-9e6f5415-ba0a-4cb3-8807-38691f677efd req-9e6f5415-ba0a-4cb3-8807-38691f677efd ] Request (InstanceActionsV221TestJSON:setUpClass): 201 POST http://10.180.1.21/identity/v3/auth/tokens 0.059s
2025-12-09 09:49:08.436 65484 INFO tempest.lib.common.rest_client [req-c51d524d-6f99-41e2-b858-2b9558589736 req-c51d524d-6f99-41e2-b858-2b9558589736 ] Request (FloatingIPsAssociationNegativeTestJSON:tearDownClass): 200 GET http://10.180.1.21/compute/v2.1/servers/97fcc7bb-7b67-4651-a0e0-20b63cb0ccc8 0.887s
2025-12-09 09:49:08.453 65522 INFO tempest.lib.common.rest_client [req-31a7a411-e55b-46be-b669-fd66f11fcd4b req-31a7a411-e55b-46be-b669-fd66f11fcd4b ] Request (ServerDiagnosticsTest:setUpClass): 204 PUT http://10.180.1.21/identity/v3/projects/2086705807d2437481511403630ab8f1/users/9802d21ef4c54874baf276b706b1f433/roles/3d70e162b4694cf3a94cc19cff43525a 0.037s
2025-12-09 09:49:08.453 65522 INFO tempest.lib.common.dynamic_creds [-] Dynamic test user 9802d21ef4c54874baf276b706b1f433 is created with scope project and roles: ['member']
2025-12-09 09:49:08.453 65522 INFO tempest.lib.common.dynamic_creds [-] Acquired dynamic creds: credentials: Credentials: {'domain_id': 'default', 'domain_name': 'Default', 'username': 'tempest-ServerDiagnosticsTest-776659914-project-member', 'project_domain_id': 'default', 'project_domain_name': 'Default', 'project_id': '2086705807d2437481511403630ab8f1', 'project_name': 'tempest-ServerDiagnosticsTest-776659914', 'tenant_id': '2086705807d2437481511403630ab8f1', 'tenant_name': 'tempest-ServerDiagnosticsTest-776659914', 'user_domain_id': 'default', 'user_domain_name': 'Default', 'user_id': '9802d21ef4c54874baf276b706b1f433', 'system': None}, Network: None, Subnet: None, Router: None
2025-12-09 09:49:08.453 65522 INFO tempest.lib.common.dynamic_creds [-] Created isolated network resources for: credentials: Credentials: {'domain_id': 'default', 'domain_name': 'Default', 'username': 'tempest-ServerDiagnosticsTest-776659914-project-member', 'project_domain_id': 'default', 'project_domain_name': 'Default', 'project_id': '2086705807d2437481511403630ab8f1', 'project_name': 'tempest-ServerDiagnosticsTest-776659914', 'tenant_id': '2086705807d2437481511403630ab8f1', 'tenant_name': 'tempest-ServerDiagnosticsTest-776659914', 'user_domain_id': 'default', 'user_domain_name': 'Default', 'user_id': '9802d21ef4c54874baf276b706b1f433', 'system': None}, Network: None, Subnet: None, Router: None
2025-12-09 09:49:08.475 65520 INFO tempest.lib.common.rest_client [req-d1ec55b0-44aa-4b85-a052-6b2013c5f114 req-d1ec55b0-44aa-4b85-a052-6b2013c5f114 ] Request (ServerPasswordTestJSON:setUpClass): 200 GET http://10.180.1.21/compute/v2.1/servers/17f7df5a-7ba7-489d-89d5-d5c9ff2b8929 0.842s
2025-12-09 09:49:08.493 65510 INFO tempest.lib.common.rest_client [req-b861c7dd-8bcb-4517-8f02-63bc6b31f441 req-b861c7dd-8bcb-4517-8f02-63bc6b31f441 ] Request (ServerDiagnosticsV248Test:tearDownClass): 204 DELETE http://10.180.1.21/identity/v3/users/52050d4f9d8c48ea961a5abdd99cfb9e 0.080s
2025-12-09 09:49:08.533 65486 INFO tempest.lib.common.rest_client [req-03ec2cdf-823b-47e4-9b5e-53c4f24eac2d req-03ec2cdf-823b-47e4-9b5e-53c4f24eac2d ] Request (ServerRescueNegativeTestJSON:setUpClass): 200 POST http://10.180.1.21/compute/v2.1/servers/dd9b835a-aac5-4241-bdb6-f97ceb517ede/action 0.886s
2025-12-09 09:49:08.549 65518 INFO tempest.lib.common.rest_client [req-27fb7faa-726c-4c9f-8a4e-d1942de60bb0 req-27fb7faa-726c-4c9f-8a4e-d1942de60bb0 ] Request (ServerGroupTestJSON:_run_cleanups): 200 GET http://10.180.1.21/compute/v2.1/servers/0a183a09-5154-4171-8e96-14d9a984ee4a 0.826s
2025-12-09 09:49:08.589 65522 INFO tempest.lib.common.rest_client [req-83fa075b-5c9f-4626-ba20-27ca90b2ed8a req-83fa075b-5c9f-4626-ba20-27ca90b2ed8a ] Request (ServerDiagnosticsTest:setUpClass): 201 POST http://10.180.1.21/identity/v3/auth/tokens 0.132s
2025-12-09 09:49:08.633 65472 INFO tempest.lib.common.rest_client [req-636e0e5e-d1f1-42d4-9c6b-178be103a467 req-636e0e5e-d1f1-42d4-9c6b-178be103a467 ] Request (DeleteServersAdminTestJSON:tearDownClass): 404 DELETE http://10.180.1.21/compute/v2.1/servers/2b27517f-3f02-46dd-bc3d-436a783b4a57 0.764s
2025-12-09 09:49:08.663 65514 INFO tempest.lib.common.rest_client [req-e665ad19-ffc3-4187-b46f-665a4e978876 req-e665ad19-ffc3-4187-b46f-665a4e978876 ] Request (ServersAdminNegativeTestJSON:_run_cleanups): 200 GET http://10.180.1.21/compute/v2.1/flavors/detail 0.772s
2025-12-09 09:49:08.683 65510 INFO tempest.lib.common.rest_client [req-c7f588ab-a81f-4880-bd07-9a2dc395f3b9 req-c7f588ab-a81f-4880-bd07-9a2dc395f3b9 ] Request (ServerDiagnosticsV248Test:tearDownClass): 204 DELETE http://10.180.1.21/identity/v3/users/03e34a8d399a47cfa20d942163f8f69e 0.189s
2025-12-09 09:49:08.683 65510 INFO tempest.lib.common.dynamic_creds [-] Deleting project and security group for project: af709cf1afdd42518d27588d24a36867
2025-12-09 09:49:08.795 65504 INFO tempest.lib.common.rest_client [req-87b5c2e8-fb07-46e9-8bf7-8d9b81f30277 req-87b5c2e8-fb07-46e9-8bf7-8d9b81f30277 ] Request (ServerExternalEventsTest:tearDownClass): 200 GET http://10.180.1.21/compute/v2.1/servers/7381804f-92db-47d1-9b4d-7ac5778a6d00 0.791s
2025-12-09 09:49:08.802 65508 INFO tempest.lib.common.rest_client [req-31e84034-05e8-4af2-9634-3357c70a3373 req-31e84034-05e8-4af2-9634-3357c70a3373 ] Request (ServerAddressesNegativeTestJSON:test_list_server_addresses_invalid_server_id): 404 GET http://10.180.1.21/compute/v2.1/servers/999/ips 0.793s
2025-12-09 09:49:08.811 65522 INFO tempest.lib.common.rest_client [req-d2662f68-af15-4f3f-a135-e86c8cba6aa7 req-d2662f68-af15-4f3f-a135-e86c8cba6aa7 ] Request (ServerDiagnosticsTest:setUpClass): 201 POST http://10.180.1.21/identity/v3/projects 0.222s
2025-12-09 09:49:08.878 65510 INFO tempest.lib.common.rest_client [req-79ee4543-691e-47f3-ad2a-fa7567af8b98 req-79ee4543-691e-47f3-ad2a-fa7567af8b98 ] Request (ServerDiagnosticsV248Test:tearDownClass): 201 POST http://10.180.1.21/identity/v3/auth/tokens 0.194s
2025-12-09 09:49:08.883 65500 INFO tempest.lib.common.rest_client [req-68081b2f-c036-47e5-b851-658fe5589b9d req-68081b2f-c036-47e5-b851-658fe5589b9d ] Request (QuotasAdminTestV236:test_get_updated_quotas): 200 GET http://10.180.1.21/identity/v3/domains?name=Default 0.208s
2025-12-09 09:49:08.907 65512 INFO tempest.lib.common.rest_client [req-f3864d01-a6e9-451b-b18a-7e3163cc8099 req-f3864d01-a6e9-451b-b18a-7e3163cc8099 ] Request (InstanceActionsV221TestJSON:setUpClass): 201 POST http://10.180.1.21/networking/v2.0/networks 0.486s
2025-12-09 09:49:08.909 65522 INFO tempest.lib.common.rest_client [req-d18e10b5-7689-4d8d-a3cd-7e984654b2ec req-d18e10b5-7689-4d8d-a3cd-7e984654b2ec ] Request (ServerDiagnosticsTest:setUpClass): 201 POST http://10.180.1.21/identity/v3/users 0.097s
2025-12-09 09:49:08.915 65500 INFO tempest.lib.common.rest_client [req-b1384b94-dc9e-48db-8a1d-f5336e87203f req-b1384b94-dc9e-48db-8a1d-f5336e87203f ] Request (QuotasAdminTestV236:test_get_updated_quotas): 201 POST http://10.180.1.21/identity/v3/projects 0.032s
2025-12-09 09:49:08.969 65522 INFO tempest.lib.common.rest_client [req-02901113-b192-40a2-bf18-958fdc4e385f req-02901113-b192-40a2-bf18-958fdc4e385f ] Request (ServerDiagnosticsTest:setUpClass): 200 GET http://10.180.1.21/identity/v3/roles 0.059s
2025-12-09 09:49:08.979 65482 INFO tempest.lib.common.rest_client [req-88ecc9dd-717e-47df-ac52-488a0f812a34 req-88ecc9dd-717e-47df-ac52-488a0f812a34 ] Request (ImagesMetadataTestJSON:setUp): 200 PUT http://10.180.1.21/compute/v2.1/images/1591c0f2-e24f-4b78-b653-8894c0e06a7a/metadata 0.706s
2025-12-09 09:49:09.007 65528 INFO tempest.lib.common.rest_client [req-3cd84a0d-d414-4fa2-9f9d-4ebb5e595fa6 req-3cd84a0d-d414-4fa2-9f9d-4ebb5e595fa6 ] Request (FlavorsAdminTestJSON:_run_cleanups): 200 GET http://10.180.1.21/compute/v2.1/flavors/detail 0.723s
2025-12-09 09:49:09.026 65522 INFO tempest.lib.common.rest_client [req-4e90e35f-ccdf-4e49-9cbd-eadf5c554809 req-4e90e35f-ccdf-4e49-9cbd-eadf5c554809 ] Request (ServerDiagnosticsTest:setUpClass): 204 PUT http://10.180.1.21/identity/v3/projects/08c7b31ad3ed47479aff73725427438d/users/acfbca0b7514462c8be77cca5997e45d/roles/a970f99ecbe047bcbc9090e87eb60e17 0.056s
2025-12-09 09:49:09.033 65500 INFO tempest.lib.common.rest_client [req-9acbb03c-d1bf-41ba-961c-8fbf9a478935 req-9acbb03c-d1bf-41ba-961c-8fbf9a478935 ] Request (QuotasAdminTestV236:test_get_updated_quotas): 200 GET http://10.180.1.21/identity/v3/domains?name=Default 0.117s
2025-12-09 09:49:09.083 65522 INFO tempest.lib.common.rest_client [req-3f6e4778-8b03-4bda-bd37-6014749d6e09 req-3f6e4778-8b03-4bda-bd37-6014749d6e09 ] Request (ServerDiagnosticsTest:setUpClass): 200 GET http://10.180.1.21/identity/v3/roles 0.057s
2025-12-09 09:49:09.122 65522 INFO tempest.lib.common.rest_client [req-7b2bc2e5-6757-4ee8-ab24-74b79cd489b5 req-7b2bc2e5-6757-4ee8-ab24-74b79cd489b5 ] Request (ServerDiagnosticsTest:setUpClass): 204 PUT http://10.180.1.21/identity/v3/projects/08c7b31ad3ed47479aff73725427438d/users/acfbca0b7514462c8be77cca5997e45d/roles/a970f99ecbe047bcbc9090e87eb60e17 0.038s
2025-12-09 09:49:09.122 65522 INFO tempest.lib.common.dynamic_creds [-] Dynamic test user acfbca0b7514462c8be77cca5997e45d is created with scope project and roles: ['admin']
2025-12-09 09:49:09.122 65522 INFO tempest.lib.common.dynamic_creds [-] Acquired dynamic creds: credentials: Credentials: {'domain_id': 'default', 'domain_name': 'Default', 'username': 'tempest-ServerDiagnosticsTest-89094904-project-admin', 'project_domain_id': 'default', 'project_domain_name': 'Default', 'project_id': '08c7b31ad3ed47479aff73725427438d', 'project_name': 'tempest-ServerDiagnosticsTest-89094904', 'tenant_id': '08c7b31ad3ed47479aff73725427438d', 'tenant_name': 'tempest-ServerDiagnosticsTest-89094904', 'user_domain_id': 'default', 'user_domain_name': 'Default', 'user_id': 'acfbca0b7514462c8be77cca5997e45d', 'system': None}, Network: None, Subnet: None, Router: None
2025-12-09 09:49:09.122 65522 INFO tempest.lib.common.dynamic_creds [-] Created isolated network resources for: credentials: Credentials: {'domain_id': 'default', 'domain_name': 'Default', 'username': 'tempest-ServerDiagnosticsTest-89094904-project-admin', 'project_domain_id': 'default', 'project_domain_name': 'Default', 'project_id': '08c7b31ad3ed47479aff73725427438d', 'project_name': 'tempest-ServerDiagnosticsTest-89094904', 'tenant_id': '08c7b31ad3ed47479aff73725427438d', 'tenant_name': 'tempest-ServerDiagnosticsTest-89094904', 'user_domain_id': 'default', 'user_domain_name': 'Default', 'user_id': 'acfbca0b7514462c8be77cca5997e45d', 'system': None}, Network: None, Subnet: None, Router: None
2025-12-09 09:49:09.125 65512 INFO tempest.lib.common.rest_client [req-f1ed8cd5-64c7-4ff0-b200-ab1d518c3869 req-f1ed8cd5-64c7-4ff0-b200-ab1d518c3869 ] Request (InstanceActionsV221TestJSON:setUpClass): 201 POST http://10.180.1.21/networking/v2.0/subnets 0.217s
2025-12-09 09:49:09.150 65510 INFO tempest.lib.common.rest_client [req-62b6dee2-6bd9-4377-bd2c-beb0cfc26f89 req-62b6dee2-6bd9-4377-bd2c-beb0cfc26f89 ] Request (ServerDiagnosticsV248Test:tearDownClass): 200 GET http://10.180.1.21/networking/v2.0/security-groups?tenant_id=af709cf1afdd42518d27588d24a36867&name=default 0.272s
2025-12-09 09:49:09.161 65532 INFO tempest.lib.common.rest_client [req-6823808b-53c6-4f99-a2af-2497a33b802e req-6823808b-53c6-4f99-a2af-2497a33b802e ] Request (ServersAdminTestJSON:test_inject_network_info): 200 GET http://10.180.1.21/compute/v2.1/servers/11c9d69e-582f-40a2-9d5a-97763b5db112 0.760s
2025-12-09 09:49:09.214 65522 INFO tempest.lib.common.rest_client [req-ddcabf8c-ccea-464f-8966-b3f8b9b7d83f req-ddcabf8c-ccea-464f-8966-b3f8b9b7d83f ] Request (ServerDiagnosticsTest:setUpClass): 201 POST http://10.180.1.21/identity/v3/auth/tokens 0.087s
2025-12-09 09:49:09.300 65522 INFO tempest.lib.common.rest_client [req-03bbfefc-3061-4242-b509-0caf0754f1e8 req-03bbfefc-3061-4242-b509-0caf0754f1e8 ] Request (ServerDiagnosticsTest:test_get_server_diagnostics): 201 POST http://10.180.1.21/identity/v3/auth/tokens 0.081s
2025-12-09 09:49:09.301 65522 INFO tempest.lib.common.fixed_network [-] (ServerDiagnosticsTest:test_get_server_diagnostics) Found network None available for tenant
2025-12-09 09:49:09.341 65510 INFO tempest.lib.common.rest_client [req-7022eb1e-df6c-4fc0-862d-6f7783a11a70 req-7022eb1e-df6c-4fc0-862d-6f7783a11a70 ] Request (ServerDiagnosticsV248Test:tearDownClass): 204 DELETE http://10.180.1.21/networking/v2.0/security-groups/5c57d7b7-ef95-4fbe-8293-09d86ac843e1 0.190s
2025-12-09 09:49:09.462 65510 INFO tempest.lib.common.rest_client [req-a01fb2c7-3259-42cf-85ad-9d68c08fa042 req-a01fb2c7-3259-42cf-85ad-9d68c08fa042 ] Request (ServerDiagnosticsV248Test:tearDownClass): 204 DELETE http://10.180.1.21/identity/v3/projects/af709cf1afdd42518d27588d24a36867 0.120s
2025-12-09 09:49:09.462 65510 INFO tempest.lib.common.dynamic_creds [-] Deleting project and security group for project: 9d92ba1f2b954ceaa821ccba67aa5ba3
2025-12-09 09:49:09.499 65486 INFO tempest.lib.common.rest_client [req-ad318e14-d147-4d05-9a36-3c5dfbb3f4f3 req-ad318e14-d147-4d05-9a36-3c5dfbb3f4f3 ] Request (ServerRescueNegativeTestJSON:setUpClass): 200 GET http://10.180.1.21/compute/v2.1/servers/dd9b835a-aac5-4241-bdb6-f97ceb517ede 0.963s
2025-12-09 09:49:09.525 65472 INFO tempest.lib.common.rest_client [req-944fd888-0fa1-42fa-9e26-1bd47024c6b9 req-944fd888-0fa1-42fa-9e26-1bd47024c6b9 ] Request (DeleteServersAdminTestJSON:tearDownClass): 404 GET http://10.180.1.21/compute/v2.1/servers/2b27517f-3f02-46dd-bc3d-436a783b4a57 0.891s
2025-12-09 09:49:09.637 65478 INFO tempest.lib.common.rest_client [req-9c377039-7311-4d1d-9841-2d98f54d8974 req-9c377039-7311-4d1d-9841-2d98f54d8974 ] Request (ServerDiskConfigTestJSON:test_rebuild_server_with_auto_disk_config): 202 POST http://10.180.1.21/compute/v2.1/servers 1.867s
2025-12-09 09:49:09.673 65510 INFO tempest.lib.common.rest_client [req-bdf18f46-44d4-4b5e-ab34-9e45bb9cdd11 req-bdf18f46-44d4-4b5e-ab34-9e45bb9cdd11 ] Request (ServerDiagnosticsV248Test:tearDownClass): 200 GET http://10.180.1.21/networking/v2.0/security-groups?tenant_id=9d92ba1f2b954ceaa821ccba67aa5ba3&name=default 0.210s
2025-12-09 09:49:09.678 65514 INFO tempest.lib.common.rest_client [req-7b7b4a77-4bc1-4472-9deb-abfbd149ab86 req-7b7b4a77-4bc1-4472-9deb-abfbd149ab86 ] Request (ServersAdminNegativeTestJSON:test_restore_server_invalid_state): 409 POST http://10.180.1.21/compute/v2.1/servers/f79c040a-00b3-4e7a-b354-f542b759911a/action 1.006s
2025-12-09 09:49:09.753 65526 INFO tempest.lib.common.rest_client [req-c8f3c116-15c2-4b4f-b67d-4ddf0af19345 req-c8f3c116-15c2-4b4f-b67d-4ddf0af19345 ] Request (MigrationsAdminTest:test_resize_server_revert_deleted_flavor): 200 GET http://10.180.1.21/compute/v2.1/servers/96cae346-18e5-41f6-ac35-c67366617a5d 1.096s
2025-12-09 09:49:09.762 65526 INFO tempest.common.waiters [-] State transition "BUILD/scheduling" ==> "BUILD/None" after 2 second wait
