2025-12-09 09:50:54.747 65492 INFO tempest.lib.common.rest_client [req-77e1c130-35eb-4462-a643-58222b465a7f req-77e1c130-35eb-4462-a643-58222b465a7f ] Request (ServersWithSpecificFlavorTestJSON:test_verify_created_server_ephemeral_disk): 200 GET http://10.180.1.21/compute/v2.1/servers/af37bf3c-6d6c-4ab9-86b4-556d8f669c30 0.070s
2025-12-09 09:50:54.820 65494 INFO tempest.lib.common.rest_client [req-f9d9814a-94a0-462b-b442-ce7cdcde85ae req-f9d9814a-94a0-462b-b442-ce7cdcde85ae ] Request (ServerShowV247Test:tearDownClass): 200 GET http://10.180.1.21/compute/v2.1/servers/aae8c1fe-a3e5-4dcd-8e9b-671d5204c5c1 0.063s
2025-12-09 09:50:54.848 65528 INFO tempest.lib.common.rest_client [req-7bc1cfdc-c769-4dcc-8ce9-9e65570e1409 req-7bc1cfdc-c769-4dcc-8ce9-9e65570e1409 ] Request (ServerActionsTestOtherA:setUpClass): 200 GET http://10.180.1.21/compute/v2.1/servers/befad315-d547-44c8-a16a-1aedc5efa7e7 0.128s
2025-12-09 09:50:54.891 65496 INFO tempest.lib.common.rest_client [req-42b18c3e-f9d7-4b0b-bd5e-89e42a322150 req-42b18c3e-f9d7-4b0b-bd5e-89e42a322150 ] Request (ServersListShow296Test:tearDownClass): 200 GET http://10.180.1.21/compute/v2.1/servers/11181332-af23-4e30-b246-41ab57ca066d 0.102s
2025-12-09 09:50:54.905 65516 INFO tempest.lib.common.rest_client [req-49789634-9852-42d6-b4e2-db1533941991 req-49789634-9852-42d6-b4e2-db1533941991 ] Request (ServerTagsTestJSON:setUpClass): 200 GET http://10.180.1.21/compute/v2.1/servers/62d494cf-b975-42b4-a9ef-6b98a77b7eab 0.090s
2025-12-09 09:50:54.947 65478 INFO tempest.lib.common.rest_client [req-4a60e0fa-0a00-4f8c-aa79-a81d295f2425 req-4a60e0fa-0a00-4f8c-aa79-a81d295f2425 ] Request (ServerDiskConfigTestJSON:test_rebuild_server_with_manual_disk_config): 200 GET http://10.180.1.21/compute/v2.1/servers/fbc0e22b-a3ac-4dfb-b842-0554676ae0d2 0.069s
2025-12-09 09:50:54.972 65512 INFO tempest.lib.common.rest_client [req-fb611bc8-b326-4804-9d72-b312d1f3c9a7 req-fb611bc8-b326-4804-9d72-b312d1f3c9a7 ] Request (InstanceActionsV221TestJSON:test_get_list_deleted_instance_actions): 200 GET http://10.180.1.21/compute/v2.1/servers/79cb369a-8c29-4f29-81bd-574086cbe295 0.077s
2025-12-09 09:50:54.994 65514 INFO tempest.lib.common.rest_client [req-da64d246-3694-45a7-a378-24c52542ac56 req-da64d246-3694-45a7-a378-24c52542ac56 ] Request (ListServerFiltersTestJSON:setUpClass): 200 GET http://10.180.1.21/compute/v2.1/servers/80e19ff4-2ed5-4361-b68e-7fa12928cd8a 0.061s
2025-12-09 09:50:55.037 65504 INFO tempest.lib.common.rest_client [req-64d633b1-aa1c-4d0f-84b7-85436a5b8b61 req-64d633b1-aa1c-4d0f-84b7-85436a5b8b61 ] Request (VolumesAdminNegativeTest:tearDownClass): 200 GET http://10.180.1.21/compute/v2.1/servers/68beeb75-a481-4d34-a752-3de3d1df4ad4 0.087s
2025-12-09 09:50:55.044 65490 INFO tempest.lib.common.rest_client [req-1f12c5ef-aa17-46bb-8564-74c85c46b7e1 req-1f12c5ef-aa17-46bb-8564-74c85c46b7e1 ] Request (InstanceActionsNegativeTestJSON:setUpClass): 200 GET http://10.180.1.21/compute/v2.1/servers/6ef51103-f387-4c86-99a4-82824ce2bb16 0.067s
2025-12-09 09:50:55.087 65488 INFO tempest.lib.common.rest_client [req-b15a68be-f4d5-47e8-9119-345f2eb8c013 req-b15a68be-f4d5-47e8-9119-345f2eb8c013 ] Request (ImagesOneServerNegativeTestJSON:setUpClass): 200 GET http://10.180.1.21/compute/v2.1/servers/2e07bb3c-3db0-4a8e-bd07-8cfdfeb20a35 0.089s
2025-12-09 09:50:55.134 65510 INFO tempest.lib.common.rest_client [req-5a64ec09-b6ad-4a11-94e8-4bd5d8a1b7fd req-5a64ec09-b6ad-4a11-94e8-4bd5d8a1b7fd ] Request (ListServersNegativeTestJSON:setUpClass): 200 GET http://10.180.1.21/compute/v2.1/servers/6ccb1bd6-8393-4a56-b98f-721e98c83d42 0.056s
2025-12-09 09:50:55.232 65530 INFO tempest.lib.common.rest_client [req-5631dfe7-ac28-49b5-944c-84609f78174a req-5631dfe7-ac28-49b5-944c-84609f78174a ] Request (ServersTestMultiNic:_run_cleanups): 200 GET http://10.180.1.21/compute/v2.1/servers/cd15fbe1-f32f-4e5e-9a69-b53fba1b189d 0.063s
2025-12-09 09:50:55.283 65498 INFO tempest.lib.common.rest_client [req-c599ea09-9be0-49d3-be8b-823281c7b0d5 req-c599ea09-9be0-49d3-be8b-823281c7b0d5 ] Request (ImagesTestJSON:test_create_server_from_snapshot): 200 GET http://10.180.1.21/compute/v2.1/servers/0bfea838-a496-422b-a842-4aa17eb057fb 0.054s
2025-12-09 09:50:55.353 65526 INFO tempest.lib.common.rest_client [req-54b4e893-a317-40c2-8f54-93bc3cf12ca4 req-54b4e893-a317-40c2-8f54-93bc3cf12ca4 ] Request (MigrationsAdminTest:test_resize_server_revert_deleted_flavor): 200 GET http://10.180.1.21/compute/v2.1/servers/96cae346-18e5-41f6-ac35-c67366617a5d 0.098s
2025-12-09 09:50:55.524 65482 INFO tempest.lib.common.rest_client [req-9df87b9a-db05-46f1-9148-74eb902ee2cd req-9df87b9a-db05-46f1-9148-74eb902ee2cd ] Request (ImagesNegativeTestJSON:test_create_image_from_deleted_server): 200 GET http://10.180.1.21/compute/v2.1/servers/40bee384-6732-4d59-85e4-856e75648894 0.064s
2025-12-09 09:50:55.611 65532 INFO tempest.lib.common.rest_client [req-6e9c6a65-dcf1-456a-a2bb-d0e0c7904a2b req-6e9c6a65-dcf1-456a-a2bb-d0e0c7904a2b ] Request (ServersAdminTestJSON:tearDownClass): 200 GET http://10.180.1.21/compute/v2.1/servers/11c9d69e-582f-40a2-9d5a-97763b5db112 0.061s
2025-12-09 09:50:55.682 65480 INFO tempest.lib.common.rest_client [req-aecbec64-808f-4117-8e2e-428e661c3f85 req-aecbec64-808f-4117-8e2e-428e661c3f85 ] Request (ImagesOneServerTestJSON:setUpClass): 200 GET http://10.180.1.21/compute/v2.1/servers/c3029e70-888e-49c9-85b8-fe7525db76da 0.063s
2025-12-09 09:50:55.752 65486 INFO tempest.lib.common.rest_client [req-397c1fb5-fbc5-40a2-bfb3-287e1cc2593d req-397c1fb5-fbc5-40a2-bfb3-287e1cc2593d ] Request (ServerRescueNegativeTestJSON:test_rescued_vm_detach_volume): 200 GET http://10.180.1.21/compute/v2.1/servers/2e6d2073-2be7-4596-ae86-a5bd3e50ca55 0.061s
2025-12-09 09:50:55.805 65472 INFO tempest.lib.common.rest_client [req-88199465-42a4-4b4a-9e75-160d19e76f89 req-88199465-42a4-4b4a-9e75-160d19e76f89 ] Request (SecurityGroupsTestJSON:test_list_security_groups_by_server): 200 GET http://10.180.1.21/compute/v2.1/servers/6fd779d9-0150-49e8-bb4c-e83343b01c55 0.132s
2025-12-09 09:50:55.819 65492 INFO tempest.lib.common.rest_client [req-9e5173b4-abb9-4f46-b1a4-cceefbb7b825 req-9e5173b4-abb9-4f46-b1a4-cceefbb7b825 ] Request (ServersWithSpecificFlavorTestJSON:test_verify_created_server_ephemeral_disk): 200 GET http://10.180.1.21/compute/v2.1/servers/af37bf3c-6d6c-4ab9-86b4-556d8f669c30 0.064s
2025-12-09 09:50:55.857 65494 INFO tempest.lib.common.rest_client [req-a1cc1b09-713a-450a-9cfb-0be88a202ad3 req-a1cc1b09-713a-450a-9cfb-0be88a202ad3 ] Request (ServerShowV247Test:tearDownClass): 404 GET http://10.180.1.21/compute/v2.1/servers/aae8c1fe-a3e5-4dcd-8e9b-671d5204c5c1 0.024s
2025-12-09 09:50:55.874 65484 INFO tempest.lib.common.rest_client [req-659610a9-15b2-4242-836f-9e1bea742cd2 req-659610a9-15b2-4242-836f-9e1bea742cd2 ] Request (ServerMetadataNegativeTestJSON:tearDownClass): 200 GET http://10.180.1.21/compute/v2.1/servers/559aa898-6617-45f6-8be6-85e2b478c8a7 0.120s
2025-12-09 09:50:55.958 65474 WARNING tempest.lib.common.ssh [-] Failed to establish authenticated ssh connection to cirros@10.180.180.223 ([Errno None] Unable to connect to port 22 on 10.180.180.223). Number attempts: 3. Retry after 4 seconds.: paramiko.ssh_exception.NoValidConnectionsError: [Errno None] Unable to connect to port 22 on 10.180.180.223
2025-12-09 09:50:55.997 65496 INFO tempest.lib.common.rest_client [req-4e0a35e5-a614-4934-b7b3-e68bf9cc7650 req-4e0a35e5-a614-4934-b7b3-e68bf9cc7650 ] Request (ServersListShow296Test:tearDownClass): 200 GET http://10.180.1.21/compute/v2.1/servers/11181332-af23-4e30-b246-41ab57ca066d 0.092s
2025-12-09 09:50:55.999 65494 INFO tempest.lib.common.rest_client [req-754625a0-afda-4b8b-a57b-80d103f6b428 req-754625a0-afda-4b8b-a57b-80d103f6b428 ] Request (ServerShowV247Test:tearDownClass): 204 DELETE http://10.180.1.21/identity/v3/users/6229e13b164d4119ad13a8f2918fdce2 0.141s
2025-12-09 09:50:56.006 65528 INFO tempest.lib.common.rest_client [req-f6cb19bf-f50f-4e45-afe3-ed5fa9a697a9 req-f6cb19bf-f50f-4e45-afe3-ed5fa9a697a9 ] Request (ServerActionsTestOtherA:setUpClass): 200 GET http://10.180.1.21/compute/v2.1/servers/befad315-d547-44c8-a16a-1aedc5efa7e7 0.146s
2025-12-09 09:50:56.023 65476 WARNING tempest.lib.common.ssh [-] Failed to establish authenticated ssh connection to cirros@10.180.180.133 ([Errno None] Unable to connect to port 22 on 10.180.180.133). Number attempts: 9. Retry after 10 seconds.: paramiko.ssh_exception.NoValidConnectionsError: [Errno None] Unable to connect to port 22 on 10.180.180.133
2025-12-09 09:50:56.075 65516 INFO tempest.lib.common.rest_client [req-25a7633a-34ba-4a9b-aa6e-c16f3e9ae21e req-25a7633a-34ba-4a9b-aa6e-c16f3e9ae21e ] Request (ServerTagsTestJSON:setUpClass): 200 GET http://10.180.1.21/compute/v2.1/servers/62d494cf-b975-42b4-a9ef-6b98a77b7eab 0.161s
2025-12-09 09:50:56.078 65478 INFO tempest.lib.common.rest_client [req-21b73fb0-c573-4b62-9bb9-fbc1101df37d req-21b73fb0-c573-4b62-9bb9-fbc1101df37d ] Request (ServerDiskConfigTestJSON:test_rebuild_server_with_manual_disk_config): 200 GET http://10.180.1.21/compute/v2.1/servers/fbc0e22b-a3ac-4dfb-b842-0554676ae0d2 0.119s
2025-12-09 09:50:56.129 65494 INFO tempest.lib.common.rest_client [req-2ebcfc99-d528-4183-bb8c-ed45ff9c34bb req-2ebcfc99-d528-4183-bb8c-ed45ff9c34bb ] Request (ServerShowV247Test:tearDownClass): 204 DELETE http://10.180.1.21/identity/v3/users/cfd9df2da3b44b5d8f1ba522bf33656b 0.129s
2025-12-09 09:50:56.129 65494 INFO tempest.lib.common.dynamic_creds [-] Deleting project and security group for project: d4685476aebc48e7a0d2c8f8ba494f02
2025-12-09 09:50:56.133 65514 INFO tempest.lib.common.rest_client [req-aa39d3dd-3d4a-475b-bdc3-98aef61d742a req-aa39d3dd-3d4a-475b-bdc3-98aef61d742a ] Request (ListServerFiltersTestJSON:setUpClass): 200 GET http://10.180.1.21/compute/v2.1/servers/80e19ff4-2ed5-4361-b68e-7fa12928cd8a 0.129s
2025-12-09 09:50:56.143 65512 INFO tempest.lib.common.rest_client [req-4b4af5d8-314f-4957-bac1-deb6db2502ec req-4b4af5d8-314f-4957-bac1-deb6db2502ec ] Request (InstanceActionsV221TestJSON:test_get_list_deleted_instance_actions): 200 GET http://10.180.1.21/compute/v2.1/servers/79cb369a-8c29-4f29-81bd-574086cbe295 0.163s
2025-12-09 09:50:56.188 65504 INFO tempest.lib.common.rest_client [req-de6e06fd-e007-4954-83a7-fca61459c5fd req-de6e06fd-e007-4954-83a7-fca61459c5fd ] Request (VolumesAdminNegativeTest:tearDownClass): 200 GET http://10.180.1.21/compute/v2.1/servers/68beeb75-a481-4d34-a752-3de3d1df4ad4 0.144s
2025-12-09 09:50:56.191 65494 INFO tempest.lib.common.rest_client [req-acc3cf37-813e-4a59-88d5-a94965eab729 req-acc3cf37-813e-4a59-88d5-a94965eab729 ] Request (ServerShowV247Test:tearDownClass): 201 POST http://10.180.1.21/identity/v3/auth/tokens 0.062s
2025-12-09 09:50:56.194 65490 INFO tempest.lib.common.rest_client [req-ec0d4999-b64a-46a4-86df-c9fa35e482ef req-ec0d4999-b64a-46a4-86df-c9fa35e482ef ] Request (InstanceActionsNegativeTestJSON:setUpClass): 200 GET http://10.180.1.21/compute/v2.1/servers/6ef51103-f387-4c86-99a4-82824ce2bb16 0.143s
2025-12-09 09:50:56.243 65488 INFO tempest.lib.common.rest_client [req-972f8073-7747-425d-b114-555febf3dcd5 req-972f8073-7747-425d-b114-555febf3dcd5 ] Request (ImagesOneServerNegativeTestJSON:setUpClass): 200 GET http://10.180.1.21/compute/v2.1/servers/2e07bb3c-3db0-4a8e-bd07-8cfdfeb20a35 0.148s
2025-12-09 09:50:56.255 65510 INFO tempest.lib.common.rest_client [req-48e45ebe-0f66-45fa-be3a-db1df4538483 req-48e45ebe-0f66-45fa-be3a-db1df4538483 ] Request (ListServersNegativeTestJSON:setUpClass): 200 GET http://10.180.1.21/compute/v2.1/servers/6ccb1bd6-8393-4a56-b98f-721e98c83d42 0.113s
2025-12-09 09:50:56.297 65530 INFO tempest.lib.common.rest_client [req-816c52b0-4d02-46c8-8a63-dd2bee3afcc5 req-816c52b0-4d02-46c8-8a63-dd2bee3afcc5 ] Request (ServersTestMultiNic:_run_cleanups): 200 GET http://10.180.1.21/compute/v2.1/servers/cd15fbe1-f32f-4e5e-9a69-b53fba1b189d 0.057s
2025-12-09 09:50:56.349 65498 INFO tempest.lib.common.rest_client [req-7ffb02de-317b-420e-80f8-e9ccd8c30702 req-7ffb02de-317b-420e-80f8-e9ccd8c30702 ] Request (ImagesTestJSON:test_create_server_from_snapshot): 200 GET http://10.180.1.21/compute/v2.1/servers/0bfea838-a496-422b-a842-4aa17eb057fb 0.057s
2025-12-09 09:50:56.380 65494 INFO tempest.lib.common.rest_client [req-ea8c0ecf-3bb7-400c-88ad-3821dec4dfde req-ea8c0ecf-3bb7-400c-88ad-3821dec4dfde ] Request (ServerShowV247Test:tearDownClass): 200 GET http://10.180.1.21/networking/v2.0/security-groups?tenant_id=d4685476aebc48e7a0d2c8f8ba494f02&name=default 0.188s
2025-12-09 09:50:56.460 65526 INFO tempest.lib.common.rest_client [req-57417a43-ab0b-48be-91b9-fbb9deabbaa3 req-57417a43-ab0b-48be-91b9-fbb9deabbaa3 ] Request (MigrationsAdminTest:test_resize_server_revert_deleted_flavor): 200 GET http://10.180.1.21/compute/v2.1/servers/96cae346-18e5-41f6-ac35-c67366617a5d 0.098s
2025-12-09 09:50:56.467 65526 INFO tempest.common.waiters [-] State transition "RESIZE/resize_finish" ==> "VERIFY_RESIZE/None" after 60 second wait
2025-12-09 09:50:56.485 65494 INFO tempest.lib.common.rest_client [req-40c75039-85bc-4389-940a-79ddcf6255cc req-40c75039-85bc-4389-940a-79ddcf6255cc ] Request (ServerShowV247Test:tearDownClass): 204 DELETE http://10.180.1.21/networking/v2.0/security-groups/ef358648-9195-4443-b31d-4767a4a5087b 0.104s
2025-12-09 09:50:56.549 65494 INFO tempest.lib.common.rest_client [req-d2a32b53-146d-414f-b0c2-0b98d55abb69 req-d2a32b53-146d-414f-b0c2-0b98d55abb69 ] Request (ServerShowV247Test:tearDownClass): 204 DELETE http://10.180.1.21/identity/v3/projects/d4685476aebc48e7a0d2c8f8ba494f02 0.063s
2025-12-09 09:50:56.589 65526 INFO tempest.lib.common.rest_client [req-d930b0b2-32fb-4f6f-b355-c5446b892817 req-d930b0b2-32fb-4f6f-b355-c5446b892817 ] Request (MigrationsAdminTest:test_resize_server_revert_deleted_flavor): 202 POST http://10.180.1.21/compute/v2.1/servers/96cae346-18e5-41f6-ac35-c67366617a5d/action 0.121s
2025-12-09 09:50:56.598 65482 INFO tempest.lib.common.rest_client [req-039560dd-9f3d-4cb2-b05f-3b4401b4a646 req-039560dd-9f3d-4cb2-b05f-3b4401b4a646 ] Request (ImagesNegativeTestJSON:test_create_image_from_deleted_server): 200 GET http://10.180.1.21/compute/v2.1/servers/40bee384-6732-4d59-85e4-856e75648894 0.067s
2025-12-09 09:50:56.609 65494 INFO tempest.lib.common.rest_client [req-4e83d47b-bb3c-465d-a5cf-9ff0fa1803c6 req-4e83d47b-bb3c-465d-a5cf-9ff0fa1803c6 ] Request (AttachVolumeTestJSON:setUpClass): 201 POST http://10.180.1.21/identity/v3/auth/tokens 0.058s
2025-12-09 09:50:56.638 65494 INFO tempest.lib.common.rest_client [req-5c154142-099e-42a8-9219-c851ee758542 req-5c154142-099e-42a8-9219-c851ee758542 ] Request (AttachVolumeTestJSON:setUpClass): 201 POST http://10.180.1.21/identity/v3/auth/tokens 0.027s
2025-12-09 09:50:56.665 65494 INFO tempest.lib.common.rest_client [req-d1a7e90d-9d72-41ac-a469-8e0587859855 req-d1a7e90d-9d72-41ac-a469-8e0587859855 ] Request (AttachVolumeTestJSON:setUpClass): 200 GET http://10.180.1.21/identity/v3/domains?name=Default 0.026s
2025-12-09 09:50:56.705 65494 INFO tempest.lib.common.rest_client [req-5b597207-21aa-4812-90b2-2c39d7be92fb req-5b597207-21aa-4812-90b2-2c39d7be92fb ] Request (AttachVolumeTestJSON:setUpClass): 201 POST http://10.180.1.21/identity/v3/projects 0.040s
2025-12-09 09:50:56.706 65532 INFO tempest.lib.common.rest_client [req-c68a4871-6fac-4a66-8883-00aa19b12223 req-c68a4871-6fac-4a66-8883-00aa19b12223 ] Request (ServersAdminTestJSON:tearDownClass): 200 GET http://10.180.1.21/compute/v2.1/servers/11c9d69e-582f-40a2-9d5a-97763b5db112 0.084s
2025-12-09 09:50:56.750 65526 INFO tempest.lib.common.rest_client [req-326c672e-3486-44fd-b97b-7bcb9c97461c req-326c672e-3486-44fd-b97b-7bcb9c97461c ] Request (MigrationsAdminTest:test_resize_server_revert_deleted_flavor): 200 GET http://10.180.1.21/compute/v2.1/servers/96cae346-18e5-41f6-ac35-c67366617a5d 0.160s
2025-12-09 09:50:56.770 65480 INFO tempest.lib.common.rest_client [req-8c20886b-5eea-4bfb-9893-e43955690215 req-8c20886b-5eea-4bfb-9893-e43955690215 ] Request (ImagesOneServerTestJSON:setUpClass): 200 GET http://10.180.1.21/compute/v2.1/servers/c3029e70-888e-49c9-85b8-fe7525db76da 0.081s
2025-12-09 09:50:56.776 65494 INFO tempest.lib.common.rest_client [req-cc558a89-93f4-43cb-98f1-7fbc5623e9e8 req-cc558a89-93f4-43cb-98f1-7fbc5623e9e8 ] Request (AttachVolumeTestJSON:setUpClass): 201 POST http://10.180.1.21/identity/v3/users 0.070s
2025-12-09 09:50:56.797 65494 INFO tempest.lib.common.rest_client [req-46ade317-3057-452b-b6c7-04b818e59732 req-46ade317-3057-452b-b6c7-04b818e59732 ] Request (AttachVolumeTestJSON:setUpClass): 200 GET http://10.180.1.21/identity/v3/roles 0.020s
2025-12-09 09:50:56.813 65486 INFO tempest.lib.common.rest_client [req-e98c184d-f6aa-4d51-92bf-0bd516503eeb req-e98c184d-f6aa-4d51-92bf-0bd516503eeb ] Request (ServerRescueNegativeTestJSON:test_rescued_vm_detach_volume): 200 GET http://10.180.1.21/compute/v2.1/servers/2e6d2073-2be7-4596-ae86-a5bd3e50ca55 0.053s
2025-12-09 09:50:56.829 65494 INFO tempest.lib.common.rest_client [req-549892de-ad81-404d-8427-c749336f9b6a req-549892de-ad81-404d-8427-c749336f9b6a ] Request (AttachVolumeTestJSON:setUpClass): 204 PUT http://10.180.1.21/identity/v3/projects/632bbc2c141a4cd39df05f86e8712998/users/182a1e43a0ba4184bf717c56bf76c32a/roles/3d70e162b4694cf3a94cc19cff43525a 0.031s
2025-12-09 09:50:56.829 65494 INFO tempest.lib.common.dynamic_creds [-] Dynamic test user 182a1e43a0ba4184bf717c56bf76c32a is created with scope project and roles: ['member']
2025-12-09 09:50:56.830 65494 INFO tempest.lib.common.dynamic_creds [-] Acquired dynamic creds: credentials: Credentials: {'domain_id': 'default', 'domain_name': 'Default', 'username': 'tempest-AttachVolumeTestJSON-216098716-project-member', 'project_domain_id': 'default', 'project_domain_name': 'Default', 'project_id': '632bbc2c141a4cd39df05f86e8712998', 'project_name': 'tempest-AttachVolumeTestJSON-216098716', 'tenant_id': '632bbc2c141a4cd39df05f86e8712998', 'tenant_name': 'tempest-AttachVolumeTestJSON-216098716', 'user_domain_id': 'default', 'user_domain_name': 'Default', 'user_id': '182a1e43a0ba4184bf717c56bf76c32a', 'system': None}, Network: None, Subnet: None, Router: None
2025-12-09 09:50:56.886 65492 INFO tempest.lib.common.rest_client [req-5ad1a154-3fdb-430a-8b4a-3168f37fcd36 req-5ad1a154-3fdb-430a-8b4a-3168f37fcd36 ] Request (ServersWithSpecificFlavorTestJSON:test_verify_created_server_ephemeral_disk): 200 GET http://10.180.1.21/compute/v2.1/servers/af37bf3c-6d6c-4ab9-86b4-556d8f669c30 0.058s
2025-12-09 09:50:56.889 65494 INFO tempest.lib.common.rest_client [req-4593496b-a295-4e7e-86db-2672fa0e5f2f req-4593496b-a295-4e7e-86db-2672fa0e5f2f ] Request (AttachVolumeTestJSON:setUpClass): 201 POST http://10.180.1.21/identity/v3/auth/tokens 0.059s
2025-12-09 09:50:56.946 65484 INFO tempest.lib.common.rest_client [req-c5bb2584-71ae-4622-924d-06ddd8123a2a req-c5bb2584-71ae-4622-924d-06ddd8123a2a ] Request (ServerMetadataNegativeTestJSON:tearDownClass): 200 GET http://10.180.1.21/compute/v2.1/servers/559aa898-6617-45f6-8be6-85e2b478c8a7 0.063s
2025-12-09 09:50:56.974 65472 INFO tempest.lib.common.rest_client [req-b1c03cb7-3756-4f11-81c2-43ca92eaad09 req-b1c03cb7-3756-4f11-81c2-43ca92eaad09 ] Request (SecurityGroupsTestJSON:test_list_security_groups_by_server): 200 GET http://10.180.1.21/compute/v2.1/servers/6fd779d9-0150-49e8-bb4c-e83343b01c55 0.160s
2025-12-09 09:50:56.982 65472 INFO tempest.common.waiters [-] State transition "BUILD/spawning" ==> "ACTIVE/None" after 64 second wait
2025-12-09 09:50:57.109 65496 INFO tempest.lib.common.rest_client [req-1a5ccf2f-dc28-422b-a3d7-a7e7081ecbfd req-1a5ccf2f-dc28-422b-a3d7-a7e7081ecbfd ] Request (ServersListShow296Test:tearDownClass): 200 GET http://10.180.1.21/compute/v2.1/servers/11181332-af23-4e30-b246-41ab57ca066d 0.100s
2025-12-09 09:50:57.137 65494 INFO tempest.lib.common.rest_client [req-a8846248-42c9-4dcb-8999-627c167704f4 req-a8846248-42c9-4dcb-8999-627c167704f4 ] Request (AttachVolumeTestJSON:setUpClass): 201 POST http://10.180.1.21/networking/v2.0/networks 0.247s
2025-12-09 09:50:57.361 65494 INFO tempest.lib.common.rest_client [req-0d8d079c-3034-4e4a-bdf1-29b762cf7055 req-0d8d079c-3034-4e4a-bdf1-29b762cf7055 ] Request (AttachVolumeTestJSON:setUpClass): 201 POST http://10.180.1.21/networking/v2.0/subnets 0.223s
2025-12-09 09:50:57.363 65472 INFO tempest.lib.common.rest_client [req-55aa1935-bf06-420e-bc27-581356aa520a req-55aa1935-bf06-420e-bc27-581356aa520a ] Request (SecurityGroupsTestJSON:test_list_security_groups_by_server): 202 POST http://10.180.1.21/compute/v2.1/servers/6fd779d9-0150-49e8-bb4c-e83343b01c55/action 0.380s
2025-12-09 09:50:57.461 65528 INFO tempest.lib.common.rest_client [req-c2121085-3014-4fee-ad84-276a7ff6efc3 req-c2121085-3014-4fee-ad84-276a7ff6efc3 ] Request (ServerActionsTestOtherA:setUpClass): 200 GET http://10.180.1.21/compute/v2.1/servers/befad315-d547-44c8-a16a-1aedc5efa7e7 0.443s
2025-12-09 09:50:57.477 65516 INFO tempest.lib.common.rest_client [req-dce4ff48-7bff-4c32-8afe-d8efd3fe1219 req-dce4ff48-7bff-4c32-8afe-d8efd3fe1219 ] Request (ServerTagsTestJSON:setUpClass): 200 GET http://10.180.1.21/compute/v2.1/servers/62d494cf-b975-42b4-a9ef-6b98a77b7eab 0.391s
2025-12-09 09:50:57.518 65478 INFO tempest.lib.common.rest_client [req-2331ea5c-3788-459c-926d-c588f82a0b26 req-2331ea5c-3788-459c-926d-c588f82a0b26 ] Request (ServerDiskConfigTestJSON:test_rebuild_server_with_manual_disk_config): 200 GET http://10.180.1.21/compute/v2.1/servers/fbc0e22b-a3ac-4dfb-b842-0554676ae0d2 0.430s
2025-12-09 09:50:57.536 65514 INFO tempest.lib.common.rest_client [req-a7725adb-fae9-4243-ba7e-9b134f53177b req-a7725adb-fae9-4243-ba7e-9b134f53177b ] Request (ListServerFiltersTestJSON:setUpClass): 200 GET http://10.180.1.21/compute/v2.1/servers/80e19ff4-2ed5-4361-b68e-7fa12928cd8a 0.395s
2025-12-09 09:50:57.595 65512 INFO tempest.lib.common.rest_client [req-1759758b-b8ad-438d-adfe-971e013bad79 req-1759758b-b8ad-438d-adfe-971e013bad79 ] Request (InstanceActionsV221TestJSON:test_get_list_deleted_instance_actions): 200 GET http://10.180.1.21/compute/v2.1/servers/79cb369a-8c29-4f29-81bd-574086cbe295 0.444s
2025-12-09 09:50:57.612 65504 INFO tempest.lib.common.rest_client [req-78859640-8760-4cc3-94de-43de7983f354 req-78859640-8760-4cc3-94de-43de7983f354 ] Request (VolumesAdminNegativeTest:tearDownClass): 200 GET http://10.180.1.21/compute/v2.1/servers/68beeb75-a481-4d34-a752-3de3d1df4ad4 0.414s
2025-12-09 09:50:57.666 65490 INFO tempest.lib.common.rest_client [req-1698ca5b-ad66-4bb2-a47b-0670daf63816 req-1698ca5b-ad66-4bb2-a47b-0670daf63816 ] Request (InstanceActionsNegativeTestJSON:setUpClass): 200 GET http://10.180.1.21/compute/v2.1/servers/6ef51103-f387-4c86-99a4-82824ce2bb16 0.463s
2025-12-09 09:50:57.683 65488 INFO tempest.lib.common.rest_client [req-893eed9b-7931-417e-bd12-549bf11787cc req-893eed9b-7931-417e-bd12-549bf11787cc ] Request (ImagesOneServerNegativeTestJSON:setUpClass): 200 GET http://10.180.1.21/compute/v2.1/servers/2e07bb3c-3db0-4a8e-bd07-8cfdfeb20a35 0.432s
2025-12-09 09:50:57.745 65510 INFO tempest.lib.common.rest_client [req-143beb22-d96f-4cc6-a71b-26c0756445d1 req-143beb22-d96f-4cc6-a71b-26c0756445d1 ] Request (ListServersNegativeTestJSON:setUpClass): 200 GET http://10.180.1.21/compute/v2.1/servers/6ccb1bd6-8393-4a56-b98f-721e98c83d42 0.483s
2025-12-09 09:50:57.759 65530 INFO tempest.lib.common.rest_client [req-ce0d1eff-406a-48f4-8e27-05e3985ab2d3 req-ce0d1eff-406a-48f4-8e27-05e3985ab2d3 ] Request (ServersTestMultiNic:_run_cleanups): 200 GET http://10.180.1.21/compute/v2.1/servers/cd15fbe1-f32f-4e5e-9a69-b53fba1b189d 0.454s
2025-12-09 09:50:57.802 65498 INFO tempest.lib.common.rest_client [req-5a62330e-5422-4381-91ba-3e2a40ff5360 req-5a62330e-5422-4381-91ba-3e2a40ff5360 ] Request (ImagesTestJSON:test_create_server_from_snapshot): 200 GET http://10.180.1.21/compute/v2.1/servers/0bfea838-a496-422b-a842-4aa17eb057fb 0.444s
2025-12-09 09:50:58.178 65472 INFO tempest.lib.common.rest_client [req-6f246a63-2a22-4a48-b33d-47d06003df5d req-6f246a63-2a22-4a48-b33d-47d06003df5d ] Request (SecurityGroupsTestJSON:test_list_security_groups_by_server): 202 POST http://10.180.1.21/compute/v2.1/servers/6fd779d9-0150-49e8-bb4c-e83343b01c55/action 0.814s
2025-12-09 09:50:58.182 65494 INFO tempest.lib.common.rest_client [req-08ceeff3-e037-4172-8b08-c5e29c401e3c req-08ceeff3-e037-4172-8b08-c5e29c401e3c ] Request (AttachVolumeTestJSON:setUpClass): 201 POST http://10.180.1.21/networking/v2.0/routers 0.820s
2025-12-09 09:50:58.203 65482 INFO tempest.lib.common.rest_client [req-bf4c5bee-cf31-467d-b3eb-dbfae668e7aa req-bf4c5bee-cf31-467d-b3eb-dbfae668e7aa ] Request (ImagesNegativeTestJSON:test_create_image_from_deleted_server): 200 GET http://10.180.1.21/compute/v2.1/servers/40bee384-6732-4d59-85e4-856e75648894 0.595s
2025-12-09 09:50:58.304 65532 INFO tempest.lib.common.rest_client [req-d1f866c9-8126-4f9c-8897-0e55b061a1fe req-d1f866c9-8126-4f9c-8897-0e55b061a1fe ] Request (ServersAdminTestJSON:tearDownClass): 200 GET http://10.180.1.21/compute/v2.1/servers/11c9d69e-582f-40a2-9d5a-97763b5db112 0.590s
2025-12-09 09:50:58.404 65480 INFO tempest.lib.common.rest_client [req-a9141c8f-958a-42db-a8ad-c38ddae50ff3 req-a9141c8f-958a-42db-a8ad-c38ddae50ff3 ] Request (ImagesOneServerTestJSON:setUpClass): 200 GET http://10.180.1.21/compute/v2.1/servers/c3029e70-888e-49c9-85b8-fe7525db76da 0.627s
2025-12-09 09:50:58.473 65526 INFO tempest.lib.common.rest_client [req-68512af9-c681-48c8-9f6e-495c415d0a48 req-68512af9-c681-48c8-9f6e-495c415d0a48 ] Request (MigrationsAdminTest:test_resize_server_revert_deleted_flavor): 200 GET http://10.180.1.21/compute/v2.1/servers/96cae346-18e5-41f6-ac35-c67366617a5d 0.716s
2025-12-09 09:50:58.520 65486 INFO tempest.lib.common.rest_client [req-05e058a4-72da-4ea6-9b34-f428681c04e2 req-05e058a4-72da-4ea6-9b34-f428681c04e2 ] Request (ServerRescueNegativeTestJSON:test_rescued_vm_detach_volume): 200 GET http://10.180.1.21/compute/v2.1/servers/2e6d2073-2be7-4596-ae86-a5bd3e50ca55 0.698s
2025-12-09 09:50:58.613 65492 INFO tempest.lib.common.rest_client [req-f3bbcf3d-b6e6-49ed-b186-5f2fdfb90200 req-f3bbcf3d-b6e6-49ed-b186-5f2fdfb90200 ] Request (ServersWithSpecificFlavorTestJSON:test_verify_created_server_ephemeral_disk): 200 GET http://10.180.1.21/compute/v2.1/servers/af37bf3c-6d6c-4ab9-86b4-556d8f669c30 0.718s
2025-12-09 09:50:58.642 65496 INFO tempest.lib.common.rest_client [req-dd441a20-a328-447b-aad5-d1aaf1180f1a req-dd441a20-a328-447b-aad5-d1aaf1180f1a ] Request (ServersListShow296Test:tearDownClass): 404 GET http://10.180.1.21/compute/v2.1/servers/11181332-af23-4e30-b246-41ab57ca066d 0.521s
2025-12-09 09:50:58.646 65484 INFO tempest.lib.common.rest_client [req-f042fa88-2e87-4eb4-94d7-c7caebefe1df req-f042fa88-2e87-4eb4-94d7-c7caebefe1df ] Request (ServerMetadataNegativeTestJSON:tearDownClass): 200 GET http://10.180.1.21/compute/v2.1/servers/559aa898-6617-45f6-8be6-85e2b478c8a7 0.691s
2025-12-09 09:50:58.762 65496 INFO tempest.lib.common.rest_client [req-699b8b9f-2f8a-469f-9591-b9a06a0f87bb req-699b8b9f-2f8a-469f-9591-b9a06a0f87bb ] Request (ServersListShow296Test:tearDownClass): 204 DELETE http://10.180.1.21/identity/v3/users/16de3dc6f180447c828b911855bb86c4 0.119s
2025-12-09 09:50:58.763 65496 INFO tempest.lib.common.dynamic_creds [-] Deleting project and security group for project: 4fb0b4fd81884450bf354737b03d909a
2025-12-09 09:50:58.840 65496 INFO tempest.lib.common.rest_client [req-f786afc7-1806-465f-8759-99c756f0fb6c req-f786afc7-1806-465f-8759-99c756f0fb6c ] Request (ServersListShow296Test:tearDownClass): 201 POST http://10.180.1.21/identity/v3/auth/tokens 0.077s
2025-12-09 09:50:58.944 65472 INFO tempest.lib.common.rest_client [req-1011d6a8-860d-4734-be2c-06cb9604f7bc req-1011d6a8-860d-4734-be2c-06cb9604f7bc ] Request (SecurityGroupsTestJSON:test_list_security_groups_by_server): 200 GET http://10.180.1.21/compute/v2.1/servers/6fd779d9-0150-49e8-bb4c-e83343b01c55/os-security-groups 0.766s
2025-12-09 09:50:59.086 65494 INFO tempest.lib.common.rest_client [req-7fbab983-8057-4333-980d-18cb517dc42c req-7fbab983-8057-4333-980d-18cb517dc42c ] Request (AttachVolumeTestJSON:setUpClass): 200 PUT http://10.180.1.21/networking/v2.0/routers/75588761-9b0e-4ea0-96ca-dd974749bfb9/add_router_interface 0.903s
2025-12-09 09:50:59.086 65494 INFO tempest.lib.common.dynamic_creds [-] Created isolated network resources for: credentials: Credentials: {'domain_id': 'default', 'domain_name': 'Default', 'username': 'tempest-AttachVolumeTestJSON-216098716-project-member', 'project_domain_id': 'default', 'project_domain_name': 'Default', 'project_id': '632bbc2c141a4cd39df05f86e8712998', 'project_name': 'tempest-AttachVolumeTestJSON-216098716', 'tenant_id': '632bbc2c141a4cd39df05f86e8712998', 'tenant_name': 'tempest-AttachVolumeTestJSON-216098716', 'user_domain_id': 'default', 'user_domain_name': 'Default', 'user_id': '182a1e43a0ba4184bf717c56bf76c32a', 'system': None}, Network: {'id': 'de42c82b-3990-4245-84ea-b1cc0580da62', 'name': 'tempest-AttachVolumeTestJSON-375748479-network', 'tenant_id': '632bbc2c141a4cd39df05f86e8712998', 'project_id': '632bbc2c141a4cd39df05f86e8712998', 'admin_state_up': True, 'mtu': 8950, 'status': 'ACTIVE', 'subnets': [], 'shared': False, 'port_security_enabled': True, 'router:external': False, 'provider:network_type': 'vlan', 'provider:physical_network': 'default', 'provider:segmentation_id': 757, 'availability_zone_hints': [], 'availability_zones': [], 'ipv4_address_scope': None, 'ipv6_address_scope': None, 'description': '', 'tags': [], 'created_at': '2025-12-09T09:50:57Z', 'updated_at': '2025-12-09T09:50:57Z', 'revision_number': 1}, Subnet: {'id': '02316f1c-677d-4731-a71a-bc1647876495', 'name': 'tempest-AttachVolumeTestJSON-375748479-subnet', 'tenant_id': '632bbc2c141a4cd39df05f86e8712998', 'network_id': 'de42c82b-3990-4245-84ea-b1cc0580da62', 'ip_version': 4, 'subnetpool_id': None, 'enable_dhcp': True, 'ipv6_ra_mode': None, 'ipv6_address_mode': None, 'gateway_ip': '192.168.128.1', 'cidr': '192.168.128.0/28', 'allocation_pools': [{'start': '192.168.128.2', 'end': '192.168.128.14'}], 'host_routes': [], 'dns_nameservers': [], 'description': '', 'router:external': False, 'service_types': [], 'tags': [], 'created_at': '2025-12-09T09:50:57Z', 'updated_at': '2025-12-09T09:50:57Z', 'revision_number': 0, 'project_id': '632bbc2c141a4cd39df05f86e8712998'}, Router: {'id': '75588761-9b0e-4ea0-96ca-dd974749bfb9', 'name': 'tempest-AttachVolumeTestJSON-375748479-router', 'tenant_id': '632bbc2c141a4cd39df05f86e8712998', 'admin_state_up': True, 'status': 'ACTIVE', 'external_gateway_info': {'network_id': '75a8fd72-ea05-4bd2-b101-4e2e38c45a3a', 'external_fixed_ips': [{'subnet_id': 'af3e5655-ba43-465d-9f10-bfe3107b29f1', 'ip_address': '10.180.180.179'}], 'enable_snat': True}, 'description': '', 'availability_zones': [], 'distributed': False, 'ha': False, 'availability_zone_hints': [], 'routes': [], 'flavor_id': None, 'tags': [], 'created_at': '2025-12-09T09:50:57Z', 'updated_at': '2025-12-09T09:50:57Z', 'revision_number': 2, 'project_id': '632bbc2c141a4cd39df05f86e8712998'}
2025-12-09 09:50:59.122 65528 INFO tempest.lib.common.rest_client [req-adae1c11-d9ee-4011-b36d-22e1b1c1c2ea req-adae1c11-d9ee-4011-b36d-22e1b1c1c2ea ] Request (ServerActionsTestOtherA:setUpClass): 200 GET http://10.180.1.21/compute/v2.1/servers/befad315-d547-44c8-a16a-1aedc5efa7e7 0.652s
2025-12-09 09:50:59.124 65496 INFO tempest.lib.common.rest_client [req-d155c914-86cc-4497-9e22-769908546d05 req-d155c914-86cc-4497-9e22-769908546d05 ] Request (ServersListShow296Test:tearDownClass): 200 GET http://10.180.1.21/networking/v2.0/security-groups?tenant_id=4fb0b4fd81884450bf354737b03d909a&name=default 0.284s
2025-12-09 09:50:59.161 65516 INFO tempest.lib.common.rest_client [req-a358b1d7-76e5-4523-a6e1-87e8512eb884 req-a358b1d7-76e5-4523-a6e1-87e8512eb884 ] Request (ServerTagsTestJSON:setUpClass): 200 GET http://10.180.1.21/compute/v2.1/servers/62d494cf-b975-42b4-a9ef-6b98a77b7eab 0.673s
2025-12-09 09:50:59.186 65494 INFO tempest.lib.common.rest_client [req-df53aa3b-a34e-4a76-ace6-5ec2d91d42bf req-df53aa3b-a34e-4a76-ace6-5ec2d91d42bf ] Request (AttachVolumeTestJSON:setUpClass): 201 POST http://10.180.1.21/identity/v3/auth/tokens 0.097s
2025-12-09 09:50:59.238 65478 INFO tempest.lib.common.rest_client [req-5f4eb80e-77b8-475d-91de-a26016bf0b05 req-5f4eb80e-77b8-475d-91de-a26016bf0b05 ] Request (ServerDiskConfigTestJSON:test_rebuild_server_with_manual_disk_config): 200 GET http://10.180.1.21/compute/v2.1/servers/fbc0e22b-a3ac-4dfb-b842-0554676ae0d2 0.710s
2025-12-09 09:50:59.246 65496 INFO tempest.lib.common.rest_client [req-3bbb8642-7acf-4966-93c0-1b89d7e718f4 req-3bbb8642-7acf-4966-93c0-1b89d7e718f4 ] Request (ServersListShow296Test:tearDownClass): 204 DELETE http://10.180.1.21/networking/v2.0/security-groups/8dfce7c5-7e45-42f5-bc1c-8c9dc61d4cc3 0.121s
2025-12-09 09:50:59.253 65514 INFO tempest.lib.common.rest_client [req-8959f46e-e179-4af0-86de-78536ae43bf6 req-8959f46e-e179-4af0-86de-78536ae43bf6 ] Request (ListServerFiltersTestJSON:setUpClass): 200 GET http://10.180.1.21/compute/v2.1/servers/80e19ff4-2ed5-4361-b68e-7fa12928cd8a 0.702s
2025-12-09 09:50:59.305 65512 INFO tempest.lib.common.rest_client [req-d0d2d514-9f23-4bc2-9cdc-6dd65b3539a2 req-d0d2d514-9f23-4bc2-9cdc-6dd65b3539a2 ] Request (InstanceActionsV221TestJSON:test_get_list_deleted_instance_actions): 200 GET http://10.180.1.21/compute/v2.1/servers/79cb369a-8c29-4f29-81bd-574086cbe295 0.697s
2025-12-09 09:50:59.313 65496 INFO tempest.lib.common.rest_client [req-2182001a-5c1d-448e-984a-cec20a87ef64 req-2182001a-5c1d-448e-984a-cec20a87ef64 ] Request (ServersListShow296Test:tearDownClass): 204 DELETE http://10.180.1.21/identity/v3/projects/4fb0b4fd81884450bf354737b03d909a 0.066s
2025-12-09 09:50:59.314 65504 INFO tempest.lib.common.rest_client [req-933618be-42a8-490b-945d-78e85e362867 req-933618be-42a8-490b-945d-78e85e362867 ] Request (VolumesAdminNegativeTest:tearDownClass): 200 GET http://10.180.1.21/compute/v2.1/servers/68beeb75-a481-4d34-a752-3de3d1df4ad4 0.695s
2025-12-09 09:50:59.355 65490 INFO tempest.lib.common.rest_client [req-46214846-4137-4a8b-bee1-6f3b68a4e62b req-46214846-4137-4a8b-bee1-6f3b68a4e62b ] Request (InstanceActionsNegativeTestJSON:setUpClass): 200 GET http://10.180.1.21/compute/v2.1/servers/6ef51103-f387-4c86-99a4-82824ce2bb16 0.680s
2025-12-09 09:50:59.367 65488 INFO tempest.lib.common.rest_client [req-5c02625c-150d-4d92-b607-b0ddf59758f8 req-5c02625c-150d-4d92-b607-b0ddf59758f8 ] Request (ImagesOneServerNegativeTestJSON:setUpClass): 200 GET http://10.180.1.21/compute/v2.1/servers/2e07bb3c-3db0-4a8e-bd07-8cfdfeb20a35 0.677s
2025-12-09 09:50:59.379 65496 INFO tempest.lib.common.rest_client [req-6782530e-4ad8-4c4d-bb11-9fdfcabb4bf6 req-6782530e-4ad8-4c4d-bb11-9fdfcabb4bf6 ] Request (VolumesTestJSON:setUpClass): 201 POST http://10.180.1.21/identity/v3/auth/tokens 0.065s
2025-12-09 09:50:59.407 65496 INFO tempest.lib.common.rest_client [req-0d931576-a099-4d44-a79d-7858b844cc9f req-0d931576-a099-4d44-a79d-7858b844cc9f ] Request (VolumesTestJSON:setUpClass): 201 POST http://10.180.1.21/identity/v3/auth/tokens 0.025s
2025-12-09 09:50:59.412 65510 INFO tempest.lib.common.rest_client [req-779e4aba-9b5b-4a1c-8ada-cc16a9aa0c41 req-779e4aba-9b5b-4a1c-8ada-cc16a9aa0c41 ] Request (ListServersNegativeTestJSON:setUpClass): 200 GET http://10.180.1.21/compute/v2.1/servers/6ccb1bd6-8393-4a56-b98f-721e98c83d42 0.659s
2025-12-09 09:50:59.422 65530 INFO tempest.lib.common.rest_client [req-c77a25e0-13f9-40be-8198-8001dac4d39c req-c77a25e0-13f9-40be-8198-8001dac4d39c ] Request (ServersTestMultiNic:_run_cleanups): 200 GET http://10.180.1.21/compute/v2.1/servers/cd15fbe1-f32f-4e5e-9a69-b53fba1b189d 0.655s
2025-12-09 09:50:59.434 65496 INFO tempest.lib.common.rest_client [req-41c51454-8814-4912-8e15-c6df801f13ea req-41c51454-8814-4912-8e15-c6df801f13ea ] Request (VolumesTestJSON:setUpClass): 200 GET http://10.180.1.21/identity/v3/domains?name=Default 0.026s
2025-12-09 09:50:59.468 65498 INFO tempest.lib.common.rest_client [req-0b7d4aec-13f5-4e13-92b6-c6511302435d req-0b7d4aec-13f5-4e13-92b6-c6511302435d ] Request (ImagesTestJSON:test_create_server_from_snapshot): 200 GET http://10.180.1.21/compute/v2.1/servers/0bfea838-a496-422b-a842-4aa17eb057fb 0.658s
2025-12-09 09:50:59.469 65496 INFO tempest.lib.common.rest_client [req-7c86ad17-8c8c-47d8-a670-aa9221d6a7c7 req-7c86ad17-8c8c-47d8-a670-aa9221d6a7c7 ] Request (VolumesTestJSON:setUpClass): 201 POST http://10.180.1.21/identity/v3/projects 0.034s
2025-12-09 09:50:59.535 65496 INFO tempest.lib.common.rest_client [req-ff0948ab-25a1-465e-ba61-bedd09ae0aa0 req-ff0948ab-25a1-465e-ba61-bedd09ae0aa0 ] Request (VolumesTestJSON:setUpClass): 201 POST http://10.180.1.21/identity/v3/users 0.065s
2025-12-09 09:50:59.551 65472 INFO tempest.lib.common.rest_client [req-e5a232a1-e0a6-4565-a6f5-e66ecde55bbf req-e5a232a1-e0a6-4565-a6f5-e66ecde55bbf ] Request (SecurityGroupsTestJSON:test_security_group_create_get_delete): 200 POST http://10.180.1.21/compute/v2.1/os-security-groups 0.601s
2025-12-09 09:50:59.555 65496 INFO tempest.lib.common.rest_client [req-edd11491-98dc-4d86-b051-832fc0955292 req-edd11491-98dc-4d86-b051-832fc0955292 ] Request (VolumesTestJSON:setUpClass): 200 GET http://10.180.1.21/identity/v3/roles 0.020s
2025-12-09 09:50:59.580 65496 INFO tempest.lib.common.rest_client [req-c21cb49f-f02b-4a33-864c-5a8ee5443705 req-c21cb49f-f02b-4a33-864c-5a8ee5443705 ] Request (VolumesTestJSON:setUpClass): 204 PUT http://10.180.1.21/identity/v3/projects/5834f2474d004d678813bba6da0212a5/users/b61870e6fbec46c988979f6c37149589/roles/3d70e162b4694cf3a94cc19cff43525a 0.024s
2025-12-09 09:50:59.580 65496 INFO tempest.lib.common.dynamic_creds [-] Dynamic test user b61870e6fbec46c988979f6c37149589 is created with scope project and roles: ['member']
2025-12-09 09:50:59.580 65496 INFO tempest.lib.common.dynamic_creds [-] Acquired dynamic creds: credentials: Credentials: {'domain_id': 'default', 'domain_name': 'Default', 'username': 'tempest-VolumesTestJSON-1219394661-project-member', 'project_domain_id': 'default', 'project_domain_name': 'Default', 'project_id': '5834f2474d004d678813bba6da0212a5', 'project_name': 'tempest-VolumesTestJSON-1219394661', 'tenant_id': '5834f2474d004d678813bba6da0212a5', 'tenant_name': 'tempest-VolumesTestJSON-1219394661', 'user_domain_id': 'default', 'user_domain_name': 'Default', 'user_id': 'b61870e6fbec46c988979f6c37149589', 'system': None}, Network: None, Subnet: None, Router: None
2025-12-09 09:50:59.580 65496 INFO tempest.lib.common.dynamic_creds [-] Created isolated network resources for: credentials: Credentials: {'domain_id': 'default', 'domain_name': 'Default', 'username': 'tempest-VolumesTestJSON-1219394661-project-member', 'project_domain_id': 'default', 'project_domain_name': 'Default', 'project_id': '5834f2474d004d678813bba6da0212a5', 'project_name': 'tempest-VolumesTestJSON-1219394661', 'tenant_id': '5834f2474d004d678813bba6da0212a5', 'tenant_name': 'tempest-VolumesTestJSON-1219394661', 'user_domain_id': 'default', 'user_domain_name': 'Default', 'user_id': 'b61870e6fbec46c988979f6c37149589', 'system': None}, Network: None, Subnet: None, Router: None
2025-12-09 09:50:59.620 65482 INFO tempest.lib.common.rest_client [req-67d62885-1301-4cfc-bfc5-d5842ed8f9ff req-67d62885-1301-4cfc-bfc5-d5842ed8f9ff ] Request (ImagesNegativeTestJSON:test_create_image_from_deleted_server): 200 GET http://10.180.1.21/compute/v2.1/servers/40bee384-6732-4d59-85e4-856e75648894 0.404s
2025-12-09 09:50:59.633 65494 INFO tempest.lib.common.rest_client [req-140e36c4-6bb2-45e2-9c7e-e9dea06042da req-140e36c4-6bb2-45e2-9c7e-e9dea06042da ] Request (ValidationResourcesFixture:setUp): 200 POST http://10.180.1.21/compute/v2.1/os-keypairs 0.445s
2025-12-09 09:50:59.655 65496 INFO tempest.lib.common.rest_client [req-de6d5bc4-1bd9-4aa6-96a0-f0f803a49587 req-de6d5bc4-1bd9-4aa6-96a0-f0f803a49587 ] Request (VolumesTestJSON:setUpClass): 201 POST http://10.180.1.21/identity/v3/auth/tokens 0.071s
2025-12-09 09:50:59.695 65532 INFO tempest.lib.common.rest_client [req-1e3e7d70-b061-4c98-bf9a-b6440b095aea req-1e3e7d70-b061-4c98-bf9a-b6440b095aea ] Request (ServersAdminTestJSON:tearDownClass): 200 GET http://10.180.1.21/compute/v2.1/servers/11c9d69e-582f-40a2-9d5a-97763b5db112 0.383s
2025-12-09 09:50:59.706 65480 INFO tempest.lib.common.rest_client [req-e4892165-5889-4f3e-b360-42abb75b13c1 req-e4892165-5889-4f3e-b360-42abb75b13c1 ] Request (ImagesOneServerTestJSON:setUpClass): 200 GET http://10.180.1.21/compute/v2.1/servers/c3029e70-888e-49c9-85b8-fe7525db76da 0.293s
2025-12-09 09:50:59.761 65494 INFO tempest.lib.common.rest_client [req-c74485d0-fbfc-42f6-b2a4-14e364161d37 req-c74485d0-fbfc-42f6-b2a4-14e364161d37 ] Request (ValidationResourcesFixture:setUp): 201 POST http://10.180.1.21/networking/v2.0/security-groups 0.125s
2025-12-09 09:50:59.789 65486 INFO tempest.lib.common.rest_client [req-96810073-6893-4024-88e4-d188110cf8d8 req-96810073-6893-4024-88e4-d188110cf8d8 ] Request (ServerRescueNegativeTestJSON:test_rescued_vm_detach_volume): 200 GET http://10.180.1.21/compute/v2.1/servers/2e6d2073-2be7-4596-ae86-a5bd3e50ca55 0.261s
2025-12-09 09:50:59.832 65526 INFO tempest.lib.common.rest_client [req-a66ea4a1-49d5-49fc-a472-ae671df2551e req-a66ea4a1-49d5-49fc-a472-ae671df2551e ] Request (MigrationsAdminTest:test_resize_server_revert_deleted_flavor): 200 GET http://10.180.1.21/compute/v2.1/servers/96cae346-18e5-41f6-ac35-c67366617a5d 0.351s
2025-12-09 09:50:59.855 65472 INFO tempest.lib.common.rest_client [req-f4b3cc9a-c800-47c6-bb69-7f7a3e0dcf1a req-f4b3cc9a-c800-47c6-bb69-7f7a3e0dcf1a ] Request (SecurityGroupsTestJSON:test_security_group_create_get_delete): 200 GET http://10.180.1.21/compute/v2.1/os-security-groups/e4317a79-b9d5-4c76-a0a0-6d87a32e8e4d 0.301s
2025-12-09 09:50:59.889 65494 INFO tempest.lib.common.rest_client [req-c68eb678-427c-484d-b207-f8c48543a58f req-c68eb678-427c-484d-b207-f8c48543a58f ] Request (ValidationResourcesFixture:setUp): 201 POST http://10.180.1.21/networking/v2.0/security-group-rules 0.127s
2025-12-09 09:50:59.907 65492 INFO tempest.lib.common.rest_client [req-9d67c6c5-14f5-4d54-9ad2-2683a5a1301c req-9d67c6c5-14f5-4d54-9ad2-2683a5a1301c ] Request (ServersWithSpecificFlavorTestJSON:test_verify_created_server_ephemeral_disk): 200 GET http://10.180.1.21/compute/v2.1/servers/af37bf3c-6d6c-4ab9-86b4-556d8f669c30 0.282s
2025-12-09 09:50:59.942 65484 INFO tempest.lib.common.rest_client [req-64e2062c-f424-4c29-b9e5-74bd807b5c1c req-64e2062c-f424-4c29-b9e5-74bd807b5c1c ] Request (ServerMetadataNegativeTestJSON:tearDownClass): 200 GET http://10.180.1.21/compute/v2.1/servers/559aa898-6617-45f6-8be6-85e2b478c8a7 0.281s
2025-12-09 09:50:59.967 65496 INFO tempest.lib.common.rest_client [req-56231e07-f743-40a3-b371-186008aa3e09 req-56231e07-f743-40a3-b371-186008aa3e09 ] Request (VolumesTestJSON:setUpClass): 202 POST http://10.180.1.21/volume/v3/volumes 0.311s
2025-12-09 09:51:00.001 65494 INFO tempest.lib.common.rest_client [req-416c79ca-7d27-45f5-9aa9-b5f77f1b7b09 req-416c79ca-7d27-45f5-9aa9-b5f77f1b7b09 ] Request (ValidationResourcesFixture:setUp): 201 POST http://10.180.1.21/networking/v2.0/security-group-rules 0.111s
2025-12-09 09:51:00.009 65496 INFO tempest.lib.common.rest_client [req-e4f67066-3e58-460e-a467-5210901915f9 req-e4f67066-3e58-460e-a467-5210901915f9 ] Request (VolumesTestJSON:setUpClass): 200 GET http://10.180.1.21/volume/v3/volumes/34ae5b34-92b9-4dff-ae8c-fdab780fb312 0.034s
2025-12-09 09:51:00.065 65472 INFO tempest.lib.common.rest_client [req-a6d1b9d7-66b6-4781-b25c-b7695a36dcd8 req-a6d1b9d7-66b6-4781-b25c-b7695a36dcd8 ] Request (SecurityGroupsTestJSON:test_security_group_create_get_delete): 202 DELETE http://10.180.1.21/compute/v2.1/os-security-groups/e4317a79-b9d5-4c76-a0a0-6d87a32e8e4d 0.207s
2025-12-09 09:51:00.090 65472 INFO tempest.lib.common.rest_client [req-ba4cd955-ee7f-4c9e-aa00-d08efa7d9be9 req-ba4cd955-ee7f-4c9e-aa00-d08efa7d9be9 ] Request (SecurityGroupsTestJSON:test_security_group_create_get_delete): 404 GET http://10.180.1.21/compute/v2.1/os-security-groups/e4317a79-b9d5-4c76-a0a0-6d87a32e8e4d 0.024s
2025-12-09 09:51:00.233 65472 INFO tempest.lib.common.rest_client [req-32484a3f-772e-4c95-a1e7-55287348dcea req-32484a3f-772e-4c95-a1e7-55287348dcea ] Request (SecurityGroupsTestJSON:test_security_groups_create_list_delete): 200 POST http://10.180.1.21/compute/v2.1/os-security-groups 0.141s
2025-12-09 09:51:00.310 65528 INFO tempest.lib.common.rest_client [req-227db486-424a-42ca-bb89-4097a8393a23 req-227db486-424a-42ca-bb89-4097a8393a23 ] Request (ServerActionsTestOtherA:setUpClass): 200 GET http://10.180.1.21/compute/v2.1/servers/befad315-d547-44c8-a16a-1aedc5efa7e7 0.177s
2025-12-09 09:51:00.319 65528 INFO tempest.common.waiters [-] State transition "BUILD/spawning" ==> "ACTIVE/None" after 64 second wait
2025-12-09 09:51:00.323 65516 INFO tempest.lib.common.rest_client [req-25c60803-c95c-4685-95e6-7ff949b66f65 req-25c60803-c95c-4685-95e6-7ff949b66f65 ] Request (ServerTagsTestJSON:setUpClass): 200 GET http://10.180.1.21/compute/v2.1/servers/62d494cf-b975-42b4-a9ef-6b98a77b7eab 0.147s
2025-12-09 09:51:00.433 65472 INFO tempest.lib.common.rest_client [req-842d3b35-f800-4f8a-9d87-4d33b64bb9ab req-842d3b35-f800-4f8a-9d87-4d33b64bb9ab ] Request (SecurityGroupsTestJSON:test_security_groups_create_list_delete): 200 POST http://10.180.1.21/compute/v2.1/os-security-groups 0.196s
2025-12-09 09:51:00.453 65478 INFO tempest.lib.common.rest_client [req-d3abc7c1-3052-4232-9a80-7e4aeec9b94c req-d3abc7c1-3052-4232-9a80-7e4aeec9b94c ] Request (ServerDiskConfigTestJSON:test_rebuild_server_with_manual_disk_config): 200 GET http://10.180.1.21/compute/v2.1/servers/fbc0e22b-a3ac-4dfb-b842-0554676ae0d2 0.207s
2025-12-09 09:51:00.465 65474 WARNING tempest.lib.common.ssh [-] Failed to establish authenticated ssh connection to cirros@10.180.180.223 ([Errno None] Unable to connect to port 22 on 10.180.180.223). Number attempts: 4. Retry after 5 seconds.: paramiko.ssh_exception.NoValidConnectionsError: [Errno None] Unable to connect to port 22 on 10.180.180.223
2025-12-09 09:51:00.474 65494 INFO tempest.lib.common.rest_client [req-17bc473b-6b07-403a-819a-1dec6bbfca21 req-17bc473b-6b07-403a-819a-1dec6bbfca21 ] Request (ValidationResourcesFixture:setUp): 201 POST http://10.180.1.21/networking/v2.0/floatingips 0.473s
2025-12-09 09:51:00.478 65512 INFO tempest.lib.common.rest_client [req-412ceea3-bbcb-44f2-9bd1-c90625b6dde5 req-412ceea3-bbcb-44f2-9bd1-c90625b6dde5 ] Request (InstanceActionsV221TestJSON:test_get_list_deleted_instance_actions): 404 GET http://10.180.1.21/compute/v2.1/servers/79cb369a-8c29-4f29-81bd-574086cbe295 0.163s
2025-12-09 09:51:00.507 65514 INFO tempest.lib.common.rest_client [req-1e36189f-fe43-4c64-ae91-8c8ab36bd1e8 req-1e36189f-fe43-4c64-ae91-8c8ab36bd1e8 ] Request (ListServerFiltersTestJSON:setUpClass): 200 GET http://10.180.1.21/compute/v2.1/servers/80e19ff4-2ed5-4361-b68e-7fa12928cd8a 0.247s
2025-12-09 09:51:00.559 65528 INFO tempest.lib.common.rest_client [req-8d662a18-9efe-4a34-a471-9a6b394f0920 req-8d662a18-9efe-4a34-a471-9a6b394f0920 ] Request (ServerActionsTestOtherA:setUpClass): 200 GET http://10.180.1.21/compute/v2.1/servers/befad315-d547-44c8-a16a-1aedc5efa7e7/os-interface 0.239s
2025-12-09 09:51:00.575 65494 INFO tempest.lib.common.rest_client [req-2e36bf3a-f809-468f-b417-f981538bccee req-2e36bf3a-f809-468f-b417-f981538bccee ] Request (AttachVolumeTestJSON:test_attach_detach_volume): 201 POST http://10.180.1.21/identity/v3/auth/tokens 0.098s
2025-12-09 09:51:00.579 65494 INFO tempest.lib.common.fixed_network [-] (AttachVolumeTestJSON:test_attach_detach_volume) Found network {'id': 'de42c82b-3990-4245-84ea-b1cc0580da62', 'name': 'tempest-AttachVolumeTestJSON-375748479-network', 'tenant_id': '632bbc2c141a4cd39df05f86e8712998', 'project_id': '632bbc2c141a4cd39df05f86e8712998', 'admin_state_up': True, 'mtu': 8950, 'status': 'ACTIVE', 'subnets': [], 'shared': False, 'port_security_enabled': True, 'router:external': False, 'provider:network_type': 'vlan', 'provider:physical_network': 'default', 'provider:segmentation_id': 757, 'availability_zone_hints': [], 'availability_zones': [], 'ipv4_address_scope': None, 'ipv6_address_scope': None, 'description': '', 'tags': [], 'created_at': '2025-12-09T09:50:57Z', 'updated_at': '2025-12-09T09:50:57Z', 'revision_number': 1} available for tenant
2025-12-09 09:51:00.619 65504 INFO tempest.lib.common.rest_client [req-9ef320e5-6936-4e6b-b146-ce2356923512 req-9ef320e5-6936-4e6b-b146-ce2356923512 ] Request (VolumesAdminNegativeTest:tearDownClass): 200 GET http://10.180.1.21/compute/v2.1/servers/68beeb75-a481-4d34-a752-3de3d1df4ad4 0.292s
2025-12-09 09:51:00.672 65490 INFO tempest.lib.common.rest_client [req-46af7754-2332-4b69-9cd5-4183d632aa9a req-46af7754-2332-4b69-9cd5-4183d632aa9a ] Request (InstanceActionsNegativeTestJSON:setUpClass): 200 GET http://10.180.1.21/compute/v2.1/servers/6ef51103-f387-4c86-99a4-82824ce2bb16 0.308s
2025-12-09 09:51:00.729 65488 INFO tempest.lib.common.rest_client [req-94228998-5dde-4a99-8bda-2446870e8be8 req-94228998-5dde-4a99-8bda-2446870e8be8 ] Request (ImagesOneServerNegativeTestJSON:setUpClass): 200 GET http://10.180.1.21/compute/v2.1/servers/2e07bb3c-3db0-4a8e-bd07-8cfdfeb20a35 0.353s
2025-12-09 09:51:00.788 65510 INFO tempest.lib.common.rest_client [req-029a1d26-a551-44bd-9f69-93f1fd080142 req-029a1d26-a551-44bd-9f69-93f1fd080142 ] Request (ListServersNegativeTestJSON:setUpClass): 200 GET http://10.180.1.21/compute/v2.1/servers/6ccb1bd6-8393-4a56-b98f-721e98c83d42 0.367s
2025-12-09 09:51:00.805 65530 INFO tempest.lib.common.rest_client [req-dbb005c0-adad-4b72-821c-15a3cf535af8 req-dbb005c0-adad-4b72-821c-15a3cf535af8 ] Request (ServersTestMultiNic:_run_cleanups): 200 GET http://10.180.1.21/compute/v2.1/servers/cd15fbe1-f32f-4e5e-9a69-b53fba1b189d 0.375s
