2025-12-09 09:47:56.711 65492 INFO tempest.lib.common.fixed_network [-] (ServersWithSpecificFlavorTestJSON:test_verify_created_server_ephemeral_disk) Found network {'id': 'd4a92926-07c6-4f39-84ea-25a66eed1d79', 'name': 'tempest-ServersWithSpecificFlavorTestJSON-262177376-network', 'tenant_id': '573f1974f0eb4dd4a80c2cfd3c1f7082', 'project_id': '573f1974f0eb4dd4a80c2cfd3c1f7082', 'admin_state_up': True, 'mtu': 8950, 'status': 'ACTIVE', 'subnets': [], 'shared': False, 'port_security_enabled': True, 'router:external': False, 'provider:network_type': 'vlan', 'provider:physical_network': 'default', 'provider:segmentation_id': 228, 'availability_zone_hints': [], 'availability_zones': [], 'ipv4_address_scope': None, 'ipv6_address_scope': None, 'description': '', 'tags': [], 'created_at': '2025-12-09T09:47:11Z', 'updated_at': '2025-12-09T09:47:11Z', 'revision_number': 1} available for tenant
2025-12-09 09:47:56.785 65506 INFO tempest.lib.common.rest_client [req-13d21c29-e992-4876-be4e-7f271a637863 req-13d21c29-e992-4876-be4e-7f271a637863 ] Request (HostsAdminTestJSON:tearDownClass): 204 DELETE http://10.180.1.21/networking/v2.0/security-groups/c5e2757a-43bf-4c2f-8e45-c18615017a23 0.342s
2025-12-09 09:47:56.887 65530 INFO tempest.lib.common.rest_client [req-06fd98c4-90c9-4039-8c5b-17402179d1e7 req-06fd98c4-90c9-4039-8c5b-17402179d1e7 ] Request (SecurityGroupsTestAdminJSON:_run_cleanups): 202 DELETE http://10.180.1.21/compute/v2.1/os-security-groups/928a327d-4d00-483e-97b0-62cac5adc3a9 5.283s
2025-12-09 09:47:56.899 65506 INFO tempest.lib.common.rest_client [req-67f04e4f-a08b-4d3c-b55c-0d0899cdd424 req-67f04e4f-a08b-4d3c-b55c-0d0899cdd424 ] Request (HostsAdminTestJSON:tearDownClass): 204 DELETE http://10.180.1.21/identity/v3/projects/91a93a904569425eaf76418a3420ccbd 0.114s
2025-12-09 09:47:56.900 65506 INFO tempest.lib.common.dynamic_creds [-] Deleting project and security group for project: 82712142d2c242d287083cf416f1323f
2025-12-09 09:47:57.054 65506 INFO tempest.lib.common.rest_client [req-02750f02-3def-4795-8c08-70ea6896a819 req-02750f02-3def-4795-8c08-70ea6896a819 ] Request (HostsAdminTestJSON:tearDownClass): 200 GET http://10.180.1.21/networking/v2.0/security-groups?tenant_id=82712142d2c242d287083cf416f1323f&name=default 0.154s
2025-12-09 09:47:57.152 65506 INFO tempest.lib.common.rest_client [req-9fea88e9-420e-4e53-8107-dce917eb835a req-9fea88e9-420e-4e53-8107-dce917eb835a ] Request (HostsAdminTestJSON:tearDownClass): 204 DELETE http://10.180.1.21/networking/v2.0/security-groups/d8faa8d2-3203-4442-9347-6882171db866 0.098s
2025-12-09 09:47:57.203 65478 INFO tempest.lib.common.rest_client [req-59538bbd-832c-4a8b-a9a7-42f087bbda1a req-59538bbd-832c-4a8b-a9a7-42f087bbda1a ] Request (AttachInterfacesV270Test:test_create_get_list_interfaces): 202 POST http://10.180.1.21/compute/v2.1/servers 5.654s
2025-12-09 09:47:57.222 65474 INFO tempest.lib.common.rest_client [req-3e94140c-e54b-43b6-a803-18f180048178 req-3e94140c-e54b-43b6-a803-18f180048178 ] Request (ServerShowV257Test:test_rebuild_server): 202 POST http://10.180.1.21/compute/v2.1/servers 3.925s
2025-12-09 09:47:57.223 65490 INFO tempest.lib.common.rest_client [req-422c2a92-982a-4992-b23a-e8ac7bfe1fed req-422c2a92-982a-4992-b23a-e8ac7bfe1fed ] Request (FlavorsAccessTestJSON:_run_cleanups): 202 DELETE http://10.180.1.21/compute/v2.1/flavors/385309749 3.474s
2025-12-09 09:47:57.245 65534 INFO tempest.lib.common.rest_client [req-ed96d9e6-fc23-4bc7-8887-cdaff6708604 req-ed96d9e6-fc23-4bc7-8887-cdaff6708604 ] Request (FlavorsV255TestJSON:_run_cleanups): 202 DELETE http://10.180.1.21/compute/v2.1/flavors/367755557 3.457s
2025-12-09 09:47:57.252 65494 INFO tempest.lib.common.rest_client [req-e145ffb3-7e9d-40a1-957d-940e6f8f6317 req-e145ffb3-7e9d-40a1-957d-940e6f8f6317 ] Request (FlavorsV2TestJSON:test_list_flavors_filter_by_min_ram): 200 GET http://10.180.1.21/compute/v2.1/flavors?minRam=193 3.490s
2025-12-09 09:47:57.323 65506 INFO tempest.lib.common.rest_client [req-9db9571d-a5ef-4306-b472-de862755d98d req-9db9571d-a5ef-4306-b472-de862755d98d ] Request (HostsAdminTestJSON:tearDownClass): 204 DELETE http://10.180.1.21/identity/v3/projects/82712142d2c242d287083cf416f1323f 0.170s
2025-12-09 09:47:57.324 65506 INFO tempest.test [-] raised in LiveMigrationRemoteConsolesV26Test.setUpClass. Invoking tearDownClass.
2025-12-09 09:47:57.326 65514 INFO tempest.lib.common.rest_client [req-a9ab2d63-c6d2-4e24-8161-6994147d490e req-a9ab2d63-c6d2-4e24-8161-6994147d490e ] Request (ServersAdminNegativeTestJSON:test_migrate_server_invalid_state): 200 GET http://10.180.1.21/compute/v2.1/servers/bddbe9c8-97cf-4269-b74e-26e61d181e85 3.398s
2025-12-09 09:47:57.395 65510 INFO tempest.lib.common.rest_client [req-414d135f-be69-43eb-904c-5829c32c0eb4 req-414d135f-be69-43eb-904c-5829c32c0eb4 ] Request (ServerDiagnosticsV248Test:test_get_server_diagnostics): 200 GET http://10.180.1.21/compute/v2.1/servers/037c83bc-7444-47db-9f3c-a65d1b421f34 2.657s
2025-12-09 09:47:57.406 65506 INFO tempest.lib.common.rest_client [req-a3eef563-239d-47e1-99df-06a7d4a1fc74 req-a3eef563-239d-47e1-99df-06a7d4a1fc74 ] Request (TenantUsagesTestJSON:setUpClass): 201 POST http://10.180.1.21/identity/v3/auth/tokens 0.078s
2025-12-09 09:47:57.409 65510 INFO tempest.common.waiters [-] State transition "BUILD/None" ==> "BUILD/spawning" after 4 second wait
2025-12-09 09:47:57.423 65516 INFO tempest.lib.common.rest_client [req-10967ba8-dfe6-48d4-8db7-bba396c34563 req-10967ba8-dfe6-48d4-8db7-bba396c34563 ] Request (MultipleCreateTestJSON:test_multiple_create): 200 GET http://10.180.1.21/compute/v2.1/servers/2a8e9324-2897-4d0f-8160-2e26789f45af 3.004s
2025-12-09 09:47:57.439 65524 INFO tempest.lib.common.rest_client [req-8a2d3443-5231-413f-ae31-122f1ca310c5 req-8a2d3443-5231-413f-ae31-122f1ca310c5 ] Request (FlavorsExtraSpecsTestJSON:test_flavor_set_get_update_show_unset_keys): 200 DELETE http://10.180.1.21/compute/v2.1/flavors/1346285169/os-extra_specs/hw:cpu_policy 2.597s
2025-12-09 09:47:57.448 65506 INFO tempest.lib.common.rest_client [req-8660895e-04f2-4016-8598-ad8c9107303d req-8660895e-04f2-4016-8598-ad8c9107303d ] Request (TenantUsagesTestJSON:setUpClass): 201 POST http://10.180.1.21/identity/v3/auth/tokens 0.038s
2025-12-09 09:47:57.465 65496 INFO tempest.lib.common.rest_client [req-a8417a16-eacb-4f83-a206-b06e04bd13f3 req-a8417a16-eacb-4f83-a206-b06e04bd13f3 ] Request (FlavorsAccessNegativeTestJSON:_run_cleanups): 200 GET http://10.180.1.21/compute/v2.1/flavors/detail 2.604s
2025-12-09 09:47:57.481 65476 INFO tempest.lib.common.rest_client [req-98c92cca-acbc-4430-8208-2e95b6bd52ce req-98c92cca-acbc-4430-8208-2e95b6bd52ce ] Request (HostsAdminNegativeTestJSON:test_shutdown_nonexistent_host): 404 GET http://10.180.1.21/compute/v2.1/os-hosts/nonexistent_hostname/shutdown 2.607s
2025-12-09 09:47:57.493 65506 INFO tempest.lib.common.rest_client [req-989e719f-58b8-499f-b97d-46e771257544 req-989e719f-58b8-499f-b97d-46e771257544 ] Request (TenantUsagesTestJSON:setUpClass): 200 GET http://10.180.1.21/identity/v3/domains?name=Default 0.044s
2025-12-09 09:47:57.535 65506 INFO tempest.lib.common.rest_client [req-c92ad604-929f-4564-b418-ad7f935a2516 req-c92ad604-929f-4564-b418-ad7f935a2516 ] Request (TenantUsagesTestJSON:setUpClass): 201 POST http://10.180.1.21/identity/v3/projects 0.042s
2025-12-09 09:47:57.584 65520 INFO tempest.lib.common.rest_client [req-33e65e24-6b08-4898-8ace-97ae0f668259 req-33e65e24-6b08-4898-8ace-97ae0f668259 ] Request (SecurityGroupRulesTestJSON:test_security_group_rules_delete_when_peer_group_deleted): 200 POST http://10.180.1.21/compute/v2.1/os-security-group-rules 2.763s
2025-12-09 09:47:57.614 65522 INFO tempest.lib.common.rest_client [req-75eddbc2-d352-4e55-b76d-53f3fbf4c38d req-75eddbc2-d352-4e55-b76d-53f3fbf4c38d ] Request (AggregatesAdminNegativeTestJSON:test_aggregate_add_non_exist_host): 404 POST http://10.180.1.21/compute/v2.1/os-aggregates/3/action 2.321s
2025-12-09 09:47:57.632 65506 INFO tempest.lib.common.rest_client [req-966d5b29-0fc5-44b2-9c86-71097f805d26 req-966d5b29-0fc5-44b2-9c86-71097f805d26 ] Request (TenantUsagesTestJSON:setUpClass): 201 POST http://10.180.1.21/identity/v3/users 0.094s
2025-12-09 09:47:57.660 65506 INFO tempest.lib.common.rest_client [req-5e46263d-7d94-45dc-8ebd-bf828fc7c144 req-5e46263d-7d94-45dc-8ebd-bf828fc7c144 ] Request (TenantUsagesTestJSON:setUpClass): 200 GET http://10.180.1.21/identity/v3/roles 0.027s
2025-12-09 09:47:57.664 65504 INFO tempest.lib.common.rest_client [req-f45f037c-3a22-4919-bd91-5d5817bfe101 req-f45f037c-3a22-4919-bd91-5d5817bfe101 ] Request (ServerDiagnosticsNegativeTest:tearDownClass): 200 GET http://10.180.1.21/compute/v2.1/servers/f0ff150f-bdef-499c-b894-c6af83b10f0b 2.396s
2025-12-09 09:47:57.683 65528 INFO tempest.lib.common.rest_client [req-98f3f897-9ebb-4c4f-983a-07b8d86643e8 req-98f3f897-9ebb-4c4f-983a-07b8d86643e8 ] Request (FlavorsAdminTestJSON:test_create_flavor_with_none_id): 200 POST http://10.180.1.21/compute/v2.1/flavors 2.352s
2025-12-09 09:47:57.696 65506 INFO tempest.lib.common.rest_client [req-e9061096-68f5-444b-8b45-a8c03ec2b5aa req-e9061096-68f5-444b-8b45-a8c03ec2b5aa ] Request (TenantUsagesTestJSON:setUpClass): 204 PUT http://10.180.1.21/identity/v3/projects/0b5625ea516e458886e8d19b1a1adc9c/users/7471353fbd984b09ae66b1d5f2b75cf0/roles/3d70e162b4694cf3a94cc19cff43525a 0.035s
2025-12-09 09:47:57.696 65506 INFO tempest.lib.common.dynamic_creds [-] Dynamic test user 7471353fbd984b09ae66b1d5f2b75cf0 is created with scope project and roles: ['member']
2025-12-09 09:47:57.696 65506 INFO tempest.lib.common.dynamic_creds [-] Acquired dynamic creds: credentials: Credentials: {'domain_id': 'default', 'domain_name': 'Default', 'username': 'tempest-TenantUsagesTestJSON-1102125398-project-member', 'project_domain_id': 'default', 'project_domain_name': 'Default', 'project_id': '0b5625ea516e458886e8d19b1a1adc9c', 'project_name': 'tempest-TenantUsagesTestJSON-1102125398', 'tenant_id': '0b5625ea516e458886e8d19b1a1adc9c', 'tenant_name': 'tempest-TenantUsagesTestJSON-1102125398', 'user_domain_id': 'default', 'user_domain_name': 'Default', 'user_id': '7471353fbd984b09ae66b1d5f2b75cf0', 'system': None}, Network: None, Subnet: None, Router: None
2025-12-09 09:47:57.696 65506 INFO tempest.lib.common.dynamic_creds [-] Created isolated network resources for: credentials: Credentials: {'domain_id': 'default', 'domain_name': 'Default', 'username': 'tempest-TenantUsagesTestJSON-1102125398-project-member', 'project_domain_id': 'default', 'project_domain_name': 'Default', 'project_id': '0b5625ea516e458886e8d19b1a1adc9c', 'project_name': 'tempest-TenantUsagesTestJSON-1102125398', 'tenant_id': '0b5625ea516e458886e8d19b1a1adc9c', 'tenant_name': 'tempest-TenantUsagesTestJSON-1102125398', 'user_domain_id': 'default', 'user_domain_name': 'Default', 'user_id': '7471353fbd984b09ae66b1d5f2b75cf0', 'system': None}, Network: None, Subnet: None, Router: None
2025-12-09 09:47:57.705 65518 INFO tempest.lib.common.rest_client [req-5f3c8991-32ba-4d25-bd3a-2508a7f66844 req-5f3c8991-32ba-4d25-bd3a-2508a7f66844 ] Request (ServerGroupTestJSON:test_create_delete_server_group_with_affinity_policy): 204 DELETE http://10.180.1.21/compute/v2.1/os-server-groups/860f97a7-30ac-49c3-a8d2-cd7fe3beff28 2.300s
2025-12-09 09:47:57.781 65484 INFO tempest.lib.common.rest_client [req-43bebad3-7b11-4f21-b4ab-25bde53dbbe8 req-43bebad3-7b11-4f21-b4ab-25bde53dbbe8 ] Request (FloatingIPsAssociationNegativeTestJSON:setUpClass): 200 GET http://10.180.1.21/compute/v2.1/servers/97fcc7bb-7b67-4651-a0e0-20b63cb0ccc8 2.450s
2025-12-09 09:47:57.791 65484 INFO tempest.common.waiters [-] State transition "BUILD/spawning" ==> "ACTIVE/None" after 23 second wait
2025-12-09 09:47:57.828 65506 INFO tempest.lib.common.rest_client [req-a93d4d79-f3b5-489a-9315-8e96374fdd24 req-a93d4d79-f3b5-489a-9315-8e96374fdd24 ] Request (TenantUsagesTestJSON:setUpClass): 201 POST http://10.180.1.21/identity/v3/auth/tokens 0.127s
2025-12-09 09:47:57.910 65532 INFO tempest.lib.common.rest_client [req-88353f2f-469f-4893-bc7e-c73a11b8d0ba req-88353f2f-469f-4893-bc7e-c73a11b8d0ba ] Request (ServersAdminTestJSON:setUpClass): 200 GET http://10.180.1.21/compute/v2.1/servers/73fb8800-b7b4-449e-aa93-f28f450cd432 2.305s
2025-12-09 09:47:57.914 65506 INFO tempest.lib.common.rest_client [req-4de825dc-a20a-4ae7-af83-c79b6858e965 req-4de825dc-a20a-4ae7-af83-c79b6858e965 ] Request (TenantUsagesTestJSON:setUpClass): 201 POST http://10.180.1.21/identity/v3/projects 0.085s
2025-12-09 09:47:57.918 65532 INFO tempest.common.waiters [-] State transition "BUILD/spawning" ==> "ACTIVE/None" after 22 second wait
2025-12-09 09:47:57.961 65472 INFO tempest.lib.common.rest_client [req-7fa8f736-13e4-45f7-8ee2-2a7f464853ad req-7fa8f736-13e4-45f7-8ee2-2a7f464853ad ] Request (DeleteServersAdminTestJSON:test_delete_server_while_in_error_state): 202 POST http://10.180.1.21/compute/v2.1/servers 2.366s
2025-12-09 09:47:58.009 65506 INFO tempest.lib.common.rest_client [req-924ed557-6b5c-4972-a487-059a6d1584a3 req-924ed557-6b5c-4972-a487-059a6d1584a3 ] Request (TenantUsagesTestJSON:setUpClass): 201 POST http://10.180.1.21/identity/v3/users 0.094s
2025-12-09 09:47:58.010 65500 INFO tempest.lib.common.rest_client [req-7d233b78-a598-4fdd-9083-f37e60b0b1c3 req-7d233b78-a598-4fdd-9083-f37e60b0b1c3 ] Request (QuotaClassesAdmin257Test:_run_cleanups): 200 PUT http://10.180.1.21/compute/v2.1/os-quota-class-sets/default 2.188s
2025-12-09 09:47:58.041 65506 INFO tempest.lib.common.rest_client [req-16c26a1f-7117-4369-afa1-c1b9983ac059 req-16c26a1f-7117-4369-afa1-c1b9983ac059 ] Request (TenantUsagesTestJSON:setUpClass): 200 GET http://10.180.1.21/identity/v3/roles 0.031s
2025-12-09 09:47:58.150 65500 INFO tempest.lib.common.rest_client [req-6c0ec9ba-0ba5-40e0-8bea-b04114c35af4 req-6c0ec9ba-0ba5-40e0-8bea-b04114c35af4 ] Request (QuotaClassesAdmin257Test:tearDownClass): 204 DELETE http://10.180.1.21/identity/v3/users/041e050542fc466cbf868364974a656e 0.130s
2025-12-09 09:47:58.225 65506 INFO tempest.lib.common.rest_client [req-ea030c8d-0bd8-472f-b261-f6c9578e7c47 req-ea030c8d-0bd8-472f-b261-f6c9578e7c47 ] Request (TenantUsagesTestJSON:setUpClass): 204 PUT http://10.180.1.21/identity/v3/projects/aaba3c79d0074a03bed38105ca06df36/users/3189c0f49af643739bd514c416197bfe/roles/a970f99ecbe047bcbc9090e87eb60e17 0.183s
2025-12-09 09:47:58.282 65500 INFO tempest.lib.common.rest_client [req-c786c1b0-b936-43b8-89a1-5ed7ed1d51ae req-c786c1b0-b936-43b8-89a1-5ed7ed1d51ae ] Request (QuotaClassesAdmin257Test:tearDownClass): 204 DELETE http://10.180.1.21/identity/v3/users/d78beba37eeb4b1fa122acc7d1d44265 0.132s
2025-12-09 09:47:58.282 65500 INFO tempest.lib.common.dynamic_creds [-] Deleting project and security group for project: 086388fa6b2a46a69164f0536316b025
2025-12-09 09:47:58.334 65506 INFO tempest.lib.common.rest_client [req-83f9bcb4-9f24-4de2-869b-501f676cc9c1 req-83f9bcb4-9f24-4de2-869b-501f676cc9c1 ] Request (TenantUsagesTestJSON:setUpClass): 200 GET http://10.180.1.21/identity/v3/roles 0.108s
2025-12-09 09:47:58.361 65500 INFO tempest.lib.common.rest_client [req-1db9b14e-6300-4c78-b0c2-d0a7b1c3163a req-1db9b14e-6300-4c78-b0c2-d0a7b1c3163a ] Request (QuotaClassesAdmin257Test:tearDownClass): 201 POST http://10.180.1.21/identity/v3/auth/tokens 0.078s
2025-12-09 09:47:58.400 65506 INFO tempest.lib.common.rest_client [req-0e9fa092-a349-4c94-8a41-0b05f3554f75 req-0e9fa092-a349-4c94-8a41-0b05f3554f75 ] Request (TenantUsagesTestJSON:setUpClass): 204 PUT http://10.180.1.21/identity/v3/projects/aaba3c79d0074a03bed38105ca06df36/users/3189c0f49af643739bd514c416197bfe/roles/a970f99ecbe047bcbc9090e87eb60e17 0.065s
2025-12-09 09:47:58.400 65506 INFO tempest.lib.common.dynamic_creds [-] Dynamic test user 3189c0f49af643739bd514c416197bfe is created with scope project and roles: ['admin']
2025-12-09 09:47:58.400 65506 INFO tempest.lib.common.dynamic_creds [-] Acquired dynamic creds: credentials: Credentials: {'domain_id': 'default', 'domain_name': 'Default', 'username': 'tempest-TenantUsagesTestJSON-465165142-project-admin', 'project_domain_id': 'default', 'project_domain_name': 'Default', 'project_id': 'aaba3c79d0074a03bed38105ca06df36', 'project_name': 'tempest-TenantUsagesTestJSON-465165142', 'tenant_id': 'aaba3c79d0074a03bed38105ca06df36', 'tenant_name': 'tempest-TenantUsagesTestJSON-465165142', 'user_domain_id': 'default', 'user_domain_name': 'Default', 'user_id': '3189c0f49af643739bd514c416197bfe', 'system': None}, Network: None, Subnet: None, Router: None
2025-12-09 09:47:58.401 65506 INFO tempest.lib.common.dynamic_creds [-] Created isolated network resources for: credentials: Credentials: {'domain_id': 'default', 'domain_name': 'Default', 'username': 'tempest-TenantUsagesTestJSON-465165142-project-admin', 'project_domain_id': 'default', 'project_domain_name': 'Default', 'project_id': 'aaba3c79d0074a03bed38105ca06df36', 'project_name': 'tempest-TenantUsagesTestJSON-465165142', 'tenant_id': 'aaba3c79d0074a03bed38105ca06df36', 'tenant_name': 'tempest-TenantUsagesTestJSON-465165142', 'user_domain_id': 'default', 'user_domain_name': 'Default', 'user_id': '3189c0f49af643739bd514c416197bfe', 'system': None}, Network: None, Subnet: None, Router: None
2025-12-09 09:47:58.422 65502 INFO tempest.lib.common.rest_client [req-12a20a76-eee9-454f-a078-7bf5c334dfd3 req-12a20a76-eee9-454f-a078-7bf5c334dfd3 ] Request (FloatingIPsTestJSON:_run_cleanups): 202 DELETE http://10.180.1.21/compute/v2.1/os-floating-ips/1e9ec417-4d54-4106-b98a-0b03a825c3f5 2.625s
2025-12-09 09:47:58.499 65506 INFO tempest.lib.common.rest_client [req-8c9f9010-efdd-4b3d-9af5-8be3b8661813 req-8c9f9010-efdd-4b3d-9af5-8be3b8661813 ] Request (TenantUsagesTestJSON:setUpClass): 201 POST http://10.180.1.21/identity/v3/auth/tokens 0.094s
2025-12-09 09:47:58.499 65506 WARNING tempest.lib.common.rest_client [-] Deprecated: "tenant_id" property is deprecated for removal, use "project_id" instead
2025-12-09 09:47:58.598 65506 INFO tempest.lib.common.rest_client [req-11432407-df54-4cc9-bba7-26e64d63dcb0 req-11432407-df54-4cc9-bba7-26e64d63dcb0 ] Request (TenantUsagesTestJSON:setUpClass): 201 POST http://10.180.1.21/identity/v3/auth/tokens 0.093s
2025-12-09 09:47:58.599 65506 INFO tempest.lib.common.fixed_network [-] (TenantUsagesTestJSON:setUpClass) Found network None available for tenant
2025-12-09 09:47:58.628 65488 INFO tempest.lib.common.rest_client [req-01431536-c6b4-4d51-9bb2-f412214e82fe req-01431536-c6b4-4d51-9bb2-f412214e82fe ] Request (FloatingIPsAssociationTestJSON:setUpClass): 200 GET http://10.180.1.21/compute/v2.1/servers/ce5ded2c-2aa2-4c7a-9b34-79ac6ed1fdcc 2.539s
2025-12-09 09:47:58.637 65488 INFO tempest.common.waiters [-] State transition "BUILD/spawning" ==> "ACTIVE/None" after 22 second wait
2025-12-09 09:47:58.654 65498 INFO tempest.lib.common.rest_client [req-8f8156c4-f8fb-4bc7-8faa-273ec0c20574 req-8f8156c4-f8fb-4bc7-8faa-273ec0c20574 ] Request (ImagesTestJSON:test_create_image_from_stopped_server): 202 POST http://10.180.1.21/compute/v2.1/servers 2.642s
2025-12-09 09:47:58.796 65500 INFO tempest.lib.common.rest_client [req-b1f66bf7-53c5-4c7f-b9bc-3adf28b30bdc req-b1f66bf7-53c5-4c7f-b9bc-3adf28b30bdc ] Request (QuotaClassesAdmin257Test:tearDownClass): 200 GET http://10.180.1.21/networking/v2.0/security-groups?tenant_id=086388fa6b2a46a69164f0536316b025&name=default 0.434s
2025-12-09 09:47:58.831 65512 INFO tempest.lib.common.rest_client [req-b21e882d-c966-40fa-9158-03eab6ddc80d req-b21e882d-c966-40fa-9158-03eab6ddc80d ] Request (KeyPairsV2TestJSON:test_get_keypair_detail): 200 POST http://10.180.1.21/compute/v2.1/os-keypairs 2.729s
2025-12-09 09:47:58.837 65508 INFO tempest.lib.common.rest_client [req-71e4726f-40ad-41e1-8eda-f2e394b165bb req-71e4726f-40ad-41e1-8eda-f2e394b165bb ] Request (MultipleCreateNegativeTestJSON:test_max_count_less_than_min_count): 400 POST http://10.180.1.21/compute/v2.1/servers 2.230s
2025-12-09 09:47:58.895 65508 INFO tempest.lib.common.rest_client [req-ffcf0cdb-b907-4c5a-8246-cfd134723185 req-ffcf0cdb-b907-4c5a-8246-cfd134723185 ] Request (MultipleCreateNegativeTestJSON:test_max_count_less_than_one): 201 POST http://10.180.1.21/identity/v3/auth/tokens 0.052s
2025-12-09 09:47:58.896 65508 INFO tempest.lib.common.fixed_network [-] (MultipleCreateNegativeTestJSON:test_max_count_less_than_one) Found network None available for tenant
2025-12-09 09:47:58.926 65500 INFO tempest.lib.common.rest_client [req-2f5de4bb-c93c-47c4-a62b-ab801508c27a req-2f5de4bb-c93c-47c4-a62b-ab801508c27a ] Request (QuotaClassesAdmin257Test:tearDownClass): 204 DELETE http://10.180.1.21/networking/v2.0/security-groups/d4d29b3b-f564-4b3f-aa53-d93067212711 0.129s
2025-12-09 09:47:58.976 65530 INFO tempest.lib.common.rest_client [req-d7a54d42-6cea-476e-83db-6857d61790e7 req-d7a54d42-6cea-476e-83db-6857d61790e7 ] Request (SecurityGroupsTestAdminJSON:_run_cleanups): 202 DELETE http://10.180.1.21/compute/v2.1/os-security-groups/4551c7c2-a15f-43bf-b784-cafc400aa780 2.087s
2025-12-09 09:47:59.025 65500 INFO tempest.lib.common.rest_client [req-2800e7d2-6867-4e98-818d-6b6224e20b2a req-2800e7d2-6867-4e98-818d-6b6224e20b2a ] Request (QuotaClassesAdmin257Test:tearDownClass): 204 DELETE http://10.180.1.21/identity/v3/projects/086388fa6b2a46a69164f0536316b025 0.099s
2025-12-09 09:47:59.025 65500 INFO tempest.lib.common.dynamic_creds [-] Deleting project and security group for project: b85b1761c8fe4e9faf6bfac95c92f6a5
2025-12-09 09:47:59.147 65500 INFO tempest.lib.common.rest_client [req-999c2e07-d5be-46a2-b4fd-27a51b5ab87d req-999c2e07-d5be-46a2-b4fd-27a51b5ab87d ] Request (QuotaClassesAdmin257Test:tearDownClass): 200 GET http://10.180.1.21/networking/v2.0/security-groups?tenant_id=b85b1761c8fe4e9faf6bfac95c92f6a5&name=default 0.121s
2025-12-09 09:47:59.238 65526 INFO tempest.lib.common.rest_client [req-830a3d6a-78f3-4ab3-b71c-b7167080d143 req-830a3d6a-78f3-4ab3-b71c-b7167080d143 ] Request (MigrationsAdminTest:test_list_migrations_in_flavor_resize_situation): 200 GET http://10.180.1.21/compute/v2.1/servers/d59366c5-6251-44f6-bc7b-4b4f8d92aeda 2.262s
2025-12-09 09:47:59.279 65500 INFO tempest.lib.common.rest_client [req-eaa53957-f24d-4daf-9d2d-d1a4c9785719 req-eaa53957-f24d-4daf-9d2d-d1a4c9785719 ] Request (QuotaClassesAdmin257Test:tearDownClass): 204 DELETE http://10.180.1.21/networking/v2.0/security-groups/26a69a7c-0ee2-42b7-82a6-5ebd493cfc2e 0.131s
2025-12-09 09:47:59.344 65478 INFO tempest.lib.common.rest_client [req-4a611f0b-81bf-4e69-a23e-25fc93a42377 req-4a611f0b-81bf-4e69-a23e-25fc93a42377 ] Request (AttachInterfacesV270Test:test_create_get_list_interfaces): 200 GET http://10.180.1.21/compute/v2.1/servers/ba43c102-5349-4075-be8f-98f52d8b6df2 2.138s
2025-12-09 09:47:59.377 65490 INFO tempest.lib.common.rest_client [req-38afd9a2-462d-4e00-be97-e8282ca397c9 req-38afd9a2-462d-4e00-be97-e8282ca397c9 ] Request (FlavorsAccessTestJSON:_run_cleanups): 200 GET http://10.180.1.21/compute/v2.1/flavors/detail 2.153s
2025-12-09 09:47:59.421 65492 INFO tempest.lib.common.rest_client [req-94977c67-eea2-4466-b057-89b9f0c3c75b req-94977c67-eea2-4466-b057-89b9f0c3c75b ] Request (ServersWithSpecificFlavorTestJSON:test_verify_created_server_ephemeral_disk): 202 POST http://10.180.1.21/compute/v2.1/servers 2.709s
2025-12-09 09:47:59.443 65500 INFO tempest.lib.common.rest_client [req-dd6da08e-180d-438c-a161-82e2951ac900 req-dd6da08e-180d-438c-a161-82e2951ac900 ] Request (QuotaClassesAdmin257Test:tearDownClass): 204 DELETE http://10.180.1.21/identity/v3/projects/b85b1761c8fe4e9faf6bfac95c92f6a5 0.163s
2025-12-09 09:47:59.447 65534 INFO tempest.lib.common.rest_client [req-d2d911fd-b130-4f58-a257-5ca18f70d43f req-d2d911fd-b130-4f58-a257-5ca18f70d43f ] Request (FlavorsV255TestJSON:_run_cleanups): 200 GET http://10.180.1.21/compute/v2.1/flavors/detail 2.202s
2025-12-09 09:47:59.471 65494 INFO tempest.lib.common.rest_client [req-c28fcd6f-5fd7-4516-960e-10b4ea096cef req-c28fcd6f-5fd7-4516-960e-10b4ea096cef ] Request (FlavorsV2TestJSON:test_list_flavors_limit_results): 200 GET http://10.180.1.21/compute/v2.1/flavors?limit=1 2.210s
2025-12-09 09:47:59.491 65524 INFO tempest.lib.common.rest_client [req-0912c3f9-3e91-4c54-b7dd-75c81a49818b req-0912c3f9-3e91-4c54-b7dd-75c81a49818b ] Request (FlavorsExtraSpecsTestJSON:test_flavor_set_get_update_show_unset_keys): 200 GET http://10.180.1.21/compute/v2.1/flavors/1346285169/os-extra_specs 2.051s
2025-12-09 09:47:59.497 65500 INFO tempest.lib.common.rest_client [req-c1df4540-8977-47b0-bc58-f8016812b4cd req-c1df4540-8977-47b0-bc58-f8016812b4cd ] Request (QuotasAdminTestV236:setUpClass): 201 POST http://10.180.1.21/identity/v3/auth/tokens 0.052s
2025-12-09 09:47:59.504 65474 INFO tempest.lib.common.rest_client [req-4e5d2dd8-e626-48b5-874f-5c674ecea75a req-4e5d2dd8-e626-48b5-874f-5c674ecea75a ] Request (ServerShowV257Test:test_rebuild_server): 200 GET http://10.180.1.21/compute/v2.1/servers/0b4891f7-207e-4db5-86d7-960ee09a9110 2.279s
2025-12-09 09:47:59.516 65476 INFO tempest.lib.common.rest_client [req-316cff32-6153-447c-8356-6d9a226d0977 req-316cff32-6153-447c-8356-6d9a226d0977 ] Request (HostsAdminNegativeTestJSON:test_startup_host_with_non_admin_user): 403 GET http://10.180.1.21/compute/v2.1/os-hosts/devstack/startup 2.034s
2025-12-09 09:47:59.610 65496 INFO tempest.lib.common.rest_client [req-ed455724-a2e0-4e73-9318-944f2b614a90 req-ed455724-a2e0-4e73-9318-944f2b614a90 ] Request (FlavorsAccessNegativeTestJSON:test_flavor_non_admin_add): 200 POST http://10.180.1.21/compute/v2.1/flavors 2.133s
2025-12-09 09:47:59.714 65490 INFO tempest.lib.common.rest_client [req-179673db-c26e-4f4d-917c-42a6e1507cf5 req-179673db-c26e-4f4d-917c-42a6e1507cf5 ] Request (FlavorsAccessTestJSON:tearDownClass): 204 DELETE http://10.180.1.21/identity/v3/users/a65ca41951bf4db3a2d2673c28616dcc 0.325s
2025-12-09 09:47:59.717 65534 INFO tempest.lib.common.rest_client [req-58d7c468-7b5d-4e77-8260-49c444764b65 req-58d7c468-7b5d-4e77-8260-49c444764b65 ] Request (FlavorsV255TestJSON:tearDownClass): 204 DELETE http://10.180.1.21/identity/v3/users/cb93cbbc625a4323a4ccacd6a953c37d 0.256s
2025-12-09 09:47:59.782 65500 INFO tempest.lib.common.rest_client [req-038be5e9-b446-483c-9586-bf7064ed669c req-038be5e9-b446-483c-9586-bf7064ed669c ] Request (QuotasAdminTestV236:setUpClass): 201 POST http://10.180.1.21/identity/v3/auth/tokens 0.276s
2025-12-09 09:47:59.787 65480 INFO tempest.lib.common.rest_client [req-84e3129f-4934-4021-a1f2-d14914bf4ac1 req-84e3129f-4934-4021-a1f2-d14914bf4ac1 ] Request (VolumesAssistedSnapshotsTest:test_volume_assisted_snapshot_create_delete): 200 GET http://10.180.1.21/compute/v2.1/servers/a424d57b-54b9-42a7-b455-7a1d67f8ed62 2.205s
2025-12-09 09:47:59.798 65480 INFO tempest.common.waiters [-] State transition "BUILD/spawning" ==> "ACTIVE/None" after 21 second wait
2025-12-09 09:47:59.802 65520 INFO tempest.lib.common.rest_client [req-bdad272e-75bd-4128-bc71-0a6d19c07cf0 req-bdad272e-75bd-4128-bc71-0a6d19c07cf0 ] Request (SecurityGroupRulesTestJSON:test_security_group_rules_delete_when_peer_group_deleted): 202 DELETE http://10.180.1.21/compute/v2.1/os-security-groups/2dd2eb2d-dae6-4e9d-8bd2-9ebfca96c6b8 2.215s
2025-12-09 09:47:59.825 65522 INFO tempest.lib.common.rest_client [req-3a0a7d33-a59c-4bbd-b4ec-5e337436ffda req-3a0a7d33-a59c-4bbd-b4ec-5e337436ffda ] Request (AggregatesAdminNegativeTestJSON:_run_cleanups): 200 DELETE http://10.180.1.21/compute/v2.1/os-aggregates/3 2.210s
2025-12-09 09:47:59.826 65528 INFO tempest.lib.common.rest_client [req-2445cb16-bf49-49b9-b72c-695a744024b5 req-2445cb16-bf49-49b9-b72c-695a744024b5 ] Request (FlavorsAdminTestJSON:_run_cleanups): 202 DELETE http://10.180.1.21/compute/v2.1/flavors/65954942-faea-466c-a6c7-2318cc8eb84c 2.141s
2025-12-09 09:47:59.841 65490 INFO tempest.lib.common.rest_client [req-54a0b727-e699-4849-9c24-97c668d85f0a req-54a0b727-e699-4849-9c24-97c668d85f0a ] Request (FlavorsAccessTestJSON:tearDownClass): 204 DELETE http://10.180.1.21/identity/v3/users/1ba28ce28ed844aa9cdca39d28bc7024 0.127s
2025-12-09 09:47:59.842 65490 INFO tempest.lib.common.dynamic_creds [-] Deleting project and security group for project: e37f370c8fc34a05bf2edb738a13e153
2025-12-09 09:47:59.855 65518 INFO tempest.lib.common.rest_client [req-c0adffd2-4814-4729-a1ad-239af5abe2c7 req-c0adffd2-4814-4729-a1ad-239af5abe2c7 ] Request (ServerGroupTestJSON:test_create_delete_server_group_with_affinity_policy): 200 GET http://10.180.1.21/compute/v2.1/os-server-groups 2.149s
2025-12-09 09:47:59.872 65534 INFO tempest.lib.common.rest_client [req-a3a1b69a-8799-4a26-ace1-91ea43b989a9 req-a3a1b69a-8799-4a26-ace1-91ea43b989a9 ] Request (FlavorsV255TestJSON:tearDownClass): 204 DELETE http://10.180.1.21/identity/v3/users/ddbcefc2c7cf418881206b6a778b7b93 0.155s
2025-12-09 09:47:59.873 65534 INFO tempest.lib.common.dynamic_creds [-] Deleting project and security group for project: 7fe252f370c244ddbee1c864c8195616
2025-12-09 09:47:59.944 65490 INFO tempest.lib.common.rest_client [req-f2ef4ebf-6ed7-4ce7-89b4-986b68ab6367 req-f2ef4ebf-6ed7-4ce7-89b4-986b68ab6367 ] Request (FlavorsAccessTestJSON:tearDownClass): 201 POST http://10.180.1.21/identity/v3/auth/tokens 0.102s
2025-12-09 09:47:59.946 65500 INFO tempest.lib.common.rest_client [req-cad759b7-e4c3-47e7-b851-d812c9746120 req-cad759b7-e4c3-47e7-b851-d812c9746120 ] Request (QuotasAdminTestV236:setUpClass): 200 GET http://10.180.1.21/identity/v3/domains?name=Default 0.164s
2025-12-09 09:47:59.982 65534 INFO tempest.lib.common.rest_client [req-4de4d784-47d9-4871-8780-01d4af4de278 req-4de4d784-47d9-4871-8780-01d4af4de278 ] Request (FlavorsV255TestJSON:tearDownClass): 201 POST http://10.180.1.21/identity/v3/auth/tokens 0.109s
2025-12-09 09:47:59.997 65500 INFO tempest.lib.common.rest_client [req-78b2b3d8-9859-4b97-a0e4-473a2095f50c req-78b2b3d8-9859-4b97-a0e4-473a2095f50c ] Request (QuotasAdminTestV236:setUpClass): 201 POST http://10.180.1.21/identity/v3/projects 0.050s
2025-12-09 09:48:00.063 65500 INFO tempest.lib.common.rest_client [req-0ab647b4-a761-43ec-8eeb-b444dff04b25 req-0ab647b4-a761-43ec-8eeb-b444dff04b25 ] Request (QuotasAdminTestV236:setUpClass): 201 POST http://10.180.1.21/identity/v3/users 0.065s
2025-12-09 09:48:00.086 65500 INFO tempest.lib.common.rest_client [req-1513931e-1197-4454-a33c-07f2105712c6 req-1513931e-1197-4454-a33c-07f2105712c6 ] Request (QuotasAdminTestV236:setUpClass): 200 GET http://10.180.1.21/identity/v3/roles 0.022s
2025-12-09 09:48:00.115 65500 INFO tempest.lib.common.rest_client [req-f1a5442e-7b36-4ba8-84ea-2dd980ee3dda req-f1a5442e-7b36-4ba8-84ea-2dd980ee3dda ] Request (QuotasAdminTestV236:setUpClass): 204 PUT http://10.180.1.21/identity/v3/projects/4ed60ebe004242fd95289485fea81822/users/75b83168a58341f8bd2cadd33936ea59/roles/3d70e162b4694cf3a94cc19cff43525a 0.028s
2025-12-09 09:48:00.115 65500 INFO tempest.lib.common.dynamic_creds [-] Dynamic test user 75b83168a58341f8bd2cadd33936ea59 is created with scope project and roles: ['member']
2025-12-09 09:48:00.115 65500 INFO tempest.lib.common.dynamic_creds [-] Acquired dynamic creds: credentials: Credentials: {'domain_id': 'default', 'domain_name': 'Default', 'username': 'tempest-QuotasAdminTestV236-1784877972-project-member', 'project_domain_id': 'default', 'project_domain_name': 'Default', 'project_id': '4ed60ebe004242fd95289485fea81822', 'project_name': 'tempest-QuotasAdminTestV236-1784877972', 'tenant_id': '4ed60ebe004242fd95289485fea81822', 'tenant_name': 'tempest-QuotasAdminTestV236-1784877972', 'user_domain_id': 'default', 'user_domain_name': 'Default', 'user_id': '75b83168a58341f8bd2cadd33936ea59', 'system': None}, Network: None, Subnet: None, Router: None
2025-12-09 09:48:00.115 65500 INFO tempest.lib.common.dynamic_creds [-] Created isolated network resources for: credentials: Credentials: {'domain_id': 'default', 'domain_name': 'Default', 'username': 'tempest-QuotasAdminTestV236-1784877972-project-member', 'project_domain_id': 'default', 'project_domain_name': 'Default', 'project_id': '4ed60ebe004242fd95289485fea81822', 'project_name': 'tempest-QuotasAdminTestV236-1784877972', 'tenant_id': '4ed60ebe004242fd95289485fea81822', 'tenant_name': 'tempest-QuotasAdminTestV236-1784877972', 'user_domain_id': 'default', 'user_domain_name': 'Default', 'user_id': '75b83168a58341f8bd2cadd33936ea59', 'system': None}, Network: None, Subnet: None, Router: None
2025-12-09 09:48:00.229 65500 INFO tempest.lib.common.rest_client [req-9e4b6c4b-aeff-46d0-9b3a-b58162d57609 req-9e4b6c4b-aeff-46d0-9b3a-b58162d57609 ] Request (QuotasAdminTestV236:setUpClass): 201 POST http://10.180.1.21/identity/v3/auth/tokens 0.111s
2025-12-09 09:48:00.250 65490 INFO tempest.lib.common.rest_client [req-e105300f-ee09-42c8-b97a-0a88b2a3b1af req-e105300f-ee09-42c8-b97a-0a88b2a3b1af ] Request (FlavorsAccessTestJSON:tearDownClass): 200 GET http://10.180.1.21/networking/v2.0/security-groups?tenant_id=e37f370c8fc34a05bf2edb738a13e153&name=default 0.305s
2025-12-09 09:48:00.309 65500 INFO tempest.lib.common.rest_client [req-82900393-d736-45c5-a0f8-a017ff8bb04c req-82900393-d736-45c5-a0f8-a017ff8bb04c ] Request (QuotasAdminTestV236:setUpClass): 201 POST http://10.180.1.21/identity/v3/projects 0.079s
2025-12-09 09:48:00.371 65500 INFO tempest.lib.common.rest_client [req-b76c62ec-9b1a-4f97-bed6-7a91c32517ab req-b76c62ec-9b1a-4f97-bed6-7a91c32517ab ] Request (QuotasAdminTestV236:setUpClass): 201 POST http://10.180.1.21/identity/v3/users 0.061s
2025-12-09 09:48:00.395 65500 INFO tempest.lib.common.rest_client [req-122bc167-5de5-423d-b6f5-d352409fce1b req-122bc167-5de5-423d-b6f5-d352409fce1b ] Request (QuotasAdminTestV236:setUpClass): 200 GET http://10.180.1.21/identity/v3/roles 0.023s
2025-12-09 09:48:00.426 65500 INFO tempest.lib.common.rest_client [req-1695ba5f-3220-4b45-9bf9-e3273532a176 req-1695ba5f-3220-4b45-9bf9-e3273532a176 ] Request (QuotasAdminTestV236:setUpClass): 204 PUT http://10.180.1.21/identity/v3/projects/f38989298f1c41b6861863dcc2e614d4/users/9c2be8db24214955a1db35dc9aa9e116/roles/a970f99ecbe047bcbc9090e87eb60e17 0.031s
2025-12-09 09:48:00.428 65534 INFO tempest.lib.common.rest_client [req-d36fddae-a881-4217-922b-2620cafd03df req-d36fddae-a881-4217-922b-2620cafd03df ] Request (FlavorsV255TestJSON:tearDownClass): 200 GET http://10.180.1.21/networking/v2.0/security-groups?tenant_id=7fe252f370c244ddbee1c864c8195616&name=default 0.446s
2025-12-09 09:48:00.467 65532 INFO tempest.lib.common.rest_client [req-96666bf0-65c7-4f6e-8ed4-1f0884729d19 req-96666bf0-65c7-4f6e-8ed4-1f0884729d19 ] Request (ServersAdminTestJSON:setUpClass): 200 GET http://10.180.1.21/compute/v2.1/servers/de07401c-79be-4192-9636-a9d6193feae7 2.549s
2025-12-09 09:48:00.504 65500 INFO tempest.lib.common.rest_client [req-dea728f6-1b4a-47eb-ab10-14602bc783c7 req-dea728f6-1b4a-47eb-ab10-14602bc783c7 ] Request (QuotasAdminTestV236:setUpClass): 200 GET http://10.180.1.21/identity/v3/roles 0.077s
2025-12-09 09:48:00.536 65500 INFO tempest.lib.common.rest_client [req-5782699f-2401-4c55-9704-6990ee4f033e req-5782699f-2401-4c55-9704-6990ee4f033e ] Request (QuotasAdminTestV236:setUpClass): 204 PUT http://10.180.1.21/identity/v3/projects/f38989298f1c41b6861863dcc2e614d4/users/9c2be8db24214955a1db35dc9aa9e116/roles/a970f99ecbe047bcbc9090e87eb60e17 0.031s
2025-12-09 09:48:00.536 65500 INFO tempest.lib.common.dynamic_creds [-] Dynamic test user 9c2be8db24214955a1db35dc9aa9e116 is created with scope project and roles: ['admin']
2025-12-09 09:48:00.536 65500 INFO tempest.lib.common.dynamic_creds [-] Acquired dynamic creds: credentials: Credentials: {'domain_id': 'default', 'domain_name': 'Default', 'username': 'tempest-QuotasAdminTestV236-725829411-project-admin', 'project_domain_id': 'default', 'project_domain_name': 'Default', 'project_id': 'f38989298f1c41b6861863dcc2e614d4', 'project_name': 'tempest-QuotasAdminTestV236-725829411', 'tenant_id': 'f38989298f1c41b6861863dcc2e614d4', 'tenant_name': 'tempest-QuotasAdminTestV236-725829411', 'user_domain_id': 'default', 'user_domain_name': 'Default', 'user_id': '9c2be8db24214955a1db35dc9aa9e116', 'system': None}, Network: None, Subnet: None, Router: None
2025-12-09 09:48:00.536 65500 INFO tempest.lib.common.dynamic_creds [-] Created isolated network resources for: credentials: Credentials: {'domain_id': 'default', 'domain_name': 'Default', 'username': 'tempest-QuotasAdminTestV236-725829411-project-admin', 'project_domain_id': 'default', 'project_domain_name': 'Default', 'project_id': 'f38989298f1c41b6861863dcc2e614d4', 'project_name': 'tempest-QuotasAdminTestV236-725829411', 'tenant_id': 'f38989298f1c41b6861863dcc2e614d4', 'tenant_name': 'tempest-QuotasAdminTestV236-725829411', 'user_domain_id': 'default', 'user_domain_name': 'Default', 'user_id': '9c2be8db24214955a1db35dc9aa9e116', 'system': None}, Network: None, Subnet: None, Router: None
2025-12-09 09:48:00.552 65532 INFO tempest.lib.common.rest_client [req-0f1bdecd-fe50-41eb-8e68-103c51d97288 req-0f1bdecd-fe50-41eb-8e68-103c51d97288 ] Request (ServersAdminTestJSON:test_create_server_with_scheduling_hint): 201 POST http://10.180.1.21/identity/v3/auth/tokens 0.073s
2025-12-09 09:48:00.553 65532 INFO tempest.lib.common.fixed_network [-] (ServersAdminTestJSON:test_create_server_with_scheduling_hint) Found network {'id': '3c87ba3e-2f5c-4157-a7f1-4833122dd233', 'name': 'tempest-ServersAdminTestJSON-1044538034-network', 'tenant_id': '27659f4d89af4d7c8ff81c2d20174a5c', 'project_id': '27659f4d89af4d7c8ff81c2d20174a5c', 'admin_state_up': True, 'mtu': 8950, 'status': 'ACTIVE', 'subnets': [], 'shared': False, 'port_security_enabled': True, 'router:external': False, 'provider:network_type': 'vlan', 'provider:physical_network': 'default', 'provider:segmentation_id': 391, 'availability_zone_hints': [], 'availability_zones': [], 'ipv4_address_scope': None, 'ipv6_address_scope': None, 'description': '', 'tags': [], 'created_at': '2025-12-09T09:47:10Z', 'updated_at': '2025-12-09T09:47:10Z', 'revision_number': 1} available for tenant
2025-12-09 09:48:00.568 65490 INFO tempest.lib.common.rest_client [req-e4966333-c4dc-44ab-92b6-ce8ecfc4a87d req-e4966333-c4dc-44ab-92b6-ce8ecfc4a87d ] Request (FlavorsAccessTestJSON:tearDownClass): 204 DELETE http://10.180.1.21/networking/v2.0/security-groups/2793c774-3ae1-4327-944b-5b822b55b679 0.317s
2025-12-09 09:48:00.571 65534 INFO tempest.lib.common.rest_client [req-4975f183-e027-45c1-8d25-df016e3d5da9 req-4975f183-e027-45c1-8d25-df016e3d5da9 ] Request (FlavorsV255TestJSON:tearDownClass): 204 DELETE http://10.180.1.21/networking/v2.0/security-groups/b304ca95-58ed-446d-98b7-fb79bfb0b9b8 0.142s
2025-12-09 09:48:00.625 65472 INFO tempest.lib.common.rest_client [req-c7dcaae2-85fa-406a-9adc-7abdbbc9b921 req-c7dcaae2-85fa-406a-9adc-7abdbbc9b921 ] Request (DeleteServersAdminTestJSON:test_delete_server_while_in_error_state): 200 GET http://10.180.1.21/compute/v2.1/servers/2b27517f-3f02-46dd-bc3d-436a783b4a57 2.662s
2025-12-09 09:48:00.650 65500 INFO tempest.lib.common.rest_client [req-8b47c566-5105-4c9b-8702-968c3bef07c9 req-8b47c566-5105-4c9b-8702-968c3bef07c9 ] Request (QuotasAdminTestV236:setUpClass): 201 POST http://10.180.1.21/identity/v3/auth/tokens 0.110s
2025-12-09 09:48:00.651 65500 WARNING tempest.lib.common.rest_client [-] Deprecated: "tenant_id" property is deprecated for removal, use "project_id" instead
2025-12-09 09:48:00.668 65484 INFO tempest.lib.common.rest_client [req-d3880f1c-b4cd-4007-a7ee-3b6044cb32d4 req-d3880f1c-b4cd-4007-a7ee-3b6044cb32d4 ] Request (FloatingIPsAssociationNegativeTestJSON:test_associate_ip_to_server_with_floating_ip): 200 POST http://10.180.1.21/compute/v2.1/os-floating-ips 2.874s
2025-12-09 09:48:00.712 65490 INFO tempest.lib.common.rest_client [req-56485bb0-da65-4dbe-8d9c-97c4594b2fd6 req-56485bb0-da65-4dbe-8d9c-97c4594b2fd6 ] Request (FlavorsAccessTestJSON:tearDownClass): 204 DELETE http://10.180.1.21/identity/v3/projects/e37f370c8fc34a05bf2edb738a13e153 0.144s
2025-12-09 09:48:00.712 65490 INFO tempest.lib.common.dynamic_creds [-] Deleting project and security group for project: 1fe1eab347b847d3b4741d6b3faebc69
2025-12-09 09:48:00.731 65534 INFO tempest.lib.common.rest_client [req-4d595f78-022d-4759-a130-cfc13e51bbd8 req-4d595f78-022d-4759-a130-cfc13e51bbd8 ] Request (FlavorsV255TestJSON:tearDownClass): 204 DELETE http://10.180.1.21/identity/v3/projects/7fe252f370c244ddbee1c864c8195616 0.159s
2025-12-09 09:48:00.731 65534 INFO tempest.lib.common.dynamic_creds [-] Deleting project and security group for project: 9273031927c64be0bf8dc9316a0634be
2025-12-09 09:48:00.827 65490 INFO tempest.lib.common.rest_client [req-22e95da9-d532-4450-a49d-b473cddd3b12 req-22e95da9-d532-4450-a49d-b473cddd3b12 ] Request (FlavorsAccessTestJSON:tearDownClass): 200 GET http://10.180.1.21/networking/v2.0/security-groups?tenant_id=1fe1eab347b847d3b4741d6b3faebc69&name=default 0.115s
2025-12-09 09:48:00.850 65514 INFO tempest.lib.common.rest_client [req-03153228-fdba-4325-937f-34c593bb462f req-03153228-fdba-4325-937f-34c593bb462f ] Request (ServersAdminNegativeTestJSON:test_migrate_server_invalid_state): 200 GET http://10.180.1.21/compute/v2.1/servers/bddbe9c8-97cf-4269-b74e-26e61d181e85 2.513s
2025-12-09 09:48:00.858 65514 INFO tempest.common.waiters [-] State transition "BUILD/None" ==> "BUILD/block_device_mapping" after 3 second wait
2025-12-09 09:48:00.883 65486 INFO tempest.lib.common.rest_client [req-e71ddba9-6142-45da-8b92-f6102c59f77b req-e71ddba9-6142-45da-8b92-f6102c59f77b ] Request (AbsoluteLimitsNegativeTestJSON:test_max_metadata_exceed_limit): 200 GET http://10.180.1.21/compute/v2.1/limits 2.820s
2025-12-09 09:48:00.925 65486 INFO tempest.lib.common.rest_client [req-35c91890-6f12-4029-a44b-1f37113046a2 req-35c91890-6f12-4029-a44b-1f37113046a2 ] Request (AbsoluteLimitsNegativeTestJSON:test_max_metadata_exceed_limit): 201 POST http://10.180.1.21/identity/v3/auth/tokens 0.033s
2025-12-09 09:48:00.925 65486 INFO tempest.lib.common.fixed_network [-] (AbsoluteLimitsNegativeTestJSON:test_max_metadata_exceed_limit) Found network None available for tenant
2025-12-09 09:48:00.960 65534 INFO tempest.lib.common.rest_client [req-d3511064-8888-4a0b-83fa-b81c0f65a9a6 req-d3511064-8888-4a0b-83fa-b81c0f65a9a6 ] Request (FlavorsV255TestJSON:tearDownClass): 200 GET http://10.180.1.21/networking/v2.0/security-groups?tenant_id=9273031927c64be0bf8dc9316a0634be&name=default 0.228s
2025-12-09 09:48:01.045 65490 INFO tempest.lib.common.rest_client [req-25c90f44-c4ef-49c4-992d-d4dd4cf60372 req-25c90f44-c4ef-49c4-992d-d4dd4cf60372 ] Request (FlavorsAccessTestJSON:tearDownClass): 204 DELETE http://10.180.1.21/networking/v2.0/security-groups/475a9b97-f145-4d8d-af8f-1ecb04c336ca 0.217s
2025-12-09 09:48:01.069 65510 INFO tempest.lib.common.rest_client [req-ef91d6cd-2240-411a-8dcc-69bd4ed7b26f req-ef91d6cd-2240-411a-8dcc-69bd4ed7b26f ] Request (ServerDiagnosticsV248Test:test_get_server_diagnostics): 200 GET http://10.180.1.21/compute/v2.1/servers/037c83bc-7444-47db-9f3c-a65d1b421f34 2.659s
2025-12-09 09:48:01.137 65534 INFO tempest.lib.common.rest_client [req-1e285d56-8a1f-4d4a-a10e-ad0a9d234ca7 req-1e285d56-8a1f-4d4a-a10e-ad0a9d234ca7 ] Request (FlavorsV255TestJSON:tearDownClass): 204 DELETE http://10.180.1.21/networking/v2.0/security-groups/7df85c12-1553-4a72-8449-adb48c1e8b5a 0.177s
2025-12-09 09:48:01.174 65490 INFO tempest.lib.common.rest_client [req-64c23b00-786c-4999-a60b-c02dcc0259ff req-64c23b00-786c-4999-a60b-c02dcc0259ff ] Request (FlavorsAccessTestJSON:tearDownClass): 204 DELETE http://10.180.1.21/identity/v3/projects/1fe1eab347b847d3b4741d6b3faebc69 0.128s
2025-12-09 09:48:01.206 65490 INFO tempest.lib.common.rest_client [req-ea505227-f643-4965-9a7e-d92a0edeeba5 req-ea505227-f643-4965-9a7e-d92a0edeeba5 ] Request (ServersTestManualDisk:setUpClass): 201 POST http://10.180.1.21/identity/v3/auth/tokens 0.030s
2025-12-09 09:48:01.245 65534 INFO tempest.lib.common.rest_client [req-c57d67ac-0285-438e-8c36-6892640a6b3d req-c57d67ac-0285-438e-8c36-6892640a6b3d ] Request (FlavorsV255TestJSON:tearDownClass): 204 DELETE http://10.180.1.21/identity/v3/projects/9273031927c64be0bf8dc9316a0634be 0.107s
2025-12-09 09:48:01.277 65490 INFO tempest.lib.common.rest_client [req-031c9f0f-65f2-4825-883d-a6d819b49494 req-031c9f0f-65f2-4825-883d-a6d819b49494 ] Request (ServersTestManualDisk:setUpClass): 201 POST http://10.180.1.21/identity/v3/auth/tokens 0.066s
2025-12-09 09:48:01.303 65490 INFO tempest.lib.common.rest_client [req-4a060573-c95a-4b65-82d6-b78988c43ea2 req-4a060573-c95a-4b65-82d6-b78988c43ea2 ] Request (ServersTestManualDisk:setUpClass): 200 GET http://10.180.1.21/identity/v3/domains?name=Default 0.025s
2025-12-09 09:48:01.306 65534 INFO tempest.lib.common.rest_client [req-ef77f569-fa14-4d99-9179-536ee4902bbb req-ef77f569-fa14-4d99-9179-536ee4902bbb ] Request (HypervisorAdminNegativeTestJSON:setUpClass): 201 POST http://10.180.1.21/identity/v3/auth/tokens 0.060s
2025-12-09 09:48:01.337 65490 INFO tempest.lib.common.rest_client [req-0acc50c9-6c0c-47cb-a7fb-477e36b3fb28 req-0acc50c9-6c0c-47cb-a7fb-477e36b3fb28 ] Request (ServersTestManualDisk:setUpClass): 201 POST http://10.180.1.21/identity/v3/projects 0.033s
2025-12-09 09:48:01.390 65534 INFO tempest.lib.common.rest_client [req-ed828d79-0494-4edd-bf3d-d3e1555aa89c req-ed828d79-0494-4edd-bf3d-d3e1555aa89c ] Request (HypervisorAdminNegativeTestJSON:setUpClass): 201 POST http://10.180.1.21/identity/v3/auth/tokens 0.080s
2025-12-09 09:48:01.418 65534 INFO tempest.lib.common.rest_client [req-f26c26bd-5e5a-4422-a14c-ec1ee3792aec req-f26c26bd-5e5a-4422-a14c-ec1ee3792aec ] Request (HypervisorAdminNegativeTestJSON:setUpClass): 200 GET http://10.180.1.21/identity/v3/domains?name=Default 0.028s
2025-12-09 09:48:01.419 65490 INFO tempest.lib.common.rest_client [req-948bf5d1-758a-4cbd-992f-9fd58e6baed2 req-948bf5d1-758a-4cbd-992f-9fd58e6baed2 ] Request (ServersTestManualDisk:setUpClass): 201 POST http://10.180.1.21/identity/v3/users 0.078s
2025-12-09 09:48:01.440 65490 INFO tempest.lib.common.rest_client [req-5f026f3d-2ed7-4fd3-9baa-40e36f951fd9 req-5f026f3d-2ed7-4fd3-9baa-40e36f951fd9 ] Request (ServersTestManualDisk:setUpClass): 200 GET http://10.180.1.21/identity/v3/roles 0.020s
2025-12-09 09:48:01.450 65534 INFO tempest.lib.common.rest_client [req-9b38ecf8-3ab2-45da-bebd-2b2842ae4491 req-9b38ecf8-3ab2-45da-bebd-2b2842ae4491 ] Request (HypervisorAdminNegativeTestJSON:setUpClass): 201 POST http://10.180.1.21/identity/v3/projects 0.031s
2025-12-09 09:48:01.517 65490 INFO tempest.lib.common.rest_client [req-d9cb2eed-f918-4c8b-afc1-6a1b2ce76fff req-d9cb2eed-f918-4c8b-afc1-6a1b2ce76fff ] Request (ServersTestManualDisk:setUpClass): 204 PUT http://10.180.1.21/identity/v3/projects/4518623bbc574e48b4dbb42d4179a17b/users/bb473620f8ae4e6eaabf57230e986d77/roles/3d70e162b4694cf3a94cc19cff43525a 0.077s
2025-12-09 09:48:01.517 65490 INFO tempest.lib.common.dynamic_creds [-] Dynamic test user bb473620f8ae4e6eaabf57230e986d77 is created with scope project and roles: ['member']
2025-12-09 09:48:01.518 65490 INFO tempest.lib.common.dynamic_creds [-] Acquired dynamic creds: credentials: Credentials: {'domain_id': 'default', 'domain_name': 'Default', 'username': 'tempest-ServersTestManualDisk-613837110-project-member', 'project_domain_id': 'default', 'project_domain_name': 'Default', 'project_id': '4518623bbc574e48b4dbb42d4179a17b', 'project_name': 'tempest-ServersTestManualDisk-613837110', 'tenant_id': '4518623bbc574e48b4dbb42d4179a17b', 'tenant_name': 'tempest-ServersTestManualDisk-613837110', 'user_domain_id': 'default', 'user_domain_name': 'Default', 'user_id': 'bb473620f8ae4e6eaabf57230e986d77', 'system': None}, Network: None, Subnet: None, Router: None
2025-12-09 09:48:01.600 65534 INFO tempest.lib.common.rest_client [req-bc1c4767-5dc0-4095-ad31-54668c2216da req-bc1c4767-5dc0-4095-ad31-54668c2216da ] Request (HypervisorAdminNegativeTestJSON:setUpClass): 201 POST http://10.180.1.21/identity/v3/users 0.149s
2025-12-09 09:48:01.602 65490 INFO tempest.lib.common.rest_client [req-ce71f3d1-e382-4fb4-b2d6-0d5d55257dd6 req-ce71f3d1-e382-4fb4-b2d6-0d5d55257dd6 ] Request (ServersTestManualDisk:setUpClass): 201 POST http://10.180.1.21/identity/v3/auth/tokens 0.083s
2025-12-09 09:48:01.623 65534 INFO tempest.lib.common.rest_client [req-c2dba275-92c0-46a3-9753-fb3b4fa5899b req-c2dba275-92c0-46a3-9753-fb3b4fa5899b ] Request (HypervisorAdminNegativeTestJSON:setUpClass): 200 GET http://10.180.1.21/identity/v3/roles 0.022s
2025-12-09 09:48:01.651 65534 INFO tempest.lib.common.rest_client [req-952e6b45-6b68-48a3-8290-43d817ca5691 req-952e6b45-6b68-48a3-8290-43d817ca5691 ] Request (HypervisorAdminNegativeTestJSON:setUpClass): 204 PUT http://10.180.1.21/identity/v3/projects/8fa1b0df27b64a16b04dd212d4295d1f/users/f8ae08afb10c4670bf99ba8ca6525f84/roles/3d70e162b4694cf3a94cc19cff43525a 0.028s
2025-12-09 09:48:01.651 65534 INFO tempest.lib.common.dynamic_creds [-] Dynamic test user f8ae08afb10c4670bf99ba8ca6525f84 is created with scope project and roles: ['member']
2025-12-09 09:48:01.652 65534 INFO tempest.lib.common.dynamic_creds [-] Acquired dynamic creds: credentials: Credentials: {'domain_id': 'default', 'domain_name': 'Default', 'username': 'tempest-HypervisorAdminNegativeTestJSON-1509242470-project-member', 'project_domain_id': 'default', 'project_domain_name': 'Default', 'project_id': '8fa1b0df27b64a16b04dd212d4295d1f', 'project_name': 'tempest-HypervisorAdminNegativeTestJSON-1509242470', 'tenant_id': '8fa1b0df27b64a16b04dd212d4295d1f', 'tenant_name': 'tempest-HypervisorAdminNegativeTestJSON-1509242470', 'user_domain_id': 'default', 'user_domain_name': 'Default', 'user_id': 'f8ae08afb10c4670bf99ba8ca6525f84', 'system': None}, Network: None, Subnet: None, Router: None
