2025-12-09 19:13:21.446 65461 INFO tempest.lib.common.dynamic_creds [-] Acquired dynamic creds: credentials: Credentials: {'domain_id': 'default', 'domain_name': 'Default', 'username': 'tempest-ServerActionsTestOtherB-2130822249-project-member', 'project_domain_id': 'default', 'project_domain_name': 'Default', 'project_id': '4acd02e4dd8a4bc48ed622520b809ab0', 'project_name': 'tempest-ServerActionsTestOtherB-2130822249', 'tenant_id': '4acd02e4dd8a4bc48ed622520b809ab0', 'tenant_name': 'tempest-ServerActionsTestOtherB-2130822249', 'user_domain_id': 'default', 'user_domain_name': 'Default', 'user_id': 'aea5c1ee660943a3ab1052b5ee98f302', 'system': None}, Network: None, Subnet: None, Router: None
2025-12-09 19:13:21.519 65461 INFO tempest.lib.common.rest_client [req-98428a00-e3c5-46ab-905e-a569a859b868 req-98428a00-e3c5-46ab-905e-a569a859b868 ] Request (ServerActionsTestOtherB:setUpClass): 201 POST http://10.180.1.21/identity/v3/auth/tokens 0.073s
2025-12-09 19:13:21.633 65465 INFO tempest.lib.common.rest_client [req-755dcebe-5a28-4559-9a49-49543c2bd0f2 req-755dcebe-5a28-4559-9a49-49543c2bd0f2 ] Request (VolumesAssistedSnapshotsTest:tearDownClass): 200 PUT http://10.180.1.21/networking/v2.0/routers/b750134f-544b-4add-b1f4-7558fc4fc24b/remove_router_interface 1.275s
2025-12-09 19:13:21.691 65455 INFO tempest.lib.common.rest_client [req-6f7197f3-1d07-4c1f-a4e5-4d572816e19a req-6f7197f3-1d07-4c1f-a4e5-4d572816e19a ] Request (InstanceActionsNegativeTestJSON:setUpClass): 200 GET http://10.180.1.21/compute/v2.1/servers/420e966b-3113-4bd2-a7f3-a53375f5441a 3.583s
2025-12-09 19:13:21.700 65455 INFO tempest.common.waiters [-] State transition "BUILD/None" ==> "BUILD/block_device_mapping" after 58 second wait
2025-12-09 19:13:21.706 65497 INFO tempest.lib.common.rest_client [req-5819174a-5f91-4770-a683-4467ab492369 req-5819174a-5f91-4770-a683-4467ab492369 ] Request (AttachInterfacesV270Test:tearDownClass): 200 GET http://10.180.1.21/compute/v2.1/servers/79e58f83-8a03-4bfc-be8f-3f8d5c07c446 3.482s
2025-12-09 19:13:21.769 65481 INFO tempest.lib.common.rest_client [req-8691ce84-0a07-49cd-93a5-910d9639c33a req-8691ce84-0a07-49cd-93a5-910d9639c33a ] Request (ImagesTestJSON:test_create_image_from_suspended_server): 200 GET http://10.180.1.21/compute/v2.1/images/72faaa78-e573-4551-b781-afe353e8fe7d 3.512s
2025-12-09 19:13:22.049 65461 INFO tempest.lib.common.rest_client [req-bfc73901-96c0-4c3b-9308-16027942a74a req-bfc73901-96c0-4c3b-9308-16027942a74a ] Request (ServerActionsTestOtherB:setUpClass): 201 POST http://10.180.1.21/networking/v2.0/networks 0.529s
2025-12-09 19:13:22.514 65465 INFO tempest.lib.common.rest_client [req-690e215e-d82d-4836-bb56-c06b234cf271 req-690e215e-d82d-4836-bb56-c06b234cf271 ] Request (VolumesAssistedSnapshotsTest:tearDownClass): 204 DELETE http://10.180.1.21/networking/v2.0/routers/b750134f-544b-4add-b1f4-7558fc4fc24b 0.880s
2025-12-09 19:13:22.545 65473 INFO tempest.lib.common.rest_client [req-7af82de7-a5f5-49cc-999e-add638780a63 req-7af82de7-a5f5-49cc-999e-add638780a63 ] Request (AttachInterfacesTestJSON:test_create_list_show_delete_interfaces_by_network_port): 200 GET http://10.180.1.21/compute/v2.1/servers/0b9d2103-6508-4dab-87cc-6175d25872c2 4.234s
2025-12-09 19:13:22.554 65493 INFO tempest.lib.common.rest_client [req-137a6bf3-3f0a-48ec-9514-99acd622d914 req-137a6bf3-3f0a-48ec-9514-99acd622d914 ] Request (ServersTestMultiNic:test_verify_multiple_nics_order): 200 GET http://10.180.1.21/compute/v2.1/servers/e922f27d-3656-4175-b78f-643512b80525 4.167s
2025-12-09 19:13:22.930 65461 INFO tempest.lib.common.rest_client [req-4034fa5c-b770-4374-9953-1b906ef83a96 req-4034fa5c-b770-4374-9953-1b906ef83a96 ] Request (ServerActionsTestOtherB:setUpClass): 201 POST http://10.180.1.21/networking/v2.0/subnets 0.880s
2025-12-09 19:13:22.964 65453 INFO tempest.lib.common.rest_client [req-eccd6195-db84-4acf-b80a-65c1014ad788 req-eccd6195-db84-4acf-b80a-65c1014ad788 ] Request (DeleteServersTestJSON:test_delete_server_while_in_shelved_state): 200 GET http://10.180.1.21/compute/v2.1/servers/4ee2a68c-61ee-4fb6-a504-19f628a554e6 4.470s
2025-12-09 19:13:22.972 65447 INFO tempest.lib.common.rest_client [req-3c61b959-37eb-4a3e-9cec-2677ed454a18 req-3c61b959-37eb-4a3e-9cec-2677ed454a18 ] Request (ListServerFiltersTestJSON:tearDownClass): 200 GET http://10.180.1.21/compute/v2.1/servers/4cdd2734-2658-40bc-b423-ffd1b05ae9b5 4.426s
2025-12-09 19:13:22.976 65465 INFO tempest.lib.common.rest_client [req-16b16983-9ac2-4ba6-b416-0cfcd6ff9df1 req-16b16983-9ac2-4ba6-b416-0cfcd6ff9df1 ] Request (VolumesAssistedSnapshotsTest:tearDownClass): 204 DELETE http://10.180.1.21/networking/v2.0/subnets/c4097433-bf48-44b5-a02b-2f04c6a68c9b 0.462s
2025-12-09 19:13:23.330 65465 INFO tempest.lib.common.rest_client [req-ded1e057-6518-471d-bc24-e54b14a106a2 req-ded1e057-6518-471d-bc24-e54b14a106a2 ] Request (VolumesAssistedSnapshotsTest:tearDownClass): 204 DELETE http://10.180.1.21/networking/v2.0/networks/904f70f5-3650-47ed-924c-a52e367c9461 0.353s
2025-12-09 19:13:23.392 65437 WARNING tempest.lib.common.ssh [-] Failed to establish authenticated ssh connection to cirros@10.180.180.150 ([Errno None] Unable to connect to port 22 on 10.180.180.150). Number attempts: 3. Retry after 4 seconds.: paramiko.ssh_exception.NoValidConnectionsError: [Errno None] Unable to connect to port 22 on 10.180.180.150
2025-12-09 19:13:23.409 65491 INFO tempest.lib.common.rest_client [req-bfbfdf23-10b9-4b0b-98fb-3e5a684afad4 req-bfbfdf23-10b9-4b0b-98fb-3e5a684afad4 ] Request (ServerGroupTestJSON:test_create_server_with_scheduler_hint_group): 200 GET http://10.180.1.21/compute/v2.1/servers/aa5069e8-a85f-4259-ac33-85ca2d798a95 4.803s
2025-12-09 19:13:23.416 65443 INFO tempest.lib.common.rest_client [req-740388ce-91a3-4abc-9da3-70a27f56a4fa req-740388ce-91a3-4abc-9da3-70a27f56a4fa ] Request (ServerShowV247Test:tearDownClass): 200 GET http://10.180.1.21/compute/v2.1/servers/e7da75c4-498f-4584-a914-843bbae81e6a 4.852s
2025-12-09 19:13:23.805 65461 INFO tempest.lib.common.rest_client [req-358b357c-146d-4f71-b555-b8e1e7c8dbf4 req-358b357c-146d-4f71-b555-b8e1e7c8dbf4 ] Request (ServerActionsTestOtherB:setUpClass): 201 POST http://10.180.1.21/networking/v2.0/routers 0.874s
2025-12-09 19:13:23.954 65464 INFO tempest.lib.common.rest_client [req-7024ed55-6cf1-4ee4-89ee-c2ffdd555d85 req-7024ed55-6cf1-4ee4-89ee-c2ffdd555d85 ] Request (ServerShowV257Test:test_rebuild_server): 200 GET http://10.180.1.21/compute/v2.1/servers/6e8cfe12-a377-4fa5-9049-c00e2d0acb8a 5.236s
2025-12-09 19:13:23.965 65464 INFO tempest.common.waiters [-] State transition "REBUILD/rebuild_spawning" ==> "ACTIVE/None" after 12 second wait
2025-12-09 19:13:24.296 65465 INFO tempest.lib.common.rest_client [req-7392a350-7cf1-46d9-9634-1a1aab9088e0 req-7392a350-7cf1-46d9-9634-1a1aab9088e0 ] Request (VolumesAssistedSnapshotsTest:tearDownClass): 200 PUT http://10.180.1.21/networking/v2.0/routers/bdf894cf-0b08-4ebd-b412-fb08254aa355/remove_router_interface 0.966s
2025-12-09 19:13:24.339 65441 INFO tempest.lib.common.rest_client [req-33cee9e9-8877-483e-a7b1-61a62cce4319 req-33cee9e9-8877-483e-a7b1-61a62cce4319 ] Request (ServersTestJSON:test_create_specify_keypair): 200 GET http://10.180.1.21/compute/v2.1/servers/cf38c0c1-e960-4a31-a16c-c5dac7866f95 5.599s
2025-12-09 19:13:24.347 65441 INFO tempest.common.waiters [-] State transition "BUILD/spawning" ==> "ACTIVE/None" after 61 second wait
2025-12-09 19:13:24.373 65471 INFO tempest.lib.common.rest_client [req-80164f0b-3c7f-4681-bd7d-ae1665b4b6dc req-80164f0b-3c7f-4681-bd7d-ae1665b4b6dc ] Request (InstanceActionsTestJSON:tearDownClass): 200 GET http://10.180.1.21/compute/v2.1/servers/54c329f1-6e15-4f94-a35d-e1e9aa2d8905 5.538s
2025-12-09 19:13:24.840 65465 INFO tempest.lib.common.rest_client [req-8ff05f0c-9c23-419a-8078-58fc799058d9 req-8ff05f0c-9c23-419a-8078-58fc799058d9 ] Request (VolumesAssistedSnapshotsTest:tearDownClass): 204 DELETE http://10.180.1.21/networking/v2.0/routers/bdf894cf-0b08-4ebd-b412-fb08254aa355 0.543s
2025-12-09 19:13:24.893 65461 INFO tempest.lib.common.rest_client [req-9951a91d-cbca-4a75-8b28-a73c02b06b84 req-9951a91d-cbca-4a75-8b28-a73c02b06b84 ] Request (ServerActionsTestOtherB:setUpClass): 200 PUT http://10.180.1.21/networking/v2.0/routers/7b340b93-21ea-48fc-bec6-d93082dd4c5f/add_router_interface 1.087s
2025-12-09 19:13:24.893 65461 INFO tempest.lib.common.dynamic_creds [-] Created isolated network resources for: credentials: Credentials: {'domain_id': 'default', 'domain_name': 'Default', 'username': 'tempest-ServerActionsTestOtherB-2130822249-project-member', 'project_domain_id': 'default', 'project_domain_name': 'Default', 'project_id': '4acd02e4dd8a4bc48ed622520b809ab0', 'project_name': 'tempest-ServerActionsTestOtherB-2130822249', 'tenant_id': '4acd02e4dd8a4bc48ed622520b809ab0', 'tenant_name': 'tempest-ServerActionsTestOtherB-2130822249', 'user_domain_id': 'default', 'user_domain_name': 'Default', 'user_id': 'aea5c1ee660943a3ab1052b5ee98f302', 'system': None}, Network: {'id': 'ba8504b9-4f01-4542-ad08-127747a1cc5d', 'name': 'tempest-ServerActionsTestOtherB-737213712-network', 'tenant_id': '4acd02e4dd8a4bc48ed622520b809ab0', 'project_id': '4acd02e4dd8a4bc48ed622520b809ab0', 'admin_state_up': True, 'mtu': 8950, 'status': 'ACTIVE', 'subnets': [], 'shared': False, 'port_security_enabled': True, 'router:external': False, 'provider:network_type': 'vlan', 'provider:physical_network': 'default', 'provider:segmentation_id': 268, 'availability_zone_hints': [], 'availability_zones': [], 'ipv4_address_scope': None, 'ipv6_address_scope': None, 'description': '', 'tags': [], 'created_at': '2025-12-09T19:13:21Z', 'updated_at': '2025-12-09T19:13:21Z', 'revision_number': 1}, Subnet: {'id': 'e981da69-ca7b-412b-a295-cc7055191086', 'name': 'tempest-ServerActionsTestOtherB-737213712-subnet', 'tenant_id': '4acd02e4dd8a4bc48ed622520b809ab0', 'network_id': 'ba8504b9-4f01-4542-ad08-127747a1cc5d', 'ip_version': 4, 'subnetpool_id': None, 'enable_dhcp': True, 'ipv6_ra_mode': None, 'ipv6_address_mode': None, 'gateway_ip': '192.168.128.1', 'cidr': '192.168.128.0/28', 'allocation_pools': [{'start': '192.168.128.2', 'end': '192.168.128.14'}], 'host_routes': [], 'dns_nameservers': [], 'description': '', 'router:external': False, 'service_types': [], 'tags': [], 'created_at': '2025-12-09T19:13:22Z', 'updated_at': '2025-12-09T19:13:22Z', 'revision_number': 0, 'project_id': '4acd02e4dd8a4bc48ed622520b809ab0'}, Router: {'id': '7b340b93-21ea-48fc-bec6-d93082dd4c5f', 'name': 'tempest-ServerActionsTestOtherB-737213712-router', 'tenant_id': '4acd02e4dd8a4bc48ed622520b809ab0', 'admin_state_up': True, 'status': 'ACTIVE', 'external_gateway_info': {'network_id': 'f52467b6-9a70-4a2d-8b29-0ab65afff8be', 'external_fixed_ips': [{'subnet_id': 'a13efda2-2221-4efc-9f2d-f4cb2375211e', 'ip_address': '10.180.180.238'}], 'enable_snat': True}, 'description': '', 'availability_zones': [], 'distributed': False, 'ha': False, 'availability_zone_hints': [], 'routes': [], 'flavor_id': None, 'tags': [], 'created_at': '2025-12-09T19:13:23Z', 'updated_at': '2025-12-09T19:13:23Z', 'revision_number': 2, 'project_id': '4acd02e4dd8a4bc48ed622520b809ab0'}
2025-12-09 19:13:24.900 65495 INFO tempest.lib.common.rest_client [req-3635f437-be39-48fb-8e91-11a23ad3eb42 req-3635f437-be39-48fb-8e91-11a23ad3eb42 ] Request (ServersListShow2100Test:tearDownClass): 200 GET http://10.180.1.21/compute/v2.1/servers/d33e2789-ff5f-4647-90db-a7b867dafc3b 5.746s
2025-12-09 19:13:24.922 65489 INFO tempest.lib.common.rest_client [req-b279acbb-3b80-484c-bf96-962527625622 req-b279acbb-3b80-484c-bf96-962527625622 ] Request (SecurityGroupsTestJSON:test_server_security_groups): 200 GET http://10.180.1.21/compute/v2.1/servers/ba1e955d-30e3-4243-8abc-6c732b211c63 4.952s
2025-12-09 19:13:24.929 65439 WARNING tempest.lib.common.ssh [-] Failed to establish authenticated ssh connection to cirros@10.180.180.149 ([Errno None] Unable to connect to port 22 on 10.180.180.149). Number attempts: 4. Retry after 5 seconds.: paramiko.ssh_exception.NoValidConnectionsError: [Errno None] Unable to connect to port 22 on 10.180.180.149
2025-12-09 19:13:24.997 65459 INFO tempest.lib.common.rest_client [req-9ea3fec9-3902-41a0-a4bf-1a35dad0a3cf req-9ea3fec9-3902-41a0-a4bf-1a35dad0a3cf ] Request (ServerRescueTestJSON:setUpClass): 200 GET http://10.180.1.21/compute/v2.1/servers/025859df-91e5-44e3-8c6b-8e6f6a819ee2 4.489s
2025-12-09 19:13:25.015 65461 INFO tempest.lib.common.rest_client [req-2d4851c4-19e1-407d-a563-70d72de32dcb req-2d4851c4-19e1-407d-a563-70d72de32dcb ] Request (ServerActionsTestOtherB:setUpClass): 201 POST http://10.180.1.21/identity/v3/auth/tokens 0.117s
2025-12-09 19:13:25.021 65457 INFO tempest.lib.common.rest_client [req-3cc8c789-6b86-4526-91b6-a032633486de req-3cc8c789-6b86-4526-91b6-a032633486de ] Request (FloatingIPsAssociationTestJSON:tearDownClass): 404 GET http://10.180.1.21/compute/v2.1/servers/ec6780b8-4572-4a17-8155-3578eb11f5af 4.506s
2025-12-09 19:13:25.060 65465 INFO tempest.lib.common.rest_client [req-0783cbba-ec0d-401d-99bf-def20f101df8 req-0783cbba-ec0d-401d-99bf-def20f101df8 ] Request (VolumesAssistedSnapshotsTest:tearDownClass): 204 DELETE http://10.180.1.21/networking/v2.0/subnets/23a84b97-23b1-4d77-bfd0-2672a3bf776d 0.219s
2025-12-09 19:13:25.083 65479 INFO tempest.lib.common.rest_client [req-d2ad33e9-d76a-4ae4-9eb4-e6e4f66c9cae req-d2ad33e9-d76a-4ae4-9eb4-e6e4f66c9cae ] Request (MigrationsAdminTest:test_resize_server_revert_deleted_flavor): 200 GET http://10.180.1.21/compute/v2.1/servers/0ad89329-fbc5-4733-9b81-2073b3794ed6 4.267s
2025-12-09 19:13:25.110 65445 INFO tempest.lib.common.rest_client [req-95962098-9fe6-4e0f-aeb3-548f93f12162 req-95962098-9fe6-4e0f-aeb3-548f93f12162 ] Request (ImagesOneServerTestJSON:setUpClass): 200 GET http://10.180.1.21/compute/v2.1/servers/a849b5a4-08ab-40f1-a7e4-fbd499610195 5.053s
2025-12-09 19:13:25.118 65445 INFO tempest.common.waiters [-] State transition "BUILD/spawning" ==> "ACTIVE/None" after 64 second wait
2025-12-09 19:13:25.166 65451 INFO tempest.lib.common.rest_client [req-83f7fd04-e83f-4adc-b247-1ba6da632410 req-83f7fd04-e83f-4adc-b247-1ba6da632410 ] Request (ImagesOneServerNegativeTestJSON:_run_cleanups): 200 GET http://10.180.1.21/compute/v2.1/servers/a6d3a069-4d53-43ae-9f1c-4babd0c9ffe9 4.332s
2025-12-09 19:13:25.182 65467 INFO tempest.lib.common.rest_client [req-9ea28ffc-e5b6-4f48-a083-2d971eddaa8e req-9ea28ffc-e5b6-4f48-a083-2d971eddaa8e ] Request (ServersV294TestFqdnHostnames:tearDownClass): 200 GET http://10.180.1.21/compute/v2.1/servers/2bf2eca0-ae42-48b7-85fd-3377965d17f6 3.764s
2025-12-09 19:13:25.235 65485 INFO tempest.lib.common.rest_client [req-8286121c-cc27-4503-9727-496ccbbf7cfe req-8286121c-cc27-4503-9727-496ccbbf7cfe ] Request (ListServersNegativeTestJSON:tearDownClass): 200 GET http://10.180.1.21/compute/v2.1/servers/57f36539-cf53-4fdf-a99e-5307d3e6c1af 3.798s
2025-12-09 19:13:25.259 65449 INFO tempest.lib.common.rest_client [req-14202665-2e5b-4644-9ff6-3e192405c80a req-14202665-2e5b-4644-9ff6-3e192405c80a ] Request (ServersAdminTestJSON:tearDownClass): 200 GET http://10.180.1.21/compute/v2.1/servers/aa29661e-7f06-4904-b499-faec694ba2d8 3.283s
2025-12-09 19:13:25.346 65465 INFO tempest.lib.common.rest_client [req-e2bc336e-5f6c-44e2-907a-5c4f77d286b7 req-e2bc336e-5f6c-44e2-907a-5c4f77d286b7 ] Request (VolumesAssistedSnapshotsTest:tearDownClass): 204 DELETE http://10.180.1.21/networking/v2.0/networks/b74bbdbc-f0ab-49ba-b0ca-2b8bb70b9032 0.286s
2025-12-09 19:13:25.367 65497 INFO tempest.lib.common.rest_client [req-697d9155-b0bc-4bff-86e7-474ac6500e9a req-697d9155-b0bc-4bff-86e7-474ac6500e9a ] Request (AttachInterfacesV270Test:tearDownClass): 200 GET http://10.180.1.21/compute/v2.1/servers/79e58f83-8a03-4bfc-be8f-3f8d5c07c446 2.649s
2025-12-09 19:13:25.386 65455 INFO tempest.lib.common.rest_client [req-0e7e228b-26e9-4e19-aa72-d910d3bdd1a8 req-0e7e228b-26e9-4e19-aa72-d910d3bdd1a8 ] Request (InstanceActionsNegativeTestJSON:setUpClass): 200 GET http://10.180.1.21/compute/v2.1/servers/420e966b-3113-4bd2-a7f3-a53375f5441a 2.684s
2025-12-09 19:13:25.394 65455 INFO tempest.common.waiters [-] State transition "BUILD/block_device_mapping" ==> "BUILD/spawning" after 62 second wait
2025-12-09 19:13:25.426 65481 INFO tempest.lib.common.rest_client [req-a71dab50-ecfe-4bdb-9112-89d778e3f66c req-a71dab50-ecfe-4bdb-9112-89d778e3f66c ] Request (ImagesTestJSON:test_create_image_from_suspended_server): 200 GET http://10.180.1.21/compute/v2.1/images/72faaa78-e573-4551-b781-afe353e8fe7d 2.650s
2025-12-09 19:13:25.456 65473 INFO tempest.lib.common.rest_client [req-497286ad-1fe4-4b1c-b63e-8ba98f66c24b req-497286ad-1fe4-4b1c-b63e-8ba98f66c24b ] Request (AttachInterfacesTestJSON:test_create_list_show_delete_interfaces_by_network_port): 200 GET http://10.180.1.21/compute/v2.1/servers/0b9d2103-6508-4dab-87cc-6175d25872c2 1.903s
2025-12-09 19:13:25.477 65465 INFO tempest.lib.common.rest_client [req-c47b2007-d5b2-4983-8444-4e2bd9b5af09 req-c47b2007-d5b2-4983-8444-4e2bd9b5af09 ] Request (VolumesAssistedSnapshotsTest:tearDownClass): 204 DELETE http://10.180.1.21/identity/v3/users/06f74edd9b9440619a06a7a872ed03ae 0.131s
2025-12-09 19:13:25.497 65493 INFO tempest.lib.common.rest_client [req-1b21e97c-07ad-4057-b16a-47ae2906b35e req-1b21e97c-07ad-4057-b16a-47ae2906b35e ] Request (ServersTestMultiNic:test_verify_multiple_nics_order): 200 GET http://10.180.1.21/compute/v2.1/servers/e922f27d-3656-4175-b78f-643512b80525 1.935s
2025-12-09 19:13:25.561 65453 INFO tempest.lib.common.rest_client [req-6e47ad49-59b7-41ad-9120-b38ab14895bc req-6e47ad49-59b7-41ad-9120-b38ab14895bc ] Request (DeleteServersTestJSON:test_delete_server_while_in_shelved_state): 200 GET http://10.180.1.21/compute/v2.1/servers/4ee2a68c-61ee-4fb6-a504-19f628a554e6 1.586s
2025-12-09 19:13:25.561 65464 INFO tempest.lib.common.rest_client [req-12459693-1f54-4e22-ad1a-4252aa2b45e8 req-12459693-1f54-4e22-ad1a-4252aa2b45e8 ] Request (ServerShowV257Test:tearDownClass): 204 DELETE http://10.180.1.21/compute/v2.1/servers/6e8cfe12-a377-4fa5-9049-c00e2d0acb8a 1.594s
2025-12-09 19:13:25.632 65447 INFO tempest.lib.common.rest_client [req-903b77ba-d496-482e-8274-f6838563a408 req-903b77ba-d496-482e-8274-f6838563a408 ] Request (ListServerFiltersTestJSON:tearDownClass): 200 GET http://10.180.1.21/compute/v2.1/servers/4cdd2734-2658-40bc-b423-ffd1b05ae9b5 1.649s
2025-12-09 19:13:25.634 65465 INFO tempest.lib.common.rest_client [req-c3c310a2-1de0-47b3-bf1a-5b8a75acebf0 req-c3c310a2-1de0-47b3-bf1a-5b8a75acebf0 ] Request (VolumesAssistedSnapshotsTest:tearDownClass): 204 DELETE http://10.180.1.21/identity/v3/users/45c55b2379c6453fbd2d7ffdd1dbc659 0.157s
2025-12-09 19:13:25.692 65491 INFO tempest.lib.common.rest_client [req-6cff43c5-cbf2-4a28-b7f7-fb203fb9fc07 req-6cff43c5-cbf2-4a28-b7f7-fb203fb9fc07 ] Request (ServerGroupTestJSON:test_create_server_with_scheduler_hint_group): 200 GET http://10.180.1.21/compute/v2.1/servers/aa5069e8-a85f-4259-ac33-85ca2d798a95 1.273s
2025-12-09 19:13:25.713 65443 INFO tempest.lib.common.rest_client [req-923c63b2-9a79-4171-b83b-882b10ef8e44 req-923c63b2-9a79-4171-b83b-882b10ef8e44 ] Request (ServerShowV247Test:tearDownClass): 404 GET http://10.180.1.21/compute/v2.1/servers/e7da75c4-498f-4584-a914-843bbae81e6a 1.283s
2025-12-09 19:13:25.733 65441 INFO tempest.lib.common.rest_client [req-c1528047-1996-422b-8c49-4e146d3de5a0 req-c1528047-1996-422b-8c49-4e146d3de5a0 ] Request (ServersTestJSON:test_create_specify_keypair): 200 GET http://10.180.1.21/compute/v2.1/servers/cf38c0c1-e960-4a31-a16c-c5dac7866f95 1.385s
2025-12-09 19:13:25.749 65465 INFO tempest.lib.common.rest_client [req-e09bd3d4-6149-4df7-adb4-d52031143f5d req-e09bd3d4-6149-4df7-adb4-d52031143f5d ] Request (VolumesAssistedSnapshotsTest:tearDownClass): 204 DELETE http://10.180.1.21/identity/v3/users/681c263089bb47e2a7003f2ebf4ac0fc 0.114s
2025-12-09 19:13:25.749 65465 INFO tempest.lib.common.dynamic_creds [-] Deleting project and security group for project: 736b87a5f22e4e8c810a339c6d95b42b
2025-12-09 19:13:25.776 65465 INFO tempest.lib.common.rest_client [req-5392184c-136b-4fa4-ae0a-74ca7d86f079 req-5392184c-136b-4fa4-ae0a-74ca7d86f079 ] Request (VolumesAssistedSnapshotsTest:tearDownClass): 200 GET http://10.180.1.21/networking/v2.0/security-groups?tenant_id=736b87a5f22e4e8c810a339c6d95b42b&name=default 0.027s
2025-12-09 19:13:25.867 65465 INFO tempest.lib.common.rest_client [req-857ab1bb-fd83-4ed0-aa30-baed42f34c77 req-857ab1bb-fd83-4ed0-aa30-baed42f34c77 ] Request (VolumesAssistedSnapshotsTest:tearDownClass): 204 DELETE http://10.180.1.21/networking/v2.0/security-groups/e5c106a0-940a-4bf0-860a-9afee33fc13e 0.090s
2025-12-09 19:13:25.896 65461 INFO tempest.lib.common.rest_client [req-3dddf253-2e4e-4763-9a21-c9a167eb4cec req-3dddf253-2e4e-4763-9a21-c9a167eb4cec ] Request (ServerActionsTestOtherB:setUpClass): 200 POST http://10.180.1.21/compute/v2.1/os-keypairs 0.878s
2025-12-09 19:13:25.967 65465 INFO tempest.lib.common.rest_client [req-45d822f3-378f-407e-ba99-790839f3f9ea req-45d822f3-378f-407e-ba99-790839f3f9ea ] Request (VolumesAssistedSnapshotsTest:tearDownClass): 204 DELETE http://10.180.1.21/identity/v3/projects/736b87a5f22e4e8c810a339c6d95b42b 0.099s
2025-12-09 19:13:25.967 65465 INFO tempest.lib.common.dynamic_creds [-] Deleting project and security group for project: ed7020e528e24b32a339eea5dbe19c3e
2025-12-09 19:13:26.020 65461 INFO tempest.lib.common.rest_client [req-c695dd98-8f63-4045-9ff2-49a59f68334a req-c695dd98-8f63-4045-9ff2-49a59f68334a ] Request (ServerActionsTestOtherB:setUpClass): 201 POST http://10.180.1.21/networking/v2.0/security-groups 0.122s
2025-12-09 19:13:26.046 65465 INFO tempest.lib.common.rest_client [req-6345c939-0eb1-46e8-9e28-14aff08bf065 req-6345c939-0eb1-46e8-9e28-14aff08bf065 ] Request (VolumesAssistedSnapshotsTest:tearDownClass): 200 GET http://10.180.1.21/networking/v2.0/security-groups?tenant_id=ed7020e528e24b32a339eea5dbe19c3e&name=default 0.078s
2025-12-09 19:13:26.152 65461 INFO tempest.lib.common.rest_client [req-20d480ea-61a2-4838-95d3-d2536bec2fe4 req-20d480ea-61a2-4838-95d3-d2536bec2fe4 ] Request (ServerActionsTestOtherB:setUpClass): 201 POST http://10.180.1.21/networking/v2.0/security-group-rules 0.132s
2025-12-09 19:13:26.155 65457 INFO tempest.lib.common.rest_client [req-090f5a15-4503-417e-9bd9-9c140b0eefc2 req-090f5a15-4503-417e-9bd9-9c140b0eefc2 ] Request (FloatingIPsAssociationTestJSON:tearDownClass): 202 DELETE http://10.180.1.21/compute/v2.1/os-floating-ips/207eaa69-8d24-4c98-aa7f-23b5769b629c 1.133s
2025-12-09 19:13:26.277 65461 INFO tempest.lib.common.rest_client [req-9954a4d6-51ca-42d8-b684-6d303364c4f5 req-9954a4d6-51ca-42d8-b684-6d303364c4f5 ] Request (ServerActionsTestOtherB:setUpClass): 201 POST http://10.180.1.21/networking/v2.0/security-group-rules 0.125s
2025-12-09 19:13:26.286 65465 INFO tempest.lib.common.rest_client [req-7f36747a-9147-4371-a180-660388b10098 req-7f36747a-9147-4371-a180-660388b10098 ] Request (VolumesAssistedSnapshotsTest:tearDownClass): 204 DELETE http://10.180.1.21/networking/v2.0/security-groups/767bba99-cf75-4dcf-806e-4afcaa33a06c 0.239s
2025-12-09 19:13:26.305 65471 INFO tempest.lib.common.rest_client [req-1b1ed052-3e31-4f16-aa7e-17a0bb228ef9 req-1b1ed052-3e31-4f16-aa7e-17a0bb228ef9 ] Request (InstanceActionsTestJSON:tearDownClass): 200 GET http://10.180.1.21/compute/v2.1/servers/54c329f1-6e15-4f94-a35d-e1e9aa2d8905 0.918s
2025-12-09 19:13:26.348 65481 INFO tempest.lib.common.rest_client [req-34a3f09a-e854-4199-8343-dae5029767a2 req-34a3f09a-e854-4199-8343-dae5029767a2 ] Request (ImagesTestJSON:test_create_image_from_suspended_server): 200 GET http://10.180.1.21/compute/v2.1/images/72faaa78-e573-4551-b781-afe353e8fe7d 0.919s
2025-12-09 19:13:26.384 65481 INFO tempest.lib.common.rest_client [req-ab8d6cee-44a9-41dd-bd48-52392d5b2051 req-ab8d6cee-44a9-41dd-bd48-52392d5b2051 ] Request (ImagesTestJSON:test_create_image_from_suspended_server): 200 GET http://10.180.1.21/image/v2/images/72faaa78-e573-4551-b781-afe353e8fe7d/tasks 0.033s
2025-12-09 19:13:26.439 65464 INFO tempest.lib.common.rest_client [req-e730a34d-5f2d-49b5-9eff-8336d7cf64ad req-e730a34d-5f2d-49b5-9eff-8336d7cf64ad ] Request (ServerShowV257Test:tearDownClass): 200 GET http://10.180.1.21/compute/v2.1/servers/6e8cfe12-a377-4fa5-9049-c00e2d0acb8a 0.877s
2025-12-09 19:13:26.439 65465 INFO tempest.lib.common.rest_client [req-55246769-b6d9-439c-9de1-45bb0138c756 req-55246769-b6d9-439c-9de1-45bb0138c756 ] Request (VolumesAssistedSnapshotsTest:tearDownClass): 204 DELETE http://10.180.1.21/identity/v3/projects/ed7020e528e24b32a339eea5dbe19c3e 0.152s
2025-12-09 19:13:26.439 65465 INFO tempest.lib.common.dynamic_creds [-] Deleting project and security group for project: 0d51b6884db0489da5550a9f5243c52e
2025-12-09 19:13:26.477 65465 INFO tempest.lib.common.rest_client [req-45e26d0c-2e1c-48a2-9194-172f905356c3 req-45e26d0c-2e1c-48a2-9194-172f905356c3 ] Request (VolumesAssistedSnapshotsTest:tearDownClass): 200 GET http://10.180.1.21/networking/v2.0/security-groups?tenant_id=0d51b6884db0489da5550a9f5243c52e&name=default 0.037s
2025-12-09 19:13:26.514 65445 INFO tempest.lib.common.rest_client [req-753fb738-9a1a-4581-8aaf-c53fd29d5bbb req-753fb738-9a1a-4581-8aaf-c53fd29d5bbb ] Request (ImagesOneServerTestJSON:test_create_delete_image): 202 POST http://10.180.1.21/compute/v2.1/servers/a849b5a4-08ab-40f1-a7e4-fbd499610195/action 1.395s
2025-12-09 19:13:26.559 65443 INFO tempest.lib.common.rest_client [req-fed40444-effd-4613-97c9-9bb1117786ce req-fed40444-effd-4613-97c9-9bb1117786ce ] Request (ServerShowV247Test:tearDownClass): 204 DELETE http://10.180.1.21/compute/v2.1/servers/95ee3e0e-79d5-43d3-bb92-3497194d0f03 0.845s
2025-12-09 19:13:26.597 65465 INFO tempest.lib.common.rest_client [req-d666ffab-e8c2-4f0b-a063-d8056130663d req-d666ffab-e8c2-4f0b-a063-d8056130663d ] Request (VolumesAssistedSnapshotsTest:tearDownClass): 204 DELETE http://10.180.1.21/networking/v2.0/security-groups/e4c9bf84-375c-4e81-b00c-16a135932142 0.120s
2025-12-09 19:13:26.621 65441 INFO tempest.lib.common.rest_client [req-1ea439fb-4b69-40a2-a694-0595d7d65ad6 req-1ea439fb-4b69-40a2-a694-0595d7d65ad6 ] Request (ServersTestJSON:_run_cleanups): 204 DELETE http://10.180.1.21/compute/v2.1/servers/cf38c0c1-e960-4a31-a16c-c5dac7866f95 0.880s
2025-12-09 19:13:26.650 65495 INFO tempest.lib.common.rest_client [req-dc3c4042-1a4d-4e08-9640-efc2e7350afc req-dc3c4042-1a4d-4e08-9640-efc2e7350afc ] Request (ServersListShow2100Test:tearDownClass): 200 GET http://10.180.1.21/compute/v2.1/servers/d33e2789-ff5f-4647-90db-a7b867dafc3b 0.732s
2025-12-09 19:13:26.694 65489 INFO tempest.lib.common.rest_client [req-bc6277a2-ea08-40e7-ab0b-8129379f9d0f req-bc6277a2-ea08-40e7-ab0b-8129379f9d0f ] Request (SecurityGroupsTestJSON:test_server_security_groups): 200 GET http://10.180.1.21/compute/v2.1/servers/ba1e955d-30e3-4243-8abc-6c732b211c63 0.763s
2025-12-09 19:13:26.710 65459 INFO tempest.lib.common.rest_client [req-737295cc-2b6b-48cf-94a8-925011eb315a req-737295cc-2b6b-48cf-94a8-925011eb315a ] Request (ServerRescueTestJSON:setUpClass): 200 GET http://10.180.1.21/compute/v2.1/servers/025859df-91e5-44e3-8c6b-8e6f6a819ee2 0.704s
2025-12-09 19:13:26.750 65465 INFO tempest.lib.common.rest_client [req-ba0ed5ff-66de-4050-8a93-673f5d25dc9a req-ba0ed5ff-66de-4050-8a93-673f5d25dc9a ] Request (VolumesAssistedSnapshotsTest:tearDownClass): 204 DELETE http://10.180.1.21/identity/v3/projects/0d51b6884db0489da5550a9f5243c52e 0.152s
2025-12-09 19:13:26.751 65465 INFO tempest.test [-] raised in LiveAutoBlockMigrationV225Test.setUpClass. Invoking tearDownClass.
2025-12-09 19:13:26.773 65479 INFO tempest.lib.common.rest_client [req-2ae3d56d-14f2-44e2-b11a-4600924f5eaa req-2ae3d56d-14f2-44e2-b11a-4600924f5eaa ] Request (MigrationsAdminTest:test_resize_server_revert_deleted_flavor): 200 GET http://10.180.1.21/compute/v2.1/servers/0ad89329-fbc5-4733-9b81-2073b3794ed6 0.681s
2025-12-09 19:13:26.825 65461 INFO tempest.lib.common.rest_client [req-f382b246-5703-43ab-bc80-0cd52479eb48 req-f382b246-5703-43ab-bc80-0cd52479eb48 ] Request (ServerActionsTestOtherB:setUpClass): 201 POST http://10.180.1.21/networking/v2.0/floatingips 0.547s
2025-12-09 19:13:26.827 65457 INFO tempest.lib.common.rest_client [req-24a02876-182e-481e-8c36-d85739b1521d req-24a02876-182e-481e-8c36-d85739b1521d ] Request (FloatingIPsAssociationTestJSON:tearDownClass): 204 DELETE http://10.180.1.21/compute/v2.1/servers/780ba085-c682-4cea-a2d5-e00a709a626a 0.671s
2025-12-09 19:13:26.839 65465 INFO tempest.lib.common.rest_client [req-0439d419-5d51-4bf1-bf13-3ffa50a1906a req-0439d419-5d51-4bf1-bf13-3ffa50a1906a ] Request (ServersAdmin275Test:setUpClass): 201 POST http://10.180.1.21/identity/v3/auth/tokens 0.084s
2025-12-09 19:13:26.852 65451 INFO tempest.lib.common.rest_client [req-8beb6de3-9cff-4484-8971-72b45049b766 req-8beb6de3-9cff-4484-8971-72b45049b766 ] Request (ImagesOneServerNegativeTestJSON:_run_cleanups): 200 GET http://10.180.1.21/compute/v2.1/servers/a6d3a069-4d53-43ae-9f1c-4babd0c9ffe9 0.677s
2025-12-09 19:13:26.878 65465 INFO tempest.lib.common.rest_client [req-3518638e-e2dc-44ca-bef8-7db5c57c6367 req-3518638e-e2dc-44ca-bef8-7db5c57c6367 ] Request (ServersAdmin275Test:setUpClass): 201 POST http://10.180.1.21/identity/v3/auth/tokens 0.033s
2025-12-09 19:13:26.893 65461 INFO tempest.lib.common.rest_client [req-3f3364ec-0bbe-4411-b677-6aca3688b67a req-3f3364ec-0bbe-4411-b677-6aca3688b67a ] Request (ServerActionsTestOtherB:setUpClass): 201 POST http://10.180.1.21/identity/v3/auth/tokens 0.061s
2025-12-09 19:13:26.893 65461 INFO tempest.lib.common.fixed_network [-] (ServerActionsTestOtherB:setUpClass) Found network {'id': 'ba8504b9-4f01-4542-ad08-127747a1cc5d', 'name': 'tempest-ServerActionsTestOtherB-737213712-network', 'tenant_id': '4acd02e4dd8a4bc48ed622520b809ab0', 'project_id': '4acd02e4dd8a4bc48ed622520b809ab0', 'admin_state_up': True, 'mtu': 8950, 'status': 'ACTIVE', 'subnets': [], 'shared': False, 'port_security_enabled': True, 'router:external': False, 'provider:network_type': 'vlan', 'provider:physical_network': 'default', 'provider:segmentation_id': 268, 'availability_zone_hints': [], 'availability_zones': [], 'ipv4_address_scope': None, 'ipv6_address_scope': None, 'description': '', 'tags': [], 'created_at': '2025-12-09T19:13:21Z', 'updated_at': '2025-12-09T19:13:21Z', 'revision_number': 1} available for tenant
2025-12-09 19:13:26.900 65467 INFO tempest.lib.common.rest_client [req-177774a1-4197-47e8-aee0-940d67947b60 req-177774a1-4197-47e8-aee0-940d67947b60 ] Request (ServersV294TestFqdnHostnames:tearDownClass): 200 GET http://10.180.1.21/compute/v2.1/servers/2bf2eca0-ae42-48b7-85fd-3377965d17f6 0.707s
2025-12-09 19:13:26.905 65465 INFO tempest.lib.common.rest_client [req-d038d858-c564-4d07-a4b7-7badf48448c7 req-d038d858-c564-4d07-a4b7-7badf48448c7 ] Request (ServersAdmin275Test:setUpClass): 200 GET http://10.180.1.21/identity/v3/domains?name=Default 0.026s
2025-12-09 19:13:26.921 65485 INFO tempest.lib.common.rest_client [req-9f4fcd7b-5274-4331-bbc6-7842ab74eaee req-9f4fcd7b-5274-4331-bbc6-7842ab74eaee ] Request (ListServersNegativeTestJSON:tearDownClass): 200 GET http://10.180.1.21/compute/v2.1/servers/57f36539-cf53-4fdf-a99e-5307d3e6c1af 0.673s
2025-12-09 19:13:26.937 65465 INFO tempest.lib.common.rest_client [req-814bbf7f-dc33-44e1-a7e7-a8747254eae6 req-814bbf7f-dc33-44e1-a7e7-a8747254eae6 ] Request (ServersAdmin275Test:setUpClass): 201 POST http://10.180.1.21/identity/v3/projects 0.032s
2025-12-09 19:13:26.967 65449 INFO tempest.lib.common.rest_client [req-33c0a551-6571-4d57-8a54-73818cbd0eee req-33c0a551-6571-4d57-8a54-73818cbd0eee ] Request (ServersAdminTestJSON:tearDownClass): 200 GET http://10.180.1.21/compute/v2.1/servers/aa29661e-7f06-4904-b499-faec694ba2d8 0.700s
2025-12-09 19:13:26.996 65497 INFO tempest.lib.common.rest_client [req-f229307d-9088-4ffa-9bdf-08baa3583d66 req-f229307d-9088-4ffa-9bdf-08baa3583d66 ] Request (AttachInterfacesV270Test:tearDownClass): 200 GET http://10.180.1.21/compute/v2.1/servers/79e58f83-8a03-4bfc-be8f-3f8d5c07c446 0.616s
2025-12-09 19:13:26.998 65465 INFO tempest.lib.common.rest_client [req-52404c80-62fb-4994-b5c6-3170f700be22 req-52404c80-62fb-4994-b5c6-3170f700be22 ] Request (ServersAdmin275Test:setUpClass): 201 POST http://10.180.1.21/identity/v3/users 0.060s
2025-12-09 19:13:27.025 65465 INFO tempest.lib.common.rest_client [req-71c69486-dbe7-40f3-8ece-79ace1867dbb req-71c69486-dbe7-40f3-8ece-79ace1867dbb ] Request (ServersAdmin275Test:setUpClass): 200 GET http://10.180.1.21/identity/v3/roles 0.026s
2025-12-09 19:13:27.058 65465 INFO tempest.lib.common.rest_client [req-b73719a1-be76-42ae-ba4e-39f3a1abeb5e req-b73719a1-be76-42ae-ba4e-39f3a1abeb5e ] Request (ServersAdmin275Test:setUpClass): 204 PUT http://10.180.1.21/identity/v3/projects/36ca9509a3044871aa6faf11c689f66a/users/aa0d8eabba0a4274967881f7a7c1e9d6/roles/122f625e02714efbac36b4365a13eeb4 0.031s
2025-12-09 19:13:27.058 65465 INFO tempest.lib.common.dynamic_creds [-] Dynamic test user aa0d8eabba0a4274967881f7a7c1e9d6 is created with scope project and roles: ['member']
2025-12-09 19:13:27.058 65465 INFO tempest.lib.common.dynamic_creds [-] Acquired dynamic creds: credentials: Credentials: {'domain_id': 'default', 'domain_name': 'Default', 'username': 'tempest-ServersAdmin275Test-21886156-project-member', 'project_domain_id': 'default', 'project_domain_name': 'Default', 'project_id': '36ca9509a3044871aa6faf11c689f66a', 'project_name': 'tempest-ServersAdmin275Test-21886156', 'tenant_id': '36ca9509a3044871aa6faf11c689f66a', 'tenant_name': 'tempest-ServersAdmin275Test-21886156', 'user_domain_id': 'default', 'user_domain_name': 'Default', 'user_id': 'aa0d8eabba0a4274967881f7a7c1e9d6', 'system': None}, Network: None, Subnet: None, Router: None
2025-12-09 19:13:27.058 65465 INFO tempest.lib.common.dynamic_creds [-] Created isolated network resources for: credentials: Credentials: {'domain_id': 'default', 'domain_name': 'Default', 'username': 'tempest-ServersAdmin275Test-21886156-project-member', 'project_domain_id': 'default', 'project_domain_name': 'Default', 'project_id': '36ca9509a3044871aa6faf11c689f66a', 'project_name': 'tempest-ServersAdmin275Test-21886156', 'tenant_id': '36ca9509a3044871aa6faf11c689f66a', 'tenant_name': 'tempest-ServersAdmin275Test-21886156', 'user_domain_id': 'default', 'user_domain_name': 'Default', 'user_id': 'aa0d8eabba0a4274967881f7a7c1e9d6', 'system': None}, Network: None, Subnet: None, Router: None
2025-12-09 19:13:27.096 65481 INFO tempest.lib.common.rest_client [req-42ce6c42-2334-4de1-9b61-c36d9b9ec448 req-42ce6c42-2334-4de1-9b61-c36d9b9ec448 ] Request (ImagesTestJSON:_run_cleanups): 204 DELETE http://10.180.1.21/compute/v2.1/images/72faaa78-e573-4551-b781-afe353e8fe7d 0.711s
2025-12-09 19:13:27.146 65465 INFO tempest.lib.common.rest_client [req-cbcdb870-1d31-4217-8271-ab511197c275 req-cbcdb870-1d31-4217-8271-ab511197c275 ] Request (ServersAdmin275Test:setUpClass): 201 POST http://10.180.1.21/identity/v3/auth/tokens 0.085s
2025-12-09 19:13:27.163 65455 INFO tempest.lib.common.rest_client [req-4ab8167f-cace-4ce3-a301-ac220a4f2abf req-4ab8167f-cace-4ce3-a301-ac220a4f2abf ] Request (InstanceActionsNegativeTestJSON:setUpClass): 200 GET http://10.180.1.21/compute/v2.1/servers/420e966b-3113-4bd2-a7f3-a53375f5441a 0.768s
2025-12-09 19:13:27.175 65473 INFO tempest.lib.common.rest_client [req-9153c76a-4d64-4882-9e9d-2c7800d868e9 req-9153c76a-4d64-4882-9e9d-2c7800d868e9 ] Request (AttachInterfacesTestJSON:test_create_list_show_delete_interfaces_by_network_port): 200 GET http://10.180.1.21/compute/v2.1/servers/0b9d2103-6508-4dab-87cc-6175d25872c2 0.700s
2025-12-09 19:13:27.209 65445 INFO tempest.lib.common.rest_client [req-bb752226-7d0e-4193-b902-c352426d7a27 req-bb752226-7d0e-4193-b902-c352426d7a27 ] Request (ImagesOneServerTestJSON:test_create_delete_image): 200 GET http://10.180.1.21/compute/v2.1/images/3595b843-fe8a-441c-bf80-6d45839489e4 0.693s
2025-12-09 19:13:27.216 65465 INFO tempest.lib.common.rest_client [req-df52afd6-588d-4b4e-83f0-dfa2403af5ca req-df52afd6-588d-4b4e-83f0-dfa2403af5ca ] Request (ServersAdmin275Test:setUpClass): 201 POST http://10.180.1.21/identity/v3/projects 0.069s
2025-12-09 19:13:27.225 65493 INFO tempest.lib.common.rest_client [req-ea719aa7-6e34-4a7f-9aa1-893ea7dc97d4 req-ea719aa7-6e34-4a7f-9aa1-893ea7dc97d4 ] Request (ServersTestMultiNic:test_verify_multiple_nics_order): 200 GET http://10.180.1.21/compute/v2.1/servers/e922f27d-3656-4175-b78f-643512b80525 0.713s
2025-12-09 19:13:27.262 65443 INFO tempest.lib.common.rest_client [req-390d0c25-72ea-4dad-9273-19428e3014b5 req-390d0c25-72ea-4dad-9273-19428e3014b5 ] Request (ServerShowV247Test:tearDownClass): 200 GET http://10.180.1.21/compute/v2.1/servers/95ee3e0e-79d5-43d3-bb92-3497194d0f03 0.703s
2025-12-09 19:13:27.278 65453 INFO tempest.lib.common.rest_client [req-014742b7-335a-4a93-99c6-caf0c44a9751 req-014742b7-335a-4a93-99c6-caf0c44a9751 ] Request (DeleteServersTestJSON:test_delete_server_while_in_shelved_state): 200 GET http://10.180.1.21/compute/v2.1/servers/4ee2a68c-61ee-4fb6-a504-19f628a554e6 0.708s
2025-12-09 19:13:27.283 65465 INFO tempest.lib.common.rest_client [req-197c83df-0d23-41de-9e2e-6d261dea61d6 req-197c83df-0d23-41de-9e2e-6d261dea61d6 ] Request (ServersAdmin275Test:setUpClass): 201 POST http://10.180.1.21/identity/v3/users 0.066s
2025-12-09 19:13:27.310 65465 INFO tempest.lib.common.rest_client [req-d8040d31-f1a9-4635-829c-7a9e0d75dfba req-d8040d31-f1a9-4635-829c-7a9e0d75dfba ] Request (ServersAdmin275Test:setUpClass): 200 GET http://10.180.1.21/identity/v3/roles 0.026s
2025-12-09 19:13:27.311 65447 INFO tempest.lib.common.rest_client [req-cdbd47d6-7131-44e1-b0dc-ff5eb8bf7bea req-cdbd47d6-7131-44e1-b0dc-ff5eb8bf7bea ] Request (ListServerFiltersTestJSON:tearDownClass): 404 GET http://10.180.1.21/compute/v2.1/servers/4cdd2734-2658-40bc-b423-ffd1b05ae9b5 0.670s
2025-12-09 19:13:27.344 65465 INFO tempest.lib.common.rest_client [req-3678931a-fd89-44f8-b01e-77048766af9a req-3678931a-fd89-44f8-b01e-77048766af9a ] Request (ServersAdmin275Test:setUpClass): 204 PUT http://10.180.1.21/identity/v3/projects/09cc8137f85242ae95b599092ecdb728/users/4bc8a07dc0654c028363dda71c97b66b/roles/9ae15bc10c5545e8a7b97397196d4c92 0.034s
2025-12-09 19:13:27.372 65491 INFO tempest.lib.common.rest_client [req-c29132e7-0ecb-4be0-8521-fb1922f83c11 req-c29132e7-0ecb-4be0-8521-fb1922f83c11 ] Request (ServerGroupTestJSON:test_create_server_with_scheduler_hint_group): 200 GET http://10.180.1.21/compute/v2.1/servers/aa5069e8-a85f-4259-ac33-85ca2d798a95 0.671s
2025-12-09 19:13:27.381 65441 INFO tempest.lib.common.rest_client [req-48f041db-7fb2-4335-9674-654c5e9e6ce0 req-48f041db-7fb2-4335-9674-654c5e9e6ce0 ] Request (ServersTestJSON:_run_cleanups): 200 GET http://10.180.1.21/compute/v2.1/servers/cf38c0c1-e960-4a31-a16c-c5dac7866f95 0.760s
2025-12-09 19:13:27.400 65465 INFO tempest.lib.common.rest_client [req-6dcc026e-f464-4d72-affd-22e723ec1eea req-6dcc026e-f464-4d72-affd-22e723ec1eea ] Request (ServersAdmin275Test:setUpClass): 200 GET http://10.180.1.21/identity/v3/roles 0.055s
2025-12-09 19:13:27.432 65465 INFO tempest.lib.common.rest_client [req-26b4c1ea-5bf9-4b21-885f-63620bb2fd90 req-26b4c1ea-5bf9-4b21-885f-63620bb2fd90 ] Request (ServersAdmin275Test:setUpClass): 204 PUT http://10.180.1.21/identity/v3/projects/09cc8137f85242ae95b599092ecdb728/users/4bc8a07dc0654c028363dda71c97b66b/roles/9ae15bc10c5545e8a7b97397196d4c92 0.030s
2025-12-09 19:13:27.432 65465 INFO tempest.lib.common.dynamic_creds [-] Dynamic test user 4bc8a07dc0654c028363dda71c97b66b is created with scope project and roles: ['admin']
2025-12-09 19:13:27.432 65465 INFO tempest.lib.common.dynamic_creds [-] Acquired dynamic creds: credentials: Credentials: {'domain_id': 'default', 'domain_name': 'Default', 'username': 'tempest-ServersAdmin275Test-123974921-project-admin', 'project_domain_id': 'default', 'project_domain_name': 'Default', 'project_id': '09cc8137f85242ae95b599092ecdb728', 'project_name': 'tempest-ServersAdmin275Test-123974921', 'tenant_id': '09cc8137f85242ae95b599092ecdb728', 'tenant_name': 'tempest-ServersAdmin275Test-123974921', 'user_domain_id': 'default', 'user_domain_name': 'Default', 'user_id': '4bc8a07dc0654c028363dda71c97b66b', 'system': None}, Network: None, Subnet: None, Router: None
2025-12-09 19:13:27.432 65465 INFO tempest.lib.common.dynamic_creds [-] Created isolated network resources for: credentials: Credentials: {'domain_id': 'default', 'domain_name': 'Default', 'username': 'tempest-ServersAdmin275Test-123974921-project-admin', 'project_domain_id': 'default', 'project_domain_name': 'Default', 'project_id': '09cc8137f85242ae95b599092ecdb728', 'project_name': 'tempest-ServersAdmin275Test-123974921', 'tenant_id': '09cc8137f85242ae95b599092ecdb728', 'tenant_name': 'tempest-ServersAdmin275Test-123974921', 'user_domain_id': 'default', 'user_domain_name': 'Default', 'user_id': '4bc8a07dc0654c028363dda71c97b66b', 'system': None}, Network: None, Subnet: None, Router: None
2025-12-09 19:13:27.550 65465 INFO tempest.lib.common.rest_client [req-3753c96e-b048-47f9-baf7-ee9caf37687e req-3753c96e-b048-47f9-baf7-ee9caf37687e ] Request (ServersAdmin275Test:setUpClass): 201 POST http://10.180.1.21/identity/v3/auth/tokens 0.112s
2025-12-09 19:13:27.550 65457 INFO tempest.lib.common.rest_client [req-4c0cf462-4bd3-4242-9714-5f6ffc96cb7f req-4c0cf462-4bd3-4242-9714-5f6ffc96cb7f ] Request (FloatingIPsAssociationTestJSON:tearDownClass): 200 GET http://10.180.1.21/compute/v2.1/servers/780ba085-c682-4cea-a2d5-e00a709a626a 0.720s
2025-12-09 19:13:27.629 65465 INFO tempest.lib.common.rest_client [req-7945d9d9-9c83-48f4-868d-0ac7f6cd31ef req-7945d9d9-9c83-48f4-868d-0ac7f6cd31ef ] Request (ServersAdmin275Test:test_rebuild_update_server_275): 201 POST http://10.180.1.21/identity/v3/auth/tokens 0.074s
2025-12-09 19:13:27.629 65465 INFO tempest.lib.common.fixed_network [-] (ServersAdmin275Test:test_rebuild_update_server_275) Found network None available for tenant
2025-12-09 19:13:27.650 65481 INFO tempest.lib.common.rest_client [req-5bcfdde0-ece6-45e5-8e48-36a7b29e9c68 req-5bcfdde0-ece6-45e5-8e48-36a7b29e9c68 ] Request (ImagesTestJSON:_run_cleanups): 204 DELETE http://10.180.1.21/compute/v2.1/servers/32fe8d0b-807d-4b08-8321-eff76f4535f6 0.554s
2025-12-09 19:13:27.726 65481 INFO tempest.lib.common.rest_client [req-060b1d05-e295-45df-84b0-318e1e479d40 req-060b1d05-e295-45df-84b0-318e1e479d40 ] Request (ImagesTestJSON:test_create_server_from_snapshot): 201 POST http://10.180.1.21/identity/v3/auth/tokens 0.069s
2025-12-09 19:13:27.727 65481 INFO tempest.lib.common.fixed_network [-] (ImagesTestJSON:test_create_server_from_snapshot) Found network {'id': 'cac4110f-dad3-41a9-b2b5-2944d7fc23d2', 'name': 'tempest-ImagesTestJSON-506363242-network', 'tenant_id': 'c190e126d9624fedb99071aa1048e84a', 'project_id': 'c190e126d9624fedb99071aa1048e84a', 'admin_state_up': True, 'mtu': 8950, 'status': 'ACTIVE', 'subnets': [], 'shared': False, 'port_security_enabled': True, 'router:external': False, 'provider:network_type': 'vlan', 'provider:physical_network': 'default', 'provider:segmentation_id': 386, 'availability_zone_hints': [], 'availability_zones': [], 'ipv4_address_scope': None, 'ipv6_address_scope': None, 'description': '', 'tags': [], 'created_at': '2025-12-09T19:10:44Z', 'updated_at': '2025-12-09T19:10:44Z', 'revision_number': 1} available for tenant
2025-12-09 19:13:27.773 65447 INFO tempest.lib.common.rest_client [req-98b1bf12-1ec0-44c8-b87a-a648582312dc req-98b1bf12-1ec0-44c8-b87a-a648582312dc ] Request (ListServerFiltersTestJSON:tearDownClass): 204 DELETE http://10.180.1.21/compute/v2.1/servers/990dc31e-2717-49d8-a96d-782f7463fa2f 0.462s
2025-12-09 19:13:27.827 65461 INFO tempest.lib.common.rest_client [req-8983520f-af67-40df-a61f-b243d04fcbd1 req-8983520f-af67-40df-a61f-b243d04fcbd1 ] Request (ServerActionsTestOtherB:setUpClass): 202 POST http://10.180.1.21/compute/v2.1/servers 0.933s
2025-12-09 19:13:27.848 65471 INFO tempest.lib.common.rest_client [req-ed52d45e-6112-4073-85b7-84f00571970c req-ed52d45e-6112-4073-85b7-84f00571970c ] Request (InstanceActionsTestJSON:tearDownClass): 200 GET http://10.180.1.21/compute/v2.1/servers/54c329f1-6e15-4f94-a35d-e1e9aa2d8905 0.533s
2025-12-09 19:13:27.905 65464 INFO tempest.lib.common.rest_client [req-29006bea-2bf6-4b29-9fe1-e60eb25717cd req-29006bea-2bf6-4b29-9fe1-e60eb25717cd ] Request (ServerShowV257Test:tearDownClass): 200 GET http://10.180.1.21/compute/v2.1/servers/6e8cfe12-a377-4fa5-9049-c00e2d0acb8a 0.451s
2025-12-09 19:13:27.929 65495 INFO tempest.lib.common.rest_client [req-2c717176-46e9-479e-a358-bf15b20ad4bd req-2c717176-46e9-479e-a358-bf15b20ad4bd ] Request (ServersListShow2100Test:tearDownClass): 404 GET http://10.180.1.21/compute/v2.1/servers/d33e2789-ff5f-4647-90db-a7b867dafc3b 0.262s
2025-12-09 19:13:27.979 65489 INFO tempest.lib.common.rest_client [req-69b4029e-43aa-47b8-aef5-5b739e7d60e0 req-69b4029e-43aa-47b8-aef5-5b739e7d60e0 ] Request (SecurityGroupsTestJSON:test_server_security_groups): 200 GET http://10.180.1.21/compute/v2.1/servers/ba1e955d-30e3-4243-8abc-6c732b211c63 0.273s
2025-12-09 19:13:28.039 65459 INFO tempest.lib.common.rest_client [req-a15e3b61-b646-42bf-a5f1-7048def6d7b9 req-a15e3b61-b646-42bf-a5f1-7048def6d7b9 ] Request (ServerRescueTestJSON:setUpClass): 200 GET http://10.180.1.21/compute/v2.1/servers/025859df-91e5-44e3-8c6b-8e6f6a819ee2 0.318s
2025-12-09 19:13:28.050 65465 INFO tempest.lib.common.rest_client [req-84ecdf9d-3408-4a30-bc6c-f915dfa1bc27 req-84ecdf9d-3408-4a30-bc6c-f915dfa1bc27 ] Request (ServersAdmin275Test:test_rebuild_update_server_275): 202 POST http://10.180.1.21/compute/v2.1/servers 0.420s
2025-12-09 19:13:28.052 65495 INFO tempest.lib.common.rest_client [req-d7f77e91-2215-40c2-a03d-b6c3bd4e0684 req-d7f77e91-2215-40c2-a03d-b6c3bd4e0684 ] Request (ServersListShow2100Test:tearDownClass): 204 DELETE http://10.180.1.21/identity/v3/users/03f7e519d4e74b37b27cf1ccecdc4e50 0.123s
2025-12-09 19:13:28.052 65495 INFO tempest.lib.common.dynamic_creds [-] Deleting project and security group for project: 78d687426795430d93a4ff656424e91b
2025-12-09 19:13:28.127 65495 INFO tempest.lib.common.rest_client [req-60e0f092-ca15-485b-87f8-15935fb3b117 req-60e0f092-ca15-485b-87f8-15935fb3b117 ] Request (ServersListShow2100Test:tearDownClass): 201 POST http://10.180.1.21/identity/v3/auth/tokens 0.074s
2025-12-09 19:13:28.392 65447 INFO tempest.lib.common.rest_client [req-e03ad3d1-42fe-457f-aa93-7d58864d8194 req-e03ad3d1-42fe-457f-aa93-7d58864d8194 ] Request (ListServerFiltersTestJSON:tearDownClass): 200 GET http://10.180.1.21/compute/v2.1/servers/990dc31e-2717-49d8-a96d-782f7463fa2f 0.618s
2025-12-09 19:13:28.468 65495 INFO tempest.lib.common.rest_client [req-577b245f-11d4-4223-ae7e-b0bc38671eb5 req-577b245f-11d4-4223-ae7e-b0bc38671eb5 ] Request (ServersListShow2100Test:tearDownClass): 200 GET http://10.180.1.21/networking/v2.0/security-groups?tenant_id=78d687426795430d93a4ff656424e91b&name=default 0.341s
2025-12-09 19:13:28.499 65479 INFO tempest.lib.common.rest_client [req-25049d11-214f-4a67-bf64-ae122c545a23 req-25049d11-214f-4a67-bf64-ae122c545a23 ] Request (MigrationsAdminTest:test_resize_server_revert_deleted_flavor): 200 GET http://10.180.1.21/compute/v2.1/servers/0ad89329-fbc5-4733-9b81-2073b3794ed6 0.718s
2025-12-09 19:13:28.590 65461 INFO tempest.lib.common.rest_client [req-0865a4e6-888d-4e8a-a0d0-d362506989ae req-0865a4e6-888d-4e8a-a0d0-d362506989ae ] Request (ServerActionsTestOtherB:setUpClass): 200 GET http://10.180.1.21/compute/v2.1/servers/0af065f7-73a4-4a18-9ec1-02bdcc42c500 0.761s
2025-12-09 19:13:28.623 65495 INFO tempest.lib.common.rest_client [req-d94618cd-1f8d-4e9f-b91d-20f50f701521 req-d94618cd-1f8d-4e9f-b91d-20f50f701521 ] Request (ServersListShow2100Test:tearDownClass): 204 DELETE http://10.180.1.21/networking/v2.0/security-groups/3d61c9a5-b395-4cac-8a77-3ffdac813a08 0.154s
2025-12-09 19:13:28.687 65451 INFO tempest.lib.common.rest_client [req-155d189e-dd92-4c67-b37b-27bdf9103333 req-155d189e-dd92-4c67-b37b-27bdf9103333 ] Request (ImagesOneServerNegativeTestJSON:_run_cleanups): 200 GET http://10.180.1.21/compute/v2.1/servers/a6d3a069-4d53-43ae-9f1c-4babd0c9ffe9 0.827s
2025-12-09 19:13:28.719 65495 INFO tempest.lib.common.rest_client [req-c642f4bf-dcf5-4a67-b835-618e4656784b req-c642f4bf-dcf5-4a67-b835-618e4656784b ] Request (ServersListShow2100Test:tearDownClass): 204 DELETE http://10.180.1.21/identity/v3/projects/78d687426795430d93a4ff656424e91b 0.095s
2025-12-09 19:13:28.761 65481 INFO tempest.lib.common.rest_client [req-d8f080d0-3d2a-445b-82a1-4d88315ff75f req-d8f080d0-3d2a-445b-82a1-4d88315ff75f ] Request (ImagesTestJSON:test_create_server_from_snapshot): 202 POST http://10.180.1.21/compute/v2.1/servers 1.034s
2025-12-09 19:13:28.769 65467 INFO tempest.lib.common.rest_client [req-ae747354-fa1a-4865-9f62-46f0b77f865d req-ae747354-fa1a-4865-9f62-46f0b77f865d ] Request (ServersV294TestFqdnHostnames:tearDownClass): 200 GET http://10.180.1.21/compute/v2.1/servers/2bf2eca0-ae42-48b7-85fd-3377965d17f6 0.859s
2025-12-09 19:13:28.874 65485 INFO tempest.lib.common.rest_client [req-a1189a98-77f5-4e88-aba6-72558d8d0168 req-a1189a98-77f5-4e88-aba6-72558d8d0168 ] Request (ListServersNegativeTestJSON:tearDownClass): 200 GET http://10.180.1.21/compute/v2.1/servers/57f36539-cf53-4fdf-a99e-5307d3e6c1af 0.944s
2025-12-09 19:13:28.894 65449 INFO tempest.lib.common.rest_client [req-fed72063-dc80-4d7b-b980-15744a1effe6 req-fed72063-dc80-4d7b-b980-15744a1effe6 ] Request (ServersAdminTestJSON:tearDownClass): 200 GET http://10.180.1.21/compute/v2.1/servers/aa29661e-7f06-4904-b499-faec694ba2d8 0.916s
2025-12-09 19:13:28.991 65497 INFO tempest.lib.common.rest_client [req-634de182-0fab-475c-9082-da0886651944 req-634de182-0fab-475c-9082-da0886651944 ] Request (AttachInterfacesV270Test:tearDownClass): 200 GET http://10.180.1.21/compute/v2.1/servers/79e58f83-8a03-4bfc-be8f-3f8d5c07c446 0.979s
