2025-12-09 19:10:25.696 65475 INFO tempest.lib.common.rest_client [req-ce1c4eac-629f-4e1d-b9bb-6bc5823c8e6b req-ce1c4eac-629f-4e1d-b9bb-6bc5823c8e6b ] Request (HostsAdminNegativeTestJSON:setUpClass): 200 GET http://10.180.1.21/identity/v3/roles 0.027s
2025-12-09 19:10:25.726 65475 INFO tempest.lib.common.rest_client [req-28d942a7-a529-4af1-8d2f-13f48c1ab60c req-28d942a7-a529-4af1-8d2f-13f48c1ab60c ] Request (HostsAdminNegativeTestJSON:setUpClass): 204 PUT http://10.180.1.21/identity/v3/projects/0cc74794d9e8434189275485eb65fee8/users/3a0bd283bb3f4797a9128c2d24b6d696/roles/122f625e02714efbac36b4365a13eeb4 0.029s
2025-12-09 19:10:25.726 65475 INFO tempest.lib.common.dynamic_creds [-] Dynamic test user 3a0bd283bb3f4797a9128c2d24b6d696 is created with scope project and roles: ['member']
2025-12-09 19:10:25.727 65475 INFO tempest.lib.common.dynamic_creds [-] Acquired dynamic creds: credentials: Credentials: {'domain_id': 'default', 'domain_name': 'Default', 'username': 'tempest-HostsAdminNegativeTestJSON-882572364-project-member', 'project_domain_id': 'default', 'project_domain_name': 'Default', 'project_id': '0cc74794d9e8434189275485eb65fee8', 'project_name': 'tempest-HostsAdminNegativeTestJSON-882572364', 'tenant_id': '0cc74794d9e8434189275485eb65fee8', 'tenant_name': 'tempest-HostsAdminNegativeTestJSON-882572364', 'user_domain_id': 'default', 'user_domain_name': 'Default', 'user_id': '3a0bd283bb3f4797a9128c2d24b6d696', 'system': None}, Network: None, Subnet: None, Router: None
2025-12-09 19:10:25.727 65475 INFO tempest.lib.common.dynamic_creds [-] Created isolated network resources for: credentials: Credentials: {'domain_id': 'default', 'domain_name': 'Default', 'username': 'tempest-HostsAdminNegativeTestJSON-882572364-project-member', 'project_domain_id': 'default', 'project_domain_name': 'Default', 'project_id': '0cc74794d9e8434189275485eb65fee8', 'project_name': 'tempest-HostsAdminNegativeTestJSON-882572364', 'tenant_id': '0cc74794d9e8434189275485eb65fee8', 'tenant_name': 'tempest-HostsAdminNegativeTestJSON-882572364', 'user_domain_id': 'default', 'user_domain_name': 'Default', 'user_id': '3a0bd283bb3f4797a9128c2d24b6d696', 'system': None}, Network: None, Subnet: None, Router: None
2025-12-09 19:10:25.754 65449 INFO tempest.lib.common.rest_client [req-bf065a1a-b2f2-4fbb-96a3-d8f515e8a4a1 req-bf065a1a-b2f2-4fbb-96a3-d8f515e8a4a1 ] Request (ServersAdminTestJSON:setUpClass): 200 GET http://10.180.1.21/compute/v2.1/servers/d8ce8723-e047-47d8-a970-9a448570a70c 2.264s
2025-12-09 19:10:25.831 65479 INFO tempest.lib.common.rest_client [req-65c2c0ab-d383-4f6d-ae6a-6719b82e7748 req-65c2c0ab-d383-4f6d-ae6a-6719b82e7748 ] Request (HypervisorAdminV253TestBase:tearDownClass): 200 GET http://10.180.1.21/networking/v2.0/security-groups?tenant_id=8e221f95e35d49f89119fc1cccce2b1c&name=default 0.262s
2025-12-09 19:10:25.833 65475 INFO tempest.lib.common.rest_client [req-48f54252-5d3a-4a46-b668-667fc8d198a2 req-48f54252-5d3a-4a46-b668-667fc8d198a2 ] Request (HostsAdminNegativeTestJSON:setUpClass): 201 POST http://10.180.1.21/identity/v3/auth/tokens 0.101s
2025-12-09 19:10:25.903 65475 INFO tempest.lib.common.rest_client [req-54422d48-9cd3-44d2-8d87-ee42373a3aa3 req-54422d48-9cd3-44d2-8d87-ee42373a3aa3 ] Request (HostsAdminNegativeTestJSON:setUpClass): 201 POST http://10.180.1.21/identity/v3/projects 0.070s
2025-12-09 19:10:25.924 65479 INFO tempest.lib.common.rest_client [req-f82653a6-85bc-4a0b-b7eb-13721e07b28c req-f82653a6-85bc-4a0b-b7eb-13721e07b28c ] Request (HypervisorAdminV253TestBase:tearDownClass): 204 DELETE http://10.180.1.21/networking/v2.0/security-groups/bc3e6707-00d4-4e35-99c1-830b50149a03 0.092s
2025-12-09 19:10:25.938 65465 INFO tempest.lib.common.rest_client [req-a612dc19-661e-47e7-860b-c38a42de47f4 req-a612dc19-661e-47e7-860b-c38a42de47f4 ] Request (VolumesAssistedSnapshotsTest:test_volume_assisted_snapshot_create_delete): 200 GET http://10.180.1.21/compute/v2.1/servers/87deb991-e1b7-4c44-8d4c-071bd1117b99 1.779s
2025-12-09 19:10:25.971 65477 INFO tempest.lib.common.rest_client [req-f9408a9d-c247-4e52-87e5-1fdcb6fe0956 req-f9408a9d-c247-4e52-87e5-1fdcb6fe0956 ] Request (FlavorsExtraSpecsTestJSON:test_flavor_set_get_update_show_unset_keys): 200 PUT http://10.180.1.21/compute/v2.1/flavors/1494323370/os-extra_specs/hw:numa_nodes 1.806s
2025-12-09 19:10:25.983 65475 INFO tempest.lib.common.rest_client [req-6a551401-e8ea-41b9-8896-8e54749848c7 req-6a551401-e8ea-41b9-8896-8e54749848c7 ] Request (HostsAdminNegativeTestJSON:setUpClass): 201 POST http://10.180.1.21/identity/v3/users 0.079s
2025-12-09 19:10:26.006 65471 INFO tempest.lib.common.rest_client [req-1ada581b-12f8-4e6f-be2e-942e018d958d req-1ada581b-12f8-4e6f-be2e-942e018d958d ] Request (KeyPairsV210TestJSON:_run_cleanups): 204 DELETE http://10.180.1.21/compute/v2.1/os-keypairs/tempest-keypair-733096339?user_id=04f6c6ba303843a6b40cd741b8005e7c 1.820s
2025-12-09 19:10:26.023 65475 INFO tempest.lib.common.rest_client [req-291bde3b-fc56-4532-8b25-8633d4559d5f req-291bde3b-fc56-4532-8b25-8633d4559d5f ] Request (HostsAdminNegativeTestJSON:setUpClass): 200 GET http://10.180.1.21/identity/v3/roles 0.039s
2025-12-09 19:10:26.082 65491 INFO tempest.lib.common.rest_client [req-92f85178-5dc0-4708-9113-4cbc003b9645 req-92f85178-5dc0-4708-9113-4cbc003b9645 ] Request (ServersTestJSON:setUpClass): 200 GET http://10.180.1.21/compute/v2.1/servers/e7b2e8bf-75a5-4a07-8d99-7d3b2026eecf 1.786s
2025-12-09 19:10:26.110 65451 INFO tempest.lib.common.rest_client [req-c9f75d3b-ab1f-4429-afea-c468ec79151a req-c9f75d3b-ab1f-4429-afea-c468ec79151a ] Request (AggregatesAdminNegativeTestJSON:_run_cleanups): 200 DELETE http://10.180.1.21/compute/v2.1/os-aggregates/2 1.788s
2025-12-09 19:10:26.117 65479 INFO tempest.lib.common.rest_client [req-7ca0e1cd-b654-412a-a52c-be61aa99511b req-7ca0e1cd-b654-412a-a52c-be61aa99511b ] Request (HypervisorAdminV253TestBase:tearDownClass): 204 DELETE http://10.180.1.21/identity/v3/projects/8e221f95e35d49f89119fc1cccce2b1c 0.192s
2025-12-09 19:10:26.118 65479 INFO tempest.lib.common.dynamic_creds [-] Deleting project and security group for project: 4981b167de4c444692716a344309c27c
2025-12-09 19:10:26.148 65437 INFO tempest.lib.common.rest_client [req-4f6a9010-cad5-43eb-9623-443b881f4f1a req-4f6a9010-cad5-43eb-9623-443b881f4f1a ] Request (FlavorsAdminTestJSON:test_create_flavor_with_int_id): 200 POST http://10.180.1.21/compute/v2.1/flavors 1.818s
2025-12-09 19:10:26.156 65471 INFO tempest.lib.common.rest_client [req-f904b6d4-0398-4f4a-80a2-54048d3bc54c req-f904b6d4-0398-4f4a-80a2-54048d3bc54c ] Request (KeyPairsV210TestJSON:tearDownClass): 204 DELETE http://10.180.1.21/identity/v3/users/04f6c6ba303843a6b40cd741b8005e7c 0.141s
2025-12-09 19:10:26.193 65439 INFO tempest.lib.common.rest_client [req-fa7edb50-4242-4df1-8799-d9da5162620b req-fa7edb50-4242-4df1-8799-d9da5162620b ] Request (ServersWithSpecificFlavorTestJSON:test_verify_created_server_ephemeral_disk): 200 POST http://10.180.1.21/compute/v2.1/flavors/1096179024/os-extra_specs 1.854s
2025-12-09 19:10:26.225 65493 INFO tempest.lib.common.rest_client [req-e559e34a-5747-4f44-a5f8-f000589d7e6f req-e559e34a-5747-4f44-a5f8-f000589d7e6f ] Request (HostsAdminTestJSON:test_show_host_detail): 200 GET http://10.180.1.21/compute/v2.1/os-hosts 1.875s
2025-12-09 19:10:26.275 65475 INFO tempest.lib.common.rest_client [req-6c375933-83ab-496c-a26d-cfb5a25b0c8d req-6c375933-83ab-496c-a26d-cfb5a25b0c8d ] Request (HostsAdminNegativeTestJSON:setUpClass): 204 PUT http://10.180.1.21/identity/v3/projects/57054460d3cd496db6bd9ca0396fbf2c/users/bc16e74e45334e61a097c1fca3a4fa67/roles/9ae15bc10c5545e8a7b97397196d4c92 0.251s
2025-12-09 19:10:26.291 65495 INFO tempest.lib.common.rest_client [req-9da22eca-6b26-448c-89da-be68dc19a61f req-9da22eca-6b26-448c-89da-be68dc19a61f ] Request (QuotaClassesAdmin257Test:_run_cleanups): 200 PUT http://10.180.1.21/compute/v2.1/os-quota-class-sets/default 1.923s
2025-12-09 19:10:26.326 65479 INFO tempest.lib.common.rest_client [req-1517009f-80d1-4ffb-929b-ec073c4433b1 req-1517009f-80d1-4ffb-929b-ec073c4433b1 ] Request (HypervisorAdminV253TestBase:tearDownClass): 200 GET http://10.180.1.21/networking/v2.0/security-groups?tenant_id=4981b167de4c444692716a344309c27c&name=default 0.208s
2025-12-09 19:10:26.369 65471 INFO tempest.lib.common.rest_client [req-d5459094-d02b-44d3-99be-f8788265d849 req-d5459094-d02b-44d3-99be-f8788265d849 ] Request (KeyPairsV210TestJSON:tearDownClass): 204 DELETE http://10.180.1.21/identity/v3/users/3a85f3bcb36a4cbb89695ae2c31c0f77 0.212s
2025-12-09 19:10:26.369 65471 INFO tempest.lib.common.dynamic_creds [-] Deleting project and security group for project: 7f7edf73d8ca4fd2b3dc172cea2388cc
2025-12-09 19:10:26.434 65475 INFO tempest.lib.common.rest_client [req-2fa7f8e8-41fd-4b98-a54e-346793f43b19 req-2fa7f8e8-41fd-4b98-a54e-346793f43b19 ] Request (HostsAdminNegativeTestJSON:setUpClass): 200 GET http://10.180.1.21/identity/v3/roles 0.158s
2025-12-09 19:10:26.467 65471 INFO tempest.lib.common.rest_client [req-b2927f9e-06ab-47d5-b680-457b27858a61 req-b2927f9e-06ab-47d5-b680-457b27858a61 ] Request (KeyPairsV210TestJSON:tearDownClass): 201 POST http://10.180.1.21/identity/v3/auth/tokens 0.097s
2025-12-09 19:10:26.488 65499 INFO tempest.lib.common.rest_client [req-1abc5311-c148-45be-8ec6-b5591da405bc req-1abc5311-c148-45be-8ec6-b5591da405bc ] Request (ServersTestBootFromVolume:setUpClass): 200 GET http://10.180.1.21/volume/v3/volumes/d3081b51-72ef-465e-ad7b-c40cba4b502e 0.039s
2025-12-09 19:10:26.495 65479 INFO tempest.lib.common.rest_client [req-bf00dbc3-2214-4daf-86b9-99e6b015fd6e req-bf00dbc3-2214-4daf-86b9-99e6b015fd6e ] Request (HypervisorAdminV253TestBase:tearDownClass): 204 DELETE http://10.180.1.21/networking/v2.0/security-groups/a86a4814-45d0-4aac-8bcf-fb3b71df052d 0.168s
2025-12-09 19:10:26.529 65495 INFO tempest.lib.common.rest_client [req-00692100-7fb8-4106-9517-db8f8efafa8a req-00692100-7fb8-4106-9517-db8f8efafa8a ] Request (QuotaClassesAdmin257Test:tearDownClass): 204 DELETE http://10.180.1.21/identity/v3/users/bad50bde88a64b4dac2c5ff813fbc10c 0.235s
2025-12-09 19:10:26.558 65475 INFO tempest.lib.common.rest_client [req-b7f5b6cf-ea16-4fec-8077-d845c8ddcdb6 req-b7f5b6cf-ea16-4fec-8077-d845c8ddcdb6 ] Request (HostsAdminNegativeTestJSON:setUpClass): 204 PUT http://10.180.1.21/identity/v3/projects/57054460d3cd496db6bd9ca0396fbf2c/users/bc16e74e45334e61a097c1fca3a4fa67/roles/9ae15bc10c5545e8a7b97397196d4c92 0.123s
2025-12-09 19:10:26.558 65475 INFO tempest.lib.common.dynamic_creds [-] Dynamic test user bc16e74e45334e61a097c1fca3a4fa67 is created with scope project and roles: ['admin']
2025-12-09 19:10:26.558 65475 INFO tempest.lib.common.dynamic_creds [-] Acquired dynamic creds: credentials: Credentials: {'domain_id': 'default', 'domain_name': 'Default', 'username': 'tempest-HostsAdminNegativeTestJSON-2068721803-project-admin', 'project_domain_id': 'default', 'project_domain_name': 'Default', 'project_id': '57054460d3cd496db6bd9ca0396fbf2c', 'project_name': 'tempest-HostsAdminNegativeTestJSON-2068721803', 'tenant_id': '57054460d3cd496db6bd9ca0396fbf2c', 'tenant_name': 'tempest-HostsAdminNegativeTestJSON-2068721803', 'user_domain_id': 'default', 'user_domain_name': 'Default', 'user_id': 'bc16e74e45334e61a097c1fca3a4fa67', 'system': None}, Network: None, Subnet: None, Router: None
2025-12-09 19:10:26.558 65475 INFO tempest.lib.common.dynamic_creds [-] Created isolated network resources for: credentials: Credentials: {'domain_id': 'default', 'domain_name': 'Default', 'username': 'tempest-HostsAdminNegativeTestJSON-2068721803-project-admin', 'project_domain_id': 'default', 'project_domain_name': 'Default', 'project_id': '57054460d3cd496db6bd9ca0396fbf2c', 'project_name': 'tempest-HostsAdminNegativeTestJSON-2068721803', 'tenant_id': '57054460d3cd496db6bd9ca0396fbf2c', 'tenant_name': 'tempest-HostsAdminNegativeTestJSON-2068721803', 'user_domain_id': 'default', 'user_domain_name': 'Default', 'user_id': 'bc16e74e45334e61a097c1fca3a4fa67', 'system': None}, Network: None, Subnet: None, Router: None
2025-12-09 19:10:26.667 65495 INFO tempest.lib.common.rest_client [req-4836cd7a-f507-4218-a536-b518071deab1 req-4836cd7a-f507-4218-a536-b518071deab1 ] Request (QuotaClassesAdmin257Test:tearDownClass): 204 DELETE http://10.180.1.21/identity/v3/users/3d192c87cf4b479d9292dcfa65309fd5 0.137s
2025-12-09 19:10:26.667 65495 INFO tempest.lib.common.dynamic_creds [-] Deleting project and security group for project: 6791775bd6764f969542bfbd57108d03
2025-12-09 19:10:26.668 65479 INFO tempest.lib.common.rest_client [req-3784abd3-336f-41c7-a0a0-5b77bc71f120 req-3784abd3-336f-41c7-a0a0-5b77bc71f120 ] Request (HypervisorAdminV253TestBase:tearDownClass): 204 DELETE http://10.180.1.21/identity/v3/projects/4981b167de4c444692716a344309c27c 0.172s
2025-12-09 19:10:26.753 65475 INFO tempest.lib.common.rest_client [req-fad8c322-8860-4c8c-afea-bf0dade2b154 req-fad8c322-8860-4c8c-afea-bf0dade2b154 ] Request (HostsAdminNegativeTestJSON:setUpClass): 201 POST http://10.180.1.21/identity/v3/auth/tokens 0.191s
2025-12-09 19:10:26.846 65495 INFO tempest.lib.common.rest_client [req-a51061a5-013b-4a82-b956-86ff675adcca req-a51061a5-013b-4a82-b956-86ff675adcca ] Request (QuotaClassesAdmin257Test:tearDownClass): 201 POST http://10.180.1.21/identity/v3/auth/tokens 0.179s
2025-12-09 19:10:26.881 65479 INFO tempest.lib.common.rest_client [req-9982e2ae-bb87-43ad-9b81-acdeda97d0ac req-9982e2ae-bb87-43ad-9b81-acdeda97d0ac ] Request (MigrationsAdminTest:setUpClass): 201 POST http://10.180.1.21/identity/v3/auth/tokens 0.211s
2025-12-09 19:10:26.926 65479 INFO tempest.lib.common.rest_client [req-99985f7d-92fb-416d-939c-8b149ad1b95d req-99985f7d-92fb-416d-939c-8b149ad1b95d ] Request (MigrationsAdminTest:setUpClass): 201 POST http://10.180.1.21/identity/v3/auth/tokens 0.042s
2025-12-09 19:10:26.953 65479 INFO tempest.lib.common.rest_client [req-d2be3d47-7a1d-4560-aa8c-434667570c00 req-d2be3d47-7a1d-4560-aa8c-434667570c00 ] Request (MigrationsAdminTest:setUpClass): 200 GET http://10.180.1.21/identity/v3/domains?name=Default 0.026s
2025-12-09 19:10:26.981 65471 INFO tempest.lib.common.rest_client [req-3959cf7f-b75e-4380-b2ec-3ace5735cfc4 req-3959cf7f-b75e-4380-b2ec-3ace5735cfc4 ] Request (KeyPairsV210TestJSON:tearDownClass): 200 GET http://10.180.1.21/networking/v2.0/security-groups?tenant_id=7f7edf73d8ca4fd2b3dc172cea2388cc&name=default 0.514s
2025-12-09 19:10:26.983 65479 INFO tempest.lib.common.rest_client [req-57e6717f-4411-4f23-9e73-cd301bb226ce req-57e6717f-4411-4f23-9e73-cd301bb226ce ] Request (MigrationsAdminTest:setUpClass): 201 POST http://10.180.1.21/identity/v3/projects 0.029s
2025-12-09 19:10:27.048 65479 INFO tempest.lib.common.rest_client [req-f51917aa-98d7-4e43-a212-a3484f83e906 req-f51917aa-98d7-4e43-a212-a3484f83e906 ] Request (MigrationsAdminTest:setUpClass): 201 POST http://10.180.1.21/identity/v3/users 0.064s
2025-12-09 19:10:27.075 65479 INFO tempest.lib.common.rest_client [req-d1a36216-0cd7-432d-a444-d37e92c3b16c req-d1a36216-0cd7-432d-a444-d37e92c3b16c ] Request (MigrationsAdminTest:setUpClass): 200 GET http://10.180.1.21/identity/v3/roles 0.027s
2025-12-09 19:10:27.110 65479 INFO tempest.lib.common.rest_client [req-e27fd26c-1055-434f-8abb-e2f4f3876a86 req-e27fd26c-1055-434f-8abb-e2f4f3876a86 ] Request (MigrationsAdminTest:setUpClass): 204 PUT http://10.180.1.21/identity/v3/projects/3aefefcd8dfb4f3392dd44b905b2bfb4/users/a6cd5d21fac84b56940cb820b2202e1f/roles/122f625e02714efbac36b4365a13eeb4 0.034s
2025-12-09 19:10:27.110 65479 INFO tempest.lib.common.dynamic_creds [-] Dynamic test user a6cd5d21fac84b56940cb820b2202e1f is created with scope project and roles: ['member']
2025-12-09 19:10:27.111 65479 INFO tempest.lib.common.dynamic_creds [-] Acquired dynamic creds: credentials: Credentials: {'domain_id': 'default', 'domain_name': 'Default', 'username': 'tempest-MigrationsAdminTest-1843101639-project-member', 'project_domain_id': 'default', 'project_domain_name': 'Default', 'project_id': '3aefefcd8dfb4f3392dd44b905b2bfb4', 'project_name': 'tempest-MigrationsAdminTest-1843101639', 'tenant_id': '3aefefcd8dfb4f3392dd44b905b2bfb4', 'tenant_name': 'tempest-MigrationsAdminTest-1843101639', 'user_domain_id': 'default', 'user_domain_name': 'Default', 'user_id': 'a6cd5d21fac84b56940cb820b2202e1f', 'system': None}, Network: None, Subnet: None, Router: None
2025-12-09 19:10:27.111 65479 INFO tempest.lib.common.dynamic_creds [-] Created isolated network resources for: credentials: Credentials: {'domain_id': 'default', 'domain_name': 'Default', 'username': 'tempest-MigrationsAdminTest-1843101639-project-member', 'project_domain_id': 'default', 'project_domain_name': 'Default', 'project_id': '3aefefcd8dfb4f3392dd44b905b2bfb4', 'project_name': 'tempest-MigrationsAdminTest-1843101639', 'tenant_id': '3aefefcd8dfb4f3392dd44b905b2bfb4', 'tenant_name': 'tempest-MigrationsAdminTest-1843101639', 'user_domain_id': 'default', 'user_domain_name': 'Default', 'user_id': 'a6cd5d21fac84b56940cb820b2202e1f', 'system': None}, Network: None, Subnet: None, Router: None
2025-12-09 19:10:27.192 65495 INFO tempest.lib.common.rest_client [req-cb904726-c1ec-43b6-a0da-7c0cefaa3f09 req-cb904726-c1ec-43b6-a0da-7c0cefaa3f09 ] Request (QuotaClassesAdmin257Test:tearDownClass): 200 GET http://10.180.1.21/networking/v2.0/security-groups?tenant_id=6791775bd6764f969542bfbd57108d03&name=default 0.345s
2025-12-09 19:10:27.194 65479 INFO tempest.lib.common.rest_client [req-7683b3de-7b9a-4409-bddc-783e435df2f4 req-7683b3de-7b9a-4409-bddc-783e435df2f4 ] Request (MigrationsAdminTest:setUpClass): 201 POST http://10.180.1.21/identity/v3/auth/tokens 0.080s
2025-12-09 19:10:27.279 65479 INFO tempest.lib.common.rest_client [req-94b45398-f253-4af2-8f7c-b779dd25f1ae req-94b45398-f253-4af2-8f7c-b779dd25f1ae ] Request (MigrationsAdminTest:setUpClass): 201 POST http://10.180.1.21/identity/v3/projects 0.084s
2025-12-09 19:10:27.398 65479 INFO tempest.lib.common.rest_client [req-bb13160e-9f1b-4ecb-bd4b-740685a1fcc3 req-bb13160e-9f1b-4ecb-bd4b-740685a1fcc3 ] Request (MigrationsAdminTest:setUpClass): 201 POST http://10.180.1.21/identity/v3/users 0.118s
2025-12-09 19:10:27.404 65471 INFO tempest.lib.common.rest_client [req-48242f1c-5512-4458-bbd2-1e53ada9915d req-48242f1c-5512-4458-bbd2-1e53ada9915d ] Request (KeyPairsV210TestJSON:tearDownClass): 204 DELETE http://10.180.1.21/networking/v2.0/security-groups/0ca3b2a8-0d34-4611-a014-1b292cc312e3 0.422s
2025-12-09 19:10:27.439 65479 INFO tempest.lib.common.rest_client [req-9be3b064-0007-4112-bb3b-ccb8f9b673ad req-9be3b064-0007-4112-bb3b-ccb8f9b673ad ] Request (MigrationsAdminTest:setUpClass): 200 GET http://10.180.1.21/identity/v3/roles 0.040s
2025-12-09 19:10:27.492 65479 INFO tempest.lib.common.rest_client [req-0be652cb-1569-4ee3-84e0-65d6794897d6 req-0be652cb-1569-4ee3-84e0-65d6794897d6 ] Request (MigrationsAdminTest:setUpClass): 204 PUT http://10.180.1.21/identity/v3/projects/a42243678a504aeab482cba2b246d773/users/f6aa2d53a0ef452280aa76b5d75007d5/roles/9ae15bc10c5545e8a7b97397196d4c92 0.052s
2025-12-09 19:10:27.514 65471 INFO tempest.lib.common.rest_client [req-87657574-1d44-4c7d-8e2d-6208e1045583 req-87657574-1d44-4c7d-8e2d-6208e1045583 ] Request (KeyPairsV210TestJSON:tearDownClass): 204 DELETE http://10.180.1.21/identity/v3/projects/7f7edf73d8ca4fd2b3dc172cea2388cc 0.108s
2025-12-09 19:10:27.514 65471 INFO tempest.lib.common.dynamic_creds [-] Deleting project and security group for project: 92ad764462d44052a7110b37757415f4
2025-12-09 19:10:27.533 65499 INFO tempest.lib.common.rest_client [req-76bc9bb4-93fb-487b-9c30-c90c9f131ba0 req-76bc9bb4-93fb-487b-9c30-c90c9f131ba0 ] Request (ServersTestBootFromVolume:setUpClass): 200 GET http://10.180.1.21/volume/v3/volumes/d3081b51-72ef-465e-ad7b-c40cba4b502e 0.036s
2025-12-09 19:10:27.543 65495 INFO tempest.lib.common.rest_client [req-be954e31-9187-4e48-ad8a-fb461187d3cf req-be954e31-9187-4e48-ad8a-fb461187d3cf ] Request (QuotaClassesAdmin257Test:tearDownClass): 204 DELETE http://10.180.1.21/networking/v2.0/security-groups/3204a784-0440-4020-91af-c4e5025818ec 0.350s
2025-12-09 19:10:27.573 65479 INFO tempest.lib.common.rest_client [req-26f04754-5a15-4006-be9d-ddf610d77d2f req-26f04754-5a15-4006-be9d-ddf610d77d2f ] Request (MigrationsAdminTest:setUpClass): 200 GET http://10.180.1.21/identity/v3/roles 0.081s
2025-12-09 19:10:27.607 65479 INFO tempest.lib.common.rest_client [req-c61593bb-80ff-4ce2-a0c8-f177b2683c3f req-c61593bb-80ff-4ce2-a0c8-f177b2683c3f ] Request (MigrationsAdminTest:setUpClass): 204 PUT http://10.180.1.21/identity/v3/projects/a42243678a504aeab482cba2b246d773/users/f6aa2d53a0ef452280aa76b5d75007d5/roles/9ae15bc10c5545e8a7b97397196d4c92 0.033s
2025-12-09 19:10:27.607 65479 INFO tempest.lib.common.dynamic_creds [-] Dynamic test user f6aa2d53a0ef452280aa76b5d75007d5 is created with scope project and roles: ['admin']
2025-12-09 19:10:27.607 65479 INFO tempest.lib.common.dynamic_creds [-] Acquired dynamic creds: credentials: Credentials: {'domain_id': 'default', 'domain_name': 'Default', 'username': 'tempest-MigrationsAdminTest-1334092449-project-admin', 'project_domain_id': 'default', 'project_domain_name': 'Default', 'project_id': 'a42243678a504aeab482cba2b246d773', 'project_name': 'tempest-MigrationsAdminTest-1334092449', 'tenant_id': 'a42243678a504aeab482cba2b246d773', 'tenant_name': 'tempest-MigrationsAdminTest-1334092449', 'user_domain_id': 'default', 'user_domain_name': 'Default', 'user_id': 'f6aa2d53a0ef452280aa76b5d75007d5', 'system': None}, Network: None, Subnet: None, Router: None
2025-12-09 19:10:27.608 65479 INFO tempest.lib.common.dynamic_creds [-] Created isolated network resources for: credentials: Credentials: {'domain_id': 'default', 'domain_name': 'Default', 'username': 'tempest-MigrationsAdminTest-1334092449-project-admin', 'project_domain_id': 'default', 'project_domain_name': 'Default', 'project_id': 'a42243678a504aeab482cba2b246d773', 'project_name': 'tempest-MigrationsAdminTest-1334092449', 'tenant_id': 'a42243678a504aeab482cba2b246d773', 'tenant_name': 'tempest-MigrationsAdminTest-1334092449', 'user_domain_id': 'default', 'user_domain_name': 'Default', 'user_id': 'f6aa2d53a0ef452280aa76b5d75007d5', 'system': None}, Network: None, Subnet: None, Router: None
2025-12-09 19:10:27.699 65479 INFO tempest.lib.common.rest_client [req-efc72392-9fc8-46cc-a62a-967932b8068a req-efc72392-9fc8-46cc-a62a-967932b8068a ] Request (MigrationsAdminTest:setUpClass): 201 POST http://10.180.1.21/identity/v3/auth/tokens 0.088s
2025-12-09 19:10:27.730 65495 INFO tempest.lib.common.rest_client [req-2f345af9-35c3-4430-9f59-c2fc7b875816 req-2f345af9-35c3-4430-9f59-c2fc7b875816 ] Request (QuotaClassesAdmin257Test:tearDownClass): 204 DELETE http://10.180.1.21/identity/v3/projects/6791775bd6764f969542bfbd57108d03 0.186s
2025-12-09 19:10:27.730 65495 INFO tempest.lib.common.dynamic_creds [-] Deleting project and security group for project: 37f8a3dae8c94dedb040ffa6a45bf039
2025-12-09 19:10:27.770 65479 INFO tempest.lib.common.rest_client [req-a6b9d458-82e8-40d8-a6b8-2ff95bb64f6e req-a6b9d458-82e8-40d8-a6b8-2ff95bb64f6e ] Request (MigrationsAdminTest:setUpClass): 200 GET http://10.180.1.21/identity/v3/projects/3aefefcd8dfb4f3392dd44b905b2bfb4 0.069s
2025-12-09 19:10:27.770 65479 INFO tempest.lib.common.dynamic_creds [-] Using the existing project 3aefefcd8dfb4f3392dd44b905b2bfb4 for scope project and roles: ['manager']
2025-12-09 19:10:27.792 65447 INFO tempest.lib.common.rest_client [req-13dca12e-4ed3-47d6-a4d2-39471707d963 req-13dca12e-4ed3-47d6-a4d2-39471707d963 ] Request (FloatingIPsTestJSON:_run_cleanups): 202 DELETE http://10.180.1.21/compute/v2.1/os-floating-ips/b0e1e742-1092-400c-ae27-8fcd4062d206 3.327s
2025-12-09 19:10:27.808 65479 INFO tempest.lib.common.rest_client [req-4f3da179-a829-435f-a6a7-57b076b1292e req-4f3da179-a829-435f-a6a7-57b076b1292e ] Request (MigrationsAdminTest:setUpClass): 201 POST http://10.180.1.21/identity/v3/users 0.037s
2025-12-09 19:10:27.855 65479 INFO tempest.lib.common.rest_client [req-232e678b-1a05-46c7-bfb9-6a74c3fe551f req-232e678b-1a05-46c7-bfb9-6a74c3fe551f ] Request (MigrationsAdminTest:setUpClass): 200 GET http://10.180.1.21/identity/v3/roles 0.047s
2025-12-09 19:10:27.895 65479 INFO tempest.lib.common.rest_client [req-6cdccd37-c241-4d5e-abab-03f2ed6cc7a5 req-6cdccd37-c241-4d5e-abab-03f2ed6cc7a5 ] Request (MigrationsAdminTest:setUpClass): 204 PUT http://10.180.1.21/identity/v3/projects/3aefefcd8dfb4f3392dd44b905b2bfb4/users/a30b5c15858742fa944b849cb2a1bf90/roles/8d13d6863ba247ff81395ec91bffe1e9 0.039s
2025-12-09 19:10:27.895 65479 INFO tempest.lib.common.dynamic_creds [-] Dynamic test user a30b5c15858742fa944b849cb2a1bf90 is created with scope project and roles: ['manager']
2025-12-09 19:10:27.896 65479 INFO tempest.lib.common.dynamic_creds [-] Acquired dynamic creds: credentials: Credentials: {'domain_id': 'default', 'domain_name': 'Default', 'username': 'tempest-MigrationsAdminTest-1843101639-project-manager', 'project_domain_id': 'default', 'project_domain_name': 'Default', 'project_id': '3aefefcd8dfb4f3392dd44b905b2bfb4', 'project_name': 'tempest-MigrationsAdminTest-1843101639', 'tenant_id': '3aefefcd8dfb4f3392dd44b905b2bfb4', 'tenant_name': 'tempest-MigrationsAdminTest-1843101639', 'user_domain_id': 'default', 'user_domain_name': 'Default', 'user_id': 'a30b5c15858742fa944b849cb2a1bf90', 'system': None}, Network: None, Subnet: None, Router: None
2025-12-09 19:10:27.896 65479 INFO tempest.lib.common.dynamic_creds [-] Network resources are not created for requested scope: project and credentials: Credentials: {'domain_id': 'default', 'domain_name': 'Default', 'username': 'tempest-MigrationsAdminTest-1843101639-project-manager', 'project_domain_id': 'default', 'project_domain_name': 'Default', 'project_id': '3aefefcd8dfb4f3392dd44b905b2bfb4', 'project_name': 'tempest-MigrationsAdminTest-1843101639', 'tenant_id': '3aefefcd8dfb4f3392dd44b905b2bfb4', 'tenant_name': 'tempest-MigrationsAdminTest-1843101639', 'user_domain_id': 'default', 'user_domain_name': 'Default', 'user_id': 'a30b5c15858742fa944b849cb2a1bf90', 'system': None}, Network: None, Subnet: None, Router: None
2025-12-09 19:10:27.991 65479 INFO tempest.lib.common.rest_client [req-ad4013b0-0a8e-4f3b-b02e-9575d0ee8b91 req-ad4013b0-0a8e-4f3b-b02e-9575d0ee8b91 ] Request (MigrationsAdminTest:setUpClass): 201 POST http://10.180.1.21/identity/v3/auth/tokens 0.091s
2025-12-09 19:10:27.992 65479 INFO tempest.api.compute.admin.test_migrations [-] Using project manager for migrating servers, project manager user id: a30b5c15858742fa944b849cb2a1bf90
2025-12-09 19:10:28.411 65471 INFO tempest.lib.common.rest_client [req-efb07661-524f-4c42-99cb-909868f2d388 req-efb07661-524f-4c42-99cb-909868f2d388 ] Request (KeyPairsV210TestJSON:tearDownClass): 200 GET http://10.180.1.21/networking/v2.0/security-groups?tenant_id=92ad764462d44052a7110b37757415f4&name=default 0.896s
2025-12-09 19:10:28.525 65495 INFO tempest.lib.common.rest_client [req-cb3f94bb-1819-4e7b-92a4-916940fc67ba req-cb3f94bb-1819-4e7b-92a4-916940fc67ba ] Request (QuotaClassesAdmin257Test:tearDownClass): 200 GET http://10.180.1.21/networking/v2.0/security-groups?tenant_id=37f8a3dae8c94dedb040ffa6a45bf039&name=default 0.795s
2025-12-09 19:10:28.580 65499 INFO tempest.lib.common.rest_client [req-ba36bf69-3696-4750-970c-2ba7ae394f45 req-ba36bf69-3696-4750-970c-2ba7ae394f45 ] Request (ServersTestBootFromVolume:setUpClass): 200 GET http://10.180.1.21/volume/v3/volumes/d3081b51-72ef-465e-ad7b-c40cba4b502e 0.035s
2025-12-09 19:10:29.138 65471 INFO tempest.lib.common.rest_client [req-628d84a9-f3a1-445c-ac2d-ec7c5db907c0 req-628d84a9-f3a1-445c-ac2d-ec7c5db907c0 ] Request (KeyPairsV210TestJSON:tearDownClass): 204 DELETE http://10.180.1.21/networking/v2.0/security-groups/b5912202-e4f7-4d03-bf58-e8d67dc3f9f8 0.727s
2025-12-09 19:10:29.240 65495 INFO tempest.lib.common.rest_client [req-37014e21-7a53-4dbf-9bc2-3385fe755f01 req-37014e21-7a53-4dbf-9bc2-3385fe755f01 ] Request (QuotaClassesAdmin257Test:tearDownClass): 204 DELETE http://10.180.1.21/networking/v2.0/security-groups/4e392d73-e306-441a-b11f-9c7aeee96282 0.714s
2025-12-09 19:10:29.283 65471 INFO tempest.lib.common.rest_client [req-951e072a-f42f-44d2-a5ac-d76d1b700040 req-951e072a-f42f-44d2-a5ac-d76d1b700040 ] Request (KeyPairsV210TestJSON:tearDownClass): 204 DELETE http://10.180.1.21/identity/v3/projects/92ad764462d44052a7110b37757415f4 0.145s
2025-12-09 19:10:29.359 65471 INFO tempest.lib.common.rest_client [req-40eb9ce1-dece-408e-8be9-d42db39fe73a req-40eb9ce1-dece-408e-8be9-d42db39fe73a ] Request (ServerExternalEventsTest:setUpClass): 201 POST http://10.180.1.21/identity/v3/auth/tokens 0.074s
2025-12-09 19:10:29.407 65495 INFO tempest.lib.common.rest_client [req-831ed4a3-3ddd-45eb-9206-946d8114304f req-831ed4a3-3ddd-45eb-9206-946d8114304f ] Request (QuotaClassesAdmin257Test:tearDownClass): 204 DELETE http://10.180.1.21/identity/v3/projects/37f8a3dae8c94dedb040ffa6a45bf039 0.166s
2025-12-09 19:10:29.442 65471 INFO tempest.lib.common.rest_client [req-84fefbd9-c189-41ca-aaf8-a773d95424f0 req-84fefbd9-c189-41ca-aaf8-a773d95424f0 ] Request (ServerExternalEventsTest:setUpClass): 201 POST http://10.180.1.21/identity/v3/auth/tokens 0.079s
2025-12-09 19:10:29.443 65495 INFO tempest.lib.common.rest_client [req-eb51bb6a-0cdc-4e78-b032-2674e87f7c48 req-eb51bb6a-0cdc-4e78-b032-2674e87f7c48 ] Request (QuotasAdminNegativeTest:setUpClass): 201 POST http://10.180.1.21/identity/v3/auth/tokens 0.034s
2025-12-09 19:10:29.472 65471 INFO tempest.lib.common.rest_client [req-128e119a-b372-4069-9112-851959f69404 req-128e119a-b372-4069-9112-851959f69404 ] Request (ServerExternalEventsTest:setUpClass): 200 GET http://10.180.1.21/identity/v3/domains?name=Default 0.030s
2025-12-09 19:10:29.480 65495 INFO tempest.lib.common.rest_client [req-2be11560-2666-4cab-9171-ab9c6ffeaa0c req-2be11560-2666-4cab-9171-ab9c6ffeaa0c ] Request (QuotasAdminNegativeTest:setUpClass): 201 POST http://10.180.1.21/identity/v3/auth/tokens 0.033s
2025-12-09 19:10:29.503 65471 INFO tempest.lib.common.rest_client [req-feb59910-091a-4a79-b59e-498e25196931 req-feb59910-091a-4a79-b59e-498e25196931 ] Request (ServerExternalEventsTest:setUpClass): 201 POST http://10.180.1.21/identity/v3/projects 0.030s
2025-12-09 19:10:29.513 65495 INFO tempest.lib.common.rest_client [req-94b4dfc1-7d33-43f4-b046-c542b768d6e3 req-94b4dfc1-7d33-43f4-b046-c542b768d6e3 ] Request (QuotasAdminNegativeTest:setUpClass): 200 GET http://10.180.1.21/identity/v3/domains?name=Default 0.032s
2025-12-09 19:10:29.536 65489 INFO tempest.lib.common.rest_client [req-277d77da-6ea0-4246-843a-d8a451ffc44d req-277d77da-6ea0-4246-843a-d8a451ffc44d ] Request (FloatingIPsAssociationNegativeTestJSON:test_associate_ip_to_server_with_floating_ip): 202 POST http://10.180.1.21/compute/v2.1/servers/7ae7fe8a-ac19-4870-90f7-a47b5e66bcf4/action 5.387s
2025-12-09 19:10:29.561 65497 INFO tempest.lib.common.rest_client [req-8bc7b856-4e1c-4e62-a14a-02b1cbe061c9 req-8bc7b856-4e1c-4e62-a14a-02b1cbe061c9 ] Request (FlavorsAccessTestJSON:test_flavor_access_list_with_private_flavor): 200 POST http://10.180.1.21/compute/v2.1/flavors 4.846s
2025-12-09 19:10:29.562 65461 INFO tempest.lib.common.rest_client [req-69d6bf09-c9f0-43fe-8f13-4db2e23b64f7 req-69d6bf09-c9f0-43fe-8f13-4db2e23b64f7 ] Request (ServersAdminNegativeTestJSON:test_migrate_server_invalid_state): 202 POST http://10.180.1.21/compute/v2.1/servers 4.874s
2025-12-09 19:10:29.571 65471 INFO tempest.lib.common.rest_client [req-71bf0f54-765b-443d-aea1-2ad55924adfd req-71bf0f54-765b-443d-aea1-2ad55924adfd ] Request (ServerExternalEventsTest:setUpClass): 201 POST http://10.180.1.21/identity/v3/users 0.067s
2025-12-09 19:10:29.580 65481 INFO tempest.lib.common.rest_client [req-141805a5-86c9-4705-81eb-239bf76fc630 req-141805a5-86c9-4705-81eb-239bf76fc630 ] Request (FlavorsExtraSpecsNegativeTestJSON:test_flavor_unset_nonexistent_key): 404 DELETE http://10.180.1.21/compute/v2.1/flavors/379218597/os-extra_specs/hw:cpu_thread_policy 4.846s
2025-12-09 19:10:29.595 65495 INFO tempest.lib.common.rest_client [req-e5ceb8ab-7536-4255-8753-09b24f43d58a req-e5ceb8ab-7536-4255-8753-09b24f43d58a ] Request (QuotasAdminNegativeTest:setUpClass): 201 POST http://10.180.1.21/identity/v3/projects 0.082s
2025-12-09 19:10:29.598 65457 INFO tempest.lib.common.rest_client [req-aeeff2b6-c224-4c60-ab4a-1f3ecd1aae93 req-aeeff2b6-c224-4c60-ab4a-1f3ecd1aae93 ] Request (ServicesAdminNegativeV253TestJSON:test_get_service_with_valid_service_and_invalid_host): 200 GET http://10.180.1.21/compute/v2.1/os-services 4.868s
2025-12-09 19:10:29.601 65471 INFO tempest.lib.common.rest_client [req-51a79329-ae57-4c9b-81a9-2b668256735f req-51a79329-ae57-4c9b-81a9-2b668256735f ] Request (ServerExternalEventsTest:setUpClass): 200 GET http://10.180.1.21/identity/v3/roles 0.030s
2025-12-09 19:10:29.625 65443 INFO tempest.lib.common.rest_client [req-09edb731-88e2-44fd-8b32-d7ffd66c668d req-09edb731-88e2-44fd-8b32-d7ffd66c668d ] Request (TenantUsagesTestJSON:test_list_usage_all_tenants): 200 GET http://10.180.1.21/compute/v2.1/os-simple-tenant-usage?start=2025-12-08T19%3A10%3A19.321723&end=2025-12-10T19%3A10%3A19.321723&detailed=1 4.781s
2025-12-09 19:10:29.628 65499 INFO tempest.lib.common.rest_client [req-04e894e0-18b6-49b3-a396-77d4210f22ab req-04e894e0-18b6-49b3-a396-77d4210f22ab ] Request (ServersTestBootFromVolume:setUpClass): 200 GET http://10.180.1.21/volume/v3/volumes/d3081b51-72ef-465e-ad7b-c40cba4b502e 0.038s
2025-12-09 19:10:29.697 65495 INFO tempest.lib.common.rest_client [req-ac84983d-2a8e-4739-b99a-db144a191536 req-ac84983d-2a8e-4739-b99a-db144a191536 ] Request (QuotasAdminNegativeTest:setUpClass): 201 POST http://10.180.1.21/identity/v3/users 0.101s
2025-12-09 19:10:29.701 65471 INFO tempest.lib.common.rest_client [req-d9dfbd37-b009-4324-ad86-e022d58f9a74 req-d9dfbd37-b009-4324-ad86-e022d58f9a74 ] Request (ServerExternalEventsTest:setUpClass): 204 PUT http://10.180.1.21/identity/v3/projects/2ee90a069bbe4dee9c3b924c79624a07/users/8a12f9e4b88841a382245c35f7f5d244/roles/122f625e02714efbac36b4365a13eeb4 0.098s
2025-12-09 19:10:29.701 65471 INFO tempest.lib.common.dynamic_creds [-] Dynamic test user 8a12f9e4b88841a382245c35f7f5d244 is created with scope project and roles: ['member']
2025-12-09 19:10:29.701 65471 INFO tempest.lib.common.dynamic_creds [-] Acquired dynamic creds: credentials: Credentials: {'domain_id': 'default', 'domain_name': 'Default', 'username': 'tempest-ServerExternalEventsTest-196757320-project-member', 'project_domain_id': 'default', 'project_domain_name': 'Default', 'project_id': '2ee90a069bbe4dee9c3b924c79624a07', 'project_name': 'tempest-ServerExternalEventsTest-196757320', 'tenant_id': '2ee90a069bbe4dee9c3b924c79624a07', 'tenant_name': 'tempest-ServerExternalEventsTest-196757320', 'user_domain_id': 'default', 'user_domain_name': 'Default', 'user_id': '8a12f9e4b88841a382245c35f7f5d244', 'system': None}, Network: None, Subnet: None, Router: None
2025-12-09 19:10:29.702 65471 INFO tempest.lib.common.dynamic_creds [-] Created isolated network resources for: credentials: Credentials: {'domain_id': 'default', 'domain_name': 'Default', 'username': 'tempest-ServerExternalEventsTest-196757320-project-member', 'project_domain_id': 'default', 'project_domain_name': 'Default', 'project_id': '2ee90a069bbe4dee9c3b924c79624a07', 'project_name': 'tempest-ServerExternalEventsTest-196757320', 'tenant_id': '2ee90a069bbe4dee9c3b924c79624a07', 'tenant_name': 'tempest-ServerExternalEventsTest-196757320', 'user_domain_id': 'default', 'user_domain_name': 'Default', 'user_id': '8a12f9e4b88841a382245c35f7f5d244', 'system': None}, Network: None, Subnet: None, Router: None
2025-12-09 19:10:29.760 65485 INFO tempest.lib.common.rest_client [req-5d954919-3f45-4e46-8019-843e0ec858c6 req-5d954919-3f45-4e46-8019-843e0ec858c6 ] Request (SecurityGroupRulesNegativeTestJSON:test_create_security_group_rule_with_invalid_ip_protocol): 200 POST http://10.180.1.21/compute/v2.1/os-security-groups 4.909s
2025-12-09 19:10:29.778 65495 INFO tempest.lib.common.rest_client [req-4d0907b7-be63-402a-acac-3070edf58dee req-4d0907b7-be63-402a-acac-3070edf58dee ] Request (QuotasAdminNegativeTest:setUpClass): 200 GET http://10.180.1.21/identity/v3/roles 0.080s
2025-12-09 19:10:29.785 65483 INFO tempest.lib.common.rest_client [req-5ffbbc36-a180-4e18-9a2c-1762c391c25c req-5ffbbc36-a180-4e18-9a2c-1762c391c25c ] Request (ServicesAdminNegativeTestJSON:test_get_service_by_invalid_service_and_valid_host): 200 GET http://10.180.1.21/compute/v2.1/os-services?host=devstack&binary=xxx 4.695s
2025-12-09 19:10:29.794 65471 INFO tempest.lib.common.rest_client [req-41c11a36-514b-4619-a27b-f6aa748d6d6f req-41c11a36-514b-4619-a27b-f6aa748d6d6f ] Request (ServerExternalEventsTest:setUpClass): 201 POST http://10.180.1.21/identity/v3/auth/tokens 0.085s
2025-12-09 19:10:29.795 65459 INFO tempest.lib.common.rest_client [req-b0d2320f-c52c-4e17-ba43-14ee0e973111 req-b0d2320f-c52c-4e17-ba43-14ee0e973111 ] Request (ServerDiagnosticsTest:tearDownClass): 204 DELETE http://10.180.1.21/compute/v2.1/servers/c4036ef8-4727-4396-8557-9c2112106c9a 4.719s
2025-12-09 19:10:29.810 65495 INFO tempest.lib.common.rest_client [req-93bbc5da-e013-47c1-b399-cdc0892fa3fa req-93bbc5da-e013-47c1-b399-cdc0892fa3fa ] Request (QuotasAdminNegativeTest:setUpClass): 204 PUT http://10.180.1.21/identity/v3/projects/947bc6cb4c8f4056b0c759b019cc80c6/users/ffd5ce96e39f4186a005f7e0ccb75fd5/roles/122f625e02714efbac36b4365a13eeb4 0.031s
2025-12-09 19:10:29.811 65495 INFO tempest.lib.common.dynamic_creds [-] Dynamic test user ffd5ce96e39f4186a005f7e0ccb75fd5 is created with scope project and roles: ['member']
2025-12-09 19:10:29.811 65495 INFO tempest.lib.common.dynamic_creds [-] Acquired dynamic creds: credentials: Credentials: {'domain_id': 'default', 'domain_name': 'Default', 'username': 'tempest-QuotasAdminNegativeTest-1761117761-project-member', 'project_domain_id': 'default', 'project_domain_name': 'Default', 'project_id': '947bc6cb4c8f4056b0c759b019cc80c6', 'project_name': 'tempest-QuotasAdminNegativeTest-1761117761', 'tenant_id': '947bc6cb4c8f4056b0c759b019cc80c6', 'tenant_name': 'tempest-QuotasAdminNegativeTest-1761117761', 'user_domain_id': 'default', 'user_domain_name': 'Default', 'user_id': 'ffd5ce96e39f4186a005f7e0ccb75fd5', 'system': None}, Network: None, Subnet: None, Router: None
2025-12-09 19:10:29.811 65495 INFO tempest.lib.common.dynamic_creds [-] Created isolated network resources for: credentials: Credentials: {'domain_id': 'default', 'domain_name': 'Default', 'username': 'tempest-QuotasAdminNegativeTest-1761117761-project-member', 'project_domain_id': 'default', 'project_domain_name': 'Default', 'project_id': '947bc6cb4c8f4056b0c759b019cc80c6', 'project_name': 'tempest-QuotasAdminNegativeTest-1761117761', 'tenant_id': '947bc6cb4c8f4056b0c759b019cc80c6', 'tenant_name': 'tempest-QuotasAdminNegativeTest-1761117761', 'user_domain_id': 'default', 'user_domain_name': 'Default', 'user_id': 'ffd5ce96e39f4186a005f7e0ccb75fd5', 'system': None}, Network: None, Subnet: None, Router: None
2025-12-09 19:10:29.826 65471 INFO tempest.lib.common.rest_client [req-783011b3-883c-41f9-833b-fb460d822a14 req-783011b3-883c-41f9-833b-fb460d822a14 ] Request (ServerExternalEventsTest:setUpClass): 201 POST http://10.180.1.21/identity/v3/projects 0.032s
2025-12-09 19:10:29.850 65469 INFO tempest.lib.common.rest_client [req-03e29b98-c532-493b-90d3-1bee0af26300 req-03e29b98-c532-493b-90d3-1bee0af26300 ] Request (KeyPairsV22TestJSON:test_keypair_create_delete): 201 POST http://10.180.1.21/compute/v2.1/os-keypairs 4.708s
2025-12-09 19:10:29.877 65455 INFO tempest.lib.common.rest_client [req-72b97279-e0ee-4729-86cb-798241551386 req-72b97279-e0ee-4729-86cb-798241551386 ] Request (DeleteServersAdminTestJSON:test_admin_delete_servers_of_others): 200 GET http://10.180.1.21/compute/v2.1/servers/da33455e-a83c-4635-b858-b5885e3ad819 4.746s
2025-12-09 19:10:29.898 65471 INFO tempest.lib.common.rest_client [req-c5ac8c0e-545a-4504-a37c-b2cccb93243f req-c5ac8c0e-545a-4504-a37c-b2cccb93243f ] Request (ServerExternalEventsTest:setUpClass): 201 POST http://10.180.1.21/identity/v3/users 0.071s
2025-12-09 19:10:29.911 65495 INFO tempest.lib.common.rest_client [req-f9185ab2-4fc4-44cd-b8a2-e998bb7dcb94 req-f9185ab2-4fc4-44cd-b8a2-e998bb7dcb94 ] Request (QuotasAdminNegativeTest:setUpClass): 201 POST http://10.180.1.21/identity/v3/auth/tokens 0.095s
2025-12-09 19:10:29.926 65471 INFO tempest.lib.common.rest_client [req-c3c49f19-5d20-4117-83dd-3c29357ca507 req-c3c49f19-5d20-4117-83dd-3c29357ca507 ] Request (ServerExternalEventsTest:setUpClass): 200 GET http://10.180.1.21/identity/v3/roles 0.027s
2025-12-09 19:10:29.943 65495 INFO tempest.lib.common.rest_client [req-91abd00a-947c-4606-95ca-58dc37c8cf5a req-91abd00a-947c-4606-95ca-58dc37c8cf5a ] Request (QuotasAdminNegativeTest:setUpClass): 201 POST http://10.180.1.21/identity/v3/projects 0.031s
2025-12-09 19:10:29.961 65471 INFO tempest.lib.common.rest_client [req-b74d0c08-fdd9-4f66-99a9-4dbf7c146436 req-b74d0c08-fdd9-4f66-99a9-4dbf7c146436 ] Request (ServerExternalEventsTest:setUpClass): 204 PUT http://10.180.1.21/identity/v3/projects/1bcba46da3d74161977e4a47e541992a/users/30cf29881fe949628676253bdb713442/roles/9ae15bc10c5545e8a7b97397196d4c92 0.034s
2025-12-09 19:10:29.972 65464 INFO tempest.lib.common.rest_client [req-ae92abbe-4786-4cbc-a48b-fc730be588e8 req-ae92abbe-4786-4cbc-a48b-fc730be588e8 ] Request (SecurityGroupsTestAdminJSON:_run_cleanups): 202 DELETE http://10.180.1.21/compute/v2.1/os-security-groups/1a4ed886-38dd-46ca-a349-693fe9e65209 4.656s
2025-12-09 19:10:30.016 65471 INFO tempest.lib.common.rest_client [req-05fb4881-3c8c-43e8-950f-c4e59734f462 req-05fb4881-3c8c-43e8-950f-c4e59734f462 ] Request (ServerExternalEventsTest:setUpClass): 200 GET http://10.180.1.21/identity/v3/roles 0.055s
2025-12-09 19:10:30.028 65467 INFO tempest.lib.common.rest_client [req-57bfe7b6-b370-45f0-8606-223849eb3787 req-57bfe7b6-b370-45f0-8606-223849eb3787 ] Request (ServerDiagnosticsNegativeTest:test_get_server_diagnostics_by_non_admin): 200 GET http://10.180.1.21/compute/v2.1/servers/01c7a7c3-4b2d-4a14-9281-e704e99d97ff 4.216s
2025-12-09 19:10:30.035 65467 INFO tempest.common.waiters [-] State transition "BUILD/None" ==> "BUILD/networking" after 6 second wait
2025-12-09 19:10:30.036 65487 INFO tempest.lib.common.rest_client [req-da7e4ffe-f1ad-4fbe-bdf5-be622a4f08a6 req-da7e4ffe-f1ad-4fbe-bdf5-be622a4f08a6 ] Request (ServerAddressesTestJSON:setUpClass): 200 GET http://10.180.1.21/compute/v2.1/servers/e0d4ab14-c305-4edc-ac3a-d06715901a4b 4.346s
2025-12-09 19:10:30.036 65471 INFO tempest.lib.common.rest_client [req-4cd4f85e-eedc-4669-a37e-aa794389692c req-4cd4f85e-eedc-4669-a37e-aa794389692c ] Request (ServerExternalEventsTest:setUpClass): 204 PUT http://10.180.1.21/identity/v3/projects/1bcba46da3d74161977e4a47e541992a/users/30cf29881fe949628676253bdb713442/roles/9ae15bc10c5545e8a7b97397196d4c92 0.020s
2025-12-09 19:10:30.037 65471 INFO tempest.lib.common.dynamic_creds [-] Dynamic test user 30cf29881fe949628676253bdb713442 is created with scope project and roles: ['admin']
2025-12-09 19:10:30.037 65471 INFO tempest.lib.common.dynamic_creds [-] Acquired dynamic creds: credentials: Credentials: {'domain_id': 'default', 'domain_name': 'Default', 'username': 'tempest-ServerExternalEventsTest-331351694-project-admin', 'project_domain_id': 'default', 'project_domain_name': 'Default', 'project_id': '1bcba46da3d74161977e4a47e541992a', 'project_name': 'tempest-ServerExternalEventsTest-331351694', 'tenant_id': '1bcba46da3d74161977e4a47e541992a', 'tenant_name': 'tempest-ServerExternalEventsTest-331351694', 'user_domain_id': 'default', 'user_domain_name': 'Default', 'user_id': '30cf29881fe949628676253bdb713442', 'system': None}, Network: None, Subnet: None, Router: None
2025-12-09 19:10:30.037 65471 INFO tempest.lib.common.dynamic_creds [-] Created isolated network resources for: credentials: Credentials: {'domain_id': 'default', 'domain_name': 'Default', 'username': 'tempest-ServerExternalEventsTest-331351694-project-admin', 'project_domain_id': 'default', 'project_domain_name': 'Default', 'project_id': '1bcba46da3d74161977e4a47e541992a', 'project_name': 'tempest-ServerExternalEventsTest-331351694', 'tenant_id': '1bcba46da3d74161977e4a47e541992a', 'tenant_name': 'tempest-ServerExternalEventsTest-331351694', 'user_domain_id': 'default', 'user_domain_name': 'Default', 'user_id': '30cf29881fe949628676253bdb713442', 'system': None}, Network: None, Subnet: None, Router: None
2025-12-09 19:10:30.041 65477 INFO tempest.lib.common.rest_client [req-98906bc3-1326-477a-ae20-8264d855e106 req-98906bc3-1326-477a-ae20-8264d855e106 ] Request (FlavorsExtraSpecsTestJSON:test_flavor_set_get_update_show_unset_keys): 200 GET http://10.180.1.21/compute/v2.1/flavors/1494323370/os-extra_specs 4.069s
2025-12-09 19:10:30.043 65487 INFO tempest.common.waiters [-] State transition "BUILD/None" ==> "BUILD/spawning" after 6 second wait
2025-12-09 19:10:30.049 65495 INFO tempest.lib.common.rest_client [req-0422bfbf-77fd-43c3-8389-7a1e6587fc62 req-0422bfbf-77fd-43c3-8389-7a1e6587fc62 ] Request (QuotasAdminNegativeTest:setUpClass): 201 POST http://10.180.1.21/identity/v3/users 0.105s
2025-12-09 19:10:30.064 65451 INFO tempest.lib.common.rest_client [req-08f27038-203d-4705-8327-645e915ba405 req-08f27038-203d-4705-8327-645e915ba405 ] Request (AggregatesAdminNegativeTestJSON:test_aggregate_add_non_exist_host): 200 POST http://10.180.1.21/compute/v2.1/os-aggregates 3.952s
2025-12-09 19:10:30.076 65437 INFO tempest.lib.common.rest_client [req-7ff3fa21-6102-45f1-8e13-344d5471fa27 req-7ff3fa21-6102-45f1-8e13-344d5471fa27 ] Request (FlavorsAdminTestJSON:_run_cleanups): 202 DELETE http://10.180.1.21/compute/v2.1/flavors/2122166833 3.922s
2025-12-09 19:10:30.103 65439 INFO tempest.lib.common.rest_client [req-e70f9d8f-585b-4822-8226-ff173bdbc16c req-e70f9d8f-585b-4822-8226-ff173bdbc16c ] Request (ValidationResourcesFixture:setUp): 200 POST http://10.180.1.21/compute/v2.1/os-keypairs 3.908s
2025-12-09 19:10:30.119 65495 INFO tempest.lib.common.rest_client [req-6a475f97-b0d2-478f-bb34-4cbe6f6e3737 req-6a475f97-b0d2-478f-bb34-4cbe6f6e3737 ] Request (QuotasAdminNegativeTest:setUpClass): 200 GET http://10.180.1.21/identity/v3/roles 0.069s
2025-12-09 19:10:30.124 65493 INFO tempest.lib.common.rest_client [req-46af9b1c-b183-4199-939f-0f7211f78a07 req-46af9b1c-b183-4199-939f-0f7211f78a07 ] Request (HostsAdminTestJSON:test_show_host_detail): 200 GET http://10.180.1.21/compute/v2.1/os-hosts/cpu-1 3.898s
2025-12-09 19:10:30.143 65471 INFO tempest.lib.common.rest_client [req-65641f6b-f8f8-438a-aa7b-d26c45709974 req-65641f6b-f8f8-438a-aa7b-d26c45709974 ] Request (ServerExternalEventsTest:setUpClass): 201 POST http://10.180.1.21/identity/v3/auth/tokens 0.103s
2025-12-09 19:10:30.158 65495 INFO tempest.lib.common.rest_client [req-36a750e2-26f6-40e8-8365-fe301db83344 req-36a750e2-26f6-40e8-8365-fe301db83344 ] Request (QuotasAdminNegativeTest:setUpClass): 204 PUT http://10.180.1.21/identity/v3/projects/cc201dd933664e61896fff045af17f74/users/6abdb23a457942dc8ab6a2316b89ac73/roles/9ae15bc10c5545e8a7b97397196d4c92 0.035s
2025-12-09 19:10:30.222 65471 INFO tempest.lib.common.rest_client [req-5441b978-790a-4c60-8935-5bb79666380a req-5441b978-790a-4c60-8935-5bb79666380a ] Request (ServerExternalEventsTest:setUpClass): 201 POST http://10.180.1.21/identity/v3/projects 0.079s
2025-12-09 19:10:30.243 65439 INFO tempest.lib.common.rest_client [req-80ff6e7f-5799-4c39-8b58-a924ba406cdc req-80ff6e7f-5799-4c39-8b58-a924ba406cdc ] Request (ValidationResourcesFixture:setUp): 201 POST http://10.180.1.21/networking/v2.0/security-groups 0.138s
2025-12-09 19:10:30.275 65445 INFO tempest.lib.common.rest_client [req-6a26cdcb-619a-4d05-9c20-848df57290ad req-6a26cdcb-619a-4d05-9c20-848df57290ad ] Request (ServerDiagnosticsV248Test:test_get_server_diagnostics): 200 GET http://10.180.1.21/compute/v2.1/servers/5aa7930b-61bc-4fa7-b7d5-bf1019a09fd9 3.980s
2025-12-09 19:10:30.284 65493 INFO tempest.lib.common.rest_client [req-13967855-2c4d-4bb3-bd58-1bc4cd1e54c9 req-13967855-2c4d-4bb3-bd58-1bc4cd1e54c9 ] Request (HostsAdminTestJSON:tearDownClass): 204 DELETE http://10.180.1.21/identity/v3/users/7173e00ccccc450ba32d10a7e190b557 0.157s
2025-12-09 19:10:30.330 65495 INFO tempest.lib.common.rest_client [req-025f12c6-57e0-4976-a0ae-0df3cff0a195 req-025f12c6-57e0-4976-a0ae-0df3cff0a195 ] Request (QuotasAdminNegativeTest:setUpClass): 200 GET http://10.180.1.21/identity/v3/roles 0.171s
2025-12-09 19:10:30.339 65473 INFO tempest.lib.common.rest_client [req-69e27e9d-79aa-433c-b063-0566a5fba104 req-69e27e9d-79aa-433c-b063-0566a5fba104 ] Request (AttachInterfacesTestJSON:test_create_list_show_delete_interfaces_by_fixed_ip): 200 GET http://10.180.1.21/compute/v2.1/servers/6eb82a1c-9209-4c36-a605-1c7454e4a9eb 3.828s
2025-12-09 19:10:30.349 65473 INFO tempest.common.waiters [-] State transition "BUILD/spawning" ==> "ACTIVE/None" after 14 second wait
2025-12-09 19:10:30.384 65471 INFO tempest.lib.common.rest_client [req-9cc85b48-f288-4f0f-9acf-2cc65b21aec6 req-9cc85b48-f288-4f0f-9acf-2cc65b21aec6 ] Request (ServerExternalEventsTest:setUpClass): 201 POST http://10.180.1.21/identity/v3/users 0.162s
2025-12-09 19:10:30.410 65439 INFO tempest.lib.common.rest_client [req-ac529c34-b3cb-4c8c-a78f-408abdb32ca2 req-ac529c34-b3cb-4c8c-a78f-408abdb32ca2 ] Request (ValidationResourcesFixture:setUp): 201 POST http://10.180.1.21/networking/v2.0/security-group-rules 0.166s
2025-12-09 19:10:30.424 65493 INFO tempest.lib.common.rest_client [req-ffbc437d-1119-4b43-ba1e-4c8f5a00fd3f req-ffbc437d-1119-4b43-ba1e-4c8f5a00fd3f ] Request (HostsAdminTestJSON:tearDownClass): 204 DELETE http://10.180.1.21/identity/v3/users/87d63dc3616f4035a52736447ddcf1a9 0.139s
2025-12-09 19:10:30.424 65493 INFO tempest.lib.common.dynamic_creds [-] Deleting project and security group for project: d9df5594a5af4e539f66dfca391e56fc
