2025-12-09 19:13:03.153 65491 INFO tempest.lib.common.rest_client [req-13ef5069-1d9d-457e-b7f9-ad5716124ed2 req-13ef5069-1d9d-457e-b7f9-ad5716124ed2 ] Request (ServerGroupTestJSON:test_create_server_with_scheduler_hint_group): 200 GET http://10.180.1.21/compute/v2.1/servers/aa5069e8-a85f-4259-ac33-85ca2d798a95 0.117s
2025-12-09 19:13:03.203 65445 INFO tempest.lib.common.rest_client [req-a5e84ca8-b244-4353-a9b6-3369d4384d73 req-a5e84ca8-b244-4353-a9b6-3369d4384d73 ] Request (ImagesOneServerTestJSON:setUpClass): 200 GET http://10.180.1.21/compute/v2.1/servers/a849b5a4-08ab-40f1-a7e4-fbd499610195 0.138s
2025-12-09 19:13:03.251 65451 INFO tempest.lib.common.rest_client [req-0322478c-e064-4ca0-968d-db43fa48a2be req-0322478c-e064-4ca0-968d-db43fa48a2be ] Request (ImagesOneServerNegativeTestJSON:tearDown): 200 GET http://10.180.1.21/compute/v2.1/servers/a6d3a069-4d53-43ae-9f1c-4babd0c9ffe9 0.211s
2025-12-09 19:13:03.275 65495 INFO tempest.lib.common.rest_client [req-4b125329-2b42-438b-98ce-b9718e49d736 req-4b125329-2b42-438b-98ce-b9718e49d736 ] Request (ServersListShow2100Test:tearDownClass): 200 GET http://10.180.1.21/compute/v2.1/servers/d33e2789-ff5f-4647-90db-a7b867dafc3b 0.161s
2025-12-09 19:13:03.283 65485 INFO tempest.lib.common.rest_client [req-4259a352-3843-45c6-b203-ce1d0a014648 req-4259a352-3843-45c6-b203-ce1d0a014648 ] Request (ListServersNegativeTestJSON:test_list_servers_by_non_existing_server_name): 200 GET http://10.180.1.21/compute/v2.1/servers?name=non_existing_server_name 0.128s
2025-12-09 19:13:03.331 65464 INFO tempest.lib.common.rest_client [req-a3fbdf9c-b66a-4ba8-92f5-2d1c56a579d8 req-a3fbdf9c-b66a-4ba8-92f5-2d1c56a579d8 ] Request (ServerShowV257Test:test_rebuild_server): 200 GET http://10.180.1.21/compute/v2.1/servers/6e8cfe12-a377-4fa5-9049-c00e2d0acb8a 0.150s
2025-12-09 19:13:03.386 65489 INFO tempest.lib.common.rest_client [req-a174b389-a00b-4408-854b-f1b27ce79995 req-a174b389-a00b-4408-854b-f1b27ce79995 ] Request (SecurityGroupsTestJSON:test_server_security_groups): 200 GET http://10.180.1.21/compute/v2.1/servers/ba1e955d-30e3-4243-8abc-6c732b211c63 0.155s
2025-12-09 19:13:03.394 65437 INFO tempest.lib.common.rest_client [req-61a7f1ba-9547-44e8-af64-12cb98c42e90 req-61a7f1ba-9547-44e8-af64-12cb98c42e90 ] Request (ServersTestFqdnHostnames:test_create_server_with_fqdn_name): 200 GET http://10.180.1.21/compute/v2.1/servers/7605fa7c-82e3-4753-9882-7f3c6dbd11b2 0.203s
2025-12-09 19:13:03.446 65459 INFO tempest.lib.common.rest_client [req-103fdd4e-dc05-452a-9408-1bdf84cc1d4b req-103fdd4e-dc05-452a-9408-1bdf84cc1d4b ] Request (ServerRescueTestJSON:setUpClass): 200 GET http://10.180.1.21/compute/v2.1/servers/025859df-91e5-44e3-8c6b-8e6f6a819ee2 0.170s
2025-12-09 19:13:03.514 65451 INFO tempest.lib.common.rest_client [req-8d2c8c2e-1971-4c83-9f13-2707ba982501 req-8d2c8c2e-1971-4c83-9f13-2707ba982501 ] Request (ImagesOneServerNegativeTestJSON:setUp): 200 GET http://10.180.1.21/compute/v2.1/servers/a6d3a069-4d53-43ae-9f1c-4babd0c9ffe9 0.249s
2025-12-09 19:13:03.586 65457 INFO tempest.lib.common.rest_client [req-3153408e-8f5e-435d-b875-3e2b274ca035 req-3153408e-8f5e-435d-b875-3e2b274ca035 ] Request (FloatingIPsAssociationTestJSON:tearDownClass): 200 GET http://10.180.1.21/compute/v2.1/servers/ec6780b8-4572-4a17-8155-3578eb11f5af 0.288s
2025-12-09 19:13:03.644 65485 INFO tempest.lib.common.rest_client [req-9f6a42fe-d34e-4f83-9e79-5bbe9fded10b req-9f6a42fe-d34e-4f83-9e79-5bbe9fded10b ] Request (ListServersNegativeTestJSON:test_list_servers_detail_server_is_deleted): 200 GET http://10.180.1.21/compute/v2.1/servers/detail 0.357s
2025-12-09 19:13:03.647 65479 INFO tempest.lib.common.rest_client [req-e3d1875d-5f75-4f17-8eb9-184bba1d82f3 req-e3d1875d-5f75-4f17-8eb9-184bba1d82f3 ] Request (MigrationsAdminTest:test_resize_server_revert_deleted_flavor): 200 GET http://10.180.1.21/compute/v2.1/servers/0ad89329-fbc5-4733-9b81-2073b3794ed6 0.292s
2025-12-09 19:13:03.707 65455 INFO tempest.lib.common.rest_client [req-1b1b0e29-5f25-47bb-905e-afb9526eddfd req-1b1b0e29-5f25-47bb-905e-afb9526eddfd ] Request (InstanceActionsNegativeTestJSON:setUpClass): 200 GET http://10.180.1.21/compute/v2.1/servers/420e966b-3113-4bd2-a7f3-a53375f5441a 0.303s
2025-12-09 19:13:03.717 65449 INFO tempest.lib.common.rest_client [req-264785fb-9eb4-478b-bc62-a96c47aebc66 req-264785fb-9eb4-478b-bc62-a96c47aebc66 ] Request (ServersAdminTestJSON:tearDownClass): 200 GET http://10.180.1.21/compute/v2.1/servers/aa29661e-7f06-4904-b499-faec694ba2d8 0.264s
2025-12-09 19:13:03.723 65451 INFO tempest.lib.common.rest_client [req-6923d644-d8ad-44c2-95f3-ce02e15f85bb req-6923d644-d8ad-44c2-95f3-ce02e15f85bb ] Request (ImagesOneServerNegativeTestJSON:test_create_image_specify_metadata_over_limits): 400 POST http://10.180.1.21/compute/v2.1/servers/a6d3a069-4d53-43ae-9f1c-4babd0c9ffe9/action 0.202s
2025-12-09 19:13:03.777 65473 INFO tempest.lib.common.rest_client [req-b554e2ac-57be-47bc-8d57-872b6355f16a req-b554e2ac-57be-47bc-8d57-872b6355f16a ] Request (AttachInterfacesTestJSON:test_create_list_show_delete_interfaces_by_network_port): 200 GET http://10.180.1.21/compute/v2.1/servers/0b9d2103-6508-4dab-87cc-6175d25872c2 0.266s
2025-12-09 19:13:03.786 65485 INFO tempest.lib.common.rest_client [req-3756d3e4-caa7-4d6f-945f-c62a0c02bbfd req-3756d3e4-caa7-4d6f-945f-c62a0c02bbfd ] Request (ListServersNegativeTestJSON:test_list_servers_status_non_existing): 200 GET http://10.180.1.21/compute/v2.1/servers?status=non_existing_status 0.132s
2025-12-09 19:13:03.857 65497 INFO tempest.lib.common.rest_client [req-ca7e81e4-4a9f-4711-bba0-4bd112edc56c req-ca7e81e4-4a9f-4711-bba0-4bd112edc56c ] Request (AttachInterfacesV270Test:test_create_get_list_interfaces): 200 GET http://10.180.1.21/compute/v2.1/servers/79e58f83-8a03-4bfc-be8f-3f8d5c07c446 0.231s
2025-12-09 19:13:03.859 65465 INFO tempest.lib.common.rest_client [req-5da23a66-8dde-4763-8a01-bd4537a0877c req-5da23a66-8dde-4763-8a01-bd4537a0877c ] Request (VolumesAssistedSnapshotsTest:tearDownClass): 200 GET http://10.180.1.21/compute/v2.1/servers/87deb991-e1b7-4c44-8d4c-071bd1117b99 0.160s
2025-12-09 19:13:03.872 65499 WARNING tempest.lib.common.ssh [-] Failed to establish authenticated ssh connection to cirros@10.180.180.144 ([Errno None] Unable to connect to port 22 on 10.180.180.144). Number attempts: 11. Retry after 12 seconds.: paramiko.ssh_exception.NoValidConnectionsError: [Errno None] Unable to connect to port 22 on 10.180.180.144
2025-12-09 19:13:03.927 65461 INFO tempest.lib.common.rest_client [req-168bdfad-4dd3-43d6-895d-d6a26cc9e9e2 req-168bdfad-4dd3-43d6-895d-d6a26cc9e9e2 ] Request (ServersAdminNegativeTestJSON:tearDownClass): 200 GET http://10.180.1.21/compute/v2.1/servers/0d7119c6-c689-4d94-8182-3423c8d556f8 0.165s
2025-12-09 19:13:03.974 65451 INFO tempest.lib.common.rest_client [req-1dc90a1f-bbeb-423b-bd92-856651851a3c req-1dc90a1f-bbeb-423b-bd92-856651851a3c ] Request (ImagesOneServerNegativeTestJSON:tearDown): 200 GET http://10.180.1.21/compute/v2.1/servers/a6d3a069-4d53-43ae-9f1c-4babd0c9ffe9 0.251s
2025-12-09 19:13:03.983 65485 INFO tempest.lib.common.rest_client [req-43ab862e-2a23-4332-8c7e-274c1efe986e req-43ab862e-2a23-4332-8c7e-274c1efe986e ] Request (ListServersNegativeTestJSON:test_list_servers_with_a_deleted_server): 200 GET http://10.180.1.21/compute/v2.1/servers 0.193s
2025-12-09 19:13:04.041 65493 INFO tempest.lib.common.rest_client [req-3168d2a4-e0ee-4aa1-b93b-5f2bb8299876 req-3168d2a4-e0ee-4aa1-b93b-5f2bb8299876 ] Request (ServersTestMultiNic:test_verify_multiple_nics_order): 200 GET http://10.180.1.21/compute/v2.1/servers/e922f27d-3656-4175-b78f-643512b80525 0.238s
2025-12-09 19:13:04.047 65447 INFO tempest.lib.common.rest_client [req-a32b7293-7c0f-4131-8a09-b3d2c53ee210 req-a32b7293-7c0f-4131-8a09-b3d2c53ee210 ] Request (ListServerFiltersTestJSON:tearDownClass): 200 GET http://10.180.1.21/compute/v2.1/servers/4cdd2734-2658-40bc-b423-ffd1b05ae9b5 0.202s
2025-12-09 19:13:04.101 65453 INFO tempest.lib.common.rest_client [req-83f8e83c-a244-4a71-a85d-3a90598ff606 req-83f8e83c-a244-4a71-a85d-3a90598ff606 ] Request (DeleteServersTestJSON:test_delete_server_while_in_shelved_state): 200 GET http://10.180.1.21/compute/v2.1/servers/4ee2a68c-61ee-4fb6-a504-19f628a554e6 0.198s
2025-12-09 19:13:04.117 65443 INFO tempest.lib.common.rest_client [req-406ae2d8-3eb6-4499-94a6-64cec61315ea req-406ae2d8-3eb6-4499-94a6-64cec61315ea ] Request (ServerShowV247Test:tearDownClass): 200 GET http://10.180.1.21/compute/v2.1/servers/e7da75c4-498f-4584-a914-843bbae81e6a 0.139s
2025-12-09 19:13:04.203 65485 INFO tempest.lib.common.rest_client [req-7a4c9f8b-256a-43c3-bf4a-5c3043655ec0 req-7a4c9f8b-256a-43c3-bf4a-5c3043655ec0 ] Request (ListServersNegativeTestJSON:tearDownClass): 204 DELETE http://10.180.1.21/compute/v2.1/servers/57f36539-cf53-4fdf-a99e-5307d3e6c1af 0.216s
2025-12-09 19:13:04.210 65451 INFO tempest.lib.common.rest_client [req-7c322266-2e4d-4bd9-b1b7-e42ea11a7433 req-7c322266-2e4d-4bd9-b1b7-e42ea11a7433 ] Request (ImagesOneServerNegativeTestJSON:setUp): 200 GET http://10.180.1.21/compute/v2.1/servers/a6d3a069-4d53-43ae-9f1c-4babd0c9ffe9 0.224s
2025-12-09 19:13:04.265 65441 INFO tempest.lib.common.rest_client [req-ae396866-0a08-478d-b0f1-efd9c73e8009 req-ae396866-0a08-478d-b0f1-efd9c73e8009 ] Request (ServersTestJSON:test_create_specify_keypair): 200 GET http://10.180.1.21/compute/v2.1/servers/cf38c0c1-e960-4a31-a16c-c5dac7866f95 0.234s
2025-12-09 19:13:04.272 65471 INFO tempest.lib.common.rest_client [req-4f1a4ad1-d005-4268-b852-295f791fb16d req-4f1a4ad1-d005-4268-b852-295f791fb16d ] Request (InstanceActionsTestJSON:tearDownClass): 200 GET http://10.180.1.21/compute/v2.1/servers/54c329f1-6e15-4f94-a35d-e1e9aa2d8905 0.164s
2025-12-09 19:13:04.320 65491 INFO tempest.lib.common.rest_client [req-46b766fd-ea3e-47f0-be50-c49c3e203dcc req-46b766fd-ea3e-47f0-be50-c49c3e203dcc ] Request (ServerGroupTestJSON:test_create_server_with_scheduler_hint_group): 200 GET http://10.180.1.21/compute/v2.1/servers/aa5069e8-a85f-4259-ac33-85ca2d798a95 0.159s
2025-12-09 19:13:04.328 65491 INFO tempest.common.waiters [-] State transition "BUILD/scheduling" ==> "BUILD/None" after 23 second wait
2025-12-09 19:13:04.362 65481 INFO tempest.lib.common.rest_client [req-599564d5-3429-496f-84df-be6b4dd0d430 req-599564d5-3429-496f-84df-be6b4dd0d430 ] Request (ImagesTestJSON:test_create_image_from_suspended_server): 200 GET http://10.180.1.21/compute/v2.1/servers/32fe8d0b-807d-4b08-8321-eff76f4535f6 0.251s
2025-12-09 19:13:04.369 65481 INFO tempest.common.waiters [-] State transition "ACTIVE/suspending" ==> "SUSPENDED/None" after 3 second wait
2025-12-09 19:13:04.397 65485 INFO tempest.lib.common.rest_client [req-c754f985-cfbc-449c-97c4-361f91019a75 req-c754f985-cfbc-449c-97c4-361f91019a75 ] Request (ListServersNegativeTestJSON:tearDownClass): 204 DELETE http://10.180.1.21/compute/v2.1/servers/549483a7-3359-4c7d-9e3a-0202f0a9e857 0.193s
2025-12-09 19:13:04.410 65451 INFO tempest.lib.common.rest_client [req-df54e982-34d9-4e9b-a5f1-a8664cb2e48a req-df54e982-34d9-4e9b-a5f1-a8664cb2e48a ] Request (ImagesOneServerNegativeTestJSON:test_create_image_specify_name_over_character_limit): 400 POST http://10.180.1.21/compute/v2.1/servers/a6d3a069-4d53-43ae-9f1c-4babd0c9ffe9/action 0.188s
2025-12-09 19:13:04.422 65445 INFO tempest.lib.common.rest_client [req-0f0820f4-9911-4688-8ca9-edf6b9dff9a7 req-0f0820f4-9911-4688-8ca9-edf6b9dff9a7 ] Request (ImagesOneServerTestJSON:setUpClass): 200 GET http://10.180.1.21/compute/v2.1/servers/a849b5a4-08ab-40f1-a7e4-fbd499610195 0.211s
2025-12-09 19:13:04.486 65464 INFO tempest.lib.common.rest_client [req-642cd611-9d56-4b7a-abf2-a22907f19a65 req-642cd611-9d56-4b7a-abf2-a22907f19a65 ] Request (ServerShowV257Test:test_rebuild_server): 200 GET http://10.180.1.21/compute/v2.1/servers/6e8cfe12-a377-4fa5-9049-c00e2d0acb8a 0.145s
2025-12-09 19:13:04.499 65495 INFO tempest.lib.common.rest_client [req-2683af9d-0e2b-446b-8ee7-1b3abdd80248 req-2683af9d-0e2b-446b-8ee7-1b3abdd80248 ] Request (ServersListShow2100Test:tearDownClass): 200 GET http://10.180.1.21/compute/v2.1/servers/d33e2789-ff5f-4647-90db-a7b867dafc3b 0.208s
2025-12-09 19:13:04.556 65489 INFO tempest.lib.common.rest_client [req-d7eefee2-eb58-45a2-96a6-ad8a99d90224 req-d7eefee2-eb58-45a2-96a6-ad8a99d90224 ] Request (SecurityGroupsTestJSON:test_server_security_groups): 200 GET http://10.180.1.21/compute/v2.1/servers/ba1e955d-30e3-4243-8abc-6c732b211c63 0.162s
2025-12-09 19:13:04.574 65485 INFO tempest.lib.common.rest_client [req-1fc96b48-9c52-4dc5-aad2-cce27f50862a req-1fc96b48-9c52-4dc5-aad2-cce27f50862a ] Request (ListServersNegativeTestJSON:tearDownClass): 404 DELETE http://10.180.1.21/compute/v2.1/servers/248481df-5eac-4078-9c12-6644ff6c581a 0.177s
2025-12-09 19:13:04.738 65437 INFO tempest.lib.common.rest_client [req-2d2e3996-a9a8-4e3e-beb0-288161dd77d5 req-2d2e3996-a9a8-4e3e-beb0-288161dd77d5 ] Request (ServersTestFqdnHostnames:test_create_server_with_fqdn_name): 200 GET http://10.180.1.21/compute/v2.1/servers/7605fa7c-82e3-4753-9882-7f3c6dbd11b2 0.335s
2025-12-09 19:13:04.851 65451 INFO tempest.lib.common.rest_client [req-31800618-19f1-4233-ae21-b2fbae650209 req-31800618-19f1-4233-ae21-b2fbae650209 ] Request (ImagesOneServerNegativeTestJSON:tearDown): 200 GET http://10.180.1.21/compute/v2.1/servers/a6d3a069-4d53-43ae-9f1c-4babd0c9ffe9 0.440s
2025-12-09 19:13:04.904 65459 INFO tempest.lib.common.rest_client [req-07f458ea-4685-417e-8986-d482f96ff8da req-07f458ea-4685-417e-8986-d482f96ff8da ] Request (ServerRescueTestJSON:setUpClass): 200 GET http://10.180.1.21/compute/v2.1/servers/025859df-91e5-44e3-8c6b-8e6f6a819ee2 0.450s
2025-12-09 19:13:04.948 65481 INFO tempest.lib.common.rest_client [req-36a92377-3b74-4e76-a42c-842eccf41a53 req-36a92377-3b74-4e76-a42c-842eccf41a53 ] Request (ImagesTestJSON:test_create_image_from_suspended_server): 202 POST http://10.180.1.21/compute/v2.1/servers/32fe8d0b-807d-4b08-8321-eff76f4535f6/action 0.579s
2025-12-09 19:13:05.014 65457 INFO tempest.lib.common.rest_client [req-02d220a5-4dfa-4932-8b70-8820245072e4 req-02d220a5-4dfa-4932-8b70-8820245072e4 ] Request (FloatingIPsAssociationTestJSON:tearDownClass): 200 GET http://10.180.1.21/compute/v2.1/servers/ec6780b8-4572-4a17-8155-3578eb11f5af 0.420s
2025-12-09 19:13:05.038 65485 INFO tempest.lib.common.rest_client [req-82fc87df-f027-4fc7-bfa0-f43add38f014 req-82fc87df-f027-4fc7-bfa0-f43add38f014 ] Request (ListServersNegativeTestJSON:tearDownClass): 200 GET http://10.180.1.21/compute/v2.1/servers/57f36539-cf53-4fdf-a99e-5307d3e6c1af 0.463s
2025-12-09 19:13:05.066 65479 INFO tempest.lib.common.rest_client [req-ca3847ce-c362-4ce4-a6f4-bae610edc93d req-ca3847ce-c362-4ce4-a6f4-bae610edc93d ] Request (MigrationsAdminTest:test_resize_server_revert_deleted_flavor): 200 GET http://10.180.1.21/compute/v2.1/servers/0ad89329-fbc5-4733-9b81-2073b3794ed6 0.411s
2025-12-09 19:13:05.093 65455 INFO tempest.lib.common.rest_client [req-9ddd60d1-1000-475a-82f4-5cb7c7561998 req-9ddd60d1-1000-475a-82f4-5cb7c7561998 ] Request (InstanceActionsNegativeTestJSON:setUpClass): 200 GET http://10.180.1.21/compute/v2.1/servers/420e966b-3113-4bd2-a7f3-a53375f5441a 0.375s
2025-12-09 19:13:05.136 65449 INFO tempest.lib.common.rest_client [req-e85cb7aa-2b64-479b-809b-dc682d5afd9e req-e85cb7aa-2b64-479b-809b-dc682d5afd9e ] Request (ServersAdminTestJSON:tearDownClass): 200 GET http://10.180.1.21/compute/v2.1/servers/aa29661e-7f06-4904-b499-faec694ba2d8 0.410s
2025-12-09 19:13:05.152 65473 INFO tempest.lib.common.rest_client [req-d0416e70-a8c8-4038-a012-671fdce3209a req-d0416e70-a8c8-4038-a012-671fdce3209a ] Request (AttachInterfacesTestJSON:test_create_list_show_delete_interfaces_by_network_port): 200 GET http://10.180.1.21/compute/v2.1/servers/0b9d2103-6508-4dab-87cc-6175d25872c2 0.368s
2025-12-09 19:13:05.153 65439 WARNING tempest.lib.common.ssh [-] Failed to establish authenticated ssh connection to cirros@10.180.180.149 ([Errno None] Unable to connect to port 22 on 10.180.180.149). Number attempts: 1. Retry after 2 seconds.: paramiko.ssh_exception.NoValidConnectionsError: [Errno None] Unable to connect to port 22 on 10.180.180.149
2025-12-09 19:13:05.212 65465 INFO tempest.lib.common.rest_client [req-8cf1944a-8f66-4b21-9c23-2af5729daad5 req-8cf1944a-8f66-4b21-9c23-2af5729daad5 ] Request (VolumesAssistedSnapshotsTest:tearDownClass): 200 GET http://10.180.1.21/compute/v2.1/servers/87deb991-e1b7-4c44-8d4c-071bd1117b99 0.346s
2025-12-09 19:13:05.264 65451 INFO tempest.lib.common.rest_client [req-e2156b7b-3a1f-495f-ae5e-751c2e802a9b req-e2156b7b-3a1f-495f-ae5e-751c2e802a9b ] Request (ImagesOneServerNegativeTestJSON:setUp): 200 GET http://10.180.1.21/compute/v2.1/servers/a6d3a069-4d53-43ae-9f1c-4babd0c9ffe9 0.405s
2025-12-09 19:13:05.290 65461 INFO tempest.lib.common.rest_client [req-2ed913a2-c608-4b48-bba0-2d0c0fc5b797 req-2ed913a2-c608-4b48-bba0-2d0c0fc5b797 ] Request (ServersAdminNegativeTestJSON:tearDownClass): 404 GET http://10.180.1.21/compute/v2.1/servers/0d7119c6-c689-4d94-8182-3423c8d556f8 0.354s
2025-12-09 19:13:05.328 65481 INFO tempest.lib.common.rest_client [req-9e3381fa-b574-466b-88cc-ea27a49fd8a9 req-9e3381fa-b574-466b-88cc-ea27a49fd8a9 ] Request (ImagesTestJSON:test_create_image_from_suspended_server): 200 GET http://10.180.1.21/compute/v2.1/images/72faaa78-e573-4551-b781-afe353e8fe7d 0.378s
2025-12-09 19:13:05.342 65497 INFO tempest.lib.common.rest_client [req-2c55717b-800a-44c0-a7e2-f02c93d1aca8 req-2c55717b-800a-44c0-a7e2-f02c93d1aca8 ] Request (AttachInterfacesV270Test:test_create_get_list_interfaces): 200 GET http://10.180.1.21/compute/v2.1/servers/79e58f83-8a03-4bfc-be8f-3f8d5c07c446 0.475s
2025-12-09 19:13:05.399 65461 INFO tempest.lib.common.rest_client [req-7aecea15-cdc1-4bf3-a07e-33349c616059 req-7aecea15-cdc1-4bf3-a07e-33349c616059 ] Request (ServersAdminNegativeTestJSON:tearDownClass): 204 DELETE http://10.180.1.21/identity/v3/users/dd850ae2c9f34199b592893c191023c4 0.108s
2025-12-09 19:13:05.405 65493 INFO tempest.lib.common.rest_client [req-f16b5490-08ab-4eb4-b836-86af1c385596 req-f16b5490-08ab-4eb4-b836-86af1c385596 ] Request (ServersTestMultiNic:test_verify_multiple_nics_order): 200 GET http://10.180.1.21/compute/v2.1/servers/e922f27d-3656-4175-b78f-643512b80525 0.355s
2025-12-09 19:13:05.414 65447 INFO tempest.lib.common.rest_client [req-dd5a4b16-7d65-491e-a03c-fa6d9e3e9daf req-dd5a4b16-7d65-491e-a03c-fa6d9e3e9daf ] Request (ListServerFiltersTestJSON:tearDownClass): 200 GET http://10.180.1.21/compute/v2.1/servers/4cdd2734-2658-40bc-b423-ffd1b05ae9b5 0.359s
2025-12-09 19:13:05.475 65453 INFO tempest.lib.common.rest_client [req-07eef46c-d548-4021-8126-5e1851be3f6c req-07eef46c-d548-4021-8126-5e1851be3f6c ] Request (DeleteServersTestJSON:test_delete_server_while_in_shelved_state): 200 GET http://10.180.1.21/compute/v2.1/servers/4ee2a68c-61ee-4fb6-a504-19f628a554e6 0.365s
2025-12-09 19:13:05.500 65443 INFO tempest.lib.common.rest_client [req-367cf861-5406-4942-818c-24467e4f0329 req-367cf861-5406-4942-818c-24467e4f0329 ] Request (ServerShowV247Test:tearDownClass): 200 GET http://10.180.1.21/compute/v2.1/servers/e7da75c4-498f-4584-a914-843bbae81e6a 0.373s
2025-12-09 19:13:05.546 65441 INFO tempest.lib.common.rest_client [req-db814aa2-054b-448e-810a-c6467497003d req-db814aa2-054b-448e-810a-c6467497003d ] Request (ServersTestJSON:test_create_specify_keypair): 200 GET http://10.180.1.21/compute/v2.1/servers/cf38c0c1-e960-4a31-a16c-c5dac7866f95 0.272s
2025-12-09 19:13:05.548 65461 INFO tempest.lib.common.rest_client [req-a4ece012-f023-4bc6-b2f8-1a82b7a29b32 req-a4ece012-f023-4bc6-b2f8-1a82b7a29b32 ] Request (ServersAdminNegativeTestJSON:tearDownClass): 204 DELETE http://10.180.1.21/identity/v3/users/2bb557fd72de4ff39d99d816f935531b 0.149s
2025-12-09 19:13:05.548 65461 INFO tempest.lib.common.dynamic_creds [-] Deleting project and security group for project: 3096c64de0b149d0aeddbaaa532d993e
2025-12-09 19:13:05.621 65461 INFO tempest.lib.common.rest_client [req-df3dd99a-00f0-47aa-a3a0-147cdc8dd4c9 req-df3dd99a-00f0-47aa-a3a0-147cdc8dd4c9 ] Request (ServersAdminNegativeTestJSON:tearDownClass): 201 POST http://10.180.1.21/identity/v3/auth/tokens 0.072s
2025-12-09 19:13:05.630 65471 INFO tempest.lib.common.rest_client [req-fc188ffe-874d-43ef-aacd-d5a5730ebc30 req-fc188ffe-874d-43ef-aacd-d5a5730ebc30 ] Request (InstanceActionsTestJSON:tearDownClass): 200 GET http://10.180.1.21/compute/v2.1/servers/54c329f1-6e15-4f94-a35d-e1e9aa2d8905 0.349s
2025-12-09 19:13:05.723 65491 INFO tempest.lib.common.rest_client [req-031e1e55-fbd2-4e02-8bff-20208aaa5da4 req-031e1e55-fbd2-4e02-8bff-20208aaa5da4 ] Request (ServerGroupTestJSON:test_create_server_with_scheduler_hint_group): 200 GET http://10.180.1.21/compute/v2.1/servers/aa5069e8-a85f-4259-ac33-85ca2d798a95 0.393s
2025-12-09 19:13:05.770 65461 INFO tempest.lib.common.rest_client [req-38f9777d-7e03-4354-9240-b36fc7c2cdce req-38f9777d-7e03-4354-9240-b36fc7c2cdce ] Request (ServersAdminNegativeTestJSON:tearDownClass): 200 GET http://10.180.1.21/networking/v2.0/security-groups?tenant_id=3096c64de0b149d0aeddbaaa532d993e&name=default 0.148s
2025-12-09 19:13:05.787 65445 INFO tempest.lib.common.rest_client [req-5b9da755-242e-4db2-9661-f7888b00cabe req-5b9da755-242e-4db2-9661-f7888b00cabe ] Request (ImagesOneServerTestJSON:setUpClass): 200 GET http://10.180.1.21/compute/v2.1/servers/a849b5a4-08ab-40f1-a7e4-fbd499610195 0.352s
2025-12-09 19:13:05.846 65464 INFO tempest.lib.common.rest_client [req-3761275c-0e28-4053-b956-1fb5ddbd8819 req-3761275c-0e28-4053-b956-1fb5ddbd8819 ] Request (ServerShowV257Test:test_rebuild_server): 200 GET http://10.180.1.21/compute/v2.1/servers/6e8cfe12-a377-4fa5-9049-c00e2d0acb8a 0.349s
2025-12-09 19:13:05.870 65461 INFO tempest.lib.common.rest_client [req-3a68dede-2948-4ac7-b223-2c90a4e3c951 req-3a68dede-2948-4ac7-b223-2c90a4e3c951 ] Request (ServersAdminNegativeTestJSON:tearDownClass): 204 DELETE http://10.180.1.21/networking/v2.0/security-groups/216a7c83-f45d-41d7-98e2-7dcbcacdf614 0.100s
2025-12-09 19:13:05.925 65495 INFO tempest.lib.common.rest_client [req-b522d5fe-b26a-41f9-bc0f-bbe326f182c8 req-b522d5fe-b26a-41f9-bc0f-bbe326f182c8 ] Request (ServersListShow2100Test:tearDownClass): 200 GET http://10.180.1.21/compute/v2.1/servers/d33e2789-ff5f-4647-90db-a7b867dafc3b 0.412s
2025-12-09 19:13:05.940 65461 INFO tempest.lib.common.rest_client [req-dd07c49d-1712-49ec-820c-18ae96078e68 req-dd07c49d-1712-49ec-820c-18ae96078e68 ] Request (ServersAdminNegativeTestJSON:tearDownClass): 204 DELETE http://10.180.1.21/identity/v3/projects/3096c64de0b149d0aeddbaaa532d993e 0.069s
2025-12-09 19:13:05.940 65461 INFO tempest.lib.common.dynamic_creds [-] Deleting project and security group for project: 54717a1a2c364e629dd026b0348b89a0
2025-12-09 19:13:05.972 65461 INFO tempest.lib.common.rest_client [req-7bb8ac51-a875-491c-9430-396dc0c4f027 req-7bb8ac51-a875-491c-9430-396dc0c4f027 ] Request (ServersAdminNegativeTestJSON:tearDownClass): 200 GET http://10.180.1.21/networking/v2.0/security-groups?tenant_id=54717a1a2c364e629dd026b0348b89a0&name=default 0.032s
2025-12-09 19:13:05.983 65489 INFO tempest.lib.common.rest_client [req-b1ef6bc8-6934-4fe6-b992-19c8a3dda171 req-b1ef6bc8-6934-4fe6-b992-19c8a3dda171 ] Request (SecurityGroupsTestJSON:test_server_security_groups): 200 GET http://10.180.1.21/compute/v2.1/servers/ba1e955d-30e3-4243-8abc-6c732b211c63 0.420s
2025-12-09 19:13:05.986 65451 INFO tempest.lib.common.rest_client [req-3000688e-da9d-48d8-a53a-696f88b1c560 req-3000688e-da9d-48d8-a53a-696f88b1c560 ] Request (ImagesOneServerNegativeTestJSON:test_create_second_image_when_first_image_is_being_saved): 202 POST http://10.180.1.21/compute/v2.1/servers/a6d3a069-4d53-43ae-9f1c-4babd0c9ffe9/action 0.707s
2025-12-09 19:13:06.055 65459 INFO tempest.lib.common.rest_client [req-217e4f0f-22f9-4d30-938c-df05c933ca77 req-217e4f0f-22f9-4d30-938c-df05c933ca77 ] Request (ServerRescueTestJSON:setUpClass): 200 GET http://10.180.1.21/compute/v2.1/servers/025859df-91e5-44e3-8c6b-8e6f6a819ee2 0.139s
2025-12-09 19:13:06.069 65461 INFO tempest.lib.common.rest_client [req-5227081d-3cc7-4bfa-a0f0-9f58efc93320 req-5227081d-3cc7-4bfa-a0f0-9f58efc93320 ] Request (ServersAdminNegativeTestJSON:tearDownClass): 204 DELETE http://10.180.1.21/networking/v2.0/security-groups/4053d3a4-ee59-4021-887a-7586e48d124f 0.096s
2025-12-09 19:13:06.093 65451 INFO tempest.lib.common.rest_client [req-3179d020-c39a-4eed-a9fe-08a346aaa13f req-3179d020-c39a-4eed-a9fe-08a346aaa13f ] Request (ImagesOneServerNegativeTestJSON:test_create_second_image_when_first_image_is_being_saved): 409 POST http://10.180.1.21/compute/v2.1/servers/a6d3a069-4d53-43ae-9f1c-4babd0c9ffe9/action 0.106s
2025-12-09 19:13:06.121 65437 INFO tempest.lib.common.rest_client [req-b506cd51-f0bd-4cf7-9948-4a425d533d40 req-b506cd51-f0bd-4cf7-9948-4a425d533d40 ] Request (ServersTestFqdnHostnames:test_create_server_with_fqdn_name): 200 GET http://10.180.1.21/compute/v2.1/servers/7605fa7c-82e3-4753-9882-7f3c6dbd11b2 0.375s
2025-12-09 19:13:06.164 65457 INFO tempest.lib.common.rest_client [req-a64dd799-f01c-459b-8be2-281ec6aaa7e9 req-a64dd799-f01c-459b-8be2-281ec6aaa7e9 ] Request (FloatingIPsAssociationTestJSON:tearDownClass): 200 GET http://10.180.1.21/compute/v2.1/servers/ec6780b8-4572-4a17-8155-3578eb11f5af 0.142s
2025-12-09 19:13:06.201 65461 INFO tempest.lib.common.rest_client [req-48e7eb16-9031-4b09-ae4c-b735dbf3eec8 req-48e7eb16-9031-4b09-ae4c-b735dbf3eec8 ] Request (ServersAdminNegativeTestJSON:tearDownClass): 204 DELETE http://10.180.1.21/identity/v3/projects/54717a1a2c364e629dd026b0348b89a0 0.131s
2025-12-09 19:13:06.238 65479 INFO tempest.lib.common.rest_client [req-d133aeac-9e8d-487b-aa02-fa7752a03476 req-d133aeac-9e8d-487b-aa02-fa7752a03476 ] Request (MigrationsAdminTest:test_resize_server_revert_deleted_flavor): 200 GET http://10.180.1.21/compute/v2.1/servers/0ad89329-fbc5-4733-9b81-2073b3794ed6 0.164s
2025-12-09 19:13:06.259 65485 INFO tempest.lib.common.rest_client [req-402cd426-bab3-41c2-bf07-1c5fddd0186b req-402cd426-bab3-41c2-bf07-1c5fddd0186b ] Request (ListServersNegativeTestJSON:tearDownClass): 200 GET http://10.180.1.21/compute/v2.1/servers/57f36539-cf53-4fdf-a99e-5307d3e6c1af 0.211s
2025-12-09 19:13:06.282 65461 INFO tempest.lib.common.rest_client [req-1e9e6841-527f-40d1-a8da-1c2da178bbde req-1e9e6841-527f-40d1-a8da-1c2da178bbde ] Request (FloatingIPDetailsTestJSON:setUpClass): 201 POST http://10.180.1.21/identity/v3/auth/tokens 0.079s
2025-12-09 19:13:06.313 65455 INFO tempest.lib.common.rest_client [req-35a85b33-7ce7-4112-8a2a-ae7fdf56bf28 req-35a85b33-7ce7-4112-8a2a-ae7fdf56bf28 ] Request (InstanceActionsNegativeTestJSON:setUpClass): 200 GET http://10.180.1.21/compute/v2.1/servers/420e966b-3113-4bd2-a7f3-a53375f5441a 0.212s
2025-12-09 19:13:06.321 65461 INFO tempest.lib.common.rest_client [req-5ab63e9c-65b4-4f54-bf90-f84d8a0b13c1 req-5ab63e9c-65b4-4f54-bf90-f84d8a0b13c1 ] Request (FloatingIPDetailsTestJSON:setUpClass): 201 POST http://10.180.1.21/identity/v3/auth/tokens 0.036s
2025-12-09 19:13:06.335 65451 INFO tempest.lib.common.rest_client [req-b4fed4cb-7abc-4dc1-9b1c-8e1eba3a2db7 req-b4fed4cb-7abc-4dc1-9b1c-8e1eba3a2db7 ] Request (ImagesOneServerNegativeTestJSON:test_create_second_image_when_first_image_is_being_saved): 204 DELETE http://10.180.1.21/compute/v2.1/images/caa1eac9-369c-493c-9362-905d2b41591c 0.241s
2025-12-09 19:13:06.353 65461 INFO tempest.lib.common.rest_client [req-0dc14161-aa43-4276-8320-4781feeeaffa req-0dc14161-aa43-4276-8320-4781feeeaffa ] Request (FloatingIPDetailsTestJSON:setUpClass): 200 GET http://10.180.1.21/identity/v3/domains?name=Default 0.032s
2025-12-09 19:13:06.398 65449 INFO tempest.lib.common.rest_client [req-5d90bfb1-b997-4bd8-8c06-42c239da1951 req-5d90bfb1-b997-4bd8-8c06-42c239da1951 ] Request (ServersAdminTestJSON:tearDownClass): 200 GET http://10.180.1.21/compute/v2.1/servers/aa29661e-7f06-4904-b499-faec694ba2d8 0.253s
2025-12-09 19:13:06.398 65461 INFO tempest.lib.common.rest_client [req-0d16ede4-2372-4936-b0bf-a182c97059f8 req-0d16ede4-2372-4936-b0bf-a182c97059f8 ] Request (FloatingIPDetailsTestJSON:setUpClass): 201 POST http://10.180.1.21/identity/v3/projects 0.044s
2025-12-09 19:13:06.410 65473 INFO tempest.lib.common.rest_client [req-11c45817-e9a8-400d-ab4c-7ba6684b9cd2 req-11c45817-e9a8-400d-ab4c-7ba6684b9cd2 ] Request (AttachInterfacesTestJSON:test_create_list_show_delete_interfaces_by_network_port): 200 GET http://10.180.1.21/compute/v2.1/servers/0b9d2103-6508-4dab-87cc-6175d25872c2 0.250s
2025-12-09 19:13:06.451 65481 INFO tempest.lib.common.rest_client [req-53136b29-460f-4eef-a938-c189bbfd5f65 req-53136b29-460f-4eef-a938-c189bbfd5f65 ] Request (ImagesTestJSON:test_create_image_from_suspended_server): 200 GET http://10.180.1.21/compute/v2.1/images/72faaa78-e573-4551-b781-afe353e8fe7d 0.118s
2025-12-09 19:13:06.473 65461 INFO tempest.lib.common.rest_client [req-9bd4c858-c8a8-4810-ab91-41f2483f94df req-9bd4c858-c8a8-4810-ab91-41f2483f94df ] Request (FloatingIPDetailsTestJSON:setUpClass): 201 POST http://10.180.1.21/identity/v3/users 0.074s
2025-12-09 19:13:06.495 65465 INFO tempest.lib.common.rest_client [req-433d0dc6-74dc-4315-a0c2-4481dca39fb0 req-433d0dc6-74dc-4315-a0c2-4481dca39fb0 ] Request (VolumesAssistedSnapshotsTest:tearDownClass): 200 GET http://10.180.1.21/compute/v2.1/servers/87deb991-e1b7-4c44-8d4c-071bd1117b99 0.275s
2025-12-09 19:13:06.496 65461 INFO tempest.lib.common.rest_client [req-88cf7e84-0c56-4844-b95c-3e464a51e04d req-88cf7e84-0c56-4844-b95c-3e464a51e04d ] Request (FloatingIPDetailsTestJSON:setUpClass): 200 GET http://10.180.1.21/identity/v3/roles 0.023s
2025-12-09 19:13:06.543 65461 INFO tempest.lib.common.rest_client [req-a0187828-c024-4dcc-9e88-b5d11f6256eb req-a0187828-c024-4dcc-9e88-b5d11f6256eb ] Request (FloatingIPDetailsTestJSON:setUpClass): 204 PUT http://10.180.1.21/identity/v3/projects/99c7a54463a642d3a2f264c351ee9645/users/d121631c6e5d4c26a015bda10131954a/roles/122f625e02714efbac36b4365a13eeb4 0.046s
2025-12-09 19:13:06.543 65461 INFO tempest.lib.common.dynamic_creds [-] Dynamic test user d121631c6e5d4c26a015bda10131954a is created with scope project and roles: ['member']
2025-12-09 19:13:06.544 65461 INFO tempest.lib.common.dynamic_creds [-] Acquired dynamic creds: credentials: Credentials: {'domain_id': 'default', 'domain_name': 'Default', 'username': 'tempest-FloatingIPDetailsTestJSON-590227835-project-member', 'project_domain_id': 'default', 'project_domain_name': 'Default', 'project_id': '99c7a54463a642d3a2f264c351ee9645', 'project_name': 'tempest-FloatingIPDetailsTestJSON-590227835', 'tenant_id': '99c7a54463a642d3a2f264c351ee9645', 'tenant_name': 'tempest-FloatingIPDetailsTestJSON-590227835', 'user_domain_id': 'default', 'user_domain_name': 'Default', 'user_id': 'd121631c6e5d4c26a015bda10131954a', 'system': None}, Network: None, Subnet: None, Router: None
2025-12-09 19:13:06.605 65461 INFO tempest.lib.common.rest_client [req-334a5210-b676-4c1f-8f85-27302e8f9100 req-334a5210-b676-4c1f-8f85-27302e8f9100 ] Request (FloatingIPDetailsTestJSON:setUpClass): 201 POST http://10.180.1.21/identity/v3/auth/tokens 0.061s
2025-12-09 19:13:06.645 65451 INFO tempest.lib.common.rest_client [req-297ad61b-e467-43c8-b056-3698a3261805 req-297ad61b-e467-43c8-b056-3698a3261805 ] Request (ImagesOneServerNegativeTestJSON:tearDown): 200 GET http://10.180.1.21/compute/v2.1/servers/a6d3a069-4d53-43ae-9f1c-4babd0c9ffe9 0.310s
2025-12-09 19:13:06.895 65497 INFO tempest.lib.common.rest_client [req-0060dea4-bd90-4db9-97b6-887867c879e1 req-0060dea4-bd90-4db9-97b6-887867c879e1 ] Request (AttachInterfacesV270Test:test_create_get_list_interfaces): 200 GET http://10.180.1.21/compute/v2.1/servers/79e58f83-8a03-4bfc-be8f-3f8d5c07c446 0.542s
2025-12-09 19:13:06.905 65497 INFO tempest.common.waiters [-] State transition "BUILD/spawning" ==> "ACTIVE/None" after 63 second wait
2025-12-09 19:13:06.906 65493 INFO tempest.lib.common.rest_client [req-b1ed141a-d725-43fe-9340-1da307c7a64c req-b1ed141a-d725-43fe-9340-1da307c7a64c ] Request (ServersTestMultiNic:test_verify_multiple_nics_order): 200 GET http://10.180.1.21/compute/v2.1/servers/e922f27d-3656-4175-b78f-643512b80525 0.490s
2025-12-09 19:13:06.958 65453 INFO tempest.lib.common.rest_client [req-3678e4a3-39b2-4de0-85a3-908d0305402d req-3678e4a3-39b2-4de0-85a3-908d0305402d ] Request (DeleteServersTestJSON:test_delete_server_while_in_shelved_state): 200 GET http://10.180.1.21/compute/v2.1/servers/4ee2a68c-61ee-4fb6-a504-19f628a554e6 0.473s
2025-12-09 19:13:06.971 65447 INFO tempest.lib.common.rest_client [req-b3f748f5-ad83-4cbb-92b1-881dc4ece2be req-b3f748f5-ad83-4cbb-92b1-881dc4ece2be ] Request (ListServerFiltersTestJSON:tearDownClass): 200 GET http://10.180.1.21/compute/v2.1/servers/4cdd2734-2658-40bc-b423-ffd1b05ae9b5 0.545s
2025-12-09 19:13:07.021 65443 INFO tempest.lib.common.rest_client [req-b11557dd-6974-432d-a44e-11e065fbb0b5 req-b11557dd-6974-432d-a44e-11e065fbb0b5 ] Request (ServerShowV247Test:tearDownClass): 200 GET http://10.180.1.21/compute/v2.1/servers/e7da75c4-498f-4584-a914-843bbae81e6a 0.505s
2025-12-09 19:13:07.035 65441 INFO tempest.lib.common.rest_client [req-94764e9d-80c1-49ab-a340-220e4bf9ee9d req-94764e9d-80c1-49ab-a340-220e4bf9ee9d ] Request (ServersTestJSON:test_create_specify_keypair): 200 GET http://10.180.1.21/compute/v2.1/servers/cf38c0c1-e960-4a31-a16c-c5dac7866f95 0.479s
2025-12-09 19:13:07.069 65461 INFO tempest.lib.common.rest_client [req-7d26d4bc-bea0-47f9-8019-7e847cfa7710 req-7d26d4bc-bea0-47f9-8019-7e847cfa7710 ] Request (FloatingIPDetailsTestJSON:setUpClass): 201 POST http://10.180.1.21/networking/v2.0/networks 0.463s
2025-12-09 19:13:07.093 65491 INFO tempest.lib.common.rest_client [req-51d8b5c3-7b42-450d-9c1c-231bc930b8a2 req-51d8b5c3-7b42-450d-9c1c-231bc930b8a2 ] Request (ServerGroupTestJSON:test_create_server_with_scheduler_hint_group): 200 GET http://10.180.1.21/compute/v2.1/servers/aa5069e8-a85f-4259-ac33-85ca2d798a95 0.361s
2025-12-09 19:13:07.092 65471 INFO tempest.lib.common.rest_client [req-451b1f84-490c-4c9c-91f4-73832f9b6422 req-451b1f84-490c-4c9c-91f4-73832f9b6422 ] Request (InstanceActionsTestJSON:tearDownClass): 200 GET http://10.180.1.21/compute/v2.1/servers/54c329f1-6e15-4f94-a35d-e1e9aa2d8905 0.455s
2025-12-09 19:13:07.143 65445 INFO tempest.lib.common.rest_client [req-3ebb1028-9d59-4b54-a12c-de1fa4592384 req-3ebb1028-9d59-4b54-a12c-de1fa4592384 ] Request (ImagesOneServerTestJSON:setUpClass): 200 GET http://10.180.1.21/compute/v2.1/servers/a849b5a4-08ab-40f1-a7e4-fbd499610195 0.341s
2025-12-09 19:13:07.193 65464 INFO tempest.lib.common.rest_client [req-14d8b38a-2db9-400c-9d7b-96f2c5477966 req-14d8b38a-2db9-400c-9d7b-96f2c5477966 ] Request (ServerShowV257Test:test_rebuild_server): 200 GET http://10.180.1.21/compute/v2.1/servers/6e8cfe12-a377-4fa5-9049-c00e2d0acb8a 0.337s
2025-12-09 19:13:07.238 65461 INFO tempest.lib.common.rest_client [req-48251f96-f147-472b-8f2f-c0f59ba894c1 req-48251f96-f147-472b-8f2f-c0f59ba894c1 ] Request (FloatingIPDetailsTestJSON:setUpClass): 201 POST http://10.180.1.21/networking/v2.0/subnets 0.168s
2025-12-09 19:13:07.278 65495 INFO tempest.lib.common.rest_client [req-574b6078-584f-4ee5-8a7d-b84fc01cafc7 req-574b6078-584f-4ee5-8a7d-b84fc01cafc7 ] Request (ServersListShow2100Test:tearDownClass): 200 GET http://10.180.1.21/compute/v2.1/servers/d33e2789-ff5f-4647-90db-a7b867dafc3b 0.338s
2025-12-09 19:13:07.340 65489 INFO tempest.lib.common.rest_client [req-703bab23-c273-4f07-952b-8e0d59919f78 req-703bab23-c273-4f07-952b-8e0d59919f78 ] Request (SecurityGroupsTestJSON:test_server_security_groups): 200 GET http://10.180.1.21/compute/v2.1/servers/ba1e955d-30e3-4243-8abc-6c732b211c63 0.348s
2025-12-09 19:13:07.398 65459 INFO tempest.lib.common.rest_client [req-50390645-8e95-4ecd-8541-c5bb84ba7c43 req-50390645-8e95-4ecd-8541-c5bb84ba7c43 ] Request (ServerRescueTestJSON:setUpClass): 200 GET http://10.180.1.21/compute/v2.1/servers/025859df-91e5-44e3-8c6b-8e6f6a819ee2 0.334s
2025-12-09 19:13:07.408 65459 INFO tempest.common.waiters [-] State transition "BUILD/scheduling" ==> "BUILD/None" after 22 second wait
2025-12-09 19:13:07.537 65437 INFO tempest.lib.common.rest_client [req-03df37ad-7348-4fb4-9579-b02434688aed req-03df37ad-7348-4fb4-9579-b02434688aed ] Request (ServersTestFqdnHostnames:test_create_server_with_fqdn_name): 200 GET http://10.180.1.21/compute/v2.1/servers/7605fa7c-82e3-4753-9882-7f3c6dbd11b2 0.407s
2025-12-09 19:13:07.544 65437 INFO tempest.common.waiters [-] State transition "BUILD/spawning" ==> "ACTIVE/None" after 51 second wait
2025-12-09 19:13:07.613 65457 INFO tempest.lib.common.rest_client [req-7d8f4e7c-4d31-4b67-959a-a5392fa6cbbd req-7d8f4e7c-4d31-4b67-959a-a5392fa6cbbd ] Request (FloatingIPsAssociationTestJSON:tearDownClass): 200 GET http://10.180.1.21/compute/v2.1/servers/ec6780b8-4572-4a17-8155-3578eb11f5af 0.439s
2025-12-09 19:13:07.683 65479 INFO tempest.lib.common.rest_client [req-4b93f2b4-3c9f-42d4-b56d-966d517ba053 req-4b93f2b4-3c9f-42d4-b56d-966d517ba053 ] Request (MigrationsAdminTest:test_resize_server_revert_deleted_flavor): 200 GET http://10.180.1.21/compute/v2.1/servers/0ad89329-fbc5-4733-9b81-2073b3794ed6 0.436s
2025-12-09 19:13:07.691 65467 INFO paramiko.transport [-] Connected (version 2.0, client dropbear_2020.81)
2025-12-09 19:13:07.743 65485 INFO tempest.lib.common.rest_client [req-7e92e2e6-af04-4e28-9959-86dea574b292 req-7e92e2e6-af04-4e28-9959-86dea574b292 ] Request (ListServersNegativeTestJSON:tearDownClass): 200 GET http://10.180.1.21/compute/v2.1/servers/57f36539-cf53-4fdf-a99e-5307d3e6c1af 0.477s
2025-12-09 19:13:07.796 65455 INFO tempest.lib.common.rest_client [req-fb28c459-5a6b-4cef-85bf-760444019e86 req-fb28c459-5a6b-4cef-85bf-760444019e86 ] Request (InstanceActionsNegativeTestJSON:setUpClass): 200 GET http://10.180.1.21/compute/v2.1/servers/420e966b-3113-4bd2-a7f3-a53375f5441a 0.471s
2025-12-09 19:13:07.798 65467 INFO paramiko.transport [-] Authentication (publickey) successful!
2025-12-09 19:13:07.798 65467 INFO tempest.lib.common.ssh [-] ssh connection to cirros@10.180.180.187 successfully created
2025-12-09 19:13:07.804 65467 INFO tempest.lib.common.ssh [-] Creating ssh connection to '10.180.180.187:22' as 'cirros' with public key authentication
2025-12-09 19:13:07.807 65467 INFO paramiko.transport [-] Connected (version 2.0, client dropbear_2020.81)
2025-12-09 19:13:07.853 65449 INFO tempest.lib.common.rest_client [req-629842bb-1f02-4db5-af44-395a22ef7a5a req-629842bb-1f02-4db5-af44-395a22ef7a5a ] Request (ServersAdminTestJSON:tearDownClass): 200 GET http://10.180.1.21/compute/v2.1/servers/aa29661e-7f06-4904-b499-faec694ba2d8 0.445s
2025-12-09 19:13:07.907 65467 INFO paramiko.transport [-] Authentication (publickey) successful!
2025-12-09 19:13:07.907 65467 INFO tempest.lib.common.ssh [-] ssh connection to cirros@10.180.180.187 successfully created
2025-12-09 19:13:07.908 65473 INFO tempest.lib.common.rest_client [req-d1d3b143-c990-44ea-ab0d-2be66d2d1fed req-d1d3b143-c990-44ea-ab0d-2be66d2d1fed ] Request (AttachInterfacesTestJSON:test_create_list_show_delete_interfaces_by_network_port): 200 GET http://10.180.1.21/compute/v2.1/servers/0b9d2103-6508-4dab-87cc-6175d25872c2 0.487s
2025-12-09 19:13:07.951 65481 INFO tempest.lib.common.rest_client [req-8a71bf49-ffed-403d-8c35-ca723763ab22 req-8a71bf49-ffed-403d-8c35-ca723763ab22 ] Request (ImagesTestJSON:test_create_image_from_suspended_server): 200 GET http://10.180.1.21/compute/v2.1/images/72faaa78-e573-4551-b781-afe353e8fe7d 0.496s
2025-12-09 19:13:07.991 65461 INFO tempest.lib.common.rest_client [req-9973b9ac-e77b-497d-adb7-3702c02ddbd7 req-9973b9ac-e77b-497d-adb7-3702c02ddbd7 ] Request (FloatingIPDetailsTestJSON:setUpClass): 201 POST http://10.180.1.21/networking/v2.0/routers 0.752s
2025-12-09 19:13:08.017 65465 INFO tempest.lib.common.rest_client [req-a1bbe4f5-fb7a-4e5e-9094-161dd2e67000 req-a1bbe4f5-fb7a-4e5e-9094-161dd2e67000 ] Request (VolumesAssistedSnapshotsTest:tearDownClass): 200 GET http://10.180.1.21/compute/v2.1/servers/87deb991-e1b7-4c44-8d4c-071bd1117b99 0.514s
2025-12-09 19:13:08.111 65437 INFO tempest.lib.common.rest_client [req-d398c740-8eb1-4e0a-ac1e-3db6885f6b30 req-d398c740-8eb1-4e0a-ac1e-3db6885f6b30 ] Request (ServersTestFqdnHostnames:test_create_server_with_fqdn_name): 200 GET http://10.180.1.21/compute/v2.1/servers/7605fa7c-82e3-4753-9882-7f3c6dbd11b2/os-interface 0.566s
2025-12-09 19:13:08.617 65437 INFO tempest.lib.common.rest_client [req-58e0d8ba-3429-48a7-95c4-10d64bfcba46 req-58e0d8ba-3429-48a7-95c4-10d64bfcba46 ] Request (ServersTestFqdnHostnames:test_create_server_with_fqdn_name): 200 PUT http://10.180.1.21/networking/v2.0/floatingips/29f22c9a-7848-41cb-a9ef-984f326fe3b8 0.503s
2025-12-09 19:13:08.618 65437 INFO tempest.lib.common.ssh [-] Creating ssh connection to '10.180.180.150:22' as 'cirros' with public key authentication
2025-12-09 19:13:08.800 65451 INFO tempest.lib.common.rest_client [req-0511442b-6bdb-4366-8cbf-33e7312600ee req-0511442b-6bdb-4366-8cbf-33e7312600ee ] Request (ImagesOneServerNegativeTestJSON:tearDown): 200 GET http://10.180.1.21/compute/v2.1/servers/a6d3a069-4d53-43ae-9f1c-4babd0c9ffe9 1.144s
2025-12-09 19:13:08.810 65451 INFO tempest.common.waiters [-] State transition "ACTIVE/image_snapshot_pending" ==> "ACTIVE/image_pending_upload" after 2 second wait
2025-12-09 19:13:08.888 65461 INFO tempest.lib.common.rest_client [req-861c277c-8190-4446-b358-9af62fe09751 req-861c277c-8190-4446-b358-9af62fe09751 ] Request (FloatingIPDetailsTestJSON:setUpClass): 200 PUT http://10.180.1.21/networking/v2.0/routers/7dfae05e-f75a-4c8c-aadf-7a623a9801f2/add_router_interface 0.897s
2025-12-09 19:13:08.889 65461 INFO tempest.lib.common.dynamic_creds [-] Created isolated network resources for: credentials: Credentials: {'domain_id': 'default', 'domain_name': 'Default', 'username': 'tempest-FloatingIPDetailsTestJSON-590227835-project-member', 'project_domain_id': 'default', 'project_domain_name': 'Default', 'project_id': '99c7a54463a642d3a2f264c351ee9645', 'project_name': 'tempest-FloatingIPDetailsTestJSON-590227835', 'tenant_id': '99c7a54463a642d3a2f264c351ee9645', 'tenant_name': 'tempest-FloatingIPDetailsTestJSON-590227835', 'user_domain_id': 'default', 'user_domain_name': 'Default', 'user_id': 'd121631c6e5d4c26a015bda10131954a', 'system': None}, Network: {'id': '4de27d79-1e8f-46e6-850c-7f4308bd5c83', 'name': 'tempest-FloatingIPDetailsTestJSON-1382550003-network', 'tenant_id': '99c7a54463a642d3a2f264c351ee9645', 'project_id': '99c7a54463a642d3a2f264c351ee9645', 'admin_state_up': True, 'mtu': 8950, 'status': 'ACTIVE', 'subnets': [], 'shared': False, 'port_security_enabled': True, 'router:external': False, 'provider:network_type': 'vlan', 'provider:physical_network': 'default', 'provider:segmentation_id': 484, 'availability_zone_hints': [], 'availability_zones': [], 'ipv4_address_scope': None, 'ipv6_address_scope': None, 'description': '', 'tags': [], 'created_at': '2025-12-09T19:13:06Z', 'updated_at': '2025-12-09T19:13:07Z', 'revision_number': 1}, Subnet: {'id': 'ebaee7b0-e154-4fdc-8a30-fa2a164e191c', 'name': 'tempest-FloatingIPDetailsTestJSON-1382550003-subnet', 'tenant_id': '99c7a54463a642d3a2f264c351ee9645', 'network_id': '4de27d79-1e8f-46e6-850c-7f4308bd5c83', 'ip_version': 4, 'subnetpool_id': None, 'enable_dhcp': True, 'ipv6_ra_mode': None, 'ipv6_address_mode': None, 'gateway_ip': '192.168.128.1', 'cidr': '192.168.128.0/28', 'allocation_pools': [{'start': '192.168.128.2', 'end': '192.168.128.14'}], 'host_routes': [], 'dns_nameservers': [], 'description': '', 'router:external': False, 'service_types': [], 'tags': [], 'created_at': '2025-12-09T19:13:07Z', 'updated_at': '2025-12-09T19:13:07Z', 'revision_number': 0, 'project_id': '99c7a54463a642d3a2f264c351ee9645'}, Router: {'id': '7dfae05e-f75a-4c8c-aadf-7a623a9801f2', 'name': 'tempest-FloatingIPDetailsTestJSON-1382550003-router', 'tenant_id': '99c7a54463a642d3a2f264c351ee9645', 'admin_state_up': True, 'status': 'ACTIVE', 'external_gateway_info': {'network_id': 'f52467b6-9a70-4a2d-8b29-0ab65afff8be', 'external_fixed_ips': [{'subnet_id': 'a13efda2-2221-4efc-9f2d-f4cb2375211e', 'ip_address': '10.180.180.147'}], 'enable_snat': True}, 'description': '', 'availability_zones': [], 'distributed': False, 'ha': False, 'availability_zone_hints': [], 'routes': [], 'flavor_id': None, 'tags': [], 'created_at': '2025-12-09T19:13:07Z', 'updated_at': '2025-12-09T19:13:07Z', 'revision_number': 2, 'project_id': '99c7a54463a642d3a2f264c351ee9645'}
2025-12-09 19:13:08.997 65493 INFO tempest.lib.common.rest_client [req-ab3ab47c-b782-4b4d-a0ee-5c6667323fe4 req-ab3ab47c-b782-4b4d-a0ee-5c6667323fe4 ] Request (ServersTestMultiNic:test_verify_multiple_nics_order): 200 GET http://10.180.1.21/compute/v2.1/servers/e922f27d-3656-4175-b78f-643512b80525 1.081s
2025-12-09 19:13:09.014 65461 INFO tempest.lib.common.rest_client [req-9856fd4f-e3f5-4459-be36-0319fc69bea7 req-9856fd4f-e3f5-4459-be36-0319fc69bea7 ] Request (FloatingIPDetailsTestJSON:setUpClass): 201 POST http://10.180.1.21/identity/v3/auth/tokens 0.121s
2025-12-09 19:13:09.067 65453 INFO tempest.lib.common.rest_client [req-c08548ad-8d8a-4028-a7a1-a5a8aa3c8c54 req-c08548ad-8d8a-4028-a7a1-a5a8aa3c8c54 ] Request (DeleteServersTestJSON:test_delete_server_while_in_shelved_state): 200 GET http://10.180.1.21/compute/v2.1/servers/4ee2a68c-61ee-4fb6-a504-19f628a554e6 1.100s
2025-12-09 19:13:09.169 65447 INFO tempest.lib.common.rest_client [req-21fd4379-8a83-4043-b7bb-60fb34de8d30 req-21fd4379-8a83-4043-b7bb-60fb34de8d30 ] Request (ListServerFiltersTestJSON:tearDownClass): 200 GET http://10.180.1.21/compute/v2.1/servers/4cdd2734-2658-40bc-b423-ffd1b05ae9b5 1.189s
2025-12-09 19:13:09.260 65443 INFO tempest.lib.common.rest_client [req-d4069ed4-b77c-4652-bf5c-83f71a4bce10 req-d4069ed4-b77c-4652-bf5c-83f71a4bce10 ] Request (ServerShowV247Test:tearDownClass): 200 GET http://10.180.1.21/compute/v2.1/servers/e7da75c4-498f-4584-a914-843bbae81e6a 1.230s
2025-12-09 19:13:09.327 65441 INFO tempest.lib.common.rest_client [req-d2b85611-b214-4841-b644-610f49ffab0b req-d2b85611-b214-4841-b644-610f49ffab0b ] Request (ServersTestJSON:test_create_specify_keypair): 200 GET http://10.180.1.21/compute/v2.1/servers/cf38c0c1-e960-4a31-a16c-c5dac7866f95 1.279s
2025-12-09 19:13:09.400 65491 INFO tempest.lib.common.rest_client [req-378d9a7b-1873-4779-bba6-cf24325bf978 req-378d9a7b-1873-4779-bba6-cf24325bf978 ] Request (ServerGroupTestJSON:test_create_server_with_scheduler_hint_group): 200 GET http://10.180.1.21/compute/v2.1/servers/aa5069e8-a85f-4259-ac33-85ca2d798a95 1.296s
2025-12-09 19:13:09.481 65471 INFO tempest.lib.common.rest_client [req-0687ed98-6526-4aa2-96b1-1a109b24e4aa req-0687ed98-6526-4aa2-96b1-1a109b24e4aa ] Request (InstanceActionsTestJSON:tearDownClass): 200 GET http://10.180.1.21/compute/v2.1/servers/54c329f1-6e15-4f94-a35d-e1e9aa2d8905 1.375s
2025-12-09 19:13:09.612 65445 INFO tempest.lib.common.rest_client [req-1ecfcfa7-bf54-4f45-8c2d-e249fa8ac21c req-1ecfcfa7-bf54-4f45-8c2d-e249fa8ac21c ] Request (ImagesOneServerTestJSON:setUpClass): 200 GET http://10.180.1.21/compute/v2.1/servers/a849b5a4-08ab-40f1-a7e4-fbd499610195 1.461s
2025-12-09 19:13:09.620 65445 INFO tempest.common.waiters [-] State transition "BUILD/None" ==> "BUILD/block_device_mapping" after 48 second wait
2025-12-09 19:13:09.683 65464 INFO tempest.lib.common.rest_client [req-fa8955e4-64a0-4c00-86a8-f9c583f3410d req-fa8955e4-64a0-4c00-86a8-f9c583f3410d ] Request (ServerShowV257Test:test_rebuild_server): 200 GET http://10.180.1.21/compute/v2.1/servers/6e8cfe12-a377-4fa5-9049-c00e2d0acb8a 1.475s
2025-12-09 19:13:09.696 65464 INFO tempest.common.waiters [-] State transition "BUILD/spawning" ==> "ACTIVE/None" after 51 second wait
2025-12-09 19:13:09.781 65495 INFO tempest.lib.common.rest_client [req-bb6b0205-75d3-4ed6-a6bc-a892abf13532 req-bb6b0205-75d3-4ed6-a6bc-a892abf13532 ] Request (ServersListShow2100Test:tearDownClass): 200 GET http://10.180.1.21/compute/v2.1/servers/d33e2789-ff5f-4647-90db-a7b867dafc3b 1.489s
2025-12-09 19:13:09.833 65489 INFO tempest.lib.common.rest_client [req-4536d00b-c238-4e33-8b3e-8d4ad16879cc req-4536d00b-c238-4e33-8b3e-8d4ad16879cc ] Request (SecurityGroupsTestJSON:test_server_security_groups): 200 GET http://10.180.1.21/compute/v2.1/servers/ba1e955d-30e3-4243-8abc-6c732b211c63 1.485s
2025-12-09 19:13:09.886 65459 INFO tempest.lib.common.rest_client [req-8c390710-0583-4226-9b28-e8fd8add6d15 req-8c390710-0583-4226-9b28-e8fd8add6d15 ] Request (ServerRescueTestJSON:setUpClass): 200 GET http://10.180.1.21/compute/v2.1/servers/025859df-91e5-44e3-8c6b-8e6f6a819ee2 1.477s
2025-12-09 19:13:09.948 65457 INFO tempest.lib.common.rest_client [req-f4d12a55-3edd-4eaf-81b4-773e898f042f req-f4d12a55-3edd-4eaf-81b4-773e898f042f ] Request (FloatingIPsAssociationTestJSON:tearDownClass): 200 GET http://10.180.1.21/compute/v2.1/servers/ec6780b8-4572-4a17-8155-3578eb11f5af 1.325s
2025-12-09 19:13:10.004 65479 INFO tempest.lib.common.rest_client [req-dac6160d-59fe-4eab-babb-b83c90ffeb25 req-dac6160d-59fe-4eab-babb-b83c90ffeb25 ] Request (MigrationsAdminTest:test_resize_server_revert_deleted_flavor): 200 GET http://10.180.1.21/compute/v2.1/servers/0ad89329-fbc5-4733-9b81-2073b3794ed6 1.311s
2025-12-09 19:13:10.064 65485 INFO tempest.lib.common.rest_client [req-d9f500ed-e92a-4edd-a4a1-73f5c4abd7ce req-d9f500ed-e92a-4edd-a4a1-73f5c4abd7ce ] Request (ListServersNegativeTestJSON:tearDownClass): 200 GET http://10.180.1.21/compute/v2.1/servers/57f36539-cf53-4fdf-a99e-5307d3e6c1af 1.312s
2025-12-09 19:13:10.071 65485 INFO tempest.common.waiters [-] State transition "ACTIVE/deleting" ==> "DELETED/None" after 5 second wait
2025-12-09 19:13:10.117 65455 INFO tempest.lib.common.rest_client [req-d421b8c8-3fa9-4012-98cf-6d11ed64df14 req-d421b8c8-3fa9-4012-98cf-6d11ed64df14 ] Request (InstanceActionsNegativeTestJSON:setUpClass): 200 GET http://10.180.1.21/compute/v2.1/servers/420e966b-3113-4bd2-a7f3-a53375f5441a 1.312s
