2025-12-09 19:12:24.250 65447 INFO tempest.lib.common.rest_client [req-cbddf4f8-10ca-4951-ac33-72ccc005bac3 req-cbddf4f8-10ca-4951-ac33-72ccc005bac3 ] Request (ListServerFiltersTestJSON:test_list_servers_filtered_by_ip): 200 GET http://10.180.1.21/compute/v2.1/servers?ip=192.168.128.11 0.854s
2025-12-09 19:12:24.276 65493 INFO tempest.lib.common.rest_client [req-ba6ee2d1-d8e9-48fb-b8a4-9e5762865c8f req-ba6ee2d1-d8e9-48fb-b8a4-9e5762865c8f ] Request (ServersTestMultiNic:_run_cleanups): 200 GET http://10.180.1.21/compute/v2.1/servers/19471a39-b05f-4137-8cea-86b7e5313630 0.656s
2025-12-09 19:12:24.291 65491 INFO tempest.lib.common.rest_client [req-2c7c8b43-e0c7-4f4a-8c9d-fbbc9e3d264b req-2c7c8b43-e0c7-4f4a-8c9d-fbbc9e3d264b ] Request (ServerGroupTestJSON:setUpClass): 201 POST http://10.180.1.21/identity/v3/auth/tokens 0.090s
2025-12-09 19:12:24.326 65453 INFO tempest.lib.common.rest_client [req-6d6724ef-f9a8-418c-8f3c-8131213c0f44 req-6d6724ef-f9a8-418c-8f3c-8131213c0f44 ] Request (DeleteServersTestJSON:test_delete_server_while_in_attached_volume): 200 GET http://10.180.1.21/compute/v2.1/servers/e7813bdd-f3fe-4466-a15f-d26aeb1432e4 0.613s
2025-12-09 19:12:24.343 65491 INFO tempest.lib.common.rest_client [req-9ca34519-2075-4e6e-b368-4dd8161204f1 req-9ca34519-2075-4e6e-b368-4dd8161204f1 ] Request (ServerGroupTestJSON:setUpClass): 201 POST http://10.180.1.21/identity/v3/auth/tokens 0.049s
2025-12-09 19:12:24.381 65491 INFO tempest.lib.common.rest_client [req-8ccde0f9-070d-4150-9af6-3f62c3e614b1 req-8ccde0f9-070d-4150-9af6-3f62c3e614b1 ] Request (ServerGroupTestJSON:setUpClass): 200 GET http://10.180.1.21/identity/v3/domains?name=Default 0.037s
2025-12-09 19:12:24.425 65491 INFO tempest.lib.common.rest_client [req-368af88b-0704-4fc3-a571-87425a3590ce req-368af88b-0704-4fc3-a571-87425a3590ce ] Request (ServerGroupTestJSON:setUpClass): 201 POST http://10.180.1.21/identity/v3/projects 0.043s
2025-12-09 19:12:24.511 65491 INFO tempest.lib.common.rest_client [req-1137133a-0729-4777-b724-f66369602eff req-1137133a-0729-4777-b724-f66369602eff ] Request (ServerGroupTestJSON:setUpClass): 201 POST http://10.180.1.21/identity/v3/users 0.086s
2025-12-09 19:12:24.529 65461 INFO tempest.lib.common.rest_client [req-dc9685e1-7f22-48e9-98a9-03dc729e1498 req-dc9685e1-7f22-48e9-98a9-03dc729e1498 ] Request (ServersAdminNegativeTestJSON:tearDownClass): 200 GET http://10.180.1.21/compute/v2.1/servers/0d7119c6-c689-4d94-8182-3423c8d556f8 0.806s
2025-12-09 19:12:24.546 65491 INFO tempest.lib.common.rest_client [req-55d5ef64-65fa-4a70-91aa-1890ff00991d req-55d5ef64-65fa-4a70-91aa-1890ff00991d ] Request (ServerGroupTestJSON:setUpClass): 200 GET http://10.180.1.21/identity/v3/roles 0.034s
2025-12-09 19:12:24.597 65491 INFO tempest.lib.common.rest_client [req-5c39d54f-440f-4e8a-898c-927a537d257d req-5c39d54f-440f-4e8a-898c-927a537d257d ] Request (ServerGroupTestJSON:setUpClass): 204 PUT http://10.180.1.21/identity/v3/projects/8b1d0a2440864d12b431d4b130697236/users/aef30f793814425783373595280a853a/roles/122f625e02714efbac36b4365a13eeb4 0.051s
2025-12-09 19:12:24.597 65491 INFO tempest.lib.common.dynamic_creds [-] Dynamic test user aef30f793814425783373595280a853a is created with scope project and roles: ['member']
2025-12-09 19:12:24.597 65491 INFO tempest.lib.common.dynamic_creds [-] Acquired dynamic creds: credentials: Credentials: {'domain_id': 'default', 'domain_name': 'Default', 'username': 'tempest-ServerGroupTestJSON-1421657642-project-member', 'project_domain_id': 'default', 'project_domain_name': 'Default', 'project_id': '8b1d0a2440864d12b431d4b130697236', 'project_name': 'tempest-ServerGroupTestJSON-1421657642', 'tenant_id': '8b1d0a2440864d12b431d4b130697236', 'tenant_name': 'tempest-ServerGroupTestJSON-1421657642', 'user_domain_id': 'default', 'user_domain_name': 'Default', 'user_id': 'aef30f793814425783373595280a853a', 'system': None}, Network: None, Subnet: None, Router: None
2025-12-09 19:12:24.608 65485 INFO tempest.lib.common.rest_client [req-f2b3cece-acb6-4581-8685-0d4e2384c0a7 req-f2b3cece-acb6-4581-8685-0d4e2384c0a7 ] Request (ListServersNegativeTestJSON:setUpClass): 200 GET http://10.180.1.21/compute/v2.1/servers/248481df-5eac-4078-9c12-6644ff6c581a 0.877s
2025-12-09 19:12:24.628 65459 INFO tempest.lib.common.rest_client [req-e44f2260-ebf1-49e2-a8cb-45802041017e req-e44f2260-ebf1-49e2-a8cb-45802041017e ] Request (FlavorsV2TestJSON:test_list_flavors): 200 GET http://10.180.1.21/compute/v2.1/flavors/42 0.783s
2025-12-09 19:12:24.632 65443 INFO tempest.lib.common.rest_client [req-c7364d3b-4a7c-4ef4-8e79-fa932b9effdb req-c7364d3b-4a7c-4ef4-8e79-fa932b9effdb ] Request (ServerShowV247Test:test_update_rebuild_list_server): 200 GET http://10.180.1.21/compute/v2.1/servers/e7da75c4-498f-4584-a914-843bbae81e6a 0.859s
2025-12-09 19:12:24.642 65443 INFO tempest.common.waiters [-] State transition "REBUILD/rebuilding" ==> "REBUILD/rebuild_block_device_mapping" after 2 second wait
2025-12-09 19:12:24.690 65491 INFO tempest.lib.common.rest_client [req-02b2fa56-cf87-4150-82a1-a14250fc6f61 req-02b2fa56-cf87-4150-82a1-a14250fc6f61 ] Request (ServerGroupTestJSON:setUpClass): 201 POST http://10.180.1.21/identity/v3/auth/tokens 0.093s
2025-12-09 19:12:24.762 65495 INFO tempest.lib.common.rest_client [req-f8fdc675-f42d-45d9-a3d6-af72f5b95136 req-f8fdc675-f42d-45d9-a3d6-af72f5b95136 ] Request (ServersListShow2100Test:test_list_show_rebuild_update_server_2100): 200 GET http://10.180.1.21/compute/v2.1/servers/d33e2789-ff5f-4647-90db-a7b867dafc3b 0.902s
2025-12-09 19:12:24.779 65495 INFO tempest.common.waiters [-] State transition "REBUILD/rebuilding" ==> "REBUILD/rebuild_block_device_mapping" after 2 second wait
2025-12-09 19:12:24.869 65449 INFO tempest.lib.common.rest_client [req-62b5f42f-7657-470a-b7a9-31c638b32a9b req-62b5f42f-7657-470a-b7a9-31c638b32a9b ] Request (ServersAdminTestJSON:test_rebuild_server_in_error_state): 200 GET http://10.180.1.21/compute/v2.1/servers/e8657b43-c07a-4968-86b8-743b44288174 0.684s
2025-12-09 19:12:25.154 65491 INFO tempest.lib.common.rest_client [req-d773d270-a7b7-4f27-bf38-e9241af56d41 req-d773d270-a7b7-4f27-bf38-e9241af56d41 ] Request (ServerGroupTestJSON:setUpClass): 201 POST http://10.180.1.21/networking/v2.0/networks 0.463s
2025-12-09 19:12:25.235 65467 INFO tempest.lib.common.rest_client [req-a031fcdc-dbb8-4736-ab46-7d2a0cbb3b8d req-a031fcdc-dbb8-4736-ab46-7d2a0cbb3b8d ] Request (ServersV294TestFqdnHostnames:setUpClass): 200 GET http://10.180.1.21/compute/v2.1/servers/2bf2eca0-ae42-48b7-85fd-3377965d17f6 0.994s
2025-12-09 19:12:25.490 65491 INFO tempest.lib.common.rest_client [req-47a03917-7805-4a43-b557-5fd0026044ad req-47a03917-7805-4a43-b557-5fd0026044ad ] Request (ServerGroupTestJSON:setUpClass): 201 POST http://10.180.1.21/networking/v2.0/subnets 0.335s
2025-12-09 19:12:25.538 65447 INFO tempest.lib.common.rest_client [req-2082ec87-77ca-40e8-899e-fac4e91aad08 req-2082ec87-77ca-40e8-899e-fac4e91aad08 ] Request (ListServerFiltersTestJSON:test_list_servers_filtered_by_ip_regex): 200 GET http://10.180.1.21/compute/v2.1/servers/85fa6ba9-b982-4051-aacd-a5a7cf1cda21 1.284s
2025-12-09 19:12:25.557 65441 INFO tempest.lib.common.rest_client [req-ad093ae5-43cd-46b3-867a-a236c95d0c1d req-ad093ae5-43cd-46b3-867a-a236c95d0c1d ] Request (ServersTestJSON:test_create_specify_keypair): 200 GET http://10.180.1.21/compute/v2.1/servers/cf38c0c1-e960-4a31-a16c-c5dac7866f95 1.287s
2025-12-09 19:12:26.386 65491 INFO tempest.lib.common.rest_client [req-412288d0-3a5a-4670-8412-a0a512edcbd3 req-412288d0-3a5a-4670-8412-a0a512edcbd3 ] Request (ServerGroupTestJSON:setUpClass): 201 POST http://10.180.1.21/networking/v2.0/routers 0.895s
2025-12-09 19:12:26.413 65437 INFO tempest.lib.common.rest_client [req-d8c30a9c-59cd-4a74-b12c-a5df6a9fe9b4 req-d8c30a9c-59cd-4a74-b12c-a5df6a9fe9b4 ] Request (ServersTestFqdnHostnames:test_create_server_with_fqdn_name): 200 GET http://10.180.1.21/compute/v2.1/servers/7605fa7c-82e3-4753-9882-7f3c6dbd11b2 2.048s
2025-12-09 19:12:26.431 65445 INFO tempest.lib.common.rest_client [req-bc85545d-2b45-4e7e-af5c-9d3cf1600851 req-bc85545d-2b45-4e7e-af5c-9d3cf1600851 ] Request (ImagesOneServerTestJSON:setUpClass): 200 GET http://10.180.1.21/compute/v2.1/servers/a849b5a4-08ab-40f1-a7e4-fbd499610195 1.971s
2025-12-09 19:12:26.764 65464 INFO tempest.lib.common.rest_client [req-b1483b81-ded8-4933-9e5a-656fad8c1e62 req-b1483b81-ded8-4933-9e5a-656fad8c1e62 ] Request (ServerShowV257Test:test_rebuild_server): 200 GET http://10.180.1.21/compute/v2.1/servers/6e8cfe12-a377-4fa5-9049-c00e2d0acb8a 2.178s
2025-12-09 19:12:26.806 65465 INFO tempest.lib.common.rest_client [req-2f7153c5-0515-498c-9b22-cadaa47b5da1 req-2f7153c5-0515-498c-9b22-cadaa47b5da1 ] Request (VolumesAssistedSnapshotsTest:_run_cleanups): 200 GET http://10.180.1.21/compute/v2.1/servers/87deb991-e1b7-4c44-8d4c-071bd1117b99/os-volume_attachments 2.177s
2025-12-09 19:12:26.825 65459 INFO tempest.lib.common.rest_client [req-8dad423e-20e1-4b59-9076-d519725781b2 req-8dad423e-20e1-4b59-9076-d519725781b2 ] Request (FlavorsV2TestJSON:test_list_flavors_detailed_filter_by_min_disk): 200 GET http://10.180.1.21/compute/v2.1/flavors/42 2.191s
2025-12-09 19:12:26.841 65465 INFO tempest.lib.common.rest_client [req-4aa60b03-cac7-47ba-8879-dbce06a9903c req-4aa60b03-cac7-47ba-8879-dbce06a9903c ] Request (VolumesAssistedSnapshotsTest:_run_cleanups): 200 GET http://10.180.1.21/volume/v3/volumes/08298e28-83f9-46d2-860c-54778b8fd480 0.033s
2025-12-09 19:12:26.850 65465 INFO tempest.common.waiters [-] volume 08298e28-83f9-46d2-860c-54778b8fd480 reached available after waiting for 0.850843 seconds
2025-12-09 19:12:26.901 65465 INFO tempest.lib.common.rest_client [req-16b864bf-bb83-44e8-b597-93185456a314 req-16b864bf-bb83-44e8-b597-93185456a314 ] Request (VolumesAssistedSnapshotsTest:_run_cleanups): 202 DELETE http://10.180.1.21/volume/v3/volumes/08298e28-83f9-46d2-860c-54778b8fd480 0.050s
2025-12-09 19:12:26.934 65465 INFO tempest.lib.common.rest_client [req-ba7cd14a-4597-467c-9482-6b567808b3f3 req-ba7cd14a-4597-467c-9482-6b567808b3f3 ] Request (VolumesAssistedSnapshotsTest:_run_cleanups): 200 GET http://10.180.1.21/volume/v3/volumes/08298e28-83f9-46d2-860c-54778b8fd480 0.033s
2025-12-09 19:12:27.363 65479 INFO tempest.lib.common.rest_client [req-3a83b1c8-c93e-4d09-958e-bf1d7ee04851 req-3a83b1c8-c93e-4d09-958e-bf1d7ee04851 ] Request (MigrationsAdminTest:test_list_migrations_in_flavor_resize_situation): 200 GET http://10.180.1.21/compute/v2.1/servers/e3e30d72-019a-4788-87d9-4c2054ad87f2 2.746s
2025-12-09 19:12:27.386 65481 INFO tempest.lib.common.rest_client [req-01083bc4-3ad6-444b-a584-c5f1851f2beb req-01083bc4-3ad6-444b-a584-c5f1851f2beb ] Request (ImagesTestJSON:test_create_image_from_suspended_server): 200 GET http://10.180.1.21/compute/v2.1/servers/32fe8d0b-807d-4b08-8321-eff76f4535f6 2.564s
2025-12-09 19:12:27.480 65489 INFO tempest.lib.common.rest_client [req-44fbdec4-394d-4565-93c4-ec824b1057f3 req-44fbdec4-394d-4565-93c4-ec824b1057f3 ] Request (SecurityGroupsTestJSON:test_list_security_groups_by_server): 200 GET http://10.180.1.21/compute/v2.1/servers/f53da3f4-4513-41a2-b447-116965ed161b 2.659s
2025-12-09 19:12:27.491 65455 INFO tempest.lib.common.rest_client [req-47e5f6d1-da56-434f-b745-ed2481633b8b req-47e5f6d1-da56-434f-b745-ed2481633b8b ] Request (InstanceActionsNegativeTestJSON:setUpClass): 200 GET http://10.180.1.21/compute/v2.1/servers/420e966b-3113-4bd2-a7f3-a53375f5441a 2.585s
2025-12-09 19:12:27.545 65451 INFO tempest.lib.common.rest_client [req-8e089b07-ccd6-420b-ad91-bda836b1a868 req-8e089b07-ccd6-420b-ad91-bda836b1a868 ] Request (ImagesOneServerNegativeTestJSON:setUpClass): 200 GET http://10.180.1.21/compute/v2.1/servers/a6d3a069-4d53-43ae-9f1c-4babd0c9ffe9 2.623s
2025-12-09 19:12:27.573 65491 INFO tempest.lib.common.rest_client [req-b6f956b5-487c-436f-90b1-b30bcaabc271 req-b6f956b5-487c-436f-90b1-b30bcaabc271 ] Request (ServerGroupTestJSON:setUpClass): 200 PUT http://10.180.1.21/networking/v2.0/routers/d92f28a4-88db-40df-a3bf-697f2d5911d3/add_router_interface 1.186s
2025-12-09 19:12:27.573 65491 INFO tempest.lib.common.dynamic_creds [-] Created isolated network resources for: credentials: Credentials: {'domain_id': 'default', 'domain_name': 'Default', 'username': 'tempest-ServerGroupTestJSON-1421657642-project-member', 'project_domain_id': 'default', 'project_domain_name': 'Default', 'project_id': '8b1d0a2440864d12b431d4b130697236', 'project_name': 'tempest-ServerGroupTestJSON-1421657642', 'tenant_id': '8b1d0a2440864d12b431d4b130697236', 'tenant_name': 'tempest-ServerGroupTestJSON-1421657642', 'user_domain_id': 'default', 'user_domain_name': 'Default', 'user_id': 'aef30f793814425783373595280a853a', 'system': None}, Network: {'id': '984728b2-5db8-42cf-a975-f905c471d813', 'name': 'tempest-ServerGroupTestJSON-1067664313-network', 'tenant_id': '8b1d0a2440864d12b431d4b130697236', 'project_id': '8b1d0a2440864d12b431d4b130697236', 'admin_state_up': True, 'mtu': 8950, 'status': 'ACTIVE', 'subnets': [], 'shared': False, 'port_security_enabled': True, 'router:external': False, 'provider:network_type': 'vlan', 'provider:physical_network': 'default', 'provider:segmentation_id': 763, 'availability_zone_hints': [], 'availability_zones': [], 'ipv4_address_scope': None, 'ipv6_address_scope': None, 'description': '', 'tags': [], 'created_at': '2025-12-09T19:12:25Z', 'updated_at': '2025-12-09T19:12:25Z', 'revision_number': 1}, Subnet: {'id': '09f98f0e-2be7-4dbc-a644-179863a7938f', 'name': 'tempest-ServerGroupTestJSON-1067664313-subnet', 'tenant_id': '8b1d0a2440864d12b431d4b130697236', 'network_id': '984728b2-5db8-42cf-a975-f905c471d813', 'ip_version': 4, 'subnetpool_id': None, 'enable_dhcp': True, 'ipv6_ra_mode': None, 'ipv6_address_mode': None, 'gateway_ip': '192.168.128.1', 'cidr': '192.168.128.0/28', 'allocation_pools': [{'start': '192.168.128.2', 'end': '192.168.128.14'}], 'host_routes': [], 'dns_nameservers': [], 'description': '', 'router:external': False, 'service_types': [], 'tags': [], 'created_at': '2025-12-09T19:12:25Z', 'updated_at': '2025-12-09T19:12:25Z', 'revision_number': 0, 'project_id': '8b1d0a2440864d12b431d4b130697236'}, Router: {'id': 'd92f28a4-88db-40df-a3bf-697f2d5911d3', 'name': 'tempest-ServerGroupTestJSON-1067664313-router', 'tenant_id': '8b1d0a2440864d12b431d4b130697236', 'admin_state_up': True, 'status': 'ACTIVE', 'external_gateway_info': {'network_id': 'f52467b6-9a70-4a2d-8b29-0ab65afff8be', 'external_fixed_ips': [{'subnet_id': 'a13efda2-2221-4efc-9f2d-f4cb2375211e', 'ip_address': '10.180.180.190'}], 'enable_snat': True}, 'description': '', 'availability_zones': [], 'distributed': False, 'ha': False, 'availability_zone_hints': [], 'routes': [], 'flavor_id': None, 'tags': [], 'created_at': '2025-12-09T19:12:25Z', 'updated_at': '2025-12-09T19:12:26Z', 'revision_number': 2, 'project_id': '8b1d0a2440864d12b431d4b130697236'}
2025-12-09 19:12:27.597 65497 INFO tempest.lib.common.rest_client [req-ffe5f274-7b35-4006-a934-7edd04813162 req-ffe5f274-7b35-4006-a934-7edd04813162 ] Request (AttachInterfacesV270Test:test_create_get_list_interfaces): 200 GET http://10.180.1.21/compute/v2.1/servers/79e58f83-8a03-4bfc-be8f-3f8d5c07c446 2.596s
2025-12-09 19:12:27.669 65491 INFO tempest.lib.common.rest_client [req-847ce830-d96a-4651-a4ee-1f8f172e8000 req-847ce830-d96a-4651-a4ee-1f8f172e8000 ] Request (ServerGroupTestJSON:setUpClass): 201 POST http://10.180.1.21/identity/v3/auth/tokens 0.092s
2025-12-09 19:12:27.706 65457 INFO tempest.lib.common.rest_client [req-2ab68a73-54c7-45eb-9913-49771efe3c83 req-2ab68a73-54c7-45eb-9913-49771efe3c83 ] Request (FloatingIPsAssociationTestJSON:test_associate_already_associated_floating_ip): 200 GET http://10.180.1.21/compute/v2.1/servers/ec6780b8-4572-4a17-8155-3578eb11f5af 2.617s
2025-12-09 19:12:27.718 65457 INFO tempest.common.waiters [-] State transition "BUILD/spawning" ==> "ACTIVE/None" after 52 second wait
2025-12-09 19:12:27.732 65471 INFO tempest.lib.common.rest_client [req-2d0a92c0-4534-4fa9-b428-e9fc44f0c579 req-2d0a92c0-4534-4fa9-b428-e9fc44f0c579 ] Request (InstanceActionsTestJSON:setUpClass): 200 GET http://10.180.1.21/compute/v2.1/servers/54c329f1-6e15-4f94-a35d-e1e9aa2d8905 2.670s
2025-12-09 19:12:27.739 65471 INFO tempest.common.waiters [-] State transition "BUILD/networking" ==> "BUILD/spawning" after 37 second wait
2025-12-09 19:12:27.782 65473 INFO tempest.lib.common.rest_client [req-b61001e8-34d9-42ad-be10-53a5f493885e req-b61001e8-34d9-42ad-be10-53a5f493885e ] Request (AttachInterfacesTestJSON:_run_cleanups): 200 GET http://10.180.1.21/compute/v2.1/servers/6eb82a1c-9209-4c36-a605-1c7454e4a9eb 2.649s
2025-12-09 19:12:27.800 65439 INFO tempest.lib.common.rest_client [req-d693e80f-434c-4c33-8a04-172646ca2c74 req-d693e80f-434c-4c33-8a04-172646ca2c74 ] Request (ServersWithSpecificFlavorTestJSON:test_verify_created_server_ephemeral_disk): 200 GET http://10.180.1.21/compute/v2.1/servers/93dc7db5-f684-4eef-aac5-29d4497f4ec2 2.601s
2025-12-09 19:12:27.851 65493 INFO tempest.lib.common.rest_client [req-c83f4065-1ae5-43bf-a9d9-92308cc20e94 req-c83f4065-1ae5-43bf-a9d9-92308cc20e94 ] Request (ServersTestMultiNic:_run_cleanups): 200 GET http://10.180.1.21/compute/v2.1/servers/19471a39-b05f-4137-8cea-86b7e5313630 2.564s
2025-12-09 19:12:27.867 65453 INFO tempest.lib.common.rest_client [req-93fe374f-328b-4e28-9e8c-2de195df7e3e req-93fe374f-328b-4e28-9e8c-2de195df7e3e ] Request (DeleteServersTestJSON:test_delete_server_while_in_attached_volume): 200 GET http://10.180.1.21/compute/v2.1/servers/e7813bdd-f3fe-4466-a15f-d26aeb1432e4 2.530s
2025-12-09 19:12:27.911 65461 INFO tempest.lib.common.rest_client [req-dd960990-50bd-4874-9621-f1ba64a9742c req-dd960990-50bd-4874-9621-f1ba64a9742c ] Request (ServersAdminNegativeTestJSON:tearDownClass): 200 GET http://10.180.1.21/compute/v2.1/servers/0d7119c6-c689-4d94-8182-3423c8d556f8 2.370s
2025-12-09 19:12:27.975 65485 INFO tempest.lib.common.rest_client [req-353df9db-5bb9-44f4-a65a-0c34e43ca1c1 req-353df9db-5bb9-44f4-a65a-0c34e43ca1c1 ] Request (ListServersNegativeTestJSON:setUpClass): 200 GET http://10.180.1.21/compute/v2.1/servers/248481df-5eac-4078-9c12-6644ff6c581a 2.358s
2025-12-09 19:12:27.978 65465 INFO tempest.lib.common.rest_client [req-a1a83cec-d4e2-47a3-ae01-6208fabbc0dc req-a1a83cec-d4e2-47a3-ae01-6208fabbc0dc ] Request (VolumesAssistedSnapshotsTest:_run_cleanups): 200 GET http://10.180.1.21/volume/v3/volumes/08298e28-83f9-46d2-860c-54778b8fd480 0.035s
2025-12-09 19:12:28.008 65447 INFO tempest.lib.common.rest_client [req-53e48a49-7ead-42b5-ae01-04d971dbd46c req-53e48a49-7ead-42b5-ae01-04d971dbd46c ] Request (ListServerFiltersTestJSON:test_list_servers_filtered_by_ip_regex): 200 GET http://10.180.1.21/compute/v2.1/servers/990dc31e-2717-49d8-a96d-782f7463fa2f 2.461s
2025-12-09 19:12:28.045 65443 INFO tempest.lib.common.rest_client [req-3ddcddb1-8115-4792-9cbf-82b8d06f88d3 req-3ddcddb1-8115-4792-9cbf-82b8d06f88d3 ] Request (ServerShowV247Test:test_update_rebuild_list_server): 200 GET http://10.180.1.21/compute/v2.1/servers/e7da75c4-498f-4584-a914-843bbae81e6a 2.402s
2025-12-09 19:12:28.059 65443 INFO tempest.common.waiters [-] State transition "REBUILD/rebuild_block_device_mapping" ==> "REBUILD/rebuild_spawning" after 6 second wait
2025-12-09 19:12:28.100 65495 INFO tempest.lib.common.rest_client [req-64f6b6b3-afde-46b1-a62f-7d4d56761e4a req-64f6b6b3-afde-46b1-a62f-7d4d56761e4a ] Request (ServersListShow2100Test:test_list_show_rebuild_update_server_2100): 200 GET http://10.180.1.21/compute/v2.1/servers/d33e2789-ff5f-4647-90db-a7b867dafc3b 2.319s
2025-12-09 19:12:28.121 65495 INFO tempest.common.waiters [-] State transition "REBUILD/rebuild_block_device_mapping" ==> "REBUILD/rebuild_spawning" after 6 second wait
2025-12-09 19:12:28.185 65449 INFO tempest.lib.common.rest_client [req-18d38f3a-c8c4-4525-87a5-2e0ecb61ce9e req-18d38f3a-c8c4-4525-87a5-2e0ecb61ce9e ] Request (ServersAdminTestJSON:test_rebuild_server_in_error_state): 200 GET http://10.180.1.21/compute/v2.1/servers/e8657b43-c07a-4968-86b8-743b44288174 2.304s
2025-12-09 19:12:28.192 65449 INFO tempest.common.waiters [-] State transition "REBUILD/rebuilding" ==> "REBUILD/rebuild_spawning" after 5 second wait
2025-12-09 19:12:28.243 65467 INFO tempest.lib.common.rest_client [req-5a2aedff-6147-4a5e-94da-1319a00a6669 req-5a2aedff-6147-4a5e-94da-1319a00a6669 ] Request (ServersV294TestFqdnHostnames:setUpClass): 200 GET http://10.180.1.21/compute/v2.1/servers/2bf2eca0-ae42-48b7-85fd-3377965d17f6 1.989s
2025-12-09 19:12:28.253 65467 INFO tempest.common.waiters [-] State transition "BUILD/spawning" ==> "ACTIVE/None" after 53 second wait
2025-12-09 19:12:28.262 65441 INFO tempest.lib.common.rest_client [req-e1449309-98f5-44b4-9101-d7a0522ee96d req-e1449309-98f5-44b4-9101-d7a0522ee96d ] Request (ServersTestJSON:test_create_specify_keypair): 200 GET http://10.180.1.21/compute/v2.1/servers/cf38c0c1-e960-4a31-a16c-c5dac7866f95 1.696s
2025-12-09 19:12:28.269 65459 INFO tempest.lib.common.rest_client [req-2febbefe-ea47-4b4b-9d68-ddc13a7fb5b5 req-2febbefe-ea47-4b4b-9d68-ddc13a7fb5b5 ] Request (FlavorsV2TestJSON:test_list_flavors_detailed_filter_by_min_disk): 200 GET http://10.180.1.21/compute/v2.1/flavors/detail?minDisk=2 1.442s
2025-12-09 19:12:28.322 65437 INFO tempest.lib.common.rest_client [req-895f1653-8b8c-4692-a522-e69242428f82 req-895f1653-8b8c-4692-a522-e69242428f82 ] Request (ServersTestFqdnHostnames:test_create_server_with_fqdn_name): 200 GET http://10.180.1.21/compute/v2.1/servers/7605fa7c-82e3-4753-9882-7f3c6dbd11b2 0.901s
2025-12-09 19:12:28.328 65445 INFO tempest.lib.common.rest_client [req-54ff4d66-8d39-49e0-89f3-71ca21da70e2 req-54ff4d66-8d39-49e0-89f3-71ca21da70e2 ] Request (ImagesOneServerTestJSON:setUpClass): 200 GET http://10.180.1.21/compute/v2.1/servers/a849b5a4-08ab-40f1-a7e4-fbd499610195 0.882s
2025-12-09 19:12:28.534 65491 INFO tempest.lib.common.rest_client [req-9fc9c96c-2dbc-48c4-8051-d73970f55f23 req-9fc9c96c-2dbc-48c4-8051-d73970f55f23 ] Request (ServerGroupTestJSON:setUp): 200 POST http://10.180.1.21/compute/v2.1/os-server-groups 0.863s
2025-12-09 19:12:28.610 65464 INFO tempest.lib.common.rest_client [req-662da806-c4e6-4b29-a0ca-9fe848311df1 req-662da806-c4e6-4b29-a0ca-9fe848311df1 ] Request (ServerShowV257Test:test_rebuild_server): 200 GET http://10.180.1.21/compute/v2.1/servers/6e8cfe12-a377-4fa5-9049-c00e2d0acb8a 0.834s
2025-12-09 19:12:28.784 65447 INFO tempest.lib.common.rest_client [req-4d7b6738-e7cf-4a99-bb4e-7c4566bd1b72 req-4d7b6738-e7cf-4a99-bb4e-7c4566bd1b72 ] Request (ListServerFiltersTestJSON:test_list_servers_filtered_by_ip_regex): 200 GET http://10.180.1.21/compute/v2.1/servers/4cdd2734-2658-40bc-b423-ffd1b05ae9b5 0.768s
2025-12-09 19:12:28.867 65467 INFO tempest.lib.common.rest_client [req-76270a6d-3277-4a37-8f66-048aeb40a6ff req-76270a6d-3277-4a37-8f66-048aeb40a6ff ] Request (ServersV294TestFqdnHostnames:setUpClass): 200 GET http://10.180.1.21/compute/v2.1/servers/2bf2eca0-ae42-48b7-85fd-3377965d17f6/os-interface 0.613s
2025-12-09 19:12:28.883 65459 INFO tempest.lib.common.rest_client [req-122c0eb4-a051-4b6b-bd25-322502dfa13a req-122c0eb4-a051-4b6b-bd25-322502dfa13a ] Request (FlavorsV2TestJSON:test_list_flavors_detailed_filter_by_min_ram): 200 GET http://10.180.1.21/compute/v2.1/flavors/42 0.606s
2025-12-09 19:12:29.020 65465 INFO tempest.lib.common.rest_client [req-f2192fed-3040-42d1-b551-29456b04b4c3 req-f2192fed-3040-42d1-b551-29456b04b4c3 ] Request (VolumesAssistedSnapshotsTest:_run_cleanups): 200 GET http://10.180.1.21/volume/v3/volumes/08298e28-83f9-46d2-860c-54778b8fd480 0.033s
2025-12-09 19:12:29.254 65479 INFO tempest.lib.common.rest_client [req-611f9c0e-c5bb-44e6-bf5c-6e5907029e1b req-611f9c0e-c5bb-44e6-bf5c-6e5907029e1b ] Request (MigrationsAdminTest:test_list_migrations_in_flavor_resize_situation): 200 GET http://10.180.1.21/compute/v2.1/servers/e3e30d72-019a-4788-87d9-4c2054ad87f2 0.873s
2025-12-09 19:12:29.353 65481 INFO tempest.lib.common.rest_client [req-dfcef2e5-6f0b-4e53-ac37-702d12e0a083 req-dfcef2e5-6f0b-4e53-ac37-702d12e0a083 ] Request (ImagesTestJSON:test_create_image_from_suspended_server): 200 GET http://10.180.1.21/compute/v2.1/servers/32fe8d0b-807d-4b08-8321-eff76f4535f6 0.956s
2025-12-09 19:12:29.457 65489 INFO tempest.lib.common.rest_client [req-8082af43-c0fd-4e88-bf71-e82f81cfce04 req-8082af43-c0fd-4e88-bf71-e82f81cfce04 ] Request (SecurityGroupsTestJSON:test_list_security_groups_by_server): 200 GET http://10.180.1.21/compute/v2.1/servers/f53da3f4-4513-41a2-b447-116965ed161b 0.969s
2025-12-09 19:12:29.480 65467 INFO tempest.lib.common.rest_client [req-f7f9d150-66d3-42e0-ae32-2c58a62713ab req-f7f9d150-66d3-42e0-ae32-2c58a62713ab ] Request (ServersV294TestFqdnHostnames:setUpClass): 200 PUT http://10.180.1.21/networking/v2.0/floatingips/3ce5086c-da93-4cca-bb36-748b263678f3 0.610s
2025-12-09 19:12:29.529 65455 INFO tempest.lib.common.rest_client [req-88c2292d-bff3-4d43-9361-7339437aef85 req-88c2292d-bff3-4d43-9361-7339437aef85 ] Request (InstanceActionsNegativeTestJSON:setUpClass): 200 GET http://10.180.1.21/compute/v2.1/servers/420e966b-3113-4bd2-a7f3-a53375f5441a 1.028s
2025-12-09 19:12:29.552 65457 INFO tempest.lib.common.rest_client [req-a33957c5-7ec7-4608-b37c-8b0958c51b10 req-a33957c5-7ec7-4608-b37c-8b0958c51b10 ] Request (FloatingIPsAssociationTestJSON:test_associate_already_associated_floating_ip): 202 POST http://10.180.1.21/compute/v2.1/servers/780ba085-c682-4cea-a2d5-e00a709a626a/action 1.833s
2025-12-09 19:12:29.599 65491 INFO tempest.lib.common.rest_client [req-86099f94-2c5d-466d-b210-5999bcf8a326 req-86099f94-2c5d-466d-b210-5999bcf8a326 ] Request (ServerGroupTestJSON:test_create_delete_multiple_server_groups_with_same_name_policy): 200 POST http://10.180.1.21/compute/v2.1/os-server-groups 1.063s
2025-12-09 19:12:29.618 65451 INFO tempest.lib.common.rest_client [req-8b02a3b9-e968-4482-b7cd-eed2a209d4a1 req-8b02a3b9-e968-4482-b7cd-eed2a209d4a1 ] Request (ImagesOneServerNegativeTestJSON:setUpClass): 200 GET http://10.180.1.21/compute/v2.1/servers/a6d3a069-4d53-43ae-9f1c-4babd0c9ffe9 1.063s
2025-12-09 19:12:29.673 65497 INFO tempest.lib.common.rest_client [req-bff9294c-c606-4888-a2e6-6a72d572e262 req-bff9294c-c606-4888-a2e6-6a72d572e262 ] Request (AttachInterfacesV270Test:test_create_get_list_interfaces): 200 GET http://10.180.1.21/compute/v2.1/servers/79e58f83-8a03-4bfc-be8f-3f8d5c07c446 1.065s
2025-12-09 19:12:29.752 65471 INFO tempest.lib.common.rest_client [req-3301a351-b5e4-4b85-a996-d558e0386543 req-3301a351-b5e4-4b85-a996-d558e0386543 ] Request (InstanceActionsTestJSON:setUpClass): 200 GET http://10.180.1.21/compute/v2.1/servers/54c329f1-6e15-4f94-a35d-e1e9aa2d8905 1.012s
2025-12-09 19:12:29.762 65473 INFO tempest.lib.common.rest_client [req-12b0a102-9725-4cd0-bc34-655d999fc20f req-12b0a102-9725-4cd0-bc34-655d999fc20f ] Request (AttachInterfacesTestJSON:_run_cleanups): 200 GET http://10.180.1.21/compute/v2.1/servers/6eb82a1c-9209-4c36-a605-1c7454e4a9eb 0.972s
2025-12-09 19:12:29.819 65439 INFO tempest.lib.common.rest_client [req-87b0848f-207c-4ed7-9c5c-1b466a6ecfae req-87b0848f-207c-4ed7-9c5c-1b466a6ecfae ] Request (ServersWithSpecificFlavorTestJSON:test_verify_created_server_ephemeral_disk): 200 GET http://10.180.1.21/compute/v2.1/servers/93dc7db5-f684-4eef-aac5-29d4497f4ec2 1.011s
2025-12-09 19:12:29.894 65493 INFO tempest.lib.common.rest_client [req-439ccd58-8013-404a-9d8d-6f33e5e61f80 req-439ccd58-8013-404a-9d8d-6f33e5e61f80 ] Request (ServersTestMultiNic:_run_cleanups): 200 GET http://10.180.1.21/compute/v2.1/servers/19471a39-b05f-4137-8cea-86b7e5313630 1.034s
2025-12-09 19:12:29.956 65447 INFO tempest.lib.common.rest_client [req-16a77b88-4e60-43b6-bd08-c07d057bc2a9 req-16a77b88-4e60-43b6-bd08-c07d057bc2a9 ] Request (ListServerFiltersTestJSON:test_list_servers_filtered_by_ip_regex): 200 GET http://10.180.1.21/compute/v2.1/servers/detail 1.159s
2025-12-09 19:12:29.957 65453 INFO tempest.lib.common.rest_client [req-9507457f-be93-4213-b930-5e0da9850273 req-9507457f-be93-4213-b930-5e0da9850273 ] Request (DeleteServersTestJSON:test_delete_server_while_in_attached_volume): 200 GET http://10.180.1.21/compute/v2.1/servers/e7813bdd-f3fe-4466-a15f-d26aeb1432e4 1.079s
2025-12-09 19:12:29.988 65459 INFO tempest.lib.common.rest_client [req-f7197d5e-a7ae-4eb4-a3be-4d6c33507815 req-f7197d5e-a7ae-4eb4-a3be-4d6c33507815 ] Request (FlavorsV2TestJSON:test_list_flavors_detailed_filter_by_min_ram): 200 GET http://10.180.1.21/compute/v2.1/flavors/detail?minRam=193 1.103s
2025-12-09 19:12:30.022 65461 INFO tempest.lib.common.rest_client [req-78b15680-d2aa-4394-91b2-5496ce904155 req-78b15680-d2aa-4394-91b2-5496ce904155 ] Request (ServersAdminNegativeTestJSON:tearDownClass): 200 GET http://10.180.1.21/compute/v2.1/servers/0d7119c6-c689-4d94-8182-3423c8d556f8 1.100s
2025-12-09 19:12:30.034 65461 INFO tempest.common.waiters [-] State transition "ACTIVE/deleting" ==> "DELETED/None" after 6 second wait
2025-12-09 19:12:30.050 65465 INFO tempest.lib.common.rest_client [req-5f219949-e7dc-464d-9101-137b951e5291 req-5f219949-e7dc-464d-9101-137b951e5291 ] Request (VolumesAssistedSnapshotsTest:_run_cleanups): 404 GET http://10.180.1.21/volume/v3/volumes/08298e28-83f9-46d2-860c-54778b8fd480 0.019s
2025-12-09 19:12:30.061 65485 INFO tempest.lib.common.rest_client [req-5f45785a-f20f-406f-b29f-712a84f39c15 req-5f45785a-f20f-406f-b29f-712a84f39c15 ] Request (ListServersNegativeTestJSON:setUpClass): 200 GET http://10.180.1.21/compute/v2.1/servers/248481df-5eac-4078-9c12-6644ff6c581a 1.076s
2025-12-09 19:12:30.073 65485 INFO tempest.common.waiters [-] State transition "ACTIVE/deleting" ==> "DELETED/None" after 6 second wait
2025-12-09 19:12:30.089 65443 INFO tempest.lib.common.rest_client [req-08ed4de5-5769-4285-b2c1-c5df65c9316c req-08ed4de5-5769-4285-b2c1-c5df65c9316c ] Request (ServerShowV247Test:test_update_rebuild_list_server): 200 GET http://10.180.1.21/compute/v2.1/servers/e7da75c4-498f-4584-a914-843bbae81e6a 1.029s
2025-12-09 19:12:30.134 65495 INFO tempest.lib.common.rest_client [req-3dc72ec8-786b-435b-9297-16831c6c4b1c req-3dc72ec8-786b-435b-9297-16831c6c4b1c ] Request (ServersListShow2100Test:test_list_show_rebuild_update_server_2100): 200 GET http://10.180.1.21/compute/v2.1/servers/d33e2789-ff5f-4647-90db-a7b867dafc3b 1.011s
2025-12-09 19:12:30.194 65441 INFO tempest.lib.common.rest_client [req-c9d9b3f0-b994-4c97-8015-07b0d946d157 req-c9d9b3f0-b994-4c97-8015-07b0d946d157 ] Request (ServersTestJSON:test_create_specify_keypair): 200 GET http://10.180.1.21/compute/v2.1/servers/cf38c0c1-e960-4a31-a16c-c5dac7866f95 0.923s
2025-12-09 19:12:30.196 65449 INFO tempest.lib.common.rest_client [req-66257acc-5603-442e-be67-23f2d345b3d1 req-66257acc-5603-442e-be67-23f2d345b3d1 ] Request (ServersAdminTestJSON:test_rebuild_server_in_error_state): 200 GET http://10.180.1.21/compute/v2.1/servers/e8657b43-c07a-4968-86b8-743b44288174 1.002s
2025-12-09 19:12:30.208 65441 INFO tempest.common.waiters [-] State transition "BUILD/scheduling" ==> "BUILD/None" after 7 second wait
2025-12-09 19:12:30.268 65437 INFO tempest.lib.common.rest_client [req-a0bc5bb8-0c78-4017-871e-3fdb2bfafb17 req-a0bc5bb8-0c78-4017-871e-3fdb2bfafb17 ] Request (ServersTestFqdnHostnames:test_create_server_with_fqdn_name): 200 GET http://10.180.1.21/compute/v2.1/servers/7605fa7c-82e3-4753-9882-7f3c6dbd11b2 0.933s
2025-12-09 19:12:30.275 65445 INFO tempest.lib.common.rest_client [req-0747ea0d-1c4a-4184-aad3-6806894afa01 req-0747ea0d-1c4a-4184-aad3-6806894afa01 ] Request (ImagesOneServerTestJSON:setUpClass): 200 GET http://10.180.1.21/compute/v2.1/servers/a849b5a4-08ab-40f1-a7e4-fbd499610195 0.938s
2025-12-09 19:12:30.285 65445 INFO tempest.common.waiters [-] State transition "BUILD/scheduling" ==> "BUILD/None" after 9 second wait
2025-12-09 19:12:30.480 65467 INFO tempest.lib.common.rest_client [req-a355fec4-1327-433a-abfe-132156f661bb req-a355fec4-1327-433a-abfe-132156f661bb ] Request (ServersV294TestFqdnHostnames:setUpClass): 200 GET http://10.180.1.21/compute/v2.1/servers/2bf2eca0-ae42-48b7-85fd-3377965d17f6 0.999s
2025-12-09 19:12:30.494 65467 INFO tempest.api.compute.base [-] Attempting to verify tagged devices in server 2bf2eca0-ae42-48b7-85fd-3377965d17f6 via the metadata service: http://169.254.169.254/openstack/latest/meta_data.json
2025-12-09 19:12:30.494 65467 INFO tempest.lib.common.ssh [-] Creating ssh connection to '10.180.180.187:22' as 'cirros' with public key authentication
2025-12-09 19:12:30.547 65491 INFO tempest.lib.common.rest_client [req-8c69f806-2c75-4aa7-b9a8-32896a328c5a req-8c69f806-2c75-4aa7-b9a8-32896a328c5a ] Request (ServerGroupTestJSON:test_create_delete_multiple_server_groups_with_same_name_policy): 200 POST http://10.180.1.21/compute/v2.1/os-server-groups 0.946s
2025-12-09 19:12:30.624 65464 INFO tempest.lib.common.rest_client [req-188636bf-a517-497d-9940-eaf5446ae126 req-188636bf-a517-497d-9940-eaf5446ae126 ] Request (ServerShowV257Test:test_rebuild_server): 200 GET http://10.180.1.21/compute/v2.1/servers/6e8cfe12-a377-4fa5-9049-c00e2d0acb8a 1.001s
2025-12-09 19:12:30.783 65447 INFO tempest.lib.common.rest_client [req-2913ed48-4a37-4be5-be33-2e13130488dd req-2913ed48-4a37-4be5-be33-2e13130488dd ] Request (ListServerFiltersTestJSON:test_list_servers_filtered_by_ip_regex): 200 GET http://10.180.1.21/compute/v2.1/servers?ip=192.168.128. 0.818s
2025-12-09 19:12:30.799 65459 INFO tempest.lib.common.rest_client [req-e005ef39-8cb0-4ddc-a63a-9d09d577d9ca req-e005ef39-8cb0-4ddc-a63a-9d09d577d9ca ] Request (FlavorsV2TestJSON:test_list_flavors_detailed_limit_results): 200 GET http://10.180.1.21/compute/v2.1/flavors/detail?limit=1 0.801s
2025-12-09 19:12:30.873 65465 INFO tempest.lib.common.rest_client [req-3dcdbbc4-9b08-4ef4-9833-9ed43e271aac req-3dcdbbc4-9b08-4ef4-9833-9ed43e271aac ] Request (VolumesAssistedSnapshotsTest:tearDownClass): 204 DELETE http://10.180.1.21/compute/v2.1/servers/87deb991-e1b7-4c44-8d4c-071bd1117b99 0.813s
2025-12-09 19:12:31.080 65479 INFO tempest.lib.common.rest_client [req-f411786a-590e-438d-b38c-4400ed687019 req-f411786a-590e-438d-b38c-4400ed687019 ] Request (MigrationsAdminTest:test_list_migrations_in_flavor_resize_situation): 200 GET http://10.180.1.21/compute/v2.1/servers/e3e30d72-019a-4788-87d9-4c2054ad87f2 0.816s
2025-12-09 19:12:31.089 65479 INFO tempest.common.waiters [-] State transition "VERIFY_RESIZE/None" ==> "ACTIVE/None" after 41 second wait
2025-12-09 19:12:31.177 65481 INFO tempest.lib.common.rest_client [req-5801a24a-939f-482d-abfb-9b909047ed97 req-5801a24a-939f-482d-abfb-9b909047ed97 ] Request (ImagesTestJSON:test_create_image_from_suspended_server): 200 GET http://10.180.1.21/compute/v2.1/servers/32fe8d0b-807d-4b08-8321-eff76f4535f6 0.814s
2025-12-09 19:12:31.232 65489 INFO tempest.lib.common.rest_client [req-55163f9f-d199-4f0b-9124-4ade9097e278 req-55163f9f-d199-4f0b-9124-4ade9097e278 ] Request (SecurityGroupsTestJSON:test_list_security_groups_by_server): 200 GET http://10.180.1.21/compute/v2.1/servers/f53da3f4-4513-41a2-b447-116965ed161b 0.762s
2025-12-09 19:12:31.285 65455 INFO tempest.lib.common.rest_client [req-e247afc0-129e-42d0-a468-99153a039ccc req-e247afc0-129e-42d0-a468-99153a039ccc ] Request (InstanceActionsNegativeTestJSON:setUpClass): 200 GET http://10.180.1.21/compute/v2.1/servers/420e966b-3113-4bd2-a7f3-a53375f5441a 0.748s
2025-12-09 19:12:31.317 65491 INFO tempest.lib.common.rest_client [req-8ee4a334-09d4-4fcb-8fe9-fe115cb6129c req-8ee4a334-09d4-4fcb-8fe9-fe115cb6129c ] Request (ServerGroupTestJSON:test_create_delete_multiple_server_groups_with_same_name_policy): 204 DELETE http://10.180.1.21/compute/v2.1/os-server-groups/6d6fb380-71fb-44b7-9038-ccf662be389a 0.768s
2025-12-09 19:12:31.392 65451 INFO tempest.lib.common.rest_client [req-948818fd-6dfd-4afe-a699-2c0bb61e014a req-948818fd-6dfd-4afe-a699-2c0bb61e014a ] Request (ImagesOneServerNegativeTestJSON:setUpClass): 200 GET http://10.180.1.21/compute/v2.1/servers/a6d3a069-4d53-43ae-9f1c-4babd0c9ffe9 0.764s
2025-12-09 19:12:31.485 65497 INFO tempest.lib.common.rest_client [req-fc2c9086-e11f-451a-b44e-8f7130604126 req-fc2c9086-e11f-451a-b44e-8f7130604126 ] Request (AttachInterfacesV270Test:test_create_get_list_interfaces): 200 GET http://10.180.1.21/compute/v2.1/servers/79e58f83-8a03-4bfc-be8f-3f8d5c07c446 0.796s
2025-12-09 19:12:31.596 65471 INFO tempest.lib.common.rest_client [req-40651189-a8c1-451b-9d9d-dfeceebaa0de req-40651189-a8c1-451b-9d9d-dfeceebaa0de ] Request (InstanceActionsTestJSON:setUpClass): 200 GET http://10.180.1.21/compute/v2.1/servers/54c329f1-6e15-4f94-a35d-e1e9aa2d8905 0.834s
2025-12-09 19:12:31.669 65473 INFO tempest.lib.common.rest_client [req-fa10fa98-4ee8-4353-bfc7-40c09ba53c05 req-fa10fa98-4ee8-4353-bfc7-40c09ba53c05 ] Request (AttachInterfacesTestJSON:_run_cleanups): 200 GET http://10.180.1.21/compute/v2.1/servers/6eb82a1c-9209-4c36-a605-1c7454e4a9eb 0.897s
2025-12-09 19:12:31.761 65447 INFO tempest.lib.common.rest_client [req-e079fdd1-5dc2-4f72-a619-08724c7782ab req-e079fdd1-5dc2-4f72-a619-08724c7782ab ] Request (ListServerFiltersTestJSON:test_list_servers_filtered_by_name_regex): 200 GET http://10.180.1.21/compute/v2.1/servers?name=%5E.%2A%5C-instance%5C-%5B0-9%5D%2B%24 0.974s
2025-12-09 19:12:31.776 65459 INFO tempest.lib.common.rest_client [req-c05c0987-1836-4915-bc02-2ddf163b967f req-c05c0987-1836-4915-bc02-2ddf163b967f ] Request (FlavorsV2TestJSON:test_list_flavors_detailed_using_marker): 200 GET http://10.180.1.21/compute/v2.1/flavors/42 0.971s
2025-12-09 19:12:31.829 65439 INFO tempest.lib.common.rest_client [req-ee6688e4-79b6-497d-9e63-b029a5a69ea6 req-ee6688e4-79b6-497d-9e63-b029a5a69ea6 ] Request (ServersWithSpecificFlavorTestJSON:test_verify_created_server_ephemeral_disk): 200 GET http://10.180.1.21/compute/v2.1/servers/93dc7db5-f684-4eef-aac5-29d4497f4ec2 1.002s
2025-12-09 19:12:31.914 65457 INFO tempest.lib.common.rest_client [req-7ae18ece-c503-425f-9c47-826660a02201 req-7ae18ece-c503-425f-9c47-826660a02201 ] Request (FloatingIPsAssociationTestJSON:test_associate_already_associated_floating_ip): 202 POST http://10.180.1.21/compute/v2.1/servers/ec6780b8-4572-4a17-8155-3578eb11f5af/action 2.361s
2025-12-09 19:12:31.974 65465 INFO tempest.lib.common.rest_client [req-7854602d-6506-4c31-863f-b63364a74b2f req-7854602d-6506-4c31-863f-b63364a74b2f ] Request (VolumesAssistedSnapshotsTest:tearDownClass): 200 GET http://10.180.1.21/compute/v2.1/servers/87deb991-e1b7-4c44-8d4c-071bd1117b99 1.101s
2025-12-09 19:12:31.988 65493 INFO tempest.lib.common.rest_client [req-a1c28c8d-8702-4547-b630-5083087f7015 req-a1c28c8d-8702-4547-b630-5083087f7015 ] Request (ServersTestMultiNic:_run_cleanups): 200 GET http://10.180.1.21/compute/v2.1/servers/19471a39-b05f-4137-8cea-86b7e5313630 1.083s
2025-12-09 19:12:32.000 65453 INFO tempest.lib.common.rest_client [req-7e6683cd-bd6d-46cb-82a8-028cd5da6509 req-7e6683cd-bd6d-46cb-82a8-028cd5da6509 ] Request (DeleteServersTestJSON:test_delete_server_while_in_attached_volume): 404 GET http://10.180.1.21/compute/v2.1/servers/e7813bdd-f3fe-4466-a15f-d26aeb1432e4 1.025s
2025-12-09 19:12:32.033 65453 INFO tempest.lib.common.rest_client [req-39fb6de5-cf25-483e-88fe-a4a9c58a1c6c req-39fb6de5-cf25-483e-88fe-a4a9c58a1c6c ] Request (DeleteServersTestJSON:test_delete_server_while_in_attached_volume): 200 GET http://10.180.1.21/volume/v3/volumes/163d405a-621b-49b0-99ec-e6000be6e6d6 0.032s
2025-12-09 19:12:32.039 65453 INFO tempest.common.waiters [-] volume 163d405a-621b-49b0-99ec-e6000be6e6d6 reached available after waiting for 0.039705 seconds
2025-12-09 19:12:32.062 65461 INFO tempest.lib.common.rest_client [req-f8b4ed88-69ad-48ec-8c70-ce3f929ccb23 req-f8b4ed88-69ad-48ec-8c70-ce3f929ccb23 ] Request (ServersAdminNegativeTestJSON:tearDownClass): 200 GET http://10.180.1.21/compute/v2.1/servers/0d7119c6-c689-4d94-8182-3423c8d556f8 1.026s
2025-12-09 19:12:32.069 65453 INFO tempest.lib.common.rest_client [req-fa9d8955-093f-4b79-8019-954c1c69ab0d req-fa9d8955-093f-4b79-8019-954c1c69ab0d ] Request (DeleteServersTestJSON:_run_cleanups): 200 GET http://10.180.1.21/volume/v3/volumes/163d405a-621b-49b0-99ec-e6000be6e6d6 0.029s
2025-12-09 19:12:32.201 65479 INFO tempest.lib.common.rest_client [req-731d5935-88f6-4b3e-b1c7-9272a097bf9b req-731d5935-88f6-4b3e-b1c7-9272a097bf9b ] Request (MigrationsAdminTest:test_list_migrations_in_flavor_resize_situation): 200 GET http://10.180.1.21/compute/v2.1/servers/e3e30d72-019a-4788-87d9-4c2054ad87f2 1.112s
2025-12-09 19:12:32.262 65443 INFO tempest.lib.common.rest_client [req-1ffd6c15-d7b9-4bb8-98a2-92b21dd3b0f9 req-1ffd6c15-d7b9-4bb8-98a2-92b21dd3b0f9 ] Request (ServerShowV247Test:test_update_rebuild_list_server): 200 GET http://10.180.1.21/compute/v2.1/servers/e7da75c4-498f-4584-a914-843bbae81e6a 1.161s
2025-12-09 19:12:32.276 65443 INFO tempest.common.waiters [-] State transition "REBUILD/rebuild_spawning" ==> "ACTIVE/None" after 10 second wait
2025-12-09 19:12:32.339 65495 INFO tempest.lib.common.rest_client [req-cead8ed0-6605-4da6-8113-4397d82e5778 req-cead8ed0-6605-4da6-8113-4397d82e5778 ] Request (ServersListShow2100Test:test_list_show_rebuild_update_server_2100): 200 GET http://10.180.1.21/compute/v2.1/servers/d33e2789-ff5f-4647-90db-a7b867dafc3b 1.189s
2025-12-09 19:12:32.460 65485 INFO tempest.lib.common.rest_client [req-6e287661-f555-42dd-aaaa-609b874475a4 req-6e287661-f555-42dd-aaaa-609b874475a4 ] Request (ListServersNegativeTestJSON:setUpClass): 200 GET http://10.180.1.21/compute/v2.1/servers/248481df-5eac-4078-9c12-6644ff6c581a 1.385s
2025-12-09 19:12:32.533 65441 INFO tempest.lib.common.rest_client [req-4f04a67a-7bab-4b36-8dba-6bf681a01a56 req-4f04a67a-7bab-4b36-8dba-6bf681a01a56 ] Request (ServersTestJSON:test_create_specify_keypair): 200 GET http://10.180.1.21/compute/v2.1/servers/cf38c0c1-e960-4a31-a16c-c5dac7866f95 1.323s
2025-12-09 19:12:32.535 65449 INFO tempest.lib.common.rest_client [req-8ea8942f-7032-4964-8bbf-374ea59c4cdb req-8ea8942f-7032-4964-8bbf-374ea59c4cdb ] Request (ServersAdminTestJSON:test_rebuild_server_in_error_state): 200 GET http://10.180.1.21/compute/v2.1/servers/e8657b43-c07a-4968-86b8-743b44288174 1.328s
2025-12-09 19:12:32.590 65445 INFO tempest.lib.common.rest_client [req-a5635c6b-947f-45d0-bcd7-fce78ff42b05 req-a5635c6b-947f-45d0-bcd7-fce78ff42b05 ] Request (ImagesOneServerTestJSON:setUpClass): 200 GET http://10.180.1.21/compute/v2.1/servers/a849b5a4-08ab-40f1-a7e4-fbd499610195 1.304s
2025-12-09 19:12:32.595 65437 INFO tempest.lib.common.rest_client [req-959c52a5-e8f5-4095-a303-f35380e19d0d req-959c52a5-e8f5-4095-a303-f35380e19d0d ] Request (ServersTestFqdnHostnames:test_create_server_with_fqdn_name): 200 GET http://10.180.1.21/compute/v2.1/servers/7605fa7c-82e3-4753-9882-7f3c6dbd11b2 1.319s
2025-12-09 19:12:32.612 65491 INFO tempest.lib.common.rest_client [req-eb7f943d-8366-4e2a-9a00-ecff7df571ca req-eb7f943d-8366-4e2a-9a00-ecff7df571ca ] Request (ServerGroupTestJSON:test_create_delete_multiple_server_groups_with_same_name_policy): 200 GET http://10.180.1.21/compute/v2.1/os-server-groups 1.295s
2025-12-09 19:12:32.654 65464 INFO tempest.lib.common.rest_client [req-ccbda16e-c12d-4911-b934-124053537710 req-ccbda16e-c12d-4911-b934-124053537710 ] Request (ServerShowV257Test:test_rebuild_server): 200 GET http://10.180.1.21/compute/v2.1/servers/6e8cfe12-a377-4fa5-9049-c00e2d0acb8a 1.021s
2025-12-09 19:12:32.674 65447 INFO tempest.lib.common.rest_client [req-7b92b311-f8fa-46e3-8cb8-cf432fc7ceeb req-7b92b311-f8fa-46e3-8cb8-cf432fc7ceeb ] Request (ListServerFiltersTestJSON:test_list_servers_filtered_by_name_regex): 200 GET http://10.180.1.21/compute/v2.1/servers?name=%5E.%2A%5C-instance%5C-.%2A%24 0.911s
2025-12-09 19:12:32.694 65459 INFO tempest.lib.common.rest_client [req-c6f0c893-125f-47f6-9e7e-edf6fb1b235b req-c6f0c893-125f-47f6-9e7e-edf6fb1b235b ] Request (FlavorsV2TestJSON:test_list_flavors_detailed_using_marker): 200 GET http://10.180.1.21/compute/v2.1/flavors/detail?marker=42 0.914s
2025-12-09 19:12:32.719 65453 INFO tempest.lib.common.rest_client [req-332a9e89-39e5-42c0-bc7a-36fb6cf5caea req-332a9e89-39e5-42c0-bc7a-36fb6cf5caea ] Request (DeleteServersTestJSON:_run_cleanups): 404 GET http://10.180.1.21/compute/v2.1/servers/e7813bdd-f3fe-4466-a15f-d26aeb1432e4/os-volume_attachments 0.643s
2025-12-09 19:12:32.751 65453 INFO tempest.lib.common.rest_client [req-4a3ee9ac-acf3-4c28-8e20-0dad4238c239 req-4a3ee9ac-acf3-4c28-8e20-0dad4238c239 ] Request (DeleteServersTestJSON:_run_cleanups): 200 GET http://10.180.1.21/volume/v3/volumes/163d405a-621b-49b0-99ec-e6000be6e6d6 0.032s
2025-12-09 19:12:32.758 65453 INFO tempest.common.waiters [-] volume 163d405a-621b-49b0-99ec-e6000be6e6d6 reached available after waiting for 0.758330 seconds
2025-12-09 19:12:32.775 65481 INFO tempest.lib.common.rest_client [req-bcfb35bc-ebc2-4b52-845b-830e3abb705b req-bcfb35bc-ebc2-4b52-845b-830e3abb705b ] Request (ImagesTestJSON:test_create_image_from_suspended_server): 200 GET http://10.180.1.21/compute/v2.1/servers/32fe8d0b-807d-4b08-8321-eff76f4535f6 0.591s
2025-12-09 19:12:32.815 65479 INFO tempest.lib.common.rest_client [req-0dfce910-cd8b-48f9-8a1c-e06725511265 req-0dfce910-cd8b-48f9-8a1c-e06725511265 ] Request (MigrationsAdminTest:test_list_migrations_in_flavor_resize_situation): 200 POST http://10.180.1.21/compute/v2.1/os-keypairs 0.595s
2025-12-09 19:12:32.837 65453 INFO tempest.lib.common.rest_client [req-29f1f78a-55d4-41bf-a691-57205a104fa5 req-29f1f78a-55d4-41bf-a691-57205a104fa5 ] Request (DeleteServersTestJSON:test_delete_server_while_in_building_state): 201 POST http://10.180.1.21/identity/v3/auth/tokens 0.075s
2025-12-09 19:12:32.838 65453 INFO tempest.lib.common.fixed_network [-] (DeleteServersTestJSON:test_delete_server_while_in_building_state) Found network {'id': 'dbcf5bb0-83a0-4e9e-9418-478260607bcb', 'name': 'tempest-DeleteServersTestJSON-444803522-network', 'tenant_id': '342ca8bdd63b4c9793e8f2d0d95597ce', 'project_id': '342ca8bdd63b4c9793e8f2d0d95597ce', 'admin_state_up': True, 'mtu': 8950, 'status': 'ACTIVE', 'subnets': [], 'shared': False, 'port_security_enabled': True, 'router:external': False, 'provider:network_type': 'vlan', 'provider:physical_network': 'default', 'provider:segmentation_id': 116, 'availability_zone_hints': [], 'availability_zones': [], 'ipv4_address_scope': None, 'ipv6_address_scope': None, 'description': '', 'tags': [], 'created_at': '2025-12-09T19:09:56Z', 'updated_at': '2025-12-09T19:09:56Z', 'revision_number': 1} available for tenant
2025-12-09 19:12:32.896 65457 INFO tempest.lib.common.rest_client [req-831d776f-eb64-4648-ae92-b386e0a03b3a req-831d776f-eb64-4648-ae92-b386e0a03b3a ] Request (FloatingIPsAssociationTestJSON:test_associate_already_associated_floating_ip): 409 POST http://10.180.1.21/compute/v2.1/servers/780ba085-c682-4cea-a2d5-e00a709a626a/action 0.981s
2025-12-09 19:12:32.917 65489 INFO tempest.lib.common.rest_client [req-81d7f402-86a6-4166-9726-c02bfd2cbbd6 req-81d7f402-86a6-4166-9726-c02bfd2cbbd6 ] Request (SecurityGroupsTestJSON:test_list_security_groups_by_server): 200 GET http://10.180.1.21/compute/v2.1/servers/f53da3f4-4513-41a2-b447-116965ed161b 0.675s
2025-12-09 19:12:32.946 65479 INFO tempest.lib.common.rest_client [req-c7e5e2a1-c306-43d2-8b95-0d25c428efba req-c7e5e2a1-c306-43d2-8b95-0d25c428efba ] Request (MigrationsAdminTest:test_list_migrations_in_flavor_resize_situation): 201 POST http://10.180.1.21/networking/v2.0/security-groups 0.129s
2025-12-09 19:12:33.016 65455 INFO tempest.lib.common.rest_client [req-60e8ba94-e58a-4305-a8e1-d002eb89cf10 req-60e8ba94-e58a-4305-a8e1-d002eb89cf10 ] Request (InstanceActionsNegativeTestJSON:setUpClass): 200 GET http://10.180.1.21/compute/v2.1/servers/420e966b-3113-4bd2-a7f3-a53375f5441a 0.723s
2025-12-09 19:12:33.066 65443 INFO tempest.lib.common.rest_client [req-d09460da-7dc4-473c-9f23-7f570410ddcd req-d09460da-7dc4-473c-9f23-7f570410ddcd ] Request (ServerShowV247Test:test_update_rebuild_list_server): 200 GET http://10.180.1.21/compute/v2.1/servers/detail 0.788s
2025-12-09 19:12:33.076 65479 INFO tempest.lib.common.rest_client [req-00d87695-c5dc-442a-85f8-8c38be1bc27c req-00d87695-c5dc-442a-85f8-8c38be1bc27c ] Request (MigrationsAdminTest:test_list_migrations_in_flavor_resize_situation): 201 POST http://10.180.1.21/networking/v2.0/security-group-rules 0.130s
2025-12-09 19:12:33.089 65451 INFO tempest.lib.common.rest_client [req-bb28569e-08cd-48ee-99f2-2d370b834f61 req-bb28569e-08cd-48ee-99f2-2d370b834f61 ] Request (ImagesOneServerNegativeTestJSON:setUpClass): 200 GET http://10.180.1.21/compute/v2.1/servers/a6d3a069-4d53-43ae-9f1c-4babd0c9ffe9 0.683s
2025-12-09 19:12:33.135 65497 INFO tempest.lib.common.rest_client [req-cb718fd7-2ad1-43c7-be61-ff826cd580ba req-cb718fd7-2ad1-43c7-be61-ff826cd580ba ] Request (AttachInterfacesV270Test:test_create_get_list_interfaces): 200 GET http://10.180.1.21/compute/v2.1/servers/79e58f83-8a03-4bfc-be8f-3f8d5c07c446 0.640s
2025-12-09 19:12:33.170 65491 INFO tempest.lib.common.rest_client [req-91f11622-de8b-4bd5-b5f0-c0001666a2a4 req-91f11622-de8b-4bd5-b5f0-c0001666a2a4 ] Request (ServerGroupTestJSON:test_create_delete_multiple_server_groups_with_same_name_policy): 204 DELETE http://10.180.1.21/compute/v2.1/os-server-groups/c2d7560c-823e-4946-b95f-b9efcfa61301 0.555s
2025-12-09 19:12:33.188 65479 INFO tempest.lib.common.rest_client [req-abd152e5-e5b6-4498-bb05-fd9631463a81 req-abd152e5-e5b6-4498-bb05-fd9631463a81 ] Request (MigrationsAdminTest:test_list_migrations_in_flavor_resize_situation): 201 POST http://10.180.1.21/networking/v2.0/security-group-rules 0.111s
2025-12-09 19:12:33.217 65447 INFO tempest.lib.common.rest_client [req-41445886-a652-48fc-98a6-3183b76aecd5 req-41445886-a652-48fc-98a6-3183b76aecd5 ] Request (ListServerFiltersTestJSON:test_list_servers_filtered_by_name_regex): 200 GET http://10.180.1.21/compute/v2.1/servers?name=-670419669 0.539s
