2025-12-09 19:13:35.607 65491 INFO tempest.lib.common.rest_client [req-aeb08b85-4244-46d0-ba12-d208709db3f9 req-aeb08b85-4244-46d0-ba12-d208709db3f9 ] Request (ServerGroupTestJSON:test_create_server_with_scheduler_hint_group): 200 GET http://10.180.1.21/compute/v2.1/servers/aa5069e8-a85f-4259-ac33-85ca2d798a95 0.844s
2025-12-09 19:13:35.650 65441 INFO tempest.lib.common.rest_client [req-974df946-9958-4f75-9d0b-ed9adda47f21 req-974df946-9958-4f75-9d0b-ed9adda47f21 ] Request (ServersTestJSON:_run_cleanups): 200 GET http://10.180.1.21/compute/v2.1/servers/cf38c0c1-e960-4a31-a16c-c5dac7866f95 0.830s
2025-12-09 19:13:35.663 65481 INFO tempest.lib.common.rest_client [req-5b04b72c-8236-4aba-8fb4-0dc97abbe2a1 req-5b04b72c-8236-4aba-8fb4-0dc97abbe2a1 ] Request (ImagesTestJSON:test_create_server_from_snapshot): 200 GET http://10.180.1.21/compute/v2.1/servers/18109803-cc97-4d44-98d5-687e2e540510 0.808s
2025-12-09 19:13:35.712 65457 INFO tempest.lib.common.rest_client [req-f8643ac2-7b3b-4913-9683-03682fce1caf req-f8643ac2-7b3b-4913-9683-03682fce1caf ] Request (FloatingIPsAssociationTestJSON:tearDownClass): 200 GET http://10.180.1.21/compute/v2.1/servers/780ba085-c682-4cea-a2d5-e00a709a626a 0.685s
2025-12-09 19:13:35.736 65464 INFO tempest.lib.common.rest_client [req-0a89091a-8ee3-491f-936c-842013c246a6 req-0a89091a-8ee3-491f-936c-842013c246a6 ] Request (ServerShowV257Test:tearDownClass): 200 GET http://10.180.1.21/compute/v2.1/servers/6e8cfe12-a377-4fa5-9049-c00e2d0acb8a 0.469s
2025-12-09 19:13:35.777 65455 INFO tempest.lib.common.rest_client [req-55d330d1-f22b-4927-9514-04aa8bbf1b4f req-55d330d1-f22b-4927-9514-04aa8bbf1b4f ] Request (InstanceActionsNegativeTestJSON:tearDownClass): 200 GET http://10.180.1.21/compute/v2.1/servers/420e966b-3113-4bd2-a7f3-a53375f5441a 0.490s
2025-12-09 19:13:35.785 65455 INFO tempest.common.waiters [-] State transition "ACTIVE/deleting" ==> "DELETED/None" after 4 second wait
2025-12-09 19:13:35.903 65453 INFO tempest.lib.common.rest_client [req-0ac2da89-c2fe-4dd0-8316-fc1f43075013 req-0ac2da89-c2fe-4dd0-8316-fc1f43075013 ] Request (DeleteServersTestJSON:test_delete_server_while_in_shelved_state): 200 GET http://10.180.1.21/compute/v2.1/servers/4ee2a68c-61ee-4fb6-a504-19f628a554e6 0.550s
2025-12-09 19:13:35.912 65453 INFO tempest.common.waiters [-] State transition "BUILD/networking" ==> "BUILD/spawning" after 57 second wait
2025-12-09 19:13:35.977 65489 INFO tempest.lib.common.rest_client [req-bf8152fc-3726-4fb0-8883-85bfa66c238b req-bf8152fc-3726-4fb0-8883-85bfa66c238b ] Request (SecurityGroupsTestJSON:test_server_security_groups): 200 GET http://10.180.1.21/compute/v2.1/servers/ba1e955d-30e3-4243-8abc-6c732b211c63 0.486s
2025-12-09 19:13:36.069 65465 INFO tempest.lib.common.rest_client [req-c131f004-b194-46a4-9508-0271119c6c6d req-c131f004-b194-46a4-9508-0271119c6c6d ] Request (ServersAdmin275Test:test_rebuild_update_server_275): 200 GET http://10.180.1.21/compute/v2.1/servers/666dcb32-27a4-412c-ad97-49b508fdf761 0.561s
2025-12-09 19:13:36.157 65459 INFO tempest.lib.common.rest_client [req-d6a08a13-80e7-424b-890c-10d8ddc2d0e3 req-d6a08a13-80e7-424b-890c-10d8ddc2d0e3 ] Request (ServerRescueTestJSON:setUpClass): 200 GET http://10.180.1.21/compute/v2.1/servers/025859df-91e5-44e3-8c6b-8e6f6a819ee2 0.438s
2025-12-09 19:13:36.207 65471 INFO tempest.lib.common.rest_client [req-7d8d51d8-6fed-4920-b22e-e32853c994b2 req-7d8d51d8-6fed-4920-b22e-e32853c994b2 ] Request (InstanceActionsV221TestJSON:test_get_list_deleted_instance_actions): 202 POST http://10.180.1.21/compute/v2.1/servers 0.800s
2025-12-09 19:13:36.213 65479 INFO tempest.lib.common.rest_client [req-3c913a15-7164-417c-8941-03ef2f311277 req-3c913a15-7164-417c-8941-03ef2f311277 ] Request (MigrationsAdminTest:test_resize_server_revert_deleted_flavor): 200 GET http://10.180.1.21/compute/v2.1/servers/0ad89329-fbc5-4733-9b81-2073b3794ed6 0.471s
2025-12-09 19:13:36.257 65471 INFO tempest.lib.common.rest_client [req-f7e2b5d6-5805-4147-a844-e58f6fb2ecf0 req-f7e2b5d6-5805-4147-a844-e58f6fb2ecf0 ] Request (InstanceActionsV221TestJSON:test_get_list_deleted_instance_actions): 200 GET http://10.180.1.21/compute/v2.1/servers/df2bbb0d-3e10-417f-b7f8-f101306bbd31 0.048s
2025-12-09 19:13:36.391 65447 INFO tempest.lib.common.rest_client [req-66066569-7de1-450b-944a-9c846da538b9 req-66066569-7de1-450b-944a-9c846da538b9 ] Request (ListServerFiltersTestJSON:tearDownClass): 200 GET http://10.180.1.21/compute/v2.1/servers/990dc31e-2717-49d8-a96d-782f7463fa2f 0.086s
2025-12-09 19:13:36.395 65461 INFO tempest.lib.common.rest_client [req-2343d81c-39d4-4a0e-b03e-2b800ff71934 req-2343d81c-39d4-4a0e-b03e-2b800ff71934 ] Request (ServerActionsTestOtherB:setUpClass): 200 GET http://10.180.1.21/compute/v2.1/servers/0af065f7-73a4-4a18-9ec1-02bdcc42c500 0.077s
2025-12-09 19:13:36.477 65451 INFO tempest.lib.common.rest_client [req-5ec4c0f6-8294-401d-9faf-365171c5ba91 req-5ec4c0f6-8294-401d-9faf-365171c5ba91 ] Request (ImagesOneServerNegativeTestJSON:_run_cleanups): 200 GET http://10.180.1.21/compute/v2.1/servers/a6d3a069-4d53-43ae-9f1c-4babd0c9ffe9 0.109s
2025-12-09 19:13:36.478 65467 INFO tempest.lib.common.rest_client [req-548f1f49-8baa-42c5-9573-15dd29098b27 req-548f1f49-8baa-42c5-9573-15dd29098b27 ] Request (ServersV294TestFqdnHostnames:tearDownClass): 200 GET http://10.180.1.21/compute/v2.1/servers/2bf2eca0-ae42-48b7-85fd-3377965d17f6 0.089s
2025-12-09 19:13:36.541 65449 INFO tempest.lib.common.rest_client [req-d2342730-3e8e-4916-84c9-d92b8a95d9f8 req-d2342730-3e8e-4916-84c9-d92b8a95d9f8 ] Request (ServersAdminTestJSON:tearDownClass): 200 GET http://10.180.1.21/compute/v2.1/servers/aa29661e-7f06-4904-b499-faec694ba2d8 0.086s
2025-12-09 19:13:36.546 65485 INFO tempest.lib.common.rest_client [req-1dbbf639-cf28-45f5-bf05-a7ce9e1ed26f req-1dbbf639-cf28-45f5-bf05-a7ce9e1ed26f ] Request (ListServersNegativeTestJSON:tearDownClass): 200 GET http://10.180.1.21/compute/v2.1/servers/57f36539-cf53-4fdf-a99e-5307d3e6c1af 0.111s
2025-12-09 19:13:36.595 65473 INFO tempest.lib.common.rest_client [req-d28068fa-6ffc-4cbd-9bd9-d85c0d52c807 req-d28068fa-6ffc-4cbd-9bd9-d85c0d52c807 ] Request (AttachInterfacesTestJSON:test_create_list_show_delete_interfaces_by_network_port): 200 GET http://10.180.1.21/compute/v2.1/servers/0b9d2103-6508-4dab-87cc-6175d25872c2 0.084s
2025-12-09 19:13:36.601 65497 INFO tempest.lib.common.rest_client [req-04d1b6f5-e4b4-4b0a-9ec9-9785b3d2acab req-04d1b6f5-e4b4-4b0a-9ec9-9785b3d2acab ] Request (AttachInterfacesV270Test:tearDownClass): 200 GET http://10.180.1.21/compute/v2.1/servers/79e58f83-8a03-4bfc-be8f-3f8d5c07c446 0.102s
2025-12-09 19:13:36.633 65445 INFO tempest.lib.common.rest_client [req-3bb0e1e0-e368-4e99-984e-43b9970ffef4 req-3bb0e1e0-e368-4e99-984e-43b9970ffef4 ] Request (ImagesOneServerTestJSON:test_create_delete_image): 200 GET http://10.180.1.21/compute/v2.1/images/3595b843-fe8a-441c-bf80-6d45839489e4 0.101s
2025-12-09 19:13:36.690 65493 INFO tempest.lib.common.rest_client [req-0cc565d7-0a4a-4a90-8f30-9dc4bd849420 req-0cc565d7-0a4a-4a90-8f30-9dc4bd849420 ] Request (ServersTestMultiNic:test_verify_multiple_nics_order): 200 GET http://10.180.1.21/compute/v2.1/servers/e922f27d-3656-4175-b78f-643512b80525 0.123s
2025-12-09 19:13:36.698 65443 INFO tempest.lib.common.rest_client [req-40333e3a-3e0c-4a8b-8a03-e594b8c2b0c5 req-40333e3a-3e0c-4a8b-8a03-e594b8c2b0c5 ] Request (ServerShowV247Test:tearDownClass): 200 GET http://10.180.1.21/compute/v2.1/servers/95ee3e0e-79d5-43d3-bb92-3497194d0f03 0.094s
2025-12-09 19:13:36.739 65491 INFO tempest.lib.common.rest_client [req-23343ac2-84a3-4851-b385-f7a039e4f09a req-23343ac2-84a3-4851-b385-f7a039e4f09a ] Request (ServerGroupTestJSON:test_create_server_with_scheduler_hint_group): 200 GET http://10.180.1.21/compute/v2.1/servers/aa5069e8-a85f-4259-ac33-85ca2d798a95 0.123s
2025-12-09 19:13:36.754 65441 INFO tempest.lib.common.rest_client [req-988dba7e-3788-4791-bc02-fe58f0036227 req-988dba7e-3788-4791-bc02-fe58f0036227 ] Request (ServersTestJSON:_run_cleanups): 200 GET http://10.180.1.21/compute/v2.1/servers/cf38c0c1-e960-4a31-a16c-c5dac7866f95 0.092s
2025-12-09 19:13:36.793 65481 INFO tempest.lib.common.rest_client [req-24510431-df3a-4317-98b0-7fe691a05024 req-24510431-df3a-4317-98b0-7fe691a05024 ] Request (ImagesTestJSON:test_create_server_from_snapshot): 200 GET http://10.180.1.21/compute/v2.1/servers/18109803-cc97-4d44-98d5-687e2e540510 0.122s
2025-12-09 19:13:36.815 65457 INFO tempest.lib.common.rest_client [req-2d663c67-e0e7-45c4-bf95-ed34f90b8437 req-2d663c67-e0e7-45c4-bf95-ed34f90b8437 ] Request (FloatingIPsAssociationTestJSON:tearDownClass): 200 GET http://10.180.1.21/compute/v2.1/servers/780ba085-c682-4cea-a2d5-e00a709a626a 0.093s
2025-12-09 19:13:36.859 65464 INFO tempest.lib.common.rest_client [req-828362d1-61eb-4390-bb20-640c3ca2574c req-828362d1-61eb-4390-bb20-640c3ca2574c ] Request (ServerShowV257Test:tearDownClass): 200 GET http://10.180.1.21/compute/v2.1/servers/6e8cfe12-a377-4fa5-9049-c00e2d0acb8a 0.113s
2025-12-09 19:13:36.888 65455 INFO tempest.lib.common.rest_client [req-b3df561f-c192-478d-ba0d-ab104d36b013 req-b3df561f-c192-478d-ba0d-ab104d36b013 ] Request (InstanceActionsNegativeTestJSON:tearDownClass): 200 GET http://10.180.1.21/compute/v2.1/servers/420e966b-3113-4bd2-a7f3-a53375f5441a 0.101s
2025-12-09 19:13:37.029 65453 INFO tempest.lib.common.rest_client [req-8a674ef4-5544-49f6-89be-9f6ee81c45a6 req-8a674ef4-5544-49f6-89be-9f6ee81c45a6 ] Request (DeleteServersTestJSON:test_delete_server_while_in_shelved_state): 200 GET http://10.180.1.21/compute/v2.1/servers/4ee2a68c-61ee-4fb6-a504-19f628a554e6 0.116s
2025-12-09 19:13:37.051 65489 INFO tempest.lib.common.rest_client [req-ce0297e5-41d2-4318-b1c3-dfc956d61d5b req-ce0297e5-41d2-4318-b1c3-dfc956d61d5b ] Request (SecurityGroupsTestJSON:test_server_security_groups): 200 GET http://10.180.1.21/compute/v2.1/servers/ba1e955d-30e3-4243-8abc-6c732b211c63 0.067s
2025-12-09 19:13:37.156 65465 INFO tempest.lib.common.rest_client [req-56ff71b4-d63b-4149-984a-927b7aa679df req-56ff71b4-d63b-4149-984a-927b7aa679df ] Request (ServersAdmin275Test:test_rebuild_update_server_275): 200 GET http://10.180.1.21/compute/v2.1/servers/666dcb32-27a4-412c-ad97-49b508fdf761 0.070s
2025-12-09 19:13:37.253 65459 INFO tempest.lib.common.rest_client [req-fca9531a-51e3-4856-816f-823dbd190ee1 req-fca9531a-51e3-4856-816f-823dbd190ee1 ] Request (ServerRescueTestJSON:setUpClass): 200 GET http://10.180.1.21/compute/v2.1/servers/025859df-91e5-44e3-8c6b-8e6f6a819ee2 0.088s
2025-12-09 19:13:37.358 65479 INFO tempest.lib.common.rest_client [req-ae31b968-8fb4-4a09-a47d-64cc43d8305f req-ae31b968-8fb4-4a09-a47d-64cc43d8305f ] Request (MigrationsAdminTest:test_resize_server_revert_deleted_flavor): 200 GET http://10.180.1.21/compute/v2.1/servers/0ad89329-fbc5-4733-9b81-2073b3794ed6 0.138s
2025-12-09 19:13:37.370 65471 INFO tempest.lib.common.rest_client [req-f8fa2c92-6fff-4100-96d1-6594188f38c3 req-f8fa2c92-6fff-4100-96d1-6594188f38c3 ] Request (InstanceActionsV221TestJSON:test_get_list_deleted_instance_actions): 200 GET http://10.180.1.21/compute/v2.1/servers/df2bbb0d-3e10-417f-b7f8-f101306bbd31 0.098s
2025-12-09 19:13:37.371 65479 INFO tempest.common.waiters [-] State transition "BUILD/None" ==> "BUILD/networking" after 57 second wait
2025-12-09 19:13:37.476 65461 INFO tempest.lib.common.rest_client [req-0b8e6224-5f41-43db-b9ef-99c7eda21993 req-0b8e6224-5f41-43db-b9ef-99c7eda21993 ] Request (ServerActionsTestOtherB:setUpClass): 200 GET http://10.180.1.21/compute/v2.1/servers/0af065f7-73a4-4a18-9ec1-02bdcc42c500 0.073s
2025-12-09 19:13:37.489 65447 INFO tempest.lib.common.rest_client [req-98bc3e92-50ca-4a9d-a69b-f5a75bc04aeb req-98bc3e92-50ca-4a9d-a69b-f5a75bc04aeb ] Request (ListServerFiltersTestJSON:tearDownClass): 200 GET http://10.180.1.21/compute/v2.1/servers/990dc31e-2717-49d8-a96d-782f7463fa2f 0.087s
2025-12-09 19:13:37.546 65451 INFO tempest.lib.common.rest_client [req-ddcbd838-8869-44db-9be6-f24fcfac0b62 req-ddcbd838-8869-44db-9be6-f24fcfac0b62 ] Request (ImagesOneServerNegativeTestJSON:_run_cleanups): 200 GET http://10.180.1.21/compute/v2.1/servers/a6d3a069-4d53-43ae-9f1c-4babd0c9ffe9 0.062s
2025-12-09 19:13:37.562 65467 INFO tempest.lib.common.rest_client [req-7722b377-5767-482b-bb1b-eda4d1499cb1 req-7722b377-5767-482b-bb1b-eda4d1499cb1 ] Request (ServersV294TestFqdnHostnames:tearDownClass): 200 GET http://10.180.1.21/compute/v2.1/servers/2bf2eca0-ae42-48b7-85fd-3377965d17f6 0.070s
2025-12-09 19:13:37.606 65449 INFO tempest.lib.common.rest_client [req-ee6fa525-aefa-4333-84bc-9a949c327c39 req-ee6fa525-aefa-4333-84bc-9a949c327c39 ] Request (ServersAdminTestJSON:tearDownClass): 200 GET http://10.180.1.21/compute/v2.1/servers/aa29661e-7f06-4904-b499-faec694ba2d8 0.057s
2025-12-09 19:13:37.620 65485 INFO tempest.lib.common.rest_client [req-8f0714fe-6607-49ab-aca3-305813cabf3b req-8f0714fe-6607-49ab-aca3-305813cabf3b ] Request (ListServersNegativeTestJSON:tearDownClass): 200 GET http://10.180.1.21/compute/v2.1/servers/57f36539-cf53-4fdf-a99e-5307d3e6c1af 0.065s
2025-12-09 19:13:37.656 65473 INFO tempest.lib.common.rest_client [req-6629db3e-e43c-43d3-8453-90411768ea41 req-6629db3e-e43c-43d3-8453-90411768ea41 ] Request (AttachInterfacesTestJSON:test_create_list_show_delete_interfaces_by_network_port): 200 GET http://10.180.1.21/compute/v2.1/servers/0b9d2103-6508-4dab-87cc-6175d25872c2 0.053s
2025-12-09 19:13:37.683 65497 INFO tempest.lib.common.rest_client [req-8c565e17-d10f-41bc-9118-18817408d9bd req-8c565e17-d10f-41bc-9118-18817408d9bd ] Request (AttachInterfacesV270Test:tearDownClass): 200 GET http://10.180.1.21/compute/v2.1/servers/79e58f83-8a03-4bfc-be8f-3f8d5c07c446 0.071s
2025-12-09 19:13:37.691 65445 INFO tempest.lib.common.rest_client [req-3651b85d-fc17-4bee-bcf0-d06bbdfcf6d4 req-3651b85d-fc17-4bee-bcf0-d06bbdfcf6d4 ] Request (ImagesOneServerTestJSON:test_create_delete_image): 200 GET http://10.180.1.21/compute/v2.1/images/3595b843-fe8a-441c-bf80-6d45839489e4 0.054s
2025-12-09 19:13:37.750 65493 INFO tempest.lib.common.rest_client [req-be219130-64f9-4b79-9f75-616db2af4b08 req-be219130-64f9-4b79-9f75-616db2af4b08 ] Request (ServersTestMultiNic:test_verify_multiple_nics_order): 200 GET http://10.180.1.21/compute/v2.1/servers/e922f27d-3656-4175-b78f-643512b80525 0.052s
2025-12-09 19:13:37.766 65443 INFO tempest.lib.common.rest_client [req-99bba707-44f2-47c8-b9a3-d966cfc6d428 req-99bba707-44f2-47c8-b9a3-d966cfc6d428 ] Request (ServerShowV247Test:tearDownClass): 200 GET http://10.180.1.21/compute/v2.1/servers/95ee3e0e-79d5-43d3-bb92-3497194d0f03 0.058s
2025-12-09 19:13:37.797 65491 INFO tempest.lib.common.rest_client [req-46a7043a-7b2f-47c8-8ec5-9a3e76148267 req-46a7043a-7b2f-47c8-8ec5-9a3e76148267 ] Request (ServerGroupTestJSON:test_create_server_with_scheduler_hint_group): 200 GET http://10.180.1.21/compute/v2.1/servers/aa5069e8-a85f-4259-ac33-85ca2d798a95 0.051s
2025-12-09 19:13:37.823 65441 INFO tempest.lib.common.rest_client [req-c1b63b92-ed3f-4db9-b09e-900ac8003b0a req-c1b63b92-ed3f-4db9-b09e-900ac8003b0a ] Request (ServersTestJSON:_run_cleanups): 200 GET http://10.180.1.21/compute/v2.1/servers/cf38c0c1-e960-4a31-a16c-c5dac7866f95 0.061s
2025-12-09 19:13:37.850 65481 INFO tempest.lib.common.rest_client [req-dce1068a-77c8-409b-bafa-97a46de14638 req-dce1068a-77c8-409b-bafa-97a46de14638 ] Request (ImagesTestJSON:test_create_server_from_snapshot): 200 GET http://10.180.1.21/compute/v2.1/servers/18109803-cc97-4d44-98d5-687e2e540510 0.049s
2025-12-09 19:13:37.884 65457 INFO tempest.lib.common.rest_client [req-03cde588-1ee6-44c5-a919-4d724db4739e req-03cde588-1ee6-44c5-a919-4d724db4739e ] Request (FloatingIPsAssociationTestJSON:tearDownClass): 200 GET http://10.180.1.21/compute/v2.1/servers/780ba085-c682-4cea-a2d5-e00a709a626a 0.061s
2025-12-09 19:13:37.937 65464 INFO tempest.lib.common.rest_client [req-8d0224b1-5092-4899-9097-e1414a34a76c req-8d0224b1-5092-4899-9097-e1414a34a76c ] Request (ServerShowV257Test:tearDownClass): 200 GET http://10.180.1.21/compute/v2.1/servers/6e8cfe12-a377-4fa5-9049-c00e2d0acb8a 0.068s
2025-12-09 19:13:37.967 65455 INFO tempest.lib.common.rest_client [req-6ea02738-6ecf-42ce-abc8-40768ba2f3c0 req-6ea02738-6ecf-42ce-abc8-40768ba2f3c0 ] Request (InstanceActionsNegativeTestJSON:tearDownClass): 200 GET http://10.180.1.21/compute/v2.1/servers/420e966b-3113-4bd2-a7f3-a53375f5441a 0.070s
2025-12-09 19:13:38.128 65489 INFO tempest.lib.common.rest_client [req-29ab75b4-2c0b-4dbe-9a3a-a33f1ef37d69 req-29ab75b4-2c0b-4dbe-9a3a-a33f1ef37d69 ] Request (SecurityGroupsTestJSON:test_server_security_groups): 200 GET http://10.180.1.21/compute/v2.1/servers/ba1e955d-30e3-4243-8abc-6c732b211c63 0.069s
2025-12-09 19:13:38.155 65453 INFO tempest.lib.common.rest_client [req-bd94d552-3b2d-4e1c-a0ff-cb55f2a715a0 req-bd94d552-3b2d-4e1c-a0ff-cb55f2a715a0 ] Request (DeleteServersTestJSON:test_delete_server_while_in_shelved_state): 200 GET http://10.180.1.21/compute/v2.1/servers/4ee2a68c-61ee-4fb6-a504-19f628a554e6 0.117s
2025-12-09 19:13:38.224 65465 INFO tempest.lib.common.rest_client [req-8d7a8790-0ceb-419b-83ca-9172b91c7c64 req-8d7a8790-0ceb-419b-83ca-9172b91c7c64 ] Request (ServersAdmin275Test:test_rebuild_update_server_275): 200 GET http://10.180.1.21/compute/v2.1/servers/666dcb32-27a4-412c-ad97-49b508fdf761 0.057s
2025-12-09 19:13:38.347 65459 INFO tempest.lib.common.rest_client [req-792aca89-d7d6-4fa1-a13b-c5a5ed162ec6 req-792aca89-d7d6-4fa1-a13b-c5a5ed162ec6 ] Request (ServerRescueTestJSON:setUpClass): 200 GET http://10.180.1.21/compute/v2.1/servers/025859df-91e5-44e3-8c6b-8e6f6a819ee2 0.083s
2025-12-09 19:13:38.485 65471 INFO tempest.lib.common.rest_client [req-77694002-3be0-45c7-bae7-4cc4c9eef6b8 req-77694002-3be0-45c7-bae7-4cc4c9eef6b8 ] Request (InstanceActionsV221TestJSON:test_get_list_deleted_instance_actions): 200 GET http://10.180.1.21/compute/v2.1/servers/df2bbb0d-3e10-417f-b7f8-f101306bbd31 0.103s
2025-12-09 19:13:38.552 65479 INFO tempest.lib.common.rest_client [req-0320f151-66a4-4ece-8d22-633b7fb48de1 req-0320f151-66a4-4ece-8d22-633b7fb48de1 ] Request (MigrationsAdminTest:test_resize_server_revert_deleted_flavor): 200 GET http://10.180.1.21/compute/v2.1/servers/0ad89329-fbc5-4733-9b81-2073b3794ed6 0.179s
2025-12-09 19:13:38.560 65479 INFO tempest.common.waiters [-] State transition "BUILD/networking" ==> "BUILD/spawning" after 58 second wait
2025-12-09 19:13:38.608 65461 INFO tempest.lib.common.rest_client [req-06a6fc22-711f-4de5-b8f0-38c885f90a5a req-06a6fc22-711f-4de5-b8f0-38c885f90a5a ] Request (ServerActionsTestOtherB:setUpClass): 200 GET http://10.180.1.21/compute/v2.1/servers/0af065f7-73a4-4a18-9ec1-02bdcc42c500 0.123s
2025-12-09 19:13:38.624 65447 INFO tempest.lib.common.rest_client [req-503fee1a-caf3-400f-b173-a183891cd8c2 req-503fee1a-caf3-400f-b173-a183891cd8c2 ] Request (ListServerFiltersTestJSON:tearDownClass): 200 GET http://10.180.1.21/compute/v2.1/servers/990dc31e-2717-49d8-a96d-782f7463fa2f 0.123s
2025-12-09 19:13:38.667 65451 INFO tempest.lib.common.rest_client [req-1d88022c-4739-4633-8e72-0c451df51678 req-1d88022c-4739-4633-8e72-0c451df51678 ] Request (ImagesOneServerNegativeTestJSON:_run_cleanups): 200 GET http://10.180.1.21/compute/v2.1/servers/a6d3a069-4d53-43ae-9f1c-4babd0c9ffe9 0.112s
2025-12-09 19:13:38.689 65449 INFO tempest.lib.common.rest_client [req-471ca682-4852-49f6-a692-8ae1774d098b req-471ca682-4852-49f6-a692-8ae1774d098b ] Request (ServersAdminTestJSON:tearDownClass): 404 GET http://10.180.1.21/compute/v2.1/servers/aa29661e-7f06-4904-b499-faec694ba2d8 0.074s
2025-12-09 19:13:38.694 65467 INFO tempest.lib.common.rest_client [req-6a4a3c0b-1713-4221-b8aa-feb26f8d34db req-6a4a3c0b-1713-4221-b8aa-feb26f8d34db ] Request (ServersV294TestFqdnHostnames:tearDownClass): 200 GET http://10.180.1.21/compute/v2.1/servers/2bf2eca0-ae42-48b7-85fd-3377965d17f6 0.119s
2025-12-09 19:13:38.746 65473 INFO tempest.lib.common.rest_client [req-834b757d-d522-4e39-b8e3-79e7d82d0d82 req-834b757d-d522-4e39-b8e3-79e7d82d0d82 ] Request (AttachInterfacesTestJSON:test_create_list_show_delete_interfaces_by_network_port): 200 GET http://10.180.1.21/compute/v2.1/servers/0b9d2103-6508-4dab-87cc-6175d25872c2 0.082s
2025-12-09 19:13:38.765 65485 INFO tempest.lib.common.rest_client [req-75b48e13-1469-4d31-b14a-c8a4805aeb4f req-75b48e13-1469-4d31-b14a-c8a4805aeb4f ] Request (ListServersNegativeTestJSON:tearDownClass): 200 GET http://10.180.1.21/compute/v2.1/servers/57f36539-cf53-4fdf-a99e-5307d3e6c1af 0.137s
2025-12-09 19:13:38.804 65445 INFO tempest.lib.common.rest_client [req-a2263343-da3e-4c41-abd2-2909d22ca4aa req-a2263343-da3e-4c41-abd2-2909d22ca4aa ] Request (ImagesOneServerTestJSON:test_create_delete_image): 200 GET http://10.180.1.21/compute/v2.1/images/3595b843-fe8a-441c-bf80-6d45839489e4 0.109s
2025-12-09 19:13:38.826 65449 INFO tempest.lib.common.rest_client [req-e268ba4c-4bc6-4728-a6bb-0b0b4e472d59 req-e268ba4c-4bc6-4728-a6bb-0b0b4e472d59 ] Request (ServersAdminTestJSON:tearDownClass): 204 DELETE http://10.180.1.21/compute/v2.1/servers/869e19bb-703e-4ef4-add9-c263a7cce79a 0.136s
2025-12-09 19:13:38.878 65497 INFO tempest.lib.common.rest_client [req-ef79f157-2802-47ce-b148-1e16367c0ac7 req-ef79f157-2802-47ce-b148-1e16367c0ac7 ] Request (AttachInterfacesV270Test:tearDownClass): 200 GET http://10.180.1.21/compute/v2.1/servers/79e58f83-8a03-4bfc-be8f-3f8d5c07c446 0.181s
2025-12-09 19:13:38.914 65493 INFO tempest.lib.common.rest_client [req-d8463a20-03e5-49b6-b268-1c17d5bf6c69 req-d8463a20-03e5-49b6-b268-1c17d5bf6c69 ] Request (ServersTestMultiNic:test_verify_multiple_nics_order): 200 GET http://10.180.1.21/compute/v2.1/servers/e922f27d-3656-4175-b78f-643512b80525 0.156s
2025-12-09 19:13:38.970 65443 INFO tempest.lib.common.rest_client [req-5015be60-6a73-4149-a342-1aae4718b122 req-5015be60-6a73-4149-a342-1aae4718b122 ] Request (ServerShowV247Test:tearDownClass): 200 GET http://10.180.1.21/compute/v2.1/servers/95ee3e0e-79d5-43d3-bb92-3497194d0f03 0.194s
2025-12-09 19:13:38.994 65491 INFO tempest.lib.common.rest_client [req-7478e64d-62a5-4209-8f4d-6a670dfa48d2 req-7478e64d-62a5-4209-8f4d-6a670dfa48d2 ] Request (ServerGroupTestJSON:test_create_server_with_scheduler_hint_group): 200 GET http://10.180.1.21/compute/v2.1/servers/aa5069e8-a85f-4259-ac33-85ca2d798a95 0.190s
2025-12-09 19:13:39.075 65441 INFO tempest.lib.common.rest_client [req-1cb75d63-88ef-4b6e-be68-99ec2d62ff0d req-1cb75d63-88ef-4b6e-be68-99ec2d62ff0d ] Request (ServersTestJSON:_run_cleanups): 200 GET http://10.180.1.21/compute/v2.1/servers/cf38c0c1-e960-4a31-a16c-c5dac7866f95 0.242s
2025-12-09 19:13:39.105 65449 INFO tempest.lib.common.rest_client [req-975966c5-2152-4b3c-899d-d2cb87a21493 req-975966c5-2152-4b3c-899d-d2cb87a21493 ] Request (ServersAdminTestJSON:tearDownClass): 200 GET http://10.180.1.21/compute/v2.1/servers/869e19bb-703e-4ef4-add9-c263a7cce79a 0.279s
2025-12-09 19:13:39.133 65481 INFO tempest.lib.common.rest_client [req-c93c2d6b-f9a6-49b0-a323-962bd07f25e1 req-c93c2d6b-f9a6-49b0-a323-962bd07f25e1 ] Request (ImagesTestJSON:test_create_server_from_snapshot): 200 GET http://10.180.1.21/compute/v2.1/servers/18109803-cc97-4d44-98d5-687e2e540510 0.275s
2025-12-09 19:13:39.164 65457 INFO tempest.lib.common.rest_client [req-a1e7c84e-23c8-470d-a21f-ec66d95fa964 req-a1e7c84e-23c8-470d-a21f-ec66d95fa964 ] Request (FloatingIPsAssociationTestJSON:tearDownClass): 200 GET http://10.180.1.21/compute/v2.1/servers/780ba085-c682-4cea-a2d5-e00a709a626a 0.272s
2025-12-09 19:13:39.201 65464 INFO tempest.lib.common.rest_client [req-a58e17c1-cedd-4cc2-92ce-e588df88fed7 req-a58e17c1-cedd-4cc2-92ce-e588df88fed7 ] Request (ServerShowV257Test:tearDownClass): 200 GET http://10.180.1.21/compute/v2.1/servers/6e8cfe12-a377-4fa5-9049-c00e2d0acb8a 0.254s
2025-12-09 19:13:39.221 65455 INFO tempest.lib.common.rest_client [req-3f250ae7-5008-47ff-a13c-bc330c1a5daa req-3f250ae7-5008-47ff-a13c-bc330c1a5daa ] Request (InstanceActionsNegativeTestJSON:tearDownClass): 200 GET http://10.180.1.21/compute/v2.1/servers/420e966b-3113-4bd2-a7f3-a53375f5441a 0.245s
2025-12-09 19:13:39.251 65489 INFO tempest.lib.common.rest_client [req-c121945c-51cb-4203-a5c9-b6ed78703946 req-c121945c-51cb-4203-a5c9-b6ed78703946 ] Request (SecurityGroupsTestJSON:test_server_security_groups): 200 GET http://10.180.1.21/compute/v2.1/servers/ba1e955d-30e3-4243-8abc-6c732b211c63 0.115s
2025-12-09 19:13:39.307 65465 INFO tempest.lib.common.rest_client [req-c4ade453-c2b8-49b7-9be6-042e5ef4d3ea req-c4ade453-c2b8-49b7-9be6-042e5ef4d3ea ] Request (ServersAdmin275Test:test_rebuild_update_server_275): 200 GET http://10.180.1.21/compute/v2.1/servers/666dcb32-27a4-412c-ad97-49b508fdf761 0.072s
2025-12-09 19:13:39.313 65453 INFO tempest.lib.common.rest_client [req-fa43851d-b409-41cf-88f7-da5aa9fe2fa6 req-fa43851d-b409-41cf-88f7-da5aa9fe2fa6 ] Request (DeleteServersTestJSON:test_delete_server_while_in_shelved_state): 200 GET http://10.180.1.21/compute/v2.1/servers/4ee2a68c-61ee-4fb6-a504-19f628a554e6 0.151s
2025-12-09 19:13:39.421 65459 INFO tempest.lib.common.rest_client [req-05c1590f-7890-42bd-9574-83cc51093c2c req-05c1590f-7890-42bd-9574-83cc51093c2c ] Request (ServerRescueTestJSON:setUpClass): 200 GET http://10.180.1.21/compute/v2.1/servers/025859df-91e5-44e3-8c6b-8e6f6a819ee2 0.065s
2025-12-09 19:13:39.562 65471 INFO tempest.lib.common.rest_client [req-212f3978-82d9-4026-92e9-4a400761c013 req-212f3978-82d9-4026-92e9-4a400761c013 ] Request (InstanceActionsV221TestJSON:test_get_list_deleted_instance_actions): 200 GET http://10.180.1.21/compute/v2.1/servers/df2bbb0d-3e10-417f-b7f8-f101306bbd31 0.067s
2025-12-09 19:13:39.584 65437 WARNING tempest.lib.common.ssh [-] Failed to establish authenticated ssh connection to cirros@10.180.180.150 ([Errno None] Unable to connect to port 22 on 10.180.180.150). Number attempts: 5. Retry after 6 seconds.: paramiko.ssh_exception.NoValidConnectionsError: [Errno None] Unable to connect to port 22 on 10.180.180.150
2025-12-09 19:13:39.686 65461 INFO tempest.lib.common.rest_client [req-97c22860-84f5-4cd8-a78a-2e218ac578f7 req-97c22860-84f5-4cd8-a78a-2e218ac578f7 ] Request (ServerActionsTestOtherB:setUpClass): 200 GET http://10.180.1.21/compute/v2.1/servers/0af065f7-73a4-4a18-9ec1-02bdcc42c500 0.069s
2025-12-09 19:13:39.698 65479 INFO tempest.lib.common.rest_client [req-587cdb8b-38a8-4eea-9b8d-59b16361188e req-587cdb8b-38a8-4eea-9b8d-59b16361188e ] Request (MigrationsAdminTest:test_resize_server_revert_deleted_flavor): 200 GET http://10.180.1.21/compute/v2.1/servers/0ad89329-fbc5-4733-9b81-2073b3794ed6 0.137s
2025-12-09 19:13:39.754 65447 INFO tempest.lib.common.rest_client [req-d855e201-90a7-490c-b93d-ffb44b00704d req-d855e201-90a7-490c-b93d-ffb44b00704d ] Request (ListServerFiltersTestJSON:tearDownClass): 200 GET http://10.180.1.21/compute/v2.1/servers/990dc31e-2717-49d8-a96d-782f7463fa2f 0.122s
2025-12-09 19:13:39.765 65451 INFO tempest.lib.common.rest_client [req-baf8dedc-7c4d-4ee3-8ed9-cd66b7aae853 req-baf8dedc-7c4d-4ee3-8ed9-cd66b7aae853 ] Request (ImagesOneServerNegativeTestJSON:_run_cleanups): 200 GET http://10.180.1.21/compute/v2.1/servers/a6d3a069-4d53-43ae-9f1c-4babd0c9ffe9 0.090s
2025-12-09 19:13:39.818 65473 INFO tempest.lib.common.rest_client [req-3dc3e1fd-5bc4-4edc-bd15-a1880c1d37d8 req-3dc3e1fd-5bc4-4edc-bd15-a1880c1d37d8 ] Request (AttachInterfacesTestJSON:test_create_list_show_delete_interfaces_by_network_port): 200 GET http://10.180.1.21/compute/v2.1/servers/0b9d2103-6508-4dab-87cc-6175d25872c2 0.062s
2025-12-09 19:13:39.820 65467 INFO tempest.lib.common.rest_client [req-5707fea7-7541-4614-b643-96e95a3cdb49 req-5707fea7-7541-4614-b643-96e95a3cdb49 ] Request (ServersV294TestFqdnHostnames:tearDownClass): 200 GET http://10.180.1.21/compute/v2.1/servers/2bf2eca0-ae42-48b7-85fd-3377965d17f6 0.114s
2025-12-09 19:13:39.858 65445 INFO tempest.lib.common.rest_client [req-92105341-f6e3-479c-ad12-1150cc965a3d req-92105341-f6e3-479c-ad12-1150cc965a3d ] Request (ImagesOneServerTestJSON:test_create_delete_image): 200 GET http://10.180.1.21/compute/v2.1/images/3595b843-fe8a-441c-bf80-6d45839489e4 0.049s
2025-12-09 19:13:39.884 65485 INFO tempest.lib.common.rest_client [req-3e89c96e-4f39-44c5-926b-0f83ddf3c163 req-3e89c96e-4f39-44c5-926b-0f83ddf3c163 ] Request (ListServersNegativeTestJSON:tearDownClass): 200 GET http://10.180.1.21/compute/v2.1/servers/57f36539-cf53-4fdf-a99e-5307d3e6c1af 0.111s
2025-12-09 19:13:39.980 65497 INFO tempest.lib.common.rest_client [req-6ad3dc40-d4ce-408a-8eb4-ca95b2045e81 req-6ad3dc40-d4ce-408a-8eb4-ca95b2045e81 ] Request (AttachInterfacesV270Test:tearDownClass): 200 GET http://10.180.1.21/compute/v2.1/servers/79e58f83-8a03-4bfc-be8f-3f8d5c07c446 0.079s
2025-12-09 19:13:40.003 65493 INFO tempest.lib.common.rest_client [req-356a2915-7840-44cf-9c1d-a1b2535d88c8 req-356a2915-7840-44cf-9c1d-a1b2535d88c8 ] Request (ServersTestMultiNic:test_verify_multiple_nics_order): 200 GET http://10.180.1.21/compute/v2.1/servers/e922f27d-3656-4175-b78f-643512b80525 0.076s
2025-12-09 19:13:40.071 65443 INFO tempest.lib.common.rest_client [req-212d12d8-eb08-4c27-b1c1-759edcf3f682 req-212d12d8-eb08-4c27-b1c1-759edcf3f682 ] Request (ServerShowV247Test:tearDownClass): 200 GET http://10.180.1.21/compute/v2.1/servers/95ee3e0e-79d5-43d3-bb92-3497194d0f03 0.091s
2025-12-09 19:13:40.087 65491 INFO tempest.lib.common.rest_client [req-00413123-740e-465b-a9c3-6281a957f2db req-00413123-740e-465b-a9c3-6281a957f2db ] Request (ServerGroupTestJSON:test_create_server_with_scheduler_hint_group): 200 GET http://10.180.1.21/compute/v2.1/servers/aa5069e8-a85f-4259-ac33-85ca2d798a95 0.084s
2025-12-09 19:13:40.165 65441 INFO tempest.lib.common.rest_client [req-9125a695-9c19-4aa2-b67d-44e5040d62de req-9125a695-9c19-4aa2-b67d-44e5040d62de ] Request (ServersTestJSON:_run_cleanups): 200 GET http://10.180.1.21/compute/v2.1/servers/cf38c0c1-e960-4a31-a16c-c5dac7866f95 0.073s
2025-12-09 19:13:40.222 65481 INFO tempest.lib.common.rest_client [req-72284196-287c-4cad-acdc-34642db407d4 req-72284196-287c-4cad-acdc-34642db407d4 ] Request (ImagesTestJSON:test_create_server_from_snapshot): 200 GET http://10.180.1.21/compute/v2.1/servers/18109803-cc97-4d44-98d5-687e2e540510 0.080s
2025-12-09 19:13:40.255 65449 INFO tempest.lib.common.rest_client [req-9f373002-2f7e-480b-90df-d9a46d592636 req-9f373002-2f7e-480b-90df-d9a46d592636 ] Request (ServersAdminTestJSON:tearDownClass): 200 GET http://10.180.1.21/compute/v2.1/servers/869e19bb-703e-4ef4-add9-c263a7cce79a 0.142s
2025-12-09 19:13:40.290 65457 INFO tempest.lib.common.rest_client [req-8faef065-17dc-4bf1-a998-e7af4fac397b req-8faef065-17dc-4bf1-a998-e7af4fac397b ] Request (FloatingIPsAssociationTestJSON:tearDownClass): 200 GET http://10.180.1.21/compute/v2.1/servers/780ba085-c682-4cea-a2d5-e00a709a626a 0.117s
2025-12-09 19:13:40.320 65464 INFO tempest.lib.common.rest_client [req-4e982113-1156-4f82-b1b0-4546879052e8 req-4e982113-1156-4f82-b1b0-4546879052e8 ] Request (ServerShowV257Test:tearDownClass): 200 GET http://10.180.1.21/compute/v2.1/servers/6e8cfe12-a377-4fa5-9049-c00e2d0acb8a 0.106s
2025-12-09 19:13:40.350 65455 INFO tempest.lib.common.rest_client [req-a2923e99-d631-465f-8475-e1c8f86a443c req-a2923e99-d631-465f-8475-e1c8f86a443c ] Request (InstanceActionsNegativeTestJSON:tearDownClass): 200 GET http://10.180.1.21/compute/v2.1/servers/420e966b-3113-4bd2-a7f3-a53375f5441a 0.120s
2025-12-09 19:13:40.377 65489 INFO tempest.lib.common.rest_client [req-46e5688e-3cd8-4fe5-9c14-e80e8733033e req-46e5688e-3cd8-4fe5-9c14-e80e8733033e ] Request (SecurityGroupsTestJSON:test_server_security_groups): 200 GET http://10.180.1.21/compute/v2.1/servers/ba1e955d-30e3-4243-8abc-6c732b211c63 0.118s
2025-12-09 19:13:40.416 65465 INFO tempest.lib.common.rest_client [req-d997bbb2-6cf6-465b-8045-e9f8f3cbcd6e req-d997bbb2-6cf6-465b-8045-e9f8f3cbcd6e ] Request (ServersAdmin275Test:test_rebuild_update_server_275): 200 GET http://10.180.1.21/compute/v2.1/servers/666dcb32-27a4-412c-ad97-49b508fdf761 0.099s
2025-12-09 19:13:40.505 65459 INFO tempest.lib.common.rest_client [req-330fbfe8-f40e-4859-9e9c-1c4b3f21ff6f req-330fbfe8-f40e-4859-9e9c-1c4b3f21ff6f ] Request (ServerRescueTestJSON:setUpClass): 200 GET http://10.180.1.21/compute/v2.1/servers/025859df-91e5-44e3-8c6b-8e6f6a819ee2 0.074s
2025-12-09 19:13:40.547 65453 INFO tempest.lib.common.rest_client [req-f58ab5d7-341a-4042-86da-579a9814a37b req-f58ab5d7-341a-4042-86da-579a9814a37b ] Request (DeleteServersTestJSON:test_delete_server_while_in_shelved_state): 200 GET http://10.180.1.21/compute/v2.1/servers/4ee2a68c-61ee-4fb6-a504-19f628a554e6 0.226s
2025-12-09 19:13:40.636 65471 INFO tempest.lib.common.rest_client [req-185b2650-7866-4f7a-b502-0db54a16bd80 req-185b2650-7866-4f7a-b502-0db54a16bd80 ] Request (InstanceActionsV221TestJSON:test_get_list_deleted_instance_actions): 200 GET http://10.180.1.21/compute/v2.1/servers/df2bbb0d-3e10-417f-b7f8-f101306bbd31 0.065s
2025-12-09 19:13:40.759 65461 INFO tempest.lib.common.rest_client [req-50d44f71-1b77-490b-add7-9bbc43bb9f76 req-50d44f71-1b77-490b-add7-9bbc43bb9f76 ] Request (ServerActionsTestOtherB:setUpClass): 200 GET http://10.180.1.21/compute/v2.1/servers/0af065f7-73a4-4a18-9ec1-02bdcc42c500 0.061s
2025-12-09 19:13:40.836 65447 INFO tempest.lib.common.rest_client [req-f12d0d47-04d9-43a5-9182-d957e7429a6b req-f12d0d47-04d9-43a5-9182-d957e7429a6b ] Request (ListServerFiltersTestJSON:tearDownClass): 200 GET http://10.180.1.21/compute/v2.1/servers/990dc31e-2717-49d8-a96d-782f7463fa2f 0.073s
2025-12-09 19:13:40.871 65479 INFO tempest.lib.common.rest_client [req-ad4fca91-4be5-4dd5-b2ec-220b7b1cf9e8 req-ad4fca91-4be5-4dd5-b2ec-220b7b1cf9e8 ] Request (MigrationsAdminTest:test_resize_server_revert_deleted_flavor): 200 GET http://10.180.1.21/compute/v2.1/servers/0ad89329-fbc5-4733-9b81-2073b3794ed6 0.165s
2025-12-09 19:13:40.896 65451 INFO tempest.lib.common.rest_client [req-322e3593-c609-49a1-9b9f-f7092a1fdf69 req-322e3593-c609-49a1-9b9f-f7092a1fdf69 ] Request (ImagesOneServerNegativeTestJSON:_run_cleanups): 200 GET http://10.180.1.21/compute/v2.1/servers/a6d3a069-4d53-43ae-9f1c-4babd0c9ffe9 0.122s
2025-12-09 19:13:40.923 65473 INFO tempest.lib.common.rest_client [req-b7101b01-e9d6-4429-be55-bbde52941de2 req-b7101b01-e9d6-4429-be55-bbde52941de2 ] Request (AttachInterfacesTestJSON:test_create_list_show_delete_interfaces_by_network_port): 200 GET http://10.180.1.21/compute/v2.1/servers/0b9d2103-6508-4dab-87cc-6175d25872c2 0.096s
2025-12-09 19:13:40.967 65467 INFO tempest.lib.common.rest_client [req-3a21fc50-a46b-4c80-9f7a-9b0a02b8a98a req-3a21fc50-a46b-4c80-9f7a-9b0a02b8a98a ] Request (ServersV294TestFqdnHostnames:tearDownClass): 200 GET http://10.180.1.21/compute/v2.1/servers/2bf2eca0-ae42-48b7-85fd-3377965d17f6 0.137s
2025-12-09 19:13:40.987 65445 INFO tempest.lib.common.rest_client [req-9562d561-6f67-477b-80c7-74060d2204bb req-9562d561-6f67-477b-80c7-74060d2204bb ] Request (ImagesOneServerTestJSON:test_create_delete_image): 200 GET http://10.180.1.21/compute/v2.1/images/3595b843-fe8a-441c-bf80-6d45839489e4 0.125s
2025-12-09 19:13:41.026 65445 INFO tempest.lib.common.rest_client [req-fc1bc945-3b4b-491f-931d-59a5c3f471a0 req-fc1bc945-3b4b-491f-931d-59a5c3f471a0 ] Request (ImagesOneServerTestJSON:test_create_delete_image): 200 GET http://10.180.1.21/compute/v2.1/images/3595b843-fe8a-441c-bf80-6d45839489e4 0.035s
2025-12-09 19:13:41.029 65485 INFO tempest.lib.common.rest_client [req-e89a9501-a1fb-4759-8bf9-cb9460522e10 req-e89a9501-a1fb-4759-8bf9-cb9460522e10 ] Request (ListServersNegativeTestJSON:tearDownClass): 200 GET http://10.180.1.21/compute/v2.1/servers/57f36539-cf53-4fdf-a99e-5307d3e6c1af 0.137s
2025-12-09 19:13:41.085 65493 INFO tempest.lib.common.rest_client [req-b145f4ca-70db-4d64-8e76-846883939a48 req-b145f4ca-70db-4d64-8e76-846883939a48 ] Request (ServersTestMultiNic:test_verify_multiple_nics_order): 200 GET http://10.180.1.21/compute/v2.1/servers/e922f27d-3656-4175-b78f-643512b80525 0.068s
2025-12-09 19:13:41.101 65497 INFO tempest.lib.common.rest_client [req-2e6f2c50-692a-444c-ba85-bf42f10dbee9 req-2e6f2c50-692a-444c-ba85-bf42f10dbee9 ] Request (AttachInterfacesV270Test:tearDownClass): 200 GET http://10.180.1.21/compute/v2.1/servers/79e58f83-8a03-4bfc-be8f-3f8d5c07c446 0.105s
2025-12-09 19:13:41.213 65443 INFO tempest.lib.common.rest_client [req-9e3e3d45-92b5-40ad-989a-919c2f64f9c6 req-9e3e3d45-92b5-40ad-989a-919c2f64f9c6 ] Request (ServerShowV247Test:tearDownClass): 200 GET http://10.180.1.21/compute/v2.1/servers/95ee3e0e-79d5-43d3-bb92-3497194d0f03 0.129s
2025-12-09 19:13:41.238 65445 INFO tempest.lib.common.rest_client [req-434b6bbc-639b-4d3a-b1ae-ee3d38f2e135 req-434b6bbc-639b-4d3a-b1ae-ee3d38f2e135 ] Request (ImagesOneServerTestJSON:test_create_delete_image): 200 GET http://10.180.1.21/compute/v2.1/servers/a849b5a4-08ab-40f1-a7e4-fbd499610195 0.207s
2025-12-09 19:13:41.287 65491 INFO tempest.lib.common.rest_client [req-b34c1655-a46d-440e-84d3-4e95451b6105 req-b34c1655-a46d-440e-84d3-4e95451b6105 ] Request (ServerGroupTestJSON:test_create_server_with_scheduler_hint_group): 200 GET http://10.180.1.21/compute/v2.1/servers/aa5069e8-a85f-4259-ac33-85ca2d798a95 0.185s
2025-12-09 19:13:41.309 65441 INFO tempest.lib.common.rest_client [req-0b28836d-87a7-4f6f-a8e6-6d7e5f9282d7 req-0b28836d-87a7-4f6f-a8e6-6d7e5f9282d7 ] Request (ServersTestJSON:_run_cleanups): 200 GET http://10.180.1.21/compute/v2.1/servers/cf38c0c1-e960-4a31-a16c-c5dac7866f95 0.136s
2025-12-09 19:13:41.351 65481 INFO tempest.lib.common.rest_client [req-a1c12f76-058d-423a-8b5d-dfa515f15e6f req-a1c12f76-058d-423a-8b5d-dfa515f15e6f ] Request (ImagesTestJSON:test_create_server_from_snapshot): 200 GET http://10.180.1.21/compute/v2.1/servers/18109803-cc97-4d44-98d5-687e2e540510 0.118s
2025-12-09 19:13:41.369 65449 INFO tempest.lib.common.rest_client [req-ce858160-703e-4c09-9edc-66dbea905509 req-ce858160-703e-4c09-9edc-66dbea905509 ] Request (ServersAdminTestJSON:tearDownClass): 200 GET http://10.180.1.21/compute/v2.1/servers/869e19bb-703e-4ef4-add9-c263a7cce79a 0.103s
2025-12-09 19:13:41.431 65457 INFO tempest.lib.common.rest_client [req-641689ef-2628-4614-b4d3-9781d580bbf8 req-641689ef-2628-4614-b4d3-9781d580bbf8 ] Request (FloatingIPsAssociationTestJSON:tearDownClass): 200 GET http://10.180.1.21/compute/v2.1/servers/780ba085-c682-4cea-a2d5-e00a709a626a 0.132s
2025-12-09 19:13:41.440 65464 INFO tempest.lib.common.rest_client [req-045f3d86-ba49-4dbd-8220-33e9a880c6e5 req-045f3d86-ba49-4dbd-8220-33e9a880c6e5 ] Request (ServerShowV257Test:tearDownClass): 200 GET http://10.180.1.21/compute/v2.1/servers/6e8cfe12-a377-4fa5-9049-c00e2d0acb8a 0.109s
2025-12-09 19:13:41.497 65489 INFO tempest.lib.common.rest_client [req-e6ddd542-d50e-4d89-be3c-7e14c97ccc26 req-e6ddd542-d50e-4d89-be3c-7e14c97ccc26 ] Request (SecurityGroupsTestJSON:test_server_security_groups): 200 GET http://10.180.1.21/compute/v2.1/servers/ba1e955d-30e3-4243-8abc-6c732b211c63 0.112s
2025-12-09 19:13:41.508 65455 INFO tempest.lib.common.rest_client [req-4dad4334-ad95-407d-b1d2-8ab7c5215461 req-4dad4334-ad95-407d-b1d2-8ab7c5215461 ] Request (InstanceActionsNegativeTestJSON:tearDownClass): 200 GET http://10.180.1.21/compute/v2.1/servers/420e966b-3113-4bd2-a7f3-a53375f5441a 0.149s
2025-12-09 19:13:41.548 65465 INFO tempest.lib.common.rest_client [req-5162438b-f7bd-4ff0-9d86-0eb7f35b3aaa req-5162438b-f7bd-4ff0-9d86-0eb7f35b3aaa ] Request (ServersAdmin275Test:test_rebuild_update_server_275): 200 GET http://10.180.1.21/compute/v2.1/servers/666dcb32-27a4-412c-ad97-49b508fdf761 0.120s
2025-12-09 19:13:41.561 65459 INFO tempest.lib.common.rest_client [req-67b55e0d-ae68-4d4f-9a2d-23a410d214a8 req-67b55e0d-ae68-4d4f-9a2d-23a410d214a8 ] Request (ServerRescueTestJSON:setUpClass): 200 GET http://10.180.1.21/compute/v2.1/servers/025859df-91e5-44e3-8c6b-8e6f6a819ee2 0.048s
2025-12-09 19:13:41.644 65453 INFO tempest.lib.common.rest_client [req-d5ad46cb-62fe-4081-811f-dd79f8ba3627 req-d5ad46cb-62fe-4081-811f-dd79f8ba3627 ] Request (DeleteServersTestJSON:test_delete_server_while_in_shelved_state): 200 GET http://10.180.1.21/compute/v2.1/servers/4ee2a68c-61ee-4fb6-a504-19f628a554e6 0.088s
2025-12-09 19:13:41.694 65471 INFO tempest.lib.common.rest_client [req-3d2b969d-0b73-4eaa-b0f8-46094a097674 req-3d2b969d-0b73-4eaa-b0f8-46094a097674 ] Request (InstanceActionsV221TestJSON:test_get_list_deleted_instance_actions): 200 GET http://10.180.1.21/compute/v2.1/servers/df2bbb0d-3e10-417f-b7f8-f101306bbd31 0.047s
2025-12-09 19:13:41.817 65461 INFO tempest.lib.common.rest_client [req-8a8782e5-9c4f-4a2f-9e81-9afe72f13f10 req-8a8782e5-9c4f-4a2f-9e81-9afe72f13f10 ] Request (ServerActionsTestOtherB:setUpClass): 200 GET http://10.180.1.21/compute/v2.1/servers/0af065f7-73a4-4a18-9ec1-02bdcc42c500 0.048s
2025-12-09 19:13:41.926 65447 INFO tempest.lib.common.rest_client [req-d20e9d25-53c8-4e6e-8e0c-5b4e82e11b81 req-d20e9d25-53c8-4e6e-8e0c-5b4e82e11b81 ] Request (ListServerFiltersTestJSON:tearDownClass): 200 GET http://10.180.1.21/compute/v2.1/servers/990dc31e-2717-49d8-a96d-782f7463fa2f 0.081s
2025-12-09 19:13:41.980 65451 INFO tempest.lib.common.rest_client [req-b0218dc7-a198-4c30-a5d6-38db76456b18 req-b0218dc7-a198-4c30-a5d6-38db76456b18 ] Request (ImagesOneServerNegativeTestJSON:_run_cleanups): 200 GET http://10.180.1.21/compute/v2.1/servers/a6d3a069-4d53-43ae-9f1c-4babd0c9ffe9 0.076s
2025-12-09 19:13:42.007 65479 INFO tempest.lib.common.rest_client [req-a9d5001f-5135-456b-8c8f-fd978d93a0a8 req-a9d5001f-5135-456b-8c8f-fd978d93a0a8 ] Request (MigrationsAdminTest:test_resize_server_revert_deleted_flavor): 200 GET http://10.180.1.21/compute/v2.1/servers/0ad89329-fbc5-4733-9b81-2073b3794ed6 0.124s
2025-12-09 19:13:42.039 65473 INFO tempest.lib.common.rest_client [req-465a1fb5-8e67-479d-b46f-e246788c9072 req-465a1fb5-8e67-479d-b46f-e246788c9072 ] Request (AttachInterfacesTestJSON:test_create_list_show_delete_interfaces_by_network_port): 200 GET http://10.180.1.21/compute/v2.1/servers/0b9d2103-6508-4dab-87cc-6175d25872c2 0.107s
2025-12-09 19:13:42.072 65467 INFO tempest.lib.common.rest_client [req-243950c7-a899-43d5-8abe-45252daf97af req-243950c7-a899-43d5-8abe-45252daf97af ] Request (ServersV294TestFqdnHostnames:tearDownClass): 200 GET http://10.180.1.21/compute/v2.1/servers/2bf2eca0-ae42-48b7-85fd-3377965d17f6 0.094s
2025-12-09 19:13:42.097 65485 INFO tempest.lib.common.rest_client [req-c3bd9a16-abbe-4391-8246-564acd01606d req-c3bd9a16-abbe-4391-8246-564acd01606d ] Request (ListServersNegativeTestJSON:tearDownClass): 200 GET http://10.180.1.21/compute/v2.1/servers/57f36539-cf53-4fdf-a99e-5307d3e6c1af 0.059s
2025-12-09 19:13:42.175 65497 INFO tempest.lib.common.rest_client [req-15523762-c33b-4807-8607-0658016eb1bd req-15523762-c33b-4807-8607-0658016eb1bd ] Request (AttachInterfacesV270Test:tearDownClass): 200 GET http://10.180.1.21/compute/v2.1/servers/79e58f83-8a03-4bfc-be8f-3f8d5c07c446 0.062s
2025-12-09 19:13:42.196 65493 INFO tempest.lib.common.rest_client [req-c1db5b65-9e79-40d4-b163-2f8d2cc3764a req-c1db5b65-9e79-40d4-b163-2f8d2cc3764a ] Request (ServersTestMultiNic:test_verify_multiple_nics_order): 200 GET http://10.180.1.21/compute/v2.1/servers/e922f27d-3656-4175-b78f-643512b80525 0.102s
2025-12-09 19:13:42.202 65493 INFO tempest.common.waiters [-] State transition "BUILD/None" ==> "BUILD/networking" after 62 second wait
2025-12-09 19:13:42.287 65443 INFO tempest.lib.common.rest_client [req-f5a0fa97-5180-4175-a3aa-558150219f64 req-f5a0fa97-5180-4175-a3aa-558150219f64 ] Request (ServerShowV247Test:tearDownClass): 200 GET http://10.180.1.21/compute/v2.1/servers/95ee3e0e-79d5-43d3-bb92-3497194d0f03 0.063s
2025-12-09 19:13:42.375 65491 INFO tempest.lib.common.rest_client [req-74b987b6-3417-4ec2-a5d2-d24de671951b req-74b987b6-3417-4ec2-a5d2-d24de671951b ] Request (ServerGroupTestJSON:test_create_server_with_scheduler_hint_group): 200 GET http://10.180.1.21/compute/v2.1/servers/aa5069e8-a85f-4259-ac33-85ca2d798a95 0.076s
2025-12-09 19:13:42.402 65445 INFO tempest.lib.common.rest_client [req-61209180-70b7-4fdc-8841-62c6a348d14f req-61209180-70b7-4fdc-8841-62c6a348d14f ] Request (ImagesOneServerTestJSON:test_create_delete_image): 200 GET http://10.180.1.21/compute/v2.1/servers/a849b5a4-08ab-40f1-a7e4-fbd499610195 0.152s
2025-12-09 19:13:42.409 65445 INFO tempest.common.waiters [-] State transition "ACTIVE/image_uploading" ==> "ACTIVE/None" after 1 second wait
2025-12-09 19:13:42.457 65441 INFO tempest.lib.common.rest_client [req-eb475d5c-e782-4c64-a37e-e2f1035aa122 req-eb475d5c-e782-4c64-a37e-e2f1035aa122 ] Request (ServersTestJSON:_run_cleanups): 200 GET http://10.180.1.21/compute/v2.1/servers/cf38c0c1-e960-4a31-a16c-c5dac7866f95 0.141s
2025-12-09 19:13:42.474 65481 INFO tempest.lib.common.rest_client [req-6e5ca8e7-ee65-4cc5-9acc-512580a0d2ba req-6e5ca8e7-ee65-4cc5-9acc-512580a0d2ba ] Request (ImagesTestJSON:test_create_server_from_snapshot): 200 GET http://10.180.1.21/compute/v2.1/servers/18109803-cc97-4d44-98d5-687e2e540510 0.113s
2025-12-09 19:13:42.531 65445 INFO tempest.lib.common.rest_client [req-ce333605-ffb7-4f23-a1c8-83d88ce2a129 req-ce333605-ffb7-4f23-a1c8-83d88ce2a129 ] Request (ImagesOneServerTestJSON:test_create_delete_image): 200 GET http://10.180.1.21/compute/v2.1/images/b1ff5197-4a0a-456f-849e-a860de1c836b 0.121s
2025-12-09 19:13:42.559 65449 INFO tempest.lib.common.rest_client [req-a90ba2f3-9e3a-42a4-9204-79681db8f48f req-a90ba2f3-9e3a-42a4-9204-79681db8f48f ] Request (ServersAdminTestJSON:tearDownClass): 200 GET http://10.180.1.21/compute/v2.1/servers/869e19bb-703e-4ef4-add9-c263a7cce79a 0.181s
2025-12-09 19:13:42.568 65449 INFO tempest.common.waiters [-] State transition "ACTIVE/deleting" ==> "DELETED/None" after 3 second wait
2025-12-09 19:13:42.605 65457 INFO tempest.lib.common.rest_client [req-85977ddf-1473-476f-99ef-0ad574cb3b3f req-85977ddf-1473-476f-99ef-0ad574cb3b3f ] Request (FloatingIPsAssociationTestJSON:tearDownClass): 200 GET http://10.180.1.21/compute/v2.1/servers/780ba085-c682-4cea-a2d5-e00a709a626a 0.166s
2025-12-09 19:13:42.639 65464 INFO tempest.lib.common.rest_client [req-f72551fe-bf67-4f14-9c83-ead79b635fdd req-f72551fe-bf67-4f14-9c83-ead79b635fdd ] Request (ServerShowV257Test:tearDownClass): 200 GET http://10.180.1.21/compute/v2.1/servers/6e8cfe12-a377-4fa5-9049-c00e2d0acb8a 0.186s
2025-12-09 19:13:42.667 65489 INFO tempest.lib.common.rest_client [req-ecf6a9f7-9050-4541-a2a2-8594497ae88f req-ecf6a9f7-9050-4541-a2a2-8594497ae88f ] Request (SecurityGroupsTestJSON:test_server_security_groups): 200 GET http://10.180.1.21/compute/v2.1/servers/ba1e955d-30e3-4243-8abc-6c732b211c63 0.162s
2025-12-09 19:13:42.682 65445 INFO tempest.lib.common.rest_client [req-0ed0a2ec-15c0-43cb-8c65-257c72cd31a5 req-0ed0a2ec-15c0-43cb-8c65-257c72cd31a5 ] Request (ImagesOneServerTestJSON:test_create_delete_image): 200 GET http://10.180.1.21/compute/v2.1/flavors/42 0.147s
2025-12-09 19:13:42.707 65455 INFO tempest.lib.common.rest_client [req-19f5d782-2880-4fb1-9b38-cb9438018283 req-19f5d782-2880-4fb1-9b38-cb9438018283 ] Request (InstanceActionsNegativeTestJSON:tearDownClass): 200 GET http://10.180.1.21/compute/v2.1/servers/420e966b-3113-4bd2-a7f3-a53375f5441a 0.190s
2025-12-09 19:13:42.744 65465 INFO tempest.lib.common.rest_client [req-d8e78637-6d58-4d41-8012-dbf091d9799e req-d8e78637-6d58-4d41-8012-dbf091d9799e ] Request (ServersAdmin275Test:test_rebuild_update_server_275): 200 GET http://10.180.1.21/compute/v2.1/servers/666dcb32-27a4-412c-ad97-49b508fdf761 0.186s
2025-12-09 19:13:42.768 65459 INFO tempest.lib.common.rest_client [req-5fcf8bbf-fe85-4152-9dce-95146482b063 req-5fcf8bbf-fe85-4152-9dce-95146482b063 ] Request (ServerRescueTestJSON:setUpClass): 200 GET http://10.180.1.21/compute/v2.1/servers/025859df-91e5-44e3-8c6b-8e6f6a819ee2 0.196s
2025-12-09 19:13:42.875 65445 INFO tempest.lib.common.rest_client [req-c41e1ef7-45c4-49c7-b3f4-26653bb27c3a req-c41e1ef7-45c4-49c7-b3f4-26653bb27c3a ] Request (ImagesOneServerTestJSON:test_create_delete_image): 204 DELETE http://10.180.1.21/compute/v2.1/images/3595b843-fe8a-441c-bf80-6d45839489e4 0.190s
2025-12-09 19:13:42.882 65453 INFO tempest.lib.common.rest_client [req-07b6e73e-f4d7-4434-83bf-eab3d50eadd3 req-07b6e73e-f4d7-4434-83bf-eab3d50eadd3 ] Request (DeleteServersTestJSON:test_delete_server_while_in_shelved_state): 200 GET http://10.180.1.21/compute/v2.1/servers/4ee2a68c-61ee-4fb6-a504-19f628a554e6 0.230s
2025-12-09 19:13:42.936 65461 INFO tempest.lib.common.rest_client [req-1425ba52-4114-4963-adb6-884dfcbf818c req-1425ba52-4114-4963-adb6-884dfcbf818c ] Request (ServerActionsTestOtherB:setUpClass): 200 GET http://10.180.1.21/compute/v2.1/servers/0af065f7-73a4-4a18-9ec1-02bdcc42c500 0.112s
2025-12-09 19:13:42.949 65471 INFO tempest.lib.common.rest_client [req-5dbef03a-b392-491c-b703-144cbd27985d req-5dbef03a-b392-491c-b703-144cbd27985d ] Request (InstanceActionsV221TestJSON:test_get_list_deleted_instance_actions): 200 GET http://10.180.1.21/compute/v2.1/servers/df2bbb0d-3e10-417f-b7f8-f101306bbd31 0.246s
2025-12-09 19:13:42.954 65445 INFO tempest.lib.common.rest_client [req-7159043a-ad69-4ae7-937c-29a9a02f65a2 req-7159043a-ad69-4ae7-937c-29a9a02f65a2 ] Request (ImagesOneServerTestJSON:test_create_delete_image): 404 GET http://10.180.1.21/compute/v2.1/images/3595b843-fe8a-441c-bf80-6d45839489e4 0.079s
2025-12-09 19:13:43.009 65447 INFO tempest.lib.common.rest_client [req-c3e15720-9781-43e4-b89a-ec16d9559914 req-c3e15720-9781-43e4-b89a-ec16d9559914 ] Request (ListServerFiltersTestJSON:tearDownClass): 200 GET http://10.180.1.21/compute/v2.1/servers/990dc31e-2717-49d8-a96d-782f7463fa2f 0.075s
2025-12-09 19:13:43.104 65439 WARNING tempest.lib.common.ssh [-] Failed to establish authenticated ssh connection to cirros@10.180.180.149 ([Errno None] Unable to connect to port 22 on 10.180.180.149). Number attempts: 6. Retry after 7 seconds.: paramiko.ssh_exception.NoValidConnectionsError: [Errno None] Unable to connect to port 22 on 10.180.180.149
