2025-12-09 10:19:05.025 66715 INFO tempest.lib.common.rest_client [req-37e053a8-d23a-4b18-a35c-9bd296d142ba req-37e053a8-d23a-4b18-a35c-9bd296d142ba ] Request (HostsAdminNegativeTestJSON:setUpClass): 201 POST http://10.180.1.21/identity/v3/projects 0.089s
2025-12-09 10:19:05.036 66727 INFO tempest.lib.common.rest_client [req-4a8b3053-7856-4674-bb9f-fae190e3cb95 req-4a8b3053-7856-4674-bb9f-fae190e3cb95 ] Request (VolumesAssistedSnapshotsTest:setUpClass): 200 PUT http://10.180.1.21/networking/v2.0/routers/dd504f68-7fae-4d42-8ccb-7411921bac9d/add_router_interface 1.072s
2025-12-09 10:19:05.036 66727 INFO tempest.lib.common.dynamic_creds [-] Created isolated network resources for: credentials: Credentials: {'domain_id': 'default', 'domain_name': 'Default', 'username': 'tempest-VolumesAssistedSnapshotsTest-110371011-project', 'project_domain_id': 'default', 'project_domain_name': 'Default', 'project_id': 'e46e7f5c45bc417e8c62bbe955ddb4bf', 'project_name': 'tempest-VolumesAssistedSnapshotsTest-110371011', 'tenant_id': 'e46e7f5c45bc417e8c62bbe955ddb4bf', 'tenant_name': 'tempest-VolumesAssistedSnapshotsTest-110371011', 'user_domain_id': 'default', 'user_domain_name': 'Default', 'user_id': '51f7051608684f8fbe93defce1e9fdb2', 'system': None}, Network: {'id': 'd86e8f49-ae3a-4aa2-9bf8-319131639817', 'name': 'tempest-VolumesAssistedSnapshotsTest-2133960654-network', 'tenant_id': 'e46e7f5c45bc417e8c62bbe955ddb4bf', 'project_id': 'e46e7f5c45bc417e8c62bbe955ddb4bf', 'admin_state_up': True, 'mtu': 8950, 'status': 'ACTIVE', 'subnets': [], 'shared': False, 'port_security_enabled': True, 'router:external': False, 'provider:network_type': 'vlan', 'provider:physical_network': 'default', 'provider:segmentation_id': 241, 'availability_zone_hints': [], 'availability_zones': [], 'ipv4_address_scope': None, 'ipv6_address_scope': None, 'description': '', 'tags': [], 'created_at': '2025-12-09T10:19:02Z', 'updated_at': '2025-12-09T10:19:02Z', 'revision_number': 1}, Subnet: {'id': 'd7736b2e-5c02-4033-b62c-6b764103a555', 'name': 'tempest-VolumesAssistedSnapshotsTest-2133960654-subnet', 'tenant_id': 'e46e7f5c45bc417e8c62bbe955ddb4bf', 'network_id': 'd86e8f49-ae3a-4aa2-9bf8-319131639817', 'ip_version': 4, 'subnetpool_id': None, 'enable_dhcp': True, 'ipv6_ra_mode': None, 'ipv6_address_mode': None, 'gateway_ip': '192.168.128.1', 'cidr': '192.168.128.0/28', 'allocation_pools': [{'start': '192.168.128.2', 'end': '192.168.128.14'}], 'host_routes': [], 'dns_nameservers': [], 'description': '', 'router:external': False, 'service_types': [], 'tags': [], 'created_at': '2025-12-09T10:19:02Z', 'updated_at': '2025-12-09T10:19:02Z', 'revision_number': 0, 'project_id': 'e46e7f5c45bc417e8c62bbe955ddb4bf'}, Router: {'id': 'dd504f68-7fae-4d42-8ccb-7411921bac9d', 'name': 'tempest-VolumesAssistedSnapshotsTest-2133960654-router', 'tenant_id': 'e46e7f5c45bc417e8c62bbe955ddb4bf', 'admin_state_up': True, 'status': 'ACTIVE', 'external_gateway_info': {'network_id': '1e8b0611-1865-4ee6-90aa-9dc6793a7667', 'external_fixed_ips': [{'subnet_id': 'c9930072-81a3-4e0c-8cd8-fea7f9b6281a', 'ip_address': '10.180.180.167'}], 'enable_snat': True}, 'description': '', 'availability_zones': [], 'distributed': False, 'ha': False, 'availability_zone_hints': [], 'routes': [], 'flavor_id': None, 'tags': [], 'created_at': '2025-12-09T10:19:03Z', 'updated_at': '2025-12-09T10:19:03Z', 'revision_number': 2, 'project_id': 'e46e7f5c45bc417e8c62bbe955ddb4bf'}
2025-12-09 10:19:05.071 66743 INFO tempest.lib.common.rest_client [req-abf3ca54-7a80-4b80-b386-3c3ed8a729e8 req-abf3ca54-7a80-4b80-b386-3c3ed8a729e8 ] Request (HypervisorAdminV228Test:tearDownClass): 201 POST http://10.180.1.21/identity/v3/auth/tokens 0.089s
2025-12-09 10:19:05.103 66715 INFO tempest.lib.common.rest_client [req-49ee8773-93dd-4c89-b8aa-d20dbc6e4b45 req-49ee8773-93dd-4c89-b8aa-d20dbc6e4b45 ] Request (HostsAdminNegativeTestJSON:setUpClass): 201 POST http://10.180.1.21/identity/v3/users 0.078s
2025-12-09 10:19:05.123 66715 INFO tempest.lib.common.rest_client [req-141855cf-88e9-4669-b95e-a421d6cf5231 req-141855cf-88e9-4669-b95e-a421d6cf5231 ] Request (HostsAdminNegativeTestJSON:setUpClass): 200 GET http://10.180.1.21/identity/v3/roles 0.019s
2025-12-09 10:19:05.148 66727 INFO tempest.lib.common.rest_client [req-0222f265-3abc-43ea-8a44-4100e1fda9b4 req-0222f265-3abc-43ea-8a44-4100e1fda9b4 ] Request (VolumesAssistedSnapshotsTest:setUpClass): 201 POST http://10.180.1.21/identity/v3/auth/tokens 0.109s
2025-12-09 10:19:05.158 66715 INFO tempest.lib.common.rest_client [req-968f2165-11d0-43be-a7f6-a4782f54e01b req-968f2165-11d0-43be-a7f6-a4782f54e01b ] Request (HostsAdminNegativeTestJSON:setUpClass): 204 PUT http://10.180.1.21/identity/v3/projects/46ce55e03f874a6b9c84a2aa038cf733/users/2911c19e12f840d5aa8e59986bd9b911/roles/6efe1da23d994cb38f74b489bc8e943d 0.034s
2025-12-09 10:19:05.158 66765 INFO tempest.lib.common.rest_client [req-90bf7f3b-d0a1-46d2-8717-c42e2d43246e req-90bf7f3b-d0a1-46d2-8717-c42e2d43246e ] Request (ListImagesTestJSON:tearDownClass): 204 DELETE http://10.180.1.21/networking/v2.0/security-groups/71e778cb-a590-400d-a050-8a327f594d27 0.331s
2025-12-09 10:19:05.187 66723 INFO tempest.lib.common.rest_client [req-4269cef6-228e-40af-90ec-15d4589d814b req-4269cef6-228e-40af-90ec-15d4589d814b ] Request (FloatingIPsAssociationNegativeTestJSON:setUpClass): 200 GET http://10.180.1.21/compute/v2.1/servers/dbafe592-a0b1-41e9-98e1-7fdeff149541 3.287s
2025-12-09 10:19:05.209 66715 INFO tempest.lib.common.rest_client [req-4bd355f1-c5cf-4246-8eca-b796f0aa339b req-4bd355f1-c5cf-4246-8eca-b796f0aa339b ] Request (HostsAdminNegativeTestJSON:setUpClass): 200 GET http://10.180.1.21/identity/v3/roles 0.050s
2025-12-09 10:19:05.269 66765 INFO tempest.lib.common.rest_client [req-65a56e5b-a40f-49b7-845d-4c13b3054a8e req-65a56e5b-a40f-49b7-845d-4c13b3054a8e ] Request (ListImagesTestJSON:tearDownClass): 204 DELETE http://10.180.1.21/identity/v3/projects/30ebe52f711f48759c6c81479ca5a971 0.110s
2025-12-09 10:19:05.360 66725 INFO tempest.lib.common.rest_client [req-09028944-af74-4670-b300-9ef94081d336 req-09028944-af74-4670-b300-9ef94081d336 ] Request (SecurityGroupsTestAdminJSON:test_list_security_groups_list_all_tenants_filter): 200 POST http://10.180.1.21/compute/v2.1/os-security-groups 3.703s
2025-12-09 10:19:05.381 66715 INFO tempest.lib.common.rest_client [req-5e69bfeb-c2f2-4116-be28-9021902e4f98 req-5e69bfeb-c2f2-4116-be28-9021902e4f98 ] Request (HostsAdminNegativeTestJSON:setUpClass): 204 PUT http://10.180.1.21/identity/v3/projects/46ce55e03f874a6b9c84a2aa038cf733/users/2911c19e12f840d5aa8e59986bd9b911/roles/6efe1da23d994cb38f74b489bc8e943d 0.172s
2025-12-09 10:19:05.381 66715 INFO tempest.lib.common.dynamic_creds [-] Dynamic test user 2911c19e12f840d5aa8e59986bd9b911 is created with scope project and roles: ['admin']
2025-12-09 10:19:05.381 66715 INFO tempest.lib.common.dynamic_creds [-] Acquired dynamic creds: credentials: Credentials: {'domain_id': 'default', 'domain_name': 'Default', 'username': 'tempest-HostsAdminNegativeTestJSON-2066729057-project-admin', 'project_domain_id': 'default', 'project_domain_name': 'Default', 'project_id': '46ce55e03f874a6b9c84a2aa038cf733', 'project_name': 'tempest-HostsAdminNegativeTestJSON-2066729057', 'tenant_id': '46ce55e03f874a6b9c84a2aa038cf733', 'tenant_name': 'tempest-HostsAdminNegativeTestJSON-2066729057', 'user_domain_id': 'default', 'user_domain_name': 'Default', 'user_id': '2911c19e12f840d5aa8e59986bd9b911', 'system': None}, Network: None, Subnet: None, Router: None
2025-12-09 10:19:05.382 66715 INFO tempest.lib.common.dynamic_creds [-] Created isolated network resources for: credentials: Credentials: {'domain_id': 'default', 'domain_name': 'Default', 'username': 'tempest-HostsAdminNegativeTestJSON-2066729057-project-admin', 'project_domain_id': 'default', 'project_domain_name': 'Default', 'project_id': '46ce55e03f874a6b9c84a2aa038cf733', 'project_name': 'tempest-HostsAdminNegativeTestJSON-2066729057', 'tenant_id': '46ce55e03f874a6b9c84a2aa038cf733', 'tenant_name': 'tempest-HostsAdminNegativeTestJSON-2066729057', 'user_domain_id': 'default', 'user_domain_name': 'Default', 'user_id': '2911c19e12f840d5aa8e59986bd9b911', 'system': None}, Network: None, Subnet: None, Router: None
2025-12-09 10:19:05.384 66763 INFO tempest.lib.common.rest_client [req-d33f61d7-0738-4042-89d1-484a0504db6b req-d33f61d7-0738-4042-89d1-484a0504db6b ] Request (ServicesAdminNegativeTestJSON:test_get_service_by_invalid_params): 200 GET http://10.180.1.21/compute/v2.1/os-services?xxx=nova-compute 3.233s
2025-12-09 10:19:05.436 66759 INFO tempest.lib.common.rest_client [req-04bfbd97-ff55-4879-a23e-f3f71eeb25b0 req-04bfbd97-ff55-4879-a23e-f3f71eeb25b0 ] Request (HypervisorAdminV253TestBase:test_list_show_detail_hypervisors): 200 GET http://10.180.1.21/compute/v2.1/os-hypervisors?with_servers=True 3.201s
2025-12-09 10:19:05.449 66765 INFO tempest.lib.common.rest_client [req-596e2737-f044-49ca-9b10-d95776832bcc req-596e2737-f044-49ca-9b10-d95776832bcc ] Request (SecurityGroupRulesTestJSON:setUpClass): 201 POST http://10.180.1.21/identity/v3/auth/tokens 0.178s
2025-12-09 10:19:05.450 66743 INFO tempest.lib.common.rest_client [req-d8b62c97-1a47-4466-b819-10483fed8a15 req-d8b62c97-1a47-4466-b819-10483fed8a15 ] Request (HypervisorAdminV228Test:tearDownClass): 200 GET http://10.180.1.21/networking/v2.0/security-groups?tenant_id=26b322775a944333aa3592da6bd60fdd&name=default 0.378s
2025-12-09 10:19:05.500 66755 INFO tempest.lib.common.rest_client [req-b30aba1a-71dc-4059-930e-f79710ead5d9 req-b30aba1a-71dc-4059-930e-f79710ead5d9 ] Request (FlavorsV255TestJSON:test_crud_flavor): 200 GET http://10.180.1.21/compute/v2.1/flavors/1736793822 3.440s
2025-12-09 10:19:05.567 66743 INFO tempest.lib.common.rest_client [req-2cb43041-c195-4433-8fa1-1b7a0f5fa94e req-2cb43041-c195-4433-8fa1-1b7a0f5fa94e ] Request (HypervisorAdminV228Test:tearDownClass): 204 DELETE http://10.180.1.21/networking/v2.0/security-groups/26d342ee-6323-48b4-b13f-ee6fcea6bfb5 0.116s
2025-12-09 10:19:05.570 66765 INFO tempest.lib.common.rest_client [req-1cadaa60-ba71-46bf-b467-a33aeae49ea9 req-1cadaa60-ba71-46bf-b467-a33aeae49ea9 ] Request (SecurityGroupRulesTestJSON:setUpClass): 201 POST http://10.180.1.21/identity/v3/auth/tokens 0.119s
2025-12-09 10:19:05.587 66715 INFO tempest.lib.common.rest_client [req-52f93a49-1d99-4524-bcd5-95d4a4f6419f req-52f93a49-1d99-4524-bcd5-95d4a4f6419f ] Request (HostsAdminNegativeTestJSON:setUpClass): 201 POST http://10.180.1.21/identity/v3/auth/tokens 0.202s
2025-12-09 10:19:05.592 66751 INFO tempest.lib.common.rest_client [req-1d6b8cbd-7036-4e16-9416-8f2311a556ff req-1d6b8cbd-7036-4e16-9416-8f2311a556ff ] Request (InstanceActionsTestJSON:setUpClass): 200 GET http://10.180.1.21/compute/v2.1/servers/b5e124ed-144a-4c81-8778-e58b96566295 2.841s
2025-12-09 10:19:05.602 66765 INFO tempest.lib.common.rest_client [req-8ec7aa94-ac4a-4df7-bfb2-71e7b07f35ca req-8ec7aa94-ac4a-4df7-bfb2-71e7b07f35ca ] Request (SecurityGroupRulesTestJSON:setUpClass): 200 GET http://10.180.1.21/identity/v3/domains?name=Default 0.031s
2025-12-09 10:19:05.649 66727 INFO tempest.lib.common.rest_client [req-cd1933df-baa1-41d2-8273-c83acedf92ea req-cd1933df-baa1-41d2-8273-c83acedf92ea ] Request (VolumesAssistedSnapshotsTest:test_volume_assisted_snapshot_create_delete): 202 POST http://10.180.1.21/volume/v3/volumes 0.493s
2025-12-09 10:19:05.650 66743 INFO tempest.lib.common.rest_client [req-bb7d925a-841f-4c65-9eef-3199e693c462 req-bb7d925a-841f-4c65-9eef-3199e693c462 ] Request (HypervisorAdminV228Test:tearDownClass): 204 DELETE http://10.180.1.21/identity/v3/projects/26b322775a944333aa3592da6bd60fdd 0.083s
2025-12-09 10:19:05.651 66743 INFO tempest.lib.common.dynamic_creds [-] Deleting project and security group for project: 8d98323280164fc9932bbc08acdfacbe
2025-12-09 10:19:05.711 66717 INFO tempest.lib.common.rest_client [req-b5ed6afc-31b0-4f9d-84d9-83b77631cdb1 req-b5ed6afc-31b0-4f9d-84d9-83b77631cdb1 ] Request (ServersWithSpecificFlavorTestJSON:test_verify_created_server_ephemeral_disk): 200 POST http://10.180.1.21/compute/v2.1/flavors 2.847s
2025-12-09 10:19:05.738 66765 INFO tempest.lib.common.rest_client [req-e00c2c36-a681-4eaf-a6f2-82a75dde2e09 req-e00c2c36-a681-4eaf-a6f2-82a75dde2e09 ] Request (SecurityGroupRulesTestJSON:setUpClass): 201 POST http://10.180.1.21/identity/v3/projects 0.136s
2025-12-09 10:19:05.752 66727 INFO tempest.lib.common.rest_client [req-d4c0e94b-03da-47cc-add5-bcc5436ab534 req-d4c0e94b-03da-47cc-add5-bcc5436ab534 ] Request (VolumesAssistedSnapshotsTest:test_volume_assisted_snapshot_create_delete): 200 GET http://10.180.1.21/volume/v3/volumes/e24d6c58-49d0-403d-b0cd-5af8d1ed3ce2 0.092s
2025-12-09 10:19:05.812 66743 INFO tempest.lib.common.rest_client [req-20b23404-ef2b-4a11-92a1-6e357dce2af1 req-20b23404-ef2b-4a11-92a1-6e357dce2af1 ] Request (HypervisorAdminV228Test:tearDownClass): 200 GET http://10.180.1.21/networking/v2.0/security-groups?tenant_id=8d98323280164fc9932bbc08acdfacbe&name=default 0.161s
2025-12-09 10:19:05.826 66765 INFO tempest.lib.common.rest_client [req-22d49e72-608c-4ac2-88e5-bd8180d34d0e req-22d49e72-608c-4ac2-88e5-bd8180d34d0e ] Request (SecurityGroupRulesTestJSON:setUpClass): 201 POST http://10.180.1.21/identity/v3/users 0.087s
2025-12-09 10:19:05.855 66765 INFO tempest.lib.common.rest_client [req-65ac20a9-a915-4b8a-8dba-eb4f55291be0 req-65ac20a9-a915-4b8a-8dba-eb4f55291be0 ] Request (SecurityGroupRulesTestJSON:setUpClass): 200 GET http://10.180.1.21/identity/v3/roles 0.028s
2025-12-09 10:19:05.864 66753 INFO tempest.lib.common.rest_client [req-eaf5d43e-5bef-4c9f-92cc-40d042d6fbbd req-eaf5d43e-5bef-4c9f-92cc-40d042d6fbbd ] Request (ServerDiagnosticsTest:test_get_server_diagnostics): 200 GET http://10.180.1.21/compute/v2.1/servers/e0fe7a11-152e-41fc-bde5-a62bd0ff9b8d 3.223s
2025-12-09 10:19:05.907 66765 INFO tempest.lib.common.rest_client [req-d2ae1737-f7b5-4ce6-b5b9-afee9446d6ac req-d2ae1737-f7b5-4ce6-b5b9-afee9446d6ac ] Request (SecurityGroupRulesTestJSON:setUpClass): 204 PUT http://10.180.1.21/identity/v3/projects/25b2da8b9ebd417ca1fe261d0a7aa1eb/users/6ec5847d44d64a89b790da3edf5b22f3/roles/14dc37c80b7d46aa9df08cdace771dd1 0.052s
2025-12-09 10:19:05.907 66765 INFO tempest.lib.common.dynamic_creds [-] Dynamic test user 6ec5847d44d64a89b790da3edf5b22f3 is created with scope project and roles: ['member']
2025-12-09 10:19:05.908 66765 INFO tempest.lib.common.dynamic_creds [-] Acquired dynamic creds: credentials: Credentials: {'domain_id': 'default', 'domain_name': 'Default', 'username': 'tempest-SecurityGroupRulesTestJSON-716454855-project-member', 'project_domain_id': 'default', 'project_domain_name': 'Default', 'project_id': '25b2da8b9ebd417ca1fe261d0a7aa1eb', 'project_name': 'tempest-SecurityGroupRulesTestJSON-716454855', 'tenant_id': '25b2da8b9ebd417ca1fe261d0a7aa1eb', 'tenant_name': 'tempest-SecurityGroupRulesTestJSON-716454855', 'user_domain_id': 'default', 'user_domain_name': 'Default', 'user_id': '6ec5847d44d64a89b790da3edf5b22f3', 'system': None}, Network: None, Subnet: None, Router: None
2025-12-09 10:19:05.964 66743 INFO tempest.lib.common.rest_client [req-9a283f96-c2df-4cf4-9d00-e0a491936580 req-9a283f96-c2df-4cf4-9d00-e0a491936580 ] Request (HypervisorAdminV228Test:tearDownClass): 204 DELETE http://10.180.1.21/networking/v2.0/security-groups/a413168a-1f84-474b-94c6-6ef11111009c 0.151s
2025-12-09 10:19:05.984 66765 INFO tempest.lib.common.rest_client [req-c48d4ded-cde5-40e4-813a-3b62b4b41ecc req-c48d4ded-cde5-40e4-813a-3b62b4b41ecc ] Request (SecurityGroupRulesTestJSON:setUpClass): 201 POST http://10.180.1.21/identity/v3/auth/tokens 0.076s
2025-12-09 10:19:06.099 66743 INFO tempest.lib.common.rest_client [req-682a6875-5e0d-4fca-9536-6d05d565d779 req-682a6875-5e0d-4fca-9536-6d05d565d779 ] Request (HypervisorAdminV228Test:tearDownClass): 204 DELETE http://10.180.1.21/identity/v3/projects/8d98323280164fc9932bbc08acdfacbe 0.135s
2025-12-09 10:19:06.171 66743 INFO tempest.lib.common.rest_client [req-0bc475ed-c69d-45be-9cf0-6b0420b9befb req-0bc475ed-c69d-45be-9cf0-6b0420b9befb ] Request (ServicesAdminTestJSON:setUpClass): 201 POST http://10.180.1.21/identity/v3/auth/tokens 0.070s
2025-12-09 10:19:06.203 66743 INFO tempest.lib.common.rest_client [req-a02b26b1-7067-4a2d-891b-033e437190e8 req-a02b26b1-7067-4a2d-891b-033e437190e8 ] Request (ServicesAdminTestJSON:setUpClass): 201 POST http://10.180.1.21/identity/v3/auth/tokens 0.029s
2025-12-09 10:19:06.230 66743 INFO tempest.lib.common.rest_client [req-27d7821b-672d-4be6-a43f-7a768da6f32b req-27d7821b-672d-4be6-a43f-7a768da6f32b ] Request (ServicesAdminTestJSON:setUpClass): 200 GET http://10.180.1.21/identity/v3/domains?name=Default 0.026s
2025-12-09 10:19:06.242 66738 INFO tempest.lib.common.rest_client [req-5164a6aa-6046-4aa3-a625-b66505579c84 req-5164a6aa-6046-4aa3-a625-b66505579c84 ] Request (FloatingIPsTestJSON:test_allocate_floating_ip): 200 GET http://10.180.1.21/compute/v2.1/os-floating-ips 3.145s
2025-12-09 10:19:06.259 66743 INFO tempest.lib.common.rest_client [req-90ddc759-1791-4035-ab67-fb6d2c9822bf req-90ddc759-1791-4035-ab67-fb6d2c9822bf ] Request (ServicesAdminTestJSON:setUpClass): 201 POST http://10.180.1.21/identity/v3/projects 0.028s
2025-12-09 10:19:06.325 66743 INFO tempest.lib.common.rest_client [req-5ae788f4-ad54-4a5e-9a01-680842aaafb2 req-5ae788f4-ad54-4a5e-9a01-680842aaafb2 ] Request (ServicesAdminTestJSON:setUpClass): 201 POST http://10.180.1.21/identity/v3/users 0.065s
2025-12-09 10:19:06.331 66749 INFO tempest.lib.common.rest_client [req-ee068d6b-9ea5-4287-b6d1-3aefd5ca2ddb req-ee068d6b-9ea5-4287-b6d1-3aefd5ca2ddb ] Request (MigrationsAdminTest:test_list_migrations_in_flavor_resize_situation): 202 POST http://10.180.1.21/compute/v2.1/servers 3.390s
2025-12-09 10:19:06.357 66703 INFO tempest.lib.common.rest_client [req-51f1a8bf-7880-4f74-a6bd-d0e89f083450 req-51f1a8bf-7880-4f74-a6bd-d0e89f083450 ] Request (AggregatesAdminNegativeTestJSON:_run_cleanups): 200 DELETE http://10.180.1.21/compute/v2.1/os-aggregates/1 3.009s
2025-12-09 10:19:06.370 66765 INFO tempest.lib.common.rest_client [req-2df0ac5c-0856-4461-b8aa-d5e6dcc35177 req-2df0ac5c-0856-4461-b8aa-d5e6dcc35177 ] Request (SecurityGroupRulesTestJSON:setUpClass): 201 POST http://10.180.1.21/networking/v2.0/networks 0.385s
2025-12-09 10:19:06.387 66721 INFO tempest.lib.common.rest_client [req-6b2399cf-624d-4c2f-a933-e84abd4eeac8 req-6b2399cf-624d-4c2f-a933-e84abd4eeac8 ] Request (FlavorsAccessNegativeTestJSON:test_add_flavor_access_duplicate): 409 POST http://10.180.1.21/compute/v2.1/flavors/1199691101/action 3.189s
2025-12-09 10:19:06.394 66743 INFO tempest.lib.common.rest_client [req-3d502aaa-fec0-4e71-acb1-519eab7862ae req-3d502aaa-fec0-4e71-acb1-519eab7862ae ] Request (ServicesAdminTestJSON:setUpClass): 200 GET http://10.180.1.21/identity/v3/roles 0.069s
2025-12-09 10:19:06.415 66711 INFO tempest.lib.common.rest_client [req-bd8e15b9-65f6-49ff-a3a3-82902762d098 req-bd8e15b9-65f6-49ff-a3a3-82902762d098 ] Request (FlavorsAdminTestJSON:_run_cleanups): 200 GET http://10.180.1.21/compute/v2.1/flavors/detail 2.711s
2025-12-09 10:19:06.426 66743 INFO tempest.lib.common.rest_client [req-92ee5621-bcf2-4a70-b2a0-ea44868c09e5 req-92ee5621-bcf2-4a70-b2a0-ea44868c09e5 ] Request (ServicesAdminTestJSON:setUpClass): 204 PUT http://10.180.1.21/identity/v3/projects/0caf24e81c8c4f2b952087d4b0f0762c/users/902bfc23d172400a84d2a42e536d098e/roles/14dc37c80b7d46aa9df08cdace771dd1 0.031s
2025-12-09 10:19:06.426 66743 INFO tempest.lib.common.dynamic_creds [-] Dynamic test user 902bfc23d172400a84d2a42e536d098e is created with scope project and roles: ['member']
2025-12-09 10:19:06.427 66743 INFO tempest.lib.common.dynamic_creds [-] Acquired dynamic creds: credentials: Credentials: {'domain_id': 'default', 'domain_name': 'Default', 'username': 'tempest-ServicesAdminTestJSON-1201033306-project-member', 'project_domain_id': 'default', 'project_domain_name': 'Default', 'project_id': '0caf24e81c8c4f2b952087d4b0f0762c', 'project_name': 'tempest-ServicesAdminTestJSON-1201033306', 'tenant_id': '0caf24e81c8c4f2b952087d4b0f0762c', 'tenant_name': 'tempest-ServicesAdminTestJSON-1201033306', 'user_domain_id': 'default', 'user_domain_name': 'Default', 'user_id': '902bfc23d172400a84d2a42e536d098e', 'system': None}, Network: None, Subnet: None, Router: None
2025-12-09 10:19:06.427 66743 INFO tempest.lib.common.dynamic_creds [-] Created isolated network resources for: credentials: Credentials: {'domain_id': 'default', 'domain_name': 'Default', 'username': 'tempest-ServicesAdminTestJSON-1201033306-project-member', 'project_domain_id': 'default', 'project_domain_name': 'Default', 'project_id': '0caf24e81c8c4f2b952087d4b0f0762c', 'project_name': 'tempest-ServicesAdminTestJSON-1201033306', 'tenant_id': '0caf24e81c8c4f2b952087d4b0f0762c', 'tenant_name': 'tempest-ServicesAdminTestJSON-1201033306', 'user_domain_id': 'default', 'user_domain_name': 'Default', 'user_id': '902bfc23d172400a84d2a42e536d098e', 'system': None}, Network: None, Subnet: None, Router: None
2025-12-09 10:19:06.432 66709 INFO tempest.lib.common.rest_client [req-a5536256-4013-45f8-924e-7d6fd2783fd3 req-a5536256-4013-45f8-924e-7d6fd2783fd3 ] Request (QuotaClassesAdminTestJSON:test_update_default_quotas): 200 GET http://10.180.1.21/compute/v2.1/os-quota-class-sets/default 2.588s
2025-12-09 10:19:06.527 66743 INFO tempest.lib.common.rest_client [req-19dfd0a0-d95c-483f-9a80-b665ec4f001b req-19dfd0a0-d95c-483f-9a80-b665ec4f001b ] Request (ServicesAdminTestJSON:setUpClass): 201 POST http://10.180.1.21/identity/v3/auth/tokens 0.097s
2025-12-09 10:19:06.561 66765 INFO tempest.lib.common.rest_client [req-2b356523-f41e-4c3a-a54c-a14b7b8b1aaf req-2b356523-f41e-4c3a-a54c-a14b7b8b1aaf ] Request (SecurityGroupRulesTestJSON:setUpClass): 201 POST http://10.180.1.21/networking/v2.0/subnets 0.190s
2025-12-09 10:19:06.588 66757 INFO tempest.lib.common.rest_client [req-a08d6682-6724-4237-a343-d09d06dcc8ce req-a08d6682-6724-4237-a343-d09d06dcc8ce ] Request (FlavorsAccessTestJSON:test_flavor_access_add_remove): 200 GET http://10.180.1.21/compute/v2.1/flavors/detail 2.533s
2025-12-09 10:19:06.594 66729 INFO tempest.lib.common.rest_client [req-feb0727a-f81b-4be6-a647-b966ffefcf4c req-feb0727a-f81b-4be6-a647-b966ffefcf4c ] Request (ServersAdmin275Test:test_rebuild_update_server_275): 200 GET http://10.180.1.21/compute/v2.1/servers/62fa9d90-35d3-4488-af12-e0e30bf52b28 2.900s
2025-12-09 10:19:06.601 66743 INFO tempest.lib.common.rest_client [req-51d31d91-bf17-4b3f-bed9-b50bf056ee72 req-51d31d91-bf17-4b3f-bed9-b50bf056ee72 ] Request (ServicesAdminTestJSON:setUpClass): 201 POST http://10.180.1.21/identity/v3/projects 0.074s
2025-12-09 10:19:06.619 66734 INFO tempest.lib.common.rest_client [req-8b60f15e-2918-45f0-9bbb-a2ae955268be req-8b60f15e-2918-45f0-9bbb-a2ae955268be ] Request (HostsAdminTestJSON:test_list_hosts_with_nonexistent_zone): 200 GET http://10.180.1.21/compute/v2.1/os-hosts?zone=xxx 2.316s
2025-12-09 10:19:06.668 66743 INFO tempest.lib.common.rest_client [req-69899d86-0d5c-493c-88a2-04714084c72a req-69899d86-0d5c-493c-88a2-04714084c72a ] Request (ServicesAdminTestJSON:setUpClass): 201 POST http://10.180.1.21/identity/v3/users 0.066s
2025-12-09 10:19:06.709 66707 INFO tempest.lib.common.rest_client [req-49303c82-cfa3-4ec7-8a51-c2739d1d8fc4 req-49303c82-cfa3-4ec7-8a51-c2739d1d8fc4 ] Request (FlavorsExtraSpecsTestJSON:test_flavor_non_admin_get_all_keys): 200 GET http://10.180.1.21/compute/v2.1/flavors/2094846235/os-extra_specs 2.354s
2025-12-09 10:19:06.715 66743 INFO tempest.lib.common.rest_client [req-1296313d-5632-4829-9628-9100762f7164 req-1296313d-5632-4829-9628-9100762f7164 ] Request (ServicesAdminTestJSON:setUpClass): 200 GET http://10.180.1.21/identity/v3/roles 0.046s
2025-12-09 10:19:06.760 66743 INFO tempest.lib.common.rest_client [req-94b64793-db6f-492a-972a-8899ee673c2c req-94b64793-db6f-492a-972a-8899ee673c2c ] Request (ServicesAdminTestJSON:setUpClass): 204 PUT http://10.180.1.21/identity/v3/projects/2c9afbe0ea044c24acd12c08ce76399c/users/1cd4a813beb34e16ad0c5da9de6054f4/roles/6efe1da23d994cb38f74b489bc8e943d 0.045s
2025-12-09 10:19:06.767 66731 INFO tempest.lib.common.rest_client [req-14691bfb-0a34-4df0-9a2c-d532cc9804ba req-14691bfb-0a34-4df0-9a2c-d532cc9804ba ] Request (FlavorsV261TestJSON:test_crud_flavor): 200 POST http://10.180.1.21/compute/v2.1/flavors 2.381s
2025-12-09 10:19:06.789 66735 INFO tempest.lib.common.rest_client [req-f5abfb4c-883d-41e6-a72f-061d5d5a2ddd req-f5abfb4c-883d-41e6-a72f-061d5d5a2ddd ] Request (FlavorMetadataValidation:_run_cleanups): 202 DELETE http://10.180.1.21/compute/v2.1/flavors/619960278 2.297s
2025-12-09 10:19:06.795 66761 INFO tempest.lib.common.rest_client [req-296cfd21-b935-441c-98f3-4204cd7b578e req-296cfd21-b935-441c-98f3-4204cd7b578e ] Request (HypervisorAdminNegativeTestJSON:test_get_hypervisor_stats_with_non_admin_user): 403 GET http://10.180.1.21/compute/v2.1/os-hypervisors/statistics 2.295s
2025-12-09 10:19:06.804 66727 INFO tempest.lib.common.rest_client [req-ec1f8574-379f-4b20-aba8-bee6156d36d8 req-ec1f8574-379f-4b20-aba8-bee6156d36d8 ] Request (VolumesAssistedSnapshotsTest:test_volume_assisted_snapshot_create_delete): 200 GET http://10.180.1.21/volume/v3/volumes/e24d6c58-49d0-403d-b0cd-5af8d1ed3ce2 0.041s
2025-12-09 10:19:06.814 66727 INFO tempest.common.waiters [-] volume e24d6c58-49d0-403d-b0cd-5af8d1ed3ce2 reached available after waiting for 1.814004 seconds
2025-12-09 10:19:06.819 66745 INFO tempest.lib.common.rest_client [req-b1f0d94a-32a5-4318-ad26-0f773def26f0 req-b1f0d94a-32a5-4318-ad26-0f773def26f0 ] Request (HypervisorAdminTestJSON:test_get_hypervisor_show_details): 200 GET http://10.180.1.21/compute/v2.1/os-hypervisors 2.287s
2025-12-09 10:19:06.824 66743 INFO tempest.lib.common.rest_client [req-76e01daa-796c-4860-b28e-ff405b8424c1 req-76e01daa-796c-4860-b28e-ff405b8424c1 ] Request (ServicesAdminTestJSON:setUpClass): 200 GET http://10.180.1.21/identity/v3/roles 0.063s
2025-12-09 10:19:06.830 66701 INFO tempest.lib.common.rest_client [req-531daf7a-12bf-4f9d-bb16-9fd70d4e0f5f req-531daf7a-12bf-4f9d-bb16-9fd70d4e0f5f ] Request (KeyPairsV210TestJSON:test_admin_manage_keypairs_for_other_users): 200 GET http://10.180.1.21/compute/v2.1/os-keypairs/tempest-keypair-1682690766?user_id=565b7995c15f42fd907a30136a3d34dd 2.260s
2025-12-09 10:19:06.837 66739 INFO tempest.lib.common.rest_client [req-7c20027d-afd4-4ef7-a5f4-5c357c75bac7 req-7c20027d-afd4-4ef7-a5f4-5c357c75bac7 ] Request (FlavorsExtraSpecsNegativeTestJSON:test_flavor_non_admin_set_keys): 403 POST http://10.180.1.21/compute/v2.1/flavors/587094190/os-extra_specs 2.231s
2025-12-09 10:19:06.850 66743 INFO tempest.lib.common.rest_client [req-8df1056d-8fc1-4fd3-bb49-d57839652586 req-8df1056d-8fc1-4fd3-bb49-d57839652586 ] Request (ServicesAdminTestJSON:setUpClass): 204 PUT http://10.180.1.21/identity/v3/projects/2c9afbe0ea044c24acd12c08ce76399c/users/1cd4a813beb34e16ad0c5da9de6054f4/roles/6efe1da23d994cb38f74b489bc8e943d 0.025s
2025-12-09 10:19:06.850 66743 INFO tempest.lib.common.dynamic_creds [-] Dynamic test user 1cd4a813beb34e16ad0c5da9de6054f4 is created with scope project and roles: ['admin']
2025-12-09 10:19:06.850 66743 INFO tempest.lib.common.dynamic_creds [-] Acquired dynamic creds: credentials: Credentials: {'domain_id': 'default', 'domain_name': 'Default', 'username': 'tempest-ServicesAdminTestJSON-197180001-project-admin', 'project_domain_id': 'default', 'project_domain_name': 'Default', 'project_id': '2c9afbe0ea044c24acd12c08ce76399c', 'project_name': 'tempest-ServicesAdminTestJSON-197180001', 'tenant_id': '2c9afbe0ea044c24acd12c08ce76399c', 'tenant_name': 'tempest-ServicesAdminTestJSON-197180001', 'user_domain_id': 'default', 'user_domain_name': 'Default', 'user_id': '1cd4a813beb34e16ad0c5da9de6054f4', 'system': None}, Network: None, Subnet: None, Router: None
2025-12-09 10:19:06.850 66743 INFO tempest.lib.common.dynamic_creds [-] Created isolated network resources for: credentials: Credentials: {'domain_id': 'default', 'domain_name': 'Default', 'username': 'tempest-ServicesAdminTestJSON-197180001-project-admin', 'project_domain_id': 'default', 'project_domain_name': 'Default', 'project_id': '2c9afbe0ea044c24acd12c08ce76399c', 'project_name': 'tempest-ServicesAdminTestJSON-197180001', 'tenant_id': '2c9afbe0ea044c24acd12c08ce76399c', 'tenant_name': 'tempest-ServicesAdminTestJSON-197180001', 'user_domain_id': 'default', 'user_domain_name': 'Default', 'user_id': '1cd4a813beb34e16ad0c5da9de6054f4', 'system': None}, Network: None, Subnet: None, Router: None
2025-12-09 10:19:06.854 66747 INFO tempest.lib.common.rest_client [req-44f91e37-c1a5-4d5b-8efb-d045c6a48316 req-44f91e37-c1a5-4d5b-8efb-d045c6a48316 ] Request (HypervisorAdminUnderV252Test:test_search_hypervisor): 200 GET http://10.180.1.21/compute/v2.1/os-hypervisors 2.234s
2025-12-09 10:19:06.926 66743 INFO tempest.lib.common.rest_client [req-e6f06701-97f8-43c1-b402-f1e6cc13c331 req-e6f06701-97f8-43c1-b402-f1e6cc13c331 ] Request (ServicesAdminTestJSON:setUpClass): 201 POST http://10.180.1.21/identity/v3/auth/tokens 0.073s
2025-12-09 10:19:07.370 66765 INFO tempest.lib.common.rest_client [req-7650b51b-16fe-4be0-881e-569a4dfd1ca2 req-7650b51b-16fe-4be0-881e-569a4dfd1ca2 ] Request (SecurityGroupRulesTestJSON:setUpClass): 201 POST http://10.180.1.21/networking/v2.0/routers 0.808s
2025-12-09 10:19:07.508 66725 INFO tempest.lib.common.rest_client [req-0004ac18-bead-4096-8d48-5a821f00ea8b req-0004ac18-bead-4096-8d48-5a821f00ea8b ] Request (SecurityGroupsTestAdminJSON:test_list_security_groups_list_all_tenants_filter): 200 POST http://10.180.1.21/compute/v2.1/os-security-groups 2.145s
2025-12-09 10:19:07.529 66763 INFO tempest.lib.common.rest_client [req-6a293714-1aaf-44d5-9fd4-2bf2241b89cb req-6a293714-1aaf-44d5-9fd4-2bf2241b89cb ] Request (ServicesAdminNegativeTestJSON:test_get_service_by_invalid_service_and_valid_host): 200 GET http://10.180.1.21/compute/v2.1/os-services 2.140s
2025-12-09 10:19:07.559 66759 INFO tempest.lib.common.rest_client [req-2861c7e0-8f8e-4329-ab15-d1ee05eff90f req-2861c7e0-8f8e-4329-ab15-d1ee05eff90f ] Request (HypervisorAdminV253TestBase:test_list_show_detail_hypervisors): 200 GET http://10.180.1.21/compute/v2.1/os-hypervisors/2e7e6f58-3df2-45f5-b63e-2e243c2e155d 2.120s
2025-12-09 10:19:07.589 66755 INFO tempest.lib.common.rest_client [req-6c9b0c28-0a90-4096-8ceb-2cd110c3618b req-6c9b0c28-0a90-4096-8ceb-2cd110c3618b ] Request (FlavorsV255TestJSON:test_crud_flavor): 200 PUT http://10.180.1.21/compute/v2.1/flavors/1736793822 2.086s
2025-12-09 10:19:07.699 66715 INFO tempest.lib.common.rest_client [req-71d0dbdd-71b7-4f52-9218-562f87a80875 req-71d0dbdd-71b7-4f52-9218-562f87a80875 ] Request (HostsAdminNegativeTestJSON:setUpClass): 200 GET http://10.180.1.21/compute/v2.1/os-hosts 2.111s
2025-12-09 10:19:07.704 66759 INFO tempest.lib.common.rest_client [req-3b624752-dd03-4513-bca8-c5ffbeef8055 req-3b624752-dd03-4513-bca8-c5ffbeef8055 ] Request (HypervisorAdminV253TestBase:tearDownClass): 204 DELETE http://10.180.1.21/identity/v3/users/78ed720763eb4335bf48d284470d3e66 0.133s
2025-12-09 10:19:07.711 66717 INFO tempest.lib.common.rest_client [req-679b2e9f-eee6-4ba8-8e6d-d4a13edc8dc0 req-679b2e9f-eee6-4ba8-8e6d-d4a13edc8dc0 ] Request (ServersWithSpecificFlavorTestJSON:test_verify_created_server_ephemeral_disk): 200 GET http://10.180.1.21/compute/v2.1/flavors/42/os-extra_specs 1.997s
2025-12-09 10:19:07.813 66759 INFO tempest.lib.common.rest_client [req-3ea868e2-3b14-4909-a848-e48aa535aa33 req-3ea868e2-3b14-4909-a848-e48aa535aa33 ] Request (HypervisorAdminV253TestBase:tearDownClass): 204 DELETE http://10.180.1.21/identity/v3/users/cc8607c6fb5a4ae48b75b831ca74a359 0.109s
2025-12-09 10:19:07.813 66759 INFO tempest.lib.common.dynamic_creds [-] Deleting project and security group for project: 53b34d6449f14f72ad8468d230e49174
2025-12-09 10:19:07.883 66759 INFO tempest.lib.common.rest_client [req-4534fac3-b9e9-4eb8-ae94-21eb30a28dd6 req-4534fac3-b9e9-4eb8-ae94-21eb30a28dd6 ] Request (HypervisorAdminV253TestBase:tearDownClass): 201 POST http://10.180.1.21/identity/v3/auth/tokens 0.069s
2025-12-09 10:19:08.150 66713 INFO tempest.lib.common.rest_client [req-555ee3a8-8083-4ca8-ac60-4ddcf7e02291 req-555ee3a8-8083-4ca8-ac60-4ddcf7e02291 ] Request (DeleteServersAdminTestJSON:test_admin_delete_servers_of_others): 200 GET http://10.180.1.21/compute/v2.1/servers/48973feb-b242-4211-8d18-1b97e373f1a4 2.260s
2025-12-09 10:19:08.307 66765 INFO tempest.lib.common.rest_client [req-967cf15c-4d93-45d1-a3c6-482e54a013d4 req-967cf15c-4d93-45d1-a3c6-482e54a013d4 ] Request (SecurityGroupRulesTestJSON:setUpClass): 200 PUT http://10.180.1.21/networking/v2.0/routers/785619a7-caca-40dc-8944-279a1e7b4d61/add_router_interface 0.936s
2025-12-09 10:19:08.307 66765 INFO tempest.lib.common.dynamic_creds [-] Created isolated network resources for: credentials: Credentials: {'domain_id': 'default', 'domain_name': 'Default', 'username': 'tempest-SecurityGroupRulesTestJSON-716454855-project-member', 'project_domain_id': 'default', 'project_domain_name': 'Default', 'project_id': '25b2da8b9ebd417ca1fe261d0a7aa1eb', 'project_name': 'tempest-SecurityGroupRulesTestJSON-716454855', 'tenant_id': '25b2da8b9ebd417ca1fe261d0a7aa1eb', 'tenant_name': 'tempest-SecurityGroupRulesTestJSON-716454855', 'user_domain_id': 'default', 'user_domain_name': 'Default', 'user_id': '6ec5847d44d64a89b790da3edf5b22f3', 'system': None}, Network: {'id': 'cf4f73ec-efcb-4f47-9b75-16afe59f4d74', 'name': 'tempest-SecurityGroupRulesTestJSON-109449648-network', 'tenant_id': '25b2da8b9ebd417ca1fe261d0a7aa1eb', 'project_id': '25b2da8b9ebd417ca1fe261d0a7aa1eb', 'admin_state_up': True, 'mtu': 8950, 'status': 'ACTIVE', 'subnets': [], 'shared': False, 'port_security_enabled': True, 'router:external': False, 'provider:network_type': 'vlan', 'provider:physical_network': 'default', 'provider:segmentation_id': 183, 'availability_zone_hints': [], 'availability_zones': [], 'ipv4_address_scope': None, 'ipv6_address_scope': None, 'description': '', 'tags': [], 'created_at': '2025-12-09T10:19:06Z', 'updated_at': '2025-12-09T10:19:06Z', 'revision_number': 1}, Subnet: {'id': '7e4f6471-14fb-4592-95a9-82aaf6010a58', 'name': 'tempest-SecurityGroupRulesTestJSON-109449648-subnet', 'tenant_id': '25b2da8b9ebd417ca1fe261d0a7aa1eb', 'network_id': 'cf4f73ec-efcb-4f47-9b75-16afe59f4d74', 'ip_version': 4, 'subnetpool_id': None, 'enable_dhcp': True, 'ipv6_ra_mode': None, 'ipv6_address_mode': None, 'gateway_ip': '192.168.128.1', 'cidr': '192.168.128.0/28', 'allocation_pools': [{'start': '192.168.128.2', 'end': '192.168.128.14'}], 'host_routes': [], 'dns_nameservers': [], 'description': '', 'router:external': False, 'service_types': [], 'tags': [], 'created_at': '2025-12-09T10:19:06Z', 'updated_at': '2025-12-09T10:19:06Z', 'revision_number': 0, 'project_id': '25b2da8b9ebd417ca1fe261d0a7aa1eb'}, Router: {'id': '785619a7-caca-40dc-8944-279a1e7b4d61', 'name': 'tempest-SecurityGroupRulesTestJSON-109449648-router', 'tenant_id': '25b2da8b9ebd417ca1fe261d0a7aa1eb', 'admin_state_up': True, 'status': 'ACTIVE', 'external_gateway_info': {'network_id': '1e8b0611-1865-4ee6-90aa-9dc6793a7667', 'external_fixed_ips': [{'subnet_id': 'c9930072-81a3-4e0c-8cd8-fea7f9b6281a', 'ip_address': '10.180.180.139'}], 'enable_snat': True}, 'description': '', 'availability_zones': [], 'distributed': False, 'ha': False, 'availability_zone_hints': [], 'routes': [], 'flavor_id': None, 'tags': [], 'created_at': '2025-12-09T10:19:06Z', 'updated_at': '2025-12-09T10:19:06Z', 'revision_number': 2, 'project_id': '25b2da8b9ebd417ca1fe261d0a7aa1eb'}
2025-12-09 10:19:08.313 66759 INFO tempest.lib.common.rest_client [req-72afd142-85c0-4f01-b97d-213bf761e616 req-72afd142-85c0-4f01-b97d-213bf761e616 ] Request (HypervisorAdminV253TestBase:tearDownClass): 200 GET http://10.180.1.21/networking/v2.0/security-groups?tenant_id=53b34d6449f14f72ad8468d230e49174&name=default 0.430s
2025-12-09 10:19:08.333 66723 INFO tempest.lib.common.rest_client [req-639c6ef6-e1cd-41cc-bd56-2023d48e3a3c req-639c6ef6-e1cd-41cc-bd56-2023d48e3a3c ] Request (FloatingIPsAssociationNegativeTestJSON:setUpClass): 200 GET http://10.180.1.21/compute/v2.1/servers/dbafe592-a0b1-41e9-98e1-7fdeff149541 2.136s
2025-12-09 10:19:08.382 66765 INFO tempest.lib.common.rest_client [req-ab9cb00b-1c98-41a3-ae65-9d4f1adef197 req-ab9cb00b-1c98-41a3-ae65-9d4f1adef197 ] Request (SecurityGroupRulesTestJSON:setUpClass): 201 POST http://10.180.1.21/identity/v3/auth/tokens 0.071s
2025-12-09 10:19:08.408 66759 INFO tempest.lib.common.rest_client [req-58b74d84-6a15-44aa-b19e-66919842acae req-58b74d84-6a15-44aa-b19e-66919842acae ] Request (HypervisorAdminV253TestBase:tearDownClass): 204 DELETE http://10.180.1.21/networking/v2.0/security-groups/ef580964-2f48-484d-9e27-2a8d583a99af 0.094s
2025-12-09 10:19:08.471 66759 INFO tempest.lib.common.rest_client [req-dc4666de-5886-40a0-bdc2-5d0497733163 req-dc4666de-5886-40a0-bdc2-5d0497733163 ] Request (HypervisorAdminV253TestBase:tearDownClass): 204 DELETE http://10.180.1.21/identity/v3/projects/53b34d6449f14f72ad8468d230e49174 0.063s
2025-12-09 10:19:08.471 66759 INFO tempest.lib.common.dynamic_creds [-] Deleting project and security group for project: 4f5eeba1dd7c4f1fae6977a52eb00b33
2025-12-09 10:19:08.550 66705 INFO tempest.lib.common.rest_client [req-202b279b-b0e7-47b2-8610-dcf9cf0cbfd4 req-202b279b-b0e7-47b2-8610-dcf9cf0cbfd4 ] Request (ListServerFiltersTestJSON:setUpClass): 202 POST http://10.180.1.21/compute/v2.1/servers 4.125s
2025-12-09 10:19:08.575 66759 INFO tempest.lib.common.rest_client [req-d7520c13-5d56-4a27-aeb5-745b63a86c32 req-d7520c13-5d56-4a27-aeb5-745b63a86c32 ] Request (HypervisorAdminV253TestBase:tearDownClass): 200 GET http://10.180.1.21/networking/v2.0/security-groups?tenant_id=4f5eeba1dd7c4f1fae6977a52eb00b33&name=default 0.103s
2025-12-09 10:19:08.652 66759 INFO tempest.lib.common.rest_client [req-73861749-1c46-45e8-ab76-5765e74c0649 req-73861749-1c46-45e8-ab76-5765e74c0649 ] Request (HypervisorAdminV253TestBase:tearDownClass): 204 DELETE http://10.180.1.21/networking/v2.0/security-groups/3e9cb0c1-5c93-452d-9dba-a74e0d0b0e8b 0.077s
2025-12-09 10:19:08.674 66749 INFO tempest.lib.common.rest_client [req-13585610-79b0-4c09-bfa8-f1b212209355 req-13585610-79b0-4c09-bfa8-f1b212209355 ] Request (MigrationsAdminTest:test_list_migrations_in_flavor_resize_situation): 200 GET http://10.180.1.21/compute/v2.1/servers/c5bd6e86-9cde-427d-b35b-1dc56824c5f2 2.341s
2025-12-09 10:19:08.711 66703 INFO tempest.lib.common.rest_client [req-fdaf68c6-b644-454a-b458-0386f0aba50d req-fdaf68c6-b644-454a-b458-0386f0aba50d ] Request (AggregatesAdminNegativeTestJSON:test_aggregate_add_host_as_user): 200 POST http://10.180.1.21/compute/v2.1/os-aggregates 2.346s
2025-12-09 10:19:08.771 66759 INFO tempest.lib.common.rest_client [req-202eb28f-f2c1-4abe-a010-7a13ccc0071b req-202eb28f-f2c1-4abe-a010-7a13ccc0071b ] Request (HypervisorAdminV253TestBase:tearDownClass): 204 DELETE http://10.180.1.21/identity/v3/projects/4f5eeba1dd7c4f1fae6977a52eb00b33 0.119s
2025-12-09 10:19:08.832 66759 INFO tempest.lib.common.rest_client [req-f48e2584-abfa-4dad-a237-cf01e3068c54 req-f48e2584-abfa-4dad-a237-cf01e3068c54 ] Request (ServerExternalEventsTest:setUpClass): 201 POST http://10.180.1.21/identity/v3/auth/tokens 0.058s
2025-12-09 10:19:08.833 66738 INFO tempest.lib.common.rest_client [req-71184530-138e-4c15-80f6-992f7b5a657d req-71184530-138e-4c15-80f6-992f7b5a657d ] Request (FloatingIPsTestJSON:_run_cleanups): 202 DELETE http://10.180.1.21/compute/v2.1/os-floating-ips/765ae9ad-083f-435c-8036-b77ae6111589 2.587s
2025-12-09 10:19:08.851 66711 INFO tempest.lib.common.rest_client [req-8903ea83-a8dd-4820-9865-53cb6ea70cdb req-8903ea83-a8dd-4820-9865-53cb6ea70cdb ] Request (FlavorsAdminTestJSON:test_create_flavor_verify_entry_in_list_details): 200 POST http://10.180.1.21/compute/v2.1/flavors 2.426s
2025-12-09 10:19:08.861 66759 INFO tempest.lib.common.rest_client [req-2d96ce70-07ba-4f38-a7a4-82c101c4272c req-2d96ce70-07ba-4f38-a7a4-82c101c4272c ] Request (ServerExternalEventsTest:setUpClass): 201 POST http://10.180.1.21/identity/v3/auth/tokens 0.026s
2025-12-09 10:19:08.869 66721 INFO tempest.lib.common.rest_client [req-f2fbb6ec-2ef7-4e7a-97e6-cb5bf696cf1d req-f2fbb6ec-2ef7-4e7a-97e6-cb5bf696cf1d ] Request (FlavorsAccessNegativeTestJSON:_run_cleanups): 200 POST http://10.180.1.21/compute/v2.1/flavors/1199691101/action 2.481s
2025-12-09 10:19:08.892 66759 INFO tempest.lib.common.rest_client [req-6cb45048-b972-448f-8ba0-cb1322fd493e req-6cb45048-b972-448f-8ba0-cb1322fd493e ] Request (ServerExternalEventsTest:setUpClass): 200 GET http://10.180.1.21/identity/v3/domains?name=Default 0.030s
2025-12-09 10:19:08.916 66709 INFO tempest.lib.common.rest_client [req-415d2989-feb9-4c57-a1a4-43eda998297d req-415d2989-feb9-4c57-a1a4-43eda998297d ] Request (QuotaClassesAdminTestJSON:_run_cleanups): 200 PUT http://10.180.1.21/compute/v2.1/os-quota-class-sets/default 2.482s
2025-12-09 10:19:08.925 66759 INFO tempest.lib.common.rest_client [req-6b0e0f89-5718-406d-9731-4716316d5119 req-6b0e0f89-5718-406d-9731-4716316d5119 ] Request (ServerExternalEventsTest:setUpClass): 201 POST http://10.180.1.21/identity/v3/projects 0.033s
2025-12-09 10:19:08.990 66751 INFO tempest.lib.common.rest_client [req-1f220b92-112c-4b76-8422-8e612cd0ea7e req-1f220b92-112c-4b76-8422-8e612cd0ea7e ] Request (InstanceActionsTestJSON:setUpClass): 200 GET http://10.180.1.21/compute/v2.1/servers/b5e124ed-144a-4c81-8778-e58b96566295 2.389s
2025-12-09 10:19:09.017 66734 INFO tempest.lib.common.rest_client [req-1604ed5b-1c38-492e-942b-59d5d908e884 req-1604ed5b-1c38-492e-942b-59d5d908e884 ] Request (HostsAdminTestJSON:test_list_hosts_with_zone): 200 GET http://10.180.1.21/compute/v2.1/os-hosts 2.396s
2025-12-09 10:19:09.040 66707 INFO tempest.lib.common.rest_client [req-329267c3-a65b-413b-a6c3-fa5345f40a78 req-329267c3-a65b-413b-a6c3-fa5345f40a78 ] Request (FlavorsExtraSpecsTestJSON:test_flavor_non_admin_get_specific_key): 200 POST http://10.180.1.21/compute/v2.1/flavors/2094846235/os-extra_specs 2.323s
2025-12-09 10:19:09.045 66709 INFO tempest.lib.common.rest_client [req-fd351f7c-6f56-4776-8d36-907f5951e9c6 req-fd351f7c-6f56-4776-8d36-907f5951e9c6 ] Request (QuotaClassesAdminTestJSON:tearDownClass): 204 DELETE http://10.180.1.21/identity/v3/users/477a6331569e454baf8da433a9cd1a14 0.121s
2025-12-09 10:19:09.058 66757 INFO tempest.lib.common.rest_client [req-3eafd29c-db16-4644-83f6-b11cfcba28a5 req-3eafd29c-db16-4644-83f6-b11cfcba28a5 ] Request (FlavorsAccessTestJSON:test_flavor_access_add_remove): 200 POST http://10.180.1.21/compute/v2.1/flavors/1322352111/action 2.465s
2025-12-09 10:19:09.089 66735 INFO tempest.lib.common.rest_client [req-4a65b894-11f8-42cf-b3b3-1f3d167d92d2 req-4a65b894-11f8-42cf-b3b3-1f3d167d92d2 ] Request (FlavorMetadataValidation:_run_cleanups): 200 GET http://10.180.1.21/compute/v2.1/flavors/detail 2.299s
2025-12-09 10:19:09.100 66759 INFO tempest.lib.common.rest_client [req-f609ffa7-0e8c-4eff-93c1-16ae104bca22 req-f609ffa7-0e8c-4eff-93c1-16ae104bca22 ] Request (ServerExternalEventsTest:setUpClass): 201 POST http://10.180.1.21/identity/v3/users 0.174s
2025-12-09 10:19:09.181 66731 INFO tempest.lib.common.rest_client [req-80b55372-8fe9-4e77-8b23-0979d56a4a5e req-80b55372-8fe9-4e77-8b23-0979d56a4a5e ] Request (FlavorsV261TestJSON:test_crud_flavor): 200 GET http://10.180.1.21/compute/v2.1/flavors/1296237131 2.408s
2025-12-09 10:19:09.217 66709 INFO tempest.lib.common.rest_client [req-f98189b4-1fc4-4fe3-94f3-0dd6b41002c2 req-f98189b4-1fc4-4fe3-94f3-0dd6b41002c2 ] Request (QuotaClassesAdminTestJSON:tearDownClass): 204 DELETE http://10.180.1.21/identity/v3/users/94cfa86075d540659db1166271238a97 0.171s
2025-12-09 10:19:09.217 66709 INFO tempest.lib.common.dynamic_creds [-] Deleting project and security group for project: 5aa76f1c551542ff95fd0fe96102d6be
2025-12-09 10:19:09.290 66761 INFO tempest.lib.common.rest_client [req-4390f029-523f-4e13-b4aa-e1a07371ca18 req-4390f029-523f-4e13-b4aa-e1a07371ca18 ] Request (HypervisorAdminNegativeTestJSON:test_get_hypervisor_uptime_with_non_admin_user): 200 GET http://10.180.1.21/compute/v2.1/os-hypervisors 2.494s
2025-12-09 10:19:09.308 66759 INFO tempest.lib.common.rest_client [req-b42477ac-f51b-423e-a368-c481c657469d req-b42477ac-f51b-423e-a368-c481c657469d ] Request (ServerExternalEventsTest:setUpClass): 200 GET http://10.180.1.21/identity/v3/roles 0.208s
2025-12-09 10:19:09.316 66745 INFO tempest.lib.common.rest_client [req-b4ad2806-779f-47e0-8329-3abfc675fcb0 req-b4ad2806-779f-47e0-8329-3abfc675fcb0 ] Request (HypervisorAdminTestJSON:test_get_hypervisor_show_details): 200 GET http://10.180.1.21/compute/v2.1/os-hypervisors/1 2.495s
2025-12-09 10:19:09.364 66701 INFO tempest.lib.common.rest_client [req-1e23c049-6676-4751-aece-9562fa16a69e req-1e23c049-6676-4751-aece-9562fa16a69e ] Request (KeyPairsV210TestJSON:test_admin_manage_keypairs_for_other_users): 201 POST http://10.180.1.21/compute/v2.1/os-keypairs 2.530s
2025-12-09 10:19:09.375 66735 INFO tempest.lib.common.rest_client [req-836bacb5-f7b4-4b57-bb53-cdbbb96413b2 req-836bacb5-f7b4-4b57-bb53-cdbbb96413b2 ] Request (FlavorMetadataValidation:tearDownClass): 204 DELETE http://10.180.1.21/identity/v3/users/8817895dcabf4b3993d87d0138c22c19 0.266s
2025-12-09 10:19:09.394 66739 INFO tempest.lib.common.rest_client [req-2f96a625-f988-4200-9af5-27633aaaa396 req-2f96a625-f988-4200-9af5-27633aaaa396 ] Request (FlavorsExtraSpecsNegativeTestJSON:test_flavor_non_admin_unset_keys): 200 POST http://10.180.1.21/compute/v2.1/flavors/587094190/os-extra_specs 2.555s
2025-12-09 10:19:09.416 66747 INFO tempest.lib.common.rest_client [req-2ae9db6c-e366-45dd-9554-2a989f7978d3 req-2ae9db6c-e366-45dd-9554-2a989f7978d3 ] Request (HypervisorAdminUnderV252Test:test_search_hypervisor): 200 GET http://10.180.1.21/compute/v2.1/os-hypervisors/domain-c8.fc996f14-c53b-4953-92e3-bdfa48f5cc28/search 2.558s
2025-12-09 10:19:09.448 66709 INFO tempest.lib.common.rest_client [req-2b495d04-9850-44b1-910f-01b87a38d1fc req-2b495d04-9850-44b1-910f-01b87a38d1fc ] Request (QuotaClassesAdminTestJSON:tearDownClass): 201 POST http://10.180.1.21/identity/v3/auth/tokens 0.230s
2025-12-09 10:19:09.473 66753 INFO tempest.lib.common.rest_client [req-7f939fe3-26c3-40f0-9ae1-9b1ee0e129d4 req-7f939fe3-26c3-40f0-9ae1-9b1ee0e129d4 ] Request (ServerDiagnosticsTest:test_get_server_diagnostics): 200 GET http://10.180.1.21/compute/v2.1/servers/e0fe7a11-152e-41fc-bde5-a62bd0ff9b8d 2.598s
2025-12-09 10:19:09.485 66759 INFO tempest.lib.common.rest_client [req-ae7779f8-62ec-48e2-ac1a-8dfdfffb537b req-ae7779f8-62ec-48e2-ac1a-8dfdfffb537b ] Request (ServerExternalEventsTest:setUpClass): 204 PUT http://10.180.1.21/identity/v3/projects/242ccae0416f4033867154b6eb5e3df4/users/388909ab97cb4216b126af0d0f64c35c/roles/14dc37c80b7d46aa9df08cdace771dd1 0.175s
2025-12-09 10:19:09.485 66759 INFO tempest.lib.common.dynamic_creds [-] Dynamic test user 388909ab97cb4216b126af0d0f64c35c is created with scope project and roles: ['member']
2025-12-09 10:19:09.485 66759 INFO tempest.lib.common.dynamic_creds [-] Acquired dynamic creds: credentials: Credentials: {'domain_id': 'default', 'domain_name': 'Default', 'username': 'tempest-ServerExternalEventsTest-1256006795-project-member', 'project_domain_id': 'default', 'project_domain_name': 'Default', 'project_id': '242ccae0416f4033867154b6eb5e3df4', 'project_name': 'tempest-ServerExternalEventsTest-1256006795', 'tenant_id': '242ccae0416f4033867154b6eb5e3df4', 'tenant_name': 'tempest-ServerExternalEventsTest-1256006795', 'user_domain_id': 'default', 'user_domain_name': 'Default', 'user_id': '388909ab97cb4216b126af0d0f64c35c', 'system': None}, Network: None, Subnet: None, Router: None
2025-12-09 10:19:09.485 66759 INFO tempest.lib.common.dynamic_creds [-] Created isolated network resources for: credentials: Credentials: {'domain_id': 'default', 'domain_name': 'Default', 'username': 'tempest-ServerExternalEventsTest-1256006795-project-member', 'project_domain_id': 'default', 'project_domain_name': 'Default', 'project_id': '242ccae0416f4033867154b6eb5e3df4', 'project_name': 'tempest-ServerExternalEventsTest-1256006795', 'tenant_id': '242ccae0416f4033867154b6eb5e3df4', 'tenant_name': 'tempest-ServerExternalEventsTest-1256006795', 'user_domain_id': 'default', 'user_domain_name': 'Default', 'user_id': '388909ab97cb4216b126af0d0f64c35c', 'system': None}, Network: None, Subnet: None, Router: None
2025-12-09 10:19:09.503 66727 INFO tempest.lib.common.rest_client [req-13b8e596-1654-4f08-ad41-2820bdca8f2a req-13b8e596-1654-4f08-ad41-2820bdca8f2a ] Request (VolumesAssistedSnapshotsTest:test_volume_assisted_snapshot_create_delete): 200 POST http://10.180.1.21/compute/v2.1/os-keypairs 2.688s
2025-12-09 10:19:09.578 66747 INFO tempest.lib.common.rest_client [req-e12fd809-854d-45a2-bbbb-d3ede3f0abfd req-e12fd809-854d-45a2-bbbb-d3ede3f0abfd ] Request (HypervisorAdminUnderV252Test:tearDownClass): 204 DELETE http://10.180.1.21/identity/v3/users/5dbeaa37510c4967a75d5f4464bbfe0d 0.158s
2025-12-09 10:19:09.588 66735 INFO tempest.lib.common.rest_client [req-58947d1c-a6e9-4340-a2d0-07beba664aa2 req-58947d1c-a6e9-4340-a2d0-07beba664aa2 ] Request (FlavorMetadataValidation:tearDownClass): 204 DELETE http://10.180.1.21/identity/v3/users/cbf18f7f5f3041ee8105ba2625db8927 0.212s
2025-12-09 10:19:09.588 66735 INFO tempest.lib.common.dynamic_creds [-] Deleting project and security group for project: 2942ec3bc8024e5098f04cccb842b505
2025-12-09 10:19:09.632 66727 INFO tempest.lib.common.rest_client [req-b29596b6-faa0-4daa-8e46-d985479c9370 req-b29596b6-faa0-4daa-8e46-d985479c9370 ] Request (VolumesAssistedSnapshotsTest:test_volume_assisted_snapshot_create_delete): 201 POST http://10.180.1.21/networking/v2.0/security-groups 0.127s
