2025-12-09 10:19:23.140 66741 INFO tempest.lib.common.rest_client [req-23403aa0-5282-4d8b-873e-6a81a662febb req-23403aa0-5282-4d8b-873e-6a81a662febb ] Request (QuotaClassesAdmin257Test:tearDownClass): 200 GET http://10.180.1.21/networking/v2.0/security-groups?tenant_id=9acb237bbf8c4c2d95b8709268d411e5&name=default 0.617s
2025-12-09 10:19:23.188 66755 INFO tempest.lib.common.rest_client [req-eca76368-7b5e-403a-959b-b3de20835345 req-eca76368-7b5e-403a-959b-b3de20835345 ] Request (ListImageFiltersTestJSON:setUpClass): 201 POST http://10.180.1.21/identity/v3/auth/tokens 0.100s
2025-12-09 10:19:23.189 66763 INFO tempest.lib.common.rest_client [req-ea0c2efc-52e2-4ca8-a6d9-5ebeded7dab8 req-ea0c2efc-52e2-4ca8-a6d9-5ebeded7dab8 ] Request (AttachInterfacesTestJSON:setUpClass): 200 GET http://10.180.1.21/identity/v3/domains?name=Default 0.074s
2025-12-09 10:19:23.231 66755 INFO tempest.lib.common.rest_client [req-4b7442da-61bb-4a86-95c6-4a600acf5764 req-4b7442da-61bb-4a86-95c6-4a600acf5764 ] Request (ListImageFiltersTestJSON:setUpClass): 200 GET http://10.180.1.21/identity/v3/domains?name=Default 0.042s
2025-12-09 10:19:23.235 66743 INFO tempest.lib.common.rest_client [req-2c25209f-baa3-4adb-b414-33984c604562 req-2c25209f-baa3-4adb-b414-33984c604562 ] Request (ImagesOneServerNegativeTestJSON:setUpClass): 201 POST http://10.180.1.21/identity/v3/users 0.116s
2025-12-09 10:19:23.265 66763 INFO tempest.lib.common.rest_client [req-91877cb4-1ec1-46c0-9856-c97c47e3874f req-91877cb4-1ec1-46c0-9856-c97c47e3874f ] Request (AttachInterfacesTestJSON:setUpClass): 201 POST http://10.180.1.21/identity/v3/projects 0.076s
2025-12-09 10:19:23.277 66755 INFO tempest.lib.common.rest_client [req-ff791003-c50d-4b6c-80a4-4b2a5f0afe36 req-ff791003-c50d-4b6c-80a4-4b2a5f0afe36 ] Request (ListImageFiltersTestJSON:setUpClass): 201 POST http://10.180.1.21/identity/v3/projects 0.045s
2025-12-09 10:19:23.280 66745 INFO tempest.lib.common.rest_client [req-1719e3ad-947f-4d45-bc06-aafcf0633cd4 req-1719e3ad-947f-4d45-bc06-aafcf0633cd4 ] Request (ServersTestJSON:setUpClass): 201 POST http://10.180.1.21/networking/v2.0/security-group-rules 0.589s
2025-12-09 10:19:23.330 66723 INFO tempest.lib.common.rest_client [req-c74e7307-1747-4863-ba32-d60688609afb req-c74e7307-1747-4863-ba32-d60688609afb ] Request (FloatingIPsAssociationNegativeTestJSON:setUpClass): 200 GET http://10.180.1.21/compute/v2.1/servers/dbafe592-a0b1-41e9-98e1-7fdeff149541 3.155s
2025-12-09 10:19:23.339 66743 INFO tempest.lib.common.rest_client [req-be55305a-d3c1-458a-8d50-a68bec743ea6 req-be55305a-d3c1-458a-8d50-a68bec743ea6 ] Request (ImagesOneServerNegativeTestJSON:setUpClass): 200 GET http://10.180.1.21/identity/v3/roles 0.104s
2025-12-09 10:19:23.351 66763 INFO tempest.lib.common.rest_client [req-632cdbfd-45d3-4af2-8e99-70a04201ec87 req-632cdbfd-45d3-4af2-8e99-70a04201ec87 ] Request (AttachInterfacesTestJSON:setUpClass): 201 POST http://10.180.1.21/identity/v3/users 0.085s
2025-12-09 10:19:23.363 66755 INFO tempest.lib.common.rest_client [req-749a9804-d55c-4e72-89c1-2330dc7f5afd req-749a9804-d55c-4e72-89c1-2330dc7f5afd ] Request (ListImageFiltersTestJSON:setUpClass): 201 POST http://10.180.1.21/identity/v3/users 0.085s
2025-12-09 10:19:23.384 66763 INFO tempest.lib.common.rest_client [req-051d7f13-9c75-47a6-8aee-adf97bea36dc req-051d7f13-9c75-47a6-8aee-adf97bea36dc ] Request (AttachInterfacesTestJSON:setUpClass): 200 GET http://10.180.1.21/identity/v3/roles 0.033s
2025-12-09 10:19:23.386 66743 INFO tempest.lib.common.rest_client [req-10e4fe9a-8d5b-47e9-88c4-4eb946186952 req-10e4fe9a-8d5b-47e9-88c4-4eb946186952 ] Request (ImagesOneServerNegativeTestJSON:setUpClass): 204 PUT http://10.180.1.21/identity/v3/projects/3579663a54df4e7f8560a3c8fae25bd1/users/3f36ca11c1ae4afba21482e708373687/roles/14dc37c80b7d46aa9df08cdace771dd1 0.046s
2025-12-09 10:19:23.386 66743 INFO tempest.lib.common.dynamic_creds [-] Dynamic test user 3f36ca11c1ae4afba21482e708373687 is created with scope project and roles: ['member']
2025-12-09 10:19:23.386 66743 INFO tempest.lib.common.dynamic_creds [-] Acquired dynamic creds: credentials: Credentials: {'domain_id': 'default', 'domain_name': 'Default', 'username': 'tempest-ImagesOneServerNegativeTestJSON-317969175-project-member', 'project_domain_id': 'default', 'project_domain_name': 'Default', 'project_id': '3579663a54df4e7f8560a3c8fae25bd1', 'project_name': 'tempest-ImagesOneServerNegativeTestJSON-317969175', 'tenant_id': '3579663a54df4e7f8560a3c8fae25bd1', 'tenant_name': 'tempest-ImagesOneServerNegativeTestJSON-317969175', 'user_domain_id': 'default', 'user_domain_name': 'Default', 'user_id': '3f36ca11c1ae4afba21482e708373687', 'system': None}, Network: None, Subnet: None, Router: None
2025-12-09 10:19:23.433 66755 INFO tempest.lib.common.rest_client [req-f15f4014-f18f-457d-9ee0-f2d490b4c801 req-f15f4014-f18f-457d-9ee0-f2d490b4c801 ] Request (ListImageFiltersTestJSON:setUpClass): 200 GET http://10.180.1.21/identity/v3/roles 0.070s
2025-12-09 10:19:23.456 66763 INFO tempest.lib.common.rest_client [req-461f384a-1352-4794-a89e-5308b1ebbf9d req-461f384a-1352-4794-a89e-5308b1ebbf9d ] Request (AttachInterfacesTestJSON:setUpClass): 204 PUT http://10.180.1.21/identity/v3/projects/33e4f1dc6d63452d8afaa0917671fad8/users/e317430bb88047ada55adc32cb876bbd/roles/14dc37c80b7d46aa9df08cdace771dd1 0.071s
2025-12-09 10:19:23.456 66763 INFO tempest.lib.common.dynamic_creds [-] Dynamic test user e317430bb88047ada55adc32cb876bbd is created with scope project and roles: ['member']
2025-12-09 10:19:23.457 66763 INFO tempest.lib.common.dynamic_creds [-] Acquired dynamic creds: credentials: Credentials: {'domain_id': 'default', 'domain_name': 'Default', 'username': 'tempest-AttachInterfacesTestJSON-748429391-project-member', 'project_domain_id': 'default', 'project_domain_name': 'Default', 'project_id': '33e4f1dc6d63452d8afaa0917671fad8', 'project_name': 'tempest-AttachInterfacesTestJSON-748429391', 'tenant_id': '33e4f1dc6d63452d8afaa0917671fad8', 'tenant_name': 'tempest-AttachInterfacesTestJSON-748429391', 'user_domain_id': 'default', 'user_domain_name': 'Default', 'user_id': 'e317430bb88047ada55adc32cb876bbd', 'system': None}, Network: None, Subnet: None, Router: None
2025-12-09 10:19:23.491 66741 INFO tempest.lib.common.rest_client [req-beb84f95-b346-4619-b9bc-d649608fae70 req-beb84f95-b346-4619-b9bc-d649608fae70 ] Request (QuotaClassesAdmin257Test:tearDownClass): 204 DELETE http://10.180.1.21/networking/v2.0/security-groups/a57b96cf-6065-42a5-a716-f07e10f7e7f3 0.351s
2025-12-09 10:19:23.497 66743 INFO tempest.lib.common.rest_client [req-24545f0b-eb59-438b-bb4c-91261cd0cd20 req-24545f0b-eb59-438b-bb4c-91261cd0cd20 ] Request (ImagesOneServerNegativeTestJSON:setUpClass): 201 POST http://10.180.1.21/identity/v3/auth/tokens 0.111s
2025-12-09 10:19:23.520 66755 INFO tempest.lib.common.rest_client [req-8ec4fa5a-f606-4cc0-98a1-069adda79ba6 req-8ec4fa5a-f606-4cc0-98a1-069adda79ba6 ] Request (ListImageFiltersTestJSON:setUpClass): 204 PUT http://10.180.1.21/identity/v3/projects/8af636a4f9214e39897b168a588ac717/users/f89c360213cd4dabafbfe7b036ee6e93/roles/14dc37c80b7d46aa9df08cdace771dd1 0.086s
2025-12-09 10:19:23.521 66755 INFO tempest.lib.common.dynamic_creds [-] Dynamic test user f89c360213cd4dabafbfe7b036ee6e93 is created with scope project and roles: ['member']
2025-12-09 10:19:23.521 66755 INFO tempest.lib.common.dynamic_creds [-] Acquired dynamic creds: credentials: Credentials: {'domain_id': 'default', 'domain_name': 'Default', 'username': 'tempest-ListImageFiltersTestJSON-1742283475-project-member', 'project_domain_id': 'default', 'project_domain_name': 'Default', 'project_id': '8af636a4f9214e39897b168a588ac717', 'project_name': 'tempest-ListImageFiltersTestJSON-1742283475', 'tenant_id': '8af636a4f9214e39897b168a588ac717', 'tenant_name': 'tempest-ListImageFiltersTestJSON-1742283475', 'user_domain_id': 'default', 'user_domain_name': 'Default', 'user_id': 'f89c360213cd4dabafbfe7b036ee6e93', 'system': None}, Network: None, Subnet: None, Router: None
2025-12-09 10:19:23.521 66755 INFO tempest.lib.common.dynamic_creds [-] Created isolated network resources for: credentials: Credentials: {'domain_id': 'default', 'domain_name': 'Default', 'username': 'tempest-ListImageFiltersTestJSON-1742283475-project-member', 'project_domain_id': 'default', 'project_domain_name': 'Default', 'project_id': '8af636a4f9214e39897b168a588ac717', 'project_name': 'tempest-ListImageFiltersTestJSON-1742283475', 'tenant_id': '8af636a4f9214e39897b168a588ac717', 'tenant_name': 'tempest-ListImageFiltersTestJSON-1742283475', 'user_domain_id': 'default', 'user_domain_name': 'Default', 'user_id': 'f89c360213cd4dabafbfe7b036ee6e93', 'system': None}, Network: None, Subnet: None, Router: None
2025-12-09 10:19:23.555 66763 INFO tempest.lib.common.rest_client [req-e25e9ff0-7363-43e8-934c-8c2a3b1e17dd req-e25e9ff0-7363-43e8-934c-8c2a3b1e17dd ] Request (AttachInterfacesTestJSON:setUpClass): 201 POST http://10.180.1.21/identity/v3/auth/tokens 0.098s
2025-12-09 10:19:23.625 66755 INFO tempest.lib.common.rest_client [req-9275c6e0-46f5-4b11-a011-8abd1c2d0596 req-9275c6e0-46f5-4b11-a011-8abd1c2d0596 ] Request (ListImageFiltersTestJSON:setUpClass): 201 POST http://10.180.1.21/identity/v3/auth/tokens 0.099s
2025-12-09 10:19:23.650 66741 INFO tempest.lib.common.rest_client [req-800a2dd7-3200-474f-83d5-37f28c6e8b35 req-800a2dd7-3200-474f-83d5-37f28c6e8b35 ] Request (QuotaClassesAdmin257Test:tearDownClass): 204 DELETE http://10.180.1.21/identity/v3/projects/9acb237bbf8c4c2d95b8709268d411e5 0.158s
2025-12-09 10:19:23.650 66741 INFO tempest.lib.common.dynamic_creds [-] Deleting project and security group for project: b19b3fb97253437da452f27dbaec4cc1
2025-12-09 10:19:23.930 66745 INFO tempest.lib.common.rest_client [req-b04fa91c-f990-456e-a581-3c9c6b9b4b90 req-b04fa91c-f990-456e-a581-3c9c6b9b4b90 ] Request (ServersTestJSON:setUpClass): 201 POST http://10.180.1.21/networking/v2.0/floatingips 0.649s
2025-12-09 10:19:23.990 66745 INFO tempest.lib.common.rest_client [req-e715bb43-a728-4ad1-b36d-11b206cd6eab req-e715bb43-a728-4ad1-b36d-11b206cd6eab ] Request (ServersTestJSON:setUpClass): 201 POST http://10.180.1.21/identity/v3/auth/tokens 0.057s
2025-12-09 10:19:23.991 66745 INFO tempest.lib.common.fixed_network [-] (ServersTestJSON:setUpClass) Found network {'id': '742930ed-b19c-4a3f-b85c-6511fb60716f', 'name': 'tempest-ServersTestJSON-1713107805-network', 'tenant_id': '1c1e195e52ff4e1bae2661113ab54e94', 'project_id': '1c1e195e52ff4e1bae2661113ab54e94', 'admin_state_up': True, 'mtu': 8950, 'status': 'ACTIVE', 'subnets': [], 'shared': False, 'port_security_enabled': True, 'router:external': False, 'provider:network_type': 'vlan', 'provider:physical_network': 'default', 'provider:segmentation_id': 587, 'availability_zone_hints': [], 'availability_zones': [], 'ipv4_address_scope': None, 'ipv6_address_scope': None, 'description': '', 'tags': [], 'created_at': '2025-12-09T10:19:15Z', 'updated_at': '2025-12-09T10:19:15Z', 'revision_number': 1} available for tenant
2025-12-09 10:19:24.001 66749 INFO tempest.lib.common.rest_client [req-0bc126e6-a3ef-4c08-9b26-303b9c46f8a8 req-0bc126e6-a3ef-4c08-9b26-303b9c46f8a8 ] Request (MigrationsAdminTest:test_list_migrations_in_flavor_resize_situation): 200 GET http://10.180.1.21/compute/v2.1/servers/c5bd6e86-9cde-427d-b35b-1dc56824c5f2 3.590s
2025-12-09 10:19:24.008 66761 INFO tempest.lib.common.rest_client [req-ad57ed25-23aa-44b7-b203-de59e88b76b6 req-ad57ed25-23aa-44b7-b203-de59e88b76b6 ] Request (HypervisorAdminNegativeTestJSON:test_show_hypervisor_with_non_admin_user): 403 GET http://10.180.1.21/compute/v2.1/os-hypervisors/1 3.545s
2025-12-09 10:19:24.008 66749 INFO tempest.common.waiters [-] State transition "BUILD/None" ==> "BUILD/spawning" after 16 second wait
2025-12-09 10:19:24.032 66731 INFO tempest.lib.common.rest_client [req-dde0c375-6e2e-4757-a3c0-ee27099c7ac7 req-dde0c375-6e2e-4757-a3c0-ee27099c7ac7 ] Request (FlavorsV261TestJSON:_run_cleanups): 202 DELETE http://10.180.1.21/compute/v2.1/flavors/1296237131 3.537s
2025-12-09 10:19:24.050 66701 INFO tempest.lib.common.rest_client [req-747553d0-0131-4b9a-a7d9-66e3281c962c req-747553d0-0131-4b9a-a7d9-66e3281c962c ] Request (KeyPairsV210TestJSON:_run_cleanups): 204 DELETE http://10.180.1.21/compute/v2.1/os-keypairs/tempest-keypair-1682690766?user_id=565b7995c15f42fd907a30136a3d34dd 3.541s
2025-12-09 10:19:24.062 66739 INFO tempest.lib.common.rest_client [req-18f32026-b9df-42eb-98be-c6f4dcba02d0 req-18f32026-b9df-42eb-98be-c6f4dcba02d0 ] Request (FlavorsExtraSpecsNegativeTestJSON:test_flavor_unset_nonexistent_key): 404 DELETE http://10.180.1.21/compute/v2.1/flavors/587094190/os-extra_specs/hw:cpu_thread_policy 3.545s
2025-12-09 10:19:24.178 66701 INFO tempest.lib.common.rest_client [req-0a5eda28-8b19-480b-b869-237374aeee70 req-0a5eda28-8b19-480b-b869-237374aeee70 ] Request (KeyPairsV210TestJSON:tearDownClass): 204 DELETE http://10.180.1.21/identity/v3/users/565b7995c15f42fd907a30136a3d34dd 0.122s
2025-12-09 10:19:24.221 66755 INFO tempest.lib.common.rest_client [req-99a379f5-91c8-47e6-b1c1-0a154583c2a3 req-99a379f5-91c8-47e6-b1c1-0a154583c2a3 ] Request (ListImageFiltersTestJSON:setUpClass): 201 POST http://10.180.1.21/image/v2/images 0.595s
2025-12-09 10:19:24.300 66701 INFO tempest.lib.common.rest_client [req-fcad1015-9c0e-44ee-9fd5-277ab39e1805 req-fcad1015-9c0e-44ee-9fd5-277ab39e1805 ] Request (KeyPairsV210TestJSON:tearDownClass): 204 DELETE http://10.180.1.21/identity/v3/users/58e526e3d60d428bbeb0bd87d0f8c818 0.121s
2025-12-09 10:19:24.300 66701 INFO tempest.lib.common.dynamic_creds [-] Deleting project and security group for project: 9341bf7f8a5245c5834122fdcf11dcbb
2025-12-09 10:19:24.320 66743 INFO tempest.lib.common.rest_client [req-7cb5ae21-e9dd-413b-9229-026f01c6f3e5 req-7cb5ae21-e9dd-413b-9229-026f01c6f3e5 ] Request (ImagesOneServerNegativeTestJSON:setUpClass): 201 POST http://10.180.1.21/networking/v2.0/networks 0.822s
2025-12-09 10:19:24.365 66701 INFO tempest.lib.common.rest_client [req-b96d7dad-badc-4f21-a491-902557ef235b req-b96d7dad-badc-4f21-a491-902557ef235b ] Request (KeyPairsV210TestJSON:tearDownClass): 201 POST http://10.180.1.21/identity/v3/auth/tokens 0.065s
2025-12-09 10:19:24.587 66763 INFO tempest.lib.common.rest_client [req-18f68d1f-42b2-4b95-9202-31ce66babee2 req-18f68d1f-42b2-4b95-9202-31ce66babee2 ] Request (AttachInterfacesTestJSON:setUpClass): 201 POST http://10.180.1.21/networking/v2.0/networks 1.031s
2025-12-09 10:19:24.690 66741 INFO tempest.lib.common.rest_client [req-8d8747e0-c990-4c4f-ac4b-9fe92191eaca req-8d8747e0-c990-4c4f-ac4b-9fe92191eaca ] Request (QuotaClassesAdmin257Test:tearDownClass): 200 GET http://10.180.1.21/networking/v2.0/security-groups?tenant_id=b19b3fb97253437da452f27dbaec4cc1&name=default 1.039s
2025-12-09 10:19:24.725 66765 INFO tempest.lib.common.rest_client [req-84f05741-c494-48ea-ac05-8ac8909918c8 req-84f05741-c494-48ea-ac05-8ac8909918c8 ] Request (SecurityGroupRulesTestJSON:test_security_group_rules_create_with_optional_cidr): 200 POST http://10.180.1.21/compute/v2.1/os-security-group-rules 4.287s
2025-12-09 10:19:24.897 66743 INFO tempest.lib.common.rest_client [req-4535e6d8-d416-46b6-acce-1a49a530809a req-4535e6d8-d416-46b6-acce-1a49a530809a ] Request (ImagesOneServerNegativeTestJSON:setUpClass): 201 POST http://10.180.1.21/networking/v2.0/subnets 0.577s
2025-12-09 10:19:24.960 66701 INFO tempest.lib.common.rest_client [req-7d3c19fd-76e2-439d-bf7a-66663180108d req-7d3c19fd-76e2-439d-bf7a-66663180108d ] Request (KeyPairsV210TestJSON:tearDownClass): 200 GET http://10.180.1.21/networking/v2.0/security-groups?tenant_id=9341bf7f8a5245c5834122fdcf11dcbb&name=default 0.594s
2025-12-09 10:19:25.083 66763 INFO tempest.lib.common.rest_client [req-e5852be1-37bd-4a8b-ad18-e6468c32f477 req-e5852be1-37bd-4a8b-ad18-e6468c32f477 ] Request (AttachInterfacesTestJSON:setUpClass): 201 POST http://10.180.1.21/networking/v2.0/subnets 0.495s
2025-12-09 10:19:25.183 66741 INFO tempest.lib.common.rest_client [req-3c0fc037-e9ab-4972-949a-270ad46f7267 req-3c0fc037-e9ab-4972-949a-270ad46f7267 ] Request (QuotaClassesAdmin257Test:tearDownClass): 204 DELETE http://10.180.1.21/networking/v2.0/security-groups/0242c199-59b5-4b7e-b5fc-e27249c6b50d 0.493s
2025-12-09 10:19:25.285 66741 INFO tempest.lib.common.rest_client [req-e3fe7117-bbe7-4701-8806-438ef9a41e3f req-e3fe7117-bbe7-4701-8806-438ef9a41e3f ] Request (QuotaClassesAdmin257Test:tearDownClass): 204 DELETE http://10.180.1.21/identity/v3/projects/b19b3fb97253437da452f27dbaec4cc1 0.101s
2025-12-09 10:19:25.341 66751 INFO tempest.lib.common.rest_client [req-e8dfb54d-a787-4923-8837-0a7ad86ad19e req-e8dfb54d-a787-4923-8837-0a7ad86ad19e ] Request (InstanceActionsTestJSON:setUpClass): 200 GET http://10.180.1.21/compute/v2.1/servers/b5e124ed-144a-4c81-8778-e58b96566295 4.775s
2025-12-09 10:19:25.379 66741 INFO tempest.lib.common.rest_client [req-e7d5286e-81d4-4243-9f7d-169fcac81798 req-e7d5286e-81d4-4243-9f7d-169fcac81798 ] Request (ServersAdminTestJSON:setUpClass): 201 POST http://10.180.1.21/identity/v3/auth/tokens 0.092s
2025-12-09 10:19:25.418 66741 INFO tempest.lib.common.rest_client [req-388414a8-8ecc-4696-93ff-bea317c4b21a req-388414a8-8ecc-4696-93ff-bea317c4b21a ] Request (ServersAdminTestJSON:setUpClass): 201 POST http://10.180.1.21/identity/v3/auth/tokens 0.034s
2025-12-09 10:19:25.447 66741 INFO tempest.lib.common.rest_client [req-e70fdc55-e96e-46b7-ae17-a6ec29a36fb9 req-e70fdc55-e96e-46b7-ae17-a6ec29a36fb9 ] Request (ServersAdminTestJSON:setUpClass): 200 GET http://10.180.1.21/identity/v3/domains?name=Default 0.028s
2025-12-09 10:19:25.453 66701 INFO tempest.lib.common.rest_client [req-b58f7dd1-e88e-40ba-96fe-c65aa2d38610 req-b58f7dd1-e88e-40ba-96fe-c65aa2d38610 ] Request (KeyPairsV210TestJSON:tearDownClass): 204 DELETE http://10.180.1.21/networking/v2.0/security-groups/1f70b33f-9034-4692-a72c-dc90baeacab8 0.493s
2025-12-09 10:19:25.481 66741 INFO tempest.lib.common.rest_client [req-94a05cf7-f16f-4dac-badb-e4fe638ac2dc req-94a05cf7-f16f-4dac-badb-e4fe638ac2dc ] Request (ServersAdminTestJSON:setUpClass): 201 POST http://10.180.1.21/identity/v3/projects 0.033s
2025-12-09 10:19:25.556 66741 INFO tempest.lib.common.rest_client [req-2d9e24ce-5961-426d-9ee1-fc76a0282b9b req-2d9e24ce-5961-426d-9ee1-fc76a0282b9b ] Request (ServersAdminTestJSON:setUpClass): 201 POST http://10.180.1.21/identity/v3/users 0.074s
2025-12-09 10:19:25.578 66701 INFO tempest.lib.common.rest_client [req-ac89cace-3559-41cc-b3ac-891293afb38e req-ac89cace-3559-41cc-b3ac-891293afb38e ] Request (KeyPairsV210TestJSON:tearDownClass): 204 DELETE http://10.180.1.21/identity/v3/projects/9341bf7f8a5245c5834122fdcf11dcbb 0.124s
2025-12-09 10:19:25.579 66701 INFO tempest.lib.common.dynamic_creds [-] Deleting project and security group for project: 2c26f26f6d294419b0fd39a8fb359198
2025-12-09 10:19:25.645 66741 INFO tempest.lib.common.rest_client [req-58b5b08b-1857-45a0-a3d9-ada6608a32ab req-58b5b08b-1857-45a0-a3d9-ada6608a32ab ] Request (ServersAdminTestJSON:setUpClass): 200 GET http://10.180.1.21/identity/v3/roles 0.088s
2025-12-09 10:19:25.695 66741 INFO tempest.lib.common.rest_client [req-c5fe1cc9-c549-41ad-ae3d-5befc9f15299 req-c5fe1cc9-c549-41ad-ae3d-5befc9f15299 ] Request (ServersAdminTestJSON:setUpClass): 204 PUT http://10.180.1.21/identity/v3/projects/24c551957e7e457d8b8385646f9635e5/users/d22e8fd7800f40a1b6599c3f5858e731/roles/14dc37c80b7d46aa9df08cdace771dd1 0.050s
2025-12-09 10:19:25.695 66741 INFO tempest.lib.common.dynamic_creds [-] Dynamic test user d22e8fd7800f40a1b6599c3f5858e731 is created with scope project and roles: ['member']
2025-12-09 10:19:25.696 66741 INFO tempest.lib.common.dynamic_creds [-] Acquired dynamic creds: credentials: Credentials: {'domain_id': 'default', 'domain_name': 'Default', 'username': 'tempest-ServersAdminTestJSON-456582313-project-member', 'project_domain_id': 'default', 'project_domain_name': 'Default', 'project_id': '24c551957e7e457d8b8385646f9635e5', 'project_name': 'tempest-ServersAdminTestJSON-456582313', 'tenant_id': '24c551957e7e457d8b8385646f9635e5', 'tenant_name': 'tempest-ServersAdminTestJSON-456582313', 'user_domain_id': 'default', 'user_domain_name': 'Default', 'user_id': 'd22e8fd7800f40a1b6599c3f5858e731', 'system': None}, Network: None, Subnet: None, Router: None
2025-12-09 10:19:25.767 66741 INFO tempest.lib.common.rest_client [req-d390b879-9a2e-49da-9647-e24e8dee8e17 req-d390b879-9a2e-49da-9647-e24e8dee8e17 ] Request (ServersAdminTestJSON:setUpClass): 201 POST http://10.180.1.21/identity/v3/auth/tokens 0.071s
2025-12-09 10:19:26.061 66755 INFO tempest.lib.common.rest_client [req-5f864928-beb1-4683-9131-d1b84bf252b9 req-5f864928-beb1-4683-9131-d1b84bf252b9 ] Request (ListImageFiltersTestJSON:setUpClass): 204 PUT http://10.180.1.21/image/v2/images/18670f19-ec37-4282-9882-49ac4d1a54e8/file 0.839s
2025-12-09 10:19:26.081 66743 INFO tempest.lib.common.rest_client [req-336b7369-76c4-42e1-9027-022d2590eb87 req-336b7369-76c4-42e1-9027-022d2590eb87 ] Request (ImagesOneServerNegativeTestJSON:setUpClass): 201 POST http://10.180.1.21/networking/v2.0/routers 1.183s
2025-12-09 10:19:26.181 66753 INFO tempest.lib.common.rest_client [req-3f552ebc-ee6a-4485-9dfc-904fbad985a4 req-3f552ebc-ee6a-4485-9dfc-904fbad985a4 ] Request (ServerDiagnosticsTest:test_get_server_diagnostics): 200 GET http://10.180.1.21/compute/v2.1/servers/e0fe7a11-152e-41fc-bde5-a62bd0ff9b8d 5.438s
2025-12-09 10:19:26.186 66763 INFO tempest.lib.common.rest_client [req-fe20420d-cf3b-4ae4-b82f-68ad8dd00973 req-fe20420d-cf3b-4ae4-b82f-68ad8dd00973 ] Request (AttachInterfacesTestJSON:setUpClass): 201 POST http://10.180.1.21/networking/v2.0/routers 1.103s
2025-12-09 10:19:26.213 66759 INFO tempest.lib.common.rest_client [req-a8cb632a-8f97-4b1e-9597-f3b3d8e3377e req-a8cb632a-8f97-4b1e-9597-f3b3d8e3377e ] Request (ServerExternalEventsTest:test_create_server_external_events): 200 GET http://10.180.1.21/compute/v2.1/servers/50e9b3a7-056c-4515-9788-c0ad32f918f8 5.277s
2025-12-09 10:19:26.336 66701 INFO tempest.lib.common.rest_client [req-46d3fcc9-6a5f-4e8e-a11f-38ed40789aaf req-46d3fcc9-6a5f-4e8e-a11f-38ed40789aaf ] Request (KeyPairsV210TestJSON:tearDownClass): 200 GET http://10.180.1.21/networking/v2.0/security-groups?tenant_id=2c26f26f6d294419b0fd39a8fb359198&name=default 0.756s
2025-12-09 10:19:26.651 66741 INFO tempest.lib.common.rest_client [req-20f8d38f-ce67-4cc1-9ff1-f6dfca63b6ce req-20f8d38f-ce67-4cc1-9ff1-f6dfca63b6ce ] Request (ServersAdminTestJSON:setUpClass): 201 POST http://10.180.1.21/networking/v2.0/networks 0.883s
2025-12-09 10:19:27.506 66743 INFO tempest.lib.common.rest_client [req-ac565b32-a159-4267-a562-7da160ef1567 req-ac565b32-a159-4267-a562-7da160ef1567 ] Request (ImagesOneServerNegativeTestJSON:setUpClass): 200 PUT http://10.180.1.21/networking/v2.0/routers/09025897-a554-4c4b-ad4c-b740097ff00b/add_router_interface 1.424s
2025-12-09 10:19:27.506 66743 INFO tempest.lib.common.dynamic_creds [-] Created isolated network resources for: credentials: Credentials: {'domain_id': 'default', 'domain_name': 'Default', 'username': 'tempest-ImagesOneServerNegativeTestJSON-317969175-project-member', 'project_domain_id': 'default', 'project_domain_name': 'Default', 'project_id': '3579663a54df4e7f8560a3c8fae25bd1', 'project_name': 'tempest-ImagesOneServerNegativeTestJSON-317969175', 'tenant_id': '3579663a54df4e7f8560a3c8fae25bd1', 'tenant_name': 'tempest-ImagesOneServerNegativeTestJSON-317969175', 'user_domain_id': 'default', 'user_domain_name': 'Default', 'user_id': '3f36ca11c1ae4afba21482e708373687', 'system': None}, Network: {'id': '02118ebb-46a6-4162-bdcd-0b515412a976', 'name': 'tempest-ImagesOneServerNegativeTestJSON-627465505-network', 'tenant_id': '3579663a54df4e7f8560a3c8fae25bd1', 'project_id': '3579663a54df4e7f8560a3c8fae25bd1', 'admin_state_up': True, 'mtu': 8950, 'status': 'ACTIVE', 'subnets': [], 'shared': False, 'port_security_enabled': True, 'router:external': False, 'provider:network_type': 'vlan', 'provider:physical_network': 'default', 'provider:segmentation_id': 247, 'availability_zone_hints': [], 'availability_zones': [], 'ipv4_address_scope': None, 'ipv6_address_scope': None, 'description': '', 'tags': [], 'created_at': '2025-12-09T10:19:24Z', 'updated_at': '2025-12-09T10:19:24Z', 'revision_number': 1}, Subnet: {'id': '6e836bbd-e1be-4d25-a5f6-31ad19cf99cc', 'name': 'tempest-ImagesOneServerNegativeTestJSON-627465505-subnet', 'tenant_id': '3579663a54df4e7f8560a3c8fae25bd1', 'network_id': '02118ebb-46a6-4162-bdcd-0b515412a976', 'ip_version': 4, 'subnetpool_id': None, 'enable_dhcp': True, 'ipv6_ra_mode': None, 'ipv6_address_mode': None, 'gateway_ip': '192.168.128.1', 'cidr': '192.168.128.0/28', 'allocation_pools': [{'start': '192.168.128.2', 'end': '192.168.128.14'}], 'host_routes': [], 'dns_nameservers': [], 'description': '', 'router:external': False, 'service_types': [], 'tags': [], 'created_at': '2025-12-09T10:19:24Z', 'updated_at': '2025-12-09T10:19:24Z', 'revision_number': 0, 'project_id': '3579663a54df4e7f8560a3c8fae25bd1'}, Router: {'id': '09025897-a554-4c4b-ad4c-b740097ff00b', 'name': 'tempest-ImagesOneServerNegativeTestJSON-627465505-router', 'tenant_id': '3579663a54df4e7f8560a3c8fae25bd1', 'admin_state_up': True, 'status': 'ACTIVE', 'external_gateway_info': {'network_id': '1e8b0611-1865-4ee6-90aa-9dc6793a7667', 'external_fixed_ips': [{'subnet_id': 'c9930072-81a3-4e0c-8cd8-fea7f9b6281a', 'ip_address': '10.180.180.250'}], 'enable_snat': True}, 'description': '', 'availability_zones': [], 'distributed': False, 'ha': False, 'availability_zone_hints': [], 'routes': [], 'flavor_id': None, 'tags': [], 'created_at': '2025-12-09T10:19:25Z', 'updated_at': '2025-12-09T10:19:25Z', 'revision_number': 2, 'project_id': '3579663a54df4e7f8560a3c8fae25bd1'}
2025-12-09 10:19:27.622 66743 INFO tempest.lib.common.rest_client [req-05fb3d61-5a63-422b-b58e-d85fb7b6403a req-05fb3d61-5a63-422b-b58e-d85fb7b6403a ] Request (ImagesOneServerNegativeTestJSON:setUpClass): 201 POST http://10.180.1.21/identity/v3/auth/tokens 0.112s
2025-12-09 10:19:27.666 66743 INFO tempest.lib.common.rest_client [req-b7e84604-4ea8-4d47-9109-682a11742c77 req-b7e84604-4ea8-4d47-9109-682a11742c77 ] Request (ImagesOneServerNegativeTestJSON:setUpClass): 201 POST http://10.180.1.21/identity/v3/auth/tokens 0.041s
2025-12-09 10:19:27.667 66743 INFO tempest.lib.common.fixed_network [-] (ImagesOneServerNegativeTestJSON:setUpClass) Found network {'id': '02118ebb-46a6-4162-bdcd-0b515412a976', 'name': 'tempest-ImagesOneServerNegativeTestJSON-627465505-network', 'tenant_id': '3579663a54df4e7f8560a3c8fae25bd1', 'project_id': '3579663a54df4e7f8560a3c8fae25bd1', 'admin_state_up': True, 'mtu': 8950, 'status': 'ACTIVE', 'subnets': [], 'shared': False, 'port_security_enabled': True, 'router:external': False, 'provider:network_type': 'vlan', 'provider:physical_network': 'default', 'provider:segmentation_id': 247, 'availability_zone_hints': [], 'availability_zones': [], 'ipv4_address_scope': None, 'ipv6_address_scope': None, 'description': '', 'tags': [], 'created_at': '2025-12-09T10:19:24Z', 'updated_at': '2025-12-09T10:19:24Z', 'revision_number': 1} available for tenant
2025-12-09 10:19:27.844 66727 INFO tempest.lib.common.rest_client [req-7c2a5567-a50d-4f3c-81ef-ea3e0ecaa801 req-7c2a5567-a50d-4f3c-81ef-ea3e0ecaa801 ] Request (VolumesAssistedSnapshotsTest:test_volume_assisted_snapshot_create_delete): 200 GET http://10.180.1.21/compute/v2.1/servers/ade7856c-5df1-4d8d-a85c-5527f19c5e3e 6.838s
2025-12-09 10:19:27.857 66727 INFO tempest.common.waiters [-] State transition "BUILD/scheduling" ==> "BUILD/None" after 7 second wait
2025-12-09 10:19:27.925 66701 INFO tempest.lib.common.rest_client [req-a4338f6b-c9c9-4640-9846-fda11605e264 req-a4338f6b-c9c9-4640-9846-fda11605e264 ] Request (KeyPairsV210TestJSON:tearDownClass): 204 DELETE http://10.180.1.21/networking/v2.0/security-groups/bf2ca7fa-f65e-4c05-82d9-dfb9d30d9a42 1.588s
2025-12-09 10:19:27.984 66729 INFO tempest.lib.common.rest_client [req-187ac197-4a9f-4aa7-ba48-5c8bb610e7d5 req-187ac197-4a9f-4aa7-ba48-5c8bb610e7d5 ] Request (ServersAdmin275Test:test_rebuild_update_server_275): 202 POST http://10.180.1.21/compute/v2.1/servers/62fa9d90-35d3-4488-af12-e0e30bf52b28/action 6.958s
2025-12-09 10:19:28.045 66701 INFO tempest.lib.common.rest_client [req-94e378ad-5d71-4afb-a14b-3af1bb581c38 req-94e378ad-5d71-4afb-a14b-3af1bb581c38 ] Request (KeyPairsV210TestJSON:tearDownClass): 204 DELETE http://10.180.1.21/identity/v3/projects/2c26f26f6d294419b0fd39a8fb359198 0.119s
2025-12-09 10:19:28.127 66701 INFO tempest.lib.common.rest_client [req-7441ffb7-4b28-48d0-9838-0264e83f9287 req-7441ffb7-4b28-48d0-9838-0264e83f9287 ] Request (ServicesAdminNegativeV253TestJSON:setUpClass): 201 POST http://10.180.1.21/identity/v3/auth/tokens 0.081s
2025-12-09 10:19:28.166 66701 INFO tempest.lib.common.rest_client [req-3de9cb8f-b21e-4cb9-9aee-af615246bc66 req-3de9cb8f-b21e-4cb9-9aee-af615246bc66 ] Request (ServicesAdminNegativeV253TestJSON:setUpClass): 201 POST http://10.180.1.21/identity/v3/auth/tokens 0.035s
2025-12-09 10:19:28.168 66741 INFO tempest.lib.common.rest_client [req-8647d646-4a6c-4fe9-955a-ae4fdf828976 req-8647d646-4a6c-4fe9-955a-ae4fdf828976 ] Request (ServersAdminTestJSON:setUpClass): 201 POST http://10.180.1.21/networking/v2.0/subnets 1.517s
2025-12-09 10:19:28.195 66701 INFO tempest.lib.common.rest_client [req-2c61a3c1-2ae6-4366-b831-416aade8201a req-2c61a3c1-2ae6-4366-b831-416aade8201a ] Request (ServicesAdminNegativeV253TestJSON:setUpClass): 200 GET http://10.180.1.21/identity/v3/domains?name=Default 0.028s
2025-12-09 10:19:28.222 66701 INFO tempest.lib.common.rest_client [req-330a9f3f-8c83-4a59-b4ef-bfbad757ecb4 req-330a9f3f-8c83-4a59-b4ef-bfbad757ecb4 ] Request (ServicesAdminNegativeV253TestJSON:setUpClass): 201 POST http://10.180.1.21/identity/v3/projects 0.027s
2025-12-09 10:19:28.281 66701 INFO tempest.lib.common.rest_client [req-6bae1b7e-ad51-4bc0-accb-9336f4e7b097 req-6bae1b7e-ad51-4bc0-accb-9336f4e7b097 ] Request (ServicesAdminNegativeV253TestJSON:setUpClass): 201 POST http://10.180.1.21/identity/v3/users 0.058s
2025-12-09 10:19:28.303 66701 INFO tempest.lib.common.rest_client [req-19149474-077d-45fa-8a31-350c1949498b req-19149474-077d-45fa-8a31-350c1949498b ] Request (ServicesAdminNegativeV253TestJSON:setUpClass): 200 GET http://10.180.1.21/identity/v3/roles 0.021s
2025-12-09 10:19:28.341 66701 INFO tempest.lib.common.rest_client [req-68b6f55b-e5bf-4e4e-a1e4-995382ed035c req-68b6f55b-e5bf-4e4e-a1e4-995382ed035c ] Request (ServicesAdminNegativeV253TestJSON:setUpClass): 204 PUT http://10.180.1.21/identity/v3/projects/44207ec8b332490aa8da0dbd95fc284a/users/99e002b24efa49b8983c59bdb96bf37e/roles/14dc37c80b7d46aa9df08cdace771dd1 0.037s
2025-12-09 10:19:28.341 66701 INFO tempest.lib.common.dynamic_creds [-] Dynamic test user 99e002b24efa49b8983c59bdb96bf37e is created with scope project and roles: ['member']
2025-12-09 10:19:28.341 66701 INFO tempest.lib.common.dynamic_creds [-] Acquired dynamic creds: credentials: Credentials: {'domain_id': 'default', 'domain_name': 'Default', 'username': 'tempest-ServicesAdminNegativeV253TestJSON-205659837-project-member', 'project_domain_id': 'default', 'project_domain_name': 'Default', 'project_id': '44207ec8b332490aa8da0dbd95fc284a', 'project_name': 'tempest-ServicesAdminNegativeV253TestJSON-205659837', 'tenant_id': '44207ec8b332490aa8da0dbd95fc284a', 'tenant_name': 'tempest-ServicesAdminNegativeV253TestJSON-205659837', 'user_domain_id': 'default', 'user_domain_name': 'Default', 'user_id': '99e002b24efa49b8983c59bdb96bf37e', 'system': None}, Network: None, Subnet: None, Router: None
2025-12-09 10:19:28.341 66701 INFO tempest.lib.common.dynamic_creds [-] Created isolated network resources for: credentials: Credentials: {'domain_id': 'default', 'domain_name': 'Default', 'username': 'tempest-ServicesAdminNegativeV253TestJSON-205659837-project-member', 'project_domain_id': 'default', 'project_domain_name': 'Default', 'project_id': '44207ec8b332490aa8da0dbd95fc284a', 'project_name': 'tempest-ServicesAdminNegativeV253TestJSON-205659837', 'tenant_id': '44207ec8b332490aa8da0dbd95fc284a', 'tenant_name': 'tempest-ServicesAdminNegativeV253TestJSON-205659837', 'user_domain_id': 'default', 'user_domain_name': 'Default', 'user_id': '99e002b24efa49b8983c59bdb96bf37e', 'system': None}, Network: None, Subnet: None, Router: None
2025-12-09 10:19:28.419 66701 INFO tempest.lib.common.rest_client [req-4abcd5be-f7d2-41ad-a966-6877eed48053 req-4abcd5be-f7d2-41ad-a966-6877eed48053 ] Request (ServicesAdminNegativeV253TestJSON:setUpClass): 201 POST http://10.180.1.21/identity/v3/auth/tokens 0.075s
2025-12-09 10:19:28.492 66763 INFO tempest.lib.common.rest_client [req-5dc5871d-0601-4f70-b42d-1351ff4e33bc req-5dc5871d-0601-4f70-b42d-1351ff4e33bc ] Request (AttachInterfacesTestJSON:setUpClass): 200 PUT http://10.180.1.21/networking/v2.0/routers/23d5d1a0-afc5-40e8-ba61-96a3bca8edcf/add_router_interface 2.305s
2025-12-09 10:19:28.492 66763 INFO tempest.lib.common.dynamic_creds [-] Created isolated network resources for: credentials: Credentials: {'domain_id': 'default', 'domain_name': 'Default', 'username': 'tempest-AttachInterfacesTestJSON-748429391-project-member', 'project_domain_id': 'default', 'project_domain_name': 'Default', 'project_id': '33e4f1dc6d63452d8afaa0917671fad8', 'project_name': 'tempest-AttachInterfacesTestJSON-748429391', 'tenant_id': '33e4f1dc6d63452d8afaa0917671fad8', 'tenant_name': 'tempest-AttachInterfacesTestJSON-748429391', 'user_domain_id': 'default', 'user_domain_name': 'Default', 'user_id': 'e317430bb88047ada55adc32cb876bbd', 'system': None}, Network: {'id': 'c3701f8a-dd15-4277-8247-4659c19db789', 'name': 'tempest-AttachInterfacesTestJSON-158614187-network', 'tenant_id': '33e4f1dc6d63452d8afaa0917671fad8', 'project_id': '33e4f1dc6d63452d8afaa0917671fad8', 'admin_state_up': True, 'mtu': 8950, 'status': 'ACTIVE', 'subnets': [], 'shared': False, 'port_security_enabled': True, 'router:external': False, 'provider:network_type': 'vlan', 'provider:physical_network': 'default', 'provider:segmentation_id': 737, 'availability_zone_hints': [], 'availability_zones': [], 'ipv4_address_scope': None, 'ipv6_address_scope': None, 'description': '', 'tags': [], 'created_at': '2025-12-09T10:19:24Z', 'updated_at': '2025-12-09T10:19:24Z', 'revision_number': 1}, Subnet: {'id': 'c521486a-f932-43ae-9073-f1c32d0e4756', 'name': 'tempest-AttachInterfacesTestJSON-158614187-subnet', 'tenant_id': '33e4f1dc6d63452d8afaa0917671fad8', 'network_id': 'c3701f8a-dd15-4277-8247-4659c19db789', 'ip_version': 4, 'subnetpool_id': None, 'enable_dhcp': True, 'ipv6_ra_mode': None, 'ipv6_address_mode': None, 'gateway_ip': '192.168.128.1', 'cidr': '192.168.128.0/28', 'allocation_pools': [{'start': '192.168.128.2', 'end': '192.168.128.14'}], 'host_routes': [], 'dns_nameservers': [], 'description': '', 'router:external': False, 'service_types': [], 'tags': [], 'created_at': '2025-12-09T10:19:24Z', 'updated_at': '2025-12-09T10:19:24Z', 'revision_number': 0, 'project_id': '33e4f1dc6d63452d8afaa0917671fad8'}, Router: {'id': '23d5d1a0-afc5-40e8-ba61-96a3bca8edcf', 'name': 'tempest-AttachInterfacesTestJSON-158614187-router', 'tenant_id': '33e4f1dc6d63452d8afaa0917671fad8', 'admin_state_up': True, 'status': 'ACTIVE', 'external_gateway_info': {'network_id': '1e8b0611-1865-4ee6-90aa-9dc6793a7667', 'external_fixed_ips': [{'subnet_id': 'c9930072-81a3-4e0c-8cd8-fea7f9b6281a', 'ip_address': '10.180.180.213'}], 'enable_snat': True}, 'description': '', 'availability_zones': [], 'distributed': False, 'ha': False, 'availability_zone_hints': [], 'routes': [], 'flavor_id': None, 'tags': [], 'created_at': '2025-12-09T10:19:25Z', 'updated_at': '2025-12-09T10:19:25Z', 'revision_number': 2, 'project_id': '33e4f1dc6d63452d8afaa0917671fad8'}
2025-12-09 10:19:28.500 66701 INFO tempest.lib.common.rest_client [req-f393a8fa-661c-42a4-9045-8f7cc80cd21d req-f393a8fa-661c-42a4-9045-8f7cc80cd21d ] Request (ServicesAdminNegativeV253TestJSON:setUpClass): 201 POST http://10.180.1.21/identity/v3/projects 0.080s
2025-12-09 10:19:28.581 66701 INFO tempest.lib.common.rest_client [req-eb9bf2f7-e4ef-4916-a9c9-da592ab5097b req-eb9bf2f7-e4ef-4916-a9c9-da592ab5097b ] Request (ServicesAdminNegativeV253TestJSON:setUpClass): 201 POST http://10.180.1.21/identity/v3/users 0.079s
2025-12-09 10:19:28.586 66763 INFO tempest.lib.common.rest_client [req-a2a9cc9b-b96c-47ad-be84-4b556ae3e9e6 req-a2a9cc9b-b96c-47ad-be84-4b556ae3e9e6 ] Request (AttachInterfacesTestJSON:setUpClass): 201 POST http://10.180.1.21/identity/v3/auth/tokens 0.090s
2025-12-09 10:19:28.610 66701 INFO tempest.lib.common.rest_client [req-aac86484-aae2-47e3-92fa-73131abdbd68 req-aac86484-aae2-47e3-92fa-73131abdbd68 ] Request (ServicesAdminNegativeV253TestJSON:setUpClass): 200 GET http://10.180.1.21/identity/v3/roles 0.029s
2025-12-09 10:19:28.647 66701 INFO tempest.lib.common.rest_client [req-24ea4e80-9dfc-4e05-91ea-3a5c32707f6d req-24ea4e80-9dfc-4e05-91ea-3a5c32707f6d ] Request (ServicesAdminNegativeV253TestJSON:setUpClass): 204 PUT http://10.180.1.21/identity/v3/projects/b4389ff43bbb47edb2502d0a5995dd3e/users/ac7063c3a93c402c9f2f25449351663b/roles/6efe1da23d994cb38f74b489bc8e943d 0.036s
2025-12-09 10:19:28.721 66701 INFO tempest.lib.common.rest_client [req-4b966cbd-015d-4d40-9149-1f625bd3ead0 req-4b966cbd-015d-4d40-9149-1f625bd3ead0 ] Request (ServicesAdminNegativeV253TestJSON:setUpClass): 200 GET http://10.180.1.21/identity/v3/roles 0.074s
2025-12-09 10:19:28.741 66701 INFO tempest.lib.common.rest_client [req-c2a60b65-7338-42ad-86a9-95df7a32a4ce req-c2a60b65-7338-42ad-86a9-95df7a32a4ce ] Request (ServicesAdminNegativeV253TestJSON:setUpClass): 204 PUT http://10.180.1.21/identity/v3/projects/b4389ff43bbb47edb2502d0a5995dd3e/users/ac7063c3a93c402c9f2f25449351663b/roles/6efe1da23d994cb38f74b489bc8e943d 0.020s
2025-12-09 10:19:28.742 66701 INFO tempest.lib.common.dynamic_creds [-] Dynamic test user ac7063c3a93c402c9f2f25449351663b is created with scope project and roles: ['admin']
2025-12-09 10:19:28.742 66701 INFO tempest.lib.common.dynamic_creds [-] Acquired dynamic creds: credentials: Credentials: {'domain_id': 'default', 'domain_name': 'Default', 'username': 'tempest-ServicesAdminNegativeV253TestJSON-1964965644-project-admin', 'project_domain_id': 'default', 'project_domain_name': 'Default', 'project_id': 'b4389ff43bbb47edb2502d0a5995dd3e', 'project_name': 'tempest-ServicesAdminNegativeV253TestJSON-1964965644', 'tenant_id': 'b4389ff43bbb47edb2502d0a5995dd3e', 'tenant_name': 'tempest-ServicesAdminNegativeV253TestJSON-1964965644', 'user_domain_id': 'default', 'user_domain_name': 'Default', 'user_id': 'ac7063c3a93c402c9f2f25449351663b', 'system': None}, Network: None, Subnet: None, Router: None
2025-12-09 10:19:28.742 66701 INFO tempest.lib.common.dynamic_creds [-] Created isolated network resources for: credentials: Credentials: {'domain_id': 'default', 'domain_name': 'Default', 'username': 'tempest-ServicesAdminNegativeV253TestJSON-1964965644-project-admin', 'project_domain_id': 'default', 'project_domain_name': 'Default', 'project_id': 'b4389ff43bbb47edb2502d0a5995dd3e', 'project_name': 'tempest-ServicesAdminNegativeV253TestJSON-1964965644', 'tenant_id': 'b4389ff43bbb47edb2502d0a5995dd3e', 'tenant_name': 'tempest-ServicesAdminNegativeV253TestJSON-1964965644', 'user_domain_id': 'default', 'user_domain_name': 'Default', 'user_id': 'ac7063c3a93c402c9f2f25449351663b', 'system': None}, Network: None, Subnet: None, Router: None
2025-12-09 10:19:28.837 66701 INFO tempest.lib.common.rest_client [req-189cde3d-20aa-4a30-9cd9-721944d1072b req-189cde3d-20aa-4a30-9cd9-721944d1072b ] Request (ServicesAdminNegativeV253TestJSON:setUpClass): 201 POST http://10.180.1.21/identity/v3/auth/tokens 0.091s
2025-12-09 10:19:29.002 66741 INFO tempest.lib.common.rest_client [req-f9779bab-4b2e-48e2-8686-59441463a2ff req-f9779bab-4b2e-48e2-8686-59441463a2ff ] Request (ServersAdminTestJSON:setUpClass): 201 POST http://10.180.1.21/networking/v2.0/routers 0.833s
2025-12-09 10:19:29.160 66725 INFO tempest.lib.common.rest_client [req-9473afa8-4d6f-4474-b5d0-6b29f0493e12 req-9473afa8-4d6f-4474-b5d0-6b29f0493e12 ] Request (SecurityGroupsTestAdminJSON:test_list_security_groups_list_all_tenants_filter): 200 GET http://10.180.1.21/compute/v2.1/os-security-groups?all_tenants=true 7.478s
2025-12-09 10:19:29.263 66717 INFO tempest.lib.common.rest_client [req-0d1a6afd-bab3-495c-a0dc-95e6bbc942cc req-0d1a6afd-bab3-495c-a0dc-95e6bbc942cc ] Request (ValidationResourcesFixture:setUp): 200 POST http://10.180.1.21/compute/v2.1/os-keypairs 7.360s
2025-12-09 10:19:29.275 66715 INFO tempest.lib.common.rest_client [req-e90de0a2-5b2e-4b45-b045-993db65b4f30 req-e90de0a2-5b2e-4b45-b045-993db65b4f30 ] Request (HostsAdminNegativeTestJSON:test_show_host_detail_with_nonexistent_hostname): 404 GET http://10.180.1.21/compute/v2.1/os-hosts/nonexistent_hostname 7.364s
2025-12-09 10:19:29.300 66703 INFO tempest.lib.common.rest_client [req-0efbdb7a-9a3b-4dec-bd81-81a578bd2f56 req-0efbdb7a-9a3b-4dec-bd81-81a578bd2f56 ] Request (AggregatesAdminNegativeTestJSON:_run_cleanups): 200 DELETE http://10.180.1.21/compute/v2.1/os-aggregates/3 7.364s
2025-12-09 10:19:30.018 66741 INFO tempest.lib.common.rest_client [req-fefca1fb-61d2-4e66-a2be-ed67a4a8274a req-fefca1fb-61d2-4e66-a2be-ed67a4a8274a ] Request (ServersAdminTestJSON:setUpClass): 200 PUT http://10.180.1.21/networking/v2.0/routers/7333b2db-b5a1-441f-906c-80dd43b1afeb/add_router_interface 1.015s
2025-12-09 10:19:30.018 66741 INFO tempest.lib.common.dynamic_creds [-] Created isolated network resources for: credentials: Credentials: {'domain_id': 'default', 'domain_name': 'Default', 'username': 'tempest-ServersAdminTestJSON-456582313-project-member', 'project_domain_id': 'default', 'project_domain_name': 'Default', 'project_id': '24c551957e7e457d8b8385646f9635e5', 'project_name': 'tempest-ServersAdminTestJSON-456582313', 'tenant_id': '24c551957e7e457d8b8385646f9635e5', 'tenant_name': 'tempest-ServersAdminTestJSON-456582313', 'user_domain_id': 'default', 'user_domain_name': 'Default', 'user_id': 'd22e8fd7800f40a1b6599c3f5858e731', 'system': None}, Network: {'id': 'e657a97b-cdac-4c39-b16c-4b7202d9bf2f', 'name': 'tempest-ServersAdminTestJSON-1876877400-network', 'tenant_id': '24c551957e7e457d8b8385646f9635e5', 'project_id': '24c551957e7e457d8b8385646f9635e5', 'admin_state_up': True, 'mtu': 8950, 'status': 'ACTIVE', 'subnets': [], 'shared': False, 'port_security_enabled': True, 'router:external': False, 'provider:network_type': 'vlan', 'provider:physical_network': 'default', 'provider:segmentation_id': 959, 'availability_zone_hints': [], 'availability_zones': [], 'ipv4_address_scope': None, 'ipv6_address_scope': None, 'description': '', 'tags': [], 'created_at': '2025-12-09T10:19:26Z', 'updated_at': '2025-12-09T10:19:26Z', 'revision_number': 1}, Subnet: {'id': 'b24e68fe-be08-4130-bb32-74d1550e6d3a', 'name': 'tempest-ServersAdminTestJSON-1876877400-subnet', 'tenant_id': '24c551957e7e457d8b8385646f9635e5', 'network_id': 'e657a97b-cdac-4c39-b16c-4b7202d9bf2f', 'ip_version': 4, 'subnetpool_id': None, 'enable_dhcp': True, 'ipv6_ra_mode': None, 'ipv6_address_mode': None, 'gateway_ip': '192.168.128.1', 'cidr': '192.168.128.0/28', 'allocation_pools': [{'start': '192.168.128.2', 'end': '192.168.128.14'}], 'host_routes': [], 'dns_nameservers': [], 'description': '', 'router:external': False, 'service_types': [], 'tags': [], 'created_at': '2025-12-09T10:19:28Z', 'updated_at': '2025-12-09T10:19:28Z', 'revision_number': 0, 'project_id': '24c551957e7e457d8b8385646f9635e5'}, Router: {'id': '7333b2db-b5a1-441f-906c-80dd43b1afeb', 'name': 'tempest-ServersAdminTestJSON-1876877400-router', 'tenant_id': '24c551957e7e457d8b8385646f9635e5', 'admin_state_up': True, 'status': 'ACTIVE', 'external_gateway_info': {'network_id': '1e8b0611-1865-4ee6-90aa-9dc6793a7667', 'external_fixed_ips': [{'subnet_id': 'c9930072-81a3-4e0c-8cd8-fea7f9b6281a', 'ip_address': '10.180.180.170'}], 'enable_snat': True}, 'description': '', 'availability_zones': [], 'distributed': False, 'ha': False, 'availability_zone_hints': [], 'routes': [], 'flavor_id': None, 'tags': [], 'created_at': '2025-12-09T10:19:28Z', 'updated_at': '2025-12-09T10:19:28Z', 'revision_number': 2, 'project_id': '24c551957e7e457d8b8385646f9635e5'}
2025-12-09 10:19:30.134 66741 INFO tempest.lib.common.rest_client [req-1eda4a3a-a175-4c73-a8a9-9de1cee77b05 req-1eda4a3a-a175-4c73-a8a9-9de1cee77b05 ] Request (ServersAdminTestJSON:setUpClass): 201 POST http://10.180.1.21/identity/v3/auth/tokens 0.113s
2025-12-09 10:19:30.234 66741 INFO tempest.lib.common.rest_client [req-a522e421-3410-49a4-98b2-959878302811 req-a522e421-3410-49a4-98b2-959878302811 ] Request (ServersAdminTestJSON:setUpClass): 201 POST http://10.180.1.21/identity/v3/projects 0.099s
2025-12-09 10:19:30.245 66717 INFO tempest.lib.common.rest_client [req-2929304c-50c3-4f31-8e65-f6b0a208811c req-2929304c-50c3-4f31-8e65-f6b0a208811c ] Request (ValidationResourcesFixture:setUp): 201 POST http://10.180.1.21/networking/v2.0/security-groups 0.979s
2025-12-09 10:19:30.267 66738 INFO tempest.lib.common.rest_client [req-8312eec2-e669-4873-8390-099225d9bde4 req-8312eec2-e669-4873-8390-099225d9bde4 ] Request (FloatingIPsTestJSON:_run_cleanups): 404 DELETE http://10.180.1.21/compute/v2.1/os-floating-ips/d88430cc-ed83-4292-903f-df375157aa5a 8.230s
2025-12-09 10:19:30.288 66711 INFO tempest.lib.common.rest_client [req-299745af-d668-4067-8473-1af034321396 req-299745af-d668-4067-8473-1af034321396 ] Request (FlavorsAdminTestJSON:_run_cleanups): 202 DELETE http://10.180.1.21/compute/v2.1/flavors/2023731972 8.223s
2025-12-09 10:19:30.312 66721 INFO tempest.lib.common.rest_client [req-5bf9e2c2-ea25-4924-a53d-5d51509c7ae7 req-5bf9e2c2-ea25-4924-a53d-5d51509c7ae7 ] Request (FlavorsAccessNegativeTestJSON:_run_cleanups): 202 DELETE http://10.180.1.21/compute/v2.1/flavors/1125102004 8.238s
2025-12-09 10:19:30.334 66707 INFO tempest.lib.common.rest_client [req-9b7cf5d0-cdb8-4506-8c7f-c209d252bf0c req-9b7cf5d0-cdb8-4506-8c7f-c209d252bf0c ] Request (FlavorsExtraSpecsTestJSON:test_flavor_set_get_update_show_unset_keys): 200 GET http://10.180.1.21/compute/v2.1/flavors/2094846235/os-extra_specs 8.195s
2025-12-09 10:19:30.335 66741 INFO tempest.lib.common.rest_client [req-5cfe8e1f-17aa-4018-bce9-4f6df5ae80bd req-5cfe8e1f-17aa-4018-bce9-4f6df5ae80bd ] Request (ServersAdminTestJSON:setUpClass): 201 POST http://10.180.1.21/identity/v3/users 0.097s
2025-12-09 10:19:30.356 66757 INFO tempest.lib.common.rest_client [req-4fff8f11-82e2-46f0-8105-9c1bae27b80a req-4fff8f11-82e2-46f0-8105-9c1bae27b80a ] Request (FlavorsAccessTestJSON:test_flavor_access_list_with_private_flavor): 200 GET http://10.180.1.21/compute/v2.1/flavors/1208251867/os-flavor-access 8.197s
2025-12-09 10:19:30.375 66741 INFO tempest.lib.common.rest_client [req-cc610c3a-c78d-4ca4-8ac6-c4501e2f7e42 req-cc610c3a-c78d-4ca4-8ac6-c4501e2f7e42 ] Request (ServersAdminTestJSON:setUpClass): 200 GET http://10.180.1.21/identity/v3/roles 0.040s
2025-12-09 10:19:30.411 66741 INFO tempest.lib.common.rest_client [req-1e598d1e-f21c-4874-a906-57c85b3714c5 req-1e598d1e-f21c-4874-a906-57c85b3714c5 ] Request (ServersAdminTestJSON:setUpClass): 204 PUT http://10.180.1.21/identity/v3/projects/541086dcf96b4ef2b784734dfb65d9fb/users/3580a461eb7d40f2b442a8a570c61a15/roles/6efe1da23d994cb38f74b489bc8e943d 0.035s
2025-12-09 10:19:30.476 66741 INFO tempest.lib.common.rest_client [req-c5a179fe-f0c8-4859-9bf4-b64c7b5793f9 req-c5a179fe-f0c8-4859-9bf4-b64c7b5793f9 ] Request (ServersAdminTestJSON:setUpClass): 200 GET http://10.180.1.21/identity/v3/roles 0.065s
2025-12-09 10:19:30.497 66741 INFO tempest.lib.common.rest_client [req-dd7cee78-d61d-4879-868a-7cfc0323e679 req-dd7cee78-d61d-4879-868a-7cfc0323e679 ] Request (ServersAdminTestJSON:setUpClass): 204 PUT http://10.180.1.21/identity/v3/projects/541086dcf96b4ef2b784734dfb65d9fb/users/3580a461eb7d40f2b442a8a570c61a15/roles/6efe1da23d994cb38f74b489bc8e943d 0.020s
2025-12-09 10:19:30.498 66741 INFO tempest.lib.common.dynamic_creds [-] Dynamic test user 3580a461eb7d40f2b442a8a570c61a15 is created with scope project and roles: ['admin']
2025-12-09 10:19:30.498 66741 INFO tempest.lib.common.dynamic_creds [-] Acquired dynamic creds: credentials: Credentials: {'domain_id': 'default', 'domain_name': 'Default', 'username': 'tempest-ServersAdminTestJSON-1641801158-project-admin', 'project_domain_id': 'default', 'project_domain_name': 'Default', 'project_id': '541086dcf96b4ef2b784734dfb65d9fb', 'project_name': 'tempest-ServersAdminTestJSON-1641801158', 'tenant_id': '541086dcf96b4ef2b784734dfb65d9fb', 'tenant_name': 'tempest-ServersAdminTestJSON-1641801158', 'user_domain_id': 'default', 'user_domain_name': 'Default', 'user_id': '3580a461eb7d40f2b442a8a570c61a15', 'system': None}, Network: None, Subnet: None, Router: None
2025-12-09 10:19:30.559 66717 INFO tempest.lib.common.rest_client [req-919a12be-03f5-4baa-b4cd-3b8695d0e9e6 req-919a12be-03f5-4baa-b4cd-3b8695d0e9e6 ] Request (ValidationResourcesFixture:setUp): 201 POST http://10.180.1.21/networking/v2.0/security-group-rules 0.313s
2025-12-09 10:19:30.639 66735 INFO tempest.lib.common.rest_client [req-4039dc46-5c86-4074-901a-f1720811589e req-4039dc46-5c86-4074-901a-f1720811589e ] Request (QuotasAdminTestV236:test_get_updated_quotas): 200 PUT http://10.180.1.21/compute/v2.1/os-quota-sets/f6641ad57791418699debc7f9545931f 8.132s
2025-12-09 10:19:31.139 66741 INFO tempest.lib.common.rest_client [req-f42ef758-e7d8-40da-949c-9c68add169c6 req-f42ef758-e7d8-40da-949c-9c68add169c6 ] Request (ServersAdminTestJSON:setUpClass): 201 POST http://10.180.1.21/networking/v2.0/networks 0.641s
2025-12-09 10:19:31.244 66717 INFO tempest.lib.common.rest_client [req-6cdc5406-abee-46d7-9e2d-7ae52ed73789 req-6cdc5406-abee-46d7-9e2d-7ae52ed73789 ] Request (ValidationResourcesFixture:setUp): 201 POST http://10.180.1.21/networking/v2.0/security-group-rules 0.683s
