2025-12-09 10:22:58.999 66727 INFO tempest.lib.common.rest_client [req-700856fc-bf19-4a96-adb7-ae83e1441f3f req-700856fc-bf19-4a96-adb7-ae83e1441f3f ] Request (QuotasAdminTestV257:test_get_updated_quotas): 200 GET http://10.180.1.21/identity/v3/domains?name=Default 0.076s
2025-12-09 10:22:59.166 66721 INFO tempest.lib.common.rest_client [req-166de28a-5c65-4eec-953c-194c2f85786b req-166de28a-5c65-4eec-953c-194c2f85786b ] Request (ServerRescueNegativeTestJSON:test_rescued_vm_detach_volume): 200 GET http://10.180.1.21/volume/v3/volumes/ce4d6715-715c-4fae-aa2d-89821e328e46 0.038s
2025-12-09 10:22:59.173 66721 INFO tempest.common.waiters [-] volume ce4d6715-715c-4fae-aa2d-89821e328e46 reached available after waiting for 1.173245 seconds
2025-12-09 10:22:59.427 66725 INFO tempest.lib.common.rest_client [req-ca1ea507-df0b-4c7e-b2a2-d88eee7fcd94 req-ca1ea507-df0b-4c7e-b2a2-d88eee7fcd94 ] Request (ServerMetadataTestJSON:tearDownClass): 200 PUT http://10.180.1.21/networking/v2.0/routers/cafb06a9-0b00-437f-9de2-553c8a8797f8/remove_router_interface 0.837s
2025-12-09 10:22:59.609 66709 WARNING tempest.lib.common.ssh [-] Failed to establish authenticated ssh connection to cirros@10.180.180.249 ([Errno None] Unable to connect to port 22 on 10.180.180.249). Number attempts: 5. Retry after 6 seconds.: paramiko.ssh_exception.NoValidConnectionsError: [Errno None] Unable to connect to port 22 on 10.180.180.249
2025-12-09 10:22:59.877 66725 INFO tempest.lib.common.rest_client [req-39e62668-c8a6-4620-849d-9554f18623e9 req-39e62668-c8a6-4620-849d-9554f18623e9 ] Request (ServerMetadataTestJSON:tearDownClass): 204 DELETE http://10.180.1.21/networking/v2.0/routers/cafb06a9-0b00-437f-9de2-553c8a8797f8 0.449s
2025-12-09 10:22:59.921 66751 INFO tempest.lib.common.rest_client [req-27dcf817-a5c1-4393-a862-c95bbad2c20e req-27dcf817-a5c1-4393-a862-c95bbad2c20e ] Request (ServerActionsV293TestJSON:test_rebuild_volume_backed_server): 200 GET http://10.180.1.21/compute/v2.1/servers/28abeb93-d9a3-4873-bc9b-2c025fd3ff89 3.002s
2025-12-09 10:22:59.935 66751 INFO tempest.common.waiters [-] State transition "REBUILD/rebuilding" ==> "ERROR/None" after 5 second wait
2025-12-09 10:23:00.039 66725 INFO tempest.lib.common.rest_client [req-26112d12-9b2e-4f1c-92fa-151dce287b67 req-26112d12-9b2e-4f1c-92fa-151dce287b67 ] Request (ServerMetadataTestJSON:tearDownClass): 204 DELETE http://10.180.1.21/networking/v2.0/subnets/cacb30f7-ab5f-43b9-9e21-47172c396acd 0.162s
2025-12-09 10:23:00.062 66747 INFO tempest.lib.common.rest_client [req-d79e5500-53de-4d83-85be-eaec44ce0b56 req-d79e5500-53de-4d83-85be-eaec44ce0b56 ] Request (AttachVolumeNegativeTest:test_attach_attached_volume_to_different_server): 200 GET http://10.180.1.21/compute/v2.1/servers/fd0d1c2c-08bb-4431-bc4a-10b3f4ffdfaa 3.089s
2025-12-09 10:23:00.087 66715 INFO tempest.lib.common.rest_client [req-080e66b9-4526-4e26-a423-69cec6e10553 req-080e66b9-4526-4e26-a423-69cec6e10553 ] Request (ServersAaction247Test:tearDownClass): 404 GET http://10.180.1.21/compute/v2.1/servers/6c3ed601-b31c-4257-b3fd-af5b9022754a 3.039s
2025-12-09 10:23:00.152 66723 INFO tempest.lib.common.rest_client [req-3056d6e1-17df-475b-8a1d-387bcef931e9 req-3056d6e1-17df-475b-8a1d-387bcef931e9 ] Request (ServersNegativeTestJSON:setUpClass): 200 GET http://10.180.1.21/compute/v2.1/servers/035c03d0-f20c-4a94-86dc-1ea5c6a1c7cc 3.044s
2025-12-09 10:23:00.172 66734 INFO tempest.lib.common.rest_client [req-4ea22d9b-23b6-47c0-b278-8f8f0f17844f req-4ea22d9b-23b6-47c0-b278-8f8f0f17844f ] Request (AttachInterfacesUnderV243Test:_run_cleanups): 404 GET http://10.180.1.21/compute/v2.1/servers/d83f9cd6-4181-4cd3-a202-49512fdd93e8 2.999s
2025-12-09 10:23:00.195 66761 INFO tempest.lib.common.rest_client [req-45d64d3b-ac85-4852-84cc-732068787c88 req-45d64d3b-ac85-4852-84cc-732068787c88 ] Request (ServersListShow2100Test:tearDownClass): 404 GET http://10.180.1.21/compute/v2.1/servers/c739797c-3949-4217-a3bd-e9cbc9c9bf72 2.919s
2025-12-09 10:23:00.221 66705 INFO tempest.lib.common.rest_client [req-07616e62-a855-44cb-b750-9381e47269b1 req-07616e62-a855-44cb-b750-9381e47269b1 ] Request (ListServerFiltersTestJSON:tearDownClass): 404 GET http://10.180.1.21/compute/v2.1/servers/4ef98f8b-b13c-476f-a9e0-ea6fc6c76b59 2.861s
2025-12-09 10:23:00.262 66715 INFO tempest.lib.common.rest_client [req-fb3a99c7-4063-45f6-827d-e91cb798dcaa req-fb3a99c7-4063-45f6-827d-e91cb798dcaa ] Request (ServersAaction247Test:tearDownClass): 204 DELETE http://10.180.1.21/identity/v3/users/4ff9c08c43a34abbae9545975ba004f9 0.174s
2025-12-09 10:23:00.262 66715 INFO tempest.lib.common.dynamic_creds [-] Deleting project and security group for project: 3462a18f390e4ee18eb8a16d83489ba5
2025-12-09 10:23:00.347 66715 INFO tempest.lib.common.rest_client [req-6fc189bf-ea12-483a-b389-7d1614f2f5e5 req-6fc189bf-ea12-483a-b389-7d1614f2f5e5 ] Request (ServersAaction247Test:tearDownClass): 201 POST http://10.180.1.21/identity/v3/auth/tokens 0.084s
2025-12-09 10:23:00.347 66761 INFO tempest.lib.common.rest_client [req-de0aa04f-f4d3-400c-949d-62feeea6d17d req-de0aa04f-f4d3-400c-949d-62feeea6d17d ] Request (ServersListShow2100Test:tearDownClass): 204 DELETE http://10.180.1.21/identity/v3/users/f450a37fe9a643539feea0407667344f 0.151s
2025-12-09 10:23:00.347 66761 INFO tempest.lib.common.dynamic_creds [-] Deleting project and security group for project: 7632c58faf9541dab895b70a3e5e4ece
2025-12-09 10:23:00.402 66725 INFO tempest.lib.common.rest_client [req-673e22bc-926e-4deb-9a5d-029a347e5ade req-673e22bc-926e-4deb-9a5d-029a347e5ade ] Request (ServerMetadataTestJSON:tearDownClass): 204 DELETE http://10.180.1.21/networking/v2.0/networks/689fb309-106a-41d1-a44c-b287c49ceb6a 0.362s
2025-12-09 10:23:00.434 66761 INFO tempest.lib.common.rest_client [req-02613782-6746-4b47-a456-53818ef2c284 req-02613782-6746-4b47-a456-53818ef2c284 ] Request (ServersListShow2100Test:tearDownClass): 201 POST http://10.180.1.21/identity/v3/auth/tokens 0.087s
2025-12-09 10:23:00.450 66703 INFO tempest.lib.common.rest_client [req-7dd35102-3b75-4a42-9c20-9977c7eaa37a req-7dd35102-3b75-4a42-9c20-9977c7eaa37a ] Request (ImagesTestJSON:test_create_image_from_suspended_server): 200 GET http://10.180.1.21/compute/v2.1/servers/00b3180d-bfc8-4dea-9891-c6b5f2050091 2.941s
2025-12-09 10:23:00.459 66703 INFO tempest.common.waiters [-] State transition "BUILD/spawning" ==> "ACTIVE/None" after 48 second wait
2025-12-09 10:23:00.478 66743 INFO tempest.lib.common.rest_client [req-7a6f74f2-049b-47c3-82ca-df08588bfcd3 req-7a6f74f2-049b-47c3-82ca-df08588bfcd3 ] Request (ImagesOneServerNegativeTestJSON:_run_cleanups): 404 GET http://10.180.1.21/compute/v2.1/servers/af5c33f4-38f3-43a2-85db-5c8f9980471f 2.612s
2025-12-09 10:23:00.535 66725 INFO tempest.lib.common.rest_client [req-346e31c7-8122-471b-a717-a4400c42e208 req-346e31c7-8122-471b-a717-a4400c42e208 ] Request (ServerMetadataTestJSON:tearDownClass): 204 DELETE http://10.180.1.21/identity/v3/users/c7a1884d8aad46bbbfa3057a6d378024 0.133s
2025-12-09 10:23:00.536 66725 INFO tempest.lib.common.dynamic_creds [-] Deleting project and security group for project: f9544701bdf444128902fe69b881ec5b
2025-12-09 10:23:00.575 66743 INFO tempest.lib.common.rest_client [req-6d3216ae-f610-4aa5-8ac3-362d0675875c req-6d3216ae-f610-4aa5-8ac3-362d0675875c ] Request (ImagesOneServerNegativeTestJSON:_run_cleanups): 201 POST http://10.180.1.21/identity/v3/auth/tokens 0.094s
2025-12-09 10:23:00.576 66743 INFO tempest.lib.common.fixed_network [-] (ImagesOneServerNegativeTestJSON:_run_cleanups) Found network {'id': '02118ebb-46a6-4162-bdcd-0b515412a976', 'name': 'tempest-ImagesOneServerNegativeTestJSON-627465505-network', 'tenant_id': '3579663a54df4e7f8560a3c8fae25bd1', 'project_id': '3579663a54df4e7f8560a3c8fae25bd1', 'admin_state_up': True, 'mtu': 8950, 'status': 'ACTIVE', 'subnets': [], 'shared': False, 'port_security_enabled': True, 'router:external': False, 'provider:network_type': 'vlan', 'provider:physical_network': 'default', 'provider:segmentation_id': 247, 'availability_zone_hints': [], 'availability_zones': [], 'ipv4_address_scope': None, 'ipv6_address_scope': None, 'description': '', 'tags': [], 'created_at': '2025-12-09T10:19:24Z', 'updated_at': '2025-12-09T10:19:24Z', 'revision_number': 1} available for tenant
2025-12-09 10:23:00.604 66715 INFO tempest.lib.common.rest_client [req-6f675eb1-55fa-452e-9000-96dfa5408d90 req-6f675eb1-55fa-452e-9000-96dfa5408d90 ] Request (ServersAaction247Test:tearDownClass): 200 GET http://10.180.1.21/networking/v2.0/security-groups?tenant_id=3462a18f390e4ee18eb8a16d83489ba5&name=default 0.257s
2025-12-09 10:23:00.619 66761 INFO tempest.lib.common.rest_client [req-a02adce4-e292-474d-b1d4-8244e0976fee req-a02adce4-e292-474d-b1d4-8244e0976fee ] Request (ServersListShow2100Test:tearDownClass): 200 GET http://10.180.1.21/networking/v2.0/security-groups?tenant_id=7632c58faf9541dab895b70a3e5e4ece&name=default 0.184s
2025-12-09 10:23:00.677 66725 INFO tempest.lib.common.rest_client [req-12c6c632-e284-456d-9321-1b2d2161b4fc req-12c6c632-e284-456d-9321-1b2d2161b4fc ] Request (ServerMetadataTestJSON:tearDownClass): 200 GET http://10.180.1.21/networking/v2.0/security-groups?tenant_id=f9544701bdf444128902fe69b881ec5b&name=default 0.141s
2025-12-09 10:23:00.769 66715 INFO tempest.lib.common.rest_client [req-55778b60-0cef-4afe-a0cb-c72b2e08faa4 req-55778b60-0cef-4afe-a0cb-c72b2e08faa4 ] Request (ServersAaction247Test:tearDownClass): 204 DELETE http://10.180.1.21/networking/v2.0/security-groups/d8c736e8-6fed-4453-9952-d3f6703a2e13 0.164s
2025-12-09 10:23:00.782 66761 INFO tempest.lib.common.rest_client [req-3515722f-07aa-4674-a71a-ce40e71a63c6 req-3515722f-07aa-4674-a71a-ce40e71a63c6 ] Request (ServersListShow2100Test:tearDownClass): 204 DELETE http://10.180.1.21/networking/v2.0/security-groups/4cf1db20-f998-4e45-aa6d-a51ba096425a 0.162s
2025-12-09 10:23:00.849 66713 INFO tempest.lib.common.rest_client [req-7db4e09f-75da-4f94-b456-83cb527e6ead req-7db4e09f-75da-4f94-b456-83cb527e6ead ] Request (SecurityGroupsTestJSON:test_list_security_groups_by_server): 200 GET http://10.180.1.21/compute/v2.1/servers/ce74cfeb-5b20-4ffd-9432-b35cab14ace2 2.783s
2025-12-09 10:23:00.875 66725 INFO tempest.lib.common.rest_client [req-b1281ced-c3e7-496d-8e7e-1e6abb59a544 req-b1281ced-c3e7-496d-8e7e-1e6abb59a544 ] Request (ServerMetadataTestJSON:tearDownClass): 204 DELETE http://10.180.1.21/networking/v2.0/security-groups/527b23d1-6787-40a5-a61e-bad1956f06b9 0.198s
2025-12-09 10:23:00.895 66715 INFO tempest.lib.common.rest_client [req-eecd1f66-95ff-4e2c-bd97-89ff37ad6d6d req-eecd1f66-95ff-4e2c-bd97-89ff37ad6d6d ] Request (ServersAaction247Test:tearDownClass): 204 DELETE http://10.180.1.21/identity/v3/projects/3462a18f390e4ee18eb8a16d83489ba5 0.125s
2025-12-09 10:23:00.898 66761 INFO tempest.lib.common.rest_client [req-d8285b6d-6019-4460-92a8-84d5d5e439b6 req-d8285b6d-6019-4460-92a8-84d5d5e439b6 ] Request (ServersListShow2100Test:tearDownClass): 204 DELETE http://10.180.1.21/identity/v3/projects/7632c58faf9541dab895b70a3e5e4ece 0.115s
2025-12-09 10:23:00.973 66749 INFO tempest.lib.common.rest_client [req-0e4b9a15-4264-49fa-b72a-2c358de0301b req-0e4b9a15-4264-49fa-b72a-2c358de0301b ] Request (MigrationsAdminTest:test_resize_server_revert_deleted_flavor): 200 GET http://10.180.1.21/compute/v2.1/servers/69e6adb1-1ae6-413d-b032-4417b427fe50 2.706s
2025-12-09 10:23:00.983 66749 INFO tempest.common.waiters [-] State transition "REVERT_RESIZE/resize_reverting" ==> "ACTIVE/None" after 48 second wait
2025-12-09 10:23:01.041 66741 INFO tempest.lib.common.rest_client [req-4d9bbead-cf9f-405d-a418-ae9455b62d31 req-4d9bbead-cf9f-405d-a418-ae9455b62d31 ] Request (ServersAdminTestJSON:tearDownClass): 200 GET http://10.180.1.21/compute/v2.1/servers/adba7a59-274e-422a-8a06-fe2212e950fb 2.668s
2025-12-09 10:23:01.055 66725 INFO tempest.lib.common.rest_client [req-4354df8c-dc53-4eb0-a297-f4451ae623d0 req-4354df8c-dc53-4eb0-a297-f4451ae623d0 ] Request (ServerMetadataTestJSON:tearDownClass): 204 DELETE http://10.180.1.21/identity/v3/projects/f9544701bdf444128902fe69b881ec5b 0.179s
2025-12-09 10:23:01.070 66729 INFO tempest.lib.common.rest_client [req-2dffe697-1e1b-44ba-8779-c8224206c6a5 req-2dffe697-1e1b-44ba-8779-c8224206c6a5 ] Request (ServersTestMultiNic:test_verify_duplicate_network_nics): 200 GET http://10.180.1.21/compute/v2.1/servers/2c58b2cf-f53b-420d-8f53-66b25392b912/ips 2.496s
2025-12-09 10:23:01.165 66745 INFO tempest.lib.common.rest_client [req-8efc5f4b-4161-46ac-81ea-fa4f55c25112 req-8efc5f4b-4161-46ac-81ea-fa4f55c25112 ] Request (ListServersNegativeTestJSON:setUpClass): 200 GET http://10.180.1.21/compute/v2.1/servers/150d6705-ef91-4685-a327-d9c6d67715c3 2.260s
2025-12-09 10:23:01.267 66765 WARNING tempest.lib.common.ssh [-] Failed to establish authenticated ssh connection to cirros@10.180.180.220 ([Errno None] Unable to connect to port 22 on 10.180.180.220). Number attempts: 1. Retry after 2 seconds.: paramiko.ssh_exception.NoValidConnectionsError: [Errno None] Unable to connect to port 22 on 10.180.180.220
2025-12-09 10:23:01.417 66727 INFO tempest.lib.common.rest_client [req-75c1fd8d-8092-47a4-af71-a9b9425c9206 req-75c1fd8d-8092-47a4-af71-a9b9425c9206 ] Request (QuotasAdminTestV257:test_get_updated_quotas): 200 PUT http://10.180.1.21/compute/v2.1/os-quota-sets/cc25aa3e9f514d129a4479ed46c93824 2.417s
2025-12-09 10:23:01.488 66717 INFO tempest.lib.common.rest_client [req-0a923d1c-7493-4343-8fa6-275d6c194dc8 req-0a923d1c-7493-4343-8fa6-275d6c194dc8 ] Request (ServersWithSpecificFlavorTestJSON:test_verify_created_server_ephemeral_disk): 200 GET http://10.180.1.21/compute/v2.1/servers/6fb23dab-83a9-4bfb-ba00-8ec9362967f2 2.484s
2025-12-09 10:23:01.628 66735 INFO tempest.lib.common.rest_client [req-6e499566-57b4-4f1a-bffb-62add7afd8fe req-6e499566-57b4-4f1a-bffb-62add7afd8fe ] Request (AttachVolumeShelveTestJSON:test_attach_volume_shelved_or_offload_server): 200 GET http://10.180.1.21/compute/v2.1/servers/7cd21e2f-8338-4c32-8dc5-ca11818dd462 2.469s
2025-12-09 10:23:01.669 66721 INFO tempest.lib.common.rest_client [req-a168cd0b-f51c-4679-8776-474eda7c2946 req-a168cd0b-f51c-4679-8776-474eda7c2946 ] Request (ServerRescueNegativeTestJSON:test_rescued_vm_detach_volume): 200 POST http://10.180.1.21/compute/v2.1/os-keypairs 2.495s
2025-12-09 10:23:01.699 66755 INFO tempest.lib.common.rest_client [req-52612c69-0cb4-404f-aff8-fdb6eabe7e8b req-52612c69-0cb4-404f-aff8-fdb6eabe7e8b ] Request (ListImageFiltersTestJSON:tearDownClass): 404 GET http://10.180.1.21/compute/v2.1/servers/69d3a2ef-6d4c-459c-b162-f679d286397f 2.446s
2025-12-09 10:23:01.771 66753 INFO tempest.lib.common.rest_client [req-d02d6356-4502-47c7-a1b5-f519bf4b0a8a req-d02d6356-4502-47c7-a1b5-f519bf4b0a8a ] Request (ServersTestJSON:_run_cleanups): 200 GET http://10.180.1.21/compute/v2.1/servers/df0e6afe-3462-46b2-a2ab-c32d65e0cfb3 2.438s
2025-12-09 10:23:01.786 66721 INFO tempest.lib.common.rest_client [req-2df9653c-03ce-4294-b4b3-e5c008cb482d req-2df9653c-03ce-4294-b4b3-e5c008cb482d ] Request (ServerRescueNegativeTestJSON:test_rescued_vm_detach_volume): 201 POST http://10.180.1.21/networking/v2.0/security-groups 0.115s
2025-12-09 10:23:01.861 66751 INFO tempest.lib.common.rest_client [req-477784b3-d81f-40c3-8a02-c88a94b63ada req-477784b3-d81f-40c3-8a02-c88a94b63ada ] Request (ServerActionsV293TestJSON:tearDownClass): 204 DELETE http://10.180.1.21/compute/v2.1/servers/28abeb93-d9a3-4873-bc9b-2c025fd3ff89 1.924s
2025-12-09 10:23:01.880 66734 INFO tempest.lib.common.rest_client [req-9383a7a5-bd9a-4236-b8b3-d5af69563b6d req-9383a7a5-bd9a-4236-b8b3-d5af69563b6d ] Request (AttachInterfacesUnderV243Test:_run_cleanups): 202 DELETE http://10.180.1.21/compute/v2.1/os-keypairs/tempest-keypair-845915318 1.707s
2025-12-09 10:23:01.883 66721 INFO tempest.lib.common.rest_client [req-95ad5497-ec92-4d4f-9a5d-2ded28b55d9b req-95ad5497-ec92-4d4f-9a5d-2ded28b55d9b ] Request (ServerRescueNegativeTestJSON:test_rescued_vm_detach_volume): 201 POST http://10.180.1.21/networking/v2.0/security-group-rules 0.096s
2025-12-09 10:23:02.174 66721 INFO tempest.lib.common.rest_client [req-ef955804-4c45-4d69-8737-1b1d9c2d1c18 req-ef955804-4c45-4d69-8737-1b1d9c2d1c18 ] Request (ServerRescueNegativeTestJSON:test_rescued_vm_detach_volume): 201 POST http://10.180.1.21/networking/v2.0/security-group-rules 0.291s
2025-12-09 10:23:02.188 66705 INFO tempest.lib.common.rest_client [req-d8fe72a7-866e-4f33-aa25-3d7867097a8d req-d8fe72a7-866e-4f33-aa25-3d7867097a8d ] Request (ListServerFiltersTestJSON:tearDownClass): 204 DELETE http://10.180.1.21/compute/v2.1/servers/00eaea16-ab29-4d9a-a646-450fe152bf6f 1.966s
2025-12-09 10:23:02.195 66734 INFO tempest.lib.common.rest_client [req-ef9d7102-b467-428c-948a-ae4a0bfe2d01 req-ef9d7102-b467-428c-948a-ae4a0bfe2d01 ] Request (AttachInterfacesUnderV243Test:_run_cleanups): 204 DELETE http://10.180.1.21/networking/v2.0/security-groups/e4d91b5a-7850-44fa-a8cf-ea58324642f7 0.315s
2025-12-09 10:23:02.206 66734 INFO tempest.lib.common.rest_client [req-bfa99f83-5535-4289-bd7c-869c88f45c27 req-bfa99f83-5535-4289-bd7c-869c88f45c27 ] Request (AttachInterfacesUnderV243Test:_run_cleanups): 404 GET http://10.180.1.21/networking/v2.0/security-groups/e4d91b5a-7850-44fa-a8cf-ea58324642f7 0.010s
2025-12-09 10:23:02.277 66703 INFO tempest.lib.common.rest_client [req-cf701354-752d-441e-9117-f8ea0999a8bb req-cf701354-752d-441e-9117-f8ea0999a8bb ] Request (ImagesTestJSON:test_create_image_from_suspended_server): 202 POST http://10.180.1.21/compute/v2.1/servers/00b3180d-bfc8-4dea-9891-c6b5f2050091/action 1.817s
2025-12-09 10:23:02.490 66734 INFO tempest.lib.common.rest_client [req-89ebed32-bfde-418e-afc4-f04d282ebb15 req-89ebed32-bfde-418e-afc4-f04d282ebb15 ] Request (AttachInterfacesUnderV243Test:_run_cleanups): 204 DELETE http://10.180.1.21/networking/v2.0/floatingips/0763b799-2ed6-4526-8831-d7cd331bacf6 0.283s
2025-12-09 10:23:02.636 66721 INFO tempest.lib.common.rest_client [req-7f1096db-4e23-47a0-8e54-5dca01fef5f4 req-7f1096db-4e23-47a0-8e54-5dca01fef5f4 ] Request (ServerRescueNegativeTestJSON:test_rescued_vm_detach_volume): 201 POST http://10.180.1.21/networking/v2.0/floatingips 0.461s
2025-12-09 10:23:02.710 66721 INFO tempest.lib.common.rest_client [req-8a1695ff-5745-4219-bd2b-5e7eb9785a7c req-8a1695ff-5745-4219-bd2b-5e7eb9785a7c ] Request (ServerRescueNegativeTestJSON:test_rescued_vm_detach_volume): 201 POST http://10.180.1.21/identity/v3/auth/tokens 0.071s
2025-12-09 10:23:02.710 66721 INFO tempest.lib.common.fixed_network [-] (ServerRescueNegativeTestJSON:test_rescued_vm_detach_volume) Found network {'id': 'daf3235f-96f4-4442-86b0-2a40346bc74e', 'name': 'tempest-ServerRescueNegativeTestJSON-1751796319-network', 'tenant_id': '67055d1cd2954b308094957d5cabb370', 'project_id': '67055d1cd2954b308094957d5cabb370', 'admin_state_up': True, 'mtu': 8950, 'status': 'ACTIVE', 'subnets': [], 'shared': False, 'port_security_enabled': True, 'router:external': False, 'provider:network_type': 'vlan', 'provider:physical_network': 'default', 'provider:segmentation_id': 561, 'availability_zone_hints': [], 'availability_zones': [], 'ipv4_address_scope': None, 'ipv6_address_scope': None, 'description': '', 'tags': [], 'created_at': '2025-12-09T10:21:32Z', 'updated_at': '2025-12-09T10:21:32Z', 'revision_number': 1} available for tenant
2025-12-09 10:23:02.771 66743 INFO tempest.lib.common.rest_client [req-8e0919bd-0055-4ec9-bd99-909172987f00 req-8e0919bd-0055-4ec9-bd99-909172987f00 ] Request (ImagesOneServerNegativeTestJSON:_run_cleanups): 202 POST http://10.180.1.21/compute/v2.1/servers 2.195s
2025-12-09 10:23:02.995 66749 INFO tempest.lib.common.rest_client [req-47c609a1-0364-4c59-bffd-5f3abdf1ea36 req-47c609a1-0364-4c59-bffd-5f3abdf1ea36 ] Request (MigrationsAdminTest:test_resize_server_revert_deleted_flavor): 200 GET http://10.180.1.21/compute/v2.1/servers/69e6adb1-1ae6-413d-b032-4417b427fe50 2.012s
2025-12-09 10:23:03.075 66747 INFO tempest.lib.common.rest_client [req-65734f16-765a-4681-a02b-b19d509bcb37 req-65734f16-765a-4681-a02b-b19d509bcb37 ] Request (AttachVolumeNegativeTest:test_attach_attached_volume_to_different_server): 200 GET http://10.180.1.21/compute/v2.1/servers/fd0d1c2c-08bb-4431-bc4a-10b3f4ffdfaa 2.005s
2025-12-09 10:23:03.169 66729 INFO tempest.lib.common.rest_client [req-6c3cd72b-540c-455f-ad5f-42284d0bb475 req-6c3cd72b-540c-455f-ad5f-42284d0bb475 ] Request (ServersTestMultiNic:_run_cleanups): 204 DELETE http://10.180.1.21/compute/v2.1/servers/2c58b2cf-f53b-420d-8f53-66b25392b912 2.097s
2025-12-09 10:23:03.236 66723 INFO tempest.lib.common.rest_client [req-1a1c1573-3c39-4e32-b5e2-a8b5686a7b4f req-1a1c1573-3c39-4e32-b5e2-a8b5686a7b4f ] Request (ServersNegativeTestJSON:setUpClass): 200 GET http://10.180.1.21/compute/v2.1/servers/035c03d0-f20c-4a94-86dc-1ea5c6a1c7cc 2.076s
2025-12-09 10:23:03.249 66723 INFO tempest.common.waiters [-] State transition "BUILD/None" ==> "BUILD/networking" after 17 second wait
2025-12-09 10:23:03.305 66727 INFO tempest.lib.common.rest_client [req-d5d11e5f-cdb9-4ea0-b5b2-8a8e900c0a0f req-d5d11e5f-cdb9-4ea0-b5b2-8a8e900c0a0f ] Request (QuotasAdminTestV257:test_get_updated_quotas): 200 GET http://10.180.1.21/compute/v2.1/os-quota-sets/cc25aa3e9f514d129a4479ed46c93824/detail 1.885s
2025-12-09 10:23:03.358 66727 INFO tempest.lib.common.rest_client [req-304c087b-c238-4b62-b4b3-bda9700f6311 req-304c087b-c238-4b62-b4b3-bda9700f6311 ] Request (QuotasAdminTestV257:test_get_updated_quotas): 200 GET http://10.180.1.21/identity/v3/domains?name=Default 0.047s
2025-12-09 10:23:03.408 66727 INFO tempest.lib.common.rest_client [req-b7342687-09d9-4440-8f8a-4e4465f71276 req-b7342687-09d9-4440-8f8a-4e4465f71276 ] Request (QuotasAdminTestV257:test_get_updated_quotas): 201 POST http://10.180.1.21/identity/v3/users 0.049s
2025-12-09 10:23:03.447 66727 INFO tempest.lib.common.rest_client [req-d59ea1c0-834f-4b7b-b2c2-6a7214272860 req-d59ea1c0-834f-4b7b-b2c2-6a7214272860 ] Request (QuotasAdminTestV257:test_get_updated_quotas): 200 GET http://10.180.1.21/identity/v3/domains?name=Default 0.038s
2025-12-09 10:23:03.455 66755 INFO tempest.lib.common.rest_client [req-3aac5d04-fab4-4c55-86be-4c67768871b4 req-3aac5d04-fab4-4c55-86be-4c67768871b4 ] Request (ListImageFiltersTestJSON:tearDownClass): 204 DELETE http://10.180.1.21/compute/v2.1/servers/0da9393c-cf2a-4e43-b6ca-0b72adad93b8 1.755s
2025-12-09 10:23:03.635 66713 INFO tempest.lib.common.rest_client [req-f3d45900-d09c-4895-9969-8401b072bfa7 req-f3d45900-d09c-4895-9969-8401b072bfa7 ] Request (SecurityGroupsTestJSON:test_list_security_groups_by_server): 200 GET http://10.180.1.21/compute/v2.1/servers/ce74cfeb-5b20-4ffd-9432-b35cab14ace2 1.774s
2025-12-09 10:23:03.643 66713 INFO tempest.common.waiters [-] State transition "BUILD/spawning" ==> "ACTIVE/None" after 50 second wait
2025-12-09 10:23:03.703 66751 INFO tempest.lib.common.rest_client [req-8cb91390-94db-4dc6-a27c-9393691c67f0 req-8cb91390-94db-4dc6-a27c-9393691c67f0 ] Request (ServerActionsV293TestJSON:tearDownClass): 200 GET http://10.180.1.21/compute/v2.1/servers/28abeb93-d9a3-4873-bc9b-2c025fd3ff89 1.841s
2025-12-09 10:23:03.810 66741 INFO tempest.lib.common.rest_client [req-7b30f94d-2ba0-4b68-802a-23f8610db307 req-7b30f94d-2ba0-4b68-802a-23f8610db307 ] Request (ServersAdminTestJSON:tearDownClass): 200 GET http://10.180.1.21/compute/v2.1/servers/adba7a59-274e-422a-8a06-fe2212e950fb 1.760s
2025-12-09 10:23:03.871 66745 INFO tempest.lib.common.rest_client [req-bdce1c76-02b9-4544-87ee-2e157b185c57 req-bdce1c76-02b9-4544-87ee-2e157b185c57 ] Request (ListServersNegativeTestJSON:setUpClass): 200 GET http://10.180.1.21/compute/v2.1/servers/150d6705-ef91-4685-a327-d9c6d67715c3 1.698s
2025-12-09 10:23:04.024 66705 INFO tempest.lib.common.rest_client [req-e7a6c07e-409d-45f1-b731-198dc5e59fe6 req-e7a6c07e-409d-45f1-b731-198dc5e59fe6 ] Request (ListServerFiltersTestJSON:tearDownClass): 200 GET http://10.180.1.21/compute/v2.1/servers/00eaea16-ab29-4d9a-a646-450fe152bf6f 1.836s
2025-12-09 10:23:04.120 66703 INFO tempest.lib.common.rest_client [req-87d1c794-4642-4742-8bb6-5a50172c1df3 req-87d1c794-4642-4742-8bb6-5a50172c1df3 ] Request (ImagesTestJSON:test_create_image_from_suspended_server): 200 GET http://10.180.1.21/compute/v2.1/servers/00b3180d-bfc8-4dea-9891-c6b5f2050091 1.840s
2025-12-09 10:23:04.139 66734 INFO tempest.lib.common.rest_client [req-a500ac90-76ac-46c1-8101-7630b815feb6 req-a500ac90-76ac-46c1-8101-7630b815feb6 ] Request (AttachInterfacesUnderV243Test:tearDownClass): 404 DELETE http://10.180.1.21/compute/v2.1/servers/d83f9cd6-4181-4cd3-a202-49512fdd93e8 1.648s
2025-12-09 10:23:04.209 66717 INFO tempest.lib.common.rest_client [req-469276c5-3175-4a77-a5af-7ce650c9f727 req-469276c5-3175-4a77-a5af-7ce650c9f727 ] Request (ServersWithSpecificFlavorTestJSON:test_verify_created_server_ephemeral_disk): 200 GET http://10.180.1.21/compute/v2.1/servers/6fb23dab-83a9-4bfb-ba00-8ec9362967f2 1.713s
2025-12-09 10:23:04.275 66763 INFO tempest.lib.common.rest_client [req-e456cefc-5e5a-4a60-bca5-ffaefd65e517 req-e456cefc-5e5a-4a60-bca5-ffaefd65e517 ] Request (AttachInterfacesTestJSON:test_create_list_show_delete_interfaces_by_fixed_ip): 200 POST http://10.180.1.21/compute/v2.1/servers/ea030dc2-246d-42b9-8873-a23b2967aaeb/os-interface 9.310s
2025-12-09 10:23:04.329 66765 WARNING tempest.lib.common.ssh [-] Failed to establish authenticated ssh connection to cirros@10.180.180.220 ([Errno None] Unable to connect to port 22 on 10.180.180.220). Number attempts: 2. Retry after 3 seconds.: paramiko.ssh_exception.NoValidConnectionsError: [Errno None] Unable to connect to port 22 on 10.180.180.220
2025-12-09 10:23:04.598 66735 INFO tempest.lib.common.rest_client [req-33f6860f-bb15-4431-b5c5-49685eff1517 req-33f6860f-bb15-4431-b5c5-49685eff1517 ] Request (AttachVolumeShelveTestJSON:test_attach_volume_shelved_or_offload_server): 200 GET http://10.180.1.21/compute/v2.1/servers/7cd21e2f-8338-4c32-8dc5-ca11818dd462 1.959s
2025-12-09 10:23:04.966 66743 INFO tempest.lib.common.rest_client [req-8f9322de-5139-4b04-bd0f-9eef0499eba1 req-8f9322de-5139-4b04-bd0f-9eef0499eba1 ] Request (ImagesOneServerNegativeTestJSON:_run_cleanups): 200 GET http://10.180.1.21/compute/v2.1/servers/134c292a-5281-4c9b-b4ac-8e144b481440 2.192s
2025-12-09 10:23:05.117 66753 INFO tempest.lib.common.rest_client [req-8678a89c-e231-42e4-8bf5-deec6c697cbd req-8678a89c-e231-42e4-8bf5-deec6c697cbd ] Request (ServersTestJSON:_run_cleanups): 200 GET http://10.180.1.21/compute/v2.1/servers/df0e6afe-3462-46b2-a2ab-c32d65e0cfb3 2.338s
2025-12-09 10:23:05.127 66749 INFO tempest.lib.common.rest_client [req-379723d2-2c7f-4eb0-8118-b7305d77a646 req-379723d2-2c7f-4eb0-8118-b7305d77a646 ] Request (MigrationsAdminTest:_run_cleanups): 404 DELETE http://10.180.1.21/compute/v2.1/flavors/fbcc31c9-1802-46e2-b252-d7a26ffb61f3 2.123s
2025-12-09 10:23:05.289 66721 INFO tempest.lib.common.rest_client [req-33440c06-f1e9-4151-8356-b70848d5e498 req-33440c06-f1e9-4151-8356-b70848d5e498 ] Request (ServerRescueNegativeTestJSON:test_rescued_vm_detach_volume): 202 POST http://10.180.1.21/compute/v2.1/servers 2.578s
2025-12-09 10:23:05.402 66729 INFO tempest.lib.common.rest_client [req-2fa37363-3bb3-4461-8637-71b4611097e6 req-2fa37363-3bb3-4461-8637-71b4611097e6 ] Request (ServersTestMultiNic:_run_cleanups): 200 GET http://10.180.1.21/compute/v2.1/servers/2c58b2cf-f53b-420d-8f53-66b25392b912 2.232s
2025-12-09 10:23:05.418 66701 WARNING tempest.lib.common.ssh [-] Failed to establish authenticated ssh connection to cirros@10.180.180.144 ([Errno None] Unable to connect to port 22 on 10.180.180.144). Number attempts: 6. Retry after 7 seconds.: paramiko.ssh_exception.NoValidConnectionsError: [Errno None] Unable to connect to port 22 on 10.180.180.144
2025-12-09 10:23:05.424 66727 INFO tempest.lib.common.rest_client [req-ef377133-f6fa-4000-9604-8c2ef33c13cd req-ef377133-f6fa-4000-9604-8c2ef33c13cd ] Request (QuotasAdminTestV257:test_get_updated_quotas): 200 PUT http://10.180.1.21/compute/v2.1/os-quota-sets/cc25aa3e9f514d129a4479ed46c93824?user_id=11d3ca64569e4a8ba04e87ab86afc90d 1.977s
2025-12-09 10:23:05.714 66755 INFO tempest.lib.common.rest_client [req-19220cda-ca38-42c4-a479-b5bee48b3a29 req-19220cda-ca38-42c4-a479-b5bee48b3a29 ] Request (ListImageFiltersTestJSON:tearDownClass): 200 GET http://10.180.1.21/compute/v2.1/servers/0da9393c-cf2a-4e43-b6ca-0b72adad93b8 2.258s
2025-12-09 10:23:06.098 66713 INFO tempest.lib.common.rest_client [req-d4251307-9ce1-4c1c-b049-1dd6765a65d5 req-d4251307-9ce1-4c1c-b049-1dd6765a65d5 ] Request (SecurityGroupsTestJSON:test_list_security_groups_by_server): 202 POST http://10.180.1.21/compute/v2.1/servers/ce74cfeb-5b20-4ffd-9432-b35cab14ace2/action 2.455s
2025-12-09 10:23:06.117 66709 WARNING tempest.lib.common.ssh [-] Failed to establish authenticated ssh connection to cirros@10.180.180.249 ([Errno None] Unable to connect to port 22 on 10.180.180.249). Number attempts: 6. Retry after 7 seconds.: paramiko.ssh_exception.NoValidConnectionsError: [Errno None] Unable to connect to port 22 on 10.180.180.249
2025-12-09 10:23:06.123 66747 INFO tempest.lib.common.rest_client [req-f8501ba2-8030-425e-9749-6956889f40b8 req-f8501ba2-8030-425e-9749-6956889f40b8 ] Request (AttachVolumeNegativeTest:test_attach_attached_volume_to_different_server): 200 GET http://10.180.1.21/compute/v2.1/servers/fd0d1c2c-08bb-4431-bc4a-10b3f4ffdfaa 2.038s
2025-12-09 10:23:06.134 66734 INFO tempest.lib.common.rest_client [req-a56ca2d6-ff78-4aec-9963-a7b4e6ad9b99 req-a56ca2d6-ff78-4aec-9963-a7b4e6ad9b99 ] Request (AttachInterfacesUnderV243Test:tearDownClass): 404 GET http://10.180.1.21/compute/v2.1/servers/d83f9cd6-4181-4cd3-a202-49512fdd93e8 1.994s
2025-12-09 10:23:06.136 66747 INFO tempest.common.waiters [-] State transition "BUILD/None" ==> "BUILD/networking" after 16 second wait
2025-12-09 10:23:06.712 66763 INFO tempest.lib.common.rest_client [req-1546c32f-4b6b-4295-bf7d-d68962134bdd req-1546c32f-4b6b-4295-bf7d-d68962134bdd ] Request (AttachInterfacesTestJSON:test_create_list_show_delete_interfaces_by_fixed_ip): 200 GET http://10.180.1.21/compute/v2.1/servers/ea030dc2-246d-42b9-8873-a23b2967aaeb/os-interface/f0d73a81-dfdc-4c2d-b9bc-e15ba0c53792 2.431s
2025-12-09 10:23:06.828 66723 INFO tempest.lib.common.rest_client [req-9186d1e6-e110-4b5c-9dbf-a9149bab16da req-9186d1e6-e110-4b5c-9dbf-a9149bab16da ] Request (ServersNegativeTestJSON:setUpClass): 200 GET http://10.180.1.21/compute/v2.1/servers/035c03d0-f20c-4a94-86dc-1ea5c6a1c7cc 2.576s
2025-12-09 10:23:06.838 66723 INFO tempest.common.waiters [-] State transition "BUILD/networking" ==> "BUILD/spawning" after 20 second wait
2025-12-09 10:23:06.876 66751 INFO tempest.lib.common.rest_client [req-850d57cf-6830-425f-9e3a-bafb8b9f8920 req-850d57cf-6830-425f-9e3a-bafb8b9f8920 ] Request (ServerActionsV293TestJSON:tearDownClass): 200 GET http://10.180.1.21/compute/v2.1/servers/28abeb93-d9a3-4873-bc9b-2c025fd3ff89 2.157s
2025-12-09 10:23:06.889 66751 INFO tempest.common.waiters [-] State transition "ERROR/deleting" ==> "DELETED/None" after 3 second wait
2025-12-09 10:23:06.908 66734 INFO tempest.lib.common.rest_client [req-9ca2db1a-8e6c-4420-913e-482741cebebf req-9ca2db1a-8e6c-4420-913e-482741cebebf ] Request (AttachInterfacesUnderV243Test:tearDownClass): 200 PUT http://10.180.1.21/networking/v2.0/routers/d912b6bf-f27e-47f7-9e38-e7765d462733/remove_router_interface 0.774s
2025-12-09 10:23:06.940 66741 INFO tempest.lib.common.rest_client [req-558be898-4027-4c40-b615-8e8fbbcfc0eb req-558be898-4027-4c40-b615-8e8fbbcfc0eb ] Request (ServersAdminTestJSON:tearDownClass): 200 GET http://10.180.1.21/compute/v2.1/servers/adba7a59-274e-422a-8a06-fe2212e950fb 2.121s
2025-12-09 10:23:06.958 66745 INFO tempest.lib.common.rest_client [req-d84348ab-2b99-4500-82f7-c6e23970c17e req-d84348ab-2b99-4500-82f7-c6e23970c17e ] Request (ListServersNegativeTestJSON:setUpClass): 200 GET http://10.180.1.21/compute/v2.1/servers/150d6705-ef91-4685-a327-d9c6d67715c3 2.077s
2025-12-09 10:23:07.067 66749 INFO tempest.lib.common.rest_client [req-37ca040d-0e9f-4cc5-b792-d126130bc770 req-37ca040d-0e9f-4cc5-b792-d126130bc770 ] Request (MigrationsAdminTest:tearDownClass): 204 DELETE http://10.180.1.21/compute/v2.1/servers/69e6adb1-1ae6-413d-b032-4417b427fe50 1.937s
2025-12-09 10:23:07.330 66705 INFO tempest.lib.common.rest_client [req-78afd0ca-b9bc-4781-8571-2127a7424ca4 req-78afd0ca-b9bc-4781-8571-2127a7424ca4 ] Request (ListServerFiltersTestJSON:tearDownClass): 200 GET http://10.180.1.21/compute/v2.1/servers/00eaea16-ab29-4d9a-a646-450fe152bf6f 2.296s
2025-12-09 10:23:07.341 66705 INFO tempest.common.waiters [-] State transition "ACTIVE/deleting" ==> "DELETED/None" after 3 second wait
2025-12-09 10:23:07.405 66734 INFO tempest.lib.common.rest_client [req-e09c4b80-faad-48a2-8f61-78c40c432bd0 req-e09c4b80-faad-48a2-8f61-78c40c432bd0 ] Request (AttachInterfacesUnderV243Test:tearDownClass): 204 DELETE http://10.180.1.21/networking/v2.0/routers/d912b6bf-f27e-47f7-9e38-e7765d462733 0.496s
2025-12-09 10:23:07.507 66717 INFO tempest.lib.common.rest_client [req-bf7cdc61-ff36-42ce-8fbb-958ab3829225 req-bf7cdc61-ff36-42ce-8fbb-958ab3829225 ] Request (ServersWithSpecificFlavorTestJSON:test_verify_created_server_ephemeral_disk): 200 GET http://10.180.1.21/compute/v2.1/servers/6fb23dab-83a9-4bfb-ba00-8ec9362967f2 2.285s
2025-12-09 10:23:07.622 66734 INFO tempest.lib.common.rest_client [req-40e66ad3-b210-4a4d-84eb-57280bab96e9 req-40e66ad3-b210-4a4d-84eb-57280bab96e9 ] Request (AttachInterfacesUnderV243Test:tearDownClass): 204 DELETE http://10.180.1.21/networking/v2.0/subnets/d9144f74-010e-400b-bf8b-a313355d8877 0.217s
2025-12-09 10:23:07.662 66703 INFO tempest.lib.common.rest_client [req-b4078b4c-5f43-49d6-887d-088fd570e65f req-b4078b4c-5f43-49d6-887d-088fd570e65f ] Request (ImagesTestJSON:test_create_image_from_suspended_server): 200 GET http://10.180.1.21/compute/v2.1/servers/00b3180d-bfc8-4dea-9891-c6b5f2050091 2.531s
2025-12-09 10:23:07.672 66703 INFO tempest.common.waiters [-] State transition "ACTIVE/suspending" ==> "SUSPENDED/None" after 3 second wait
2025-12-09 10:23:07.719 66727 INFO tempest.lib.common.rest_client [req-030c347c-57ee-47aa-9c42-7d81f9892cfa req-030c347c-57ee-47aa-9c42-7d81f9892cfa ] Request (QuotasAdminTestV257:test_get_updated_quotas): 200 GET http://10.180.1.21/compute/v2.1/os-quota-sets/cc25aa3e9f514d129a4479ed46c93824?user_id=11d3ca64569e4a8ba04e87ab86afc90d 2.293s
2025-12-09 10:23:07.768 66721 INFO tempest.lib.common.rest_client [req-cf558b9d-e430-4a01-8307-2e78b249cc89 req-cf558b9d-e430-4a01-8307-2e78b249cc89 ] Request (ServerRescueNegativeTestJSON:test_rescued_vm_detach_volume): 200 GET http://10.180.1.21/compute/v2.1/servers/4f849577-f45d-4a69-b7fe-dbe7ac9434e7 2.476s
2025-12-09 10:23:07.837 66727 INFO tempest.lib.common.rest_client [req-98314677-7c99-4702-86a2-1373e3f592f4 req-98314677-7c99-4702-86a2-1373e3f592f4 ] Request (QuotasAdminTestV257:_run_cleanups): 204 DELETE http://10.180.1.21/identity/v3/users/11d3ca64569e4a8ba04e87ab86afc90d 0.116s
2025-12-09 10:23:07.934 66727 INFO tempest.lib.common.rest_client [req-e3679e37-7c2d-48b2-acf1-42fa301fb455 req-e3679e37-7c2d-48b2-acf1-42fa301fb455 ] Request (QuotasAdminTestV257:_run_cleanups): 204 DELETE http://10.180.1.21/identity/v3/projects/cc25aa3e9f514d129a4479ed46c93824 0.096s
2025-12-09 10:23:08.029 66734 INFO tempest.lib.common.rest_client [req-0fe6de3e-555d-402a-9dc8-bd81c4667cc0 req-0fe6de3e-555d-402a-9dc8-bd81c4667cc0 ] Request (AttachInterfacesUnderV243Test:tearDownClass): 204 DELETE http://10.180.1.21/networking/v2.0/networks/ae2c9a86-6cd8-4e57-adc0-8169f999d524 0.406s
2025-12-09 10:23:08.067 66727 INFO tempest.lib.common.rest_client [req-aec3343a-2f21-49b2-a14d-68510c154642 req-aec3343a-2f21-49b2-a14d-68510c154642 ] Request (QuotasAdminTestV257:tearDownClass): 204 DELETE http://10.180.1.21/identity/v3/users/c841cca2edc547f8a526ec0a1bda6c86 0.132s
2025-12-09 10:23:08.170 66734 INFO tempest.lib.common.rest_client [req-346b4415-14fe-4c29-a4b1-aaa38ca7d710 req-346b4415-14fe-4c29-a4b1-aaa38ca7d710 ] Request (AttachInterfacesUnderV243Test:tearDownClass): 204 DELETE http://10.180.1.21/identity/v3/users/c307b4d7913642df9fdcbfee83b84005 0.141s
2025-12-09 10:23:08.170 66734 INFO tempest.lib.common.dynamic_creds [-] Deleting project and security group for project: 63b09facffee44a8a15db531e1410548
2025-12-09 10:23:08.172 66743 INFO tempest.lib.common.rest_client [req-026926a0-e18e-4fbb-ac89-020f80589a9d req-026926a0-e18e-4fbb-ac89-020f80589a9d ] Request (ImagesOneServerNegativeTestJSON:_run_cleanups): 200 GET http://10.180.1.21/compute/v2.1/servers/134c292a-5281-4c9b-b4ac-8e144b481440 2.197s
2025-12-09 10:23:08.196 66727 INFO tempest.lib.common.rest_client [req-bc2e78b4-2ec2-42c3-b9ae-f91a5a5e4ca5 req-bc2e78b4-2ec2-42c3-b9ae-f91a5a5e4ca5 ] Request (QuotasAdminTestV257:tearDownClass): 204 DELETE http://10.180.1.21/identity/v3/users/a2b7ae9bd43c4fe1bea074162bc47fb0 0.128s
2025-12-09 10:23:08.196 66727 INFO tempest.lib.common.dynamic_creds [-] Deleting project and security group for project: 4c4c8f438dcd4d3a9bd76e779962a852
2025-12-09 10:23:08.237 66735 INFO tempest.lib.common.rest_client [req-9818a65e-f2b1-483d-9e09-43ff3a533a8b req-9818a65e-f2b1-483d-9e09-43ff3a533a8b ] Request (AttachVolumeShelveTestJSON:test_attach_volume_shelved_or_offload_server): 200 GET http://10.180.1.21/compute/v2.1/servers/7cd21e2f-8338-4c32-8dc5-ca11818dd462 2.629s
2025-12-09 10:23:08.246 66735 INFO tempest.common.waiters [-] State transition "ACTIVE/shelving_image_uploading" ==> "SHELVED/shelving_offloading" after 19 second wait
2025-12-09 10:23:08.257 66734 INFO tempest.lib.common.rest_client [req-5ec48bc3-6abe-4b2f-b08b-2a9d2b0b8138 req-5ec48bc3-6abe-4b2f-b08b-2a9d2b0b8138 ] Request (AttachInterfacesUnderV243Test:tearDownClass): 200 GET http://10.180.1.21/networking/v2.0/security-groups?tenant_id=63b09facffee44a8a15db531e1410548&name=default 0.086s
2025-12-09 10:23:08.264 66727 INFO tempest.lib.common.rest_client [req-bf0059eb-273a-4e0f-a54d-de2187209055 req-bf0059eb-273a-4e0f-a54d-de2187209055 ] Request (QuotasAdminTestV257:tearDownClass): 201 POST http://10.180.1.21/identity/v3/auth/tokens 0.067s
2025-12-09 10:23:08.469 66734 INFO tempest.lib.common.rest_client [req-fab1cb46-2419-4b01-8a34-eff77b0928dd req-fab1cb46-2419-4b01-8a34-eff77b0928dd ] Request (AttachInterfacesUnderV243Test:tearDownClass): 204 DELETE http://10.180.1.21/networking/v2.0/security-groups/7b2f3d1d-4846-415b-ac3b-e8773fce3401 0.211s
2025-12-09 10:23:08.530 66734 INFO tempest.lib.common.rest_client [req-440b55f6-c25e-4d7c-ab74-61b240653fba req-440b55f6-c25e-4d7c-ab74-61b240653fba ] Request (AttachInterfacesUnderV243Test:tearDownClass): 204 DELETE http://10.180.1.21/identity/v3/projects/63b09facffee44a8a15db531e1410548 0.061s
2025-12-09 10:23:08.583 66734 INFO tempest.lib.common.rest_client [req-66bcc665-5009-444c-9c1f-f68f89cab86a req-66bcc665-5009-444c-9c1f-f68f89cab86a ] Request (ServerActionsTestOtherB:setUpClass): 201 POST http://10.180.1.21/identity/v3/auth/tokens 0.051s
2025-12-09 10:23:08.611 66734 INFO tempest.lib.common.rest_client [req-64e1ac75-9421-421e-a4cb-2ec121fcae2f req-64e1ac75-9421-421e-a4cb-2ec121fcae2f ] Request (ServerActionsTestOtherB:setUpClass): 201 POST http://10.180.1.21/identity/v3/auth/tokens 0.025s
2025-12-09 10:23:08.642 66734 INFO tempest.lib.common.rest_client [req-44a24b57-086b-4cf5-8a9d-ad6340c15851 req-44a24b57-086b-4cf5-8a9d-ad6340c15851 ] Request (ServerActionsTestOtherB:setUpClass): 200 GET http://10.180.1.21/identity/v3/domains?name=Default 0.030s
2025-12-09 10:23:08.675 66734 INFO tempest.lib.common.rest_client [req-c0f87790-b58a-4f01-a0ef-2fc3810d2885 req-c0f87790-b58a-4f01-a0ef-2fc3810d2885 ] Request (ServerActionsTestOtherB:setUpClass): 201 POST http://10.180.1.21/identity/v3/projects 0.032s
2025-12-09 10:23:08.683 66727 INFO tempest.lib.common.rest_client [req-efadbebc-6a8b-4f01-8010-3299027369e6 req-efadbebc-6a8b-4f01-8010-3299027369e6 ] Request (QuotasAdminTestV257:tearDownClass): 200 GET http://10.180.1.21/networking/v2.0/security-groups?tenant_id=4c4c8f438dcd4d3a9bd76e779962a852&name=default 0.418s
2025-12-09 10:23:08.711 66753 INFO tempest.lib.common.rest_client [req-adcd7bea-5edd-411c-b5d9-78c72ba5152e req-adcd7bea-5edd-411c-b5d9-78c72ba5152e ] Request (ServersTestJSON:_run_cleanups): 200 GET http://10.180.1.21/compute/v2.1/servers/df0e6afe-3462-46b2-a2ab-c32d65e0cfb3 2.583s
2025-12-09 10:23:08.748 66734 INFO tempest.lib.common.rest_client [req-29596165-ced5-48bd-a553-16b2e44634c4 req-29596165-ced5-48bd-a553-16b2e44634c4 ] Request (ServerActionsTestOtherB:setUpClass): 201 POST http://10.180.1.21/identity/v3/users 0.072s
2025-12-09 10:23:08.771 66734 INFO tempest.lib.common.rest_client [req-99270f0c-d652-4f0d-8d58-ca2d438a22ee req-99270f0c-d652-4f0d-8d58-ca2d438a22ee ] Request (ServerActionsTestOtherB:setUpClass): 200 GET http://10.180.1.21/identity/v3/roles 0.023s
2025-12-09 10:23:08.808 66734 INFO tempest.lib.common.rest_client [req-0413c5f3-a0e3-4db7-9a95-666b4670ffa0 req-0413c5f3-a0e3-4db7-9a95-666b4670ffa0 ] Request (ServerActionsTestOtherB:setUpClass): 204 PUT http://10.180.1.21/identity/v3/projects/db0b68266ac444e7803ef33d61fc847a/users/c66079a5b8394402841a0d5f0b09f531/roles/14dc37c80b7d46aa9df08cdace771dd1 0.036s
2025-12-09 10:23:08.808 66734 INFO tempest.lib.common.dynamic_creds [-] Dynamic test user c66079a5b8394402841a0d5f0b09f531 is created with scope project and roles: ['member']
2025-12-09 10:23:08.808 66734 INFO tempest.lib.common.dynamic_creds [-] Acquired dynamic creds: credentials: Credentials: {'domain_id': 'default', 'domain_name': 'Default', 'username': 'tempest-ServerActionsTestOtherB-1951851153-project-member', 'project_domain_id': 'default', 'project_domain_name': 'Default', 'project_id': 'db0b68266ac444e7803ef33d61fc847a', 'project_name': 'tempest-ServerActionsTestOtherB-1951851153', 'tenant_id': 'db0b68266ac444e7803ef33d61fc847a', 'tenant_name': 'tempest-ServerActionsTestOtherB-1951851153', 'user_domain_id': 'default', 'user_domain_name': 'Default', 'user_id': 'c66079a5b8394402841a0d5f0b09f531', 'system': None}, Network: None, Subnet: None, Router: None
2025-12-09 10:23:08.868 66734 INFO tempest.lib.common.rest_client [req-ad8ceecb-5c57-4f42-ada9-481bb51404ef req-ad8ceecb-5c57-4f42-ada9-481bb51404ef ] Request (ServerActionsTestOtherB:setUpClass): 201 POST http://10.180.1.21/identity/v3/auth/tokens 0.059s
2025-12-09 10:23:08.906 66727 INFO tempest.lib.common.rest_client [req-429449de-8d2d-493d-bcae-0a4d19a080d9 req-429449de-8d2d-493d-bcae-0a4d19a080d9 ] Request (QuotasAdminTestV257:tearDownClass): 204 DELETE http://10.180.1.21/networking/v2.0/security-groups/581773b1-d95b-492e-aca0-4b59db9d5e9c 0.222s
2025-12-09 10:23:08.964 66729 INFO tempest.lib.common.rest_client [req-3a43898d-7d5c-49ea-88aa-b31379f4b7a3 req-3a43898d-7d5c-49ea-88aa-b31379f4b7a3 ] Request (ServersTestMultiNic:_run_cleanups): 200 GET http://10.180.1.21/compute/v2.1/servers/2c58b2cf-f53b-420d-8f53-66b25392b912 2.549s
2025-12-09 10:23:08.977 66729 INFO tempest.common.waiters [-] State transition "ACTIVE/deleting" ==> "DELETED/None" after 3 second wait
2025-12-09 10:23:08.992 66727 INFO tempest.lib.common.rest_client [req-fd738d4c-fd92-4687-907e-d3575e333a89 req-fd738d4c-fd92-4687-907e-d3575e333a89 ] Request (QuotasAdminTestV257:tearDownClass): 204 DELETE http://10.180.1.21/identity/v3/projects/4c4c8f438dcd4d3a9bd76e779962a852 0.086s
2025-12-09 10:23:08.992 66727 INFO tempest.lib.common.dynamic_creds [-] Deleting project and security group for project: 3f92ebca9f0c4a0a9053fa8cb6bf7582
2025-12-09 10:23:09.065 66765 WARNING tempest.lib.common.ssh [-] Failed to establish authenticated ssh connection to cirros@10.180.180.220 ([Errno None] Unable to connect to port 22 on 10.180.180.220). Number attempts: 3. Retry after 4 seconds.: paramiko.ssh_exception.NoValidConnectionsError: [Errno None] Unable to connect to port 22 on 10.180.180.220
2025-12-09 10:23:09.248 66713 INFO tempest.lib.common.rest_client [req-a8f99c7f-8150-4a51-b996-fdfd25e3bd52 req-a8f99c7f-8150-4a51-b996-fdfd25e3bd52 ] Request (SecurityGroupsTestJSON:test_list_security_groups_by_server): 202 POST http://10.180.1.21/compute/v2.1/servers/ce74cfeb-5b20-4ffd-9432-b35cab14ace2/action 3.149s
2025-12-09 10:23:09.377 66727 INFO tempest.lib.common.rest_client [req-66e3f7b9-488e-4765-b976-d3ec062c4c27 req-66e3f7b9-488e-4765-b976-d3ec062c4c27 ] Request (QuotasAdminTestV257:tearDownClass): 200 GET http://10.180.1.21/networking/v2.0/security-groups?tenant_id=3f92ebca9f0c4a0a9053fa8cb6bf7582&name=default 0.384s
2025-12-09 10:23:09.448 66734 INFO tempest.lib.common.rest_client [req-da1f197e-04b8-435d-8800-14d11ab0c83f req-da1f197e-04b8-435d-8800-14d11ab0c83f ] Request (ServerActionsTestOtherB:setUpClass): 201 POST http://10.180.1.21/networking/v2.0/networks 0.579s
2025-12-09 10:23:09.454 66763 INFO tempest.lib.common.rest_client [req-9c399591-9e5a-47dc-8863-7d45b6eb79e2 req-9c399591-9e5a-47dc-8863-7d45b6eb79e2 ] Request (AttachInterfacesTestJSON:test_create_list_show_delete_interfaces_by_fixed_ip): 200 GET http://10.180.1.21/compute/v2.1/servers/ea030dc2-246d-42b9-8873-a23b2967aaeb/os-interface 2.739s
2025-12-09 10:23:09.475 66755 INFO tempest.lib.common.rest_client [req-bb31d900-4efc-4613-b246-bb0170bb9e40 req-bb31d900-4efc-4613-b246-bb0170bb9e40 ] Request (ListImageFiltersTestJSON:tearDownClass): 200 GET http://10.180.1.21/compute/v2.1/servers/0da9393c-cf2a-4e43-b6ca-0b72adad93b8 2.749s
2025-12-09 10:23:09.483 66755 INFO tempest.common.waiters [-] State transition "ACTIVE/deleting" ==> "DELETED/None" after 4 second wait
2025-12-09 10:23:09.563 66727 INFO tempest.lib.common.rest_client [req-190830b6-8d42-42c9-8362-4b1efb9a6deb req-190830b6-8d42-42c9-8362-4b1efb9a6deb ] Request (QuotasAdminTestV257:tearDownClass): 204 DELETE http://10.180.1.21/networking/v2.0/security-groups/80655178-03b6-4104-b74e-46af52641a88 0.185s
2025-12-09 10:23:09.645 66734 INFO tempest.lib.common.rest_client [req-2ea85fb1-5dac-4ac2-b12b-0900f80ef881 req-2ea85fb1-5dac-4ac2-b12b-0900f80ef881 ] Request (ServerActionsTestOtherB:setUpClass): 201 POST http://10.180.1.21/networking/v2.0/subnets 0.196s
2025-12-09 10:23:09.655 66727 INFO tempest.lib.common.rest_client [req-f26b4770-d218-4ea8-b0a1-9759d19c420a req-f26b4770-d218-4ea8-b0a1-9759d19c420a ] Request (QuotasAdminTestV257:tearDownClass): 204 DELETE http://10.180.1.21/identity/v3/projects/3f92ebca9f0c4a0a9053fa8cb6bf7582 0.092s
2025-12-09 10:23:09.657 66727 INFO tempest.test [-] raised in TestVolumeSwap.setUpClass. Invoking tearDownClass.
2025-12-09 10:23:09.744 66727 INFO tempest.lib.common.rest_client [req-8b0b1acc-5eb1-441b-8e2d-e30bf8e53489 req-8b0b1acc-5eb1-441b-8e2d-e30bf8e53489 ] Request (ServerTagsTestJSON:setUpClass): 201 POST http://10.180.1.21/identity/v3/auth/tokens 0.083s
2025-12-09 10:23:09.782 66727 INFO tempest.lib.common.rest_client [req-a6770136-238f-42d9-8dac-ec8566b83288 req-a6770136-238f-42d9-8dac-ec8566b83288 ] Request (ServerTagsTestJSON:setUpClass): 201 POST http://10.180.1.21/identity/v3/auth/tokens 0.035s
2025-12-09 10:23:09.797 66747 INFO tempest.lib.common.rest_client [req-2a00b70e-07a0-49b4-8e9c-00f30a1c5775 req-2a00b70e-07a0-49b4-8e9c-00f30a1c5775 ] Request (AttachVolumeNegativeTest:test_attach_attached_volume_to_different_server): 200 GET http://10.180.1.21/compute/v2.1/servers/fd0d1c2c-08bb-4431-bc4a-10b3f4ffdfaa 2.658s
2025-12-09 10:23:09.806 66747 INFO tempest.common.waiters [-] State transition "BUILD/networking" ==> "BUILD/spawning" after 19 second wait
2025-12-09 10:23:09.811 66727 INFO tempest.lib.common.rest_client [req-22e7daf8-2d58-43be-874a-34b1448f5936 req-22e7daf8-2d58-43be-874a-34b1448f5936 ] Request (ServerTagsTestJSON:setUpClass): 200 GET http://10.180.1.21/identity/v3/domains?name=Default 0.028s
2025-12-09 10:23:09.831 66749 INFO tempest.lib.common.rest_client [req-b05ff149-06b4-4d02-b53b-7c7471dd12d2 req-b05ff149-06b4-4d02-b53b-7c7471dd12d2 ] Request (MigrationsAdminTest:tearDownClass): 200 GET http://10.180.1.21/compute/v2.1/servers/69e6adb1-1ae6-413d-b032-4417b427fe50 2.764s
2025-12-09 10:23:09.849 66727 INFO tempest.lib.common.rest_client [req-6755706f-4670-4a76-9a7e-75f55eae2a96 req-6755706f-4670-4a76-9a7e-75f55eae2a96 ] Request (ServerTagsTestJSON:setUpClass): 201 POST http://10.180.1.21/identity/v3/projects 0.037s
2025-12-09 10:23:09.926 66727 INFO tempest.lib.common.rest_client [req-dbbc449d-9d6d-408a-b3e3-069551b32dfa req-dbbc449d-9d6d-408a-b3e3-069551b32dfa ] Request (ServerTagsTestJSON:setUpClass): 201 POST http://10.180.1.21/identity/v3/users 0.077s
2025-12-09 10:23:09.950 66727 INFO tempest.lib.common.rest_client [req-98af0a62-ba4f-426b-a30d-698cf41ba9e6 req-98af0a62-ba4f-426b-a30d-698cf41ba9e6 ] Request (ServerTagsTestJSON:setUpClass): 200 GET http://10.180.1.21/identity/v3/roles 0.023s
2025-12-09 10:23:09.990 66727 INFO tempest.lib.common.rest_client [req-d79acff4-0858-4f90-86cf-1ff996a72051 req-d79acff4-0858-4f90-86cf-1ff996a72051 ] Request (ServerTagsTestJSON:setUpClass): 204 PUT http://10.180.1.21/identity/v3/projects/48436b612960474d9f080661265fd7bd/users/0ca54e8dc22a4684936a50916f627b23/roles/14dc37c80b7d46aa9df08cdace771dd1 0.039s
2025-12-09 10:23:09.990 66727 INFO tempest.lib.common.dynamic_creds [-] Dynamic test user 0ca54e8dc22a4684936a50916f627b23 is created with scope project and roles: ['member']
2025-12-09 10:23:09.991 66727 INFO tempest.lib.common.dynamic_creds [-] Acquired dynamic creds: credentials: Credentials: {'domain_id': 'default', 'domain_name': 'Default', 'username': 'tempest-ServerTagsTestJSON-1904163229-project-member', 'project_domain_id': 'default', 'project_domain_name': 'Default', 'project_id': '48436b612960474d9f080661265fd7bd', 'project_name': 'tempest-ServerTagsTestJSON-1904163229', 'tenant_id': '48436b612960474d9f080661265fd7bd', 'tenant_name': 'tempest-ServerTagsTestJSON-1904163229', 'user_domain_id': 'default', 'user_domain_name': 'Default', 'user_id': '0ca54e8dc22a4684936a50916f627b23', 'system': None}, Network: None, Subnet: None, Router: None
