2025-12-09 10:19:31.280 66709 INFO tempest.lib.common.rest_client [req-2c0b8ae3-4dfc-473c-b2f6-0dd0da8e2756 req-2c0b8ae3-4dfc-473c-b2f6-0dd0da8e2756 ] Request (ServerDiagnosticsV248Test:test_get_server_diagnostics): 200 GET http://10.180.1.21/compute/v2.1/servers/840335b8-11c2-464d-8ed9-10919add54a7 8.699s
2025-12-09 10:19:31.291 66709 INFO tempest.common.waiters [-] State transition "BUILD/scheduling" ==> "BUILD/None" after 10 second wait
2025-12-09 10:19:31.441 66747 INFO tempest.lib.common.rest_client [req-09a13b8e-0270-4897-ab0c-05ad61ac1f9c req-09a13b8e-0270-4897-ab0c-05ad61ac1f9c ] Request (ServersTestManualDisk:setUpClass): 202 POST http://10.180.1.21/compute/v2.1/servers 9.737s
2025-12-09 10:19:31.501 66738 INFO tempest.lib.common.rest_client [req-02db1f92-ac21-4c4f-b744-bbd96ff36bae req-02db1f92-ac21-4c4f-b744-bbd96ff36bae ] Request (FloatingIPsTestJSON:tearDownClass): 200 PUT http://10.180.1.21/networking/v2.0/routers/1e5b439b-11ec-4ef6-a483-cad08c96d842/remove_router_interface 1.232s
2025-12-09 10:19:31.581 66741 INFO tempest.lib.common.rest_client [req-ef8936d3-71c5-4863-9ee8-2159baca3139 req-ef8936d3-71c5-4863-9ee8-2159baca3139 ] Request (ServersAdminTestJSON:setUpClass): 201 POST http://10.180.1.21/networking/v2.0/subnets 0.442s
2025-12-09 10:19:31.623 66734 INFO tempest.lib.common.rest_client [req-30a1fc66-97d7-40c3-a121-e4bc0ae2d552 req-30a1fc66-97d7-40c3-a121-e4bc0ae2d552 ] Request (AbsoluteLimitsTestJSON:test_absLimits_get): 200 GET http://10.180.1.21/compute/v2.1/limits 8.757s
2025-12-09 10:19:31.761 66734 INFO tempest.lib.common.rest_client [req-456885ec-cfdf-43bf-b2b6-9194f5aacdd0 req-456885ec-cfdf-43bf-b2b6-9194f5aacdd0 ] Request (AbsoluteLimitsTestJSON:tearDownClass): 204 DELETE http://10.180.1.21/identity/v3/users/d5e93ffc88a94b378bad69a9fac22ab8 0.131s
2025-12-09 10:19:31.762 66734 INFO tempest.lib.common.dynamic_creds [-] Deleting project and security group for project: 9adb3b6c06b340839fc47a388a667032
2025-12-09 10:19:31.841 66734 INFO tempest.lib.common.rest_client [req-c8ecbfe9-0a72-4353-bca5-d44b281f1002 req-c8ecbfe9-0a72-4353-bca5-d44b281f1002 ] Request (AbsoluteLimitsTestJSON:tearDownClass): 201 POST http://10.180.1.21/identity/v3/auth/tokens 0.079s
2025-12-09 10:19:32.233 66738 INFO tempest.lib.common.rest_client [req-3fb7fd37-fc5b-4861-9176-3492cc60b1b6 req-3fb7fd37-fc5b-4861-9176-3492cc60b1b6 ] Request (FloatingIPsTestJSON:tearDownClass): 204 DELETE http://10.180.1.21/networking/v2.0/routers/1e5b439b-11ec-4ef6-a483-cad08c96d842 0.732s
2025-12-09 10:19:32.313 66717 INFO tempest.lib.common.rest_client [req-59aa745c-f969-4268-ae48-2bebae68a4a4 req-59aa745c-f969-4268-ae48-2bebae68a4a4 ] Request (ValidationResourcesFixture:setUp): 201 POST http://10.180.1.21/networking/v2.0/floatingips 1.068s
2025-12-09 10:19:32.401 66717 INFO tempest.lib.common.rest_client [req-ff18b506-e4b8-43dd-9fc7-8419ecaaba54 req-ff18b506-e4b8-43dd-9fc7-8419ecaaba54 ] Request (ServersWithSpecificFlavorTestJSON:test_verify_created_server_ephemeral_disk): 201 POST http://10.180.1.21/identity/v3/auth/tokens 0.081s
2025-12-09 10:19:32.402 66717 INFO tempest.lib.common.fixed_network [-] (ServersWithSpecificFlavorTestJSON:test_verify_created_server_ephemeral_disk) Found network {'id': 'f4314f56-b562-4e37-b53b-0656ba27353d', 'name': 'tempest-ServersWithSpecificFlavorTestJSON-1001576358-network', 'tenant_id': 'beb3c08087a7401482e295f8b56fafd1', 'project_id': 'beb3c08087a7401482e295f8b56fafd1', 'admin_state_up': True, 'mtu': 8950, 'status': 'ACTIVE', 'subnets': [], 'shared': False, 'port_security_enabled': True, 'router:external': False, 'provider:network_type': 'vlan', 'provider:physical_network': 'default', 'provider:segmentation_id': 289, 'availability_zone_hints': [], 'availability_zones': [], 'ipv4_address_scope': None, 'ipv6_address_scope': None, 'description': '', 'tags': [], 'created_at': '2025-12-09T10:18:49Z', 'updated_at': '2025-12-09T10:18:49Z', 'revision_number': 1} available for tenant
2025-12-09 10:19:32.408 66705 INFO tempest.lib.common.rest_client [req-5abc4681-0a4d-49b7-a256-ce2de66e10c1 req-5abc4681-0a4d-49b7-a256-ce2de66e10c1 ] Request (ListServerFiltersTestJSON:setUpClass): 200 GET http://10.180.1.21/compute/v2.1/servers/62430291-da65-468f-9570-24a2fd308568 9.573s
2025-12-09 10:19:32.419 66705 INFO tempest.common.waiters [-] State transition "BUILD/None" ==> "BUILD/spawning" after 22 second wait
2025-12-09 10:19:32.665 66734 INFO tempest.lib.common.rest_client [req-eb66295d-8420-42bd-88b0-3c968b069587 req-eb66295d-8420-42bd-88b0-3c968b069587 ] Request (AbsoluteLimitsTestJSON:tearDownClass): 200 GET http://10.180.1.21/networking/v2.0/security-groups?tenant_id=9adb3b6c06b340839fc47a388a667032&name=default 0.823s
2025-12-09 10:19:32.866 66738 INFO tempest.lib.common.rest_client [req-1f2ae780-6a94-46a2-b3c4-d15feea2efc1 req-1f2ae780-6a94-46a2-b3c4-d15feea2efc1 ] Request (FloatingIPsTestJSON:tearDownClass): 204 DELETE http://10.180.1.21/networking/v2.0/subnets/ff89673f-4300-47f3-ac5c-2fbf45571565 0.632s
2025-12-09 10:19:32.947 66713 INFO tempest.lib.common.rest_client [req-b2fc057b-cde4-43b4-a436-bed29a63f43d req-b2fc057b-cde4-43b4-a436-bed29a63f43d ] Request (DeleteServersAdminTestJSON:test_admin_delete_servers_of_others): 200 GET http://10.180.1.21/compute/v2.1/servers/48973feb-b242-4211-8d18-1b97e373f1a4 9.198s
2025-12-09 10:19:32.955 66761 INFO tempest.lib.common.rest_client [req-e325ce38-b0da-42d3-9852-5a29fa172b3a req-e325ce38-b0da-42d3-9852-5a29fa172b3a ] Request (HypervisorAdminNegativeTestJSON:test_show_nonexistent_hypervisor): 404 GET http://10.180.1.21/compute/v2.1/os-hypervisors/72c8167d-de07-4574-8b3e-5742cb8eeabf 8.946s
2025-12-09 10:19:32.957 66713 INFO tempest.common.waiters [-] State transition "BUILD/spawning" ==> "ACTIVE/None" after 28 second wait
2025-12-09 10:19:32.987 66731 INFO tempest.lib.common.rest_client [req-a1eafbdc-94c1-4fc1-90f5-47832fa1fb1a req-a1eafbdc-94c1-4fc1-90f5-47832fa1fb1a ] Request (FlavorsV261TestJSON:_run_cleanups): 200 GET http://10.180.1.21/compute/v2.1/flavors/detail 8.955s
2025-12-09 10:19:32.988 66741 INFO tempest.lib.common.rest_client [req-47184550-f716-4a53-b649-4ed18db5e803 req-47184550-f716-4a53-b649-4ed18db5e803 ] Request (ServersAdminTestJSON:setUpClass): 201 POST http://10.180.1.21/networking/v2.0/routers 1.406s
2025-12-09 10:19:32.998 66739 INFO tempest.lib.common.rest_client [req-22cca24d-56d1-40d3-8ab4-49f9d686561c req-22cca24d-56d1-40d3-8ab4-49f9d686561c ] Request (FlavorsExtraSpecsNegativeTestJSON:test_flavor_update_mismatch_key): 400 PUT http://10.180.1.21/compute/v2.1/flavors/587094190/os-extra_specs/hw:numa_nodes 8.934s
2025-12-09 10:19:33.137 66734 INFO tempest.lib.common.rest_client [req-2a08e8d6-69ac-43cc-a0a6-7264bd797258 req-2a08e8d6-69ac-43cc-a0a6-7264bd797258 ] Request (AbsoluteLimitsTestJSON:tearDownClass): 204 DELETE http://10.180.1.21/networking/v2.0/security-groups/3b18d211-474d-44ea-9d18-d9450ff60ecd 0.471s
2025-12-09 10:19:33.142 66761 INFO tempest.lib.common.rest_client [req-d6dc52be-f066-4b29-95fa-5cf2a6cd44b9 req-d6dc52be-f066-4b29-95fa-5cf2a6cd44b9 ] Request (HypervisorAdminNegativeTestJSON:tearDownClass): 204 DELETE http://10.180.1.21/identity/v3/users/9e3793b108004245ad963713cc2ee1ad 0.178s
2025-12-09 10:19:33.154 66731 INFO tempest.lib.common.rest_client [req-bf159de0-3beb-4e7e-befe-6c81df43414d req-bf159de0-3beb-4e7e-befe-6c81df43414d ] Request (FlavorsV261TestJSON:tearDownClass): 204 DELETE http://10.180.1.21/identity/v3/users/03216caee1a5425bb73e00dabde0cb2c 0.154s
2025-12-09 10:19:33.273 66734 INFO tempest.lib.common.rest_client [req-ccf61687-28b0-4d63-963e-e4c8edb7528a req-ccf61687-28b0-4d63-963e-e4c8edb7528a ] Request (AbsoluteLimitsTestJSON:tearDownClass): 204 DELETE http://10.180.1.21/identity/v3/projects/9adb3b6c06b340839fc47a388a667032 0.135s
2025-12-09 10:19:33.285 66761 INFO tempest.lib.common.rest_client [req-38fbb3ac-e0fb-4734-b1e8-1ec99d9a18c9 req-38fbb3ac-e0fb-4734-b1e8-1ec99d9a18c9 ] Request (HypervisorAdminNegativeTestJSON:tearDownClass): 204 DELETE http://10.180.1.21/identity/v3/users/f29a8a4b83c24218955b20c4fda87fd0 0.142s
2025-12-09 10:19:33.285 66761 INFO tempest.lib.common.dynamic_creds [-] Deleting project and security group for project: e78cafebe9d6434ea5a11b0fa776a553
2025-12-09 10:19:33.362 66734 INFO tempest.lib.common.rest_client [req-158ece19-d979-4a57-9a6c-005dae1130d1 req-158ece19-d979-4a57-9a6c-005dae1130d1 ] Request (AttachInterfacesUnderV243Test:setUpClass): 201 POST http://10.180.1.21/identity/v3/auth/tokens 0.087s
2025-12-09 10:19:33.393 66761 INFO tempest.lib.common.rest_client [req-dce85abe-1378-4f66-be5e-9b7e8286bc78 req-dce85abe-1378-4f66-be5e-9b7e8286bc78 ] Request (HypervisorAdminNegativeTestJSON:tearDownClass): 201 POST http://10.180.1.21/identity/v3/auth/tokens 0.107s
2025-12-09 10:19:33.425 66734 INFO tempest.lib.common.rest_client [req-e8144c93-ef12-48cb-beba-15fd735b7051 req-e8144c93-ef12-48cb-beba-15fd735b7051 ] Request (AttachInterfacesUnderV243Test:setUpClass): 201 POST http://10.180.1.21/identity/v3/auth/tokens 0.061s
2025-12-09 10:19:33.452 66731 INFO tempest.lib.common.rest_client [req-48754fed-f8aa-4383-90c5-c67ee7f7aef2 req-48754fed-f8aa-4383-90c5-c67ee7f7aef2 ] Request (FlavorsV261TestJSON:tearDownClass): 204 DELETE http://10.180.1.21/identity/v3/users/b4a77f6eedc443a5adeed428e7da3c20 0.298s
2025-12-09 10:19:33.456 66731 INFO tempest.lib.common.dynamic_creds [-] Deleting project and security group for project: f96ba4d02a63484da927ba5a86f2fe56
2025-12-09 10:19:33.519 66734 INFO tempest.lib.common.rest_client [req-39dcb223-08be-4bb9-a00d-065cf64a0acb req-39dcb223-08be-4bb9-a00d-065cf64a0acb ] Request (AttachInterfacesUnderV243Test:setUpClass): 200 GET http://10.180.1.21/identity/v3/domains?name=Default 0.093s
2025-12-09 10:19:33.541 66731 INFO tempest.lib.common.rest_client [req-cc5536b1-38f0-4e7f-ae3f-da9d4ab51519 req-cc5536b1-38f0-4e7f-ae3f-da9d4ab51519 ] Request (FlavorsV261TestJSON:tearDownClass): 201 POST http://10.180.1.21/identity/v3/auth/tokens 0.084s
2025-12-09 10:19:33.553 66738 INFO tempest.lib.common.rest_client [req-4671fbd6-8a3c-4c21-80fd-afcf1267667f req-4671fbd6-8a3c-4c21-80fd-afcf1267667f ] Request (FloatingIPsTestJSON:tearDownClass): 204 DELETE http://10.180.1.21/networking/v2.0/networks/9122cdf7-8449-462a-8171-c32263d4a31a 0.687s
2025-12-09 10:19:33.579 66734 INFO tempest.lib.common.rest_client [req-9442148c-e214-4e20-beea-8411e8ee862e req-9442148c-e214-4e20-beea-8411e8ee862e ] Request (AttachInterfacesUnderV243Test:setUpClass): 201 POST http://10.180.1.21/identity/v3/projects 0.058s
2025-12-09 10:19:33.686 66734 INFO tempest.lib.common.rest_client [req-8d6c85ee-3ced-40f3-b97a-c03c15e4faf5 req-8d6c85ee-3ced-40f3-b97a-c03c15e4faf5 ] Request (AttachInterfacesUnderV243Test:setUpClass): 201 POST http://10.180.1.21/identity/v3/users 0.107s
2025-12-09 10:19:33.705 66738 INFO tempest.lib.common.rest_client [req-8cfcb4bd-bc2b-4f85-983b-6d754bd69e4d req-8cfcb4bd-bc2b-4f85-983b-6d754bd69e4d ] Request (FloatingIPsTestJSON:tearDownClass): 204 DELETE http://10.180.1.21/identity/v3/users/fb53e839486b455e89f84bea0e6c6792 0.151s
2025-12-09 10:19:33.705 66738 INFO tempest.lib.common.dynamic_creds [-] Deleting project and security group for project: 8f97df0c6f2d4702abfe26e48cb714d1
2025-12-09 10:19:33.761 66734 INFO tempest.lib.common.rest_client [req-66987f29-4957-41b4-8ee1-25dd8e6deb80 req-66987f29-4957-41b4-8ee1-25dd8e6deb80 ] Request (AttachInterfacesUnderV243Test:setUpClass): 200 GET http://10.180.1.21/identity/v3/roles 0.074s
2025-12-09 10:19:33.824 66734 INFO tempest.lib.common.rest_client [req-96bdc4e8-53ed-4920-b6e3-c118c589b0e0 req-96bdc4e8-53ed-4920-b6e3-c118c589b0e0 ] Request (AttachInterfacesUnderV243Test:setUpClass): 204 PUT http://10.180.1.21/identity/v3/projects/63b09facffee44a8a15db531e1410548/users/c307b4d7913642df9fdcbfee83b84005/roles/14dc37c80b7d46aa9df08cdace771dd1 0.062s
2025-12-09 10:19:33.824 66734 INFO tempest.lib.common.dynamic_creds [-] Dynamic test user c307b4d7913642df9fdcbfee83b84005 is created with scope project and roles: ['member']
2025-12-09 10:19:33.825 66734 INFO tempest.lib.common.dynamic_creds [-] Acquired dynamic creds: credentials: Credentials: {'domain_id': 'default', 'domain_name': 'Default', 'username': 'tempest-AttachInterfacesUnderV243Test-143724467-project-member', 'project_domain_id': 'default', 'project_domain_name': 'Default', 'project_id': '63b09facffee44a8a15db531e1410548', 'project_name': 'tempest-AttachInterfacesUnderV243Test-143724467', 'tenant_id': '63b09facffee44a8a15db531e1410548', 'tenant_name': 'tempest-AttachInterfacesUnderV243Test-143724467', 'user_domain_id': 'default', 'user_domain_name': 'Default', 'user_id': 'c307b4d7913642df9fdcbfee83b84005', 'system': None}, Network: None, Subnet: None, Router: None
2025-12-09 10:19:33.905 66734 INFO tempest.lib.common.rest_client [req-e64f58d7-5b6c-4f0f-bd0f-1d9424fac544 req-e64f58d7-5b6c-4f0f-bd0f-1d9424fac544 ] Request (AttachInterfacesUnderV243Test:setUpClass): 201 POST http://10.180.1.21/identity/v3/auth/tokens 0.080s
2025-12-09 10:19:33.955 66761 INFO tempest.lib.common.rest_client [req-edb204d0-32f8-47b6-96d8-80dfeba7b9d2 req-edb204d0-32f8-47b6-96d8-80dfeba7b9d2 ] Request (HypervisorAdminNegativeTestJSON:tearDownClass): 200 GET http://10.180.1.21/networking/v2.0/security-groups?tenant_id=e78cafebe9d6434ea5a11b0fa776a553&name=default 0.562s
2025-12-09 10:19:34.162 66731 INFO tempest.lib.common.rest_client [req-a8a4b547-9bc7-4b6b-833f-18ee11540e42 req-a8a4b547-9bc7-4b6b-833f-18ee11540e42 ] Request (FlavorsV261TestJSON:tearDownClass): 200 GET http://10.180.1.21/networking/v2.0/security-groups?tenant_id=f96ba4d02a63484da927ba5a86f2fe56&name=default 0.621s
2025-12-09 10:19:34.206 66723 INFO tempest.lib.common.rest_client [req-ca8be31e-0419-4a5c-8786-8cde34367c5f req-ca8be31e-0419-4a5c-8786-8cde34367c5f ] Request (FloatingIPsAssociationNegativeTestJSON:setUpClass): 200 GET http://10.180.1.21/compute/v2.1/servers/dbafe592-a0b1-41e9-98e1-7fdeff149541 9.865s
2025-12-09 10:19:34.213 66723 INFO tempest.common.waiters [-] State transition "BUILD/spawning" ==> "ACTIVE/None" after 29 second wait
2025-12-09 10:19:34.310 66738 INFO tempest.lib.common.rest_client [req-9033aaaa-06ca-4912-be16-2887ee31af76 req-9033aaaa-06ca-4912-be16-2887ee31af76 ] Request (FloatingIPsTestJSON:tearDownClass): 200 GET http://10.180.1.21/networking/v2.0/security-groups?tenant_id=8f97df0c6f2d4702abfe26e48cb714d1&name=default 0.605s
2025-12-09 10:19:34.354 66741 INFO tempest.lib.common.rest_client [req-71a81ac8-3e88-4ace-9246-5eecaafe51f3 req-71a81ac8-3e88-4ace-9246-5eecaafe51f3 ] Request (ServersAdminTestJSON:setUpClass): 200 PUT http://10.180.1.21/networking/v2.0/routers/1c280e97-0c17-40bd-95f9-af1c04331700/add_router_interface 1.366s
2025-12-09 10:19:34.355 66741 INFO tempest.lib.common.dynamic_creds [-] Created isolated network resources for: credentials: Credentials: {'domain_id': 'default', 'domain_name': 'Default', 'username': 'tempest-ServersAdminTestJSON-1641801158-project-admin', 'project_domain_id': 'default', 'project_domain_name': 'Default', 'project_id': '541086dcf96b4ef2b784734dfb65d9fb', 'project_name': 'tempest-ServersAdminTestJSON-1641801158', 'tenant_id': '541086dcf96b4ef2b784734dfb65d9fb', 'tenant_name': 'tempest-ServersAdminTestJSON-1641801158', 'user_domain_id': 'default', 'user_domain_name': 'Default', 'user_id': '3580a461eb7d40f2b442a8a570c61a15', 'system': None}, Network: {'id': '16b77215-2f8b-4540-9729-909cafc659d8', 'name': 'tempest-ServersAdminTestJSON-697654825-network', 'tenant_id': '541086dcf96b4ef2b784734dfb65d9fb', 'project_id': '541086dcf96b4ef2b784734dfb65d9fb', 'admin_state_up': True, 'mtu': 8950, 'status': 'ACTIVE', 'subnets': [], 'shared': False, 'port_security_enabled': True, 'router:external': False, 'provider:network_type': 'vlan', 'provider:physical_network': 'default', 'provider:segmentation_id': 151, 'availability_zone_hints': [], 'availability_zones': [], 'ipv4_address_scope': None, 'ipv6_address_scope': None, 'description': '', 'tags': [], 'created_at': '2025-12-09T10:19:31Z', 'updated_at': '2025-12-09T10:19:31Z', 'revision_number': 1}, Subnet: {'id': '7e137c53-ed94-482d-8b6b-bb816035931f', 'name': 'tempest-ServersAdminTestJSON-697654825-subnet', 'tenant_id': '541086dcf96b4ef2b784734dfb65d9fb', 'network_id': '16b77215-2f8b-4540-9729-909cafc659d8', 'ip_version': 4, 'subnetpool_id': None, 'enable_dhcp': True, 'ipv6_ra_mode': None, 'ipv6_address_mode': None, 'gateway_ip': '192.168.128.1', 'cidr': '192.168.128.0/28', 'allocation_pools': [{'start': '192.168.128.2', 'end': '192.168.128.14'}], 'host_routes': [], 'dns_nameservers': [], 'description': '', 'router:external': False, 'service_types': [], 'tags': [], 'created_at': '2025-12-09T10:19:31Z', 'updated_at': '2025-12-09T10:19:31Z', 'revision_number': 0, 'project_id': '541086dcf96b4ef2b784734dfb65d9fb'}, Router: {'id': '1c280e97-0c17-40bd-95f9-af1c04331700', 'name': 'tempest-ServersAdminTestJSON-697654825-router', 'tenant_id': '541086dcf96b4ef2b784734dfb65d9fb', 'admin_state_up': True, 'status': 'ACTIVE', 'external_gateway_info': {'network_id': '1e8b0611-1865-4ee6-90aa-9dc6793a7667', 'external_fixed_ips': [{'subnet_id': 'c9930072-81a3-4e0c-8cd8-fea7f9b6281a', 'ip_address': '10.180.180.227'}], 'enable_snat': True}, 'description': '', 'availability_zones': [], 'distributed': False, 'ha': False, 'availability_zone_hints': [], 'routes': [], 'flavor_id': None, 'tags': [], 'created_at': '2025-12-09T10:19:32Z', 'updated_at': '2025-12-09T10:19:32Z', 'revision_number': 2, 'project_id': '541086dcf96b4ef2b784734dfb65d9fb'}
2025-12-09 10:19:34.445 66761 INFO tempest.lib.common.rest_client [req-e602f908-4ba2-4cc9-8e3d-3f3974029321 req-e602f908-4ba2-4cc9-8e3d-3f3974029321 ] Request (HypervisorAdminNegativeTestJSON:tearDownClass): 204 DELETE http://10.180.1.21/networking/v2.0/security-groups/109dbdb1-3cd2-43ca-a3d0-47633f47338c 0.489s
2025-12-09 10:19:34.452 66741 INFO tempest.lib.common.rest_client [req-6d64e997-1c7b-4a0b-91f3-f9f9c4f8a7d6 req-6d64e997-1c7b-4a0b-91f3-f9f9c4f8a7d6 ] Request (ServersAdminTestJSON:setUpClass): 201 POST http://10.180.1.21/identity/v3/auth/tokens 0.093s
2025-12-09 10:19:34.513 66741 INFO tempest.lib.common.rest_client [req-d2dca38a-70ed-44e7-8182-6e7cb5ec1156 req-d2dca38a-70ed-44e7-8182-6e7cb5ec1156 ] Request (ServersAdminTestJSON:setUpClass): 201 POST http://10.180.1.21/identity/v3/auth/tokens 0.056s
2025-12-09 10:19:34.513 66741 INFO tempest.lib.common.fixed_network [-] (ServersAdminTestJSON:setUpClass) Found network {'id': 'e657a97b-cdac-4c39-b16c-4b7202d9bf2f', 'name': 'tempest-ServersAdminTestJSON-1876877400-network', 'tenant_id': '24c551957e7e457d8b8385646f9635e5', 'project_id': '24c551957e7e457d8b8385646f9635e5', 'admin_state_up': True, 'mtu': 8950, 'status': 'ACTIVE', 'subnets': [], 'shared': False, 'port_security_enabled': True, 'router:external': False, 'provider:network_type': 'vlan', 'provider:physical_network': 'default', 'provider:segmentation_id': 959, 'availability_zone_hints': [], 'availability_zones': [], 'ipv4_address_scope': None, 'ipv6_address_scope': None, 'description': '', 'tags': [], 'created_at': '2025-12-09T10:19:26Z', 'updated_at': '2025-12-09T10:19:26Z', 'revision_number': 1} available for tenant
2025-12-09 10:19:34.529 66761 INFO tempest.lib.common.rest_client [req-6b69ef31-1c3c-46d0-b928-d774348d29c9 req-6b69ef31-1c3c-46d0-b928-d774348d29c9 ] Request (HypervisorAdminNegativeTestJSON:tearDownClass): 204 DELETE http://10.180.1.21/identity/v3/projects/e78cafebe9d6434ea5a11b0fa776a553 0.083s
2025-12-09 10:19:34.529 66761 INFO tempest.lib.common.dynamic_creds [-] Deleting project and security group for project: 024f5fc9642d42c194365af2ede4c231
2025-12-09 10:19:34.569 66734 INFO tempest.lib.common.rest_client [req-f52b9203-1cd9-4091-9b38-8a838d240780 req-f52b9203-1cd9-4091-9b38-8a838d240780 ] Request (AttachInterfacesUnderV243Test:setUpClass): 201 POST http://10.180.1.21/networking/v2.0/networks 0.664s
2025-12-09 10:19:34.579 66731 INFO tempest.lib.common.rest_client [req-10efcb55-22da-4a73-9ba6-9aca204320d6 req-10efcb55-22da-4a73-9ba6-9aca204320d6 ] Request (FlavorsV261TestJSON:tearDownClass): 204 DELETE http://10.180.1.21/networking/v2.0/security-groups/37d92cdf-2608-4f69-8b81-50b9d6e9fa3f 0.416s
2025-12-09 10:19:34.676 66765 INFO tempest.lib.common.rest_client [req-d47cca27-d5b4-4534-94cd-58a3dddc0046 req-d47cca27-d5b4-4534-94cd-58a3dddc0046 ] Request (SecurityGroupRulesTestJSON:test_security_group_rules_create_with_optional_group_id): 200 POST http://10.180.1.21/compute/v2.1/os-security-groups 9.947s
2025-12-09 10:19:34.685 66731 INFO tempest.lib.common.rest_client [req-6f913670-b47c-4505-bc1c-0143cd2359ac req-6f913670-b47c-4505-bc1c-0143cd2359ac ] Request (FlavorsV261TestJSON:tearDownClass): 204 DELETE http://10.180.1.21/identity/v3/projects/f96ba4d02a63484da927ba5a86f2fe56 0.106s
2025-12-09 10:19:34.685 66731 INFO tempest.lib.common.dynamic_creds [-] Deleting project and security group for project: 283065feda9a404ab79c76c7380ba92c
2025-12-09 10:19:34.763 66738 INFO tempest.lib.common.rest_client [req-ebeb3bba-0444-4a05-b809-99a160737eb8 req-ebeb3bba-0444-4a05-b809-99a160737eb8 ] Request (FloatingIPsTestJSON:tearDownClass): 204 DELETE http://10.180.1.21/networking/v2.0/security-groups/0c859844-1cf4-4369-9e0b-24125b4989ea 0.452s
2025-12-09 10:19:34.878 66738 INFO tempest.lib.common.rest_client [req-0ae5ecea-2dc5-44f3-8428-c6e727e7a511 req-0ae5ecea-2dc5-44f3-8428-c6e727e7a511 ] Request (FloatingIPsTestJSON:tearDownClass): 204 DELETE http://10.180.1.21/identity/v3/projects/8f97df0c6f2d4702abfe26e48cb714d1 0.115s
2025-12-09 10:19:34.956 66761 INFO tempest.lib.common.rest_client [req-5222a97e-7dad-495e-82a6-072dbbe9a43b req-5222a97e-7dad-495e-82a6-072dbbe9a43b ] Request (HypervisorAdminNegativeTestJSON:tearDownClass): 200 GET http://10.180.1.21/networking/v2.0/security-groups?tenant_id=024f5fc9642d42c194365af2ede4c231&name=default 0.426s
2025-12-09 10:19:34.962 66738 INFO tempest.lib.common.rest_client [req-efe3d93c-1247-487b-8153-3c98409fbd79 req-efe3d93c-1247-487b-8153-3c98409fbd79 ] Request (SecurityGroupsNegativeTestJSON:setUpClass): 201 POST http://10.180.1.21/identity/v3/auth/tokens 0.081s
2025-12-09 10:19:35.003 66738 INFO tempest.lib.common.rest_client [req-75b90527-cd1f-46e5-a143-65305768caf4 req-75b90527-cd1f-46e5-a143-65305768caf4 ] Request (SecurityGroupsNegativeTestJSON:setUpClass): 201 POST http://10.180.1.21/identity/v3/auth/tokens 0.038s
2025-12-09 10:19:35.036 66738 INFO tempest.lib.common.rest_client [req-5725ff7e-3650-4c51-b7d0-3006e5e26be3 req-5725ff7e-3650-4c51-b7d0-3006e5e26be3 ] Request (SecurityGroupsNegativeTestJSON:setUpClass): 200 GET http://10.180.1.21/identity/v3/domains?name=Default 0.032s
2025-12-09 10:19:35.085 66738 INFO tempest.lib.common.rest_client [req-cff546db-781f-446b-88be-e3349031c5b7 req-cff546db-781f-446b-88be-e3349031c5b7 ] Request (SecurityGroupsNegativeTestJSON:setUpClass): 201 POST http://10.180.1.21/identity/v3/projects 0.048s
2025-12-09 10:19:35.168 66738 INFO tempest.lib.common.rest_client [req-27bbafab-5c4a-437a-9eeb-a3461b101573 req-27bbafab-5c4a-437a-9eeb-a3461b101573 ] Request (SecurityGroupsNegativeTestJSON:setUpClass): 201 POST http://10.180.1.21/identity/v3/users 0.082s
2025-12-09 10:19:35.193 66734 INFO tempest.lib.common.rest_client [req-b05be0bd-9ff8-46e5-9e1b-c6ab92073c01 req-b05be0bd-9ff8-46e5-9e1b-c6ab92073c01 ] Request (AttachInterfacesUnderV243Test:setUpClass): 201 POST http://10.180.1.21/networking/v2.0/subnets 0.623s
2025-12-09 10:19:35.199 66738 INFO tempest.lib.common.rest_client [req-5c237e98-f75c-486c-afbf-6f2fe681db5c req-5c237e98-f75c-486c-afbf-6f2fe681db5c ] Request (SecurityGroupsNegativeTestJSON:setUpClass): 200 GET http://10.180.1.21/identity/v3/roles 0.031s
2025-12-09 10:19:35.234 66738 INFO tempest.lib.common.rest_client [req-44b234ea-e447-44dd-b316-c554c73efe03 req-44b234ea-e447-44dd-b316-c554c73efe03 ] Request (SecurityGroupsNegativeTestJSON:setUpClass): 204 PUT http://10.180.1.21/identity/v3/projects/d3b1bffcfbf4402dbafbdecb7a5766e1/users/397d3a0b67b745459341fcaa9ca7ad9e/roles/14dc37c80b7d46aa9df08cdace771dd1 0.034s
2025-12-09 10:19:35.234 66738 INFO tempest.lib.common.dynamic_creds [-] Dynamic test user 397d3a0b67b745459341fcaa9ca7ad9e is created with scope project and roles: ['member']
2025-12-09 10:19:35.234 66738 INFO tempest.lib.common.dynamic_creds [-] Acquired dynamic creds: credentials: Credentials: {'domain_id': 'default', 'domain_name': 'Default', 'username': 'tempest-SecurityGroupsNegativeTestJSON-259998372-project-member', 'project_domain_id': 'default', 'project_domain_name': 'Default', 'project_id': 'd3b1bffcfbf4402dbafbdecb7a5766e1', 'project_name': 'tempest-SecurityGroupsNegativeTestJSON-259998372', 'tenant_id': 'd3b1bffcfbf4402dbafbdecb7a5766e1', 'tenant_name': 'tempest-SecurityGroupsNegativeTestJSON-259998372', 'user_domain_id': 'default', 'user_domain_name': 'Default', 'user_id': '397d3a0b67b745459341fcaa9ca7ad9e', 'system': None}, Network: None, Subnet: None, Router: None
2025-12-09 10:19:35.291 66731 INFO tempest.lib.common.rest_client [req-1725f133-2269-4625-8338-49e3e4c2d652 req-1725f133-2269-4625-8338-49e3e4c2d652 ] Request (FlavorsV261TestJSON:tearDownClass): 200 GET http://10.180.1.21/networking/v2.0/security-groups?tenant_id=283065feda9a404ab79c76c7380ba92c&name=default 0.605s
2025-12-09 10:19:35.302 66738 INFO tempest.lib.common.rest_client [req-2fbccb6c-36bf-4569-ab53-e2a8b8eb0dbc req-2fbccb6c-36bf-4569-ab53-e2a8b8eb0dbc ] Request (SecurityGroupsNegativeTestJSON:setUpClass): 201 POST http://10.180.1.21/identity/v3/auth/tokens 0.068s
2025-12-09 10:19:35.406 66761 INFO tempest.lib.common.rest_client [req-810327ed-c4d5-4d68-bcdd-031226c0a21d req-810327ed-c4d5-4d68-bcdd-031226c0a21d ] Request (HypervisorAdminNegativeTestJSON:tearDownClass): 204 DELETE http://10.180.1.21/networking/v2.0/security-groups/5adc7e01-49b2-41ab-a1b1-99e9bf89eba5 0.450s
2025-12-09 10:19:35.499 66761 INFO tempest.lib.common.rest_client [req-bf6a934d-dc98-4083-92c8-6e4b60ef7705 req-bf6a934d-dc98-4083-92c8-6e4b60ef7705 ] Request (HypervisorAdminNegativeTestJSON:tearDownClass): 204 DELETE http://10.180.1.21/identity/v3/projects/024f5fc9642d42c194365af2ede4c231 0.092s
2025-12-09 10:19:35.500 66761 INFO tempest.test [-] raised in TestMultiAttachVolumeSwap.setUpClass. Invoking tearDownClass.
2025-12-09 10:19:35.541 66745 INFO tempest.lib.common.rest_client [req-90bf1939-582c-4567-9d72-aff58f2ef6e0 req-90bf1939-582c-4567-9d72-aff58f2ef6e0 ] Request (ServersTestJSON:setUpClass): 202 POST http://10.180.1.21/compute/v2.1/servers 11.549s
2025-12-09 10:19:36.023 66761 INFO tempest.lib.common.rest_client [req-ed2c6993-52ce-4c5a-9f9a-adb8eb9cda6f req-ed2c6993-52ce-4c5a-9f9a-adb8eb9cda6f ] Request (ImagesOneServerTestJSON:setUpClass): 201 POST http://10.180.1.21/identity/v3/auth/tokens 0.520s
2025-12-09 10:19:36.042 66755 INFO tempest.lib.common.rest_client [req-960317eb-4063-42b0-8807-03f312265059 req-960317eb-4063-42b0-8807-03f312265059 ] Request (ListImageFiltersTestJSON:setUpClass): 200 GET http://10.180.1.21/compute/v2.1/images/18670f19-ec37-4282-9882-49ac4d1a54e8 9.980s
2025-12-09 10:19:36.078 66761 INFO tempest.lib.common.rest_client [req-3be84ffa-d7ab-4132-9077-ca86f4702a9f req-3be84ffa-d7ab-4132-9077-ca86f4702a9f ] Request (ImagesOneServerTestJSON:setUpClass): 201 POST http://10.180.1.21/identity/v3/auth/tokens 0.050s
2025-12-09 10:19:36.133 66761 INFO tempest.lib.common.rest_client [req-a0164b77-0e5f-416d-b661-16954992f54d req-a0164b77-0e5f-416d-b661-16954992f54d ] Request (ImagesOneServerTestJSON:setUpClass): 200 GET http://10.180.1.21/identity/v3/domains?name=Default 0.054s
2025-12-09 10:19:36.169 66761 INFO tempest.lib.common.rest_client [req-0e910c0e-77e1-4d4f-b1e1-172d7a267f1c req-0e910c0e-77e1-4d4f-b1e1-172d7a267f1c ] Request (ImagesOneServerTestJSON:setUpClass): 201 POST http://10.180.1.21/identity/v3/projects 0.036s
2025-12-09 10:19:36.207 66731 INFO tempest.lib.common.rest_client [req-2b8436da-44a8-4e3c-a7e8-1ee2ec672412 req-2b8436da-44a8-4e3c-a7e8-1ee2ec672412 ] Request (FlavorsV261TestJSON:tearDownClass): 204 DELETE http://10.180.1.21/networking/v2.0/security-groups/c9a4f60f-8142-4e78-8d46-e0b2901c94a2 0.915s
2025-12-09 10:19:36.260 66761 INFO tempest.lib.common.rest_client [req-402824a0-6f5d-4294-8286-09065a57d130 req-402824a0-6f5d-4294-8286-09065a57d130 ] Request (ImagesOneServerTestJSON:setUpClass): 201 POST http://10.180.1.21/identity/v3/users 0.089s
2025-12-09 10:19:36.317 66731 INFO tempest.lib.common.rest_client [req-4029045d-175a-4bc9-bb84-57d31fc81576 req-4029045d-175a-4bc9-bb84-57d31fc81576 ] Request (FlavorsV261TestJSON:tearDownClass): 204 DELETE http://10.180.1.21/identity/v3/projects/283065feda9a404ab79c76c7380ba92c 0.109s
2025-12-09 10:19:36.372 66761 INFO tempest.lib.common.rest_client [req-66014055-b50c-446b-92ef-9569d041341c req-66014055-b50c-446b-92ef-9569d041341c ] Request (ImagesOneServerTestJSON:setUpClass): 200 GET http://10.180.1.21/identity/v3/roles 0.111s
2025-12-09 10:19:36.398 66731 INFO tempest.lib.common.rest_client [req-ac2c6e4b-cbe2-46ce-ad4e-05a28246a128 req-ac2c6e4b-cbe2-46ce-ad4e-05a28246a128 ] Request (QuotasAdminTestJSON:setUpClass): 201 POST http://10.180.1.21/identity/v3/auth/tokens 0.080s
2025-12-09 10:19:36.401 66761 INFO tempest.lib.common.rest_client [req-0b4596b6-4efa-4ce2-bd0e-00f0875fbc65 req-0b4596b6-4efa-4ce2-bd0e-00f0875fbc65 ] Request (ImagesOneServerTestJSON:setUpClass): 204 PUT http://10.180.1.21/identity/v3/projects/540ec2c2cc4645478da13e9bf746e67f/users/788410667bce493cb448fd04e984d139/roles/14dc37c80b7d46aa9df08cdace771dd1 0.029s
2025-12-09 10:19:36.402 66761 INFO tempest.lib.common.dynamic_creds [-] Dynamic test user 788410667bce493cb448fd04e984d139 is created with scope project and roles: ['member']
2025-12-09 10:19:36.402 66761 INFO tempest.lib.common.dynamic_creds [-] Acquired dynamic creds: credentials: Credentials: {'domain_id': 'default', 'domain_name': 'Default', 'username': 'tempest-ImagesOneServerTestJSON-1252896137-project-member', 'project_domain_id': 'default', 'project_domain_name': 'Default', 'project_id': '540ec2c2cc4645478da13e9bf746e67f', 'project_name': 'tempest-ImagesOneServerTestJSON-1252896137', 'tenant_id': '540ec2c2cc4645478da13e9bf746e67f', 'tenant_name': 'tempest-ImagesOneServerTestJSON-1252896137', 'user_domain_id': 'default', 'user_domain_name': 'Default', 'user_id': '788410667bce493cb448fd04e984d139', 'system': None}, Network: None, Subnet: None, Router: None
2025-12-09 10:19:36.461 66761 INFO tempest.lib.common.rest_client [req-d273cf5e-208b-4913-938b-f83a1740878b req-d273cf5e-208b-4913-938b-f83a1740878b ] Request (ImagesOneServerTestJSON:setUpClass): 201 POST http://10.180.1.21/identity/v3/auth/tokens 0.059s
2025-12-09 10:19:36.477 66731 INFO tempest.lib.common.rest_client [req-391d1ca2-117e-4e68-b49e-df937ab05dde req-391d1ca2-117e-4e68-b49e-df937ab05dde ] Request (QuotasAdminTestJSON:setUpClass): 201 POST http://10.180.1.21/identity/v3/auth/tokens 0.071s
2025-12-09 10:19:36.510 66731 INFO tempest.lib.common.rest_client [req-f0a75afd-7977-4712-b14e-338e5c8fdec4 req-f0a75afd-7977-4712-b14e-338e5c8fdec4 ] Request (QuotasAdminTestJSON:setUpClass): 200 GET http://10.180.1.21/identity/v3/domains?name=Default 0.033s
2025-12-09 10:19:36.552 66731 INFO tempest.lib.common.rest_client [req-1be087a3-dcd1-4fba-a851-e0cd95097e67 req-1be087a3-dcd1-4fba-a851-e0cd95097e67 ] Request (QuotasAdminTestJSON:setUpClass): 201 POST http://10.180.1.21/identity/v3/projects 0.040s
2025-12-09 10:19:36.559 66738 INFO tempest.lib.common.rest_client [req-9dbbd774-0b41-4caf-9121-82fed9abfe1d req-9dbbd774-0b41-4caf-9121-82fed9abfe1d ] Request (SecurityGroupsNegativeTestJSON:setUpClass): 201 POST http://10.180.1.21/networking/v2.0/networks 1.256s
2025-12-09 10:19:36.597 66749 INFO tempest.lib.common.rest_client [req-99415bd6-0ede-4d7e-8647-c07970429ffb req-99415bd6-0ede-4d7e-8647-c07970429ffb ] Request (MigrationsAdminTest:test_list_migrations_in_flavor_resize_situation): 200 GET http://10.180.1.21/compute/v2.1/servers/c5bd6e86-9cde-427d-b35b-1dc56824c5f2 11.588s
2025-12-09 10:19:36.629 66731 INFO tempest.lib.common.rest_client [req-c3d3c27b-ba5c-4949-9d79-2f77f79d4f48 req-c3d3c27b-ba5c-4949-9d79-2f77f79d4f48 ] Request (QuotasAdminTestJSON:setUpClass): 201 POST http://10.180.1.21/identity/v3/users 0.076s
2025-12-09 10:19:36.657 66731 INFO tempest.lib.common.rest_client [req-64122d45-3acc-4043-8671-20ec8f0a0948 req-64122d45-3acc-4043-8671-20ec8f0a0948 ] Request (QuotasAdminTestJSON:setUpClass): 200 GET http://10.180.1.21/identity/v3/roles 0.028s
2025-12-09 10:19:36.700 66731 INFO tempest.lib.common.rest_client [req-24378a03-ec58-45e7-a7ac-3c6c888069d9 req-24378a03-ec58-45e7-a7ac-3c6c888069d9 ] Request (QuotasAdminTestJSON:setUpClass): 204 PUT http://10.180.1.21/identity/v3/projects/8aa871a277d54217b2a4189f4acfc0e9/users/802744ef92fa4490ac68ea5cc70316ef/roles/14dc37c80b7d46aa9df08cdace771dd1 0.042s
2025-12-09 10:19:36.700 66731 INFO tempest.lib.common.dynamic_creds [-] Dynamic test user 802744ef92fa4490ac68ea5cc70316ef is created with scope project and roles: ['member']
2025-12-09 10:19:36.701 66731 INFO tempest.lib.common.dynamic_creds [-] Acquired dynamic creds: credentials: Credentials: {'domain_id': 'default', 'domain_name': 'Default', 'username': 'tempest-QuotasAdminTestJSON-929584213-project-member', 'project_domain_id': 'default', 'project_domain_name': 'Default', 'project_id': '8aa871a277d54217b2a4189f4acfc0e9', 'project_name': 'tempest-QuotasAdminTestJSON-929584213', 'tenant_id': '8aa871a277d54217b2a4189f4acfc0e9', 'tenant_name': 'tempest-QuotasAdminTestJSON-929584213', 'user_domain_id': 'default', 'user_domain_name': 'Default', 'user_id': '802744ef92fa4490ac68ea5cc70316ef', 'system': None}, Network: None, Subnet: None, Router: None
2025-12-09 10:19:36.701 66731 INFO tempest.lib.common.dynamic_creds [-] Created isolated network resources for: credentials: Credentials: {'domain_id': 'default', 'domain_name': 'Default', 'username': 'tempest-QuotasAdminTestJSON-929584213-project-member', 'project_domain_id': 'default', 'project_domain_name': 'Default', 'project_id': '8aa871a277d54217b2a4189f4acfc0e9', 'project_name': 'tempest-QuotasAdminTestJSON-929584213', 'tenant_id': '8aa871a277d54217b2a4189f4acfc0e9', 'tenant_name': 'tempest-QuotasAdminTestJSON-929584213', 'user_domain_id': 'default', 'user_domain_name': 'Default', 'user_id': '802744ef92fa4490ac68ea5cc70316ef', 'system': None}, Network: None, Subnet: None, Router: None
2025-12-09 10:19:36.758 66734 INFO tempest.lib.common.rest_client [req-5d5a8931-6fb0-4ac4-94ce-4d28d5851741 req-5d5a8931-6fb0-4ac4-94ce-4d28d5851741 ] Request (AttachInterfacesUnderV243Test:setUpClass): 201 POST http://10.180.1.21/networking/v2.0/routers 1.564s
2025-12-09 10:19:36.797 66731 INFO tempest.lib.common.rest_client [req-e75eda76-11cb-47ac-8141-1161986c80e2 req-e75eda76-11cb-47ac-8141-1161986c80e2 ] Request (QuotasAdminTestJSON:setUpClass): 201 POST http://10.180.1.21/identity/v3/auth/tokens 0.093s
2025-12-09 10:19:36.868 66731 INFO tempest.lib.common.rest_client [req-0ffed2ff-7a5d-4354-9a9a-b7e0480bf5f1 req-0ffed2ff-7a5d-4354-9a9a-b7e0480bf5f1 ] Request (QuotasAdminTestJSON:setUpClass): 201 POST http://10.180.1.21/identity/v3/projects 0.070s
2025-12-09 10:19:36.932 66731 INFO tempest.lib.common.rest_client [req-5396cd4e-ae27-481d-8b06-d92fcc3324dd req-5396cd4e-ae27-481d-8b06-d92fcc3324dd ] Request (QuotasAdminTestJSON:setUpClass): 201 POST http://10.180.1.21/identity/v3/users 0.064s
2025-12-09 10:19:36.957 66731 INFO tempest.lib.common.rest_client [req-19739ec3-c9f8-4f3d-a265-7740f712e97e req-19739ec3-c9f8-4f3d-a265-7740f712e97e ] Request (QuotasAdminTestJSON:setUpClass): 200 GET http://10.180.1.21/identity/v3/roles 0.024s
2025-12-09 10:19:36.990 66731 INFO tempest.lib.common.rest_client [req-9919956b-1178-43eb-b71d-5d010ef02d16 req-9919956b-1178-43eb-b71d-5d010ef02d16 ] Request (QuotasAdminTestJSON:setUpClass): 204 PUT http://10.180.1.21/identity/v3/projects/0adcf377f828401991a33cd618dda72b/users/0cb5e7beeb76491ea7b2942fe64d0ab0/roles/6efe1da23d994cb38f74b489bc8e943d 0.032s
2025-12-09 10:19:37.063 66731 INFO tempest.lib.common.rest_client [req-75e384d7-2c8a-48fd-ae24-f582502f5594 req-75e384d7-2c8a-48fd-ae24-f582502f5594 ] Request (QuotasAdminTestJSON:setUpClass): 200 GET http://10.180.1.21/identity/v3/roles 0.072s
2025-12-09 10:19:37.109 66731 INFO tempest.lib.common.rest_client [req-7e0b6ad9-e1a9-4403-96b3-6ebdc9478247 req-7e0b6ad9-e1a9-4403-96b3-6ebdc9478247 ] Request (QuotasAdminTestJSON:setUpClass): 204 PUT http://10.180.1.21/identity/v3/projects/0adcf377f828401991a33cd618dda72b/users/0cb5e7beeb76491ea7b2942fe64d0ab0/roles/6efe1da23d994cb38f74b489bc8e943d 0.046s
2025-12-09 10:19:37.110 66731 INFO tempest.lib.common.dynamic_creds [-] Dynamic test user 0cb5e7beeb76491ea7b2942fe64d0ab0 is created with scope project and roles: ['admin']
2025-12-09 10:19:37.110 66731 INFO tempest.lib.common.dynamic_creds [-] Acquired dynamic creds: credentials: Credentials: {'domain_id': 'default', 'domain_name': 'Default', 'username': 'tempest-QuotasAdminTestJSON-2060015333-project-admin', 'project_domain_id': 'default', 'project_domain_name': 'Default', 'project_id': '0adcf377f828401991a33cd618dda72b', 'project_name': 'tempest-QuotasAdminTestJSON-2060015333', 'tenant_id': '0adcf377f828401991a33cd618dda72b', 'tenant_name': 'tempest-QuotasAdminTestJSON-2060015333', 'user_domain_id': 'default', 'user_domain_name': 'Default', 'user_id': '0cb5e7beeb76491ea7b2942fe64d0ab0', 'system': None}, Network: None, Subnet: None, Router: None
2025-12-09 10:19:37.110 66731 INFO tempest.lib.common.dynamic_creds [-] Created isolated network resources for: credentials: Credentials: {'domain_id': 'default', 'domain_name': 'Default', 'username': 'tempest-QuotasAdminTestJSON-2060015333-project-admin', 'project_domain_id': 'default', 'project_domain_name': 'Default', 'project_id': '0adcf377f828401991a33cd618dda72b', 'project_name': 'tempest-QuotasAdminTestJSON-2060015333', 'tenant_id': '0adcf377f828401991a33cd618dda72b', 'tenant_name': 'tempest-QuotasAdminTestJSON-2060015333', 'user_domain_id': 'default', 'user_domain_name': 'Default', 'user_id': '0cb5e7beeb76491ea7b2942fe64d0ab0', 'system': None}, Network: None, Subnet: None, Router: None
2025-12-09 10:19:37.251 66731 INFO tempest.lib.common.rest_client [req-4758fc1c-e6fe-4d58-a632-3c619f6c8125 req-4758fc1c-e6fe-4d58-a632-3c619f6c8125 ] Request (QuotasAdminTestJSON:setUpClass): 201 POST http://10.180.1.21/identity/v3/auth/tokens 0.137s
2025-12-09 10:19:37.252 66731 WARNING tempest.lib.common.rest_client [-] Deprecated: "tenant_id" property is deprecated for removal, use "project_id" instead
2025-12-09 10:19:37.261 66761 INFO tempest.lib.common.rest_client [req-499697de-d6a6-4f78-a130-8d841087c911 req-499697de-d6a6-4f78-a130-8d841087c911 ] Request (ImagesOneServerTestJSON:setUpClass): 201 POST http://10.180.1.21/networking/v2.0/networks 0.799s
2025-12-09 10:19:37.510 66738 INFO tempest.lib.common.rest_client [req-b9aea663-8bf0-49dc-80e2-a9383a5db3e2 req-b9aea663-8bf0-49dc-80e2-a9383a5db3e2 ] Request (SecurityGroupsNegativeTestJSON:setUpClass): 201 POST http://10.180.1.21/networking/v2.0/subnets 0.951s
2025-12-09 10:19:38.308 66751 INFO tempest.lib.common.rest_client [req-975a8d75-3577-40ec-b67f-57753e7b87f4 req-975a8d75-3577-40ec-b67f-57753e7b87f4 ] Request (InstanceActionsTestJSON:setUpClass): 200 GET http://10.180.1.21/compute/v2.1/servers/b5e124ed-144a-4c81-8778-e58b96566295 11.955s
2025-12-09 10:19:38.318 66751 INFO tempest.common.waiters [-] State transition "BUILD/spawning" ==> "ACTIVE/None" after 33 second wait
2025-12-09 10:19:38.449 66761 INFO tempest.lib.common.rest_client [req-686cfb0c-bd42-4441-a295-7146edefe4ca req-686cfb0c-bd42-4441-a295-7146edefe4ca ] Request (ImagesOneServerTestJSON:setUpClass): 201 POST http://10.180.1.21/networking/v2.0/subnets 1.187s
2025-12-09 10:19:38.469 66734 INFO tempest.lib.common.rest_client [req-70ec7bb6-0b7d-4c94-8791-e4e895762d98 req-70ec7bb6-0b7d-4c94-8791-e4e895762d98 ] Request (AttachInterfacesUnderV243Test:setUpClass): 200 PUT http://10.180.1.21/networking/v2.0/routers/d912b6bf-f27e-47f7-9e38-e7765d462733/add_router_interface 1.710s
2025-12-09 10:19:38.470 66734 INFO tempest.lib.common.dynamic_creds [-] Created isolated network resources for: credentials: Credentials: {'domain_id': 'default', 'domain_name': 'Default', 'username': 'tempest-AttachInterfacesUnderV243Test-143724467-project-member', 'project_domain_id': 'default', 'project_domain_name': 'Default', 'project_id': '63b09facffee44a8a15db531e1410548', 'project_name': 'tempest-AttachInterfacesUnderV243Test-143724467', 'tenant_id': '63b09facffee44a8a15db531e1410548', 'tenant_name': 'tempest-AttachInterfacesUnderV243Test-143724467', 'user_domain_id': 'default', 'user_domain_name': 'Default', 'user_id': 'c307b4d7913642df9fdcbfee83b84005', 'system': None}, Network: {'id': 'ae2c9a86-6cd8-4e57-adc0-8169f999d524', 'name': 'tempest-AttachInterfacesUnderV243Test-1159621103-network', 'tenant_id': '63b09facffee44a8a15db531e1410548', 'project_id': '63b09facffee44a8a15db531e1410548', 'admin_state_up': True, 'mtu': 8950, 'status': 'ACTIVE', 'subnets': [], 'shared': False, 'port_security_enabled': True, 'router:external': False, 'provider:network_type': 'vlan', 'provider:physical_network': 'default', 'provider:segmentation_id': 176, 'availability_zone_hints': [], 'availability_zones': [], 'ipv4_address_scope': None, 'ipv6_address_scope': None, 'description': '', 'tags': [], 'created_at': '2025-12-09T10:19:34Z', 'updated_at': '2025-12-09T10:19:34Z', 'revision_number': 1}, Subnet: {'id': 'd9144f74-010e-400b-bf8b-a313355d8877', 'name': 'tempest-AttachInterfacesUnderV243Test-1159621103-subnet', 'tenant_id': '63b09facffee44a8a15db531e1410548', 'network_id': 'ae2c9a86-6cd8-4e57-adc0-8169f999d524', 'ip_version': 4, 'subnetpool_id': None, 'enable_dhcp': True, 'ipv6_ra_mode': None, 'ipv6_address_mode': None, 'gateway_ip': '192.168.128.1', 'cidr': '192.168.128.0/28', 'allocation_pools': [{'start': '192.168.128.2', 'end': '192.168.128.14'}], 'host_routes': [], 'dns_nameservers': [], 'description': '', 'router:external': False, 'service_types': [], 'tags': [], 'created_at': '2025-12-09T10:19:35Z', 'updated_at': '2025-12-09T10:19:35Z', 'revision_number': 0, 'project_id': '63b09facffee44a8a15db531e1410548'}, Router: {'id': 'd912b6bf-f27e-47f7-9e38-e7765d462733', 'name': 'tempest-AttachInterfacesUnderV243Test-1159621103-router', 'tenant_id': '63b09facffee44a8a15db531e1410548', 'admin_state_up': True, 'status': 'ACTIVE', 'external_gateway_info': {'network_id': '1e8b0611-1865-4ee6-90aa-9dc6793a7667', 'external_fixed_ips': [{'subnet_id': 'c9930072-81a3-4e0c-8cd8-fea7f9b6281a', 'ip_address': '10.180.180.237'}], 'enable_snat': True}, 'description': '', 'availability_zones': [], 'distributed': False, 'ha': False, 'availability_zone_hints': [], 'routes': [], 'flavor_id': None, 'tags': [], 'created_at': '2025-12-09T10:19:35Z', 'updated_at': '2025-12-09T10:19:36Z', 'revision_number': 2, 'project_id': '63b09facffee44a8a15db531e1410548'}
2025-12-09 10:19:38.555 66753 INFO tempest.lib.common.rest_client [req-0a1a212b-8ae5-41cd-8762-843a2b82fcc4 req-0a1a212b-8ae5-41cd-8762-843a2b82fcc4 ] Request (ServerDiagnosticsTest:test_get_server_diagnostics): 200 GET http://10.180.1.21/compute/v2.1/servers/e0fe7a11-152e-41fc-bde5-a62bd0ff9b8d 11.364s
2025-12-09 10:19:38.564 66753 INFO tempest.common.waiters [-] State transition "BUILD/spawning" ==> "ACTIVE/None" after 33 second wait
2025-12-09 10:19:38.587 66734 INFO tempest.lib.common.rest_client [req-9000d600-b672-4a77-b273-56b81d565f42 req-9000d600-b672-4a77-b273-56b81d565f42 ] Request (AttachInterfacesUnderV243Test:setUpClass): 201 POST http://10.180.1.21/identity/v3/auth/tokens 0.113s
2025-12-09 10:19:39.189 66738 INFO tempest.lib.common.rest_client [req-7d4badcf-d4a3-45f8-a3fe-36475f7e44af req-7d4badcf-d4a3-45f8-a3fe-36475f7e44af ] Request (SecurityGroupsNegativeTestJSON:setUpClass): 201 POST http://10.180.1.21/networking/v2.0/routers 1.678s
2025-12-09 10:19:39.424 66761 INFO tempest.lib.common.rest_client [req-39caed0f-c7af-4255-8c3e-9fec26a7a86a req-39caed0f-c7af-4255-8c3e-9fec26a7a86a ] Request (ImagesOneServerTestJSON:setUpClass): 201 POST http://10.180.1.21/networking/v2.0/routers 0.974s
2025-12-09 10:19:39.434 66759 INFO tempest.lib.common.rest_client [req-e1e1d42d-c708-4112-aaa9-92a2fcfdb0ca req-e1e1d42d-c708-4112-aaa9-92a2fcfdb0ca ] Request (ServerExternalEventsTest:test_create_server_external_events): 200 GET http://10.180.1.21/compute/v2.1/servers/50e9b3a7-056c-4515-9788-c0ad32f918f8 12.208s
2025-12-09 10:19:39.444 66759 INFO tempest.common.waiters [-] State transition "BUILD/None" ==> "BUILD/spawning" after 20 second wait
2025-12-09 10:19:40.241 66738 INFO tempest.lib.common.rest_client [req-c55659ee-7fa6-4e1c-b4f9-5e57dc65533f req-c55659ee-7fa6-4e1c-b4f9-5e57dc65533f ] Request (SecurityGroupsNegativeTestJSON:setUpClass): 200 PUT http://10.180.1.21/networking/v2.0/routers/e6bdd87d-f831-4145-98e3-fdb2ce530b74/add_router_interface 1.052s
2025-12-09 10:19:40.241 66738 INFO tempest.lib.common.dynamic_creds [-] Created isolated network resources for: credentials: Credentials: {'domain_id': 'default', 'domain_name': 'Default', 'username': 'tempest-SecurityGroupsNegativeTestJSON-259998372-project-member', 'project_domain_id': 'default', 'project_domain_name': 'Default', 'project_id': 'd3b1bffcfbf4402dbafbdecb7a5766e1', 'project_name': 'tempest-SecurityGroupsNegativeTestJSON-259998372', 'tenant_id': 'd3b1bffcfbf4402dbafbdecb7a5766e1', 'tenant_name': 'tempest-SecurityGroupsNegativeTestJSON-259998372', 'user_domain_id': 'default', 'user_domain_name': 'Default', 'user_id': '397d3a0b67b745459341fcaa9ca7ad9e', 'system': None}, Network: {'id': '57daab56-99f7-4d2e-a5af-2de231a3978e', 'name': 'tempest-SecurityGroupsNegativeTestJSON-1937884484-network', 'tenant_id': 'd3b1bffcfbf4402dbafbdecb7a5766e1', 'project_id': 'd3b1bffcfbf4402dbafbdecb7a5766e1', 'admin_state_up': True, 'mtu': 8950, 'status': 'ACTIVE', 'subnets': [], 'shared': False, 'port_security_enabled': True, 'router:external': False, 'provider:network_type': 'vlan', 'provider:physical_network': 'default', 'provider:segmentation_id': 830, 'availability_zone_hints': [], 'availability_zones': [], 'ipv4_address_scope': None, 'ipv6_address_scope': None, 'description': '', 'tags': [], 'created_at': '2025-12-09T10:19:36Z', 'updated_at': '2025-12-09T10:19:36Z', 'revision_number': 1}, Subnet: {'id': '97f1d77c-456b-4d87-bfca-be3a5d6125fc', 'name': 'tempest-SecurityGroupsNegativeTestJSON-1937884484-subnet', 'tenant_id': 'd3b1bffcfbf4402dbafbdecb7a5766e1', 'network_id': '57daab56-99f7-4d2e-a5af-2de231a3978e', 'ip_version': 4, 'subnetpool_id': None, 'enable_dhcp': True, 'ipv6_ra_mode': None, 'ipv6_address_mode': None, 'gateway_ip': '192.168.128.1', 'cidr': '192.168.128.0/28', 'allocation_pools': [{'start': '192.168.128.2', 'end': '192.168.128.14'}], 'host_routes': [], 'dns_nameservers': [], 'description': '', 'router:external': False, 'service_types': [], 'tags': [], 'created_at': '2025-12-09T10:19:37Z', 'updated_at': '2025-12-09T10:19:37Z', 'revision_number': 0, 'project_id': 'd3b1bffcfbf4402dbafbdecb7a5766e1'}, Router: {'id': 'e6bdd87d-f831-4145-98e3-fdb2ce530b74', 'name': 'tempest-SecurityGroupsNegativeTestJSON-1937884484-router', 'tenant_id': 'd3b1bffcfbf4402dbafbdecb7a5766e1', 'admin_state_up': True, 'status': 'ACTIVE', 'external_gateway_info': {'network_id': '1e8b0611-1865-4ee6-90aa-9dc6793a7667', 'external_fixed_ips': [{'subnet_id': 'c9930072-81a3-4e0c-8cd8-fea7f9b6281a', 'ip_address': '10.180.180.231'}], 'enable_snat': True}, 'description': '', 'availability_zones': [], 'distributed': False, 'ha': False, 'availability_zone_hints': [], 'routes': [], 'flavor_id': None, 'tags': [], 'created_at': '2025-12-09T10:19:38Z', 'updated_at': '2025-12-09T10:19:38Z', 'revision_number': 2, 'project_id': 'd3b1bffcfbf4402dbafbdecb7a5766e1'}
2025-12-09 10:19:40.314 66729 INFO tempest.lib.common.rest_client [req-81341de0-7071-485f-b756-e76fd4fff704 req-81341de0-7071-485f-b756-e76fd4fff704 ] Request (ServersAdmin275Test:test_rebuild_update_server_275): 200 GET http://10.180.1.21/compute/v2.1/servers/62fa9d90-35d3-4488-af12-e0e30bf52b28 12.315s
2025-12-09 10:19:40.341 66738 INFO tempest.lib.common.rest_client [req-02628838-bc1a-4a1b-b235-db200bf6a04f req-02628838-bc1a-4a1b-b235-db200bf6a04f ] Request (SecurityGroupsNegativeTestJSON:setUpClass): 201 POST http://10.180.1.21/identity/v3/auth/tokens 0.094s
2025-12-09 10:19:40.401 66761 INFO tempest.lib.common.rest_client [req-eb521927-9869-4e89-923f-056004057f53 req-eb521927-9869-4e89-923f-056004057f53 ] Request (ImagesOneServerTestJSON:setUpClass): 200 PUT http://10.180.1.21/networking/v2.0/routers/296fd272-bd9b-4cda-83b5-5087a781078b/add_router_interface 0.976s
