2025-12-09 10:46:25.599 65821 INFO tempest.lib.common.rest_client [req-2737fca7-580b-4c4e-b13a-78715f1075d0 req-2737fca7-580b-4c4e-b13a-78715f1075d0 ] Request (HostsAdminNegativeTestJSON:test_shutdown_host_with_non_admin_user): 403 GET http://10.180.1.21/compute/v2.1/os-hosts/devstack/shutdown 1.264s
2025-12-09 10:46:25.658 65783 INFO tempest.lib.common.rest_client [req-e7cbb4bf-9830-41d0-9f16-00fa293af62a req-e7cbb4bf-9830-41d0-9f16-00fa293af62a ] Request (HostsAdminTestJSON:tearDownClass): 204 DELETE http://10.180.1.21/identity/v3/users/609efb3541cd4b878d5590db995999d1 0.213s
2025-12-09 10:46:25.659 65783 INFO tempest.lib.common.dynamic_creds [-] Deleting project and security group for project: 504127efb82b4af9909a9b909c03751d
2025-12-09 10:46:25.691 65771 INFO tempest.lib.common.rest_client [req-a055a985-f737-4ea4-9816-4c385fc5516a req-a055a985-f737-4ea4-9816-4c385fc5516a ] Request (ListServerFiltersTestJSON:setUpClass): 200 GET http://10.180.1.21/compute/v2.1/servers/ebe2c477-4be9-412a-803a-10a0bfb493dc 1.331s
2025-12-09 10:46:25.698 65769 INFO tempest.lib.common.rest_client [req-c0eed8de-b5b6-4fc8-93ca-bb933322e639 req-c0eed8de-b5b6-4fc8-93ca-bb933322e639 ] Request (FlavorsExtraSpecsNegativeTestJSON:test_flavor_non_admin_update_specific_key): 403 PUT http://10.180.1.21/compute/v2.1/flavors/866698050/os-extra_specs/hw:numa_nodes 1.330s
2025-12-09 10:46:25.704 65783 INFO tempest.lib.common.rest_client [req-e9e69b6d-343e-4c55-b757-01b628162a5b req-e9e69b6d-343e-4c55-b757-01b628162a5b ] Request (HostsAdminTestJSON:tearDownClass): 201 POST http://10.180.1.21/identity/v3/auth/tokens 0.045s
2025-12-09 10:46:25.717 65791 INFO tempest.lib.common.rest_client [req-639dc034-c806-41d3-9d26-e041e6b4e1fd req-639dc034-c806-41d3-9d26-e041e6b4e1fd ] Request (HypervisorAdminNegativeTestJSON:test_show_hypervisor_with_non_admin_user): 200 GET http://10.180.1.21/compute/v2.1/os-hypervisors 1.349s
2025-12-09 10:46:25.739 65775 INFO tempest.lib.common.rest_client [req-ea93502b-a59f-4937-89ff-ce2f440a20f2 req-ea93502b-a59f-4937-89ff-ce2f440a20f2 ] Request (KeyPairsV210TestJSON:_run_cleanups): 204 DELETE http://10.180.1.21/compute/v2.1/os-keypairs/tempest-keypair-1876672671?user_id=f3a0f707ee7144708a0afb82431d374c 1.353s
2025-12-09 10:46:25.761 65789 INFO tempest.lib.common.rest_client [req-69e035e9-d910-4920-b7e6-0e6d518ba7eb req-69e035e9-d910-4920-b7e6-0e6d518ba7eb ] Request (ServersAdmin275Test:test_rebuild_update_server_275): 202 POST http://10.180.1.21/compute/v2.1/servers 1.892s
2025-12-09 10:46:25.763 65801 INFO tempest.lib.common.rest_client [req-b95d0069-0f2a-4d7c-8349-8c0c870baa71 req-b95d0069-0f2a-4d7c-8349-8c0c870baa71 ] Request (FlavorsV255TestJSON:_run_cleanups): 200 GET http://10.180.1.21/compute/v2.1/flavors/detail 1.371s
2025-12-09 10:46:25.774 65811 INFO tempest.lib.common.rest_client [req-969f8fb0-6352-4296-9ca2-78a1f1659d57 req-969f8fb0-6352-4296-9ca2-78a1f1659d57 ] Request (HypervisorAdminNegativeUnderV252Test:tearDownClass): 204 DELETE http://10.180.1.21/identity/v3/projects/cde56ecb74b646ea80921a7d81fdf280 0.180s
2025-12-09 10:46:25.777 65781 INFO tempest.lib.common.rest_client [req-261626f4-fc55-4fbe-bbda-b0392fa544ea req-261626f4-fc55-4fbe-bbda-b0392fa544ea ] Request (FlavorsExtraSpecsTestJSON:test_flavor_set_get_update_show_unset_keys): 200 GET http://10.180.1.21/compute/v2.1/flavors/974121195/os-extra_specs 1.322s
2025-12-09 10:46:25.780 65767 INFO tempest.lib.common.rest_client [req-948a56ca-418b-403f-9689-fced753c4357 req-948a56ca-418b-403f-9689-fced753c4357 ] Request (FlavorsAdminTestJSON:test_create_flavor_with_int_id): 200 POST http://10.180.1.21/compute/v2.1/flavors 1.338s
2025-12-09 10:46:25.878 65787 INFO tempest.lib.common.rest_client [req-5e0a6fba-c7f0-4ce9-a5b8-7740202e0ce8 req-5e0a6fba-c7f0-4ce9-a5b8-7740202e0ce8 ] Request (ImagesMetadataTestJSON:setUpClass): 201 POST http://10.180.1.21/image/v2/images 0.770s
2025-12-09 10:46:25.961 65803 INFO tempest.lib.common.rest_client [req-91ebbde4-5079-46ca-86a0-a899f954d5c6 req-91ebbde4-5079-46ca-86a0-a899f954d5c6 ] Request (SecurityGroupsNegativeTestJSON:test_update_non_existent_security_group): 404 PUT http://10.180.1.21/compute/v2.1/os-security-groups/6b02025c-8ca5-4ae9-b347-bbc4625d00e8 1.463s
2025-12-09 10:46:25.961 65779 INFO tempest.lib.common.rest_client [req-7423524a-2e10-41a5-b823-8489f1a557d9 req-7423524a-2e10-41a5-b823-8489f1a557d9 ] Request (QuotaClassesAdminTestJSON:test_update_default_quotas): 200 PUT http://10.180.1.21/compute/v2.1/os-quota-class-sets/default 1.324s
2025-12-09 10:46:25.962 65801 INFO tempest.lib.common.rest_client [req-1f8b8f9d-d705-47fc-96e2-23c9202fd2d9 req-1f8b8f9d-d705-47fc-96e2-23c9202fd2d9 ] Request (FlavorsV255TestJSON:tearDownClass): 204 DELETE http://10.180.1.21/identity/v3/users/db7641e1e2704dcd8807c8761417fa30 0.186s
2025-12-09 10:46:25.985 65773 INFO tempest.lib.common.rest_client [req-6ee70508-fc37-41a4-bcba-566b453cdae5 req-6ee70508-fc37-41a4-bcba-566b453cdae5 ] Request (ServersWithSpecificFlavorTestJSON:test_verify_created_server_ephemeral_disk): 200 GET http://10.180.1.21/compute/v2.1/flavors/42/os-extra_specs 1.074s
2025-12-09 10:46:25.986 65811 INFO tempest.lib.common.rest_client [req-3c5692ea-df58-4d61-b92f-3ca535a1a58d req-3c5692ea-df58-4d61-b92f-3ca535a1a58d ] Request (ServersAdminTestJSON:setUpClass): 201 POST http://10.180.1.21/identity/v3/auth/tokens 0.206s
2025-12-09 10:46:26.001 65777 INFO tempest.lib.common.rest_client [req-ed443f37-6d6d-4c1f-9d0b-03a4e14a9949 req-ed443f37-6d6d-4c1f-9d0b-03a4e14a9949 ] Request (FlavorsV2TestJSON:test_list_flavors_detailed_filter_by_min_disk): 200 GET http://10.180.1.21/compute/v2.1/flavors/42 1.070s
2025-12-09 10:46:26.022 65759 INFO tempest.lib.common.rest_client [req-8a886767-dc46-4890-86e9-60ee7ceae99e req-8a886767-dc46-4890-86e9-60ee7ceae99e ] Request (ServicesAdminNegativeV253TestJSON:test_get_service_by_invalid_params): 200 GET http://10.180.1.21/compute/v2.1/os-services 1.074s
2025-12-09 10:46:26.066 65783 INFO tempest.lib.common.rest_client [req-514bd111-47a9-40c8-9358-56ded4ae899e req-514bd111-47a9-40c8-9358-56ded4ae899e ] Request (HostsAdminTestJSON:tearDownClass): 200 GET http://10.180.1.21/networking/v2.0/security-groups?tenant_id=504127efb82b4af9909a9b909c03751d&name=default 0.362s
2025-12-09 10:46:26.120 65801 INFO tempest.lib.common.rest_client [req-1602f42f-e968-4fee-bc7c-6e1e1cc170de req-1602f42f-e968-4fee-bc7c-6e1e1cc170de ] Request (FlavorsV255TestJSON:tearDownClass): 204 DELETE http://10.180.1.21/identity/v3/users/8aecce9405b442b59fb41c50ea6cfbd2 0.157s
2025-12-09 10:46:26.121 65801 INFO tempest.lib.common.dynamic_creds [-] Deleting project and security group for project: 3f0f7b3e76ed46cb83752860fe240b79
2025-12-09 10:46:26.199 65811 INFO tempest.lib.common.rest_client [req-f24a9588-df0d-4d82-9741-4687eb70c8d2 req-f24a9588-df0d-4d82-9741-4687eb70c8d2 ] Request (ServersAdminTestJSON:setUpClass): 201 POST http://10.180.1.21/identity/v3/auth/tokens 0.209s
2025-12-09 10:46:26.264 65801 INFO tempest.lib.common.rest_client [req-d25a858c-88b5-4718-836b-f369df2be89f req-d25a858c-88b5-4718-836b-f369df2be89f ] Request (FlavorsV255TestJSON:tearDownClass): 201 POST http://10.180.1.21/identity/v3/auth/tokens 0.143s
2025-12-09 10:46:26.290 65809 INFO tempest.lib.common.rest_client [req-067c88d7-5e82-4d20-bd79-f3557fd06eb1 req-067c88d7-5e82-4d20-bd79-f3557fd06eb1 ] Request (ServerActionsTestJSON:setUpClass): 200 POST http://10.180.1.21/compute/v2.1/os-keypairs 1.292s
2025-12-09 10:46:26.300 65811 INFO tempest.lib.common.rest_client [req-a1523dd5-4588-4ca1-b018-8b01f6896f1e req-a1523dd5-4588-4ca1-b018-8b01f6896f1e ] Request (ServersAdminTestJSON:setUpClass): 200 GET http://10.180.1.21/identity/v3/domains?name=Default 0.101s
2025-12-09 10:46:26.350 65811 INFO tempest.lib.common.rest_client [req-5a503568-7a5f-4d08-a5d3-c2f77ec74dc9 req-5a503568-7a5f-4d08-a5d3-c2f77ec74dc9 ] Request (ServersAdminTestJSON:setUpClass): 201 POST http://10.180.1.21/identity/v3/projects 0.049s
2025-12-09 10:46:26.451 65811 INFO tempest.lib.common.rest_client [req-949b075c-1a22-4043-8f98-d610d7f0e22e req-949b075c-1a22-4043-8f98-d610d7f0e22e ] Request (ServersAdminTestJSON:setUpClass): 201 POST http://10.180.1.21/identity/v3/users 0.100s
2025-12-09 10:46:26.475 65811 INFO tempest.lib.common.rest_client [req-dc00dbf7-1379-45c4-be94-d08a2b80609d req-dc00dbf7-1379-45c4-be94-d08a2b80609d ] Request (ServersAdminTestJSON:setUpClass): 200 GET http://10.180.1.21/identity/v3/roles 0.024s
2025-12-09 10:46:26.511 65811 INFO tempest.lib.common.rest_client [req-86cd4d04-97b0-4577-a8bc-6a7e94c73044 req-86cd4d04-97b0-4577-a8bc-6a7e94c73044 ] Request (ServersAdminTestJSON:setUpClass): 204 PUT http://10.180.1.21/identity/v3/projects/57afa4b6702645e6819f868599dce3a3/users/9a1591e7670948fa8b1196164490c8f5/roles/907e36db99fe4fe1befbf1e70cd7dbe5 0.036s
2025-12-09 10:46:26.512 65811 INFO tempest.lib.common.dynamic_creds [-] Dynamic test user 9a1591e7670948fa8b1196164490c8f5 is created with scope project and roles: ['member']
2025-12-09 10:46:26.512 65811 INFO tempest.lib.common.dynamic_creds [-] Acquired dynamic creds: credentials: Credentials: {'domain_id': 'default', 'domain_name': 'Default', 'username': 'tempest-ServersAdminTestJSON-1937927600-project-member', 'project_domain_id': 'default', 'project_domain_name': 'Default', 'project_id': '57afa4b6702645e6819f868599dce3a3', 'project_name': 'tempest-ServersAdminTestJSON-1937927600', 'tenant_id': '57afa4b6702645e6819f868599dce3a3', 'tenant_name': 'tempest-ServersAdminTestJSON-1937927600', 'user_domain_id': 'default', 'user_domain_name': 'Default', 'user_id': '9a1591e7670948fa8b1196164490c8f5', 'system': None}, Network: None, Subnet: None, Router: None
2025-12-09 10:46:26.569 65811 INFO tempest.lib.common.rest_client [req-e2f0b74c-484e-4820-8321-19a89c394113 req-e2f0b74c-484e-4820-8321-19a89c394113 ] Request (ServersAdminTestJSON:setUpClass): 201 POST http://10.180.1.21/identity/v3/auth/tokens 0.057s
2025-12-09 10:46:26.820 65787 INFO tempest.lib.common.rest_client [req-5f6ae46e-d074-462f-b749-6f43456382d6 req-5f6ae46e-d074-462f-b749-6f43456382d6 ] Request (ImagesMetadataTestJSON:setUpClass): 204 PUT http://10.180.1.21/image/v2/images/0615ab9c-abff-4f29-af40-b71eb3e494f3/file 0.941s
2025-12-09 10:46:26.928 65803 INFO tempest.lib.common.rest_client [req-420f8b35-d4e0-4ace-9de1-774ec89e656f req-420f8b35-d4e0-4ace-9de1-774ec89e656f ] Request (SecurityGroupsNegativeTestJSON:tearDownClass): 200 PUT http://10.180.1.21/networking/v2.0/routers/0b1f024e-2678-4740-bcf0-73c3749cacd5/remove_router_interface 0.964s
2025-12-09 10:46:27.055 65783 INFO tempest.lib.common.rest_client [req-05cbf9d6-d8dc-45d2-a91f-a7672d2e44b9 req-05cbf9d6-d8dc-45d2-a91f-a7672d2e44b9 ] Request (HostsAdminTestJSON:tearDownClass): 204 DELETE http://10.180.1.21/networking/v2.0/security-groups/7dacf868-276f-49d9-9742-51f7cc2ff443 0.985s
2025-12-09 10:46:27.103 65793 INFO tempest.lib.common.rest_client [req-a11ef7c8-b501-47c3-a05b-d13f57eec2a3 req-a11ef7c8-b501-47c3-a05b-d13f57eec2a3 ] Request (ServersListShow298Test:test_list_show_update_rebuild_server_298): 200 GET http://10.180.1.21/compute/v2.1/servers/detail 2.044s
2025-12-09 10:46:27.411 65783 INFO tempest.lib.common.rest_client [req-bc156270-0113-47a1-9c93-9ee94c38a5e4 req-bc156270-0113-47a1-9c93-9ee94c38a5e4 ] Request (HostsAdminTestJSON:tearDownClass): 204 DELETE http://10.180.1.21/identity/v3/projects/504127efb82b4af9909a9b909c03751d 0.355s
2025-12-09 10:46:27.416 65783 INFO tempest.lib.common.dynamic_creds [-] Deleting project and security group for project: ed8e928e4d6b449aad316a361d86ffdd
2025-12-09 10:46:27.427 65761 INFO tempest.lib.common.rest_client [req-29aea217-cb65-457d-be8b-f653ab7cbe82 req-29aea217-cb65-457d-be8b-f653ab7cbe82 ] Request (ImagesDeleteNegativeTestJSON:test_delete_image_negative_image_id): 404 DELETE http://10.180.1.21/compute/v2.1/images/-1 2.086s
2025-12-09 10:46:27.446 65821 INFO tempest.lib.common.rest_client [req-e069445c-aaa0-4df5-b03d-b320a08aca90 req-e069445c-aaa0-4df5-b03d-b320a08aca90 ] Request (HostsAdminNegativeTestJSON:test_shutdown_nonexistent_host): 404 GET http://10.180.1.21/compute/v2.1/os-hosts/nonexistent_hostname/shutdown 1.845s
2025-12-09 10:46:27.466 65813 INFO tempest.lib.common.rest_client [req-58822e22-3cdd-49f5-a68e-fa04f0b51607 req-58822e22-3cdd-49f5-a68e-fa04f0b51607 ] Request (FlavorsAccessNegativeTestJSON:test_flavor_access_list_with_public_flavor): 200 POST http://10.180.1.21/compute/v2.1/flavors 1.859s
2025-12-09 10:46:27.481 65769 INFO tempest.lib.common.rest_client [req-20d53016-a266-4ef1-bdbd-41333046d288 req-20d53016-a266-4ef1-bdbd-41333046d288 ] Request (FlavorsExtraSpecsNegativeTestJSON:test_flavor_unset_nonexistent_key): 404 DELETE http://10.180.1.21/compute/v2.1/flavors/866698050/os-extra_specs/hw:cpu_thread_policy 1.780s
2025-12-09 10:46:27.627 65801 INFO tempest.lib.common.rest_client [req-c2763245-d2c8-420b-83df-3a76ef5f5800 req-c2763245-d2c8-420b-83df-3a76ef5f5800 ] Request (FlavorsV255TestJSON:tearDownClass): 200 GET http://10.180.1.21/networking/v2.0/security-groups?tenant_id=3f0f7b3e76ed46cb83752860fe240b79&name=default 1.362s
2025-12-09 10:46:27.725 65809 INFO tempest.lib.common.rest_client [req-fb7ddc3f-72ca-497d-9bca-ceabd37f3827 req-fb7ddc3f-72ca-497d-9bca-ceabd37f3827 ] Request (ServerActionsTestJSON:setUpClass): 201 POST http://10.180.1.21/networking/v2.0/security-groups 1.434s
2025-12-09 10:46:27.945 65811 INFO tempest.lib.common.rest_client [req-cbe27543-e95b-424b-8cc0-2688f89ef48b req-cbe27543-e95b-424b-8cc0-2688f89ef48b ] Request (ServersAdminTestJSON:setUpClass): 201 POST http://10.180.1.21/networking/v2.0/networks 1.375s
2025-12-09 10:46:28.091 65783 INFO tempest.lib.common.rest_client [req-aaecee2c-37c2-4b29-ab73-7632b965770b req-aaecee2c-37c2-4b29-ab73-7632b965770b ] Request (HostsAdminTestJSON:tearDownClass): 200 GET http://10.180.1.21/networking/v2.0/security-groups?tenant_id=ed8e928e4d6b449aad316a361d86ffdd&name=default 0.674s
2025-12-09 10:46:28.110 65765 INFO tempest.lib.common.rest_client [req-78cfd823-5234-47b0-a8a8-acec2927b0ce req-78cfd823-5234-47b0-a8a8-acec2927b0ce ] Request (MigrationsAdminTest:test_list_migrations_in_flavor_resize_situation): 200 GET http://10.180.1.21/compute/v2.1/servers/11583e9a-2568-4972-bcbd-6771fb185ed0 2.398s
2025-12-09 10:46:28.120 65791 INFO tempest.lib.common.rest_client [req-e1a4af35-ef72-45b6-b894-cff2b4c6011e req-e1a4af35-ef72-45b6-b894-cff2b4c6011e ] Request (HypervisorAdminNegativeTestJSON:test_show_hypervisor_with_non_admin_user): 403 GET http://10.180.1.21/compute/v2.1/os-hypervisors/1 2.401s
2025-12-09 10:46:28.132 65803 INFO tempest.lib.common.rest_client [req-d8bbd13e-dd61-462b-89bd-aed2bd8a8ec3 req-d8bbd13e-dd61-462b-89bd-aed2bd8a8ec3 ] Request (SecurityGroupsNegativeTestJSON:tearDownClass): 204 DELETE http://10.180.1.21/networking/v2.0/routers/0b1f024e-2678-4740-bcf0-73c3749cacd5 1.204s
2025-12-09 10:46:28.144 65775 INFO tempest.lib.common.rest_client [req-0d9b3a61-42d1-49c4-bc85-70f2c394f4fa req-0d9b3a61-42d1-49c4-bc85-70f2c394f4fa ] Request (KeyPairsV210TestJSON:_run_cleanups): 204 DELETE http://10.180.1.21/compute/v2.1/os-keypairs/tempest-keypair-1211735918?user_id=f3a0f707ee7144708a0afb82431d374c 2.404s
2025-12-09 10:46:28.203 65801 INFO tempest.lib.common.rest_client [req-08a82560-0c59-45db-825a-f6b17e03c362 req-08a82560-0c59-45db-825a-f6b17e03c362 ] Request (FlavorsV255TestJSON:tearDownClass): 204 DELETE http://10.180.1.21/networking/v2.0/security-groups/62225214-9b44-498a-950f-2338d2d8d22e 0.576s
2025-12-09 10:46:28.290 65775 INFO tempest.lib.common.rest_client [req-ec702619-569a-4386-af7a-a5201a79b3ec req-ec702619-569a-4386-af7a-a5201a79b3ec ] Request (KeyPairsV210TestJSON:tearDownClass): 204 DELETE http://10.180.1.21/identity/v3/users/f3a0f707ee7144708a0afb82431d374c 0.138s
2025-12-09 10:46:28.311 65809 INFO tempest.lib.common.rest_client [req-922513cb-55ac-4d0a-8d49-bcc1c5a93fab req-922513cb-55ac-4d0a-8d49-bcc1c5a93fab ] Request (ServerActionsTestJSON:setUpClass): 201 POST http://10.180.1.21/networking/v2.0/security-group-rules 0.585s
2025-12-09 10:46:28.326 65801 INFO tempest.lib.common.rest_client [req-9d010a39-51af-4418-b4b0-b4353e4de545 req-9d010a39-51af-4418-b4b0-b4353e4de545 ] Request (FlavorsV255TestJSON:tearDownClass): 204 DELETE http://10.180.1.21/identity/v3/projects/3f0f7b3e76ed46cb83752860fe240b79 0.122s
2025-12-09 10:46:28.326 65801 INFO tempest.lib.common.dynamic_creds [-] Deleting project and security group for project: 77032ff183054a73a0f514b49a70dc9a
2025-12-09 10:46:28.431 65775 INFO tempest.lib.common.rest_client [req-e741517f-6b30-4295-b97e-fbf7699b0e8b req-e741517f-6b30-4295-b97e-fbf7699b0e8b ] Request (KeyPairsV210TestJSON:tearDownClass): 204 DELETE http://10.180.1.21/identity/v3/users/f64cbf41632742c2871d67ee1233520a 0.140s
2025-12-09 10:46:28.431 65775 INFO tempest.lib.common.dynamic_creds [-] Deleting project and security group for project: da4894c07de34aafa052cf8f3db942e1
2025-12-09 10:46:28.457 65811 INFO tempest.lib.common.rest_client [req-ebedcf1f-beba-4c76-a6b2-7ce975dce0ae req-ebedcf1f-beba-4c76-a6b2-7ce975dce0ae ] Request (ServersAdminTestJSON:setUpClass): 201 POST http://10.180.1.21/networking/v2.0/subnets 0.511s
2025-12-09 10:46:28.463 65783 INFO tempest.lib.common.rest_client [req-5906d707-e433-4808-8961-40b878b11f52 req-5906d707-e433-4808-8961-40b878b11f52 ] Request (HostsAdminTestJSON:tearDownClass): 204 DELETE http://10.180.1.21/networking/v2.0/security-groups/9ce7e5b7-7af1-49aa-b1d8-b7e8fb4353c4 0.372s
2025-12-09 10:46:28.516 65775 INFO tempest.lib.common.rest_client [req-a9c0b0e3-3964-4437-9048-3a1b3761d26b req-a9c0b0e3-3964-4437-9048-3a1b3761d26b ] Request (KeyPairsV210TestJSON:tearDownClass): 201 POST http://10.180.1.21/identity/v3/auth/tokens 0.085s
2025-12-09 10:46:28.574 65783 INFO tempest.lib.common.rest_client [req-36f5b5f0-7b1d-41fc-972c-58ccd9dfe4f3 req-36f5b5f0-7b1d-41fc-972c-58ccd9dfe4f3 ] Request (HostsAdminTestJSON:tearDownClass): 204 DELETE http://10.180.1.21/identity/v3/projects/ed8e928e4d6b449aad316a361d86ffdd 0.110s
2025-12-09 10:46:28.587 65803 INFO tempest.lib.common.rest_client [req-9032f0ea-b354-45b0-a66e-052b7cbe0ef9 req-9032f0ea-b354-45b0-a66e-052b7cbe0ef9 ] Request (SecurityGroupsNegativeTestJSON:tearDownClass): 204 DELETE http://10.180.1.21/networking/v2.0/subnets/fa1ccd9e-8ce5-4928-87ff-2622521332ff 0.453s
2025-12-09 10:46:28.591 65789 INFO tempest.lib.common.rest_client [req-bcf4a304-6921-41d9-91a5-52ca6a497893 req-bcf4a304-6921-41d9-91a5-52ca6a497893 ] Request (ServersAdmin275Test:test_rebuild_update_server_275): 200 PUT http://10.180.1.21/compute/v2.1/servers/082901f6-2f2e-4e19-9810-db423242774a 2.828s
2025-12-09 10:46:28.621 65781 INFO tempest.lib.common.rest_client [req-448193e7-b4a0-4fa2-ab24-d3dc2d3b2900 req-448193e7-b4a0-4fa2-ab24-d3dc2d3b2900 ] Request (FlavorsExtraSpecsTestJSON:test_flavor_set_get_update_show_unset_keys): 200 PUT http://10.180.1.21/compute/v2.1/flavors/974121195/os-extra_specs/hw:numa_nodes 2.843s
2025-12-09 10:46:28.635 65767 INFO tempest.lib.common.rest_client [req-7c03bc24-7598-4b45-b599-526a17dd75d2 req-7c03bc24-7598-4b45-b599-526a17dd75d2 ] Request (FlavorsAdminTestJSON:_run_cleanups): 202 DELETE http://10.180.1.21/compute/v2.1/flavors/1718261932 2.852s
2025-12-09 10:46:28.635 65783 INFO tempest.lib.common.rest_client [req-ceb8f2a3-ae32-4913-a1ac-d622ef6ed8ba req-ceb8f2a3-ae32-4913-a1ac-d622ef6ed8ba ] Request (FloatingIPDetailsTestJSON:setUpClass): 201 POST http://10.180.1.21/identity/v3/auth/tokens 0.059s
2025-12-09 10:46:28.670 65809 INFO tempest.lib.common.rest_client [req-70aa67e4-d834-4ca7-8648-446ed073997c req-70aa67e4-d834-4ca7-8648-446ed073997c ] Request (ServerActionsTestJSON:setUpClass): 201 POST http://10.180.1.21/networking/v2.0/security-group-rules 0.358s
2025-12-09 10:46:28.677 65783 INFO tempest.lib.common.rest_client [req-a0e308ff-c208-4ded-b9f8-c64aa4563843 req-a0e308ff-c208-4ded-b9f8-c64aa4563843 ] Request (FloatingIPDetailsTestJSON:setUpClass): 201 POST http://10.180.1.21/identity/v3/auth/tokens 0.038s
2025-12-09 10:46:28.692 65801 INFO tempest.lib.common.rest_client [req-10506561-8ffa-42e6-a243-1f72a0970c7b req-10506561-8ffa-42e6-a243-1f72a0970c7b ] Request (FlavorsV255TestJSON:tearDownClass): 200 GET http://10.180.1.21/networking/v2.0/security-groups?tenant_id=77032ff183054a73a0f514b49a70dc9a&name=default 0.366s
2025-12-09 10:46:28.709 65783 INFO tempest.lib.common.rest_client [req-013458a9-03be-470e-b857-01b9980f4d26 req-013458a9-03be-470e-b857-01b9980f4d26 ] Request (FloatingIPDetailsTestJSON:setUpClass): 200 GET http://10.180.1.21/identity/v3/domains?name=Default 0.031s
2025-12-09 10:46:28.743 65783 INFO tempest.lib.common.rest_client [req-2d587cfd-fddb-4f28-9319-d5c5e1ed674c req-2d587cfd-fddb-4f28-9319-d5c5e1ed674c ] Request (FloatingIPDetailsTestJSON:setUpClass): 201 POST http://10.180.1.21/identity/v3/projects 0.033s
2025-12-09 10:46:28.799 65783 INFO tempest.lib.common.rest_client [req-07db2836-71c0-44c9-b82d-1c9b37672625 req-07db2836-71c0-44c9-b82d-1c9b37672625 ] Request (FloatingIPDetailsTestJSON:setUpClass): 201 POST http://10.180.1.21/identity/v3/users 0.055s
2025-12-09 10:46:28.818 65783 INFO tempest.lib.common.rest_client [req-92b162a5-7339-4648-b8e8-917c18be4d73 req-92b162a5-7339-4648-b8e8-917c18be4d73 ] Request (FloatingIPDetailsTestJSON:setUpClass): 200 GET http://10.180.1.21/identity/v3/roles 0.019s
2025-12-09 10:46:28.851 65783 INFO tempest.lib.common.rest_client [req-a18630d0-5410-4e67-85ae-151eb0546e4c req-a18630d0-5410-4e67-85ae-151eb0546e4c ] Request (FloatingIPDetailsTestJSON:setUpClass): 204 PUT http://10.180.1.21/identity/v3/projects/5f9c4d9bb743450f8cf3849b18593a1a/users/6ad63b6f7b724ddb9f2be684f05c3214/roles/907e36db99fe4fe1befbf1e70cd7dbe5 0.032s
2025-12-09 10:46:28.851 65783 INFO tempest.lib.common.dynamic_creds [-] Dynamic test user 6ad63b6f7b724ddb9f2be684f05c3214 is created with scope project and roles: ['member']
2025-12-09 10:46:28.852 65783 INFO tempest.lib.common.dynamic_creds [-] Acquired dynamic creds: credentials: Credentials: {'domain_id': 'default', 'domain_name': 'Default', 'username': 'tempest-FloatingIPDetailsTestJSON-1857255458-project-member', 'project_domain_id': 'default', 'project_domain_name': 'Default', 'project_id': '5f9c4d9bb743450f8cf3849b18593a1a', 'project_name': 'tempest-FloatingIPDetailsTestJSON-1857255458', 'tenant_id': '5f9c4d9bb743450f8cf3849b18593a1a', 'tenant_name': 'tempest-FloatingIPDetailsTestJSON-1857255458', 'user_domain_id': 'default', 'user_domain_name': 'Default', 'user_id': '6ad63b6f7b724ddb9f2be684f05c3214', 'system': None}, Network: None, Subnet: None, Router: None
2025-12-09 10:46:28.891 65775 INFO tempest.lib.common.rest_client [req-a45b7038-5fb3-456e-88f3-9f05d4046dde req-a45b7038-5fb3-456e-88f3-9f05d4046dde ] Request (KeyPairsV210TestJSON:tearDownClass): 200 GET http://10.180.1.21/networking/v2.0/security-groups?tenant_id=da4894c07de34aafa052cf8f3db942e1&name=default 0.374s
2025-12-09 10:46:28.906 65783 INFO tempest.lib.common.rest_client [req-086d5a14-222b-4d90-bcdf-5d346dfac5bd req-086d5a14-222b-4d90-bcdf-5d346dfac5bd ] Request (FloatingIPDetailsTestJSON:setUpClass): 201 POST http://10.180.1.21/identity/v3/auth/tokens 0.054s
2025-12-09 10:46:28.964 65797 INFO tempest.lib.common.rest_client [req-e50cf65f-7993-4116-984e-b283fc9aaadb req-e50cf65f-7993-4116-984e-b283fc9aaadb ] Request (QuotasAdminNegativeTest:test_create_server_when_instances_quota_is_full): 403 POST http://10.180.1.21/compute/v2.1/servers 3.877s
2025-12-09 10:46:28.980 65779 INFO tempest.lib.common.rest_client [req-78c755a7-1888-4aa0-8180-ca21cf1aa48a req-78c755a7-1888-4aa0-8180-ca21cf1aa48a ] Request (QuotaClassesAdminTestJSON:test_update_default_quotas): 200 GET http://10.180.1.21/compute/v2.1/os-quota-class-sets/default 3.015s
2025-12-09 10:46:29.010 65773 INFO tempest.lib.common.rest_client [req-64dcbc2b-5745-4e21-a4e3-173168b53b16 req-64dcbc2b-5745-4e21-a4e3-173168b53b16 ] Request (ServersWithSpecificFlavorTestJSON:test_verify_created_server_ephemeral_disk): 200 POST http://10.180.1.21/compute/v2.1/flavors/58619249/os-extra_specs 3.024s
2025-12-09 10:46:29.040 65777 INFO tempest.lib.common.rest_client [req-3d059262-39a4-4540-8963-81ae64427faf req-3d059262-39a4-4540-8963-81ae64427faf ] Request (FlavorsV2TestJSON:test_list_flavors_detailed_filter_by_min_disk): 200 GET http://10.180.1.21/compute/v2.1/flavors/detail?minDisk=2 3.033s
2025-12-09 10:46:29.068 65759 INFO tempest.lib.common.rest_client [req-ea47e8f8-5623-47c1-9904-96b81a6c70d1 req-ea47e8f8-5623-47c1-9904-96b81a6c70d1 ] Request (ServicesAdminNegativeV253TestJSON:test_get_service_by_invalid_params): 200 GET http://10.180.1.21/compute/v2.1/os-services?xxx=nova-compute 3.043s
2025-12-09 10:46:29.203 65803 INFO tempest.lib.common.rest_client [req-1573e681-090f-4462-ba0e-7e4bf17c05f6 req-1573e681-090f-4462-ba0e-7e4bf17c05f6 ] Request (SecurityGroupsNegativeTestJSON:tearDownClass): 204 DELETE http://10.180.1.21/networking/v2.0/networks/cd1c4155-ffbc-45b5-9f50-109196260d6e 0.615s
2025-12-09 10:46:29.302 65803 INFO tempest.lib.common.rest_client [req-445d58df-5e8f-4bc6-a9bb-51be52957b90 req-445d58df-5e8f-4bc6-a9bb-51be52957b90 ] Request (SecurityGroupsNegativeTestJSON:tearDownClass): 204 DELETE http://10.180.1.21/identity/v3/users/e0a0c92184964439b055e7d40b8c1907 0.098s
2025-12-09 10:46:29.302 65803 INFO tempest.lib.common.dynamic_creds [-] Deleting project and security group for project: 4a978c99bbc94b8fadf45db1d6398eab
2025-12-09 10:46:29.376 65811 INFO tempest.lib.common.rest_client [req-ecc43991-1038-4a52-8a00-3e2a7cd359d2 req-ecc43991-1038-4a52-8a00-3e2a7cd359d2 ] Request (ServersAdminTestJSON:setUpClass): 201 POST http://10.180.1.21/networking/v2.0/routers 0.918s
2025-12-09 10:46:29.476 65801 INFO tempest.lib.common.rest_client [req-adea794e-369d-467f-8237-49b5f08a1652 req-adea794e-369d-467f-8237-49b5f08a1652 ] Request (FlavorsV255TestJSON:tearDownClass): 204 DELETE http://10.180.1.21/networking/v2.0/security-groups/8c262fd9-bb3a-42c1-b7b6-c9d962de5c44 0.783s
2025-12-09 10:46:29.578 65775 INFO tempest.lib.common.rest_client [req-dbe75f9d-ab31-4030-bcbd-8e7cc07d2ed2 req-dbe75f9d-ab31-4030-bcbd-8e7cc07d2ed2 ] Request (KeyPairsV210TestJSON:tearDownClass): 204 DELETE http://10.180.1.21/networking/v2.0/security-groups/a042ae23-43e3-49a4-b27b-45ee99acb21d 0.687s
2025-12-09 10:46:29.579 65801 INFO tempest.lib.common.rest_client [req-68f2b942-5d8b-4e2d-ab14-c6b4eb90f856 req-68f2b942-5d8b-4e2d-ab14-c6b4eb90f856 ] Request (FlavorsV255TestJSON:tearDownClass): 204 DELETE http://10.180.1.21/identity/v3/projects/77032ff183054a73a0f514b49a70dc9a 0.102s
2025-12-09 10:46:29.644 65801 INFO tempest.lib.common.rest_client [req-199ff09a-4cba-4de7-ab6f-de058bba7119 req-199ff09a-4cba-4de7-ab6f-de058bba7119 ] Request (FlavorsV261TestJSON:setUpClass): 201 POST http://10.180.1.21/identity/v3/auth/tokens 0.064s
2025-12-09 10:46:29.664 65809 INFO tempest.lib.common.rest_client [req-5e2091ff-eabd-496d-b0b4-d079e1e8e593 req-5e2091ff-eabd-496d-b0b4-d079e1e8e593 ] Request (ServerActionsTestJSON:setUpClass): 201 POST http://10.180.1.21/networking/v2.0/floatingips 0.994s
2025-12-09 10:46:29.699 65775 INFO tempest.lib.common.rest_client [req-26b0815d-ed45-4224-845f-c7ee02cce2c1 req-26b0815d-ed45-4224-845f-c7ee02cce2c1 ] Request (KeyPairsV210TestJSON:tearDownClass): 204 DELETE http://10.180.1.21/identity/v3/projects/da4894c07de34aafa052cf8f3db942e1 0.120s
2025-12-09 10:46:29.699 65775 INFO tempest.lib.common.dynamic_creds [-] Deleting project and security group for project: 0b324c15966249abbbca3079cb074cd6
2025-12-09 10:46:29.715 65807 INFO tempest.lib.common.rest_client [req-957f149b-7f88-4e39-9855-44f770a19d09 req-957f149b-7f88-4e39-9855-44f770a19d09 ] Request (VolumesAssistedSnapshotsTest:test_volume_assisted_snapshot_create_delete): 200 GET http://10.180.1.21/compute/v2.1/servers/28a2fbd6-c388-4e5e-9542-a5043605c6e1 3.560s
2025-12-09 10:46:29.742 65763 INFO tempest.lib.common.rest_client [req-e52d4bce-fd9a-48a5-9aaf-34b466f4f7ed req-e52d4bce-fd9a-48a5-9aaf-34b466f4f7ed ] Request (ServerDiagnosticsTest:test_get_server_diagnostics): 200 GET http://10.180.1.21/compute/v2.1/servers/d56d10c1-ef49-49f2-80c9-6eed9f819511 3.850s
2025-12-09 10:46:29.764 65801 INFO tempest.lib.common.rest_client [req-efba1390-e887-4daf-9fbb-354b73bc4114 req-efba1390-e887-4daf-9fbb-354b73bc4114 ] Request (FlavorsV261TestJSON:setUpClass): 201 POST http://10.180.1.21/identity/v3/auth/tokens 0.116s
2025-12-09 10:46:29.766 65803 INFO tempest.lib.common.rest_client [req-9105a13d-684e-4283-823a-63c0bdfa850e req-9105a13d-684e-4283-823a-63c0bdfa850e ] Request (SecurityGroupsNegativeTestJSON:tearDownClass): 200 GET http://10.180.1.21/networking/v2.0/security-groups?tenant_id=4a978c99bbc94b8fadf45db1d6398eab&name=default 0.463s
2025-12-09 10:46:29.797 65801 INFO tempest.lib.common.rest_client [req-4af745d4-4b5c-42bd-bdc0-3840af1abb52 req-4af745d4-4b5c-42bd-bdc0-3840af1abb52 ] Request (FlavorsV261TestJSON:setUpClass): 200 GET http://10.180.1.21/identity/v3/domains?name=Default 0.033s
2025-12-09 10:46:29.819 65809 INFO tempest.lib.common.rest_client [req-c01d76df-fa74-465e-96a5-3ded8147d290 req-c01d76df-fa74-465e-96a5-3ded8147d290 ] Request (ServerActionsTestJSON:setUpClass): 201 POST http://10.180.1.21/identity/v3/auth/tokens 0.151s
2025-12-09 10:46:29.820 65809 INFO tempest.lib.common.fixed_network [-] (ServerActionsTestJSON:setUpClass) Found network {'id': 'f942c5b4-db40-4d2f-9dd8-0e13a9278716', 'name': 'tempest-ServerActionsTestJSON-1447782435-network', 'tenant_id': 'baf78826bd42457f9a9053166542ec8f', 'project_id': 'baf78826bd42457f9a9053166542ec8f', 'admin_state_up': True, 'mtu': 8950, 'status': 'ACTIVE', 'subnets': [], 'shared': False, 'port_security_enabled': True, 'router:external': False, 'provider:network_type': 'vlan', 'provider:physical_network': 'default', 'provider:segmentation_id': 106, 'availability_zone_hints': [], 'availability_zones': [], 'ipv4_address_scope': None, 'ipv6_address_scope': None, 'description': '', 'tags': [], 'created_at': '2025-12-09T10:46:22Z', 'updated_at': '2025-12-09T10:46:22Z', 'revision_number': 1} available for tenant
2025-12-09 10:46:29.828 65801 INFO tempest.lib.common.rest_client [req-54b051e5-0748-4f66-a865-569486a7f018 req-54b051e5-0748-4f66-a865-569486a7f018 ] Request (FlavorsV261TestJSON:setUpClass): 201 POST http://10.180.1.21/identity/v3/projects 0.030s
2025-12-09 10:46:29.912 65801 INFO tempest.lib.common.rest_client [req-97d25b66-46c7-47f5-90d1-dc55cd24bf34 req-97d25b66-46c7-47f5-90d1-dc55cd24bf34 ] Request (FlavorsV261TestJSON:setUpClass): 201 POST http://10.180.1.21/identity/v3/users 0.083s
2025-12-09 10:46:29.934 65801 INFO tempest.lib.common.rest_client [req-a06a94aa-44f2-4083-8782-f8fc2333ad9f req-a06a94aa-44f2-4083-8782-f8fc2333ad9f ] Request (FlavorsV261TestJSON:setUpClass): 200 GET http://10.180.1.21/identity/v3/roles 0.021s
2025-12-09 10:46:29.963 65801 INFO tempest.lib.common.rest_client [req-4d32bd39-7c33-4be1-b48e-35f230ba988e req-4d32bd39-7c33-4be1-b48e-35f230ba988e ] Request (FlavorsV261TestJSON:setUpClass): 204 PUT http://10.180.1.21/identity/v3/projects/a3cf5014dc6140418af9b9ea6450942c/users/4dbeb98b2dbd4a0b9636b1baf57fae16/roles/907e36db99fe4fe1befbf1e70cd7dbe5 0.029s
2025-12-09 10:46:29.964 65801 INFO tempest.lib.common.dynamic_creds [-] Dynamic test user 4dbeb98b2dbd4a0b9636b1baf57fae16 is created with scope project and roles: ['member']
2025-12-09 10:46:29.964 65801 INFO tempest.lib.common.dynamic_creds [-] Acquired dynamic creds: credentials: Credentials: {'domain_id': 'default', 'domain_name': 'Default', 'username': 'tempest-FlavorsV261TestJSON-77911012-project-member', 'project_domain_id': 'default', 'project_domain_name': 'Default', 'project_id': 'a3cf5014dc6140418af9b9ea6450942c', 'project_name': 'tempest-FlavorsV261TestJSON-77911012', 'tenant_id': 'a3cf5014dc6140418af9b9ea6450942c', 'tenant_name': 'tempest-FlavorsV261TestJSON-77911012', 'user_domain_id': 'default', 'user_domain_name': 'Default', 'user_id': '4dbeb98b2dbd4a0b9636b1baf57fae16', 'system': None}, Network: None, Subnet: None, Router: None
2025-12-09 10:46:29.964 65801 INFO tempest.lib.common.dynamic_creds [-] Created isolated network resources for: credentials: Credentials: {'domain_id': 'default', 'domain_name': 'Default', 'username': 'tempest-FlavorsV261TestJSON-77911012-project-member', 'project_domain_id': 'default', 'project_domain_name': 'Default', 'project_id': 'a3cf5014dc6140418af9b9ea6450942c', 'project_name': 'tempest-FlavorsV261TestJSON-77911012', 'tenant_id': 'a3cf5014dc6140418af9b9ea6450942c', 'tenant_name': 'tempest-FlavorsV261TestJSON-77911012', 'user_domain_id': 'default', 'user_domain_name': 'Default', 'user_id': '4dbeb98b2dbd4a0b9636b1baf57fae16', 'system': None}, Network: None, Subnet: None, Router: None
2025-12-09 10:46:29.997 65783 INFO tempest.lib.common.rest_client [req-b21d9ed0-cc37-4969-83d9-298a252d54ca req-b21d9ed0-cc37-4969-83d9-298a252d54ca ] Request (FloatingIPDetailsTestJSON:setUpClass): 201 POST http://10.180.1.21/networking/v2.0/networks 1.090s
2025-12-09 10:46:30.050 65801 INFO tempest.lib.common.rest_client [req-100daf0a-ef0b-4f73-bf2d-ae91b2cd9e34 req-100daf0a-ef0b-4f73-bf2d-ae91b2cd9e34 ] Request (FlavorsV261TestJSON:setUpClass): 201 POST http://10.180.1.21/identity/v3/auth/tokens 0.083s
2025-12-09 10:46:30.118 65801 INFO tempest.lib.common.rest_client [req-89a3cf37-a000-4653-9e8f-d69bb25f1540 req-89a3cf37-a000-4653-9e8f-d69bb25f1540 ] Request (FlavorsV261TestJSON:setUpClass): 201 POST http://10.180.1.21/identity/v3/projects 0.067s
2025-12-09 10:46:30.185 65775 INFO tempest.lib.common.rest_client [req-e3c5d724-6e9c-4e1f-9872-319b265de8af req-e3c5d724-6e9c-4e1f-9872-319b265de8af ] Request (KeyPairsV210TestJSON:tearDownClass): 200 GET http://10.180.1.21/networking/v2.0/security-groups?tenant_id=0b324c15966249abbbca3079cb074cd6&name=default 0.485s
2025-12-09 10:46:30.215 65801 INFO tempest.lib.common.rest_client [req-ad9868ca-05e9-4256-b168-21f251ad2093 req-ad9868ca-05e9-4256-b168-21f251ad2093 ] Request (FlavorsV261TestJSON:setUpClass): 201 POST http://10.180.1.21/identity/v3/users 0.096s
2025-12-09 10:46:30.244 65801 INFO tempest.lib.common.rest_client [req-1fe9c794-abc0-418c-8c0f-a21fc28d7457 req-1fe9c794-abc0-418c-8c0f-a21fc28d7457 ] Request (FlavorsV261TestJSON:setUpClass): 200 GET http://10.180.1.21/identity/v3/roles 0.028s
2025-12-09 10:46:30.276 65801 INFO tempest.lib.common.rest_client [req-ac7743da-083e-4a7a-8ad2-666b3b816db3 req-ac7743da-083e-4a7a-8ad2-666b3b816db3 ] Request (FlavorsV261TestJSON:setUpClass): 204 PUT http://10.180.1.21/identity/v3/projects/d831a6197cfb4c87aef59589fd245b63/users/6d43814f57be46ffadb1a763523f45ce/roles/728d0a34546343d1bffe980a487ea0f3 0.032s
2025-12-09 10:46:30.334 65801 INFO tempest.lib.common.rest_client [req-88770ef6-82f1-4510-8c35-bdc117203b9b req-88770ef6-82f1-4510-8c35-bdc117203b9b ] Request (FlavorsV261TestJSON:setUpClass): 200 GET http://10.180.1.21/identity/v3/roles 0.057s
2025-12-09 10:46:30.355 65801 INFO tempest.lib.common.rest_client [req-922add15-65d7-4740-b1c2-9256b56df39a req-922add15-65d7-4740-b1c2-9256b56df39a ] Request (FlavorsV261TestJSON:setUpClass): 204 PUT http://10.180.1.21/identity/v3/projects/d831a6197cfb4c87aef59589fd245b63/users/6d43814f57be46ffadb1a763523f45ce/roles/728d0a34546343d1bffe980a487ea0f3 0.020s
2025-12-09 10:46:30.356 65801 INFO tempest.lib.common.dynamic_creds [-] Dynamic test user 6d43814f57be46ffadb1a763523f45ce is created with scope project and roles: ['admin']
2025-12-09 10:46:30.356 65801 INFO tempest.lib.common.dynamic_creds [-] Acquired dynamic creds: credentials: Credentials: {'domain_id': 'default', 'domain_name': 'Default', 'username': 'tempest-FlavorsV261TestJSON-1257492882-project-admin', 'project_domain_id': 'default', 'project_domain_name': 'Default', 'project_id': 'd831a6197cfb4c87aef59589fd245b63', 'project_name': 'tempest-FlavorsV261TestJSON-1257492882', 'tenant_id': 'd831a6197cfb4c87aef59589fd245b63', 'tenant_name': 'tempest-FlavorsV261TestJSON-1257492882', 'user_domain_id': 'default', 'user_domain_name': 'Default', 'user_id': '6d43814f57be46ffadb1a763523f45ce', 'system': None}, Network: None, Subnet: None, Router: None
2025-12-09 10:46:30.356 65801 INFO tempest.lib.common.dynamic_creds [-] Created isolated network resources for: credentials: Credentials: {'domain_id': 'default', 'domain_name': 'Default', 'username': 'tempest-FlavorsV261TestJSON-1257492882-project-admin', 'project_domain_id': 'default', 'project_domain_name': 'Default', 'project_id': 'd831a6197cfb4c87aef59589fd245b63', 'project_name': 'tempest-FlavorsV261TestJSON-1257492882', 'tenant_id': 'd831a6197cfb4c87aef59589fd245b63', 'tenant_name': 'tempest-FlavorsV261TestJSON-1257492882', 'user_domain_id': 'default', 'user_domain_name': 'Default', 'user_id': '6d43814f57be46ffadb1a763523f45ce', 'system': None}, Network: None, Subnet: None, Router: None
2025-12-09 10:46:30.357 65803 INFO tempest.lib.common.rest_client [req-452d2cfb-032f-4dee-a586-c1adb481705f req-452d2cfb-032f-4dee-a586-c1adb481705f ] Request (SecurityGroupsNegativeTestJSON:tearDownClass): 204 DELETE http://10.180.1.21/networking/v2.0/security-groups/788985fb-35a7-4dcc-8c17-61765fe9a346 0.590s
2025-12-09 10:46:30.435 65801 INFO tempest.lib.common.rest_client [req-c2752cfa-a7d6-446d-8e21-096d2203373d req-c2752cfa-a7d6-446d-8e21-096d2203373d ] Request (FlavorsV261TestJSON:setUpClass): 201 POST http://10.180.1.21/identity/v3/auth/tokens 0.076s
2025-12-09 10:46:30.462 65803 INFO tempest.lib.common.rest_client [req-0efa5d79-daca-4445-bae7-675d44008719 req-0efa5d79-daca-4445-bae7-675d44008719 ] Request (SecurityGroupsNegativeTestJSON:tearDownClass): 204 DELETE http://10.180.1.21/identity/v3/projects/4a978c99bbc94b8fadf45db1d6398eab 0.105s
2025-12-09 10:46:30.463 65803 INFO tempest.test [-] raised in NoVNCConsoleTestJSON.setUpClass. Invoking tearDownClass.
2025-12-09 10:46:30.527 65803 INFO tempest.lib.common.rest_client [req-89a54841-828e-49c0-97b6-89ac0a9e5928 req-89a54841-828e-49c0-97b6-89ac0a9e5928 ] Request (ServerActionsTestOtherA:setUpClass): 201 POST http://10.180.1.21/identity/v3/auth/tokens 0.061s
2025-12-09 10:46:30.535 65783 INFO tempest.lib.common.rest_client [req-8568b898-89a7-4fd8-8cc1-23e3f8840757 req-8568b898-89a7-4fd8-8cc1-23e3f8840757 ] Request (FloatingIPDetailsTestJSON:setUpClass): 201 POST http://10.180.1.21/networking/v2.0/subnets 0.537s
2025-12-09 10:46:30.562 65803 INFO tempest.lib.common.rest_client [req-5b3beeb6-e8cb-4e4f-954b-68252487d11c req-5b3beeb6-e8cb-4e4f-954b-68252487d11c ] Request (ServerActionsTestOtherA:setUpClass): 201 POST http://10.180.1.21/identity/v3/auth/tokens 0.033s
2025-12-09 10:46:30.588 65803 INFO tempest.lib.common.rest_client [req-e8808c0c-b22c-44d5-8834-3fc1afd33b66 req-e8808c0c-b22c-44d5-8834-3fc1afd33b66 ] Request (ServerActionsTestOtherA:setUpClass): 200 GET http://10.180.1.21/identity/v3/domains?name=Default 0.025s
2025-12-09 10:46:30.620 65803 INFO tempest.lib.common.rest_client [req-2e7e4914-bea4-4cff-a33a-847f425b6eb7 req-2e7e4914-bea4-4cff-a33a-847f425b6eb7 ] Request (ServerActionsTestOtherA:setUpClass): 201 POST http://10.180.1.21/identity/v3/projects 0.031s
2025-12-09 10:46:30.654 65811 INFO tempest.lib.common.rest_client [req-839894c4-f736-4e9f-8776-c244cf42ce2f req-839894c4-f736-4e9f-8776-c244cf42ce2f ] Request (ServersAdminTestJSON:setUpClass): 200 PUT http://10.180.1.21/networking/v2.0/routers/a5bc595d-f075-4a3d-b649-ec2bf491706b/add_router_interface 1.278s
2025-12-09 10:46:30.656 65811 INFO tempest.lib.common.dynamic_creds [-] Created isolated network resources for: credentials: Credentials: {'domain_id': 'default', 'domain_name': 'Default', 'username': 'tempest-ServersAdminTestJSON-1937927600-project-member', 'project_domain_id': 'default', 'project_domain_name': 'Default', 'project_id': '57afa4b6702645e6819f868599dce3a3', 'project_name': 'tempest-ServersAdminTestJSON-1937927600', 'tenant_id': '57afa4b6702645e6819f868599dce3a3', 'tenant_name': 'tempest-ServersAdminTestJSON-1937927600', 'user_domain_id': 'default', 'user_domain_name': 'Default', 'user_id': '9a1591e7670948fa8b1196164490c8f5', 'system': None}, Network: {'id': '078d005e-8fb6-41a8-8593-546e69baf055', 'name': 'tempest-ServersAdminTestJSON-482724669-network', 'tenant_id': '57afa4b6702645e6819f868599dce3a3', 'project_id': '57afa4b6702645e6819f868599dce3a3', 'admin_state_up': True, 'mtu': 8950, 'status': 'ACTIVE', 'subnets': [], 'shared': False, 'port_security_enabled': True, 'router:external': False, 'provider:network_type': 'vlan', 'provider:physical_network': 'default', 'provider:segmentation_id': 563, 'availability_zone_hints': [], 'availability_zones': [], 'ipv4_address_scope': None, 'ipv6_address_scope': None, 'description': '', 'tags': [], 'created_at': '2025-12-09T10:46:27Z', 'updated_at': '2025-12-09T10:46:27Z', 'revision_number': 1}, Subnet: {'id': 'acff069f-3c57-48e4-9b97-f493ca78573f', 'name': 'tempest-ServersAdminTestJSON-482724669-subnet', 'tenant_id': '57afa4b6702645e6819f868599dce3a3', 'network_id': '078d005e-8fb6-41a8-8593-546e69baf055', 'ip_version': 4, 'subnetpool_id': None, 'enable_dhcp': True, 'ipv6_ra_mode': None, 'ipv6_address_mode': None, 'gateway_ip': '192.168.128.1', 'cidr': '192.168.128.0/28', 'allocation_pools': [{'start': '192.168.128.2', 'end': '192.168.128.14'}], 'host_routes': [], 'dns_nameservers': [], 'description': '', 'router:external': False, 'service_types': [], 'tags': [], 'created_at': '2025-12-09T10:46:28Z', 'updated_at': '2025-12-09T10:46:28Z', 'revision_number': 0, 'project_id': '57afa4b6702645e6819f868599dce3a3'}, Router: {'id': 'a5bc595d-f075-4a3d-b649-ec2bf491706b', 'name': 'tempest-ServersAdminTestJSON-482724669-router', 'tenant_id': '57afa4b6702645e6819f868599dce3a3', 'admin_state_up': True, 'status': 'ACTIVE', 'external_gateway_info': {'network_id': 'dc359e4a-ef32-4a36-95e3-6ecddfe1a05f', 'external_fixed_ips': [{'subnet_id': '0eed793a-14b8-4423-b3d7-19086128823e', 'ip_address': '10.180.180.250'}], 'enable_snat': True}, 'description': '', 'availability_zones': [], 'distributed': False, 'ha': False, 'availability_zone_hints': [], 'routes': [], 'flavor_id': None, 'tags': [], 'created_at': '2025-12-09T10:46:28Z', 'updated_at': '2025-12-09T10:46:29Z', 'revision_number': 2, 'project_id': '57afa4b6702645e6819f868599dce3a3'}
2025-12-09 10:46:30.685 65803 INFO tempest.lib.common.rest_client [req-1abd8ae5-7a5f-4be7-8554-9b4650f2512a req-1abd8ae5-7a5f-4be7-8554-9b4650f2512a ] Request (ServerActionsTestOtherA:setUpClass): 201 POST http://10.180.1.21/identity/v3/users 0.064s
2025-12-09 10:46:30.692 65815 INFO tempest.lib.common.rest_client [req-3d80e64e-d8f7-44ab-b907-30b5e61b7ea6 req-3d80e64e-d8f7-44ab-b907-30b5e61b7ea6 ] Request (DeleteServersAdminTestJSON:test_admin_delete_servers_of_others): 200 GET http://10.180.1.21/compute/v2.1/servers/e79a4c9f-ddb6-4600-a885-16765998befb 4.487s
2025-12-09 10:46:30.703 65815 INFO tempest.common.waiters [-] State transition "BUILD/spawning" ==> "ACTIVE/None" after 18 second wait
2025-12-09 10:46:30.705 65775 INFO tempest.lib.common.rest_client [req-063991ff-f38a-4084-87b0-2dcfdfde3904 req-063991ff-f38a-4084-87b0-2dcfdfde3904 ] Request (KeyPairsV210TestJSON:tearDownClass): 204 DELETE http://10.180.1.21/networking/v2.0/security-groups/f043af08-495f-4ff4-8bb4-2b07cbdbaba5 0.520s
2025-12-09 10:46:30.721 65803 INFO tempest.lib.common.rest_client [req-9f70503e-6486-4c6f-b0f0-37987400495f req-9f70503e-6486-4c6f-b0f0-37987400495f ] Request (ServerActionsTestOtherA:setUpClass): 200 GET http://10.180.1.21/identity/v3/roles 0.036s
2025-12-09 10:46:30.746 65799 INFO tempest.lib.common.rest_client [req-fb877d73-7672-474f-a4a7-b6d7bb4bf271 req-fb877d73-7672-474f-a4a7-b6d7bb4bf271 ] Request (ServersAdminNegativeTestJSON:setUpClass): 200 GET http://10.180.1.21/compute/v2.1/servers/ffc688d6-a011-4154-a84b-d499d0e7b88d 4.391s
2025-12-09 10:46:30.748 65811 INFO tempest.lib.common.rest_client [req-4e5ecffd-1b7b-4983-94e3-bc4f41b108ae req-4e5ecffd-1b7b-4983-94e3-bc4f41b108ae ] Request (ServersAdminTestJSON:setUpClass): 201 POST http://10.180.1.21/identity/v3/auth/tokens 0.087s
2025-12-09 10:46:30.791 65803 INFO tempest.lib.common.rest_client [req-509acc7c-f865-495c-8bc5-a754ea9c6edc req-509acc7c-f865-495c-8bc5-a754ea9c6edc ] Request (ServerActionsTestOtherA:setUpClass): 204 PUT http://10.180.1.21/identity/v3/projects/d6996df5140f422d85069527d3b40f53/users/b4410ef8b387417498c159e3de2050a1/roles/907e36db99fe4fe1befbf1e70cd7dbe5 0.069s
2025-12-09 10:46:30.791 65803 INFO tempest.lib.common.dynamic_creds [-] Dynamic test user b4410ef8b387417498c159e3de2050a1 is created with scope project and roles: ['member']
2025-12-09 10:46:30.792 65803 INFO tempest.lib.common.dynamic_creds [-] Acquired dynamic creds: credentials: Credentials: {'domain_id': 'default', 'domain_name': 'Default', 'username': 'tempest-ServerActionsTestOtherA-848384024-project-member', 'project_domain_id': 'default', 'project_domain_name': 'Default', 'project_id': 'd6996df5140f422d85069527d3b40f53', 'project_name': 'tempest-ServerActionsTestOtherA-848384024', 'tenant_id': 'd6996df5140f422d85069527d3b40f53', 'tenant_name': 'tempest-ServerActionsTestOtherA-848384024', 'user_domain_id': 'default', 'user_domain_name': 'Default', 'user_id': 'b4410ef8b387417498c159e3de2050a1', 'system': None}, Network: None, Subnet: None, Router: None
2025-12-09 10:46:30.831 65775 INFO tempest.lib.common.rest_client [req-e36986fa-a464-488b-84a5-81d7ce0834cd req-e36986fa-a464-488b-84a5-81d7ce0834cd ] Request (KeyPairsV210TestJSON:tearDownClass): 204 DELETE http://10.180.1.21/identity/v3/projects/0b324c15966249abbbca3079cb074cd6 0.125s
2025-12-09 10:46:30.927 65811 INFO tempest.lib.common.rest_client [req-0a24bf9f-4f6c-4dc2-9007-b01102fbacd4 req-0a24bf9f-4f6c-4dc2-9007-b01102fbacd4 ] Request (ServersAdminTestJSON:setUpClass): 201 POST http://10.180.1.21/identity/v3/projects 0.178s
2025-12-09 10:46:30.928 65803 INFO tempest.lib.common.rest_client [req-40c22f4c-c2d4-4b25-b21b-4cc108233cb9 req-40c22f4c-c2d4-4b25-b21b-4cc108233cb9 ] Request (ServerActionsTestOtherA:setUpClass): 201 POST http://10.180.1.21/identity/v3/auth/tokens 0.136s
2025-12-09 10:46:30.991 65775 INFO tempest.lib.common.rest_client [req-9306fa58-252c-4249-b56c-c1c1e44a1d4e req-9306fa58-252c-4249-b56c-c1c1e44a1d4e ] Request (ServerDiagnosticsNegativeTest:setUpClass): 201 POST http://10.180.1.21/identity/v3/auth/tokens 0.158s
2025-12-09 10:46:31.028 65775 INFO tempest.lib.common.rest_client [req-24a93b5d-ac48-498c-8413-e4eda9af6ff4 req-24a93b5d-ac48-498c-8413-e4eda9af6ff4 ] Request (ServerDiagnosticsNegativeTest:setUpClass): 201 POST http://10.180.1.21/identity/v3/auth/tokens 0.033s
2025-12-09 10:46:31.030 65811 INFO tempest.lib.common.rest_client [req-3fc8eac3-92d2-46fd-94c9-c78ac893e052 req-3fc8eac3-92d2-46fd-94c9-c78ac893e052 ] Request (ServersAdminTestJSON:setUpClass): 201 POST http://10.180.1.21/identity/v3/users 0.103s
2025-12-09 10:46:31.052 65785 INFO tempest.lib.common.rest_client [req-d90ebb1b-ecbf-461a-aca9-cb93d5061aeb req-d90ebb1b-ecbf-461a-aca9-cb93d5061aeb ] Request (ServersAaction247Test:test_create_backup): 200 GET http://10.180.1.21/compute/v2.1/servers/dae49d5e-cf5f-4af6-ba8e-46ab1a662e95 4.572s
2025-12-09 10:46:31.060 65811 INFO tempest.lib.common.rest_client [req-faf88f7b-e643-4f1d-bae9-e2dee2dd1296 req-faf88f7b-e643-4f1d-bae9-e2dee2dd1296 ] Request (ServersAdminTestJSON:setUpClass): 200 GET http://10.180.1.21/identity/v3/roles 0.029s
2025-12-09 10:46:31.071 65785 INFO tempest.common.waiters [-] State transition "BUILD/None" ==> "BUILD/spawning" after 12 second wait
2025-12-09 10:46:31.074 65775 INFO tempest.lib.common.rest_client [req-2876680f-b326-469a-81d8-e24f2f534383 req-2876680f-b326-469a-81d8-e24f2f534383 ] Request (ServerDiagnosticsNegativeTest:setUpClass): 200 GET http://10.180.1.21/identity/v3/domains?name=Default 0.045s
2025-12-09 10:46:31.124 65775 INFO tempest.lib.common.rest_client [req-95c7b3b1-e50e-4f37-9cc1-523e32531f7c req-95c7b3b1-e50e-4f37-9cc1-523e32531f7c ] Request (ServerDiagnosticsNegativeTest:setUpClass): 201 POST http://10.180.1.21/identity/v3/projects 0.049s
2025-12-09 10:46:31.126 65811 INFO tempest.lib.common.rest_client [req-741fb0cc-e1ac-49e5-a7c8-62323ed2c89f req-741fb0cc-e1ac-49e5-a7c8-62323ed2c89f ] Request (ServersAdminTestJSON:setUpClass): 204 PUT http://10.180.1.21/identity/v3/projects/3f2ad2777dd546898986de6bd664c54f/users/5346195fc3a4488aba5b421b4a1808ae/roles/728d0a34546343d1bffe980a487ea0f3 0.065s
2025-12-09 10:46:31.221 65811 INFO tempest.lib.common.rest_client [req-943ecc3e-8125-4319-953b-738feb12edec req-943ecc3e-8125-4319-953b-738feb12edec ] Request (ServersAdminTestJSON:setUpClass): 200 GET http://10.180.1.21/identity/v3/roles 0.095s
2025-12-09 10:46:31.233 65775 INFO tempest.lib.common.rest_client [req-bbbc12c6-381c-4cd7-91c0-72739bf9db6b req-bbbc12c6-381c-4cd7-91c0-72739bf9db6b ] Request (ServerDiagnosticsNegativeTest:setUpClass): 201 POST http://10.180.1.21/identity/v3/users 0.109s
2025-12-09 10:46:31.249 65811 INFO tempest.lib.common.rest_client [req-14b4da8d-1ab5-4826-b62a-66ec9937719c req-14b4da8d-1ab5-4826-b62a-66ec9937719c ] Request (ServersAdminTestJSON:setUpClass): 204 PUT http://10.180.1.21/identity/v3/projects/3f2ad2777dd546898986de6bd664c54f/users/5346195fc3a4488aba5b421b4a1808ae/roles/728d0a34546343d1bffe980a487ea0f3 0.028s
2025-12-09 10:46:31.250 65811 INFO tempest.lib.common.dynamic_creds [-] Dynamic test user 5346195fc3a4488aba5b421b4a1808ae is created with scope project and roles: ['admin']
