2025-12-09 10:47:37.454 65787 INFO tempest.lib.common.dynamic_creds [-] Created isolated network resources for: credentials: Credentials: {'domain_id': 'default', 'domain_name': 'Default', 'username': 'tempest-ServerTagsTestJSON-113515235-project-member', 'project_domain_id': 'default', 'project_domain_name': 'Default', 'project_id': 'f62a7e2d97f84ed0a1505eb494c3bc69', 'project_name': 'tempest-ServerTagsTestJSON-113515235', 'tenant_id': 'f62a7e2d97f84ed0a1505eb494c3bc69', 'tenant_name': 'tempest-ServerTagsTestJSON-113515235', 'user_domain_id': 'default', 'user_domain_name': 'Default', 'user_id': '2d660b01128f411184c69554d530ad06', 'system': None}, Network: {'id': 'e40cb030-4956-48b6-a18d-8df6f48ac279', 'name': 'tempest-ServerTagsTestJSON-627187136-network', 'tenant_id': 'f62a7e2d97f84ed0a1505eb494c3bc69', 'project_id': 'f62a7e2d97f84ed0a1505eb494c3bc69', 'admin_state_up': True, 'mtu': 8950, 'status': 'ACTIVE', 'subnets': [], 'shared': False, 'port_security_enabled': True, 'router:external': False, 'provider:network_type': 'vlan', 'provider:physical_network': 'default', 'provider:segmentation_id': 670, 'availability_zone_hints': [], 'availability_zones': [], 'ipv4_address_scope': None, 'ipv6_address_scope': None, 'description': '', 'tags': [], 'created_at': '2025-12-09T10:47:35Z', 'updated_at': '2025-12-09T10:47:35Z', 'revision_number': 1}, Subnet: {'id': '1b461b1a-3dae-4a09-b884-1fc86ae66b63', 'name': 'tempest-ServerTagsTestJSON-627187136-subnet', 'tenant_id': 'f62a7e2d97f84ed0a1505eb494c3bc69', 'network_id': 'e40cb030-4956-48b6-a18d-8df6f48ac279', 'ip_version': 4, 'subnetpool_id': None, 'enable_dhcp': True, 'ipv6_ra_mode': None, 'ipv6_address_mode': None, 'gateway_ip': '192.168.128.1', 'cidr': '192.168.128.0/28', 'allocation_pools': [{'start': '192.168.128.2', 'end': '192.168.128.14'}], 'host_routes': [], 'dns_nameservers': [], 'description': '', 'router:external': False, 'service_types': [], 'tags': [], 'created_at': '2025-12-09T10:47:35Z', 'updated_at': '2025-12-09T10:47:35Z', 'revision_number': 0, 'project_id': 'f62a7e2d97f84ed0a1505eb494c3bc69'}, Router: {'id': '9764c68c-6dcd-41e6-a21d-940199f4e4fb', 'name': 'tempest-ServerTagsTestJSON-627187136-router', 'tenant_id': 'f62a7e2d97f84ed0a1505eb494c3bc69', 'admin_state_up': True, 'status': 'ACTIVE', 'external_gateway_info': {'network_id': 'dc359e4a-ef32-4a36-95e3-6ecddfe1a05f', 'external_fixed_ips': [{'subnet_id': '0eed793a-14b8-4423-b3d7-19086128823e', 'ip_address': '10.180.180.253'}], 'enable_snat': True}, 'description': '', 'availability_zones': [], 'distributed': False, 'ha': False, 'availability_zone_hints': [], 'routes': [], 'flavor_id': None, 'tags': [], 'created_at': '2025-12-09T10:47:35Z', 'updated_at': '2025-12-09T10:47:36Z', 'revision_number': 2, 'project_id': 'f62a7e2d97f84ed0a1505eb494c3bc69'}
2025-12-09 10:47:37.487 65763 INFO tempest.lib.common.rest_client [req-cd5da88a-cee5-4122-a3f1-ffefe58a05a4 req-cd5da88a-cee5-4122-a3f1-ffefe58a05a4 ] Request (FloatingIPsTestJSON:tearDownClass): 204 DELETE http://10.180.1.21/networking/v2.0/routers/d10cb671-9b00-4ffb-98f3-f2ec48513081 0.745s
2025-12-09 10:47:37.510 65811 INFO tempest.lib.common.rest_client [req-160b464e-0ea8-4312-821d-2e7ea7fa4f10 req-160b464e-0ea8-4312-821d-2e7ea7fa4f10 ] Request (ServersAdminTestJSON:test_create_server_with_scheduling_hint): 200 GET http://10.180.1.21/compute/v2.1/servers/92e85618-d7c3-4ee9-8d97-66690024e7d5 3.199s
2025-12-09 10:47:37.530 65791 INFO tempest.lib.common.rest_client [req-878d4ea7-5ef8-4db7-b539-81dff8962056 req-878d4ea7-5ef8-4db7-b539-81dff8962056 ] Request (ServerExternalEventsTest:tearDownClass): 200 GET http://10.180.1.21/compute/v2.1/servers/8a713cad-78fa-4109-a3dd-691be3222cc5 3.325s
2025-12-09 10:47:37.553 65787 INFO tempest.lib.common.rest_client [req-cb4c706a-ee51-4f38-acc4-20d6f81526b0 req-cb4c706a-ee51-4f38-acc4-20d6f81526b0 ] Request (ServerTagsTestJSON:setUpClass): 201 POST http://10.180.1.21/identity/v3/auth/tokens 0.095s
2025-12-09 10:47:37.589 65787 INFO tempest.lib.common.rest_client [req-e58c31da-ecc4-48ff-bac7-3115d1e309e6 req-e58c31da-ecc4-48ff-bac7-3115d1e309e6 ] Request (ServerTagsTestJSON:setUpClass): 201 POST http://10.180.1.21/identity/v3/auth/tokens 0.032s
2025-12-09 10:47:37.589 65787 INFO tempest.lib.common.fixed_network [-] (ServerTagsTestJSON:setUpClass) Found network {'id': 'e40cb030-4956-48b6-a18d-8df6f48ac279', 'name': 'tempest-ServerTagsTestJSON-627187136-network', 'tenant_id': 'f62a7e2d97f84ed0a1505eb494c3bc69', 'project_id': 'f62a7e2d97f84ed0a1505eb494c3bc69', 'admin_state_up': True, 'mtu': 8950, 'status': 'ACTIVE', 'subnets': [], 'shared': False, 'port_security_enabled': True, 'router:external': False, 'provider:network_type': 'vlan', 'provider:physical_network': 'default', 'provider:segmentation_id': 670, 'availability_zone_hints': [], 'availability_zones': [], 'ipv4_address_scope': None, 'ipv6_address_scope': None, 'description': '', 'tags': [], 'created_at': '2025-12-09T10:47:35Z', 'updated_at': '2025-12-09T10:47:35Z', 'revision_number': 1} available for tenant
2025-12-09 10:47:37.663 65763 INFO tempest.lib.common.rest_client [req-ce63f981-e10f-46d6-856a-9caebfd50b3b req-ce63f981-e10f-46d6-856a-9caebfd50b3b ] Request (FloatingIPsTestJSON:tearDownClass): 204 DELETE http://10.180.1.21/networking/v2.0/subnets/7817daca-c446-4997-89ae-2337693c68a0 0.175s
2025-12-09 10:47:37.700 65819 INFO tempest.lib.common.rest_client [req-d44695b5-59a5-46ee-a468-91b63cf2fb85 req-d44695b5-59a5-46ee-a468-91b63cf2fb85 ] Request (SecurityGroupsTestJSON:test_security_groups_create_list_delete): 404 GET http://10.180.1.21/compute/v2.1/os-security-groups/8bae4117-804e-4f56-88d8-73f4dd8ccd22 3.331s
2025-12-09 10:47:38.019 65763 INFO tempest.lib.common.rest_client [req-f3a8aa92-7e87-4788-9761-3111c52656a0 req-f3a8aa92-7e87-4788-9761-3111c52656a0 ] Request (FloatingIPsTestJSON:tearDownClass): 204 DELETE http://10.180.1.21/networking/v2.0/networks/ecddbe1f-2e21-4082-9039-852575f52533 0.356s
2025-12-09 10:47:38.155 65763 INFO tempest.lib.common.rest_client [req-b5cdecc9-82bb-453d-9d50-b1b30c09bf78 req-b5cdecc9-82bb-453d-9d50-b1b30c09bf78 ] Request (FloatingIPsTestJSON:tearDownClass): 204 DELETE http://10.180.1.21/identity/v3/users/9964327b9a6546769a916c27c3b3a74e 0.135s
2025-12-09 10:47:38.155 65763 INFO tempest.lib.common.dynamic_creds [-] Deleting project and security group for project: 9cd900455adf4d7897424892227f1fff
2025-12-09 10:47:38.209 65799 INFO tempest.lib.common.rest_client [req-4d8858c9-e41e-4904-a09f-61df93fdecd3 req-4d8858c9-e41e-4904-a09f-61df93fdecd3 ] Request (ServersAdminNegativeTestJSON:test_migrate_server_invalid_state): 200 GET http://10.180.1.21/compute/v2.1/servers/b9b46550-2b3f-4ad3-a1dc-713d8936a24e 3.683s
2025-12-09 10:47:38.317 65763 INFO tempest.lib.common.rest_client [req-3c520f81-39ef-4997-8acd-f129f7f5c63a req-3c520f81-39ef-4997-8acd-f129f7f5c63a ] Request (FloatingIPsTestJSON:tearDownClass): 200 GET http://10.180.1.21/networking/v2.0/security-groups?tenant_id=9cd900455adf4d7897424892227f1fff&name=default 0.162s
2025-12-09 10:47:38.347 65795 INFO tempest.lib.common.rest_client [req-d90303eb-59e8-4c8e-9d11-340447860583 req-d90303eb-59e8-4c8e-9d11-340447860583 ] Request (FloatingIPsAssociationNegativeTestJSON:test_dissociate_nonexistent_floating_ip): 404 POST http://10.180.1.21/compute/v2.1/servers/0c4ed1b3-7635-4696-9957-9c3f46609ba6/action 3.748s
2025-12-09 10:47:38.394 65771 INFO tempest.lib.common.rest_client [req-5b891fff-2284-490f-8f6e-369fbcc5f8aa req-5b891fff-2284-490f-8f6e-369fbcc5f8aa ] Request (ListServerFiltersTestJSON:test_list_servers_filter_by_limit): 200 GET http://10.180.1.21/compute/v2.1/servers?limit=1 3.752s
2025-12-09 10:47:38.415 65785 INFO tempest.lib.common.rest_client [req-23e59087-e102-4228-8ca5-536fa348f36d req-23e59087-e102-4228-8ca5-536fa348f36d ] Request (ServerGroupTestJSON:test_create_delete_multiple_server_groups_with_same_name_policy): 200 GET http://10.180.1.21/compute/v2.1/os-server-groups 3.772s
2025-12-09 10:47:38.432 65759 INFO tempest.lib.common.rest_client [req-94945207-0502-45cd-be1f-78658892a258 req-94945207-0502-45cd-be1f-78658892a258 ] Request (ServersTestManualDisk:setUpClass): 200 GET http://10.180.1.21/compute/v2.1/servers/69d3f8bc-0403-4464-970c-cd21bbf53b16 3.891s
2025-12-09 10:47:38.455 65783 INFO tempest.lib.common.rest_client [req-5b7ecb7e-1dab-434a-8c29-5c58ebcfe316 req-5b7ecb7e-1dab-434a-8c29-5c58ebcfe316 ] Request (KeyPairsV2TestJSON:_run_cleanups): 202 DELETE http://10.180.1.21/compute/v2.1/os-keypairs/tempest-keypair-1548587705 3.757s
2025-12-09 10:47:38.478 65777 INFO tempest.lib.common.rest_client [req-f95c9f4f-2f85-474d-b3d1-26e0241101c9 req-f95c9f4f-2f85-474d-b3d1-26e0241101c9 ] Request (ImagesMetadataNegativeTestJSON:test_set_nonexistent_image_metadata_item): 404 PUT http://10.180.1.21/compute/v2.1/images/12ccd11a-a372-484f-819d-7a95af9e977f/metadata/os_distro 3.754s
2025-12-09 10:47:38.525 65763 INFO tempest.lib.common.rest_client [req-1f04525f-3918-4ecf-bdf4-7cd6a6b434b2 req-1f04525f-3918-4ecf-bdf4-7cd6a6b434b2 ] Request (FloatingIPsTestJSON:tearDownClass): 204 DELETE http://10.180.1.21/networking/v2.0/security-groups/7ed08190-03f3-4045-95e0-8109b053ba30 0.207s
2025-12-09 10:47:38.587 65779 INFO tempest.lib.common.rest_client [req-521a726a-dbc7-4cd9-9e6a-6dc401e4c36a req-521a726a-dbc7-4cd9-9e6a-6dc401e4c36a ] Request (TenantUsagesTestJSON:tearDownClass): 200 GET http://10.180.1.21/compute/v2.1/servers/d6d995f5-7929-4667-9b8b-688f48297ec1 3.932s
2025-12-09 10:47:38.597 65793 INFO tempest.lib.common.rest_client [req-a5b0deba-a273-4d98-9eac-476bc6353c14 req-a5b0deba-a273-4d98-9eac-476bc6353c14 ] Request (ServersNegativeTestJSON:setUpClass): 200 GET http://10.180.1.21/compute/v2.1/servers/4812e677-4dc2-4681-924d-b29394135de4 3.557s
2025-12-09 10:47:38.606 65793 INFO tempest.common.waiters [-] State transition "BUILD/scheduling" ==> "BUILD/None" after 4 second wait
2025-12-09 10:47:38.657 65763 INFO tempest.lib.common.rest_client [req-a51f063e-46bb-447a-8c37-c5ab4d39b30d req-a51f063e-46bb-447a-8c37-c5ab4d39b30d ] Request (FloatingIPsTestJSON:tearDownClass): 204 DELETE http://10.180.1.21/identity/v3/projects/9cd900455adf4d7897424892227f1fff 0.130s
2025-12-09 10:47:38.735 65763 INFO tempest.lib.common.rest_client [req-e3bc15aa-b010-4e28-94f0-e6168dd5d5d7 req-e3bc15aa-b010-4e28-94f0-e6168dd5d5d7 ] Request (ImagesNegativeTestJSON:setUpClass): 201 POST http://10.180.1.21/identity/v3/auth/tokens 0.076s
2025-12-09 10:47:38.766 65763 INFO tempest.lib.common.rest_client [req-516eedbc-93ed-4412-9ddf-a7aa69a35040 req-516eedbc-93ed-4412-9ddf-a7aa69a35040 ] Request (ImagesNegativeTestJSON:setUpClass): 201 POST http://10.180.1.21/identity/v3/auth/tokens 0.028s
2025-12-09 10:47:38.801 65763 INFO tempest.lib.common.rest_client [req-251e39d7-30c8-4303-a167-807ab9a05524 req-251e39d7-30c8-4303-a167-807ab9a05524 ] Request (ImagesNegativeTestJSON:setUpClass): 200 GET http://10.180.1.21/identity/v3/domains?name=Default 0.033s
2025-12-09 10:47:38.830 65763 INFO tempest.lib.common.rest_client [req-4f1b4a2e-6fd2-41b6-a7ca-e34536710cde req-4f1b4a2e-6fd2-41b6-a7ca-e34536710cde ] Request (ImagesNegativeTestJSON:setUpClass): 201 POST http://10.180.1.21/identity/v3/projects 0.029s
2025-12-09 10:47:38.902 65763 INFO tempest.lib.common.rest_client [req-1cffb4a1-ba71-4be2-88b9-2e32ae4983f4 req-1cffb4a1-ba71-4be2-88b9-2e32ae4983f4 ] Request (ImagesNegativeTestJSON:setUpClass): 201 POST http://10.180.1.21/identity/v3/users 0.071s
2025-12-09 10:47:38.931 65763 INFO tempest.lib.common.rest_client [req-d8fc0b6a-ca2b-4ce7-b519-e6d2ceac8b88 req-d8fc0b6a-ca2b-4ce7-b519-e6d2ceac8b88 ] Request (ImagesNegativeTestJSON:setUpClass): 200 GET http://10.180.1.21/identity/v3/roles 0.028s
2025-12-09 10:47:38.959 65763 INFO tempest.lib.common.rest_client [req-fc36007b-aae3-4cde-86f6-75a029ca48c6 req-fc36007b-aae3-4cde-86f6-75a029ca48c6 ] Request (ImagesNegativeTestJSON:setUpClass): 204 PUT http://10.180.1.21/identity/v3/projects/f39b81b2383a4f9790fddae314b778d9/users/178e6cf6fa614801ba87c03f5bbff5b6/roles/907e36db99fe4fe1befbf1e70cd7dbe5 0.027s
2025-12-09 10:47:38.959 65763 INFO tempest.lib.common.dynamic_creds [-] Dynamic test user 178e6cf6fa614801ba87c03f5bbff5b6 is created with scope project and roles: ['member']
2025-12-09 10:47:38.959 65763 INFO tempest.lib.common.dynamic_creds [-] Acquired dynamic creds: credentials: Credentials: {'domain_id': 'default', 'domain_name': 'Default', 'username': 'tempest-ImagesNegativeTestJSON-819073030-project-member', 'project_domain_id': 'default', 'project_domain_name': 'Default', 'project_id': 'f39b81b2383a4f9790fddae314b778d9', 'project_name': 'tempest-ImagesNegativeTestJSON-819073030', 'tenant_id': 'f39b81b2383a4f9790fddae314b778d9', 'tenant_name': 'tempest-ImagesNegativeTestJSON-819073030', 'user_domain_id': 'default', 'user_domain_name': 'Default', 'user_id': '178e6cf6fa614801ba87c03f5bbff5b6', 'system': None}, Network: None, Subnet: None, Router: None
2025-12-09 10:47:39.020 65763 INFO tempest.lib.common.rest_client [req-80cc5e82-bc92-4047-82a5-bfec6039b955 req-80cc5e82-bc92-4047-82a5-bfec6039b955 ] Request (ImagesNegativeTestJSON:setUpClass): 201 POST http://10.180.1.21/identity/v3/auth/tokens 0.060s
2025-12-09 10:47:39.103 65821 INFO tempest.lib.common.rest_client [req-882a1607-3ea8-4808-b71b-67efbd7c6a99 req-882a1607-3ea8-4808-b71b-67efbd7c6a99 ] Request (ServersV294TestFqdnHostnames:setUpClass): 200 GET http://10.180.1.21/compute/v2.1/servers/e9ebc685-99f7-4ce6-8672-1341714aa125 3.858s
2025-12-09 10:47:39.116 65821 INFO tempest.common.waiters [-] State transition "BUILD/None" ==> "BUILD/networking" after 11 second wait
2025-12-09 10:47:39.406 65763 INFO tempest.lib.common.rest_client [req-c0967eb3-241c-485f-accb-9963ead9dc88 req-c0967eb3-241c-485f-accb-9963ead9dc88 ] Request (ImagesNegativeTestJSON:setUpClass): 201 POST http://10.180.1.21/networking/v2.0/networks 0.385s
2025-12-09 10:47:39.553 65763 INFO tempest.lib.common.rest_client [req-29426a10-0c4e-4985-a7ce-540600c6764a req-29426a10-0c4e-4985-a7ce-540600c6764a ] Request (ImagesNegativeTestJSON:setUpClass): 201 POST http://10.180.1.21/networking/v2.0/subnets 0.146s
2025-12-09 10:47:39.590 65773 WARNING tempest.lib.common.ssh [-] Failed to establish authenticated ssh connection to cirros@10.180.180.243 ([Errno None] Unable to connect to port 22 on 10.180.180.243). Number attempts: 5. Retry after 6 seconds.: paramiko.ssh_exception.NoValidConnectionsError: [Errno None] Unable to connect to port 22 on 10.180.180.243
2025-12-09 10:47:39.767 65797 INFO tempest.lib.common.rest_client [req-4d0f5f2e-a822-484a-93cb-f672ca4a3fb5 req-4d0f5f2e-a822-484a-93cb-f672ca4a3fb5 ] Request (ServerDiagnosticsV248Test:test_get_server_diagnostics): 200 GET http://10.180.1.21/compute/v2.1/servers/c0ae13a7-187b-451c-ac1a-f20f43851a4c/diagnostics 4.380s
2025-12-09 10:47:40.136 65803 WARNING tempest.lib.common.ssh [-] Failed to establish authenticated ssh connection to cirros@10.180.180.219 ([Errno None] Unable to connect to port 22 on 10.180.180.219). Number attempts: 3. Retry after 4 seconds.: paramiko.ssh_exception.NoValidConnectionsError: [Errno None] Unable to connect to port 22 on 10.180.180.219
2025-12-09 10:47:40.296 65763 INFO tempest.lib.common.rest_client [req-7f357245-5a5b-4a0d-9bbb-020cf2b1fec1 req-7f357245-5a5b-4a0d-9bbb-020cf2b1fec1 ] Request (ImagesNegativeTestJSON:setUpClass): 201 POST http://10.180.1.21/networking/v2.0/routers 0.742s
2025-12-09 10:47:40.638 65781 INFO tempest.lib.common.rest_client [req-17109959-429a-4d87-a49b-bc009ccae73c req-17109959-429a-4d87-a49b-bc009ccae73c ] Request (ImagesOneServerNegativeTestJSON:setUpClass): 200 GET http://10.180.1.21/compute/v2.1/servers/0daaaa35-1159-4535-a368-298ffeded9de 5.233s
2025-12-09 10:47:40.649 65781 INFO tempest.common.waiters [-] State transition "BUILD/None" ==> "BUILD/spawning" after 15 second wait
2025-12-09 10:47:40.718 65775 INFO tempest.lib.common.rest_client [req-00300c55-d09a-4cfa-8f75-64b7729cf80f req-00300c55-d09a-4cfa-8f75-64b7729cf80f ] Request (KeyPairsNegativeTestJSON:test_create_keypair_invalid_name): 400 POST http://10.180.1.21/compute/v2.1/os-keypairs 5.314s
2025-12-09 10:47:40.805 65805 INFO tempest.lib.common.rest_client [req-bac91390-3b0d-452a-9245-df325146dcb7 req-bac91390-3b0d-452a-9245-df325146dcb7 ] Request (ListImageFiltersTestJSON:setUpClass): 200 GET http://10.180.1.21/compute/v2.1/servers/fa9ef11f-57e2-43a7-8b9b-7b62f07ae7dd 5.309s
2025-12-09 10:47:40.818 65767 INFO tempest.lib.common.rest_client [req-01cf1d29-b552-45d3-a080-e0ce83f28af0 req-01cf1d29-b552-45d3-a080-e0ce83f28af0 ] Request (FlavorsAdminTestJSON:test_is_public_string_variations): 200 GET http://10.180.1.21/compute/v2.1/flavors/detail?is_public=false 5.295s
2025-12-09 10:47:41.082 65769 INFO tempest.lib.common.rest_client [req-f209e269-b158-4d56-a4d5-5014735e5072 req-f209e269-b158-4d56-a4d5-5014735e5072 ] Request (QuotasAdminTestJSON:_run_cleanups): 200 PUT http://10.180.1.21/compute/v2.1/os-quota-sets/a2bc6328e8b64113a347b3943013b1f4 5.209s
2025-12-09 10:47:41.169 65813 INFO tempest.lib.common.rest_client [req-24df1aaa-e5cc-4b8b-846e-b55894de4b67 req-24df1aaa-e5cc-4b8b-846e-b55894de4b67 ] Request (TenantUsagesNegativeTestJSON:test_get_usage_tenant_with_empty_tenant_id): 404 GET http://10.180.1.21/compute/v2.1/os-simple-tenant-usage/?start=2025-12-08T10%3A47%3A36.253192&end=2025-12-10T10%3A47%3A36.253192 4.916s
2025-12-09 10:47:41.199 65769 INFO tempest.lib.common.rest_client [req-9c5869a6-d9d8-41f4-a8e7-5eec8261b13b req-9c5869a6-d9d8-41f4-a8e7-5eec8261b13b ] Request (QuotasAdminTestJSON:tearDownClass): 204 DELETE http://10.180.1.21/identity/v3/users/db8cc0c3b36f4bfdaa2420f785eea84e 0.110s
2025-12-09 10:47:41.350 65789 INFO tempest.lib.common.rest_client [req-a701a0ec-4d19-410e-a5bf-bf8145d83c1a req-a701a0ec-4d19-410e-a5bf-bf8145d83c1a ] Request (ServersAdmin275Test:tearDownClass): 204 DELETE http://10.180.1.21/compute/v2.1/servers/082901f6-2f2e-4e19-9810-db423242774a 4.259s
2025-12-09 10:47:41.371 65809 WARNING tempest.lib.common.ssh [-] Failed to establish authenticated ssh connection to cirros@10.180.180.190 ([Errno None] Unable to connect to port 22 on 10.180.180.190). Number attempts: 7. Retry after 8 seconds.: paramiko.ssh_exception.NoValidConnectionsError: [Errno None] Unable to connect to port 22 on 10.180.180.190
2025-12-09 10:47:41.372 65769 INFO tempest.lib.common.rest_client [req-e98d18d8-42ef-423d-ad21-4b2ead26e38d req-e98d18d8-42ef-423d-ad21-4b2ead26e38d ] Request (QuotasAdminTestJSON:tearDownClass): 204 DELETE http://10.180.1.21/identity/v3/users/e76f2fd987c647cabdc2ad6aa0527aaa 0.173s
2025-12-09 10:47:41.372 65769 INFO tempest.lib.common.dynamic_creds [-] Deleting project and security group for project: 8bac6c0b48bb4d8eb7e68d48a5e83ad2
2025-12-09 10:47:41.448 65769 INFO tempest.lib.common.rest_client [req-917862cf-1086-48be-a41a-b2074b6fd90b req-917862cf-1086-48be-a41a-b2074b6fd90b ] Request (QuotasAdminTestJSON:tearDownClass): 201 POST http://10.180.1.21/identity/v3/auth/tokens 0.076s
2025-12-09 10:47:41.450 65763 INFO tempest.lib.common.rest_client [req-eba7cfbc-b25d-45ed-9369-605b559019a9 req-eba7cfbc-b25d-45ed-9369-605b559019a9 ] Request (ImagesNegativeTestJSON:setUpClass): 200 PUT http://10.180.1.21/networking/v2.0/routers/83b66c37-8065-4f3f-b90d-dc412eb30657/add_router_interface 1.154s
2025-12-09 10:47:41.450 65763 INFO tempest.lib.common.dynamic_creds [-] Created isolated network resources for: credentials: Credentials: {'domain_id': 'default', 'domain_name': 'Default', 'username': 'tempest-ImagesNegativeTestJSON-819073030-project-member', 'project_domain_id': 'default', 'project_domain_name': 'Default', 'project_id': 'f39b81b2383a4f9790fddae314b778d9', 'project_name': 'tempest-ImagesNegativeTestJSON-819073030', 'tenant_id': 'f39b81b2383a4f9790fddae314b778d9', 'tenant_name': 'tempest-ImagesNegativeTestJSON-819073030', 'user_domain_id': 'default', 'user_domain_name': 'Default', 'user_id': '178e6cf6fa614801ba87c03f5bbff5b6', 'system': None}, Network: {'id': '8cb99300-4264-4576-b3af-4b8d4cba14d9', 'name': 'tempest-ImagesNegativeTestJSON-1429355334-network', 'tenant_id': 'f39b81b2383a4f9790fddae314b778d9', 'project_id': 'f39b81b2383a4f9790fddae314b778d9', 'admin_state_up': True, 'mtu': 8950, 'status': 'ACTIVE', 'subnets': [], 'shared': False, 'port_security_enabled': True, 'router:external': False, 'provider:network_type': 'vlan', 'provider:physical_network': 'default', 'provider:segmentation_id': 722, 'availability_zone_hints': [], 'availability_zones': [], 'ipv4_address_scope': None, 'ipv6_address_scope': None, 'description': '', 'tags': [], 'created_at': '2025-12-09T10:47:39Z', 'updated_at': '2025-12-09T10:47:39Z', 'revision_number': 1}, Subnet: {'id': '2f797a9d-bf9a-44e8-9ec5-285f3276d183', 'name': 'tempest-ImagesNegativeTestJSON-1429355334-subnet', 'tenant_id': 'f39b81b2383a4f9790fddae314b778d9', 'network_id': '8cb99300-4264-4576-b3af-4b8d4cba14d9', 'ip_version': 4, 'subnetpool_id': None, 'enable_dhcp': True, 'ipv6_ra_mode': None, 'ipv6_address_mode': None, 'gateway_ip': '192.168.128.1', 'cidr': '192.168.128.0/28', 'allocation_pools': [{'start': '192.168.128.2', 'end': '192.168.128.14'}], 'host_routes': [], 'dns_nameservers': [], 'description': '', 'router:external': False, 'service_types': [], 'tags': [], 'created_at': '2025-12-09T10:47:39Z', 'updated_at': '2025-12-09T10:47:39Z', 'revision_number': 0, 'project_id': 'f39b81b2383a4f9790fddae314b778d9'}, Router: {'id': '83b66c37-8065-4f3f-b90d-dc412eb30657', 'name': 'tempest-ImagesNegativeTestJSON-1429355334-router', 'tenant_id': 'f39b81b2383a4f9790fddae314b778d9', 'admin_state_up': True, 'status': 'ACTIVE', 'external_gateway_info': {'network_id': 'dc359e4a-ef32-4a36-95e3-6ecddfe1a05f', 'external_fixed_ips': [{'subnet_id': '0eed793a-14b8-4423-b3d7-19086128823e', 'ip_address': '10.180.180.245'}], 'enable_snat': True}, 'description': '', 'availability_zones': [], 'distributed': False, 'ha': False, 'availability_zone_hints': [], 'routes': [], 'flavor_id': None, 'tags': [], 'created_at': '2025-12-09T10:47:39Z', 'updated_at': '2025-12-09T10:47:39Z', 'revision_number': 2, 'project_id': 'f39b81b2383a4f9790fddae314b778d9'}
2025-12-09 10:47:41.460 65815 INFO tempest.lib.common.rest_client [req-7f2968ac-6b2b-4437-97a6-e09c837ae664 req-7f2968ac-6b2b-4437-97a6-e09c837ae664 ] Request (DeleteServersAdminTestJSON:test_delete_server_while_in_error_state): 204 DELETE http://10.180.1.21/compute/v2.1/servers/da8bfffc-521f-4e2d-a4f9-fcfa4002aa18 4.358s
2025-12-09 10:47:41.544 65763 INFO tempest.lib.common.rest_client [req-e71aebd4-84e8-4998-ad9a-a319585db705 req-e71aebd4-84e8-4998-ad9a-a319585db705 ] Request (ImagesNegativeTestJSON:setUpClass): 201 POST http://10.180.1.21/identity/v3/auth/tokens 0.086s
2025-12-09 10:47:41.583 65763 INFO tempest.lib.common.rest_client [req-7765c00f-5fa4-4330-8ca4-2408781fee8d req-7765c00f-5fa4-4330-8ca4-2408781fee8d ] Request (ImagesNegativeTestJSON:test_create_image_from_deleted_server): 201 POST http://10.180.1.21/identity/v3/auth/tokens 0.034s
2025-12-09 10:47:41.584 65763 INFO tempest.lib.common.fixed_network [-] (ImagesNegativeTestJSON:test_create_image_from_deleted_server) Found network {'id': '8cb99300-4264-4576-b3af-4b8d4cba14d9', 'name': 'tempest-ImagesNegativeTestJSON-1429355334-network', 'tenant_id': 'f39b81b2383a4f9790fddae314b778d9', 'project_id': 'f39b81b2383a4f9790fddae314b778d9', 'admin_state_up': True, 'mtu': 8950, 'status': 'ACTIVE', 'subnets': [], 'shared': False, 'port_security_enabled': True, 'router:external': False, 'provider:network_type': 'vlan', 'provider:physical_network': 'default', 'provider:segmentation_id': 722, 'availability_zone_hints': [], 'availability_zones': [], 'ipv4_address_scope': None, 'ipv6_address_scope': None, 'description': '', 'tags': [], 'created_at': '2025-12-09T10:47:39Z', 'updated_at': '2025-12-09T10:47:39Z', 'revision_number': 1} available for tenant
2025-12-09 10:47:41.642 65769 INFO tempest.lib.common.rest_client [req-b1f2669f-7aa0-4b22-a483-66f23ea0b1a7 req-b1f2669f-7aa0-4b22-a483-66f23ea0b1a7 ] Request (QuotasAdminTestJSON:tearDownClass): 200 GET http://10.180.1.21/networking/v2.0/security-groups?tenant_id=8bac6c0b48bb4d8eb7e68d48a5e83ad2&name=default 0.193s
2025-12-09 10:47:41.642 65765 INFO tempest.lib.common.rest_client [req-4cfee509-fabc-49ea-8a9b-0f7fed842507 req-4cfee509-fabc-49ea-8a9b-0f7fed842507 ] Request (MigrationsAdminTest:test_list_migrations_in_flavor_resize_situation): 200 GET http://10.180.1.21/compute/v2.1/servers/11583e9a-2568-4972-bcbd-6771fb185ed0 4.124s
2025-12-09 10:47:41.760 65769 INFO tempest.lib.common.rest_client [req-1c32a67f-e81d-44da-a0cf-32d8744e6971 req-1c32a67f-e81d-44da-a0cf-32d8744e6971 ] Request (QuotasAdminTestJSON:tearDownClass): 204 DELETE http://10.180.1.21/networking/v2.0/security-groups/cde7a4f3-a808-42cd-ba07-a00877917567 0.118s
2025-12-09 10:47:41.845 65769 INFO tempest.lib.common.rest_client [req-9933bdc8-27bd-4866-887e-7ab45865c275 req-9933bdc8-27bd-4866-887e-7ab45865c275 ] Request (QuotasAdminTestJSON:tearDownClass): 204 DELETE http://10.180.1.21/identity/v3/projects/8bac6c0b48bb4d8eb7e68d48a5e83ad2 0.084s
2025-12-09 10:47:41.845 65769 INFO tempest.lib.common.dynamic_creds [-] Deleting project and security group for project: a2bc6328e8b64113a347b3943013b1f4
2025-12-09 10:47:41.969 65769 INFO tempest.lib.common.rest_client [req-4dc13ddc-2596-4ec5-a190-add1691d983b req-4dc13ddc-2596-4ec5-a190-add1691d983b ] Request (QuotasAdminTestJSON:tearDownClass): 200 GET http://10.180.1.21/networking/v2.0/security-groups?tenant_id=a2bc6328e8b64113a347b3943013b1f4&name=default 0.123s
2025-12-09 10:47:42.089 65769 INFO tempest.lib.common.rest_client [req-b3cb035f-a856-4639-8324-323c0c675609 req-b3cb035f-a856-4639-8324-323c0c675609 ] Request (QuotasAdminTestJSON:tearDownClass): 204 DELETE http://10.180.1.21/networking/v2.0/security-groups/f99f940f-d01d-4438-9bb9-4865b363b591 0.120s
2025-12-09 10:47:42.155 65761 INFO tempest.lib.common.rest_client [req-bada4ad0-7b66-4916-ab64-229440ca26ec req-bada4ad0-7b66-4916-ab64-229440ca26ec ] Request (AttachInterfacesV270Test:test_create_get_list_interfaces): 400 POST http://10.180.1.21/compute/v2.1/servers/55d635b8-0b6a-45b9-8316-a07b6dfc2756/os-interface 7.066s
2025-12-09 10:47:42.245 65787 INFO tempest.lib.common.rest_client [req-bf808cbc-4b83-4ced-a777-cd24f4165925 req-bf808cbc-4b83-4ced-a777-cd24f4165925 ] Request (ServerTagsTestJSON:setUpClass): 202 POST http://10.180.1.21/compute/v2.1/servers 4.655s
2025-12-09 10:47:42.251 65769 INFO tempest.lib.common.rest_client [req-572ee8c9-3c7e-4998-8d85-b8ef91850f90 req-572ee8c9-3c7e-4998-8d85-b8ef91850f90 ] Request (QuotasAdminTestJSON:tearDownClass): 204 DELETE http://10.180.1.21/identity/v3/projects/a2bc6328e8b64113a347b3943013b1f4 0.161s
2025-12-09 10:47:42.339 65769 INFO tempest.lib.common.rest_client [req-4ffe3cb1-fc9f-41af-bccf-c4886f5a0b49 req-4ffe3cb1-fc9f-41af-bccf-c4886f5a0b49 ] Request (ServicesAdminNegativeTestJSON:setUpClass): 201 POST http://10.180.1.21/identity/v3/auth/tokens 0.085s
2025-12-09 10:47:42.343 65799 INFO tempest.lib.common.rest_client [req-52d30c76-c912-4b75-b5e3-76ab9ab1a2f7 req-52d30c76-c912-4b75-b5e3-76ab9ab1a2f7 ] Request (ServersAdminNegativeTestJSON:test_migrate_server_invalid_state): 409 POST http://10.180.1.21/compute/v2.1/servers/b9b46550-2b3f-4ad3-a1dc-713d8936a24e/action 4.123s
2025-12-09 10:47:42.356 65819 INFO tempest.lib.common.rest_client [req-f858963a-cf90-475a-ad56-53a072c7e801 req-f858963a-cf90-475a-ad56-53a072c7e801 ] Request (SecurityGroupsTestJSON:test_security_groups_create_list_delete): 202 DELETE http://10.180.1.21/compute/v2.1/os-security-groups/0fced6ce-1757-4428-9941-134ad3ecccaa 4.656s
2025-12-09 10:47:42.379 65769 INFO tempest.lib.common.rest_client [req-9169f466-459f-4778-ab15-4a9977b9f880 req-9169f466-459f-4778-ab15-4a9977b9f880 ] Request (ServicesAdminNegativeTestJSON:setUpClass): 201 POST http://10.180.1.21/identity/v3/auth/tokens 0.035s
2025-12-09 10:47:42.415 65769 INFO tempest.lib.common.rest_client [req-e0e131e6-22cf-42bd-be09-4c17f7c91a83 req-e0e131e6-22cf-42bd-be09-4c17f7c91a83 ] Request (ServicesAdminNegativeTestJSON:setUpClass): 200 GET http://10.180.1.21/identity/v3/domains?name=Default 0.035s
2025-12-09 10:47:42.452 65769 INFO tempest.lib.common.rest_client [req-8678f20e-67f6-40e1-abf0-8982f0516341 req-8678f20e-67f6-40e1-abf0-8982f0516341 ] Request (ServicesAdminNegativeTestJSON:setUpClass): 201 POST http://10.180.1.21/identity/v3/projects 0.036s
2025-12-09 10:47:42.454 65771 INFO tempest.lib.common.rest_client [req-25776e5b-e6c3-4f2e-9f88-15cd78985d8c req-25776e5b-e6c3-4f2e-9f88-15cd78985d8c ] Request (ListServerFiltersTestJSON:test_list_servers_filter_by_server_name): 200 GET http://10.180.1.21/compute/v2.1/servers?name=tempest-ListServerFiltersTestJSON-instance-1980505418 4.057s
2025-12-09 10:47:42.477 65795 INFO tempest.lib.common.rest_client [req-0f43af94-2182-4e13-86a4-fb341bd1e3b2 req-0f43af94-2182-4e13-86a4-fb341bd1e3b2 ] Request (FloatingIPsAssociationNegativeTestJSON:tearDownClass): 204 DELETE http://10.180.1.21/compute/v2.1/servers/0c4ed1b3-7635-4696-9957-9c3f46609ba6 4.128s
2025-12-09 10:47:42.513 65783 INFO tempest.lib.common.rest_client [req-6931bca7-9a41-442c-9748-92994e48dd8b req-6931bca7-9a41-442c-9748-92994e48dd8b ] Request (KeyPairsV2TestJSON:test_keypair_create_with_pub_key): 200 POST http://10.180.1.21/compute/v2.1/os-keypairs 4.056s
2025-12-09 10:47:42.524 65785 INFO tempest.lib.common.rest_client [req-5deaefaa-781b-4d38-9807-4004c4f98576 req-5deaefaa-781b-4d38-9807-4004c4f98576 ] Request (ServerGroupTestJSON:test_create_delete_server_group_with_affinity_policy): 200 POST http://10.180.1.21/compute/v2.1/os-server-groups 4.106s
2025-12-09 10:47:42.536 65769 INFO tempest.lib.common.rest_client [req-643fe9d6-a0cf-4a54-8f06-af43f437aa4f req-643fe9d6-a0cf-4a54-8f06-af43f437aa4f ] Request (ServicesAdminNegativeTestJSON:setUpClass): 201 POST http://10.180.1.21/identity/v3/users 0.083s
2025-12-09 10:47:42.537 65777 INFO tempest.lib.common.rest_client [req-79654d3f-5b9e-48c8-b845-e41d57647b34 req-79654d3f-5b9e-48c8-b845-e41d57647b34 ] Request (ImagesMetadataNegativeTestJSON:test_update_nonexistent_image_metadata): 404 POST http://10.180.1.21/compute/v2.1/images/906b8243-4a5f-42fe-98c1-bb6bfbf00ca1/metadata 4.057s
2025-12-09 10:47:42.564 65769 INFO tempest.lib.common.rest_client [req-47c734e1-1634-4889-aeae-9058ddb8669e req-47c734e1-1634-4889-aeae-9058ddb8669e ] Request (ServicesAdminNegativeTestJSON:setUpClass): 200 GET http://10.180.1.21/identity/v3/roles 0.027s
2025-12-09 10:47:42.564 65791 INFO tempest.lib.common.rest_client [req-a41e2577-f9db-4c72-8b02-5d2344610bf0 req-a41e2577-f9db-4c72-8b02-5d2344610bf0 ] Request (ServerExternalEventsTest:tearDownClass): 404 GET http://10.180.1.21/compute/v2.1/servers/8a713cad-78fa-4109-a3dd-691be3222cc5 4.024s
2025-12-09 10:47:42.586 65811 INFO tempest.lib.common.rest_client [req-97ac68d2-b710-42aa-82cd-26469cf0f84a req-97ac68d2-b710-42aa-82cd-26469cf0f84a ] Request (ServersAdminTestJSON:test_create_server_with_scheduling_hint): 200 GET http://10.180.1.21/compute/v2.1/servers/92e85618-d7c3-4ee9-8d97-66690024e7d5 4.066s
2025-12-09 10:47:42.593 65811 INFO tempest.common.waiters [-] State transition "BUILD/None" ==> "BUILD/networking" after 12 second wait
2025-12-09 10:47:42.600 65769 INFO tempest.lib.common.rest_client [req-68ff0452-44ad-4399-9245-5dba65cdf329 req-68ff0452-44ad-4399-9245-5dba65cdf329 ] Request (ServicesAdminNegativeTestJSON:setUpClass): 204 PUT http://10.180.1.21/identity/v3/projects/5770f2630f9c4ddab3fb48a82fca58e9/users/473291bc9c7e4cc2a20bd420658db313/roles/907e36db99fe4fe1befbf1e70cd7dbe5 0.035s
2025-12-09 10:47:42.600 65769 INFO tempest.lib.common.dynamic_creds [-] Dynamic test user 473291bc9c7e4cc2a20bd420658db313 is created with scope project and roles: ['member']
2025-12-09 10:47:42.600 65769 INFO tempest.lib.common.dynamic_creds [-] Acquired dynamic creds: credentials: Credentials: {'domain_id': 'default', 'domain_name': 'Default', 'username': 'tempest-ServicesAdminNegativeTestJSON-1577916384-project-member', 'project_domain_id': 'default', 'project_domain_name': 'Default', 'project_id': '5770f2630f9c4ddab3fb48a82fca58e9', 'project_name': 'tempest-ServicesAdminNegativeTestJSON-1577916384', 'tenant_id': '5770f2630f9c4ddab3fb48a82fca58e9', 'tenant_name': 'tempest-ServicesAdminNegativeTestJSON-1577916384', 'user_domain_id': 'default', 'user_domain_name': 'Default', 'user_id': '473291bc9c7e4cc2a20bd420658db313', 'system': None}, Network: None, Subnet: None, Router: None
2025-12-09 10:47:42.600 65769 INFO tempest.lib.common.dynamic_creds [-] Created isolated network resources for: credentials: Credentials: {'domain_id': 'default', 'domain_name': 'Default', 'username': 'tempest-ServicesAdminNegativeTestJSON-1577916384-project-member', 'project_domain_id': 'default', 'project_domain_name': 'Default', 'project_id': '5770f2630f9c4ddab3fb48a82fca58e9', 'project_name': 'tempest-ServicesAdminNegativeTestJSON-1577916384', 'tenant_id': '5770f2630f9c4ddab3fb48a82fca58e9', 'tenant_name': 'tempest-ServicesAdminNegativeTestJSON-1577916384', 'user_domain_id': 'default', 'user_domain_name': 'Default', 'user_id': '473291bc9c7e4cc2a20bd420658db313', 'system': None}, Network: None, Subnet: None, Router: None
2025-12-09 10:47:42.638 65777 INFO tempest.lib.common.rest_client [req-be582d10-8512-4dce-a938-5912e3b80b59 req-be582d10-8512-4dce-a938-5912e3b80b59 ] Request (ImagesMetadataNegativeTestJSON:tearDownClass): 204 DELETE http://10.180.1.21/identity/v3/users/9c43eb2fa2b34747b3662c6bc95da73f 0.100s
2025-12-09 10:47:42.638 65777 INFO tempest.lib.common.dynamic_creds [-] Deleting project and security group for project: 64c973bc8d5b442bb1aa2848fecf803d
2025-12-09 10:47:42.658 65779 INFO tempest.lib.common.rest_client [req-d1b40e39-5b75-46e0-a594-09fcfddec9c3 req-d1b40e39-5b75-46e0-a594-09fcfddec9c3 ] Request (TenantUsagesTestJSON:tearDownClass): 200 GET http://10.180.1.21/compute/v2.1/servers/d6d995f5-7929-4667-9b8b-688f48297ec1 3.062s
2025-12-09 10:47:42.701 65759 INFO tempest.lib.common.rest_client [req-b4c82584-8ca0-4aaf-a51e-50d46f5d432b req-b4c82584-8ca0-4aaf-a51e-50d46f5d432b ] Request (ServersTestManualDisk:setUpClass): 200 GET http://10.180.1.21/compute/v2.1/servers/69d3f8bc-0403-4464-970c-cd21bbf53b16 3.262s
2025-12-09 10:47:42.709 65769 INFO tempest.lib.common.rest_client [req-6683fdc0-8c86-4683-aea4-d13c681a04f6 req-6683fdc0-8c86-4683-aea4-d13c681a04f6 ] Request (ServicesAdminNegativeTestJSON:setUpClass): 201 POST http://10.180.1.21/identity/v3/auth/tokens 0.105s
2025-12-09 10:47:42.711 65793 INFO tempest.lib.common.rest_client [req-1041d2f9-f2a8-4a00-8129-052193eaf49a req-1041d2f9-f2a8-4a00-8129-052193eaf49a ] Request (ServersNegativeTestJSON:setUpClass): 200 GET http://10.180.1.21/compute/v2.1/servers/4812e677-4dc2-4681-924d-b29394135de4 3.104s
2025-12-09 10:47:42.711 65759 INFO tempest.common.waiters [-] State transition "BUILD/spawning" ==> "ACTIVE/None" after 30 second wait
2025-12-09 10:47:42.744 65775 INFO tempest.lib.common.rest_client [req-c4e22742-3924-41be-8582-5f87e94ce9d4 req-c4e22742-3924-41be-8582-5f87e94ce9d4 ] Request (KeyPairsNegativeTestJSON:test_create_keypair_when_public_key_bits_exceeds_maximum): 400 POST http://10.180.1.21/compute/v2.1/os-keypairs 2.024s
2025-12-09 10:47:42.753 65791 INFO tempest.lib.common.rest_client [req-0adceac6-1365-4c62-ae22-39bbb06fbd07 req-0adceac6-1365-4c62-ae22-39bbb06fbd07 ] Request (ServerExternalEventsTest:tearDownClass): 204 DELETE http://10.180.1.21/identity/v3/users/ab1d15f5cb7940cea210e8ad5cfe16c0 0.188s
2025-12-09 10:47:42.758 65767 INFO tempest.lib.common.rest_client [req-60c6a520-baa0-4e35-82cc-797b4fea08b8 req-60c6a520-baa0-4e35-82cc-797b4fea08b8 ] Request (FlavorsAdminTestJSON:test_is_public_string_variations): 200 GET http://10.180.1.21/compute/v2.1/flavors/detail?is_public=no 1.936s
2025-12-09 10:47:42.792 65777 INFO tempest.lib.common.rest_client [req-799d0a8f-a93b-4568-bc2a-0c002ca39253 req-799d0a8f-a93b-4568-bc2a-0c002ca39253 ] Request (ImagesMetadataNegativeTestJSON:tearDownClass): 201 POST http://10.180.1.21/identity/v3/auth/tokens 0.153s
2025-12-09 10:47:42.846 65769 INFO tempest.lib.common.rest_client [req-f3e85b36-f2b7-427e-b582-045e9f30a05c req-f3e85b36-f2b7-427e-b582-045e9f30a05c ] Request (ServicesAdminNegativeTestJSON:setUpClass): 201 POST http://10.180.1.21/identity/v3/projects 0.137s
2025-12-09 10:47:42.862 65791 INFO tempest.lib.common.rest_client [req-7f892ff0-c579-4a5c-8110-ae38697b101b req-7f892ff0-c579-4a5c-8110-ae38697b101b ] Request (ServerExternalEventsTest:tearDownClass): 204 DELETE http://10.180.1.21/identity/v3/users/91e11674b22348b2a32510d560b7fa9d 0.108s
2025-12-09 10:47:42.907 65821 INFO tempest.lib.common.rest_client [req-b320ba47-d288-4618-b908-53adef7474e6 req-b320ba47-d288-4618-b908-53adef7474e6 ] Request (ServersV294TestFqdnHostnames:setUpClass): 200 GET http://10.180.1.21/compute/v2.1/servers/e9ebc685-99f7-4ce6-8672-1341714aa125 2.790s
2025-12-09 10:47:42.915 65813 INFO tempest.lib.common.rest_client [req-7e1178d8-d90d-4613-a032-12dae4fa4d4a req-7e1178d8-d90d-4613-a032-12dae4fa4d4a ] Request (TenantUsagesNegativeTestJSON:test_get_usage_tenant_with_invalid_date): 400 GET http://10.180.1.21/compute/v2.1/os-simple-tenant-usage/0a9b078194e244c396609bd054bfa476?start=2025-12-10T10%3A47%3A36.253192&end=2025-12-08T10%3A47%3A36.253192 1.744s
2025-12-09 10:47:42.917 65821 INFO tempest.common.waiters [-] State transition "BUILD/networking" ==> "BUILD/spawning" after 14 second wait
2025-12-09 10:47:42.988 65769 INFO tempest.lib.common.rest_client [req-88095431-1a8c-45c5-97e8-31e20915a79b req-88095431-1a8c-45c5-97e8-31e20915a79b ] Request (ServicesAdminNegativeTestJSON:setUpClass): 201 POST http://10.180.1.21/identity/v3/users 0.141s
2025-12-09 10:47:43.031 65789 INFO tempest.lib.common.rest_client [req-1b065e61-7519-4270-b347-368f5977fa9f req-1b065e61-7519-4270-b347-368f5977fa9f ] Request (ServersAdmin275Test:tearDownClass): 200 GET http://10.180.1.21/compute/v2.1/servers/082901f6-2f2e-4e19-9810-db423242774a 1.680s
2025-12-09 10:47:43.042 65769 INFO tempest.lib.common.rest_client [req-09133d3f-98e5-48d6-bcd5-b55b02e713ae req-09133d3f-98e5-48d6-bcd5-b55b02e713ae ] Request (ServicesAdminNegativeTestJSON:setUpClass): 200 GET http://10.180.1.21/identity/v3/roles 0.054s
2025-12-09 10:47:43.046 65801 INFO tempest.lib.common.rest_client [req-69cef3ff-0c76-4357-941b-d1f591aa6693 req-69cef3ff-0c76-4357-941b-d1f591aa6693 ] Request (QuotaClassesAdmin257Test:test_update_default_quotas): 200 GET http://10.180.1.21/compute/v2.1/os-quota-class-sets/default 1.931s
2025-12-09 10:47:43.068 65791 INFO tempest.lib.common.rest_client [req-08f5b7a7-2553-4e18-9da4-b3995260c63e req-08f5b7a7-2553-4e18-9da4-b3995260c63e ] Request (ServerExternalEventsTest:tearDownClass): 204 DELETE http://10.180.1.21/identity/v3/users/01139ee3ad5b40ecac356a7e48446d9f 0.205s
2025-12-09 10:47:43.069 65791 INFO tempest.lib.common.dynamic_creds [-] Deleting project and security group for project: 4af15bfaa5e040ea8549a9824385f616
2025-12-09 10:47:43.097 65777 INFO tempest.lib.common.rest_client [req-2e8fc436-d412-4ced-abbc-29e9d43cefa4 req-2e8fc436-d412-4ced-abbc-29e9d43cefa4 ] Request (ImagesMetadataNegativeTestJSON:tearDownClass): 200 GET http://10.180.1.21/networking/v2.0/security-groups?tenant_id=64c973bc8d5b442bb1aa2848fecf803d&name=default 0.305s
2025-12-09 10:47:43.105 65769 INFO tempest.lib.common.rest_client [req-3c086902-369d-4bd6-9923-f7a841d3904b req-3c086902-369d-4bd6-9923-f7a841d3904b ] Request (ServicesAdminNegativeTestJSON:setUpClass): 204 PUT http://10.180.1.21/identity/v3/projects/c48d55628b4240b7b1b9be1c6d3548b5/users/0f133662c84146219c198c8aeedd1088/roles/728d0a34546343d1bffe980a487ea0f3 0.063s
2025-12-09 10:47:43.173 65791 INFO tempest.lib.common.rest_client [req-945a851f-82ef-4040-a1b6-4bc8980d4cf3 req-945a851f-82ef-4040-a1b6-4bc8980d4cf3 ] Request (ServerExternalEventsTest:tearDownClass): 201 POST http://10.180.1.21/identity/v3/auth/tokens 0.104s
2025-12-09 10:47:43.195 65769 INFO tempest.lib.common.rest_client [req-71e2a3ba-1a8c-479b-bc68-f4703cb8710d req-71e2a3ba-1a8c-479b-bc68-f4703cb8710d ] Request (ServicesAdminNegativeTestJSON:setUpClass): 200 GET http://10.180.1.21/identity/v3/roles 0.089s
2025-12-09 10:47:43.212 65769 INFO tempest.lib.common.rest_client [req-3641694a-25c7-4bf9-b7bb-a2638e2eae42 req-3641694a-25c7-4bf9-b7bb-a2638e2eae42 ] Request (ServicesAdminNegativeTestJSON:setUpClass): 204 PUT http://10.180.1.21/identity/v3/projects/c48d55628b4240b7b1b9be1c6d3548b5/users/0f133662c84146219c198c8aeedd1088/roles/728d0a34546343d1bffe980a487ea0f3 0.017s
2025-12-09 10:47:43.212 65769 INFO tempest.lib.common.dynamic_creds [-] Dynamic test user 0f133662c84146219c198c8aeedd1088 is created with scope project and roles: ['admin']
2025-12-09 10:47:43.212 65769 INFO tempest.lib.common.dynamic_creds [-] Acquired dynamic creds: credentials: Credentials: {'domain_id': 'default', 'domain_name': 'Default', 'username': 'tempest-ServicesAdminNegativeTestJSON-717575651-project-admin', 'project_domain_id': 'default', 'project_domain_name': 'Default', 'project_id': 'c48d55628b4240b7b1b9be1c6d3548b5', 'project_name': 'tempest-ServicesAdminNegativeTestJSON-717575651', 'tenant_id': 'c48d55628b4240b7b1b9be1c6d3548b5', 'tenant_name': 'tempest-ServicesAdminNegativeTestJSON-717575651', 'user_domain_id': 'default', 'user_domain_name': 'Default', 'user_id': '0f133662c84146219c198c8aeedd1088', 'system': None}, Network: None, Subnet: None, Router: None
2025-12-09 10:47:43.212 65769 INFO tempest.lib.common.dynamic_creds [-] Created isolated network resources for: credentials: Credentials: {'domain_id': 'default', 'domain_name': 'Default', 'username': 'tempest-ServicesAdminNegativeTestJSON-717575651-project-admin', 'project_domain_id': 'default', 'project_domain_name': 'Default', 'project_id': 'c48d55628b4240b7b1b9be1c6d3548b5', 'project_name': 'tempest-ServicesAdminNegativeTestJSON-717575651', 'tenant_id': 'c48d55628b4240b7b1b9be1c6d3548b5', 'tenant_name': 'tempest-ServicesAdminNegativeTestJSON-717575651', 'user_domain_id': 'default', 'user_domain_name': 'Default', 'user_id': '0f133662c84146219c198c8aeedd1088', 'system': None}, Network: None, Subnet: None, Router: None
2025-12-09 10:47:43.229 65777 INFO tempest.lib.common.rest_client [req-820541b4-b66b-4f72-98c9-be4e7ead04aa req-820541b4-b66b-4f72-98c9-be4e7ead04aa ] Request (ImagesMetadataNegativeTestJSON:tearDownClass): 204 DELETE http://10.180.1.21/networking/v2.0/security-groups/c182c279-43de-46ee-abfe-2f28cfd7804f 0.131s
2025-12-09 10:47:43.280 65815 INFO tempest.lib.common.rest_client [req-2da3e3bf-c399-46f4-b33e-865dac68cd2a req-2da3e3bf-c399-46f4-b33e-865dac68cd2a ] Request (DeleteServersAdminTestJSON:test_delete_server_while_in_error_state): 200 GET http://10.180.1.21/compute/v2.1/servers/da8bfffc-521f-4e2d-a4f9-fcfa4002aa18 1.820s
2025-12-09 10:47:43.313 65769 INFO tempest.lib.common.rest_client [req-7a4206d6-45ed-445d-8f47-c2158b1a5ef7 req-7a4206d6-45ed-445d-8f47-c2158b1a5ef7 ] Request (ServicesAdminNegativeTestJSON:setUpClass): 201 POST http://10.180.1.21/identity/v3/auth/tokens 0.098s
2025-12-09 10:47:43.360 65777 INFO tempest.lib.common.rest_client [req-40f8f74d-7f6d-4f24-adb1-8284635f185f req-40f8f74d-7f6d-4f24-adb1-8284635f185f ] Request (ImagesMetadataNegativeTestJSON:tearDownClass): 204 DELETE http://10.180.1.21/identity/v3/projects/64c973bc8d5b442bb1aa2848fecf803d 0.130s
2025-12-09 10:47:43.430 65777 INFO tempest.lib.common.rest_client [req-8019bec1-18b9-4f8d-983e-75f90686e0c4 req-8019bec1-18b9-4f8d-983e-75f90686e0c4 ] Request (ServersTestJSON:setUpClass): 201 POST http://10.180.1.21/identity/v3/auth/tokens 0.068s
2025-12-09 10:47:43.466 65777 INFO tempest.lib.common.rest_client [req-1707d471-0696-4715-8bf6-5aef13c485fa req-1707d471-0696-4715-8bf6-5aef13c485fa ] Request (ServersTestJSON:setUpClass): 201 POST http://10.180.1.21/identity/v3/auth/tokens 0.030s
2025-12-09 10:47:43.497 65777 INFO tempest.lib.common.rest_client [req-38e93295-8e3e-470d-9b9a-100439c59c27 req-38e93295-8e3e-470d-9b9a-100439c59c27 ] Request (ServersTestJSON:setUpClass): 200 GET http://10.180.1.21/identity/v3/domains?name=Default 0.031s
2025-12-09 10:47:43.529 65777 INFO tempest.lib.common.rest_client [req-a67f4073-61f6-4068-9e3b-4835527829a6 req-a67f4073-61f6-4068-9e3b-4835527829a6 ] Request (ServersTestJSON:setUpClass): 201 POST http://10.180.1.21/identity/v3/projects 0.031s
2025-12-09 10:47:43.544 65791 INFO tempest.lib.common.rest_client [req-2d5b0a49-5970-4f56-bb3c-717e6006f13e req-2d5b0a49-5970-4f56-bb3c-717e6006f13e ] Request (ServerExternalEventsTest:tearDownClass): 200 GET http://10.180.1.21/networking/v2.0/security-groups?tenant_id=4af15bfaa5e040ea8549a9824385f616&name=default 0.370s
2025-12-09 10:47:43.604 65807 WARNING tempest.lib.common.ssh [-] Failed to establish authenticated ssh connection to cirros@10.180.180.148 ([Errno None] Unable to connect to port 22 on 10.180.180.148). Number attempts: 8. Retry after 9 seconds.: paramiko.ssh_exception.NoValidConnectionsError: [Errno None] Unable to connect to port 22 on 10.180.180.148
2025-12-09 10:47:43.616 65777 INFO tempest.lib.common.rest_client [req-68c15475-5461-42cc-89d7-ee4d88be60ef req-68c15475-5461-42cc-89d7-ee4d88be60ef ] Request (ServersTestJSON:setUpClass): 201 POST http://10.180.1.21/identity/v3/users 0.087s
2025-12-09 10:47:43.639 65777 INFO tempest.lib.common.rest_client [req-3ee877ca-d388-4cfa-a079-1a5c1e678aae req-3ee877ca-d388-4cfa-a079-1a5c1e678aae ] Request (ServersTestJSON:setUpClass): 200 GET http://10.180.1.21/identity/v3/roles 0.022s
2025-12-09 10:47:43.664 65791 INFO tempest.lib.common.rest_client [req-2de5f3e8-8488-44f4-8301-539ff2c56f22 req-2de5f3e8-8488-44f4-8301-539ff2c56f22 ] Request (ServerExternalEventsTest:tearDownClass): 204 DELETE http://10.180.1.21/networking/v2.0/security-groups/9c3b8680-f046-4acd-afe6-17ff8d53a28a 0.119s
2025-12-09 10:47:43.672 65777 INFO tempest.lib.common.rest_client [req-2c1d7195-64ce-40c8-9c99-67934e57441e req-2c1d7195-64ce-40c8-9c99-67934e57441e ] Request (ServersTestJSON:setUpClass): 204 PUT http://10.180.1.21/identity/v3/projects/06c74d689f914a7db9807dcebdb6931d/users/dc79d6571fcc4849b1601859679c9c63/roles/907e36db99fe4fe1befbf1e70cd7dbe5 0.033s
2025-12-09 10:47:43.673 65777 INFO tempest.lib.common.dynamic_creds [-] Dynamic test user dc79d6571fcc4849b1601859679c9c63 is created with scope project and roles: ['member']
2025-12-09 10:47:43.673 65777 INFO tempest.lib.common.dynamic_creds [-] Acquired dynamic creds: credentials: Credentials: {'domain_id': 'default', 'domain_name': 'Default', 'username': 'tempest-ServersTestJSON-376027831-project-member', 'project_domain_id': 'default', 'project_domain_name': 'Default', 'project_id': '06c74d689f914a7db9807dcebdb6931d', 'project_name': 'tempest-ServersTestJSON-376027831', 'tenant_id': '06c74d689f914a7db9807dcebdb6931d', 'tenant_name': 'tempest-ServersTestJSON-376027831', 'user_domain_id': 'default', 'user_domain_name': 'Default', 'user_id': 'dc79d6571fcc4849b1601859679c9c63', 'system': None}, Network: None, Subnet: None, Router: None
2025-12-09 10:47:43.697 65781 INFO tempest.lib.common.rest_client [req-14668267-4d7c-4591-8d3a-37f72071132e req-14668267-4d7c-4591-8d3a-37f72071132e ] Request (ImagesOneServerNegativeTestJSON:setUpClass): 200 GET http://10.180.1.21/compute/v2.1/servers/0daaaa35-1159-4535-a368-298ffeded9de 2.047s
2025-12-09 10:47:43.742 65777 INFO tempest.lib.common.rest_client [req-d9a42c70-bb21-4992-aff3-d190fe4c5372 req-d9a42c70-bb21-4992-aff3-d190fe4c5372 ] Request (ServersTestJSON:setUpClass): 201 POST http://10.180.1.21/identity/v3/auth/tokens 0.068s
2025-12-09 10:47:43.782 65791 INFO tempest.lib.common.rest_client [req-2171ce7b-3693-43dd-a70f-941db969e432 req-2171ce7b-3693-43dd-a70f-941db969e432 ] Request (ServerExternalEventsTest:tearDownClass): 204 DELETE http://10.180.1.21/identity/v3/projects/4af15bfaa5e040ea8549a9824385f616 0.117s
2025-12-09 10:47:43.782 65791 INFO tempest.lib.common.dynamic_creds [-] Deleting project and security group for project: b8fe60e53c2c4355b4daf91f69ed6763
2025-12-09 10:47:43.834 65805 INFO tempest.lib.common.rest_client [req-cfbceb43-0c6f-437f-8206-a3e37e9238a9 req-cfbceb43-0c6f-437f-8206-a3e37e9238a9 ] Request (ListImageFiltersTestJSON:setUpClass): 200 GET http://10.180.1.21/compute/v2.1/servers/fa9ef11f-57e2-43a7-8b9b-7b62f07ae7dd 2.018s
2025-12-09 10:47:43.936 65761 INFO tempest.lib.common.rest_client [req-4a78704b-fea6-4607-a9a6-2ef72198f23e req-4a78704b-fea6-4607-a9a6-2ef72198f23e ] Request (AttachInterfacesV270Test:tearDownClass): 204 DELETE http://10.180.1.21/compute/v2.1/servers/55d635b8-0b6a-45b9-8316-a07b6dfc2756 1.779s
2025-12-09 10:47:44.241 65777 INFO tempest.lib.common.rest_client [req-a1289367-862d-4440-a465-ea7423e33bbd req-a1289367-862d-4440-a465-ea7423e33bbd ] Request (ServersTestJSON:setUpClass): 201 POST http://10.180.1.21/networking/v2.0/networks 0.498s
2025-12-09 10:47:44.384 65791 INFO tempest.lib.common.rest_client [req-86ff12c2-b831-4bc8-8c0d-ff43cf2ac3fb req-86ff12c2-b831-4bc8-8c0d-ff43cf2ac3fb ] Request (ServerExternalEventsTest:tearDownClass): 200 GET http://10.180.1.21/networking/v2.0/security-groups?tenant_id=b8fe60e53c2c4355b4daf91f69ed6763&name=default 0.601s
2025-12-09 10:47:44.608 65787 INFO tempest.lib.common.rest_client [req-4c0e3f94-94a9-43a2-aaab-2e393585e7bc req-4c0e3f94-94a9-43a2-aaab-2e393585e7bc ] Request (ServerTagsTestJSON:setUpClass): 200 GET http://10.180.1.21/compute/v2.1/servers/0cef6788-b5a8-4e63-b24f-dbeebcd8a70c 2.361s
2025-12-09 10:47:44.616 65799 INFO tempest.lib.common.rest_client [req-72e77f61-6723-4573-b2f4-af89289030a7 req-72e77f61-6723-4573-b2f4-af89289030a7 ] Request (ServersAdminNegativeTestJSON:test_reset_state_server_invalid_state): 400 POST http://10.180.1.21/compute/v2.1/servers/ffc688d6-a011-4154-a84b-d499d0e7b88d/action 2.272s
