2025-12-09 10:46:31.250 65811 INFO tempest.lib.common.dynamic_creds [-] Acquired dynamic creds: credentials: Credentials: {'domain_id': 'default', 'domain_name': 'Default', 'username': 'tempest-ServersAdminTestJSON-1798462378-project-admin', 'project_domain_id': 'default', 'project_domain_name': 'Default', 'project_id': '3f2ad2777dd546898986de6bd664c54f', 'project_name': 'tempest-ServersAdminTestJSON-1798462378', 'tenant_id': '3f2ad2777dd546898986de6bd664c54f', 'tenant_name': 'tempest-ServersAdminTestJSON-1798462378', 'user_domain_id': 'default', 'user_domain_name': 'Default', 'user_id': '5346195fc3a4488aba5b421b4a1808ae', 'system': None}, Network: None, Subnet: None, Router: None
2025-12-09 10:46:31.262 65775 INFO tempest.lib.common.rest_client [req-23fab7ec-2b0c-4c09-ab41-4fdb3dd2ab74 req-23fab7ec-2b0c-4c09-ab41-4fdb3dd2ab74 ] Request (ServerDiagnosticsNegativeTest:setUpClass): 200 GET http://10.180.1.21/identity/v3/roles 0.028s
2025-12-09 10:46:31.385 65775 INFO tempest.lib.common.rest_client [req-0cc3f754-c1af-432f-8c03-01b9fffeb478 req-0cc3f754-c1af-432f-8c03-01b9fffeb478 ] Request (ServerDiagnosticsNegativeTest:setUpClass): 204 PUT http://10.180.1.21/identity/v3/projects/f96343fc1fba4bbfb00160e10e1efb7c/users/ef601cb97c8b44ee85727404db3294b6/roles/907e36db99fe4fe1befbf1e70cd7dbe5 0.122s
2025-12-09 10:46:31.385 65775 INFO tempest.lib.common.dynamic_creds [-] Dynamic test user ef601cb97c8b44ee85727404db3294b6 is created with scope project and roles: ['member']
2025-12-09 10:46:31.385 65775 INFO tempest.lib.common.dynamic_creds [-] Acquired dynamic creds: credentials: Credentials: {'domain_id': 'default', 'domain_name': 'Default', 'username': 'tempest-ServerDiagnosticsNegativeTest-1363455120-project-member', 'project_domain_id': 'default', 'project_domain_name': 'Default', 'project_id': 'f96343fc1fba4bbfb00160e10e1efb7c', 'project_name': 'tempest-ServerDiagnosticsNegativeTest-1363455120', 'tenant_id': 'f96343fc1fba4bbfb00160e10e1efb7c', 'tenant_name': 'tempest-ServerDiagnosticsNegativeTest-1363455120', 'user_domain_id': 'default', 'user_domain_name': 'Default', 'user_id': 'ef601cb97c8b44ee85727404db3294b6', 'system': None}, Network: None, Subnet: None, Router: None
2025-12-09 10:46:31.385 65775 INFO tempest.lib.common.dynamic_creds [-] Created isolated network resources for: credentials: Credentials: {'domain_id': 'default', 'domain_name': 'Default', 'username': 'tempest-ServerDiagnosticsNegativeTest-1363455120-project-member', 'project_domain_id': 'default', 'project_domain_name': 'Default', 'project_id': 'f96343fc1fba4bbfb00160e10e1efb7c', 'project_name': 'tempest-ServerDiagnosticsNegativeTest-1363455120', 'tenant_id': 'f96343fc1fba4bbfb00160e10e1efb7c', 'tenant_name': 'tempest-ServerDiagnosticsNegativeTest-1363455120', 'user_domain_id': 'default', 'user_domain_name': 'Default', 'user_id': 'ef601cb97c8b44ee85727404db3294b6', 'system': None}, Network: None, Subnet: None, Router: None
2025-12-09 10:46:31.500 65775 INFO tempest.lib.common.rest_client [req-36c14f2a-5400-4d03-937d-5e3373c68953 req-36c14f2a-5400-4d03-937d-5e3373c68953 ] Request (ServerDiagnosticsNegativeTest:setUpClass): 201 POST http://10.180.1.21/identity/v3/auth/tokens 0.111s
2025-12-09 10:46:31.608 65775 INFO tempest.lib.common.rest_client [req-48aa6098-8289-4a06-a60e-fca2598e51c7 req-48aa6098-8289-4a06-a60e-fca2598e51c7 ] Request (ServerDiagnosticsNegativeTest:setUpClass): 201 POST http://10.180.1.21/identity/v3/projects 0.107s
2025-12-09 10:46:31.662 65783 INFO tempest.lib.common.rest_client [req-ed496445-bf15-4cc9-b9d4-08826c3e1676 req-ed496445-bf15-4cc9-b9d4-08826c3e1676 ] Request (FloatingIPDetailsTestJSON:setUpClass): 201 POST http://10.180.1.21/networking/v2.0/routers 1.126s
2025-12-09 10:46:31.695 65775 INFO tempest.lib.common.rest_client [req-48b64270-595c-45e7-874f-c6a09923a4ac req-48b64270-595c-45e7-874f-c6a09923a4ac ] Request (ServerDiagnosticsNegativeTest:setUpClass): 201 POST http://10.180.1.21/identity/v3/users 0.086s
2025-12-09 10:46:31.708 65819 INFO tempest.lib.common.rest_client [req-4ea92de0-4e2a-4d7d-b723-03fc52cd71f8 req-4ea92de0-4e2a-4d7d-b723-03fc52cd71f8 ] Request (SecurityGroupsTestJSON:test_list_security_groups_by_server): 200 GET http://10.180.1.21/compute/v2.1/servers/a658c0fc-cddb-4363-8ead-663ce359b5f6 5.291s
2025-12-09 10:46:31.720 65819 INFO tempest.common.waiters [-] State transition "BUILD/networking" ==> "BUILD/spawning" after 13 second wait
2025-12-09 10:46:31.727 65775 INFO tempest.lib.common.rest_client [req-0866fb29-f64c-488a-9883-d4d7778334c5 req-0866fb29-f64c-488a-9883-d4d7778334c5 ] Request (ServerDiagnosticsNegativeTest:setUpClass): 200 GET http://10.180.1.21/identity/v3/roles 0.031s
2025-12-09 10:46:31.768 65775 INFO tempest.lib.common.rest_client [req-191c6639-78c3-4ed2-8c0d-01881f64eab1 req-191c6639-78c3-4ed2-8c0d-01881f64eab1 ] Request (ServerDiagnosticsNegativeTest:setUpClass): 204 PUT http://10.180.1.21/identity/v3/projects/d6e71f173c5e4331b55f20eea82b2dcf/users/2f0eabd0ff3d463db13acb0fe8351d6e/roles/728d0a34546343d1bffe980a487ea0f3 0.041s
2025-12-09 10:46:31.780 65795 INFO tempest.lib.common.rest_client [req-aad723a4-9136-4ef1-b2c0-7a5edb2776f0 req-aad723a4-9136-4ef1-b2c0-7a5edb2776f0 ] Request (FloatingIPsAssociationNegativeTestJSON:setUpClass): 200 GET http://10.180.1.21/compute/v2.1/servers/0c4ed1b3-7635-4696-9957-9c3f46609ba6 5.208s
2025-12-09 10:46:31.788 65795 INFO tempest.common.waiters [-] State transition "BUILD/scheduling" ==> "BUILD/None" after 6 second wait
2025-12-09 10:46:31.823 65787 INFO tempest.lib.common.rest_client [req-42e54eb7-b3dc-42c8-b4d9-5a68c015a15b req-42e54eb7-b3dc-42c8-b4d9-5a68c015a15b ] Request (ImagesMetadataTestJSON:setUpClass): 200 GET http://10.180.1.21/compute/v2.1/images/0615ab9c-abff-4f29-af40-b71eb3e494f3 5.003s
2025-12-09 10:46:31.841 65775 INFO tempest.lib.common.rest_client [req-b5376c26-b329-4f6d-a302-d008d0395aab req-b5376c26-b329-4f6d-a302-d008d0395aab ] Request (ServerDiagnosticsNegativeTest:setUpClass): 200 GET http://10.180.1.21/identity/v3/roles 0.072s
2025-12-09 10:46:31.875 65775 INFO tempest.lib.common.rest_client [req-5f429388-dfbb-4c70-8b78-8890acf4b41a req-5f429388-dfbb-4c70-8b78-8890acf4b41a ] Request (ServerDiagnosticsNegativeTest:setUpClass): 204 PUT http://10.180.1.21/identity/v3/projects/d6e71f173c5e4331b55f20eea82b2dcf/users/2f0eabd0ff3d463db13acb0fe8351d6e/roles/728d0a34546343d1bffe980a487ea0f3 0.034s
2025-12-09 10:46:31.876 65775 INFO tempest.lib.common.dynamic_creds [-] Dynamic test user 2f0eabd0ff3d463db13acb0fe8351d6e is created with scope project and roles: ['admin']
2025-12-09 10:46:31.876 65775 INFO tempest.lib.common.dynamic_creds [-] Acquired dynamic creds: credentials: Credentials: {'domain_id': 'default', 'domain_name': 'Default', 'username': 'tempest-ServerDiagnosticsNegativeTest-809496130-project-admin', 'project_domain_id': 'default', 'project_domain_name': 'Default', 'project_id': 'd6e71f173c5e4331b55f20eea82b2dcf', 'project_name': 'tempest-ServerDiagnosticsNegativeTest-809496130', 'tenant_id': 'd6e71f173c5e4331b55f20eea82b2dcf', 'tenant_name': 'tempest-ServerDiagnosticsNegativeTest-809496130', 'user_domain_id': 'default', 'user_domain_name': 'Default', 'user_id': '2f0eabd0ff3d463db13acb0fe8351d6e', 'system': None}, Network: None, Subnet: None, Router: None
2025-12-09 10:46:31.876 65775 INFO tempest.lib.common.dynamic_creds [-] Created isolated network resources for: credentials: Credentials: {'domain_id': 'default', 'domain_name': 'Default', 'username': 'tempest-ServerDiagnosticsNegativeTest-809496130-project-admin', 'project_domain_id': 'default', 'project_domain_name': 'Default', 'project_id': 'd6e71f173c5e4331b55f20eea82b2dcf', 'project_name': 'tempest-ServerDiagnosticsNegativeTest-809496130', 'tenant_id': 'd6e71f173c5e4331b55f20eea82b2dcf', 'tenant_name': 'tempest-ServerDiagnosticsNegativeTest-809496130', 'user_domain_id': 'default', 'user_domain_name': 'Default', 'user_id': '2f0eabd0ff3d463db13acb0fe8351d6e', 'system': None}, Network: None, Subnet: None, Router: None
2025-12-09 10:46:31.972 65803 INFO tempest.lib.common.rest_client [req-3260cefc-844a-41b1-b718-9b6e26b0897f req-3260cefc-844a-41b1-b718-9b6e26b0897f ] Request (ServerActionsTestOtherA:setUpClass): 201 POST http://10.180.1.21/networking/v2.0/networks 1.043s
2025-12-09 10:46:31.979 65775 INFO tempest.lib.common.rest_client [req-04f87afd-bd2f-4c00-8ce3-ad89e7aa4b76 req-04f87afd-bd2f-4c00-8ce3-ad89e7aa4b76 ] Request (ServerDiagnosticsNegativeTest:setUpClass): 201 POST http://10.180.1.21/identity/v3/auth/tokens 0.100s
2025-12-09 10:46:31.996 65811 INFO tempest.lib.common.rest_client [req-24a870f4-f7e8-49a8-9cfd-5d46eb69e7c2 req-24a870f4-f7e8-49a8-9cfd-5d46eb69e7c2 ] Request (ServersAdminTestJSON:setUpClass): 201 POST http://10.180.1.21/networking/v2.0/networks 0.745s
2025-12-09 10:46:32.071 65775 INFO tempest.lib.common.rest_client [req-fc96e7b3-5471-4393-bc2c-143f2be37e65 req-fc96e7b3-5471-4393-bc2c-143f2be37e65 ] Request (ServerDiagnosticsNegativeTest:test_get_server_diagnostics_by_non_admin): 201 POST http://10.180.1.21/identity/v3/auth/tokens 0.088s
2025-12-09 10:46:32.072 65775 INFO tempest.lib.common.fixed_network [-] (ServerDiagnosticsNegativeTest:test_get_server_diagnostics_by_non_admin) Found network None available for tenant
2025-12-09 10:46:32.885 65783 INFO tempest.lib.common.rest_client [req-ada44871-9d49-48ab-9b1a-5bdb6153fc88 req-ada44871-9d49-48ab-9b1a-5bdb6153fc88 ] Request (FloatingIPDetailsTestJSON:setUpClass): 200 PUT http://10.180.1.21/networking/v2.0/routers/9c0082d7-5c51-46d0-b9a7-7be1c67f0aad/add_router_interface 1.222s
2025-12-09 10:46:32.885 65783 INFO tempest.lib.common.dynamic_creds [-] Created isolated network resources for: credentials: Credentials: {'domain_id': 'default', 'domain_name': 'Default', 'username': 'tempest-FloatingIPDetailsTestJSON-1857255458-project-member', 'project_domain_id': 'default', 'project_domain_name': 'Default', 'project_id': '5f9c4d9bb743450f8cf3849b18593a1a', 'project_name': 'tempest-FloatingIPDetailsTestJSON-1857255458', 'tenant_id': '5f9c4d9bb743450f8cf3849b18593a1a', 'tenant_name': 'tempest-FloatingIPDetailsTestJSON-1857255458', 'user_domain_id': 'default', 'user_domain_name': 'Default', 'user_id': '6ad63b6f7b724ddb9f2be684f05c3214', 'system': None}, Network: {'id': 'd5aada09-0ddc-49d4-be89-dbd5eb1592bd', 'name': 'tempest-FloatingIPDetailsTestJSON-909786194-network', 'tenant_id': '5f9c4d9bb743450f8cf3849b18593a1a', 'project_id': '5f9c4d9bb743450f8cf3849b18593a1a', 'admin_state_up': True, 'mtu': 8950, 'status': 'ACTIVE', 'subnets': [], 'shared': False, 'port_security_enabled': True, 'router:external': False, 'provider:network_type': 'vlan', 'provider:physical_network': 'default', 'provider:segmentation_id': 679, 'availability_zone_hints': [], 'availability_zones': [], 'ipv4_address_scope': None, 'ipv6_address_scope': None, 'description': '', 'tags': [], 'created_at': '2025-12-09T10:46:29Z', 'updated_at': '2025-12-09T10:46:29Z', 'revision_number': 1}, Subnet: {'id': 'a62fb995-65cd-43f9-8a49-8a956c9e3957', 'name': 'tempest-FloatingIPDetailsTestJSON-909786194-subnet', 'tenant_id': '5f9c4d9bb743450f8cf3849b18593a1a', 'network_id': 'd5aada09-0ddc-49d4-be89-dbd5eb1592bd', 'ip_version': 4, 'subnetpool_id': None, 'enable_dhcp': True, 'ipv6_ra_mode': None, 'ipv6_address_mode': None, 'gateway_ip': '192.168.128.1', 'cidr': '192.168.128.0/28', 'allocation_pools': [{'start': '192.168.128.2', 'end': '192.168.128.14'}], 'host_routes': [], 'dns_nameservers': [], 'description': '', 'router:external': False, 'service_types': [], 'tags': [], 'created_at': '2025-12-09T10:46:30Z', 'updated_at': '2025-12-09T10:46:30Z', 'revision_number': 0, 'project_id': '5f9c4d9bb743450f8cf3849b18593a1a'}, Router: {'id': '9c0082d7-5c51-46d0-b9a7-7be1c67f0aad', 'name': 'tempest-FloatingIPDetailsTestJSON-909786194-router', 'tenant_id': '5f9c4d9bb743450f8cf3849b18593a1a', 'admin_state_up': True, 'status': 'ACTIVE', 'external_gateway_info': {'network_id': 'dc359e4a-ef32-4a36-95e3-6ecddfe1a05f', 'external_fixed_ips': [{'subnet_id': '0eed793a-14b8-4423-b3d7-19086128823e', 'ip_address': '10.180.180.196'}], 'enable_snat': True}, 'description': '', 'availability_zones': [], 'distributed': False, 'ha': False, 'availability_zone_hints': [], 'routes': [], 'flavor_id': None, 'tags': [], 'created_at': '2025-12-09T10:46:30Z', 'updated_at': '2025-12-09T10:46:31Z', 'revision_number': 2, 'project_id': '5f9c4d9bb743450f8cf3849b18593a1a'}
2025-12-09 10:46:32.909 65771 INFO tempest.lib.common.rest_client [req-bc82e77b-09bf-4786-a519-119e974c968a req-bc82e77b-09bf-4786-a519-119e974c968a ] Request (ListServerFiltersTestJSON:setUpClass): 200 GET http://10.180.1.21/compute/v2.1/servers/ebe2c477-4be9-412a-803a-10a0bfb493dc 6.210s
2025-12-09 10:46:32.918 65771 INFO tempest.common.waiters [-] State transition "BUILD/scheduling" ==> "BUILD/None" after 7 second wait
2025-12-09 10:46:32.939 65793 INFO tempest.lib.common.rest_client [req-84c69e2e-3c6c-4983-b43f-05126ae08059 req-84c69e2e-3c6c-4983-b43f-05126ae08059 ] Request (ServersListShow298Test:test_list_show_update_rebuild_server_298): 200 GET http://10.180.1.21/compute/v2.1/servers/bed23990-1583-444a-8b5b-df523f22872a 5.822s
2025-12-09 10:46:32.939 65761 INFO tempest.lib.common.rest_client [req-29df6894-3998-4492-966a-dddc2865d0ba req-29df6894-3998-4492-966a-dddc2865d0ba ] Request (ImagesDeleteNegativeTestJSON:test_delete_image_non_hex_string_id): 404 DELETE http://10.180.1.21/compute/v2.1/images/3de5333e-6709-4205-bc2f-ca45bc0758dj 5.510s
2025-12-09 10:46:32.946 65821 INFO tempest.lib.common.rest_client [req-eace0841-4921-47fc-a573-d60f69b5ebcf req-eace0841-4921-47fc-a573-d60f69b5ebcf ] Request (HostsAdminNegativeTestJSON:test_startup_host_with_non_admin_user): 403 GET http://10.180.1.21/compute/v2.1/os-hosts/devstack/startup 5.497s
2025-12-09 10:46:32.952 65769 INFO tempest.lib.common.rest_client [req-2eb725b2-84d5-486c-85fc-d39801fff4da req-2eb725b2-84d5-486c-85fc-d39801fff4da ] Request (FlavorsExtraSpecsNegativeTestJSON:test_flavor_update_mismatch_key): 400 PUT http://10.180.1.21/compute/v2.1/flavors/866698050/os-extra_specs/hw:numa_nodes 5.469s
2025-12-09 10:46:32.958 65813 INFO tempest.lib.common.rest_client [req-f2ce6c6d-349d-4342-a8c0-767a7cfc04a3 req-f2ce6c6d-349d-4342-a8c0-767a7cfc04a3 ] Request (FlavorsAccessNegativeTestJSON:test_flavor_access_list_with_public_flavor): 404 GET http://10.180.1.21/compute/v2.1/flavors/1798835734/os-flavor-access 5.489s
2025-12-09 10:46:32.960 65791 INFO tempest.lib.common.rest_client [req-ddec8d41-fa97-4d09-8cc7-86976a890221 req-ddec8d41-fa97-4d09-8cc7-86976a890221 ] Request (HypervisorAdminNegativeTestJSON:test_show_nonexistent_hypervisor): 404 GET http://10.180.1.21/compute/v2.1/os-hypervisors/85f98fd8-8f55-4936-91a3-4e42173bb63b 4.839s
2025-12-09 10:46:32.972 65781 INFO tempest.lib.common.rest_client [req-e488adb7-a5b6-42b5-a57d-001109f35dba req-e488adb7-a5b6-42b5-a57d-001109f35dba ] Request (FlavorsExtraSpecsTestJSON:test_flavor_set_get_update_show_unset_keys): 200 GET http://10.180.1.21/compute/v2.1/flavors/974121195/os-extra_specs 4.350s
2025-12-09 10:46:32.998 65767 INFO tempest.lib.common.rest_client [req-6cf68cc9-d73a-43f6-aaee-8f26ea51a2e9 req-6cf68cc9-d73a-43f6-aaee-8f26ea51a2e9 ] Request (FlavorsAdminTestJSON:_run_cleanups): 200 GET http://10.180.1.21/compute/v2.1/flavors/detail 4.362s
2025-12-09 10:46:33.004 65783 INFO tempest.lib.common.rest_client [req-cbd87991-f557-409c-ae36-5b5f37b23d80 req-cbd87991-f557-409c-ae36-5b5f37b23d80 ] Request (FloatingIPDetailsTestJSON:setUpClass): 201 POST http://10.180.1.21/identity/v3/auth/tokens 0.115s
2025-12-09 10:46:33.104 65791 INFO tempest.lib.common.rest_client [req-674a71b1-dad1-4913-800f-f55ef9ae627b req-674a71b1-dad1-4913-800f-f55ef9ae627b ] Request (HypervisorAdminNegativeTestJSON:tearDownClass): 204 DELETE http://10.180.1.21/identity/v3/users/fbc25937c6bb4da4998d5b1aed1cd074 0.142s
2025-12-09 10:46:33.130 65803 INFO tempest.lib.common.rest_client [req-768aec35-316c-451c-9671-421890369766 req-768aec35-316c-451c-9671-421890369766 ] Request (ServerActionsTestOtherA:setUpClass): 201 POST http://10.180.1.21/networking/v2.0/subnets 1.157s
2025-12-09 10:46:33.266 65797 INFO tempest.lib.common.rest_client [req-a7dbe851-7989-4d57-9173-7c08c5f63d4f req-a7dbe851-7989-4d57-9173-7c08c5f63d4f ] Request (QuotasAdminNegativeTest:_run_cleanups): 200 PUT http://10.180.1.21/compute/v2.1/os-quota-sets/9696286fcb54426ca7dd83c46a9f127d 4.301s
2025-12-09 10:46:33.298 65791 INFO tempest.lib.common.rest_client [req-0d60b385-8bc5-4df8-b82c-eafff74d4c67 req-0d60b385-8bc5-4df8-b82c-eafff74d4c67 ] Request (HypervisorAdminNegativeTestJSON:tearDownClass): 204 DELETE http://10.180.1.21/identity/v3/users/99923dd4350644f3807c13c1032f200f 0.194s
2025-12-09 10:46:33.299 65791 INFO tempest.lib.common.dynamic_creds [-] Deleting project and security group for project: 3def316654be40c09650069bacf67532
2025-12-09 10:46:33.345 65779 INFO tempest.lib.common.rest_client [req-67c82ecf-5814-403d-aea8-0b829cdfd8ab req-67c82ecf-5814-403d-aea8-0b829cdfd8ab ] Request (QuotaClassesAdminTestJSON:_run_cleanups): 200 PUT http://10.180.1.21/compute/v2.1/os-quota-class-sets/default 4.363s
2025-12-09 10:46:33.396 65773 INFO tempest.lib.common.rest_client [req-a914378e-bfb3-4a4f-ba07-72171bc8f512 req-a914378e-bfb3-4a4f-ba07-72171bc8f512 ] Request (ValidationResourcesFixture:setUp): 200 POST http://10.180.1.21/compute/v2.1/os-keypairs 4.384s
2025-12-09 10:46:33.403 65791 INFO tempest.lib.common.rest_client [req-545b9800-aec3-46bb-bdee-5b191215bd20 req-545b9800-aec3-46bb-bdee-5b191215bd20 ] Request (HypervisorAdminNegativeTestJSON:tearDownClass): 201 POST http://10.180.1.21/identity/v3/auth/tokens 0.104s
2025-12-09 10:46:33.423 65777 INFO tempest.lib.common.rest_client [req-8c0a16f1-a13e-40b0-b283-f0702328b12b req-8c0a16f1-a13e-40b0-b283-f0702328b12b ] Request (FlavorsV2TestJSON:test_list_flavors_detailed_filter_by_min_ram): 200 GET http://10.180.1.21/compute/v2.1/flavors/42 4.376s
2025-12-09 10:46:33.439 65811 INFO tempest.lib.common.rest_client [req-71e5c848-8bc6-4d90-8af0-7c54786d26f2 req-71e5c848-8bc6-4d90-8af0-7c54786d26f2 ] Request (ServersAdminTestJSON:setUpClass): 201 POST http://10.180.1.21/networking/v2.0/subnets 1.443s
2025-12-09 10:46:33.446 65759 INFO tempest.lib.common.rest_client [req-399c4268-6965-4c5b-bbef-9db52cd24fac req-399c4268-6965-4c5b-bbef-9db52cd24fac ] Request (ServicesAdminNegativeV253TestJSON:test_get_service_by_invalid_service_and_valid_host): 200 GET http://10.180.1.21/compute/v2.1/os-services 4.372s
2025-12-09 10:46:33.498 65779 INFO tempest.lib.common.rest_client [req-1fb3ec9a-a6aa-4135-8e25-09e4801ae9dc req-1fb3ec9a-a6aa-4135-8e25-09e4801ae9dc ] Request (QuotaClassesAdminTestJSON:tearDownClass): 204 DELETE http://10.180.1.21/identity/v3/users/32097537d8ac4fa5a2a9f63046c523ec 0.150s
2025-12-09 10:46:33.518 65789 INFO tempest.lib.common.rest_client [req-81d09cf5-d05c-44ad-8586-8c37e479f424 req-81d09cf5-d05c-44ad-8586-8c37e479f424 ] Request (ServersAdmin275Test:test_rebuild_update_server_275): 200 GET http://10.180.1.21/compute/v2.1/servers/082901f6-2f2e-4e19-9810-db423242774a 4.909s
2025-12-09 10:46:33.617 65779 INFO tempest.lib.common.rest_client [req-09de8501-f2b4-4f08-bc07-477161ac72a5 req-09de8501-f2b4-4f08-bc07-477161ac72a5 ] Request (QuotaClassesAdminTestJSON:tearDownClass): 204 DELETE http://10.180.1.21/identity/v3/users/349429c9b19d413c855b213364191f02 0.118s
2025-12-09 10:46:33.618 65779 INFO tempest.lib.common.dynamic_creds [-] Deleting project and security group for project: 4b21e17632ad49aaaa4c4aef011db4dd
2025-12-09 10:46:33.709 65779 INFO tempest.lib.common.rest_client [req-7005e7d3-e439-49c6-b235-fd1310a472dd req-7005e7d3-e439-49c6-b235-fd1310a472dd ] Request (QuotaClassesAdminTestJSON:tearDownClass): 201 POST http://10.180.1.21/identity/v3/auth/tokens 0.091s
2025-12-09 10:46:33.765 65773 INFO tempest.lib.common.rest_client [req-12399721-ec12-4b59-8819-47db2d86feb1 req-12399721-ec12-4b59-8819-47db2d86feb1 ] Request (ValidationResourcesFixture:setUp): 201 POST http://10.180.1.21/networking/v2.0/security-groups 0.367s
2025-12-09 10:46:33.935 65791 INFO tempest.lib.common.rest_client [req-08d5f5c3-4943-494c-8410-f1a3710f4b9f req-08d5f5c3-4943-494c-8410-f1a3710f4b9f ] Request (HypervisorAdminNegativeTestJSON:tearDownClass): 200 GET http://10.180.1.21/networking/v2.0/security-groups?tenant_id=3def316654be40c09650069bacf67532&name=default 0.530s
2025-12-09 10:46:34.247 65803 INFO tempest.lib.common.rest_client [req-9314fd83-58db-40ec-8e77-29e2fcf813e8 req-9314fd83-58db-40ec-8e77-29e2fcf813e8 ] Request (ServerActionsTestOtherA:setUpClass): 201 POST http://10.180.1.21/networking/v2.0/routers 1.116s
2025-12-09 10:46:34.776 65779 INFO tempest.lib.common.rest_client [req-60bbb306-45f4-4eb5-a62b-8ebb084319c9 req-60bbb306-45f4-4eb5-a62b-8ebb084319c9 ] Request (QuotaClassesAdminTestJSON:tearDownClass): 200 GET http://10.180.1.21/networking/v2.0/security-groups?tenant_id=4b21e17632ad49aaaa4c4aef011db4dd&name=default 1.067s
2025-12-09 10:46:34.867 65773 INFO tempest.lib.common.rest_client [req-a70d36f1-04bf-4833-a025-283700dfc839 req-a70d36f1-04bf-4833-a025-283700dfc839 ] Request (ValidationResourcesFixture:setUp): 201 POST http://10.180.1.21/networking/v2.0/security-group-rules 1.101s
2025-12-09 10:46:34.956 65791 INFO tempest.lib.common.rest_client [req-7df3321c-98cd-4f24-a161-e4b34e8d20e9 req-7df3321c-98cd-4f24-a161-e4b34e8d20e9 ] Request (HypervisorAdminNegativeTestJSON:tearDownClass): 204 DELETE http://10.180.1.21/networking/v2.0/security-groups/167c463d-c5c1-431e-8006-cc1234a9af7e 1.020s
2025-12-09 10:46:35.040 65811 INFO tempest.lib.common.rest_client [req-3a6fbe50-159b-434e-863f-c14f6857cda7 req-3a6fbe50-159b-434e-863f-c14f6857cda7 ] Request (ServersAdminTestJSON:setUpClass): 201 POST http://10.180.1.21/networking/v2.0/routers 1.599s
2025-12-09 10:46:35.058 65791 INFO tempest.lib.common.rest_client [req-d278b08a-2698-4855-aa8b-2fdf12f4edc0 req-d278b08a-2698-4855-aa8b-2fdf12f4edc0 ] Request (HypervisorAdminNegativeTestJSON:tearDownClass): 204 DELETE http://10.180.1.21/identity/v3/projects/3def316654be40c09650069bacf67532 0.101s
2025-12-09 10:46:35.058 65791 INFO tempest.lib.common.dynamic_creds [-] Deleting project and security group for project: f774b4e6d5df48f5a91a15e0d5ca819c
2025-12-09 10:46:35.806 65803 INFO tempest.lib.common.rest_client [req-b62dca67-cafa-440b-bfd1-847336ada87b req-b62dca67-cafa-440b-bfd1-847336ada87b ] Request (ServerActionsTestOtherA:setUpClass): 200 PUT http://10.180.1.21/networking/v2.0/routers/deb48be8-fb15-4d4a-a0ab-01f8cd735ec4/add_router_interface 1.558s
2025-12-09 10:46:35.806 65803 INFO tempest.lib.common.dynamic_creds [-] Created isolated network resources for: credentials: Credentials: {'domain_id': 'default', 'domain_name': 'Default', 'username': 'tempest-ServerActionsTestOtherA-848384024-project-member', 'project_domain_id': 'default', 'project_domain_name': 'Default', 'project_id': 'd6996df5140f422d85069527d3b40f53', 'project_name': 'tempest-ServerActionsTestOtherA-848384024', 'tenant_id': 'd6996df5140f422d85069527d3b40f53', 'tenant_name': 'tempest-ServerActionsTestOtherA-848384024', 'user_domain_id': 'default', 'user_domain_name': 'Default', 'user_id': 'b4410ef8b387417498c159e3de2050a1', 'system': None}, Network: {'id': 'd08c538e-4a18-4ebc-8a75-5441b38f688a', 'name': 'tempest-ServerActionsTestOtherA-1206725616-network', 'tenant_id': 'd6996df5140f422d85069527d3b40f53', 'project_id': 'd6996df5140f422d85069527d3b40f53', 'admin_state_up': True, 'mtu': 8950, 'status': 'ACTIVE', 'subnets': [], 'shared': False, 'port_security_enabled': True, 'router:external': False, 'provider:network_type': 'vlan', 'provider:physical_network': 'default', 'provider:segmentation_id': 120, 'availability_zone_hints': [], 'availability_zones': [], 'ipv4_address_scope': None, 'ipv6_address_scope': None, 'description': '', 'tags': [], 'created_at': '2025-12-09T10:46:31Z', 'updated_at': '2025-12-09T10:46:31Z', 'revision_number': 1}, Subnet: {'id': '364e2195-899a-431a-8b0d-2b387cf5b37d', 'name': 'tempest-ServerActionsTestOtherA-1206725616-subnet', 'tenant_id': 'd6996df5140f422d85069527d3b40f53', 'network_id': 'd08c538e-4a18-4ebc-8a75-5441b38f688a', 'ip_version': 4, 'subnetpool_id': None, 'enable_dhcp': True, 'ipv6_ra_mode': None, 'ipv6_address_mode': None, 'gateway_ip': '192.168.128.1', 'cidr': '192.168.128.0/28', 'allocation_pools': [{'start': '192.168.128.2', 'end': '192.168.128.14'}], 'host_routes': [], 'dns_nameservers': [], 'description': '', 'router:external': False, 'service_types': [], 'tags': [], 'created_at': '2025-12-09T10:46:32Z', 'updated_at': '2025-12-09T10:46:32Z', 'revision_number': 0, 'project_id': 'd6996df5140f422d85069527d3b40f53'}, Router: {'id': 'deb48be8-fb15-4d4a-a0ab-01f8cd735ec4', 'name': 'tempest-ServerActionsTestOtherA-1206725616-router', 'tenant_id': 'd6996df5140f422d85069527d3b40f53', 'admin_state_up': True, 'status': 'ACTIVE', 'external_gateway_info': {'network_id': 'dc359e4a-ef32-4a36-95e3-6ecddfe1a05f', 'external_fixed_ips': [{'subnet_id': '0eed793a-14b8-4423-b3d7-19086128823e', 'ip_address': '10.180.180.167'}], 'enable_snat': True}, 'description': '', 'availability_zones': [], 'distributed': False, 'ha': False, 'availability_zone_hints': [], 'routes': [], 'flavor_id': None, 'tags': [], 'created_at': '2025-12-09T10:46:33Z', 'updated_at': '2025-12-09T10:46:33Z', 'revision_number': 2, 'project_id': 'd6996df5140f422d85069527d3b40f53'}
2025-12-09 10:46:35.839 65765 INFO tempest.lib.common.rest_client [req-771935fb-e0c1-4e5e-a86d-1373df23d7df req-771935fb-e0c1-4e5e-a86d-1373df23d7df ] Request (MigrationsAdminTest:test_list_migrations_in_flavor_resize_situation): 200 GET http://10.180.1.21/compute/v2.1/servers/11583e9a-2568-4972-bcbd-6771fb185ed0 6.720s
2025-12-09 10:46:35.848 65765 INFO tempest.common.waiters [-] State transition "BUILD/None" ==> "BUILD/spawning" after 15 second wait
2025-12-09 10:46:35.893 65803 INFO tempest.lib.common.rest_client [req-80d285c9-c61f-4518-b4ad-9ea9d588b62b req-80d285c9-c61f-4518-b4ad-9ea9d588b62b ] Request (ServerActionsTestOtherA:setUpClass): 201 POST http://10.180.1.21/identity/v3/auth/tokens 0.082s
2025-12-09 10:46:35.968 65801 INFO tempest.lib.common.rest_client [req-d61ba87a-c32d-4811-92da-b3fb03f85da7 req-d61ba87a-c32d-4811-92da-b3fb03f85da7 ] Request (FlavorsV261TestJSON:test_crud_flavor): 200 POST http://10.180.1.21/compute/v2.1/flavors 5.532s
2025-12-09 10:46:35.975 65779 INFO tempest.lib.common.rest_client [req-7a359dd5-8003-4d10-8305-c1a10ed01a21 req-7a359dd5-8003-4d10-8305-c1a10ed01a21 ] Request (QuotaClassesAdminTestJSON:tearDownClass): 204 DELETE http://10.180.1.21/networking/v2.0/security-groups/db1817fc-bacf-46d8-bcb2-34198823d5c5 1.198s
2025-12-09 10:46:36.065 65773 INFO tempest.lib.common.rest_client [req-3458626e-2cb3-4546-ab26-f973db8f39b8 req-3458626e-2cb3-4546-ab26-f973db8f39b8 ] Request (ValidationResourcesFixture:setUp): 201 POST http://10.180.1.21/networking/v2.0/security-group-rules 1.198s
2025-12-09 10:46:36.086 65779 INFO tempest.lib.common.rest_client [req-03d402e8-0e72-4dd8-982c-63fa200aa0c9 req-03d402e8-0e72-4dd8-982c-63fa200aa0c9 ] Request (QuotaClassesAdminTestJSON:tearDownClass): 204 DELETE http://10.180.1.21/identity/v3/projects/4b21e17632ad49aaaa4c4aef011db4dd 0.110s
2025-12-09 10:46:36.086 65779 INFO tempest.lib.common.dynamic_creds [-] Deleting project and security group for project: cc4b5ec012d64e1fb028dbce491ef2df
2025-12-09 10:46:36.212 65815 INFO tempest.lib.common.rest_client [req-651db8f8-7c89-42f5-b1c0-6e31d067aa7d req-651db8f8-7c89-42f5-b1c0-6e31d067aa7d ] Request (DeleteServersAdminTestJSON:test_admin_delete_servers_of_others): 204 DELETE http://10.180.1.21/compute/v2.1/servers/e79a4c9f-ddb6-4600-a885-16765998befb 5.509s
2025-12-09 10:46:36.732 65791 INFO tempest.lib.common.rest_client [req-41eb5926-3eda-435e-bfa4-02b821ba2ca5 req-41eb5926-3eda-435e-bfa4-02b821ba2ca5 ] Request (HypervisorAdminNegativeTestJSON:tearDownClass): 200 GET http://10.180.1.21/networking/v2.0/security-groups?tenant_id=f774b4e6d5df48f5a91a15e0d5ca819c&name=default 1.674s
2025-12-09 10:46:36.979 65811 INFO tempest.lib.common.rest_client [req-709def06-345d-4d88-85dc-70a45d785f73 req-709def06-345d-4d88-85dc-70a45d785f73 ] Request (ServersAdminTestJSON:setUpClass): 200 PUT http://10.180.1.21/networking/v2.0/routers/e537b5a3-ff6c-43db-888a-601e8e2a75ff/add_router_interface 1.938s
2025-12-09 10:46:36.979 65811 INFO tempest.lib.common.dynamic_creds [-] Created isolated network resources for: credentials: Credentials: {'domain_id': 'default', 'domain_name': 'Default', 'username': 'tempest-ServersAdminTestJSON-1798462378-project-admin', 'project_domain_id': 'default', 'project_domain_name': 'Default', 'project_id': '3f2ad2777dd546898986de6bd664c54f', 'project_name': 'tempest-ServersAdminTestJSON-1798462378', 'tenant_id': '3f2ad2777dd546898986de6bd664c54f', 'tenant_name': 'tempest-ServersAdminTestJSON-1798462378', 'user_domain_id': 'default', 'user_domain_name': 'Default', 'user_id': '5346195fc3a4488aba5b421b4a1808ae', 'system': None}, Network: {'id': '2885315f-6e0c-485a-a040-4ed119a7f845', 'name': 'tempest-ServersAdminTestJSON-1597272751-network', 'tenant_id': '3f2ad2777dd546898986de6bd664c54f', 'project_id': '3f2ad2777dd546898986de6bd664c54f', 'admin_state_up': True, 'mtu': 8950, 'status': 'ACTIVE', 'subnets': [], 'shared': False, 'port_security_enabled': True, 'router:external': False, 'provider:network_type': 'vlan', 'provider:physical_network': 'default', 'provider:segmentation_id': 748, 'availability_zone_hints': [], 'availability_zones': [], 'ipv4_address_scope': None, 'ipv6_address_scope': None, 'description': '', 'tags': [], 'created_at': '2025-12-09T10:46:31Z', 'updated_at': '2025-12-09T10:46:31Z', 'revision_number': 1}, Subnet: {'id': '91194353-868e-4d46-9353-15a9a660ccc9', 'name': 'tempest-ServersAdminTestJSON-1597272751-subnet', 'tenant_id': '3f2ad2777dd546898986de6bd664c54f', 'network_id': '2885315f-6e0c-485a-a040-4ed119a7f845', 'ip_version': 4, 'subnetpool_id': None, 'enable_dhcp': True, 'ipv6_ra_mode': None, 'ipv6_address_mode': None, 'gateway_ip': '192.168.128.1', 'cidr': '192.168.128.0/28', 'allocation_pools': [{'start': '192.168.128.2', 'end': '192.168.128.14'}], 'host_routes': [], 'dns_nameservers': [], 'description': '', 'router:external': False, 'service_types': [], 'tags': [], 'created_at': '2025-12-09T10:46:33Z', 'updated_at': '2025-12-09T10:46:33Z', 'revision_number': 0, 'project_id': '3f2ad2777dd546898986de6bd664c54f'}, Router: {'id': 'e537b5a3-ff6c-43db-888a-601e8e2a75ff', 'name': 'tempest-ServersAdminTestJSON-1597272751-router', 'tenant_id': '3f2ad2777dd546898986de6bd664c54f', 'admin_state_up': True, 'status': 'ACTIVE', 'external_gateway_info': {'network_id': 'dc359e4a-ef32-4a36-95e3-6ecddfe1a05f', 'external_fixed_ips': [{'subnet_id': '0eed793a-14b8-4423-b3d7-19086128823e', 'ip_address': '10.180.180.156'}], 'enable_snat': True}, 'description': '', 'availability_zones': [], 'distributed': False, 'ha': False, 'availability_zone_hints': [], 'routes': [], 'flavor_id': None, 'tags': [], 'created_at': '2025-12-09T10:46:33Z', 'updated_at': '2025-12-09T10:46:34Z', 'revision_number': 2, 'project_id': '3f2ad2777dd546898986de6bd664c54f'}
2025-12-09 10:46:37.091 65811 INFO tempest.lib.common.rest_client [req-e9fed4f9-5ac5-401c-a0f9-825279d28555 req-e9fed4f9-5ac5-401c-a0f9-825279d28555 ] Request (ServersAdminTestJSON:setUpClass): 201 POST http://10.180.1.21/identity/v3/auth/tokens 0.108s
2025-12-09 10:46:37.104 65779 INFO tempest.lib.common.rest_client [req-c5ad352f-0eb4-481f-92a3-5e5ebb205c94 req-c5ad352f-0eb4-481f-92a3-5e5ebb205c94 ] Request (QuotaClassesAdminTestJSON:tearDownClass): 200 GET http://10.180.1.21/networking/v2.0/security-groups?tenant_id=cc4b5ec012d64e1fb028dbce491ef2df&name=default 1.018s
2025-12-09 10:46:37.181 65773 INFO tempest.lib.common.rest_client [req-03c74a71-27ff-4203-9fad-fc8db57db6b1 req-03c74a71-27ff-4203-9fad-fc8db57db6b1 ] Request (ValidationResourcesFixture:setUp): 201 POST http://10.180.1.21/networking/v2.0/floatingips 1.115s
2025-12-09 10:46:37.182 65811 INFO tempest.lib.common.rest_client [req-e86be309-0ff6-4414-9a8a-989e068f14b6 req-e86be309-0ff6-4414-9a8a-989e068f14b6 ] Request (ServersAdminTestJSON:setUpClass): 201 POST http://10.180.1.21/identity/v3/auth/tokens 0.086s
2025-12-09 10:46:37.182 65811 INFO tempest.lib.common.fixed_network [-] (ServersAdminTestJSON:setUpClass) Found network {'id': '078d005e-8fb6-41a8-8593-546e69baf055', 'name': 'tempest-ServersAdminTestJSON-482724669-network', 'tenant_id': '57afa4b6702645e6819f868599dce3a3', 'project_id': '57afa4b6702645e6819f868599dce3a3', 'admin_state_up': True, 'mtu': 8950, 'status': 'ACTIVE', 'subnets': [], 'shared': False, 'port_security_enabled': True, 'router:external': False, 'provider:network_type': 'vlan', 'provider:physical_network': 'default', 'provider:segmentation_id': 563, 'availability_zone_hints': [], 'availability_zones': [], 'ipv4_address_scope': None, 'ipv6_address_scope': None, 'description': '', 'tags': [], 'created_at': '2025-12-09T10:46:27Z', 'updated_at': '2025-12-09T10:46:27Z', 'revision_number': 1} available for tenant
2025-12-09 10:46:37.214 65807 INFO tempest.lib.common.rest_client [req-1b46e072-8c1c-4383-aa22-e9dd24c437d5 req-1b46e072-8c1c-4383-aa22-e9dd24c437d5 ] Request (VolumesAssistedSnapshotsTest:test_volume_assisted_snapshot_create_delete): 200 GET http://10.180.1.21/compute/v2.1/servers/28a2fbd6-c388-4e5e-9542-a5043605c6e1 6.487s
2025-12-09 10:46:37.228 65807 INFO tempest.common.waiters [-] State transition "BUILD/None" ==> "BUILD/networking" after 12 second wait
2025-12-09 10:46:37.272 65773 INFO tempest.lib.common.rest_client [req-e1e3d4d2-8624-4bec-92a3-e20df47e804b req-e1e3d4d2-8624-4bec-92a3-e20df47e804b ] Request (ServersWithSpecificFlavorTestJSON:test_verify_created_server_ephemeral_disk): 201 POST http://10.180.1.21/identity/v3/auth/tokens 0.084s
2025-12-09 10:46:37.273 65773 INFO tempest.lib.common.fixed_network [-] (ServersWithSpecificFlavorTestJSON:test_verify_created_server_ephemeral_disk) Found network {'id': 'b1bd4d46-1991-4bed-9376-3b14747a5c25', 'name': 'tempest-ServersWithSpecificFlavorTestJSON-1708992317-network', 'tenant_id': 'adf47bd8c70842f4a3e5fe59202e7ee6', 'project_id': 'adf47bd8c70842f4a3e5fe59202e7ee6', 'admin_state_up': True, 'mtu': 8950, 'status': 'ACTIVE', 'subnets': [], 'shared': False, 'port_security_enabled': True, 'router:external': False, 'provider:network_type': 'vlan', 'provider:physical_network': 'default', 'provider:segmentation_id': 336, 'availability_zone_hints': [], 'availability_zones': [], 'ipv4_address_scope': None, 'ipv6_address_scope': None, 'description': '', 'tags': [], 'created_at': '2025-12-09T10:46:01Z', 'updated_at': '2025-12-09T10:46:01Z', 'revision_number': 1} available for tenant
2025-12-09 10:46:37.328 65791 INFO tempest.lib.common.rest_client [req-130c32d7-f26f-431e-a1c4-d02fb1a85072 req-130c32d7-f26f-431e-a1c4-d02fb1a85072 ] Request (HypervisorAdminNegativeTestJSON:tearDownClass): 204 DELETE http://10.180.1.21/networking/v2.0/security-groups/177f03e1-ed62-46d1-846d-23d10ebb7453 0.595s
2025-12-09 10:46:37.426 65779 INFO tempest.lib.common.rest_client [req-2bd4f160-993d-4423-b8be-9a1e57bb2b22 req-2bd4f160-993d-4423-b8be-9a1e57bb2b22 ] Request (QuotaClassesAdminTestJSON:tearDownClass): 204 DELETE http://10.180.1.21/networking/v2.0/security-groups/ef51216e-3f8c-4928-bc50-b3f8d9f2985d 0.321s
2025-12-09 10:46:37.461 65791 INFO tempest.lib.common.rest_client [req-db63b1cd-e71b-410c-9ac3-f6f9e96a5a58 req-db63b1cd-e71b-410c-9ac3-f6f9e96a5a58 ] Request (HypervisorAdminNegativeTestJSON:tearDownClass): 204 DELETE http://10.180.1.21/identity/v3/projects/f774b4e6d5df48f5a91a15e0d5ca819c 0.132s
2025-12-09 10:46:37.534 65791 INFO tempest.lib.common.rest_client [req-108e0cfe-5124-49ca-8a74-aebcfe04331f req-108e0cfe-5124-49ca-8a74-aebcfe04331f ] Request (ServerExternalEventsTest:setUpClass): 201 POST http://10.180.1.21/identity/v3/auth/tokens 0.071s
2025-12-09 10:46:37.569 65779 INFO tempest.lib.common.rest_client [req-95d1f2ec-11aa-4fd7-be61-d72dd4892107 req-95d1f2ec-11aa-4fd7-be61-d72dd4892107 ] Request (QuotaClassesAdminTestJSON:tearDownClass): 204 DELETE http://10.180.1.21/identity/v3/projects/cc4b5ec012d64e1fb028dbce491ef2df 0.142s
2025-12-09 10:46:37.601 65763 INFO tempest.lib.common.rest_client [req-689e41e9-e135-4d1b-877f-0e0c673660d9 req-689e41e9-e135-4d1b-877f-0e0c673660d9 ] Request (ServerDiagnosticsTest:test_get_server_diagnostics): 200 GET http://10.180.1.21/compute/v2.1/servers/d56d10c1-ef49-49f2-80c9-6eed9f819511 6.847s
2025-12-09 10:46:37.609 65791 INFO tempest.lib.common.rest_client [req-2e15f1b2-920f-4a5e-8860-91926e0b1003 req-2e15f1b2-920f-4a5e-8860-91926e0b1003 ] Request (ServerExternalEventsTest:setUpClass): 201 POST http://10.180.1.21/identity/v3/auth/tokens 0.070s
2025-12-09 10:46:37.613 65763 INFO tempest.common.waiters [-] State transition "BUILD/spawning" ==> "ACTIVE/None" after 26 second wait
2025-12-09 10:46:37.626 65779 INFO tempest.lib.common.rest_client [req-82121519-bccb-4353-b1d6-f2d0948ab701 req-82121519-bccb-4353-b1d6-f2d0948ab701 ] Request (TenantUsagesTestJSON:setUpClass): 201 POST http://10.180.1.21/identity/v3/auth/tokens 0.055s
2025-12-09 10:46:37.640 65791 INFO tempest.lib.common.rest_client [req-e78fade0-5a01-44a2-bb2d-baf07988f648 req-e78fade0-5a01-44a2-bb2d-baf07988f648 ] Request (ServerExternalEventsTest:setUpClass): 200 GET http://10.180.1.21/identity/v3/domains?name=Default 0.031s
2025-12-09 10:46:37.653 65809 INFO tempest.lib.common.rest_client [req-ec558bd4-2324-452c-b9f4-62c4ba641313 req-ec558bd4-2324-452c-b9f4-62c4ba641313 ] Request (ServerActionsTestJSON:setUpClass): 202 POST http://10.180.1.21/compute/v2.1/servers 7.831s
2025-12-09 10:46:37.668 65779 INFO tempest.lib.common.rest_client [req-d4575b1b-13bb-40dc-a4e2-ca07b3c25263 req-d4575b1b-13bb-40dc-a4e2-ca07b3c25263 ] Request (TenantUsagesTestJSON:setUpClass): 201 POST http://10.180.1.21/identity/v3/auth/tokens 0.036s
2025-12-09 10:46:37.673 65791 INFO tempest.lib.common.rest_client [req-5cc7a652-28c1-4464-88b0-afd245179c3c req-5cc7a652-28c1-4464-88b0-afd245179c3c ] Request (ServerExternalEventsTest:setUpClass): 201 POST http://10.180.1.21/identity/v3/projects 0.032s
2025-12-09 10:46:37.764 65791 INFO tempest.lib.common.rest_client [req-eb33734c-48a4-49e2-9bfe-c5bda7edae99 req-eb33734c-48a4-49e2-9bfe-c5bda7edae99 ] Request (ServerExternalEventsTest:setUpClass): 201 POST http://10.180.1.21/identity/v3/users 0.091s
2025-12-09 10:46:37.784 65779 INFO tempest.lib.common.rest_client [req-90c09a44-fac2-4423-847c-0bdf30429eb1 req-90c09a44-fac2-4423-847c-0bdf30429eb1 ] Request (TenantUsagesTestJSON:setUpClass): 200 GET http://10.180.1.21/identity/v3/domains?name=Default 0.115s
2025-12-09 10:46:37.793 65791 INFO tempest.lib.common.rest_client [req-bbb92bca-859d-42e9-a6fb-1a7d4816552b req-bbb92bca-859d-42e9-a6fb-1a7d4816552b ] Request (ServerExternalEventsTest:setUpClass): 200 GET http://10.180.1.21/identity/v3/roles 0.028s
2025-12-09 10:46:37.835 65791 INFO tempest.lib.common.rest_client [req-1ee9bafd-2055-445a-8932-374dac9b3c19 req-1ee9bafd-2055-445a-8932-374dac9b3c19 ] Request (ServerExternalEventsTest:setUpClass): 204 PUT http://10.180.1.21/identity/v3/projects/b812438e164e47b0923e292226416d56/users/ab1d15f5cb7940cea210e8ad5cfe16c0/roles/907e36db99fe4fe1befbf1e70cd7dbe5 0.042s
2025-12-09 10:46:37.836 65791 INFO tempest.lib.common.dynamic_creds [-] Dynamic test user ab1d15f5cb7940cea210e8ad5cfe16c0 is created with scope project and roles: ['member']
2025-12-09 10:46:37.836 65791 INFO tempest.lib.common.dynamic_creds [-] Acquired dynamic creds: credentials: Credentials: {'domain_id': 'default', 'domain_name': 'Default', 'username': 'tempest-ServerExternalEventsTest-14710224-project-member', 'project_domain_id': 'default', 'project_domain_name': 'Default', 'project_id': 'b812438e164e47b0923e292226416d56', 'project_name': 'tempest-ServerExternalEventsTest-14710224', 'tenant_id': 'b812438e164e47b0923e292226416d56', 'tenant_name': 'tempest-ServerExternalEventsTest-14710224', 'user_domain_id': 'default', 'user_domain_name': 'Default', 'user_id': 'ab1d15f5cb7940cea210e8ad5cfe16c0', 'system': None}, Network: None, Subnet: None, Router: None
2025-12-09 10:46:37.836 65791 INFO tempest.lib.common.dynamic_creds [-] Created isolated network resources for: credentials: Credentials: {'domain_id': 'default', 'domain_name': 'Default', 'username': 'tempest-ServerExternalEventsTest-14710224-project-member', 'project_domain_id': 'default', 'project_domain_name': 'Default', 'project_id': 'b812438e164e47b0923e292226416d56', 'project_name': 'tempest-ServerExternalEventsTest-14710224', 'tenant_id': 'b812438e164e47b0923e292226416d56', 'tenant_name': 'tempest-ServerExternalEventsTest-14710224', 'user_domain_id': 'default', 'user_domain_name': 'Default', 'user_id': 'ab1d15f5cb7940cea210e8ad5cfe16c0', 'system': None}, Network: None, Subnet: None, Router: None
2025-12-09 10:46:37.842 65779 INFO tempest.lib.common.rest_client [req-83b1acff-dea4-43ea-9b46-ed2449edafcf req-83b1acff-dea4-43ea-9b46-ed2449edafcf ] Request (TenantUsagesTestJSON:setUpClass): 201 POST http://10.180.1.21/identity/v3/projects 0.057s
2025-12-09 10:46:37.949 65787 INFO tempest.lib.common.rest_client [req-feb600c5-02ab-4ac6-ac21-a3e6cc42b9b8 req-feb600c5-02ab-4ac6-ac21-a3e6cc42b9b8 ] Request (ImagesMetadataTestJSON:setUp): 200 PUT http://10.180.1.21/compute/v2.1/images/0615ab9c-abff-4f29-af40-b71eb3e494f3/metadata 6.120s
2025-12-09 10:46:37.958 65779 INFO tempest.lib.common.rest_client [req-519d9559-35ec-4b2a-a39d-05e0cb7e4c02 req-519d9559-35ec-4b2a-a39d-05e0cb7e4c02 ] Request (TenantUsagesTestJSON:setUpClass): 201 POST http://10.180.1.21/identity/v3/users 0.115s
2025-12-09 10:46:37.962 65791 INFO tempest.lib.common.rest_client [req-238e9748-c15a-4218-85f0-d6f328c8c0a0 req-238e9748-c15a-4218-85f0-d6f328c8c0a0 ] Request (ServerExternalEventsTest:setUpClass): 201 POST http://10.180.1.21/identity/v3/auth/tokens 0.122s
2025-12-09 10:46:37.962 65799 INFO tempest.lib.common.rest_client [req-60e3ddb4-6d07-4ebb-944c-ebdb91f1c8f5 req-60e3ddb4-6d07-4ebb-944c-ebdb91f1c8f5 ] Request (ServersAdminNegativeTestJSON:setUpClass): 200 GET http://10.180.1.21/compute/v2.1/servers/ffc688d6-a011-4154-a84b-d499d0e7b88d 6.198s
2025-12-09 10:46:37.972 65799 INFO tempest.common.waiters [-] State transition "BUILD/spawning" ==> "ACTIVE/None" after 24 second wait
2025-12-09 10:46:37.992 65779 INFO tempest.lib.common.rest_client [req-8e4e043d-df48-44c7-ad47-ab922f8b51f2 req-8e4e043d-df48-44c7-ad47-ab922f8b51f2 ] Request (TenantUsagesTestJSON:setUpClass): 200 GET http://10.180.1.21/identity/v3/roles 0.033s
2025-12-09 10:46:38.033 65791 INFO tempest.lib.common.rest_client [req-cff1adbb-0109-494d-9639-7b3d8faba858 req-cff1adbb-0109-494d-9639-7b3d8faba858 ] Request (ServerExternalEventsTest:setUpClass): 201 POST http://10.180.1.21/identity/v3/projects 0.070s
2025-12-09 10:46:38.042 65785 INFO tempest.lib.common.rest_client [req-7428f4d8-0133-4091-8da4-4aa250113d2f req-7428f4d8-0133-4091-8da4-4aa250113d2f ] Request (ServersAaction247Test:test_create_backup): 200 GET http://10.180.1.21/compute/v2.1/servers/dae49d5e-cf5f-4af6-ba8e-46ab1a662e95 5.969s
2025-12-09 10:46:38.100 65791 INFO tempest.lib.common.rest_client [req-b70b11c5-5f80-442d-9a82-4cbc36695dbe req-b70b11c5-5f80-442d-9a82-4cbc36695dbe ] Request (ServerExternalEventsTest:setUpClass): 201 POST http://10.180.1.21/identity/v3/users 0.066s
2025-12-09 10:46:38.108 65779 INFO tempest.lib.common.rest_client [req-80216735-42df-4808-96c9-6980d7606501 req-80216735-42df-4808-96c9-6980d7606501 ] Request (TenantUsagesTestJSON:setUpClass): 204 PUT http://10.180.1.21/identity/v3/projects/fc8f323cca4041058efc200a9879c060/users/ec219d128baf4be8b830ac3ca64f358f/roles/907e36db99fe4fe1befbf1e70cd7dbe5 0.114s
2025-12-09 10:46:38.108 65779 INFO tempest.lib.common.dynamic_creds [-] Dynamic test user ec219d128baf4be8b830ac3ca64f358f is created with scope project and roles: ['member']
2025-12-09 10:46:38.108 65779 INFO tempest.lib.common.dynamic_creds [-] Acquired dynamic creds: credentials: Credentials: {'domain_id': 'default', 'domain_name': 'Default', 'username': 'tempest-TenantUsagesTestJSON-266427288-project-member', 'project_domain_id': 'default', 'project_domain_name': 'Default', 'project_id': 'fc8f323cca4041058efc200a9879c060', 'project_name': 'tempest-TenantUsagesTestJSON-266427288', 'tenant_id': 'fc8f323cca4041058efc200a9879c060', 'tenant_name': 'tempest-TenantUsagesTestJSON-266427288', 'user_domain_id': 'default', 'user_domain_name': 'Default', 'user_id': 'ec219d128baf4be8b830ac3ca64f358f', 'system': None}, Network: None, Subnet: None, Router: None
2025-12-09 10:46:38.109 65779 INFO tempest.lib.common.dynamic_creds [-] Created isolated network resources for: credentials: Credentials: {'domain_id': 'default', 'domain_name': 'Default', 'username': 'tempest-TenantUsagesTestJSON-266427288-project-member', 'project_domain_id': 'default', 'project_domain_name': 'Default', 'project_id': 'fc8f323cca4041058efc200a9879c060', 'project_name': 'tempest-TenantUsagesTestJSON-266427288', 'tenant_id': 'fc8f323cca4041058efc200a9879c060', 'tenant_name': 'tempest-TenantUsagesTestJSON-266427288', 'user_domain_id': 'default', 'user_domain_name': 'Default', 'user_id': 'ec219d128baf4be8b830ac3ca64f358f', 'system': None}, Network: None, Subnet: None, Router: None
2025-12-09 10:46:38.171 65791 INFO tempest.lib.common.rest_client [req-ee21f3af-9a75-49c3-8eb4-84769a4b0c50 req-ee21f3af-9a75-49c3-8eb4-84769a4b0c50 ] Request (ServerExternalEventsTest:setUpClass): 200 GET http://10.180.1.21/identity/v3/roles 0.070s
2025-12-09 10:46:38.222 65791 INFO tempest.lib.common.rest_client [req-480c8264-8123-45ca-be61-1155248f27e4 req-480c8264-8123-45ca-be61-1155248f27e4 ] Request (ServerExternalEventsTest:setUpClass): 204 PUT http://10.180.1.21/identity/v3/projects/b8fe60e53c2c4355b4daf91f69ed6763/users/91e11674b22348b2a32510d560b7fa9d/roles/728d0a34546343d1bffe980a487ea0f3 0.050s
2025-12-09 10:46:38.235 65779 INFO tempest.lib.common.rest_client [req-c7c7be53-aaea-4f81-8eb6-28c174afd10c req-c7c7be53-aaea-4f81-8eb6-28c174afd10c ] Request (TenantUsagesTestJSON:setUpClass): 201 POST http://10.180.1.21/identity/v3/auth/tokens 0.123s
2025-12-09 10:46:38.292 65819 INFO tempest.lib.common.rest_client [req-61d2fba3-7376-49bb-84e5-1e4fd0233815 req-61d2fba3-7376-49bb-84e5-1e4fd0233815 ] Request (SecurityGroupsTestJSON:test_list_security_groups_by_server): 200 GET http://10.180.1.21/compute/v2.1/servers/a658c0fc-cddb-4363-8ead-663ce359b5f6 5.571s
2025-12-09 10:46:38.322 65791 INFO tempest.lib.common.rest_client [req-7996bad3-8625-4efc-9134-05f4a141f4da req-7996bad3-8625-4efc-9134-05f4a141f4da ] Request (ServerExternalEventsTest:setUpClass): 200 GET http://10.180.1.21/identity/v3/roles 0.100s
2025-12-09 10:46:38.332 65779 INFO tempest.lib.common.rest_client [req-49716847-0e65-47fc-880b-b2a81496f691 req-49716847-0e65-47fc-880b-b2a81496f691 ] Request (TenantUsagesTestJSON:setUpClass): 201 POST http://10.180.1.21/identity/v3/projects 0.093s
2025-12-09 10:46:38.344 65791 INFO tempest.lib.common.rest_client [req-311cb68b-b082-403c-836a-cf114311fdd5 req-311cb68b-b082-403c-836a-cf114311fdd5 ] Request (ServerExternalEventsTest:setUpClass): 204 PUT http://10.180.1.21/identity/v3/projects/b8fe60e53c2c4355b4daf91f69ed6763/users/91e11674b22348b2a32510d560b7fa9d/roles/728d0a34546343d1bffe980a487ea0f3 0.021s
2025-12-09 10:46:38.344 65791 INFO tempest.lib.common.dynamic_creds [-] Dynamic test user 91e11674b22348b2a32510d560b7fa9d is created with scope project and roles: ['admin']
2025-12-09 10:46:38.344 65791 INFO tempest.lib.common.dynamic_creds [-] Acquired dynamic creds: credentials: Credentials: {'domain_id': 'default', 'domain_name': 'Default', 'username': 'tempest-ServerExternalEventsTest-355658143-project-admin', 'project_domain_id': 'default', 'project_domain_name': 'Default', 'project_id': 'b8fe60e53c2c4355b4daf91f69ed6763', 'project_name': 'tempest-ServerExternalEventsTest-355658143', 'tenant_id': 'b8fe60e53c2c4355b4daf91f69ed6763', 'tenant_name': 'tempest-ServerExternalEventsTest-355658143', 'user_domain_id': 'default', 'user_domain_name': 'Default', 'user_id': '91e11674b22348b2a32510d560b7fa9d', 'system': None}, Network: None, Subnet: None, Router: None
2025-12-09 10:46:38.344 65791 INFO tempest.lib.common.dynamic_creds [-] Created isolated network resources for: credentials: Credentials: {'domain_id': 'default', 'domain_name': 'Default', 'username': 'tempest-ServerExternalEventsTest-355658143-project-admin', 'project_domain_id': 'default', 'project_domain_name': 'Default', 'project_id': 'b8fe60e53c2c4355b4daf91f69ed6763', 'project_name': 'tempest-ServerExternalEventsTest-355658143', 'tenant_id': 'b8fe60e53c2c4355b4daf91f69ed6763', 'tenant_name': 'tempest-ServerExternalEventsTest-355658143', 'user_domain_id': 'default', 'user_domain_name': 'Default', 'user_id': '91e11674b22348b2a32510d560b7fa9d', 'system': None}, Network: None, Subnet: None, Router: None
2025-12-09 10:46:38.381 65795 INFO tempest.lib.common.rest_client [req-e77c6b9e-dd66-4b43-af2c-ddef1d2cae15 req-e77c6b9e-dd66-4b43-af2c-ddef1d2cae15 ] Request (FloatingIPsAssociationNegativeTestJSON:setUpClass): 200 GET http://10.180.1.21/compute/v2.1/servers/0c4ed1b3-7635-4696-9957-9c3f46609ba6 5.591s
2025-12-09 10:46:38.389 65795 INFO tempest.common.waiters [-] State transition "BUILD/None" ==> "BUILD/networking" after 13 second wait
2025-12-09 10:46:38.402 65761 INFO tempest.lib.common.rest_client [req-68d22a6a-d4a9-4a78-8197-0dd7dfddffbc req-68d22a6a-d4a9-4a78-8197-0dd7dfddffbc ] Request (ImagesDeleteNegativeTestJSON:test_delete_image_with_id_over_character_limit): 404 DELETE http://10.180.1.21/compute/v2.1/images/83f4035b-938a-44cb-92a7-f6e2c9ba71ab1 5.461s
