2025-12-09 10:45:59.006 65787 INFO tempest.lib.common.rest_client [req-5e484434-052a-4277-adad-338f653f5fb6 req-5e484434-052a-4277-adad-338f653f5fb6 ] Request (AZAdminNegativeTestJSON:setUpClass): 201 POST http://10.180.1.21/identity/v3/auth/tokens 0.713s
2025-12-09 10:45:59.024 65807 INFO tempest.lib.common.rest_client [req-f7c03b1a-a25e-4384-b5b1-3f4d6b0ee5c7 req-f7c03b1a-a25e-4384-b5b1-3f4d6b0ee5c7 ] Request (VolumesAssistedSnapshotsTest:setUpClass): 201 POST http://10.180.1.21/networking/v2.0/routers 0.663s
2025-12-09 10:45:59.050 65815 INFO tempest.lib.common.rest_client [req-2a54d5b4-18e5-4533-a8e1-9088f0b9aced req-2a54d5b4-18e5-4533-a8e1-9088f0b9aced ] Request (DeleteServersAdminTestJSON:setUpClass): 204 PUT http://10.180.1.21/identity/v3/projects/ec7905da46034f9b888278be3c3e0441/users/02f0cd3e96c748d3a7ea5fa166d30735/roles/907e36db99fe4fe1befbf1e70cd7dbe5 0.719s
2025-12-09 10:45:59.051 65815 INFO tempest.lib.common.dynamic_creds [-] Dynamic test user 02f0cd3e96c748d3a7ea5fa166d30735 is created with scope project and roles: ['member']
2025-12-09 10:45:59.051 65815 INFO tempest.lib.common.dynamic_creds [-] Acquired dynamic creds: credentials: Credentials: {'domain_id': 'default', 'domain_name': 'Default', 'username': 'tempest-DeleteServersAdminTestJSON-2086434646-project-member', 'project_domain_id': 'default', 'project_domain_name': 'Default', 'project_id': 'ec7905da46034f9b888278be3c3e0441', 'project_name': 'tempest-DeleteServersAdminTestJSON-2086434646', 'tenant_id': 'ec7905da46034f9b888278be3c3e0441', 'tenant_name': 'tempest-DeleteServersAdminTestJSON-2086434646', 'user_domain_id': 'default', 'user_domain_name': 'Default', 'user_id': '02f0cd3e96c748d3a7ea5fa166d30735', 'system': None}, Network: None, Subnet: None, Router: None
2025-12-09 10:45:59.051 65815 INFO tempest.lib.common.dynamic_creds [-] Created isolated network resources for: credentials: Credentials: {'domain_id': 'default', 'domain_name': 'Default', 'username': 'tempest-DeleteServersAdminTestJSON-2086434646-project-member', 'project_domain_id': 'default', 'project_domain_name': 'Default', 'project_id': 'ec7905da46034f9b888278be3c3e0441', 'project_name': 'tempest-DeleteServersAdminTestJSON-2086434646', 'tenant_id': 'ec7905da46034f9b888278be3c3e0441', 'tenant_name': 'tempest-DeleteServersAdminTestJSON-2086434646', 'user_domain_id': 'default', 'user_domain_name': 'Default', 'user_id': '02f0cd3e96c748d3a7ea5fa166d30735', 'system': None}, Network: None, Subnet: None, Router: None
2025-12-09 10:45:59.063 65793 INFO tempest.lib.common.rest_client [req-e25f47e6-0b17-412b-89ef-ed09dd5476f0 req-e25f47e6-0b17-412b-89ef-ed09dd5476f0 ] Request (ServersListShow298Test:setUpClass): 204 PUT http://10.180.1.21/identity/v3/projects/49655c7c2a5747d2a38ac5de8b3930d5/users/af260d9add774f8a9e34aef7045a66ea/roles/907e36db99fe4fe1befbf1e70cd7dbe5 0.729s
2025-12-09 10:45:59.063 65793 INFO tempest.lib.common.dynamic_creds [-] Dynamic test user af260d9add774f8a9e34aef7045a66ea is created with scope project and roles: ['member']
2025-12-09 10:45:59.063 65793 INFO tempest.lib.common.dynamic_creds [-] Acquired dynamic creds: credentials: Credentials: {'domain_id': 'default', 'domain_name': 'Default', 'username': 'tempest-ServersListShow298Test-1665007878-project-member', 'project_domain_id': 'default', 'project_domain_name': 'Default', 'project_id': '49655c7c2a5747d2a38ac5de8b3930d5', 'project_name': 'tempest-ServersListShow298Test-1665007878', 'tenant_id': '49655c7c2a5747d2a38ac5de8b3930d5', 'tenant_name': 'tempest-ServersListShow298Test-1665007878', 'user_domain_id': 'default', 'user_domain_name': 'Default', 'user_id': 'af260d9add774f8a9e34aef7045a66ea', 'system': None}, Network: None, Subnet: None, Router: None
2025-12-09 10:45:59.064 65793 INFO tempest.lib.common.dynamic_creds [-] Created isolated network resources for: credentials: Credentials: {'domain_id': 'default', 'domain_name': 'Default', 'username': 'tempest-ServersListShow298Test-1665007878-project-member', 'project_domain_id': 'default', 'project_domain_name': 'Default', 'project_id': '49655c7c2a5747d2a38ac5de8b3930d5', 'project_name': 'tempest-ServersListShow298Test-1665007878', 'tenant_id': '49655c7c2a5747d2a38ac5de8b3930d5', 'tenant_name': 'tempest-ServersListShow298Test-1665007878', 'user_domain_id': 'default', 'user_domain_name': 'Default', 'user_id': 'af260d9add774f8a9e34aef7045a66ea', 'system': None}, Network: None, Subnet: None, Router: None
2025-12-09 10:45:59.102 65819 INFO tempest.lib.common.rest_client [req-3e7288cf-3f35-46a7-920f-ac4e8c0bcb46 req-3e7288cf-3f35-46a7-920f-ac4e8c0bcb46 ] Request (SecurityGroupsTestJSON:setUpClass): 201 POST http://10.180.1.21/identity/v3/auth/tokens 0.747s
2025-12-09 10:45:59.131 65779 INFO tempest.lib.common.rest_client [req-dabee984-7338-4a6c-ae83-4587ab38f2bd req-dabee984-7338-4a6c-ae83-4587ab38f2bd ] Request (InstanceUsageAuditLogTestJSON:setUpClass): 201 POST http://10.180.1.21/identity/v3/auth/tokens 0.721s
2025-12-09 10:45:59.132 65817 INFO tempest.lib.common.rest_client [req-109de2a0-eb3a-4e37-a22e-647055c3664d req-109de2a0-eb3a-4e37-a22e-647055c3664d ] Request (NetworksTest:setUpClass): 201 POST http://10.180.1.21/identity/v3/projects 0.673s
2025-12-09 10:45:59.193 65761 INFO tempest.lib.common.rest_client [req-54dfb0d8-ced3-4e1f-9f46-2e0c0668d2ec req-54dfb0d8-ced3-4e1f-9f46-2e0c0668d2ec ] Request (QuotasAdminTestV257:setUpClass): 204 PUT http://10.180.1.21/identity/v3/projects/9cd989499495454c9765c637a9959750/users/f803ebed1844480ba2f66fbe104857c7/roles/907e36db99fe4fe1befbf1e70cd7dbe5 0.699s
2025-12-09 10:45:59.193 65761 INFO tempest.lib.common.dynamic_creds [-] Dynamic test user f803ebed1844480ba2f66fbe104857c7 is created with scope project and roles: ['member']
2025-12-09 10:45:59.193 65803 INFO tempest.lib.common.rest_client [req-cf6a7426-b778-4e7e-87a5-b393dbc1468d req-cf6a7426-b778-4e7e-87a5-b393dbc1468d ] Request (SecurityGroupsNegativeTestJSON:setUpClass): 204 PUT http://10.180.1.21/identity/v3/projects/4a978c99bbc94b8fadf45db1d6398eab/users/e0a0c92184964439b055e7d40b8c1907/roles/907e36db99fe4fe1befbf1e70cd7dbe5 0.677s
2025-12-09 10:45:59.193 65761 INFO tempest.lib.common.dynamic_creds [-] Acquired dynamic creds: credentials: Credentials: {'domain_id': 'default', 'domain_name': 'Default', 'username': 'tempest-QuotasAdminTestV257-730608601-project-member', 'project_domain_id': 'default', 'project_domain_name': 'Default', 'project_id': '9cd989499495454c9765c637a9959750', 'project_name': 'tempest-QuotasAdminTestV257-730608601', 'tenant_id': '9cd989499495454c9765c637a9959750', 'tenant_name': 'tempest-QuotasAdminTestV257-730608601', 'user_domain_id': 'default', 'user_domain_name': 'Default', 'user_id': 'f803ebed1844480ba2f66fbe104857c7', 'system': None}, Network: None, Subnet: None, Router: None
2025-12-09 10:45:59.193 65761 INFO tempest.lib.common.dynamic_creds [-] Created isolated network resources for: credentials: Credentials: {'domain_id': 'default', 'domain_name': 'Default', 'username': 'tempest-QuotasAdminTestV257-730608601-project-member', 'project_domain_id': 'default', 'project_domain_name': 'Default', 'project_id': '9cd989499495454c9765c637a9959750', 'project_name': 'tempest-QuotasAdminTestV257-730608601', 'tenant_id': '9cd989499495454c9765c637a9959750', 'tenant_name': 'tempest-QuotasAdminTestV257-730608601', 'user_domain_id': 'default', 'user_domain_name': 'Default', 'user_id': 'f803ebed1844480ba2f66fbe104857c7', 'system': None}, Network: None, Subnet: None, Router: None
2025-12-09 10:45:59.193 65803 INFO tempest.lib.common.dynamic_creds [-] Dynamic test user e0a0c92184964439b055e7d40b8c1907 is created with scope project and roles: ['member']
2025-12-09 10:45:59.194 65803 INFO tempest.lib.common.dynamic_creds [-] Acquired dynamic creds: credentials: Credentials: {'domain_id': 'default', 'domain_name': 'Default', 'username': 'tempest-SecurityGroupsNegativeTestJSON-47519716-project-member', 'project_domain_id': 'default', 'project_domain_name': 'Default', 'project_id': '4a978c99bbc94b8fadf45db1d6398eab', 'project_name': 'tempest-SecurityGroupsNegativeTestJSON-47519716', 'tenant_id': '4a978c99bbc94b8fadf45db1d6398eab', 'tenant_name': 'tempest-SecurityGroupsNegativeTestJSON-47519716', 'user_domain_id': 'default', 'user_domain_name': 'Default', 'user_id': 'e0a0c92184964439b055e7d40b8c1907', 'system': None}, Network: None, Subnet: None, Router: None
2025-12-09 10:45:59.249 65791 INFO tempest.lib.common.rest_client [req-4b421ce7-7164-4948-8f12-1a1b9857391f req-4b421ce7-7164-4948-8f12-1a1b9857391f ] Request (HypervisorAdminNegativeTestJSON:setUpClass): 204 PUT http://10.180.1.21/identity/v3/projects/f774b4e6d5df48f5a91a15e0d5ca819c/users/fbc25937c6bb4da4998d5b1aed1cd074/roles/907e36db99fe4fe1befbf1e70cd7dbe5 0.713s
2025-12-09 10:45:59.249 65791 INFO tempest.lib.common.dynamic_creds [-] Dynamic test user fbc25937c6bb4da4998d5b1aed1cd074 is created with scope project and roles: ['member']
2025-12-09 10:45:59.249 65791 INFO tempest.lib.common.dynamic_creds [-] Acquired dynamic creds: credentials: Credentials: {'domain_id': 'default', 'domain_name': 'Default', 'username': 'tempest-HypervisorAdminNegativeTestJSON-647008921-project-member', 'project_domain_id': 'default', 'project_domain_name': 'Default', 'project_id': 'f774b4e6d5df48f5a91a15e0d5ca819c', 'project_name': 'tempest-HypervisorAdminNegativeTestJSON-647008921', 'tenant_id': 'f774b4e6d5df48f5a91a15e0d5ca819c', 'tenant_name': 'tempest-HypervisorAdminNegativeTestJSON-647008921', 'user_domain_id': 'default', 'user_domain_name': 'Default', 'user_id': 'fbc25937c6bb4da4998d5b1aed1cd074', 'system': None}, Network: None, Subnet: None, Router: None
2025-12-09 10:45:59.250 65791 INFO tempest.lib.common.dynamic_creds [-] Created isolated network resources for: credentials: Credentials: {'domain_id': 'default', 'domain_name': 'Default', 'username': 'tempest-HypervisorAdminNegativeTestJSON-647008921-project-member', 'project_domain_id': 'default', 'project_domain_name': 'Default', 'project_id': 'f774b4e6d5df48f5a91a15e0d5ca819c', 'project_name': 'tempest-HypervisorAdminNegativeTestJSON-647008921', 'tenant_id': 'f774b4e6d5df48f5a91a15e0d5ca819c', 'tenant_name': 'tempest-HypervisorAdminNegativeTestJSON-647008921', 'user_domain_id': 'default', 'user_domain_name': 'Default', 'user_id': 'fbc25937c6bb4da4998d5b1aed1cd074', 'system': None}, Network: None, Subnet: None, Router: None
2025-12-09 10:45:59.250 65795 INFO tempest.lib.common.rest_client [req-eb9c2092-c7af-4846-84cc-b2a14a168ec0 req-eb9c2092-c7af-4846-84cc-b2a14a168ec0 ] Request (HypervisorAdminV253TestBase:setUpClass): 201 POST http://10.180.1.21/identity/v3/projects 0.708s
2025-12-09 10:45:59.297 65767 INFO tempest.lib.common.rest_client [req-458bb0e2-6ebe-458e-bfcb-a906b875caab req-458bb0e2-6ebe-458e-bfcb-a906b875caab ] Request (FlavorsAdminTestJSON:setUpClass): 200 GET http://10.180.1.21/identity/v3/roles 0.727s
2025-12-09 10:45:59.300 65781 INFO tempest.lib.common.rest_client [req-e3dfeeef-ee4b-4779-92e1-4c618fbc32d4 req-e3dfeeef-ee4b-4779-92e1-4c618fbc32d4 ] Request (FlavorsExtraSpecsTestJSON:setUpClass): 204 PUT http://10.180.1.21/identity/v3/projects/7846a0c0794348b5accb8000e6f23090/users/97d5635e2e654b32bbcf26db6e08a24f/roles/907e36db99fe4fe1befbf1e70cd7dbe5 0.746s
2025-12-09 10:45:59.300 65781 INFO tempest.lib.common.dynamic_creds [-] Dynamic test user 97d5635e2e654b32bbcf26db6e08a24f is created with scope project and roles: ['member']
2025-12-09 10:45:59.300 65781 INFO tempest.lib.common.dynamic_creds [-] Acquired dynamic creds: credentials: Credentials: {'domain_id': 'default', 'domain_name': 'Default', 'username': 'tempest-FlavorsExtraSpecsTestJSON-1934539697-project-member', 'project_domain_id': 'default', 'project_domain_name': 'Default', 'project_id': '7846a0c0794348b5accb8000e6f23090', 'project_name': 'tempest-FlavorsExtraSpecsTestJSON-1934539697', 'tenant_id': '7846a0c0794348b5accb8000e6f23090', 'tenant_name': 'tempest-FlavorsExtraSpecsTestJSON-1934539697', 'user_domain_id': 'default', 'user_domain_name': 'Default', 'user_id': '97d5635e2e654b32bbcf26db6e08a24f', 'system': None}, Network: None, Subnet: None, Router: None
2025-12-09 10:45:59.301 65781 INFO tempest.lib.common.dynamic_creds [-] Created isolated network resources for: credentials: Credentials: {'domain_id': 'default', 'domain_name': 'Default', 'username': 'tempest-FlavorsExtraSpecsTestJSON-1934539697-project-member', 'project_domain_id': 'default', 'project_domain_name': 'Default', 'project_id': '7846a0c0794348b5accb8000e6f23090', 'project_name': 'tempest-FlavorsExtraSpecsTestJSON-1934539697', 'tenant_id': '7846a0c0794348b5accb8000e6f23090', 'tenant_name': 'tempest-FlavorsExtraSpecsTestJSON-1934539697', 'user_domain_id': 'default', 'user_domain_name': 'Default', 'user_id': '97d5635e2e654b32bbcf26db6e08a24f', 'system': None}, Network: None, Subnet: None, Router: None
2025-12-09 10:45:59.355 65811 INFO tempest.lib.common.rest_client [req-62f897b3-615c-4e52-86b8-fd63aaba27d1 req-62f897b3-615c-4e52-86b8-fd63aaba27d1 ] Request (HypervisorAdminNegativeUnderV252Test:setUpClass): 204 PUT http://10.180.1.21/identity/v3/projects/cde56ecb74b646ea80921a7d81fdf280/users/7aaaceae39aa4366b26faae2c8b2b624/roles/907e36db99fe4fe1befbf1e70cd7dbe5 0.785s
2025-12-09 10:45:59.355 65811 INFO tempest.lib.common.dynamic_creds [-] Dynamic test user 7aaaceae39aa4366b26faae2c8b2b624 is created with scope project and roles: ['member']
2025-12-09 10:45:59.356 65811 INFO tempest.lib.common.dynamic_creds [-] Acquired dynamic creds: credentials: Credentials: {'domain_id': 'default', 'domain_name': 'Default', 'username': 'tempest-HypervisorAdminNegativeUnderV252Test-2029033900-project-member', 'project_domain_id': 'default', 'project_domain_name': 'Default', 'project_id': 'cde56ecb74b646ea80921a7d81fdf280', 'project_name': 'tempest-HypervisorAdminNegativeUnderV252Test-2029033900', 'tenant_id': 'cde56ecb74b646ea80921a7d81fdf280', 'tenant_name': 'tempest-HypervisorAdminNegativeUnderV252Test-2029033900', 'user_domain_id': 'default', 'user_domain_name': 'Default', 'user_id': '7aaaceae39aa4366b26faae2c8b2b624', 'system': None}, Network: None, Subnet: None, Router: None
2025-12-09 10:45:59.356 65811 INFO tempest.lib.common.dynamic_creds [-] Created isolated network resources for: credentials: Credentials: {'domain_id': 'default', 'domain_name': 'Default', 'username': 'tempest-HypervisorAdminNegativeUnderV252Test-2029033900-project-member', 'project_domain_id': 'default', 'project_domain_name': 'Default', 'project_id': 'cde56ecb74b646ea80921a7d81fdf280', 'project_name': 'tempest-HypervisorAdminNegativeUnderV252Test-2029033900', 'tenant_id': 'cde56ecb74b646ea80921a7d81fdf280', 'tenant_name': 'tempest-HypervisorAdminNegativeUnderV252Test-2029033900', 'user_domain_id': 'default', 'user_domain_name': 'Default', 'user_id': '7aaaceae39aa4366b26faae2c8b2b624', 'system': None}, Network: None, Subnet: None, Router: None
2025-12-09 10:45:59.362 65813 INFO tempest.lib.common.rest_client [req-a8648a29-8754-4bb3-b90a-ea4b6475a08f req-a8648a29-8754-4bb3-b90a-ea4b6475a08f ] Request (FlavorsAccessNegativeTestJSON:setUpClass): 204 PUT http://10.180.1.21/identity/v3/projects/e25a63ee0972469893ca6888af11f382/users/7503d16da39443be9128a45e5f77a6fa/roles/907e36db99fe4fe1befbf1e70cd7dbe5 0.743s
2025-12-09 10:45:59.363 65813 INFO tempest.lib.common.dynamic_creds [-] Dynamic test user 7503d16da39443be9128a45e5f77a6fa is created with scope project and roles: ['member']
2025-12-09 10:45:59.363 65813 INFO tempest.lib.common.dynamic_creds [-] Acquired dynamic creds: credentials: Credentials: {'domain_id': 'default', 'domain_name': 'Default', 'username': 'tempest-FlavorsAccessNegativeTestJSON-198434189-project-member', 'project_domain_id': 'default', 'project_domain_name': 'Default', 'project_id': 'e25a63ee0972469893ca6888af11f382', 'project_name': 'tempest-FlavorsAccessNegativeTestJSON-198434189', 'tenant_id': 'e25a63ee0972469893ca6888af11f382', 'tenant_name': 'tempest-FlavorsAccessNegativeTestJSON-198434189', 'user_domain_id': 'default', 'user_domain_name': 'Default', 'user_id': '7503d16da39443be9128a45e5f77a6fa', 'system': None}, Network: None, Subnet: None, Router: None
2025-12-09 10:45:59.363 65813 INFO tempest.lib.common.dynamic_creds [-] Created isolated network resources for: credentials: Credentials: {'domain_id': 'default', 'domain_name': 'Default', 'username': 'tempest-FlavorsAccessNegativeTestJSON-198434189-project-member', 'project_domain_id': 'default', 'project_domain_name': 'Default', 'project_id': 'e25a63ee0972469893ca6888af11f382', 'project_name': 'tempest-FlavorsAccessNegativeTestJSON-198434189', 'tenant_id': 'e25a63ee0972469893ca6888af11f382', 'tenant_name': 'tempest-FlavorsAccessNegativeTestJSON-198434189', 'user_domain_id': 'default', 'user_domain_name': 'Default', 'user_id': '7503d16da39443be9128a45e5f77a6fa', 'system': None}, Network: None, Subnet: None, Router: None
2025-12-09 10:45:59.417 65775 INFO tempest.lib.common.rest_client [req-957e6feb-602d-40d3-b57d-bcf05a6caf9e req-957e6feb-602d-40d3-b57d-bcf05a6caf9e ] Request (KeyPairsV210TestJSON:setUpClass): 204 PUT http://10.180.1.21/identity/v3/projects/da4894c07de34aafa052cf8f3db942e1/users/f3a0f707ee7144708a0afb82431d374c/roles/907e36db99fe4fe1befbf1e70cd7dbe5 0.797s
2025-12-09 10:45:59.417 65775 INFO tempest.lib.common.dynamic_creds [-] Dynamic test user f3a0f707ee7144708a0afb82431d374c is created with scope project and roles: ['member']
2025-12-09 10:45:59.417 65775 INFO tempest.lib.common.dynamic_creds [-] Acquired dynamic creds: credentials: Credentials: {'domain_id': 'default', 'domain_name': 'Default', 'username': 'tempest-KeyPairsV210TestJSON-296120199-project-member', 'project_domain_id': 'default', 'project_domain_name': 'Default', 'project_id': 'da4894c07de34aafa052cf8f3db942e1', 'project_name': 'tempest-KeyPairsV210TestJSON-296120199', 'tenant_id': 'da4894c07de34aafa052cf8f3db942e1', 'tenant_name': 'tempest-KeyPairsV210TestJSON-296120199', 'user_domain_id': 'default', 'user_domain_name': 'Default', 'user_id': 'f3a0f707ee7144708a0afb82431d374c', 'system': None}, Network: None, Subnet: None, Router: None
2025-12-09 10:45:59.417 65775 INFO tempest.lib.common.dynamic_creds [-] Created isolated network resources for: credentials: Credentials: {'domain_id': 'default', 'domain_name': 'Default', 'username': 'tempest-KeyPairsV210TestJSON-296120199-project-member', 'project_domain_id': 'default', 'project_domain_name': 'Default', 'project_id': 'da4894c07de34aafa052cf8f3db942e1', 'project_name': 'tempest-KeyPairsV210TestJSON-296120199', 'tenant_id': 'da4894c07de34aafa052cf8f3db942e1', 'tenant_name': 'tempest-KeyPairsV210TestJSON-296120199', 'user_domain_id': 'default', 'user_domain_name': 'Default', 'user_id': 'f3a0f707ee7144708a0afb82431d374c', 'system': None}, Network: None, Subnet: None, Router: None
2025-12-09 10:45:59.420 65799 INFO tempest.lib.common.rest_client [req-286835e8-11c4-44b8-84eb-e3ed84a49c87 req-286835e8-11c4-44b8-84eb-e3ed84a49c87 ] Request (ServersAdminNegativeTestJSON:setUpClass): 204 PUT http://10.180.1.21/identity/v3/projects/6da1aa0e98aa4da19b14abb3905f1a00/users/c4fed2bbec01430e927172d77b30862a/roles/907e36db99fe4fe1befbf1e70cd7dbe5 0.784s
2025-12-09 10:45:59.420 65799 INFO tempest.lib.common.dynamic_creds [-] Dynamic test user c4fed2bbec01430e927172d77b30862a is created with scope project and roles: ['member']
2025-12-09 10:45:59.420 65799 INFO tempest.lib.common.dynamic_creds [-] Acquired dynamic creds: credentials: Credentials: {'domain_id': 'default', 'domain_name': 'Default', 'username': 'tempest-ServersAdminNegativeTestJSON-848038757-project-member', 'project_domain_id': 'default', 'project_domain_name': 'Default', 'project_id': '6da1aa0e98aa4da19b14abb3905f1a00', 'project_name': 'tempest-ServersAdminNegativeTestJSON-848038757', 'tenant_id': '6da1aa0e98aa4da19b14abb3905f1a00', 'tenant_name': 'tempest-ServersAdminNegativeTestJSON-848038757', 'user_domain_id': 'default', 'user_domain_name': 'Default', 'user_id': 'c4fed2bbec01430e927172d77b30862a', 'system': None}, Network: None, Subnet: None, Router: None
2025-12-09 10:45:59.421 65799 INFO tempest.lib.common.dynamic_creds [-] Created isolated network resources for: credentials: Credentials: {'domain_id': 'default', 'domain_name': 'Default', 'username': 'tempest-ServersAdminNegativeTestJSON-848038757-project-member', 'project_domain_id': 'default', 'project_domain_name': 'Default', 'project_id': '6da1aa0e98aa4da19b14abb3905f1a00', 'project_name': 'tempest-ServersAdminNegativeTestJSON-848038757', 'tenant_id': '6da1aa0e98aa4da19b14abb3905f1a00', 'tenant_name': 'tempest-ServersAdminNegativeTestJSON-848038757', 'user_domain_id': 'default', 'user_domain_name': 'Default', 'user_id': 'c4fed2bbec01430e927172d77b30862a', 'system': None}, Network: None, Subnet: None, Router: None
2025-12-09 10:45:59.471 65785 INFO tempest.lib.common.rest_client [req-fe5052ab-a595-4d51-9c54-4b60c645c0cc req-fe5052ab-a595-4d51-9c54-4b60c645c0cc ] Request (FloatingIPDetailsNegativeTestJSON:setUpClass): 201 POST http://10.180.1.21/identity/v3/auth/tokens 0.820s
2025-12-09 10:45:59.483 65801 INFO tempest.lib.common.rest_client [req-859e19fe-e215-4d6f-bdac-73c50284c550 req-859e19fe-e215-4d6f-bdac-73c50284c550 ] Request (FlavorsV255TestJSON:setUpClass): 201 POST http://10.180.1.21/identity/v3/auth/tokens 0.818s
2025-12-09 10:45:59.497 65809 INFO tempest.lib.common.rest_client [req-4d2c9e2d-792e-474f-8abc-646d60bb1b2a req-4d2c9e2d-792e-474f-8abc-646d60bb1b2a ] Request (MultipleCreateNegativeTestJSON:setUpClass): 204 PUT http://10.180.1.21/identity/v3/projects/5156a2afc3254063918778f99ab41832/users/3f570a7cc12c43bdb9765a4235372105/roles/907e36db99fe4fe1befbf1e70cd7dbe5 0.788s
2025-12-09 10:45:59.497 65809 INFO tempest.lib.common.dynamic_creds [-] Dynamic test user 3f570a7cc12c43bdb9765a4235372105 is created with scope project and roles: ['member']
2025-12-09 10:45:59.498 65809 INFO tempest.lib.common.dynamic_creds [-] Acquired dynamic creds: credentials: Credentials: {'domain_id': 'default', 'domain_name': 'Default', 'username': 'tempest-MultipleCreateNegativeTestJSON-73650478-project-member', 'project_domain_id': 'default', 'project_domain_name': 'Default', 'project_id': '5156a2afc3254063918778f99ab41832', 'project_name': 'tempest-MultipleCreateNegativeTestJSON-73650478', 'tenant_id': '5156a2afc3254063918778f99ab41832', 'tenant_name': 'tempest-MultipleCreateNegativeTestJSON-73650478', 'user_domain_id': 'default', 'user_domain_name': 'Default', 'user_id': '3f570a7cc12c43bdb9765a4235372105', 'system': None}, Network: None, Subnet: None, Router: None
2025-12-09 10:45:59.498 65809 INFO tempest.lib.common.dynamic_creds [-] Created isolated network resources for: credentials: Credentials: {'domain_id': 'default', 'domain_name': 'Default', 'username': 'tempest-MultipleCreateNegativeTestJSON-73650478-project-member', 'project_domain_id': 'default', 'project_domain_name': 'Default', 'project_id': '5156a2afc3254063918778f99ab41832', 'project_name': 'tempest-MultipleCreateNegativeTestJSON-73650478', 'tenant_id': '5156a2afc3254063918778f99ab41832', 'tenant_name': 'tempest-MultipleCreateNegativeTestJSON-73650478', 'user_domain_id': 'default', 'user_domain_name': 'Default', 'user_id': '3f570a7cc12c43bdb9765a4235372105', 'system': None}, Network: None, Subnet: None, Router: None
2025-12-09 10:45:59.507 65783 INFO tempest.lib.common.rest_client [req-ffd29fac-37ad-4090-9125-4668d55c5b65 req-ffd29fac-37ad-4090-9125-4668d55c5b65 ] Request (HostsAdminTestJSON:setUpClass): 201 POST http://10.180.1.21/identity/v3/users 0.775s
2025-12-09 10:45:59.557 65777 INFO tempest.lib.common.rest_client [req-10fa49e3-a6d6-4808-8a97-c19188ddeefc req-10fa49e3-a6d6-4808-8a97-c19188ddeefc ] Request (AZAdminV2TestJSON:setUpClass): 201 POST http://10.180.1.21/identity/v3/auth/tokens 0.816s
2025-12-09 10:45:59.610 65805 INFO tempest.lib.common.rest_client [req-47f69fea-008b-4fb9-a2be-5de4ec067bc3 req-47f69fea-008b-4fb9-a2be-5de4ec067bc3 ] Request (QuotasAdminTestV236:setUpClass): 204 PUT http://10.180.1.21/identity/v3/projects/4dc9c3b6715c4ebba0813daa51e97520/users/07ca6530964049bfb7e40cd9e4cdec60/roles/907e36db99fe4fe1befbf1e70cd7dbe5 0.833s
2025-12-09 10:45:59.610 65805 INFO tempest.lib.common.dynamic_creds [-] Dynamic test user 07ca6530964049bfb7e40cd9e4cdec60 is created with scope project and roles: ['member']
2025-12-09 10:45:59.610 65805 INFO tempest.lib.common.dynamic_creds [-] Acquired dynamic creds: credentials: Credentials: {'domain_id': 'default', 'domain_name': 'Default', 'username': 'tempest-QuotasAdminTestV236-738012256-project-member', 'project_domain_id': 'default', 'project_domain_name': 'Default', 'project_id': '4dc9c3b6715c4ebba0813daa51e97520', 'project_name': 'tempest-QuotasAdminTestV236-738012256', 'tenant_id': '4dc9c3b6715c4ebba0813daa51e97520', 'tenant_name': 'tempest-QuotasAdminTestV236-738012256', 'user_domain_id': 'default', 'user_domain_name': 'Default', 'user_id': '07ca6530964049bfb7e40cd9e4cdec60', 'system': None}, Network: None, Subnet: None, Router: None
2025-12-09 10:45:59.610 65805 INFO tempest.lib.common.dynamic_creds [-] Created isolated network resources for: credentials: Credentials: {'domain_id': 'default', 'domain_name': 'Default', 'username': 'tempest-QuotasAdminTestV236-738012256-project-member', 'project_domain_id': 'default', 'project_domain_name': 'Default', 'project_id': '4dc9c3b6715c4ebba0813daa51e97520', 'project_name': 'tempest-QuotasAdminTestV236-738012256', 'tenant_id': '4dc9c3b6715c4ebba0813daa51e97520', 'tenant_name': 'tempest-QuotasAdminTestV236-738012256', 'user_domain_id': 'default', 'user_domain_name': 'Default', 'user_id': '07ca6530964049bfb7e40cd9e4cdec60', 'system': None}, Network: None, Subnet: None, Router: None
2025-12-09 10:45:59.647 65765 INFO tempest.lib.common.rest_client [req-d20742ef-f222-4dda-b487-bf8dea846f0e req-d20742ef-f222-4dda-b487-bf8dea846f0e ] Request (AggregatesAdminNegativeTestJSON:test_aggregate_add_host_as_user): 403 POST http://10.180.1.21/compute/v2.1/os-aggregates/2/action 0.907s
2025-12-09 10:45:59.670 65759 INFO tempest.lib.common.rest_client [req-60bdc28c-2653-4d63-b2af-1fb185beb571 req-60bdc28c-2653-4d63-b2af-1fb185beb571 ] Request (HypervisorAdminV228Test:setUpClass): 201 POST http://10.180.1.21/identity/v3/auth/tokens 0.883s
2025-12-09 10:45:59.681 65765 INFO tempest.lib.common.rest_client [req-62e3f6ed-8e1d-4ca8-9e37-66d98e251a05 req-62e3f6ed-8e1d-4ca8-9e37-66d98e251a05 ] Request (AggregatesAdminNegativeTestJSON:_run_cleanups): 200 DELETE http://10.180.1.21/compute/v2.1/os-aggregates/2 0.033s
2025-12-09 10:45:59.696 65773 INFO tempest.lib.common.rest_client [req-f8beb2b6-a0a4-47e2-a828-715dd8dadf62 req-f8beb2b6-a0a4-47e2-a828-715dd8dadf62 ] Request (ServersWithSpecificFlavorTestJSON:setUpClass): 201 POST http://10.180.1.21/identity/v3/auth/tokens 0.897s
2025-12-09 10:45:59.705 65765 INFO tempest.lib.common.rest_client [req-39260b7a-6678-467a-b16c-b91ee48b0aed req-39260b7a-6678-467a-b16c-b91ee48b0aed ] Request (AggregatesAdminNegativeTestJSON:test_aggregate_add_non_exist_host): 200 POST http://10.180.1.21/compute/v2.1/os-aggregates 0.022s
2025-12-09 10:45:59.732 65797 INFO tempest.lib.common.rest_client [req-1051c3ab-a028-4669-a166-b5765a762ef2 req-1051c3ab-a028-4669-a166-b5765a762ef2 ] Request (QuotasAdminNegativeTest:setUpClass): 201 POST http://10.180.1.21/identity/v3/auth/tokens 0.881s
2025-12-09 10:45:59.738 65765 INFO tempest.lib.common.rest_client [req-1516a0bc-6882-47b0-b2e7-5b57a5720bcb req-1516a0bc-6882-47b0-b2e7-5b57a5720bcb ] Request (AggregatesAdminNegativeTestJSON:test_aggregate_add_non_exist_host): 404 POST http://10.180.1.21/compute/v2.1/os-aggregates/3/action 0.030s
2025-12-09 10:45:59.757 65821 INFO tempest.lib.common.rest_client [req-623b47ea-8b4f-48f8-b281-55b14ad841ed req-623b47ea-8b4f-48f8-b281-55b14ad841ed ] Request (HostsAdminNegativeTestJSON:setUpClass): 201 POST http://10.180.1.21/identity/v3/projects 0.833s
2025-12-09 10:45:59.759 65763 INFO tempest.lib.common.rest_client [req-da26dc44-cbe2-4f0c-9be5-e7a26d312a0a req-da26dc44-cbe2-4f0c-9be5-e7a26d312a0a ] Request (ServerDiagnosticsTest:setUpClass): 201 POST http://10.180.1.21/identity/v3/auth/tokens 0.900s
2025-12-09 10:45:59.761 65765 INFO tempest.lib.common.rest_client [req-bb90900b-eba6-4484-99ed-2b674edaf66b req-bb90900b-eba6-4484-99ed-2b674edaf66b ] Request (AggregatesAdminNegativeTestJSON:_run_cleanups): 200 DELETE http://10.180.1.21/compute/v2.1/os-aggregates/3 0.023s
2025-12-09 10:45:59.772 65765 INFO tempest.lib.common.rest_client [req-8e4d0be4-1216-4884-8559-66452872357c req-8e4d0be4-1216-4884-8559-66452872357c ] Request (AggregatesAdminNegativeTestJSON:test_aggregate_create_aggregate_name_length_exceeds_255): 400 POST http://10.180.1.21/compute/v2.1/os-aggregates 0.009s
2025-12-09 10:45:59.781 65765 INFO tempest.lib.common.rest_client [req-a9c21e3a-b350-4d7b-924c-5a10e78f646a req-a9c21e3a-b350-4d7b-924c-5a10e78f646a ] Request (AggregatesAdminNegativeTestJSON:test_aggregate_create_aggregate_name_length_less_than_1): 400 POST http://10.180.1.21/compute/v2.1/os-aggregates 0.007s
2025-12-09 10:45:59.792 65765 INFO tempest.lib.common.rest_client [req-20f43294-6708-4388-8099-e8a85adb806f req-20f43294-6708-4388-8099-e8a85adb806f ] Request (AggregatesAdminNegativeTestJSON:test_aggregate_create_as_user): 403 POST http://10.180.1.21/compute/v2.1/os-aggregates 0.009s
2025-12-09 10:45:59.813 65771 INFO tempest.lib.common.rest_client [req-fea56067-8464-47eb-a106-b67489cb9249 req-fea56067-8464-47eb-a106-b67489cb9249 ] Request (AbsoluteLimitsTestJSON:setUpClass): 201 POST http://10.180.1.21/identity/v3/projects 0.866s
2025-12-09 10:45:59.819 65765 INFO tempest.lib.common.rest_client [req-52585379-1078-493d-a6e8-db8a2d13693d req-52585379-1078-493d-a6e8-db8a2d13693d ] Request (AggregatesAdminNegativeTestJSON:test_aggregate_create_with_existent_aggregate_name): 200 POST http://10.180.1.21/compute/v2.1/os-aggregates 0.025s
2025-12-09 10:45:59.821 65769 INFO tempest.lib.common.rest_client [req-42b08c5e-e7bf-48e1-bd28-70d3a809453c req-42b08c5e-e7bf-48e1-bd28-70d3a809453c ] Request (FlavorsExtraSpecsNegativeTestJSON:setUpClass): 201 POST http://10.180.1.21/identity/v3/auth/tokens 0.872s
2025-12-09 10:45:59.837 65765 INFO tempest.lib.common.rest_client [req-2e52daab-7405-4684-9cec-2beab6d9be9f req-2e52daab-7405-4684-9cec-2beab6d9be9f ] Request (AggregatesAdminNegativeTestJSON:test_aggregate_create_with_existent_aggregate_name): 409 POST http://10.180.1.21/compute/v2.1/os-aggregates 0.014s
2025-12-09 10:45:59.844 65807 INFO tempest.lib.common.rest_client [req-d3b1c05b-0528-4c5a-9757-e65114e3016e req-d3b1c05b-0528-4c5a-9757-e65114e3016e ] Request (VolumesAssistedSnapshotsTest:setUpClass): 200 PUT http://10.180.1.21/networking/v2.0/routers/57ddca38-d2b0-4327-b67f-ef217aea5ad4/add_router_interface 0.819s
2025-12-09 10:45:59.844 65807 INFO tempest.lib.common.dynamic_creds [-] Created isolated network resources for: credentials: Credentials: {'domain_id': 'default', 'domain_name': 'Default', 'username': 'tempest-VolumesAssistedSnapshotsTest-302458547-project-member', 'project_domain_id': 'default', 'project_domain_name': 'Default', 'project_id': 'ec00fb77a8154052808c12d8dab83b3c', 'project_name': 'tempest-VolumesAssistedSnapshotsTest-302458547', 'tenant_id': 'ec00fb77a8154052808c12d8dab83b3c', 'tenant_name': 'tempest-VolumesAssistedSnapshotsTest-302458547', 'user_domain_id': 'default', 'user_domain_name': 'Default', 'user_id': '77e4a9b5bfad410bb938d99187628e24', 'system': None}, Network: {'id': '8d476e85-5b65-497d-85b1-4634f651c2c1', 'name': 'tempest-VolumesAssistedSnapshotsTest-685849363-network', 'tenant_id': 'ec00fb77a8154052808c12d8dab83b3c', 'project_id': 'ec00fb77a8154052808c12d8dab83b3c', 'admin_state_up': True, 'mtu': 8950, 'status': 'ACTIVE', 'subnets': [], 'shared': False, 'port_security_enabled': True, 'router:external': False, 'provider:network_type': 'vlan', 'provider:physical_network': 'default', 'provider:segmentation_id': 212, 'availability_zone_hints': [], 'availability_zones': [], 'ipv4_address_scope': None, 'ipv6_address_scope': None, 'description': '', 'tags': [], 'created_at': '2025-12-09T10:45:58Z', 'updated_at': '2025-12-09T10:45:58Z', 'revision_number': 1}, Subnet: {'id': 'fef0a4ef-b8a7-40a3-b8e0-fdf2dd96e2e0', 'name': 'tempest-VolumesAssistedSnapshotsTest-685849363-subnet', 'tenant_id': 'ec00fb77a8154052808c12d8dab83b3c', 'network_id': '8d476e85-5b65-497d-85b1-4634f651c2c1', 'ip_version': 4, 'subnetpool_id': None, 'enable_dhcp': True, 'ipv6_ra_mode': None, 'ipv6_address_mode': None, 'gateway_ip': '192.168.128.1', 'cidr': '192.168.128.0/28', 'allocation_pools': [{'start': '192.168.128.2', 'end': '192.168.128.14'}], 'host_routes': [], 'dns_nameservers': [], 'description': '', 'router:external': False, 'service_types': [], 'tags': [], 'created_at': '2025-12-09T10:45:58Z', 'updated_at': '2025-12-09T10:45:58Z', 'revision_number': 0, 'project_id': 'ec00fb77a8154052808c12d8dab83b3c'}, Router: {'id': '57ddca38-d2b0-4327-b67f-ef217aea5ad4', 'name': 'tempest-VolumesAssistedSnapshotsTest-685849363-router', 'tenant_id': 'ec00fb77a8154052808c12d8dab83b3c', 'admin_state_up': True, 'status': 'ACTIVE', 'external_gateway_info': {'network_id': 'dc359e4a-ef32-4a36-95e3-6ecddfe1a05f', 'external_fixed_ips': [{'subnet_id': '0eed793a-14b8-4423-b3d7-19086128823e', 'ip_address': '10.180.180.168'}], 'enable_snat': True}, 'description': '', 'availability_zones': [], 'distributed': False, 'ha': False, 'availability_zone_hints': [], 'routes': [], 'flavor_id': None, 'tags': [], 'created_at': '2025-12-09T10:45:58Z', 'updated_at': '2025-12-09T10:45:58Z', 'revision_number': 2, 'project_id': 'ec00fb77a8154052808c12d8dab83b3c'}
2025-12-09 10:45:59.858 65765 INFO tempest.lib.common.rest_client [req-c5d762b2-2547-48ca-8b6b-52a12c810a73 req-c5d762b2-2547-48ca-8b6b-52a12c810a73 ] Request (AggregatesAdminNegativeTestJSON:_run_cleanups): 200 DELETE http://10.180.1.21/compute/v2.1/os-aggregates/4 0.020s
2025-12-09 10:45:59.882 65765 INFO tempest.lib.common.rest_client [req-83f044a4-146f-45c6-a8c2-19f7bccb43b0 req-83f044a4-146f-45c6-a8c2-19f7bccb43b0 ] Request (AggregatesAdminNegativeTestJSON:test_aggregate_delete_as_user): 200 POST http://10.180.1.21/compute/v2.1/os-aggregates 0.023s
2025-12-09 10:45:59.884 65789 INFO tempest.lib.common.rest_client [req-9b690a80-e174-4035-a124-d34901d5e741 req-9b690a80-e174-4035-a124-d34901d5e741 ] Request (HypervisorAdminTestJSON:setUpClass): 201 POST http://10.180.1.21/identity/v3/auth/tokens 0.885s
2025-12-09 10:45:59.886 65787 INFO tempest.lib.common.rest_client [req-805cfc9b-bfe3-49d3-98fa-3bf3ffb183e1 req-805cfc9b-bfe3-49d3-98fa-3bf3ffb183e1 ] Request (AZAdminNegativeTestJSON:setUpClass): 201 POST http://10.180.1.21/identity/v3/projects 0.879s
2025-12-09 10:45:59.892 65765 INFO tempest.lib.common.rest_client [req-69ecadd1-6127-442c-a520-e26cf143eada req-69ecadd1-6127-442c-a520-e26cf143eada ] Request (AggregatesAdminNegativeTestJSON:test_aggregate_delete_as_user): 403 DELETE http://10.180.1.21/compute/v2.1/os-aggregates/5 0.007s
2025-12-09 10:45:59.911 65765 INFO tempest.lib.common.rest_client [req-7ce2ff75-99a7-4133-b2da-834806fdda9e req-7ce2ff75-99a7-4133-b2da-834806fdda9e ] Request (AggregatesAdminNegativeTestJSON:_run_cleanups): 200 DELETE http://10.180.1.21/compute/v2.1/os-aggregates/5 0.019s
2025-12-09 10:45:59.930 65765 INFO tempest.lib.common.rest_client [req-39fd291f-2d8b-4953-972e-dc781ed3317a req-39fd291f-2d8b-4953-972e-dc781ed3317a ] Request (AggregatesAdminNegativeTestJSON:test_aggregate_delete_with_invalid_id): 404 DELETE http://10.180.1.21/compute/v2.1/os-aggregates/-1 0.017s
2025-12-09 10:45:59.952 65815 INFO tempest.lib.common.rest_client [req-fe76838a-0857-4fb2-9457-930435816cc6 req-fe76838a-0857-4fb2-9457-930435816cc6 ] Request (DeleteServersAdminTestJSON:setUpClass): 201 POST http://10.180.1.21/identity/v3/auth/tokens 0.895s
2025-12-09 10:45:59.954 65765 INFO tempest.lib.common.rest_client [req-44680a55-e220-4803-b33c-54a12cf89730 req-44680a55-e220-4803-b33c-54a12cf89730 ] Request (AggregatesAdminNegativeTestJSON:test_aggregate_get_details_as_user): 200 POST http://10.180.1.21/compute/v2.1/os-aggregates 0.023s
2025-12-09 10:45:59.967 65765 INFO tempest.lib.common.rest_client [req-c9e516dc-d3a2-45b5-ac28-b44c25b408e1 req-c9e516dc-d3a2-45b5-ac28-b44c25b408e1 ] Request (AggregatesAdminNegativeTestJSON:test_aggregate_get_details_as_user): 403 GET http://10.180.1.21/compute/v2.1/os-aggregates/6 0.011s
2025-12-09 10:45:59.968 65793 INFO tempest.lib.common.rest_client [req-1ed02476-244a-4b0a-8c7e-8e484a82c044 req-1ed02476-244a-4b0a-8c7e-8e484a82c044 ] Request (ServersListShow298Test:setUpClass): 201 POST http://10.180.1.21/identity/v3/auth/tokens 0.902s
2025-12-09 10:45:59.992 65765 INFO tempest.lib.common.rest_client [req-3df51e77-6fb4-4dc2-85d0-3f4e5491f689 req-3df51e77-6fb4-4dc2-85d0-3f4e5491f689 ] Request (AggregatesAdminNegativeTestJSON:_run_cleanups): 200 DELETE http://10.180.1.21/compute/v2.1/os-aggregates/6 0.024s
2025-12-09 10:46:00.004 65765 INFO tempest.lib.common.rest_client [req-8c07f021-a6c2-4874-bc3b-53bc3dbb7c14 req-8c07f021-a6c2-4874-bc3b-53bc3dbb7c14 ] Request (AggregatesAdminNegativeTestJSON:test_aggregate_get_details_with_invalid_id): 404 GET http://10.180.1.21/compute/v2.1/os-aggregates/-1 0.011s
2025-12-09 10:46:00.013 65765 INFO tempest.lib.common.rest_client [req-cbb01bf0-f23b-4c91-8265-8dfa447b835a req-cbb01bf0-f23b-4c91-8265-8dfa447b835a ] Request (AggregatesAdminNegativeTestJSON:test_aggregate_list_as_user): 403 GET http://10.180.1.21/compute/v2.1/os-aggregates 0.007s
2025-12-09 10:46:00.027 65779 INFO tempest.lib.common.rest_client [req-51aaf701-9032-41de-a1a1-72e8cfec19d5 req-51aaf701-9032-41de-a1a1-72e8cfec19d5 ] Request (InstanceUsageAuditLogTestJSON:setUpClass): 201 POST http://10.180.1.21/identity/v3/projects 0.896s
2025-12-09 10:46:00.045 65765 INFO tempest.lib.common.rest_client [req-c2c4331f-3b7b-403c-969f-cbe78f5520e9 req-c2c4331f-3b7b-403c-969f-cbe78f5520e9 ] Request (AggregatesAdminNegativeTestJSON:test_aggregate_remove_host_as_user): 200 POST http://10.180.1.21/compute/v2.1/os-aggregates 0.030s
2025-12-09 10:46:00.090 65817 INFO tempest.lib.common.rest_client [req-5ad8deac-6855-4015-9009-65faa65314b7 req-5ad8deac-6855-4015-9009-65faa65314b7 ] Request (NetworksTest:setUpClass): 201 POST http://10.180.1.21/identity/v3/users 0.955s
2025-12-09 10:46:00.097 65803 INFO tempest.lib.common.rest_client [req-e74679a9-1f55-4075-98e1-fc5b4a02e17a req-e74679a9-1f55-4075-98e1-fc5b4a02e17a ] Request (SecurityGroupsNegativeTestJSON:setUpClass): 201 POST http://10.180.1.21/identity/v3/auth/tokens 0.903s
2025-12-09 10:46:00.158 65795 INFO tempest.lib.common.rest_client [req-c6f6df9b-9942-4cbe-bab7-0160fd6a34c8 req-c6f6df9b-9942-4cbe-bab7-0160fd6a34c8 ] Request (HypervisorAdminV253TestBase:setUpClass): 201 POST http://10.180.1.21/identity/v3/users 0.906s
2025-12-09 10:46:00.178 65765 INFO tempest.lib.common.rest_client [req-48019f09-6841-44a8-9237-81f34a8172c5 req-48019f09-6841-44a8-9237-81f34a8172c5 ] Request (AggregatesAdminNegativeTestJSON:test_aggregate_remove_host_as_user): 200 POST http://10.180.1.21/compute/v2.1/os-aggregates/7/action 0.131s
2025-12-09 10:46:00.189 65765 INFO tempest.lib.common.rest_client [req-1433bc57-e3e9-4c44-bea6-e2c84cff3848 req-1433bc57-e3e9-4c44-bea6-e2c84cff3848 ] Request (AggregatesAdminNegativeTestJSON:test_aggregate_remove_host_as_user): 403 POST http://10.180.1.21/compute/v2.1/os-aggregates/7/action 0.009s
2025-12-09 10:46:00.203 65761 INFO tempest.lib.common.rest_client [req-fb46e8ab-47de-41e5-be40-0adea037de52 req-fb46e8ab-47de-41e5-be40-0adea037de52 ] Request (QuotasAdminTestV257:setUpClass): 201 POST http://10.180.1.21/identity/v3/auth/tokens 1.004s
2025-12-09 10:46:00.222 65767 INFO tempest.lib.common.rest_client [req-18e8836e-cb2c-490a-9716-0c33d377a944 req-18e8836e-cb2c-490a-9716-0c33d377a944 ] Request (FlavorsAdminTestJSON:setUpClass): 204 PUT http://10.180.1.21/identity/v3/projects/dd32eaf8830e45efb6eaaff17f172dbe/users/e7df237fec1e4eb9b09d337234ca25df/roles/728d0a34546343d1bffe980a487ea0f3 0.924s
2025-12-09 10:46:00.222 65767 INFO tempest.lib.common.dynamic_creds [-] Dynamic test user e7df237fec1e4eb9b09d337234ca25df is created with scope project and roles: ['admin']
2025-12-09 10:46:00.222 65767 INFO tempest.lib.common.dynamic_creds [-] Acquired dynamic creds: credentials: Credentials: {'domain_id': 'default', 'domain_name': 'Default', 'username': 'tempest-FlavorsAdminTestJSON-1287575763-project-admin', 'project_domain_id': 'default', 'project_domain_name': 'Default', 'project_id': 'dd32eaf8830e45efb6eaaff17f172dbe', 'project_name': 'tempest-FlavorsAdminTestJSON-1287575763', 'tenant_id': 'dd32eaf8830e45efb6eaaff17f172dbe', 'tenant_name': 'tempest-FlavorsAdminTestJSON-1287575763', 'user_domain_id': 'default', 'user_domain_name': 'Default', 'user_id': 'e7df237fec1e4eb9b09d337234ca25df', 'system': None}, Network: None, Subnet: None, Router: None
2025-12-09 10:46:00.222 65767 INFO tempest.lib.common.dynamic_creds [-] Created isolated network resources for: credentials: Credentials: {'domain_id': 'default', 'domain_name': 'Default', 'username': 'tempest-FlavorsAdminTestJSON-1287575763-project-admin', 'project_domain_id': 'default', 'project_domain_name': 'Default', 'project_id': 'dd32eaf8830e45efb6eaaff17f172dbe', 'project_name': 'tempest-FlavorsAdminTestJSON-1287575763', 'tenant_id': 'dd32eaf8830e45efb6eaaff17f172dbe', 'tenant_name': 'tempest-FlavorsAdminTestJSON-1287575763', 'user_domain_id': 'default', 'user_domain_name': 'Default', 'user_id': 'e7df237fec1e4eb9b09d337234ca25df', 'system': None}, Network: None, Subnet: None, Router: None
2025-12-09 10:46:00.231 65791 INFO tempest.lib.common.rest_client [req-2bcda2d5-83a9-45ab-8bcb-c902c997a7f4 req-2bcda2d5-83a9-45ab-8bcb-c902c997a7f4 ] Request (HypervisorAdminNegativeTestJSON:setUpClass): 201 POST http://10.180.1.21/identity/v3/auth/tokens 0.976s
2025-12-09 10:46:00.294 65765 INFO tempest.lib.common.rest_client [req-24df126b-c435-41ad-a026-cb2d151ab54b req-24df126b-c435-41ad-a026-cb2d151ab54b ] Request (AggregatesAdminNegativeTestJSON:_run_cleanups): 200 POST http://10.180.1.21/compute/v2.1/os-aggregates/7/action 0.104s
2025-12-09 10:46:00.306 65811 INFO tempest.lib.common.rest_client [req-fc71f757-d104-44ff-99a4-0bfb7a0c9939 req-fc71f757-d104-44ff-99a4-0bfb7a0c9939 ] Request (HypervisorAdminNegativeUnderV252Test:setUpClass): 201 POST http://10.180.1.21/identity/v3/auth/tokens 0.945s
2025-12-09 10:46:00.306 65781 INFO tempest.lib.common.rest_client [req-40a94cfa-990e-4569-86b2-d233f580141f req-40a94cfa-990e-4569-86b2-d233f580141f ] Request (FlavorsExtraSpecsTestJSON:setUpClass): 201 POST http://10.180.1.21/identity/v3/auth/tokens 1.000s
2025-12-09 10:46:00.321 65765 INFO tempest.lib.common.rest_client [req-413498c4-42f0-4b2b-9965-a99a0f6e37d9 req-413498c4-42f0-4b2b-9965-a99a0f6e37d9 ] Request (AggregatesAdminNegativeTestJSON:_run_cleanups): 200 DELETE http://10.180.1.21/compute/v2.1/os-aggregates/7 0.025s
2025-12-09 10:46:00.324 65819 INFO tempest.lib.common.rest_client [req-f585b566-e0a3-4438-b27c-30dbe9ba1341 req-f585b566-e0a3-4438-b27c-30dbe9ba1341 ] Request (SecurityGroupsTestJSON:setUpClass): 201 POST http://10.180.1.21/networking/v2.0/networks 1.221s
2025-12-09 10:46:00.342 65765 INFO tempest.lib.common.rest_client [req-a85cca60-eec3-46c6-86b5-87a7b7ffb54e req-a85cca60-eec3-46c6-86b5-87a7b7ffb54e ] Request (AggregatesAdminNegativeTestJSON:test_aggregate_remove_nonexistent_host): 200 POST http://10.180.1.21/compute/v2.1/os-aggregates 0.020s
2025-12-09 10:46:00.375 65765 INFO tempest.lib.common.rest_client [req-41088f29-fc3c-462a-b0e8-2ecb04bc865b req-41088f29-fc3c-462a-b0e8-2ecb04bc865b ] Request (AggregatesAdminNegativeTestJSON:test_aggregate_remove_nonexistent_host): 404 POST http://10.180.1.21/compute/v2.1/os-aggregates/8/action 0.031s
2025-12-09 10:46:00.378 65775 INFO tempest.lib.common.rest_client [req-02e4f653-4dee-46f1-931b-9502318e54ef req-02e4f653-4dee-46f1-931b-9502318e54ef ] Request (KeyPairsV210TestJSON:setUpClass): 201 POST http://10.180.1.21/identity/v3/auth/tokens 0.956s
2025-12-09 10:46:00.379 65813 INFO tempest.lib.common.rest_client [req-661e583b-df90-411b-8cbd-cf1121c3acce req-661e583b-df90-411b-8cbd-cf1121c3acce ] Request (FlavorsAccessNegativeTestJSON:setUpClass): 201 POST http://10.180.1.21/identity/v3/auth/tokens 1.011s
2025-12-09 10:46:00.398 65765 INFO tempest.lib.common.rest_client [req-b52940c0-c63e-45ac-a595-0ab2ed46854c req-b52940c0-c63e-45ac-a595-0ab2ed46854c ] Request (AggregatesAdminNegativeTestJSON:_run_cleanups): 200 DELETE http://10.180.1.21/compute/v2.1/os-aggregates/8 0.022s
2025-12-09 10:46:00.435 65801 INFO tempest.lib.common.rest_client [req-d7c48b27-033d-42d7-b2b4-2f7aa6e78edc req-d7c48b27-033d-42d7-b2b4-2f7aa6e78edc ] Request (FlavorsV255TestJSON:setUpClass): 201 POST http://10.180.1.21/identity/v3/projects 0.951s
2025-12-09 10:46:00.438 65799 INFO tempest.lib.common.rest_client [req-2c3787f3-bc16-4d7b-8cce-3b346a6db240 req-2c3787f3-bc16-4d7b-8cce-3b346a6db240 ] Request (ServersAdminNegativeTestJSON:setUpClass): 201 POST http://10.180.1.21/identity/v3/auth/tokens 1.012s
2025-12-09 10:46:00.484 65783 INFO tempest.lib.common.rest_client [req-6d329563-f6eb-4851-b5ca-8194a225de58 req-6d329563-f6eb-4851-b5ca-8194a225de58 ] Request (HostsAdminTestJSON:setUpClass): 200 GET http://10.180.1.21/identity/v3/roles 0.976s
2025-12-09 10:46:00.491 65809 INFO tempest.lib.common.rest_client [req-349e3ea6-ab11-48d8-86f4-f41bc17ffd17 req-349e3ea6-ab11-48d8-86f4-f41bc17ffd17 ] Request (MultipleCreateNegativeTestJSON:setUpClass): 201 POST http://10.180.1.21/identity/v3/auth/tokens 0.989s
2025-12-09 10:46:00.507 65777 INFO tempest.lib.common.rest_client [req-0007dbf5-7f5b-4e6d-ae8f-eaed5bc0c12a req-0007dbf5-7f5b-4e6d-ae8f-eaed5bc0c12a ] Request (AZAdminV2TestJSON:setUpClass): 201 POST http://10.180.1.21/identity/v3/projects 0.950s
2025-12-09 10:46:00.547 65805 INFO tempest.lib.common.rest_client [req-456db891-9324-4209-be1a-2baf6fe65756 req-456db891-9324-4209-be1a-2baf6fe65756 ] Request (QuotasAdminTestV236:setUpClass): 201 POST http://10.180.1.21/identity/v3/auth/tokens 0.932s
2025-12-09 10:46:00.562 65759 INFO tempest.lib.common.rest_client [req-fc7d2a5c-f844-4ffc-b9e0-04d9e8ea601b req-fc7d2a5c-f844-4ffc-b9e0-04d9e8ea601b ] Request (HypervisorAdminV228Test:setUpClass): 201 POST http://10.180.1.21/identity/v3/projects 0.891s
2025-12-09 10:46:00.573 65797 INFO tempest.lib.common.rest_client [req-a9279b46-799d-464a-9c32-920f9e0927db req-a9279b46-799d-464a-9c32-920f9e0927db ] Request (QuotasAdminNegativeTest:setUpClass): 201 POST http://10.180.1.21/identity/v3/projects 0.840s
2025-12-09 10:46:00.628 65763 INFO tempest.lib.common.rest_client [req-437a0783-33df-478e-ac92-ec824fff6bdd req-437a0783-33df-478e-ac92-ec824fff6bdd ] Request (ServerDiagnosticsTest:test_get_server_diagnostics): 201 POST http://10.180.1.21/identity/v3/auth/tokens 0.865s
2025-12-09 10:46:00.629 65763 INFO tempest.lib.common.fixed_network [-] (ServerDiagnosticsTest:test_get_server_diagnostics) Found network None available for tenant
2025-12-09 10:46:00.663 65821 INFO tempest.lib.common.rest_client [req-09d325cb-574f-4418-a459-dc69d87e4b48 req-09d325cb-574f-4418-a459-dc69d87e4b48 ] Request (HostsAdminNegativeTestJSON:setUpClass): 201 POST http://10.180.1.21/identity/v3/users 0.905s
2025-12-09 10:46:00.685 65771 INFO tempest.lib.common.rest_client [req-56538fda-1c9f-4110-9f21-d96f75ba2b7f req-56538fda-1c9f-4110-9f21-d96f75ba2b7f ] Request (AbsoluteLimitsTestJSON:setUpClass): 201 POST http://10.180.1.21/identity/v3/users 0.871s
2025-12-09 10:46:00.691 65769 INFO tempest.lib.common.rest_client [req-a05f07da-40bb-4be3-9e33-4ce5385288b3 req-a05f07da-40bb-4be3-9e33-4ce5385288b3 ] Request (FlavorsExtraSpecsNegativeTestJSON:setUpClass): 201 POST http://10.180.1.21/identity/v3/projects 0.870s
2025-12-09 10:46:00.748 65807 INFO tempest.lib.common.rest_client [req-53247de7-05b8-4987-bea4-00a884f5e15b req-53247de7-05b8-4987-bea4-00a884f5e15b ] Request (VolumesAssistedSnapshotsTest:setUpClass): 201 POST http://10.180.1.21/identity/v3/auth/tokens 0.896s
2025-12-09 10:46:00.804 65789 INFO tempest.lib.common.rest_client [req-ade33d7f-cbe6-4d48-8114-0ca5cf6f914a req-ade33d7f-cbe6-4d48-8114-0ca5cf6f914a ] Request (HypervisorAdminTestJSON:setUpClass): 201 POST http://10.180.1.21/identity/v3/projects 0.919s
2025-12-09 10:46:00.811 65787 INFO tempest.lib.common.rest_client [req-cac500c8-3e4a-4f15-9207-931ef00a079e req-cac500c8-3e4a-4f15-9207-931ef00a079e ] Request (AZAdminNegativeTestJSON:setUpClass): 201 POST http://10.180.1.21/identity/v3/users 0.924s
2025-12-09 10:46:00.861 65793 INFO tempest.lib.common.rest_client [req-0c6250f5-ba5c-4684-9d9b-cd18fc5c81b0 req-0c6250f5-ba5c-4684-9d9b-cd18fc5c81b0 ] Request (ServersListShow298Test:test_list_show_update_rebuild_server_298): 201 POST http://10.180.1.21/identity/v3/auth/tokens 0.889s
2025-12-09 10:46:00.862 65793 INFO tempest.lib.common.fixed_network [-] (ServersListShow298Test:test_list_show_update_rebuild_server_298) Found network None available for tenant
2025-12-09 10:46:00.875 65815 INFO tempest.lib.common.rest_client [req-dc114160-bb51-4d3d-8b65-9f7ad2b93c15 req-dc114160-bb51-4d3d-8b65-9f7ad2b93c15 ] Request (DeleteServersAdminTestJSON:setUpClass): 201 POST http://10.180.1.21/identity/v3/projects 0.922s
2025-12-09 10:46:00.891 65779 INFO tempest.lib.common.rest_client [req-91e86758-f842-48b4-886d-58e9a09b228e req-91e86758-f842-48b4-886d-58e9a09b228e ] Request (InstanceUsageAuditLogTestJSON:setUpClass): 201 POST http://10.180.1.21/identity/v3/users 0.862s
2025-12-09 10:46:00.937 65817 INFO tempest.lib.common.rest_client [req-47667f85-3bac-435d-bcfe-6a3aaaca9a26 req-47667f85-3bac-435d-bcfe-6a3aaaca9a26 ] Request (NetworksTest:setUpClass): 200 GET http://10.180.1.21/identity/v3/roles 0.847s
