2025-12-09 10:46:38.420 65821 INFO tempest.lib.common.rest_client [req-168f6fc6-6e52-42ea-8f95-323f9429f1cd req-168f6fc6-6e52-42ea-8f95-323f9429f1cd ] Request (HostsAdminNegativeTestJSON:test_startup_nonexistent_host): 404 GET http://10.180.1.21/compute/v2.1/os-hosts/nonexistent_hostname/startup 5.471s
2025-12-09 10:46:38.428 65769 INFO tempest.lib.common.rest_client [req-4d208e57-ca16-4f30-bf57-9184206ea246 req-4d208e57-ca16-4f30-bf57-9184206ea246 ] Request (FlavorsExtraSpecsNegativeTestJSON:test_flavor_update_more_key): 400 PUT http://10.180.1.21/compute/v2.1/flavors/866698050/os-extra_specs/hw:numa_nodes 5.475s
2025-12-09 10:46:38.466 65791 INFO tempest.lib.common.rest_client [req-978dc14c-7eeb-4784-a494-e90fba54c687 req-978dc14c-7eeb-4784-a494-e90fba54c687 ] Request (ServerExternalEventsTest:setUpClass): 201 POST http://10.180.1.21/identity/v3/auth/tokens 0.118s
2025-12-09 10:46:38.484 65779 INFO tempest.lib.common.rest_client [req-9e493485-cca6-4855-9112-fbe9c61294fc req-9e493485-cca6-4855-9112-fbe9c61294fc ] Request (TenantUsagesTestJSON:setUpClass): 201 POST http://10.180.1.21/identity/v3/users 0.151s
2025-12-09 10:46:38.485 65775 INFO tempest.lib.common.rest_client [req-388dfab9-8854-4c72-8f14-bb4911f8295b req-388dfab9-8854-4c72-8f14-bb4911f8295b ] Request (ServerDiagnosticsNegativeTest:test_get_server_diagnostics_by_non_admin): 202 POST http://10.180.1.21/compute/v2.1/servers 6.413s
2025-12-09 10:46:38.514 65779 INFO tempest.lib.common.rest_client [req-ce98dfc6-18c5-4bf0-819d-1a60cd378070 req-ce98dfc6-18c5-4bf0-819d-1a60cd378070 ] Request (TenantUsagesTestJSON:setUpClass): 200 GET http://10.180.1.21/identity/v3/roles 0.030s
2025-12-09 10:46:38.521 65791 INFO tempest.lib.common.rest_client [req-40ee6588-ee64-4da3-b0fd-b5b2b91e6626 req-40ee6588-ee64-4da3-b0fd-b5b2b91e6626 ] Request (ServerExternalEventsTest:setUpClass): 201 POST http://10.180.1.21/identity/v3/projects 0.053s
2025-12-09 10:46:38.528 65813 INFO tempest.lib.common.rest_client [req-e59579ba-125c-4967-abaa-9cc81d7d81ca req-e59579ba-125c-4967-abaa-9cc81d7d81ca ] Request (FlavorsAccessNegativeTestJSON:_run_cleanups): 202 DELETE http://10.180.1.21/compute/v2.1/flavors/1798835734 5.570s
2025-12-09 10:46:38.569 65793 INFO tempest.lib.common.rest_client [req-58be12cc-0ac2-4f2a-8d07-44430946bfa2 req-58be12cc-0ac2-4f2a-8d07-44430946bfa2 ] Request (ServersListShow298Test:test_list_show_update_rebuild_server_298): 200 PUT http://10.180.1.21/compute/v2.1/servers/bed23990-1583-444a-8b5b-df523f22872a 5.615s
2025-12-09 10:46:38.576 65781 INFO tempest.lib.common.rest_client [req-dd022f8a-d807-414f-9fd7-b28e066329ff req-dd022f8a-d807-414f-9fd7-b28e066329ff ] Request (FlavorsExtraSpecsTestJSON:test_flavor_set_get_update_show_unset_keys): 200 DELETE http://10.180.1.21/compute/v2.1/flavors/974121195/os-extra_specs/hw:numa_nodes 5.602s
2025-12-09 10:46:38.609 65767 INFO tempest.lib.common.rest_client [req-91de8950-d798-44d7-b85e-c0f42d01f457 req-91de8950-d798-44d7-b85e-c0f42d01f457 ] Request (FlavorsAdminTestJSON:test_create_flavor_with_none_id): 200 POST http://10.180.1.21/compute/v2.1/flavors 5.601s
2025-12-09 10:46:38.617 65791 INFO tempest.lib.common.rest_client [req-bc9a3ec8-f470-44d4-9686-656f51371276 req-bc9a3ec8-f470-44d4-9686-656f51371276 ] Request (ServerExternalEventsTest:setUpClass): 201 POST http://10.180.1.21/identity/v3/users 0.095s
2025-12-09 10:46:38.648 65779 INFO tempest.lib.common.rest_client [req-94573e8f-5d81-498f-bbf8-684c5a9fc2ad req-94573e8f-5d81-498f-bbf8-684c5a9fc2ad ] Request (TenantUsagesTestJSON:setUpClass): 204 PUT http://10.180.1.21/identity/v3/projects/135a06f99a074796a8708d2d42dbb223/users/41369a20f7604145ad65f755a349623b/roles/728d0a34546343d1bffe980a487ea0f3 0.133s
2025-12-09 10:46:38.713 65791 INFO tempest.lib.common.rest_client [req-78d0c905-738f-441b-84c4-e4dbb99c49a0 req-78d0c905-738f-441b-84c4-e4dbb99c49a0 ] Request (ServerExternalEventsTest:setUpClass): 200 GET http://10.180.1.21/identity/v3/roles 0.096s
2025-12-09 10:46:38.736 65779 INFO tempest.lib.common.rest_client [req-e827fa30-2c08-419a-9505-37c07f04024e req-e827fa30-2c08-419a-9505-37c07f04024e ] Request (TenantUsagesTestJSON:setUpClass): 200 GET http://10.180.1.21/identity/v3/roles 0.086s
2025-12-09 10:46:38.807 65791 INFO tempest.lib.common.rest_client [req-b4d13212-1634-49a6-9f43-80e2582b2283 req-b4d13212-1634-49a6-9f43-80e2582b2283 ] Request (ServerExternalEventsTest:setUpClass): 204 PUT http://10.180.1.21/identity/v3/projects/4af15bfaa5e040ea8549a9824385f616/users/01139ee3ad5b40ecac356a7e48446d9f/roles/728d0a34546343d1bffe980a487ea0f3 0.093s
2025-12-09 10:46:38.813 65797 INFO tempest.lib.common.rest_client [req-6f77460d-626e-4a5a-959d-f4d056b43b7c req-6f77460d-626e-4a5a-959d-f4d056b43b7c ] Request (QuotasAdminNegativeTest:test_create_server_when_memory_quota_is_full): 200 GET http://10.180.1.21/compute/v2.1/os-quota-sets/9696286fcb54426ca7dd83c46a9f127d 5.542s
2025-12-09 10:46:38.854 65779 INFO tempest.lib.common.rest_client [req-07c0cd14-d419-497b-bf77-2a5cfbc90c81 req-07c0cd14-d419-497b-bf77-2a5cfbc90c81 ] Request (TenantUsagesTestJSON:setUpClass): 204 PUT http://10.180.1.21/identity/v3/projects/135a06f99a074796a8708d2d42dbb223/users/41369a20f7604145ad65f755a349623b/roles/728d0a34546343d1bffe980a487ea0f3 0.118s
2025-12-09 10:46:38.854 65779 INFO tempest.lib.common.dynamic_creds [-] Dynamic test user 41369a20f7604145ad65f755a349623b is created with scope project and roles: ['admin']
2025-12-09 10:46:38.855 65779 INFO tempest.lib.common.dynamic_creds [-] Acquired dynamic creds: credentials: Credentials: {'domain_id': 'default', 'domain_name': 'Default', 'username': 'tempest-TenantUsagesTestJSON-1426385999-project-admin', 'project_domain_id': 'default', 'project_domain_name': 'Default', 'project_id': '135a06f99a074796a8708d2d42dbb223', 'project_name': 'tempest-TenantUsagesTestJSON-1426385999', 'tenant_id': '135a06f99a074796a8708d2d42dbb223', 'tenant_name': 'tempest-TenantUsagesTestJSON-1426385999', 'user_domain_id': 'default', 'user_domain_name': 'Default', 'user_id': '41369a20f7604145ad65f755a349623b', 'system': None}, Network: None, Subnet: None, Router: None
2025-12-09 10:46:38.855 65779 INFO tempest.lib.common.dynamic_creds [-] Created isolated network resources for: credentials: Credentials: {'domain_id': 'default', 'domain_name': 'Default', 'username': 'tempest-TenantUsagesTestJSON-1426385999-project-admin', 'project_domain_id': 'default', 'project_domain_name': 'Default', 'project_id': '135a06f99a074796a8708d2d42dbb223', 'project_name': 'tempest-TenantUsagesTestJSON-1426385999', 'tenant_id': '135a06f99a074796a8708d2d42dbb223', 'tenant_name': 'tempest-TenantUsagesTestJSON-1426385999', 'user_domain_id': 'default', 'user_domain_name': 'Default', 'user_id': '41369a20f7604145ad65f755a349623b', 'system': None}, Network: None, Subnet: None, Router: None
2025-12-09 10:46:38.931 65791 INFO tempest.lib.common.rest_client [req-3d82d350-c3c3-4290-a6f4-4309784e13c0 req-3d82d350-c3c3-4290-a6f4-4309784e13c0 ] Request (ServerExternalEventsTest:setUpClass): 200 GET http://10.180.1.21/identity/v3/roles 0.123s
2025-12-09 10:46:39.015 65791 INFO tempest.lib.common.rest_client [req-1bd8cd5e-3b7e-418f-b820-f72baaa0b495 req-1bd8cd5e-3b7e-418f-b820-f72baaa0b495 ] Request (ServerExternalEventsTest:setUpClass): 204 PUT http://10.180.1.21/identity/v3/projects/4af15bfaa5e040ea8549a9824385f616/users/01139ee3ad5b40ecac356a7e48446d9f/roles/86afe1bb73714b5280e1bae102f55775 0.082s
2025-12-09 10:46:39.015 65791 INFO tempest.lib.common.dynamic_creds [-] Dynamic test user 01139ee3ad5b40ecac356a7e48446d9f is created with scope project and roles: ['admin', 'service']
2025-12-09 10:46:39.015 65791 INFO tempest.lib.common.dynamic_creds [-] Acquired dynamic creds: credentials: Credentials: {'domain_id': 'default', 'domain_name': 'Default', 'username': 'tempest-ServerExternalEventsTest-1903002674-project', 'project_domain_id': 'default', 'project_domain_name': 'Default', 'project_id': '4af15bfaa5e040ea8549a9824385f616', 'project_name': 'tempest-ServerExternalEventsTest-1903002674', 'tenant_id': '4af15bfaa5e040ea8549a9824385f616', 'tenant_name': 'tempest-ServerExternalEventsTest-1903002674', 'user_domain_id': 'default', 'user_domain_name': 'Default', 'user_id': '01139ee3ad5b40ecac356a7e48446d9f', 'system': None}, Network: None, Subnet: None, Router: None
2025-12-09 10:46:39.017 65791 INFO tempest.lib.common.dynamic_creds [-] Created isolated network resources for: credentials: Credentials: {'domain_id': 'default', 'domain_name': 'Default', 'username': 'tempest-ServerExternalEventsTest-1903002674-project', 'project_domain_id': 'default', 'project_domain_name': 'Default', 'project_id': '4af15bfaa5e040ea8549a9824385f616', 'project_name': 'tempest-ServerExternalEventsTest-1903002674', 'tenant_id': '4af15bfaa5e040ea8549a9824385f616', 'tenant_name': 'tempest-ServerExternalEventsTest-1903002674', 'user_domain_id': 'default', 'user_domain_name': 'Default', 'user_id': '01139ee3ad5b40ecac356a7e48446d9f', 'system': None}, Network: None, Subnet: None, Router: None
2025-12-09 10:46:39.051 65817 INFO tempest.lib.common.rest_client [req-18303834-16d4-4f8a-b960-cc5a317798bf req-18303834-16d4-4f8a-b960-cc5a317798bf ] Request (AbsoluteLimitsNegativeTestJSON:test_max_metadata_exceed_limit): 200 GET http://10.180.1.21/compute/v2.1/limits 5.623s
2025-12-09 10:46:39.057 65779 INFO tempest.lib.common.rest_client [req-a2720106-2253-4bca-b2c4-24bafeb93534 req-a2720106-2253-4bca-b2c4-24bafeb93534 ] Request (TenantUsagesTestJSON:setUpClass): 201 POST http://10.180.1.21/identity/v3/auth/tokens 0.198s
2025-12-09 10:46:39.058 65779 WARNING tempest.lib.common.rest_client [-] Deprecated: "tenant_id" property is deprecated for removal, use "project_id" instead
2025-12-09 10:46:39.115 65777 INFO tempest.lib.common.rest_client [req-8676f524-e9e1-4b91-8c24-4cbadf16859a req-8676f524-e9e1-4b91-8c24-4cbadf16859a ] Request (FlavorsV2TestJSON:test_list_flavors_detailed_filter_by_min_ram): 200 GET http://10.180.1.21/compute/v2.1/flavors/detail?minRam=193 5.686s
2025-12-09 10:46:39.154 65759 INFO tempest.lib.common.rest_client [req-556eeb14-9b83-46c3-8ece-79a1c4d1a01b req-556eeb14-9b83-46c3-8ece-79a1c4d1a01b ] Request (ServicesAdminNegativeV253TestJSON:test_get_service_by_invalid_service_and_valid_host): 200 GET http://10.180.1.21/compute/v2.1/os-services?host=devstack&binary=xxx 5.705s
2025-12-09 10:46:39.176 65779 INFO tempest.lib.common.rest_client [req-f525b988-f217-491a-8c91-2c40ac6421bd req-f525b988-f217-491a-8c91-2c40ac6421bd ] Request (TenantUsagesTestJSON:setUpClass): 201 POST http://10.180.1.21/identity/v3/auth/tokens 0.110s
2025-12-09 10:46:39.177 65779 INFO tempest.lib.common.fixed_network [-] (TenantUsagesTestJSON:setUpClass) Found network None available for tenant
2025-12-09 10:46:39.192 65791 INFO tempest.lib.common.rest_client [req-e348cd83-1fed-4643-8ab0-43eae2c49047 req-e348cd83-1fed-4643-8ab0-43eae2c49047 ] Request (ServerExternalEventsTest:setUpClass): 201 POST http://10.180.1.21/identity/v3/auth/tokens 0.168s
2025-12-09 10:46:39.260 65817 INFO tempest.lib.common.rest_client [req-07e4e87a-6a91-47cc-bfed-ad352863710c req-07e4e87a-6a91-47cc-bfed-ad352863710c ] Request (AbsoluteLimitsNegativeTestJSON:test_max_metadata_exceed_limit): 201 POST http://10.180.1.21/identity/v3/auth/tokens 0.194s
2025-12-09 10:46:39.260 65817 INFO tempest.lib.common.fixed_network [-] (AbsoluteLimitsNegativeTestJSON:test_max_metadata_exceed_limit) Found network None available for tenant
2025-12-09 10:46:39.311 65791 INFO tempest.lib.common.rest_client [req-af37144b-2be4-4121-bdea-0b5c3523a7b5 req-af37144b-2be4-4121-bdea-0b5c3523a7b5 ] Request (ServerExternalEventsTest:test_create_server_external_events): 201 POST http://10.180.1.21/identity/v3/auth/tokens 0.114s
2025-12-09 10:46:39.312 65791 INFO tempest.lib.common.fixed_network [-] (ServerExternalEventsTest:test_create_server_external_events) Found network None available for tenant
2025-12-09 10:46:39.724 65771 INFO tempest.lib.common.rest_client [req-742acf7b-99cd-4162-b474-9921421523ae req-742acf7b-99cd-4162-b474-9921421523ae ] Request (ListServerFiltersTestJSON:setUpClass): 200 GET http://10.180.1.21/compute/v2.1/servers/ebe2c477-4be9-412a-803a-10a0bfb493dc 5.804s
2025-12-09 10:46:39.903 65789 INFO tempest.lib.common.rest_client [req-97b6c63f-fb6f-4fb9-9cf8-d1d1e113257f req-97b6c63f-fb6f-4fb9-9cf8-d1d1e113257f ] Request (ServersAdmin275Test:test_rebuild_update_server_275): 200 GET http://10.180.1.21/compute/v2.1/servers/082901f6-2f2e-4e19-9810-db423242774a 5.369s
2025-12-09 10:46:39.915 65789 INFO tempest.common.waiters [-] State transition "BUILD/scheduling" ==> "BUILD/None" after 6 second wait
2025-12-09 10:46:39.996 65783 INFO tempest.lib.common.rest_client [req-bcb28bfa-cfd8-421b-9397-250766b8db52 req-bcb28bfa-cfd8-421b-9397-250766b8db52 ] Request (FloatingIPDetailsTestJSON:setUpClass): 200 POST http://10.180.1.21/compute/v2.1/os-floating-ips 6.991s
2025-12-09 10:46:40.044 65803 INFO tempest.lib.common.rest_client [req-704dd84b-8635-409a-b499-c1398a2d9d4c req-704dd84b-8635-409a-b499-c1398a2d9d4c ] Request (ServerActionsTestOtherA:setUpClass): 200 POST http://10.180.1.21/compute/v2.1/os-keypairs 4.149s
2025-12-09 10:46:40.071 65801 INFO tempest.lib.common.rest_client [req-943c6444-1f75-46d7-8004-3e1cba76f268 req-943c6444-1f75-46d7-8004-3e1cba76f268 ] Request (FlavorsV261TestJSON:test_crud_flavor): 200 GET http://10.180.1.21/compute/v2.1/flavors/521807311 4.099s
2025-12-09 10:46:40.172 65803 INFO tempest.lib.common.rest_client [req-848dd5b6-12f3-48b0-98d3-802800e2e5e5 req-848dd5b6-12f3-48b0-98d3-802800e2e5e5 ] Request (ServerActionsTestOtherA:setUpClass): 201 POST http://10.180.1.21/networking/v2.0/security-groups 0.125s
2025-12-09 10:46:40.196 65815 INFO tempest.lib.common.rest_client [req-d02e6253-bd80-44fe-ae81-6540252e5b6e req-d02e6253-bd80-44fe-ae81-6540252e5b6e ] Request (DeleteServersAdminTestJSON:test_admin_delete_servers_of_others): 200 GET http://10.180.1.21/compute/v2.1/servers/e79a4c9f-ddb6-4600-a885-16765998befb 3.984s
2025-12-09 10:46:40.333 65803 INFO tempest.lib.common.rest_client [req-08e6df69-1a1d-41fe-962c-39464266cdee req-08e6df69-1a1d-41fe-962c-39464266cdee ] Request (ServerActionsTestOtherA:setUpClass): 201 POST http://10.180.1.21/networking/v2.0/security-group-rules 0.161s
2025-12-09 10:46:40.367 65765 INFO tempest.lib.common.rest_client [req-402810c7-62aa-478d-ae57-9b390acb0cae req-402810c7-62aa-478d-ae57-9b390acb0cae ] Request (MigrationsAdminTest:test_list_migrations_in_flavor_resize_situation): 200 GET http://10.180.1.21/compute/v2.1/servers/11583e9a-2568-4972-bcbd-6771fb185ed0 3.518s
2025-12-09 10:46:40.503 65803 INFO tempest.lib.common.rest_client [req-834ee5b1-677c-4580-ab87-3088956ba9bf req-834ee5b1-677c-4580-ab87-3088956ba9bf ] Request (ServerActionsTestOtherA:setUpClass): 201 POST http://10.180.1.21/networking/v2.0/security-group-rules 0.169s
2025-12-09 10:46:40.973 65803 INFO tempest.lib.common.rest_client [req-29867a08-7add-419e-b0bb-787c02e250e5 req-29867a08-7add-419e-b0bb-787c02e250e5 ] Request (ServerActionsTestOtherA:setUpClass): 201 POST http://10.180.1.21/networking/v2.0/floatingips 0.470s
2025-12-09 10:46:41.008 65803 INFO tempest.lib.common.rest_client [req-c5e1ac7e-cd7a-4691-944f-b4cad219c703 req-c5e1ac7e-cd7a-4691-944f-b4cad219c703 ] Request (ServerActionsTestOtherA:setUpClass): 201 POST http://10.180.1.21/identity/v3/auth/tokens 0.031s
2025-12-09 10:46:41.008 65803 INFO tempest.lib.common.fixed_network [-] (ServerActionsTestOtherA:setUpClass) Found network {'id': 'd08c538e-4a18-4ebc-8a75-5441b38f688a', 'name': 'tempest-ServerActionsTestOtherA-1206725616-network', 'tenant_id': 'd6996df5140f422d85069527d3b40f53', 'project_id': 'd6996df5140f422d85069527d3b40f53', 'admin_state_up': True, 'mtu': 8950, 'status': 'ACTIVE', 'subnets': [], 'shared': False, 'port_security_enabled': True, 'router:external': False, 'provider:network_type': 'vlan', 'provider:physical_network': 'default', 'provider:segmentation_id': 120, 'availability_zone_hints': [], 'availability_zones': [], 'ipv4_address_scope': None, 'ipv6_address_scope': None, 'description': '', 'tags': [], 'created_at': '2025-12-09T10:46:31Z', 'updated_at': '2025-12-09T10:46:31Z', 'revision_number': 1} available for tenant
2025-12-09 10:46:41.364 65811 INFO tempest.lib.common.rest_client [req-0c5f6b98-d247-486a-be91-1de69c98f892 req-0c5f6b98-d247-486a-be91-1de69c98f892 ] Request (ServersAdminTestJSON:setUpClass): 202 POST http://10.180.1.21/compute/v2.1/servers 4.182s
2025-12-09 10:46:41.415 65811 INFO tempest.lib.common.rest_client [req-af81cda8-4049-4b0b-9ad9-72af7d47511e req-af81cda8-4049-4b0b-9ad9-72af7d47511e ] Request (ServersAdminTestJSON:setUpClass): 201 POST http://10.180.1.21/identity/v3/auth/tokens 0.045s
2025-12-09 10:46:41.416 65811 INFO tempest.lib.common.fixed_network [-] (ServersAdminTestJSON:setUpClass) Found network {'id': '078d005e-8fb6-41a8-8593-546e69baf055', 'name': 'tempest-ServersAdminTestJSON-482724669-network', 'tenant_id': '57afa4b6702645e6819f868599dce3a3', 'project_id': '57afa4b6702645e6819f868599dce3a3', 'admin_state_up': True, 'mtu': 8950, 'status': 'ACTIVE', 'subnets': [], 'shared': False, 'port_security_enabled': True, 'router:external': False, 'provider:network_type': 'vlan', 'provider:physical_network': 'default', 'provider:segmentation_id': 563, 'availability_zone_hints': [], 'availability_zones': [], 'ipv4_address_scope': None, 'ipv6_address_scope': None, 'description': '', 'tags': [], 'created_at': '2025-12-09T10:46:27Z', 'updated_at': '2025-12-09T10:46:27Z', 'revision_number': 1} available for tenant
2025-12-09 10:46:41.523 65773 INFO tempest.lib.common.rest_client [req-4044098a-8f48-49bb-b2b9-d98e44b25b98 req-4044098a-8f48-49bb-b2b9-d98e44b25b98 ] Request (ServersWithSpecificFlavorTestJSON:test_verify_created_server_ephemeral_disk): 202 POST http://10.180.1.21/compute/v2.1/servers 4.248s
2025-12-09 10:46:41.602 65809 INFO tempest.lib.common.rest_client [req-5b3e558f-1a96-4475-9ca7-6b9c86e9456e req-5b3e558f-1a96-4475-9ca7-6b9c86e9456e ] Request (ServerActionsTestJSON:setUpClass): 200 GET http://10.180.1.21/compute/v2.1/servers/75e9dfcd-bf66-4b15-bca8-8a9f413a35b3 3.947s
2025-12-09 10:46:41.762 65787 INFO tempest.lib.common.rest_client [req-aa834f8b-156b-41bf-bf6a-56b07f421970 req-aa834f8b-156b-41bf-bf6a-56b07f421970 ] Request (ImagesMetadataTestJSON:test_delete_image_metadata_item): 204 DELETE http://10.180.1.21/compute/v2.1/images/0615ab9c-abff-4f29-af40-b71eb3e494f3/metadata/os_version 3.809s
2025-12-09 10:46:41.858 65799 INFO tempest.lib.common.rest_client [req-833a1e1c-645a-4cbf-8fa3-bed73a8bec6f req-833a1e1c-645a-4cbf-8fa3-bed73a8bec6f ] Request (ServersAdminNegativeTestJSON:test_migrate_non_existent_server): 404 POST http://10.180.1.21/compute/v2.1/servers/ced2a3a5-8183-400d-8892-d57223ccce9a/action 3.884s
2025-12-09 10:46:41.937 65799 INFO tempest.lib.common.rest_client [req-cef4e58e-fb81-4e98-88da-e2844b199448 req-cef4e58e-fb81-4e98-88da-e2844b199448 ] Request (ServersAdminNegativeTestJSON:test_migrate_server_invalid_state): 201 POST http://10.180.1.21/identity/v3/auth/tokens 0.068s
2025-12-09 10:46:41.937 65799 INFO tempest.lib.common.fixed_network [-] (ServersAdminNegativeTestJSON:test_migrate_server_invalid_state) Found network None available for tenant
2025-12-09 10:46:42.006 65763 INFO tempest.lib.common.rest_client [req-894ed40a-1fe8-44fd-b688-f0a803a3c4a7 req-894ed40a-1fe8-44fd-b688-f0a803a3c4a7 ] Request (ServerDiagnosticsTest:test_get_server_diagnostics): 200 GET http://10.180.1.21/compute/v2.1/servers/d56d10c1-ef49-49f2-80c9-6eed9f819511/diagnostics 4.392s
2025-12-09 10:46:42.022 65807 INFO tempest.lib.common.rest_client [req-d41d0028-37a2-47fd-bf9d-2c991113d693 req-d41d0028-37a2-47fd-bf9d-2c991113d693 ] Request (VolumesAssistedSnapshotsTest:test_volume_assisted_snapshot_create_delete): 200 GET http://10.180.1.21/compute/v2.1/servers/28a2fbd6-c388-4e5e-9542-a5043605c6e1 3.792s
2025-12-09 10:46:42.026 65761 INFO tempest.lib.common.rest_client [req-cd5d36be-7190-44d5-8e73-1de0e93a831e req-cd5d36be-7190-44d5-8e73-1de0e93a831e ] Request (ImagesDeleteNegativeTestJSON:test_delete_image_with_invalid_image_id): 404 DELETE http://10.180.1.21/compute/v2.1/images/tempest-invalid-2144906982 3.621s
2025-12-09 10:46:42.030 65821 INFO tempest.lib.common.rest_client [req-41893c3e-2659-4a86-896c-f8d36bb79056 req-41893c3e-2659-4a86-896c-f8d36bb79056 ] Request (HostsAdminNegativeTestJSON:test_update_host_with_invalid_maintenance_mode): 400 PUT http://10.180.1.21/compute/v2.1/os-hosts/devstack 3.609s
2025-12-09 10:46:42.034 65807 INFO tempest.common.waiters [-] State transition "BUILD/networking" ==> "BUILD/spawning" after 17 second wait
2025-12-09 10:46:42.072 65769 INFO tempest.lib.common.rest_client [req-4fa67a1b-4c61-4d7d-b066-814dfaeecb18 req-4fa67a1b-4c61-4d7d-b066-814dfaeecb18 ] Request (FlavorsExtraSpecsNegativeTestJSON:tearDownClass): 202 DELETE http://10.180.1.21/compute/v2.1/flavors/866698050 3.642s
2025-12-09 10:46:42.101 65813 INFO tempest.lib.common.rest_client [req-77dc6312-3b4e-4f38-8770-2a24efbd6a3b req-77dc6312-3b4e-4f38-8770-2a24efbd6a3b ] Request (FlavorsAccessNegativeTestJSON:_run_cleanups): 200 GET http://10.180.1.21/compute/v2.1/flavors/detail 3.572s
2025-12-09 10:46:42.120 65781 INFO tempest.lib.common.rest_client [req-a253c359-960f-48af-84ac-ac8e62e05e7c req-a253c359-960f-48af-84ac-ac8e62e05e7c ] Request (FlavorsExtraSpecsTestJSON:test_flavor_set_get_update_show_unset_keys): 200 DELETE http://10.180.1.21/compute/v2.1/flavors/974121195/os-extra_specs/hw:cpu_policy 3.543s
2025-12-09 10:46:42.128 65775 INFO tempest.lib.common.rest_client [req-6051ed05-f1cb-4061-9332-572b25a08738 req-6051ed05-f1cb-4061-9332-572b25a08738 ] Request (ServerDiagnosticsNegativeTest:test_get_server_diagnostics_by_non_admin): 200 GET http://10.180.1.21/compute/v2.1/servers/96f443fa-4fa6-4844-8eeb-4842e28d2248 3.641s
2025-12-09 10:46:42.146 65767 INFO tempest.lib.common.rest_client [req-62f43e18-6127-46fb-acbd-5643c2711eda req-62f43e18-6127-46fb-acbd-5643c2711eda ] Request (FlavorsAdminTestJSON:_run_cleanups): 202 DELETE http://10.180.1.21/compute/v2.1/flavors/c9edf6a0-e157-46c1-93a5-f087cfc36841 3.532s
2025-12-09 10:46:42.296 65797 INFO tempest.lib.common.rest_client [req-50c86952-29fe-484f-bf79-65365c76dd06 req-50c86952-29fe-484f-bf79-65365c76dd06 ] Request (QuotasAdminNegativeTest:test_create_server_when_memory_quota_is_full): 200 PUT http://10.180.1.21/compute/v2.1/os-quota-sets/9696286fcb54426ca7dd83c46a9f127d 3.481s
2025-12-09 10:46:42.372 65797 INFO tempest.lib.common.rest_client [req-702771d1-7f95-48e4-9d64-4b34478252d4 req-702771d1-7f95-48e4-9d64-4b34478252d4 ] Request (QuotasAdminNegativeTest:test_create_server_when_memory_quota_is_full): 201 POST http://10.180.1.21/identity/v3/auth/tokens 0.072s
2025-12-09 10:46:42.373 65797 INFO tempest.lib.common.fixed_network [-] (QuotasAdminNegativeTest:test_create_server_when_memory_quota_is_full) Found network None available for tenant
2025-12-09 10:46:42.380 65785 INFO tempest.lib.common.rest_client [req-d7ee33b2-c128-498a-865d-7da45e2af355 req-d7ee33b2-c128-498a-865d-7da45e2af355 ] Request (ServersAaction247Test:test_create_backup): 200 GET http://10.180.1.21/compute/v2.1/servers/dae49d5e-cf5f-4af6-ba8e-46ab1a662e95 3.320s
2025-12-09 10:46:42.392 65785 INFO tempest.common.waiters [-] State transition "BUILD/spawning" ==> "ACTIVE/None" after 23 second wait
2025-12-09 10:46:42.397 65777 INFO tempest.lib.common.rest_client [req-90d795e4-ae99-4be5-9483-a77164e609bf req-90d795e4-ae99-4be5-9483-a77164e609bf ] Request (FlavorsV2TestJSON:test_list_flavors_detailed_limit_results): 200 GET http://10.180.1.21/compute/v2.1/flavors/detail?limit=1 3.259s
2025-12-09 10:46:42.417 65759 INFO tempest.lib.common.rest_client [req-337458e3-23b2-45f4-a120-f92c3cc037e8 req-337458e3-23b2-45f4-a120-f92c3cc037e8 ] Request (ServicesAdminNegativeV253TestJSON:test_get_service_with_valid_service_and_invalid_host): 200 GET http://10.180.1.21/compute/v2.1/os-services 3.256s
2025-12-09 10:46:42.455 65793 INFO tempest.lib.common.rest_client [req-e0ed2554-27f6-4f1d-8e65-25bc51590209 req-e0ed2554-27f6-4f1d-8e65-25bc51590209 ] Request (ServersListShow298Test:test_list_show_update_rebuild_server_298): 202 POST http://10.180.1.21/compute/v2.1/servers/bed23990-1583-444a-8b5b-df523f22872a/action 3.872s
2025-12-09 10:46:42.725 65817 INFO tempest.lib.common.rest_client [req-dbac87f0-9649-4b47-88e9-c9cb62bd0746 req-dbac87f0-9649-4b47-88e9-c9cb62bd0746 ] Request (AbsoluteLimitsNegativeTestJSON:test_max_metadata_exceed_limit): 403 POST http://10.180.1.21/compute/v2.1/servers 3.463s
2025-12-09 10:46:42.765 65779 INFO tempest.lib.common.rest_client [req-625d89c7-2e40-4992-93ca-a1aefe66114b req-625d89c7-2e40-4992-93ca-a1aefe66114b ] Request (TenantUsagesTestJSON:setUpClass): 202 POST http://10.180.1.21/compute/v2.1/servers 3.587s
2025-12-09 10:46:42.832 65805 INFO tempest.lib.common.rest_client [req-a905fbbd-ffed-4473-8018-5029df4bad5a req-a905fbbd-ffed-4473-8018-5029df4bad5a ] Request (QuotasAdminTestV236:test_get_updated_quotas): 200 GET http://10.180.1.21/identity/v3/domains?name=Default 0.065s
2025-12-09 10:46:42.861 65817 INFO tempest.lib.common.rest_client [req-58c44b98-1537-4091-abee-182538aa0846 req-58c44b98-1537-4091-abee-182538aa0846 ] Request (AbsoluteLimitsNegativeTestJSON:tearDownClass): 204 DELETE http://10.180.1.21/identity/v3/users/26a1001d5d3143409913bc24c440ff4c 0.134s
2025-12-09 10:46:42.861 65817 INFO tempest.lib.common.dynamic_creds [-] Deleting project and security group for project: 94b54803bdab4795a8cacf2cb043117b
2025-12-09 10:46:42.920 65805 INFO tempest.lib.common.rest_client [req-168ff9d2-564e-48f5-8729-ea7c0e71dde9 req-168ff9d2-564e-48f5-8729-ea7c0e71dde9 ] Request (QuotasAdminTestV236:test_get_updated_quotas): 201 POST http://10.180.1.21/identity/v3/projects 0.088s
2025-12-09 10:46:42.977 65817 INFO tempest.lib.common.rest_client [req-8522f1ac-a24b-4ee8-bb78-ebaa756c8798 req-8522f1ac-a24b-4ee8-bb78-ebaa756c8798 ] Request (AbsoluteLimitsNegativeTestJSON:tearDownClass): 201 POST http://10.180.1.21/identity/v3/auth/tokens 0.116s
2025-12-09 10:46:42.982 65805 INFO tempest.lib.common.rest_client [req-efb2f7c5-f294-4de8-9900-7c61a5e4bdd7 req-efb2f7c5-f294-4de8-9900-7c61a5e4bdd7 ] Request (QuotasAdminTestV236:test_get_updated_quotas): 200 GET http://10.180.1.21/identity/v3/domains?name=Default 0.061s
2025-12-09 10:46:43.220 65817 INFO tempest.lib.common.rest_client [req-407dc95a-4752-401c-9dee-6f7f7cf64631 req-407dc95a-4752-401c-9dee-6f7f7cf64631 ] Request (AbsoluteLimitsNegativeTestJSON:tearDownClass): 200 GET http://10.180.1.21/networking/v2.0/security-groups?tenant_id=94b54803bdab4795a8cacf2cb043117b&name=default 0.242s
2025-12-09 10:46:43.306 65819 INFO tempest.lib.common.rest_client [req-3b4b2c89-ca27-4e3c-a9ea-fce08c92e033 req-3b4b2c89-ca27-4e3c-a9ea-fce08c92e033 ] Request (SecurityGroupsTestJSON:test_list_security_groups_by_server): 200 GET http://10.180.1.21/compute/v2.1/servers/a658c0fc-cddb-4363-8ead-663ce359b5f6 4.000s
2025-12-09 10:46:43.319 65819 INFO tempest.common.waiters [-] State transition "BUILD/spawning" ==> "ACTIVE/None" after 25 second wait
2025-12-09 10:46:43.407 65817 INFO tempest.lib.common.rest_client [req-23abd7ad-99bb-4f92-81e2-4c70b29df471 req-23abd7ad-99bb-4f92-81e2-4c70b29df471 ] Request (AbsoluteLimitsNegativeTestJSON:tearDownClass): 204 DELETE http://10.180.1.21/networking/v2.0/security-groups/ad2ceec5-7e77-4c9c-8a55-0138ee02d5b3 0.186s
2025-12-09 10:46:43.476 65795 INFO tempest.lib.common.rest_client [req-e78292ef-3180-495e-9b02-0b26b302048e req-e78292ef-3180-495e-9b02-0b26b302048e ] Request (FloatingIPsAssociationNegativeTestJSON:setUpClass): 200 GET http://10.180.1.21/compute/v2.1/servers/0c4ed1b3-7635-4696-9957-9c3f46609ba6 4.085s
2025-12-09 10:46:43.479 65817 INFO tempest.lib.common.rest_client [req-fa6335e3-e010-476b-a190-2e1fcbb9a0b9 req-fa6335e3-e010-476b-a190-2e1fcbb9a0b9 ] Request (AbsoluteLimitsNegativeTestJSON:tearDownClass): 204 DELETE http://10.180.1.21/identity/v3/projects/94b54803bdab4795a8cacf2cb043117b 0.072s
2025-12-09 10:46:43.480 65817 INFO tempest.test [-] raised in ComputeNetworksTest.setUpClass. Invoking tearDownClass.
2025-12-09 10:46:43.483 65795 INFO tempest.common.waiters [-] State transition "BUILD/networking" ==> "BUILD/spawning" after 18 second wait
2025-12-09 10:46:43.496 65791 INFO tempest.lib.common.rest_client [req-c2e9a6ff-7d62-4258-9ced-7226143f91d9 req-c2e9a6ff-7d62-4258-9ced-7226143f91d9 ] Request (ServerExternalEventsTest:test_create_server_external_events): 202 POST http://10.180.1.21/compute/v2.1/servers 4.183s
2025-12-09 10:46:43.526 65801 INFO tempest.lib.common.rest_client [req-e714e313-6fdf-444b-ab5e-5faf0bef4d3d req-e714e313-6fdf-444b-ab5e-5faf0bef4d3d ] Request (FlavorsV261TestJSON:test_crud_flavor): 200 PUT http://10.180.1.21/compute/v2.1/flavors/521807311 3.450s
2025-12-09 10:46:43.557 65817 INFO tempest.lib.common.rest_client [req-a96c30a2-4c48-42c0-bb8b-61ff7bddf940 req-a96c30a2-4c48-42c0-bb8b-61ff7bddf940 ] Request (VolumesTestJSON:setUpClass): 201 POST http://10.180.1.21/identity/v3/auth/tokens 0.074s
2025-12-09 10:46:43.597 65817 INFO tempest.lib.common.rest_client [req-33a316fc-1118-499f-9e1c-b7af1e57ec92 req-33a316fc-1118-499f-9e1c-b7af1e57ec92 ] Request (VolumesTestJSON:setUpClass): 201 POST http://10.180.1.21/identity/v3/auth/tokens 0.036s
2025-12-09 10:46:43.626 65817 INFO tempest.lib.common.rest_client [req-4c52de35-b974-40b4-a420-318957794ada req-4c52de35-b974-40b4-a420-318957794ada ] Request (VolumesTestJSON:setUpClass): 200 GET http://10.180.1.21/identity/v3/domains?name=Default 0.028s
2025-12-09 10:46:43.655 65771 INFO tempest.lib.common.rest_client [req-6823289c-d3f8-4017-af06-636703a328de req-6823289c-d3f8-4017-af06-636703a328de ] Request (ListServerFiltersTestJSON:setUpClass): 200 GET http://10.180.1.21/compute/v2.1/servers/ebe2c477-4be9-412a-803a-10a0bfb493dc 2.921s
2025-12-09 10:46:43.659 65817 INFO tempest.lib.common.rest_client [req-2ddcc8cf-9660-4060-870f-1c9eacf17500 req-2ddcc8cf-9660-4060-870f-1c9eacf17500 ] Request (VolumesTestJSON:setUpClass): 201 POST http://10.180.1.21/identity/v3/projects 0.032s
2025-12-09 10:46:43.664 65771 INFO tempest.common.waiters [-] State transition "BUILD/None" ==> "BUILD/spawning" after 18 second wait
2025-12-09 10:46:43.722 65817 INFO tempest.lib.common.rest_client [req-f9945c22-c58d-4a9f-8c62-c45391210849 req-f9945c22-c58d-4a9f-8c62-c45391210849 ] Request (VolumesTestJSON:setUpClass): 201 POST http://10.180.1.21/identity/v3/users 0.063s
2025-12-09 10:46:43.729 65789 INFO tempest.lib.common.rest_client [req-fa40dab9-09cc-4cf0-815b-28752436d6ed req-fa40dab9-09cc-4cf0-815b-28752436d6ed ] Request (ServersAdmin275Test:test_rebuild_update_server_275): 200 GET http://10.180.1.21/compute/v2.1/servers/082901f6-2f2e-4e19-9810-db423242774a 2.813s
2025-12-09 10:46:43.741 65789 INFO tempest.common.waiters [-] State transition "BUILD/None" ==> "BUILD/networking" after 10 second wait
2025-12-09 10:46:43.753 65817 INFO tempest.lib.common.rest_client [req-e7f5e8a7-4790-4dc5-94d2-fe49e1f3e77c req-e7f5e8a7-4790-4dc5-94d2-fe49e1f3e77c ] Request (VolumesTestJSON:setUpClass): 200 GET http://10.180.1.21/identity/v3/roles 0.031s
2025-12-09 10:46:43.787 65817 INFO tempest.lib.common.rest_client [req-9d2074c2-dc6f-4eac-a07d-04d380d5d9ca req-9d2074c2-dc6f-4eac-a07d-04d380d5d9ca ] Request (VolumesTestJSON:setUpClass): 204 PUT http://10.180.1.21/identity/v3/projects/de7415fccecb43af8627aca3995c18ec/users/24301ea1bf22417485ce975a8ae9e16e/roles/907e36db99fe4fe1befbf1e70cd7dbe5 0.034s
2025-12-09 10:46:43.788 65817 INFO tempest.lib.common.dynamic_creds [-] Dynamic test user 24301ea1bf22417485ce975a8ae9e16e is created with scope project and roles: ['member']
2025-12-09 10:46:43.788 65817 INFO tempest.lib.common.dynamic_creds [-] Acquired dynamic creds: credentials: Credentials: {'domain_id': 'default', 'domain_name': 'Default', 'username': 'tempest-VolumesTestJSON-2096503651-project-member', 'project_domain_id': 'default', 'project_domain_name': 'Default', 'project_id': 'de7415fccecb43af8627aca3995c18ec', 'project_name': 'tempest-VolumesTestJSON-2096503651', 'tenant_id': 'de7415fccecb43af8627aca3995c18ec', 'tenant_name': 'tempest-VolumesTestJSON-2096503651', 'user_domain_id': 'default', 'user_domain_name': 'Default', 'user_id': '24301ea1bf22417485ce975a8ae9e16e', 'system': None}, Network: None, Subnet: None, Router: None
2025-12-09 10:46:43.788 65817 INFO tempest.lib.common.dynamic_creds [-] Created isolated network resources for: credentials: Credentials: {'domain_id': 'default', 'domain_name': 'Default', 'username': 'tempest-VolumesTestJSON-2096503651-project-member', 'project_domain_id': 'default', 'project_domain_name': 'Default', 'project_id': 'de7415fccecb43af8627aca3995c18ec', 'project_name': 'tempest-VolumesTestJSON-2096503651', 'tenant_id': 'de7415fccecb43af8627aca3995c18ec', 'tenant_name': 'tempest-VolumesTestJSON-2096503651', 'user_domain_id': 'default', 'user_domain_name': 'Default', 'user_id': '24301ea1bf22417485ce975a8ae9e16e', 'system': None}, Network: None, Subnet: None, Router: None
2025-12-09 10:46:43.864 65817 INFO tempest.lib.common.rest_client [req-55c6abe1-6924-4795-9fb2-bdd26d465b78 req-55c6abe1-6924-4795-9fb2-bdd26d465b78 ] Request (VolumesTestJSON:setUpClass): 201 POST http://10.180.1.21/identity/v3/auth/tokens 0.073s
2025-12-09 10:46:44.092 65803 INFO tempest.lib.common.rest_client [req-9996eb74-75cb-4853-8767-e58c20b237f7 req-9996eb74-75cb-4853-8767-e58c20b237f7 ] Request (ServerActionsTestOtherA:setUpClass): 202 POST http://10.180.1.21/compute/v2.1/servers 3.083s
2025-12-09 10:46:44.103 65783 INFO tempest.lib.common.rest_client [req-04461fe9-05f5-42b2-a499-1aa5052291a1 req-04461fe9-05f5-42b2-a499-1aa5052291a1 ] Request (FloatingIPDetailsTestJSON:setUpClass): 200 POST http://10.180.1.21/compute/v2.1/os-floating-ips 4.104s
2025-12-09 10:46:44.200 65815 INFO tempest.lib.common.rest_client [req-a2a49ac1-d2cf-44e9-85fd-089e796063b2 req-a2a49ac1-d2cf-44e9-85fd-089e796063b2 ] Request (DeleteServersAdminTestJSON:test_admin_delete_servers_of_others): 200 GET http://10.180.1.21/compute/v2.1/servers/e79a4c9f-ddb6-4600-a885-16765998befb 2.995s
2025-12-09 10:46:44.354 65817 INFO tempest.lib.common.rest_client [req-701a5d4e-2a24-42bc-be89-d72c3f2c181e req-701a5d4e-2a24-42bc-be89-d72c3f2c181e ] Request (VolumesTestJSON:setUpClass): 202 POST http://10.180.1.21/volume/v3/volumes 0.488s
2025-12-09 10:46:44.382 65765 INFO tempest.lib.common.rest_client [req-4b3585a2-bf2b-43a0-b557-2a83cc115ce1 req-4b3585a2-bf2b-43a0-b557-2a83cc115ce1 ] Request (MigrationsAdminTest:test_list_migrations_in_flavor_resize_situation): 200 GET http://10.180.1.21/compute/v2.1/servers/11583e9a-2568-4972-bcbd-6771fb185ed0 3.006s
2025-12-09 10:46:44.480 65773 INFO tempest.lib.common.rest_client [req-0bf33e97-dc61-40ff-b14f-c84342f39178 req-0bf33e97-dc61-40ff-b14f-c84342f39178 ] Request (ServersWithSpecificFlavorTestJSON:test_verify_created_server_ephemeral_disk): 200 GET http://10.180.1.21/compute/v2.1/servers/909d56aa-ee99-4673-810d-6a9e6d1ea97d 2.953s
2025-12-09 10:46:44.531 65787 INFO tempest.lib.common.rest_client [req-540bebdd-b2a2-48d6-b22c-ecc61954f9a8 req-540bebdd-b2a2-48d6-b22c-ecc61954f9a8 ] Request (ImagesMetadataTestJSON:test_delete_image_metadata_item): 200 GET http://10.180.1.21/compute/v2.1/images/0615ab9c-abff-4f29-af40-b71eb3e494f3/metadata 2.768s
2025-12-09 10:46:44.559 65817 INFO tempest.lib.common.rest_client [req-9fac7ea7-3c90-4aad-aa53-d1f277f876e8 req-9fac7ea7-3c90-4aad-aa53-d1f277f876e8 ] Request (VolumesTestJSON:setUpClass): 200 GET http://10.180.1.21/volume/v3/volumes/b3fbcb6f-83fb-4884-b49f-1df89e8a0179 0.198s
2025-12-09 10:46:44.610 65811 INFO tempest.lib.common.rest_client [req-913424f0-7cf8-4e25-bf34-ad44a7450a5d req-913424f0-7cf8-4e25-bf34-ad44a7450a5d ] Request (ServersAdminTestJSON:setUpClass): 202 POST http://10.180.1.21/compute/v2.1/servers 3.194s
2025-12-09 10:46:44.813 65763 INFO tempest.lib.common.rest_client [req-d414aef4-2d29-4c9b-ac9a-ca6ad12174b1 req-d414aef4-2d29-4c9b-ac9a-ca6ad12174b1 ] Request (ServerDiagnosticsTest:tearDownClass): 204 DELETE http://10.180.1.21/compute/v2.1/servers/d56d10c1-ef49-49f2-80c9-6eed9f819511 2.797s
2025-12-09 10:46:44.835 65761 INFO tempest.lib.common.rest_client [req-9bef01f4-46b1-44da-89d8-b897d471c368 req-9bef01f4-46b1-44da-89d8-b897d471c368 ] Request (ImagesDeleteNegativeTestJSON:test_delete_non_existent_image): 404 DELETE http://10.180.1.21/compute/v2.1/images/329171a6-fb7a-4bda-b2f6-1808cdd7ac8a 2.805s
2025-12-09 10:46:44.840 65821 INFO tempest.lib.common.rest_client [req-f6e48ae8-66d0-47c9-a70d-1829d63bb460 req-f6e48ae8-66d0-47c9-a70d-1829d63bb460 ] Request (HostsAdminNegativeTestJSON:test_update_host_with_invalid_status): 400 PUT http://10.180.1.21/compute/v2.1/os-hosts/devstack 2.807s
2025-12-09 10:46:44.866 65769 INFO tempest.lib.common.rest_client [req-6a444b92-aa35-4cf8-ae94-93aee719971f req-6a444b92-aa35-4cf8-ae94-93aee719971f ] Request (FlavorsExtraSpecsNegativeTestJSON:tearDownClass): 200 GET http://10.180.1.21/compute/v2.1/flavors/detail 2.794s
2025-12-09 10:46:44.876 65799 INFO tempest.lib.common.rest_client [req-2976af22-0020-4f10-be58-ff373cbca1ae req-2976af22-0020-4f10-be58-ff373cbca1ae ] Request (ServersAdminNegativeTestJSON:test_migrate_server_invalid_state): 202 POST http://10.180.1.21/compute/v2.1/servers 2.938s
2025-12-09 10:46:44.893 65781 INFO tempest.lib.common.rest_client [req-c11ef14b-1f73-44b3-acbb-307919c9664f req-c11ef14b-1f73-44b3-acbb-307919c9664f ] Request (FlavorsExtraSpecsTestJSON:test_flavor_set_get_update_show_unset_keys): 200 GET http://10.180.1.21/compute/v2.1/flavors/974121195/os-extra_specs 2.773s
2025-12-09 10:46:44.897 65813 INFO tempest.lib.common.rest_client [req-9612af40-73e3-4535-9e51-7b4376a4f41c req-9612af40-73e3-4535-9e51-7b4376a4f41c ] Request (FlavorsAccessNegativeTestJSON:test_flavor_non_admin_add): 200 POST http://10.180.1.21/compute/v2.1/flavors 2.788s
2025-12-09 10:46:44.916 65767 INFO tempest.lib.common.rest_client [req-8d03427d-be91-468a-b23e-9a11b17c278c req-8d03427d-be91-468a-b23e-9a11b17c278c ] Request (FlavorsAdminTestJSON:_run_cleanups): 200 GET http://10.180.1.21/compute/v2.1/flavors/detail 2.770s
2025-12-09 10:46:45.013 65769 INFO tempest.lib.common.rest_client [req-570544a4-964f-4085-aaa5-3a203f9f776e req-570544a4-964f-4085-aaa5-3a203f9f776e ] Request (FlavorsExtraSpecsNegativeTestJSON:tearDownClass): 204 DELETE http://10.180.1.21/identity/v3/users/b619b6faf044417c88ab27b28240b7b4 0.138s
2025-12-09 10:46:45.022 65761 INFO tempest.lib.common.rest_client [req-fa9ed0fa-d40d-488d-926c-f9c3696331bc req-fa9ed0fa-d40d-488d-926c-f9c3696331bc ] Request (ImagesDeleteNegativeTestJSON:tearDownClass): 204 DELETE http://10.180.1.21/identity/v3/users/ec211fbf92f448f3918b0ca8c112f039 0.185s
2025-12-09 10:46:45.022 65761 INFO tempest.lib.common.dynamic_creds [-] Deleting project and security group for project: deba8cb6d1ee4c878ab4f7df9782543d
2025-12-09 10:46:45.168 65769 INFO tempest.lib.common.rest_client [req-9fba408e-9d0e-4c9a-a35b-1ffcadc88863 req-9fba408e-9d0e-4c9a-a35b-1ffcadc88863 ] Request (FlavorsExtraSpecsNegativeTestJSON:tearDownClass): 204 DELETE http://10.180.1.21/identity/v3/users/14e8f4fe55d3401e89bee2f1ae4267d5 0.155s
2025-12-09 10:46:45.169 65769 INFO tempest.lib.common.dynamic_creds [-] Deleting project and security group for project: 15d65079bbdb40aaa1bdcf5d3774d360
2025-12-09 10:46:45.240 65761 INFO tempest.lib.common.rest_client [req-5149cd44-924d-44d1-9c74-329c2930101e req-5149cd44-924d-44d1-9c74-329c2930101e ] Request (ImagesDeleteNegativeTestJSON:tearDownClass): 201 POST http://10.180.1.21/identity/v3/auth/tokens 0.217s
2025-12-09 10:46:45.284 65769 INFO tempest.lib.common.rest_client [req-12c04527-28e1-462b-b72a-51f1722eab83 req-12c04527-28e1-462b-b72a-51f1722eab83 ] Request (FlavorsExtraSpecsNegativeTestJSON:tearDownClass): 201 POST http://10.180.1.21/identity/v3/auth/tokens 0.115s
2025-12-09 10:46:45.524 65761 INFO tempest.lib.common.rest_client [req-d95b3386-5173-4049-a44b-258a4350417f req-d95b3386-5173-4049-a44b-258a4350417f ] Request (ImagesDeleteNegativeTestJSON:tearDownClass): 200 GET http://10.180.1.21/networking/v2.0/security-groups?tenant_id=deba8cb6d1ee4c878ab4f7df9782543d&name=default 0.284s
2025-12-09 10:46:45.529 65797 INFO tempest.lib.common.rest_client [req-bb3d3253-6e86-45fd-83f0-203788dccd81 req-bb3d3253-6e86-45fd-83f0-203788dccd81 ] Request (QuotasAdminNegativeTest:test_create_server_when_memory_quota_is_full): 403 POST http://10.180.1.21/compute/v2.1/servers 3.156s
2025-12-09 10:46:45.548 65777 INFO tempest.lib.common.rest_client [req-3979464f-e9b7-4225-a099-545e13cdf07e req-3979464f-e9b7-4225-a099-545e13cdf07e ] Request (FlavorsV2TestJSON:test_list_flavors_detailed_using_marker): 200 GET http://10.180.1.21/compute/v2.1/flavors/42 3.148s
2025-12-09 10:46:45.552 65785 INFO tempest.lib.common.rest_client [req-444ebf19-855b-4f22-89e5-778bb7fca086 req-444ebf19-855b-4f22-89e5-778bb7fca086 ] Request (ServersAaction247Test:test_create_backup): 202 POST http://10.180.1.21/compute/v2.1/servers/dae49d5e-cf5f-4af6-ba8e-46ab1a662e95/action 3.160s
2025-12-09 10:46:45.573 65759 INFO tempest.lib.common.rest_client [req-8e7c0f4d-81f0-41f7-8fcf-35e04a84caf9 req-8e7c0f4d-81f0-41f7-8fcf-35e04a84caf9 ] Request (ServicesAdminNegativeV253TestJSON:test_get_service_with_valid_service_and_invalid_host): 200 GET http://10.180.1.21/compute/v2.1/os-services?host=xxx&binary=nova-scheduler 3.153s
2025-12-09 10:46:45.598 65817 INFO tempest.lib.common.rest_client [req-38c37a61-9796-4d72-8e22-961462cd3976 req-38c37a61-9796-4d72-8e22-961462cd3976 ] Request (VolumesTestJSON:setUpClass): 200 GET http://10.180.1.21/volume/v3/volumes/b3fbcb6f-83fb-4884-b49f-1df89e8a0179 0.029s
2025-12-09 10:46:45.606 65817 INFO tempest.common.waiters [-] volume b3fbcb6f-83fb-4884-b49f-1df89e8a0179 reached available after waiting for 1.606400 seconds
2025-12-09 10:46:45.612 65769 INFO tempest.lib.common.rest_client [req-a5fd98bd-22a1-4308-bf66-81ae4c711dbf req-a5fd98bd-22a1-4308-bf66-81ae4c711dbf ] Request (FlavorsExtraSpecsNegativeTestJSON:tearDownClass): 200 GET http://10.180.1.21/networking/v2.0/security-groups?tenant_id=15d65079bbdb40aaa1bdcf5d3774d360&name=default 0.328s
2025-12-09 10:46:45.646 65761 INFO tempest.lib.common.rest_client [req-9ccefb8d-9f9b-47ba-9259-5ce2db450fb1 req-9ccefb8d-9f9b-47ba-9259-5ce2db450fb1 ] Request (ImagesDeleteNegativeTestJSON:tearDownClass): 204 DELETE http://10.180.1.21/networking/v2.0/security-groups/4dd35096-3c80-4ee2-bded-7a9f8998b555 0.120s
2025-12-09 10:46:45.647 65793 INFO tempest.lib.common.rest_client [req-e983af78-3dbe-44e7-ae35-de26b1570589 req-e983af78-3dbe-44e7-ae35-de26b1570589 ] Request (ServersListShow298Test:test_list_show_update_rebuild_server_298): 200 GET http://10.180.1.21/compute/v2.1/servers/bed23990-1583-444a-8b5b-df523f22872a 3.181s
2025-12-09 10:46:45.654 65809 INFO tempest.lib.common.rest_client [req-add1b0ad-9e14-4240-b4d0-bb9553d8c8d5 req-add1b0ad-9e14-4240-b4d0-bb9553d8c8d5 ] Request (ServerActionsTestJSON:setUpClass): 200 GET http://10.180.1.21/compute/v2.1/servers/75e9dfcd-bf66-4b15-bca8-8a9f413a35b3 3.044s
2025-12-09 10:46:45.662 65809 INFO tempest.common.waiters [-] State transition "BUILD/None" ==> "BUILD/networking" after 4 second wait
2025-12-09 10:46:45.699 65779 INFO tempest.lib.common.rest_client [req-c2c4cdde-4eaa-42dd-8fd3-294a80ffdb39 req-c2c4cdde-4eaa-42dd-8fd3-294a80ffdb39 ] Request (TenantUsagesTestJSON:setUpClass): 200 GET http://10.180.1.21/compute/v2.1/servers/d6d995f5-7929-4667-9b8b-688f48297ec1 2.932s
2025-12-09 10:46:45.735 65769 INFO tempest.lib.common.rest_client [req-c8c1ac09-271d-47e8-8d98-dae49186d257 req-c8c1ac09-271d-47e8-8d98-dae49186d257 ] Request (FlavorsExtraSpecsNegativeTestJSON:tearDownClass): 204 DELETE http://10.180.1.21/networking/v2.0/security-groups/5ede71ea-03e1-4471-ac04-b0a09ca1ec85 0.122s
2025-12-09 10:46:45.736 65761 INFO tempest.lib.common.rest_client [req-04a9803a-3b30-4df0-a24f-44e6629569e1 req-04a9803a-3b30-4df0-a24f-44e6629569e1 ] Request (ImagesDeleteNegativeTestJSON:tearDownClass): 204 DELETE http://10.180.1.21/identity/v3/projects/deba8cb6d1ee4c878ab4f7df9782543d 0.090s
2025-12-09 10:46:45.840 65769 INFO tempest.lib.common.rest_client [req-74ba2e21-53ac-4910-addb-2e1a64e47229 req-74ba2e21-53ac-4910-addb-2e1a64e47229 ] Request (FlavorsExtraSpecsNegativeTestJSON:tearDownClass): 204 DELETE http://10.180.1.21/identity/v3/projects/15d65079bbdb40aaa1bdcf5d3774d360 0.105s
2025-12-09 10:46:45.840 65769 INFO tempest.lib.common.dynamic_creds [-] Deleting project and security group for project: 73fc72411b7a453aa19647bd819d9815
2025-12-09 10:46:45.871 65807 INFO tempest.lib.common.rest_client [req-9826e72e-f8d5-4dfe-bc17-6a955e8c87ae req-9826e72e-f8d5-4dfe-bc17-6a955e8c87ae ] Request (VolumesAssistedSnapshotsTest:test_volume_assisted_snapshot_create_delete): 200 GET http://10.180.1.21/compute/v2.1/servers/28a2fbd6-c388-4e5e-9542-a5043605c6e1 2.835s
2025-12-09 10:46:45.898 65761 INFO tempest.lib.common.rest_client [req-c9cbf49f-7f0b-476e-b5ab-0d82839101e4 req-c9cbf49f-7f0b-476e-b5ab-0d82839101e4 ] Request (ListImageFiltersNegativeTestJSON:setUpClass): 201 POST http://10.180.1.21/identity/v3/auth/tokens 0.159s
2025-12-09 10:46:45.924 65775 INFO tempest.lib.common.rest_client [req-e0c0ea7d-3f32-4516-af31-f8be7e3c1979 req-e0c0ea7d-3f32-4516-af31-f8be7e3c1979 ] Request (ServerDiagnosticsNegativeTest:test_get_server_diagnostics_by_non_admin): 200 GET http://10.180.1.21/compute/v2.1/servers/96f443fa-4fa6-4844-8eeb-4842e28d2248 2.783s
2025-12-09 10:46:45.935 65761 INFO tempest.lib.common.rest_client [req-95e3b49c-7caf-4243-a5af-c893489f10a5 req-95e3b49c-7caf-4243-a5af-c893489f10a5 ] Request (ListImageFiltersNegativeTestJSON:setUpClass): 201 POST http://10.180.1.21/identity/v3/auth/tokens 0.034s
2025-12-09 10:46:45.953 65769 INFO tempest.lib.common.rest_client [req-e4a37193-b05f-4d54-84eb-66383223802c req-e4a37193-b05f-4d54-84eb-66383223802c ] Request (FlavorsExtraSpecsNegativeTestJSON:tearDownClass): 200 GET http://10.180.1.21/networking/v2.0/security-groups?tenant_id=73fc72411b7a453aa19647bd819d9815&name=default 0.112s
2025-12-09 10:46:45.967 65761 INFO tempest.lib.common.rest_client [req-dbb0b5d1-c339-4136-bf81-8138a1b45ed7 req-dbb0b5d1-c339-4136-bf81-8138a1b45ed7 ] Request (ListImageFiltersNegativeTestJSON:setUpClass): 200 GET http://10.180.1.21/identity/v3/domains?name=Default 0.031s
2025-12-09 10:46:46.014 65761 INFO tempest.lib.common.rest_client [req-3c98152e-e26e-425b-8976-7b83e174b08c req-3c98152e-e26e-425b-8976-7b83e174b08c ] Request (ListImageFiltersNegativeTestJSON:setUpClass): 201 POST http://10.180.1.21/identity/v3/projects 0.046s
2025-12-09 10:46:46.030 65805 INFO tempest.lib.common.rest_client [req-f15a41d8-927b-4c09-89bb-fbeefb4e4c38 req-f15a41d8-927b-4c09-89bb-fbeefb4e4c38 ] Request (QuotasAdminTestV236:test_get_updated_quotas): 200 PUT http://10.180.1.21/compute/v2.1/os-quota-sets/16ef0cdd2d2f4cf3a929f9cfaa01853c 3.047s
2025-12-09 10:46:46.098 65769 INFO tempest.lib.common.rest_client [req-6b3c0f57-e193-44a8-a7fe-e74a7d70ae6d req-6b3c0f57-e193-44a8-a7fe-e74a7d70ae6d ] Request (FlavorsExtraSpecsNegativeTestJSON:tearDownClass): 204 DELETE http://10.180.1.21/networking/v2.0/security-groups/a517f00a-fa1a-4543-af4f-b2f906cd7ab7 0.144s
2025-12-09 10:46:46.119 65761 INFO tempest.lib.common.rest_client [req-983d628a-a36e-49dc-ad9e-500b9c46a78c req-983d628a-a36e-49dc-ad9e-500b9c46a78c ] Request (ListImageFiltersNegativeTestJSON:setUpClass): 201 POST http://10.180.1.21/identity/v3/users 0.104s
2025-12-09 10:46:46.176 65791 INFO tempest.lib.common.rest_client [req-5d590406-5cf7-4f8c-b43e-6917e4c0bbce req-5d590406-5cf7-4f8c-b43e-6917e4c0bbce ] Request (ServerExternalEventsTest:test_create_server_external_events): 200 GET http://10.180.1.21/compute/v2.1/servers/8a713cad-78fa-4109-a3dd-691be3222cc5 2.678s
2025-12-09 10:46:46.185 65761 INFO tempest.lib.common.rest_client [req-a1f6e3ff-b8d9-491f-84f4-56a60f45b91c req-a1f6e3ff-b8d9-491f-84f4-56a60f45b91c ] Request (ListImageFiltersNegativeTestJSON:setUpClass): 200 GET http://10.180.1.21/identity/v3/roles 0.066s
2025-12-09 10:46:46.218 65801 INFO tempest.lib.common.rest_client [req-f504881e-b492-4f9b-a189-cb71099333aa req-f504881e-b492-4f9b-a189-cb71099333aa ] Request (FlavorsV261TestJSON:test_crud_flavor): 200 GET http://10.180.1.21/compute/v2.1/flavors/detail 2.689s
2025-12-09 10:46:46.260 65769 INFO tempest.lib.common.rest_client [req-68ec554a-a5f8-44c3-a64f-afcfe77ea24e req-68ec554a-a5f8-44c3-a64f-afcfe77ea24e ] Request (FlavorsExtraSpecsNegativeTestJSON:tearDownClass): 204 DELETE http://10.180.1.21/identity/v3/projects/73fc72411b7a453aa19647bd819d9815 0.161s
2025-12-09 10:46:46.378 65761 INFO tempest.lib.common.rest_client [req-95cffc53-d7a4-40ed-9c88-8b1731b9c83d req-95cffc53-d7a4-40ed-9c88-8b1731b9c83d ] Request (ListImageFiltersNegativeTestJSON:setUpClass): 204 PUT http://10.180.1.21/identity/v3/projects/42af6f6356584164bd92c5e334110e1d/users/a9c44f13ca484acfb9f50f1c51500832/roles/907e36db99fe4fe1befbf1e70cd7dbe5 0.192s
2025-12-09 10:46:46.378 65769 INFO tempest.lib.common.rest_client [req-3cf71316-5127-4bb4-924d-e454bddc6206 req-3cf71316-5127-4bb4-924d-e454bddc6206 ] Request (QuotasAdminTestJSON:setUpClass): 201 POST http://10.180.1.21/identity/v3/auth/tokens 0.117s
2025-12-09 10:46:46.378 65761 INFO tempest.lib.common.dynamic_creds [-] Dynamic test user a9c44f13ca484acfb9f50f1c51500832 is created with scope project and roles: ['member']
