2025-12-10 05:49:14.017 65516 INFO tempest.lib.common.rest_client [req-f50701bd-fec7-475d-93c3-9aab58b05d65 req-f50701bd-fec7-475d-93c3-9aab58b05d65 ] Request (ServerExternalEventsTest:tearDownClass): 200 GET http://10.180.1.21/compute/v2.1/servers/d86cf38b-48ef-4d09-b5f5-2e5dc9a170e7 1.288s
2025-12-10 05:49:14.028 65488 INFO tempest.lib.common.rest_client [req-3df64326-8745-4fb6-813a-58d7161d3a98 req-3df64326-8745-4fb6-813a-58d7161d3a98 ] Request (AZV2TestJSON:tearDownClass): 204 DELETE http://10.180.1.21/identity/v3/projects/9f960e734af14bfba1da79ea880e70e0 0.069s
2025-12-10 05:49:14.080 65476 INFO tempest.lib.common.rest_client [req-656f5946-c9cb-427a-9ae7-ddf6eef21a46 req-656f5946-c9cb-427a-9ae7-ddf6eef21a46 ] Request (ImagesOneServerNegativeTestJSON:tearDown): 200 GET http://10.180.1.21/compute/v2.1/servers/052bed64-52a9-45af-be86-ee8d8dab8bf3 1.429s
2025-12-10 05:49:14.094 65488 INFO tempest.lib.common.rest_client [req-fce66c3c-8a14-4598-816c-cc1d7234c9e2 req-fce66c3c-8a14-4598-816c-cc1d7234c9e2 ] Request (ServerActionsTestOtherA:setUpClass): 201 POST http://10.180.1.21/identity/v3/auth/tokens 0.064s
2025-12-10 05:49:14.101 65524 INFO tempest.lib.common.rest_client [req-95c0b7f8-97df-42ea-a086-01d65f385516 req-95c0b7f8-97df-42ea-a086-01d65f385516 ] Request (ServicesAdminNegativeV253TestJSON:test_get_service_by_invalid_service_and_valid_host): 200 GET http://10.180.1.21/compute/v2.1/os-services?host=devstack&binary=xxx 1.194s
2025-12-10 05:49:14.121 65520 INFO tempest.lib.common.rest_client [req-fe61c190-23fc-47c0-9f50-2ebe2f3047d3 req-fe61c190-23fc-47c0-9f50-2ebe2f3047d3 ] Request (QuotaClassesAdmin257Test:test_update_default_quotas): 200 PUT http://10.180.1.21/compute/v2.1/os-quota-class-sets/default 1.245s
2025-12-10 05:49:14.132 65488 INFO tempest.lib.common.rest_client [req-0b04ef79-33fa-450e-8241-b865d0be271b req-0b04ef79-33fa-450e-8241-b865d0be271b ] Request (ServerActionsTestOtherA:setUpClass): 201 POST http://10.180.1.21/identity/v3/auth/tokens 0.036s
2025-12-10 05:49:14.158 65488 INFO tempest.lib.common.rest_client [req-36a8b6f2-444b-4dae-b7b8-c5377751f364 req-36a8b6f2-444b-4dae-b7b8-c5377751f364 ] Request (ServerActionsTestOtherA:setUpClass): 200 GET http://10.180.1.21/identity/v3/domains?name=Default 0.026s
2025-12-10 05:49:14.195 65488 INFO tempest.lib.common.rest_client [req-fa470d75-5d43-4a30-8a27-47462516ce76 req-fa470d75-5d43-4a30-8a27-47462516ce76 ] Request (ServerActionsTestOtherA:setUpClass): 201 POST http://10.180.1.21/identity/v3/projects 0.036s
2025-12-10 05:49:14.263 65488 INFO tempest.lib.common.rest_client [req-d8c3307d-8405-46f1-b8fb-57ee92f7d3ab req-d8c3307d-8405-46f1-b8fb-57ee92f7d3ab ] Request (ServerActionsTestOtherA:setUpClass): 201 POST http://10.180.1.21/identity/v3/users 0.067s
2025-12-10 05:49:14.294 65488 INFO tempest.lib.common.rest_client [req-2026ee26-dce2-4291-8989-43a993cbd4cd req-2026ee26-dce2-4291-8989-43a993cbd4cd ] Request (ServerActionsTestOtherA:setUpClass): 200 GET http://10.180.1.21/identity/v3/roles 0.030s
2025-12-10 05:49:14.326 65488 INFO tempest.lib.common.rest_client [req-74997db7-65be-4389-8507-2c7165e1b1b8 req-74997db7-65be-4389-8507-2c7165e1b1b8 ] Request (ServerActionsTestOtherA:setUpClass): 204 PUT http://10.180.1.21/identity/v3/projects/aa02104296514cbd982dabd5236767b5/users/7a68458ad3604980a90c662311fa6b35/roles/bab71419bb5145168e8e839991e3a230 0.032s
2025-12-10 05:49:14.326 65488 INFO tempest.lib.common.dynamic_creds [-] Dynamic test user 7a68458ad3604980a90c662311fa6b35 is created with scope project and roles: ['member']
2025-12-10 05:49:14.327 65488 INFO tempest.lib.common.dynamic_creds [-] Acquired dynamic creds: credentials: Credentials: {'domain_id': 'default', 'domain_name': 'Default', 'username': 'tempest-ServerActionsTestOtherA-1999119838-project-member', 'project_domain_id': 'default', 'project_domain_name': 'Default', 'project_id': 'aa02104296514cbd982dabd5236767b5', 'project_name': 'tempest-ServerActionsTestOtherA-1999119838', 'tenant_id': 'aa02104296514cbd982dabd5236767b5', 'tenant_name': 'tempest-ServerActionsTestOtherA-1999119838', 'user_domain_id': 'default', 'user_domain_name': 'Default', 'user_id': '7a68458ad3604980a90c662311fa6b35', 'system': None}, Network: None, Subnet: None, Router: None
2025-12-10 05:49:14.340 65508 INFO tempest.lib.common.rest_client [req-aec30bf5-e28a-465b-a109-195e563afbb0 req-aec30bf5-e28a-465b-a109-195e563afbb0 ] Request (FloatingIPsAssociationTestJSON:test_associate_already_associated_floating_ip): 200 GET http://10.180.1.21/compute/v2.1/servers/a9a30593-9522-41f1-9cb5-6acc4c522f6e 1.277s
2025-12-10 05:49:14.380 65490 INFO tempest.lib.common.rest_client [req-f948a955-4b09-4a4f-9678-9e74ecfdb14f req-f948a955-4b09-4a4f-9678-9e74ecfdb14f ] Request (AttachInterfacesUnderV243Test:test_add_remove_fixed_ip): 200 GET http://10.180.1.21/compute/v2.1/servers/0c21f9a9-2104-4ba6-8f41-5a24a0e1ff28 1.261s
2025-12-10 05:49:14.384 65488 INFO tempest.lib.common.rest_client [req-19379044-a32e-4b77-a406-d985ef1f4933 req-19379044-a32e-4b77-a406-d985ef1f4933 ] Request (ServerActionsTestOtherA:setUpClass): 201 POST http://10.180.1.21/identity/v3/auth/tokens 0.057s
2025-12-10 05:49:14.389 65490 INFO tempest.common.waiters [-] State transition "BUILD/networking" ==> "BUILD/spawning" after 13 second wait
2025-12-10 05:49:14.461 65518 INFO tempest.lib.common.rest_client [req-1066ee9b-527a-4aea-bd97-3fab665f2cd4 req-1066ee9b-527a-4aea-bd97-3fab665f2cd4 ] Request (TenantUsagesTestJSON:tearDownClass): 200 GET http://10.180.1.21/compute/v2.1/servers/8dcfaa31-4e26-420b-898c-55577d1a4c86 1.268s
2025-12-10 05:49:14.571 65530 INFO tempest.lib.common.rest_client [req-ab140cb8-0757-496c-aa8f-e883f1e6f8fc req-ab140cb8-0757-496c-aa8f-e883f1e6f8fc ] Request (ServerDiagnosticsV248Test:test_get_server_diagnostics): 202 POST http://10.180.1.21/compute/v2.1/servers 1.429s
2025-12-10 05:49:14.665 65488 INFO tempest.lib.common.rest_client [req-aab7ec94-6ef8-47e0-a50c-c8a204cd4f3b req-aab7ec94-6ef8-47e0-a50c-c8a204cd4f3b ] Request (ServerActionsTestOtherA:setUpClass): 201 POST http://10.180.1.21/networking/v2.0/networks 0.280s
2025-12-10 05:49:14.835 65488 INFO tempest.lib.common.rest_client [req-5be5a18c-d4e5-45ce-b836-44663a186fac req-5be5a18c-d4e5-45ce-b836-44663a186fac ] Request (ServerActionsTestOtherA:setUpClass): 201 POST http://10.180.1.21/networking/v2.0/subnets 0.170s
2025-12-10 05:49:14.893 65486 INFO tempest.lib.common.rest_client [req-47470aef-d293-448d-846c-941f460ccb1b req-47470aef-d293-448d-846c-941f460ccb1b ] Request (FloatingIPDetailsTestJSON:tearDownClass): 202 DELETE http://10.180.1.21/compute/v2.1/os-floating-ips/be57529e-8d2b-48ab-b9ca-a12d1c5658c5 1.641s
2025-12-10 05:49:15.630 65488 INFO tempest.lib.common.rest_client [req-cddc824f-790c-4c95-8572-fe965b824a5c req-cddc824f-790c-4c95-8572-fe965b824a5c ] Request (ServerActionsTestOtherA:setUpClass): 201 POST http://10.180.1.21/networking/v2.0/routers 0.794s
2025-12-10 05:49:15.687 65503 INFO tempest.lib.common.rest_client [req-28b27f14-c416-4fe2-8ad1-bb5643715447 req-28b27f14-c416-4fe2-8ad1-bb5643715447 ] Request (ServersV294TestFqdnHostnames:setUpClass): 200 GET http://10.180.1.21/compute/v2.1/servers/acb2f39a-eb5d-4fa4-a1af-25ee9cc281a4 2.299s
2025-12-10 05:49:15.699 65503 INFO tempest.common.waiters [-] State transition "BUILD/None" ==> "BUILD/networking" after 14 second wait
2025-12-10 05:49:15.793 65532 INFO tempest.lib.common.rest_client [req-55f14e9c-7353-4cc9-8c9a-1a096592e1dd req-55f14e9c-7353-4cc9-8c9a-1a096592e1dd ] Request (ServersTestJSON:test_create_server_with_admin_password): 202 POST http://10.180.1.21/compute/v2.1/servers 2.437s
2025-12-10 05:49:16.640 65488 INFO tempest.lib.common.rest_client [req-4f5ef81c-9140-48db-b29e-cf7bf7800f28 req-4f5ef81c-9140-48db-b29e-cf7bf7800f28 ] Request (ServerActionsTestOtherA:setUpClass): 200 PUT http://10.180.1.21/networking/v2.0/routers/c809116c-f122-4c2f-a53e-0309b0f71b03/add_router_interface 1.009s
2025-12-10 05:49:16.640 65488 INFO tempest.lib.common.dynamic_creds [-] Created isolated network resources for: credentials: Credentials: {'domain_id': 'default', 'domain_name': 'Default', 'username': 'tempest-ServerActionsTestOtherA-1999119838-project-member', 'project_domain_id': 'default', 'project_domain_name': 'Default', 'project_id': 'aa02104296514cbd982dabd5236767b5', 'project_name': 'tempest-ServerActionsTestOtherA-1999119838', 'tenant_id': 'aa02104296514cbd982dabd5236767b5', 'tenant_name': 'tempest-ServerActionsTestOtherA-1999119838', 'user_domain_id': 'default', 'user_domain_name': 'Default', 'user_id': '7a68458ad3604980a90c662311fa6b35', 'system': None}, Network: {'id': 'd7db6375-19ca-4312-bd9c-7a946619a377', 'name': 'tempest-ServerActionsTestOtherA-1494640030-network', 'tenant_id': 'aa02104296514cbd982dabd5236767b5', 'project_id': 'aa02104296514cbd982dabd5236767b5', 'admin_state_up': True, 'mtu': 8950, 'status': 'ACTIVE', 'subnets': [], 'shared': False, 'port_security_enabled': True, 'router:external': False, 'provider:network_type': 'vlan', 'provider:physical_network': 'default', 'provider:segmentation_id': 934, 'availability_zone_hints': [], 'availability_zones': [], 'ipv4_address_scope': None, 'ipv6_address_scope': None, 'description': '', 'tags': [], 'created_at': '2025-12-10T05:49:14Z', 'updated_at': '2025-12-10T05:49:14Z', 'revision_number': 1}, Subnet: {'id': '1786ffc2-c35a-43c2-8d79-a4b78272498d', 'name': 'tempest-ServerActionsTestOtherA-1494640030-subnet', 'tenant_id': 'aa02104296514cbd982dabd5236767b5', 'network_id': 'd7db6375-19ca-4312-bd9c-7a946619a377', 'ip_version': 4, 'subnetpool_id': None, 'enable_dhcp': True, 'ipv6_ra_mode': None, 'ipv6_address_mode': None, 'gateway_ip': '192.168.128.1', 'cidr': '192.168.128.0/28', 'allocation_pools': [{'start': '192.168.128.2', 'end': '192.168.128.14'}], 'host_routes': [], 'dns_nameservers': [], 'description': '', 'router:external': False, 'service_types': [], 'tags': [], 'created_at': '2025-12-10T05:49:14Z', 'updated_at': '2025-12-10T05:49:14Z', 'revision_number': 0, 'project_id': 'aa02104296514cbd982dabd5236767b5'}, Router: {'id': 'c809116c-f122-4c2f-a53e-0309b0f71b03', 'name': 'tempest-ServerActionsTestOtherA-1494640030-router', 'tenant_id': 'aa02104296514cbd982dabd5236767b5', 'admin_state_up': True, 'status': 'ACTIVE', 'external_gateway_info': {'network_id': '0afbbf58-917f-4b2c-8757-2c82170a8aa4', 'external_fixed_ips': [{'subnet_id': '05fee68e-1302-48f6-ba27-c59c55105709', 'ip_address': '10.180.180.228'}], 'enable_snat': True}, 'description': '', 'availability_zones': [], 'distributed': False, 'ha': False, 'availability_zone_hints': [], 'routes': [], 'flavor_id': None, 'tags': [], 'created_at': '2025-12-10T05:49:14Z', 'updated_at': '2025-12-10T05:49:15Z', 'revision_number': 2, 'project_id': 'aa02104296514cbd982dabd5236767b5'}
2025-12-10 05:49:16.667 65514 INFO tempest.lib.common.rest_client [req-3d502f37-cf97-4d77-945c-c9814fad006e req-3d502f37-cf97-4d77-945c-c9814fad006e ] Request (ServersAdminTestJSON:test_create_server_with_scheduling_hint): 200 GET http://10.180.1.21/compute/v2.1/servers/0c5eb378-a869-48e2-b0a3-180af021545b 3.223s
2025-12-10 05:49:16.696 65482 INFO tempest.lib.common.rest_client [req-211772ae-b077-487c-8b8f-01e5fbdbfe8a req-211772ae-b077-487c-8b8f-01e5fbdbfe8a ] Request (AggregatesAdminNegativeTestJSON:test_aggregate_get_details_as_user): 200 POST http://10.180.1.21/compute/v2.1/os-aggregates 3.206s
2025-12-10 05:49:16.764 65488 INFO tempest.lib.common.rest_client [req-46050d4b-19a8-479e-bda7-16a16181229a req-46050d4b-19a8-479e-bda7-16a16181229a ] Request (ServerActionsTestOtherA:setUpClass): 201 POST http://10.180.1.21/identity/v3/auth/tokens 0.120s
2025-12-10 05:49:16.823 65484 INFO tempest.lib.common.rest_client [req-2d72e7cc-a3f7-4b37-ad99-c6eb20081791 req-2d72e7cc-a3f7-4b37-ad99-c6eb20081791 ] Request (ServerDiagnosticsTest:tearDownClass): 200 GET http://10.180.1.21/compute/v2.1/servers/d36dbe05-dfee-4ddb-9f48-63aee6128478 3.306s
2025-12-10 05:49:16.904 65480 INFO tempest.lib.common.rest_client [req-346c29c7-eb23-48cf-86f4-7777527e72cb req-346c29c7-eb23-48cf-86f4-7777527e72cb ] Request (SecurityGroupRulesTestJSON:tearDownClass): 202 DELETE http://10.180.1.21/compute/v2.1/os-security-groups/7a3094dc-43b7-4e8b-a971-de64afedb8c7 3.424s
2025-12-10 05:49:16.978 65498 INFO tempest.lib.common.rest_client [req-9547a973-cb2f-4e40-9f9c-7a0309d1c7a4 req-9547a973-cb2f-4e40-9f9c-7a0309d1c7a4 ] Request (ServerDiagnosticsNegativeTest:tearDownClass): 200 GET http://10.180.1.21/compute/v2.1/servers/257a12b0-17a5-49cf-875b-6122b05c7c67 3.433s
2025-12-10 05:49:16.993 65472 INFO tempest.lib.common.rest_client [req-17f1b3d6-f893-4e5b-bfc7-5f2112273491 req-17f1b3d6-f893-4e5b-bfc7-5f2112273491 ] Request (FloatingIPsTestJSON:_run_cleanups): 404 DELETE http://10.180.1.21/compute/v2.1/os-floating-ips/9bcc4dfd-abdb-40c1-9258-097f26cfbb12 3.438s
2025-12-10 05:49:17.019 65510 INFO tempest.lib.common.rest_client [req-d1911381-abc1-470d-8303-800c32a56a32 req-d1911381-abc1-470d-8303-800c32a56a32 ] Request (FlavorsAdminTestJSON:_run_cleanups): 202 DELETE http://10.180.1.21/compute/v2.1/flavors/1030930844 3.395s
2025-12-10 05:49:17.060 65506 INFO tempest.lib.common.rest_client [req-37eef691-4a0e-4816-9abd-fc92245e36e6 req-37eef691-4a0e-4816-9abd-fc92245e36e6 ] Request (ServersAdminNegativeTestJSON:test_migrate_server_invalid_state): 200 GET http://10.180.1.21/compute/v2.1/servers/7b3dc470-44ed-48f3-8c68-8d93e60f1c6e 3.460s
2025-12-10 05:49:17.128 65474 INFO tempest.lib.common.rest_client [req-7bd844d5-8f6e-4632-b4ed-8236cd0f63d0 req-7bd844d5-8f6e-4632-b4ed-8236cd0f63d0 ] Request (ServersListShow298Test:test_list_show_update_rebuild_server_298): 200 GET http://10.180.1.21/compute/v2.1/servers/d67f9d40-aa7b-4c5a-b22e-8ae91f961ccb 3.471s
2025-12-10 05:49:17.139 65504 INFO tempest.lib.common.rest_client [req-00e87893-45fd-4727-a8eb-e502b4d4a68f req-00e87893-45fd-4727-a8eb-e502b4d4a68f ] Request (ImagesTestJSON:test_create_image_from_stopped_server): 200 GET http://10.180.1.21/compute/v2.1/servers/061fd144-3aaf-4d4f-b720-5fe995597351 3.423s
2025-12-10 05:49:17.151 65504 INFO tempest.common.waiters [-] State transition "BUILD/None" ==> "BUILD/networking" after 15 second wait
2025-12-10 05:49:17.155 65478 INFO tempest.lib.common.rest_client [req-58e3e780-68a9-45e9-8741-3ba0cc921346 req-58e3e780-68a9-45e9-8741-3ba0cc921346 ] Request (FlavorsAccessNegativeTestJSON:_run_cleanups): 202 DELETE http://10.180.1.21/compute/v2.1/flavors/517274413 3.421s
2025-12-10 05:49:17.693 65512 INFO tempest.lib.common.rest_client [req-493d481f-7eb6-4740-92fa-66e92431544b req-493d481f-7eb6-4740-92fa-66e92431544b ] Request (MigrationsAdminTest:test_list_migrations_in_flavor_resize_situation): 200 GET http://10.180.1.21/compute/v2.1/servers/4b00aa55-ae40-41f1-9fe5-4f1193c79285 3.934s
2025-12-10 05:49:17.701 65512 INFO tempest.common.waiters [-] State transition "BUILD/spawning" ==> "ACTIVE/None" after 18 second wait
2025-12-10 05:49:17.718 65524 INFO tempest.lib.common.rest_client [req-14fcd033-56e0-43d0-ae57-fee457f972e2 req-14fcd033-56e0-43d0-ae57-fee457f972e2 ] Request (ServicesAdminNegativeV253TestJSON:test_get_service_with_valid_service_and_invalid_host): 200 GET http://10.180.1.21/compute/v2.1/os-services 3.612s
2025-12-10 05:49:17.724 65476 INFO tempest.lib.common.rest_client [req-603d38d8-32eb-4152-9c0a-2ba04ad840aa req-603d38d8-32eb-4152-9c0a-2ba04ad840aa ] Request (ImagesOneServerNegativeTestJSON:setUp): 200 GET http://10.180.1.21/compute/v2.1/servers/052bed64-52a9-45af-be86-ee8d8dab8bf3 3.636s
2025-12-10 05:49:17.732 65520 INFO tempest.lib.common.rest_client [req-3c32ffdf-238a-41bd-99f0-370d39b82665 req-3c32ffdf-238a-41bd-99f0-370d39b82665 ] Request (QuotaClassesAdmin257Test:test_update_default_quotas): 200 GET http://10.180.1.21/compute/v2.1/os-quota-class-sets/default 3.609s
2025-12-10 05:49:17.807 65472 INFO tempest.lib.common.rest_client [req-0f73c4df-676e-4cac-8843-01a5d28cdbb5 req-0f73c4df-676e-4cac-8843-01a5d28cdbb5 ] Request (FloatingIPsTestJSON:tearDownClass): 200 PUT http://10.180.1.21/networking/v2.0/routers/4a744c6a-abab-4431-bfa2-b47da5886ce6/remove_router_interface 0.812s
2025-12-10 05:49:18.311 65472 INFO tempest.lib.common.rest_client [req-a0448526-4652-49b6-91cc-d95101aee5f9 req-a0448526-4652-49b6-91cc-d95101aee5f9 ] Request (FloatingIPsTestJSON:tearDownClass): 204 DELETE http://10.180.1.21/networking/v2.0/routers/4a744c6a-abab-4431-bfa2-b47da5886ce6 0.504s
2025-12-10 05:49:18.359 65530 INFO tempest.lib.common.rest_client [req-f0405d6e-2971-441e-884d-c3bdf5b5df11 req-f0405d6e-2971-441e-884d-c3bdf5b5df11 ] Request (ServerDiagnosticsV248Test:test_get_server_diagnostics): 200 GET http://10.180.1.21/compute/v2.1/servers/99ef238a-8d90-4a4a-8ef9-316c9d0bbde4 3.786s
2025-12-10 05:49:18.385 65496 INFO tempest.lib.common.rest_client [req-fbf7ebc2-caae-4b8b-954a-9c4abdc7572e req-fbf7ebc2-caae-4b8b-954a-9c4abdc7572e ] Request (VolumesAdminNegativeTest:test_update_attached_volume_with_nonexistent_volume_in_uri): 200 GET http://10.180.1.21/compute/v2.1/servers/98f26e7f-1032-4482-a0a6-903bffdd24a6 3.897s
2025-12-10 05:49:18.399 65496 INFO tempest.common.waiters [-] State transition "BUILD/spawning" ==> "ACTIVE/None" after 18 second wait
2025-12-10 05:49:18.554 65472 INFO tempest.lib.common.rest_client [req-085767e6-ef7b-4bc7-8e1f-03f2dceae60b req-085767e6-ef7b-4bc7-8e1f-03f2dceae60b ] Request (FloatingIPsTestJSON:tearDownClass): 204 DELETE http://10.180.1.21/networking/v2.0/subnets/2609b411-e6a6-4200-abfb-e6e6ddbd7e82 0.242s
2025-12-10 05:49:18.604 65522 INFO tempest.lib.common.rest_client [req-7f24bbe6-3387-4ad4-b17c-45818ec83c39 req-7f24bbe6-3387-4ad4-b17c-45818ec83c39 ] Request (ListImageFiltersTestJSON:setUpClass): 200 GET http://10.180.1.21/compute/v2.1/servers/a55397fa-c404-47d4-870f-815b84c4fce5 3.983s
2025-12-10 05:49:18.612 65522 INFO tempest.common.waiters [-] State transition "BUILD/scheduling" ==> "BUILD/None" after 5 second wait
2025-12-10 05:49:18.624 65526 INFO tempest.lib.common.rest_client [req-01436247-c07b-48b8-bf26-eae60d9a80a9 req-01436247-c07b-48b8-bf26-eae60d9a80a9 ] Request (DeleteServersTestJSON:test_delete_active_server): 200 GET http://10.180.1.21/compute/v2.1/servers/6fe839c0-a6da-44de-8bfe-d6e435e48e0e 3.814s
2025-12-10 05:49:18.779 65472 INFO tempest.lib.common.rest_client [req-16b5b715-a0ec-45bf-a929-852031d5ec4a req-16b5b715-a0ec-45bf-a929-852031d5ec4a ] Request (FloatingIPsTestJSON:tearDownClass): 204 DELETE http://10.180.1.21/networking/v2.0/networks/391e0ca9-85b1-4b29-998c-c23c203c00c7 0.225s
2025-12-10 05:49:18.858 65496 INFO tempest.lib.common.rest_client [req-1752caff-530a-4010-936e-05a0cd7f3360 req-1752caff-530a-4010-936e-05a0cd7f3360 ] Request (VolumesAdminNegativeTest:test_update_attached_volume_with_nonexistent_volume_in_uri): 202 POST http://10.180.1.21/volume/v3/volumes 0.458s
2025-12-10 05:49:18.862 65516 INFO tempest.lib.common.rest_client [req-6da850c4-b8d6-4c29-9f37-4c892ecbf0cb req-6da850c4-b8d6-4c29-9f37-4c892ecbf0cb ] Request (ServerExternalEventsTest:tearDownClass): 200 GET http://10.180.1.21/compute/v2.1/servers/d86cf38b-48ef-4d09-b5f5-2e5dc9a170e7 3.837s
2025-12-10 05:49:18.888 65472 INFO tempest.lib.common.rest_client [req-ef699c82-0c5c-4e80-84fb-c9627133a133 req-ef699c82-0c5c-4e80-84fb-c9627133a133 ] Request (FloatingIPsTestJSON:tearDownClass): 204 DELETE http://10.180.1.21/identity/v3/users/b8d5860422c349e8889c86f6a952900c 0.108s
2025-12-10 05:49:18.889 65472 INFO tempest.lib.common.dynamic_creds [-] Deleting project and security group for project: 552ce82624974acf859f6645737f753e
2025-12-10 05:49:18.959 65472 INFO tempest.lib.common.rest_client [req-a9dbe6e9-a852-48b9-af78-50dc29185b1a req-a9dbe6e9-a852-48b9-af78-50dc29185b1a ] Request (FloatingIPsTestJSON:tearDownClass): 200 GET http://10.180.1.21/networking/v2.0/security-groups?tenant_id=552ce82624974acf859f6645737f753e&name=default 0.070s
2025-12-10 05:49:19.035 65496 INFO tempest.lib.common.rest_client [req-98a5bd7b-1953-4186-8663-14ad91805586 req-98a5bd7b-1953-4186-8663-14ad91805586 ] Request (VolumesAdminNegativeTest:test_update_attached_volume_with_nonexistent_volume_in_uri): 200 GET http://10.180.1.21/volume/v3/volumes/5868699d-5c58-4f35-8e05-2619e8cb3246 0.170s
2025-12-10 05:49:19.194 65472 INFO tempest.lib.common.rest_client [req-ac7d9b6f-e45c-469d-9568-fa57c9133d3f req-ac7d9b6f-e45c-469d-9568-fa57c9133d3f ] Request (FloatingIPsTestJSON:tearDownClass): 204 DELETE http://10.180.1.21/networking/v2.0/security-groups/8935c1e2-6582-4bde-aa01-419d6a948ee7 0.234s
2025-12-10 05:49:19.293 65508 INFO tempest.lib.common.rest_client [req-b894dcbd-51c5-47fe-9c95-36bb3d78cb14 req-b894dcbd-51c5-47fe-9c95-36bb3d78cb14 ] Request (FloatingIPsAssociationTestJSON:test_associate_already_associated_floating_ip): 200 GET http://10.180.1.21/compute/v2.1/servers/a9a30593-9522-41f1-9cb5-6acc4c522f6e 3.944s
2025-12-10 05:49:19.363 65472 INFO tempest.lib.common.rest_client [req-b485eeb3-c4b0-4b44-be9c-337624593421 req-b485eeb3-c4b0-4b44-be9c-337624593421 ] Request (FloatingIPsTestJSON:tearDownClass): 204 DELETE http://10.180.1.21/identity/v3/projects/552ce82624974acf859f6645737f753e 0.168s
2025-12-10 05:49:19.436 65472 INFO tempest.lib.common.rest_client [req-4ac90199-3113-4d39-8ce7-c6b8c3b26891 req-4ac90199-3113-4d39-8ce7-c6b8c3b26891 ] Request (FloatingIPsNegativeTestJSON:setUpClass): 201 POST http://10.180.1.21/identity/v3/auth/tokens 0.072s
2025-12-10 05:49:19.468 65472 INFO tempest.lib.common.rest_client [req-f17d7639-bbb0-4fb3-aedc-538d18c4e885 req-f17d7639-bbb0-4fb3-aedc-538d18c4e885 ] Request (FloatingIPsNegativeTestJSON:setUpClass): 201 POST http://10.180.1.21/identity/v3/auth/tokens 0.029s
2025-12-10 05:49:19.469 65490 INFO tempest.lib.common.rest_client [req-f2f52b15-3f2f-4a4e-ab12-e58ea100bb27 req-f2f52b15-3f2f-4a4e-ab12-e58ea100bb27 ] Request (AttachInterfacesUnderV243Test:test_add_remove_fixed_ip): 200 GET http://10.180.1.21/compute/v2.1/servers/0c21f9a9-2104-4ba6-8f41-5a24a0e1ff28 4.076s
2025-12-10 05:49:19.493 65472 INFO tempest.lib.common.rest_client [req-d554e4f1-39fc-4205-9dec-c774dd1db413 req-d554e4f1-39fc-4205-9dec-c774dd1db413 ] Request (FloatingIPsNegativeTestJSON:setUpClass): 200 GET http://10.180.1.21/identity/v3/domains?name=Default 0.024s
2025-12-10 05:49:19.525 65472 INFO tempest.lib.common.rest_client [req-2307cec0-34f1-4a33-8371-f464cb50b465 req-2307cec0-34f1-4a33-8371-f464cb50b465 ] Request (FloatingIPsNegativeTestJSON:setUpClass): 201 POST http://10.180.1.21/identity/v3/projects 0.032s
2025-12-10 05:49:19.531 65518 INFO tempest.lib.common.rest_client [req-ea2a832c-7d90-4bdc-a84f-fc8f2bfd9dcb req-ea2a832c-7d90-4bdc-a84f-fc8f2bfd9dcb ] Request (TenantUsagesTestJSON:tearDownClass): 200 GET http://10.180.1.21/compute/v2.1/servers/8dcfaa31-4e26-420b-898c-55577d1a4c86 4.061s
2025-12-10 05:49:19.570 65486 INFO tempest.lib.common.rest_client [req-3737737a-7765-486d-aab5-cf0259d3658a req-3737737a-7765-486d-aab5-cf0259d3658a ] Request (FloatingIPDetailsTestJSON:tearDownClass): 202 DELETE http://10.180.1.21/compute/v2.1/os-floating-ips/a366a4d9-bab0-4db4-8611-068dbd545ae0 4.676s
2025-12-10 05:49:19.576 65482 INFO tempest.lib.common.rest_client [req-8c4095ad-e8d7-4521-9786-dcb874ffb8f7 req-8c4095ad-e8d7-4521-9786-dcb874ffb8f7 ] Request (AggregatesAdminNegativeTestJSON:test_aggregate_get_details_as_user): 403 GET http://10.180.1.21/compute/v2.1/os-aggregates/6 2.877s
2025-12-10 05:49:19.590 65472 INFO tempest.lib.common.rest_client [req-8421ea69-e1f1-41fe-95b5-863ca364bca8 req-8421ea69-e1f1-41fe-95b5-863ca364bca8 ] Request (FloatingIPsNegativeTestJSON:setUpClass): 201 POST http://10.180.1.21/identity/v3/users 0.064s
2025-12-10 05:49:19.611 65472 INFO tempest.lib.common.rest_client [req-f3339e5d-3a3a-4278-b346-3dc58f89e424 req-f3339e5d-3a3a-4278-b346-3dc58f89e424 ] Request (FloatingIPsNegativeTestJSON:setUpClass): 200 GET http://10.180.1.21/identity/v3/roles 0.020s
2025-12-10 05:49:19.638 65472 INFO tempest.lib.common.rest_client [req-b80d27e3-daaa-4c32-bfcd-694bc5ab5dfc req-b80d27e3-daaa-4c32-bfcd-694bc5ab5dfc ] Request (FloatingIPsNegativeTestJSON:setUpClass): 204 PUT http://10.180.1.21/identity/v3/projects/af737f0a957441e099a14ee0f085be63/users/770ee3a7381a429cad9a00c57e30f502/roles/bab71419bb5145168e8e839991e3a230 0.027s
2025-12-10 05:49:19.639 65472 INFO tempest.lib.common.dynamic_creds [-] Dynamic test user 770ee3a7381a429cad9a00c57e30f502 is created with scope project and roles: ['member']
2025-12-10 05:49:19.639 65472 INFO tempest.lib.common.dynamic_creds [-] Acquired dynamic creds: credentials: Credentials: {'domain_id': 'default', 'domain_name': 'Default', 'username': 'tempest-FloatingIPsNegativeTestJSON-465854029-project-member', 'project_domain_id': 'default', 'project_domain_name': 'Default', 'project_id': 'af737f0a957441e099a14ee0f085be63', 'project_name': 'tempest-FloatingIPsNegativeTestJSON-465854029', 'tenant_id': 'af737f0a957441e099a14ee0f085be63', 'tenant_name': 'tempest-FloatingIPsNegativeTestJSON-465854029', 'user_domain_id': 'default', 'user_domain_name': 'Default', 'user_id': '770ee3a7381a429cad9a00c57e30f502', 'system': None}, Network: None, Subnet: None, Router: None
2025-12-10 05:49:19.704 65472 INFO tempest.lib.common.rest_client [req-9026362e-7090-43db-b02b-e08e26d1df47 req-9026362e-7090-43db-b02b-e08e26d1df47 ] Request (FloatingIPsNegativeTestJSON:setUpClass): 201 POST http://10.180.1.21/identity/v3/auth/tokens 0.065s
2025-12-10 05:49:19.711 65503 INFO tempest.lib.common.rest_client [req-3fbf25da-4a85-4d37-b222-2aaf13708658 req-3fbf25da-4a85-4d37-b222-2aaf13708658 ] Request (ServersV294TestFqdnHostnames:setUpClass): 200 GET http://10.180.1.21/compute/v2.1/servers/acb2f39a-eb5d-4fa4-a1af-25ee9cc281a4 3.011s
2025-12-10 05:49:19.721 65503 INFO tempest.common.waiters [-] State transition "BUILD/networking" ==> "BUILD/spawning" after 18 second wait
2025-12-10 05:49:19.869 65488 INFO tempest.lib.common.rest_client [req-f065159c-2969-40cc-b5bb-9c5306f59a1f req-f065159c-2969-40cc-b5bb-9c5306f59a1f ] Request (ServerActionsTestOtherA:setUpClass): 200 POST http://10.180.1.21/compute/v2.1/os-keypairs 3.103s
2025-12-10 05:49:19.933 65532 INFO tempest.lib.common.rest_client [req-4ebe5d40-d731-4213-a46c-0ca6d6a95d2e req-4ebe5d40-d731-4213-a46c-0ca6d6a95d2e ] Request (ServersTestJSON:_run_cleanups): 204 DELETE http://10.180.1.21/compute/v2.1/servers/f76c8388-9ab1-4e08-8de0-29a452e46325 4.137s
2025-12-10 05:49:19.957 65510 INFO tempest.lib.common.rest_client [req-4480fabf-f3c5-46fc-9e00-d218cb05abda req-4480fabf-f3c5-46fc-9e00-d218cb05abda ] Request (FlavorsAdminTestJSON:_run_cleanups): 200 GET http://10.180.1.21/compute/v2.1/flavors/detail 2.938s
2025-12-10 05:49:19.980 65478 INFO tempest.lib.common.rest_client [req-ee7e765d-012a-4c29-8f70-decdb6199de2 req-ee7e765d-012a-4c29-8f70-decdb6199de2 ] Request (FlavorsAccessNegativeTestJSON:_run_cleanups): 200 GET http://10.180.1.21/compute/v2.1/flavors/detail 2.824s
2025-12-10 05:49:20.020 65488 INFO tempest.lib.common.rest_client [req-3835f308-126e-4e07-bf44-d669f2ca5d76 req-3835f308-126e-4e07-bf44-d669f2ca5d76 ] Request (ServerActionsTestOtherA:setUpClass): 201 POST http://10.180.1.21/networking/v2.0/security-groups 0.148s
2025-12-10 05:49:20.031 65472 INFO tempest.lib.common.rest_client [req-eb80ea95-2ba2-48eb-9c8a-facd0fba83fc req-eb80ea95-2ba2-48eb-9c8a-facd0fba83fc ] Request (FloatingIPsNegativeTestJSON:setUpClass): 201 POST http://10.180.1.21/networking/v2.0/networks 0.326s
2025-12-10 05:49:20.077 65496 INFO tempest.lib.common.rest_client [req-e094853b-5e79-4995-a647-9eca9e6fb048 req-e094853b-5e79-4995-a647-9eca9e6fb048 ] Request (VolumesAdminNegativeTest:test_update_attached_volume_with_nonexistent_volume_in_uri): 200 GET http://10.180.1.21/volume/v3/volumes/5868699d-5c58-4f35-8e05-2619e8cb3246 0.033s
2025-12-10 05:49:20.083 65514 INFO tempest.lib.common.rest_client [req-13e2b558-33d8-4306-af5c-7e5511da1364 req-13e2b558-33d8-4306-af5c-7e5511da1364 ] Request (ServersAdminTestJSON:test_create_server_with_scheduling_hint): 200 GET http://10.180.1.21/compute/v2.1/servers/0c5eb378-a869-48e2-b0a3-180af021545b 2.407s
2025-12-10 05:49:20.086 65496 INFO tempest.common.waiters [-] volume 5868699d-5c58-4f35-8e05-2619e8cb3246 reached available after waiting for 1.086442 seconds
2025-12-10 05:49:20.100 65493 WARNING tempest.lib.common.ssh [-] Failed to establish authenticated ssh connection to cirros@10.180.180.172 ([Errno None] Unable to connect to port 22 on 10.180.180.172). Number attempts: 3. Retry after 4 seconds.: paramiko.ssh_exception.NoValidConnectionsError: [Errno None] Unable to connect to port 22 on 10.180.180.172
2025-12-10 05:49:20.105 65478 INFO tempest.lib.common.rest_client [req-f3f1b664-9604-414e-93ba-526425b990ad req-f3f1b664-9604-414e-93ba-526425b990ad ] Request (FlavorsAccessNegativeTestJSON:tearDownClass): 204 DELETE http://10.180.1.21/identity/v3/users/d01280a0deb24366b1baa8127a388571 0.119s
2025-12-10 05:49:20.139 65488 INFO tempest.lib.common.rest_client [req-90730b33-5fcb-4969-bbf8-909ff0659cfe req-90730b33-5fcb-4969-bbf8-909ff0659cfe ] Request (ServerActionsTestOtherA:setUpClass): 201 POST http://10.180.1.21/networking/v2.0/security-group-rules 0.118s
2025-12-10 05:49:20.246 65478 INFO tempest.lib.common.rest_client [req-0a2ac76e-940b-4310-8f7c-f7464a16132f req-0a2ac76e-940b-4310-8f7c-f7464a16132f ] Request (FlavorsAccessNegativeTestJSON:tearDownClass): 204 DELETE http://10.180.1.21/identity/v3/users/183c5427af144c708a9adb63505eefb4 0.141s
2025-12-10 05:49:20.267 65480 INFO tempest.lib.common.rest_client [req-ba8d68a2-6ebc-4fb4-b924-e10b9b7c7c65 req-ba8d68a2-6ebc-4fb4-b924-e10b9b7c7c65 ] Request (SecurityGroupRulesTestJSON:tearDownClass): 202 DELETE http://10.180.1.21/compute/v2.1/os-security-groups/0118d260-597f-49f6-a1ad-80570594349b 3.362s
2025-12-10 05:49:20.310 65524 INFO tempest.lib.common.rest_client [req-1314df68-163b-429b-9113-c14a7ae2ad02 req-1314df68-163b-429b-9113-c14a7ae2ad02 ] Request (ServicesAdminNegativeV253TestJSON:test_get_service_with_valid_service_and_invalid_host): 200 GET http://10.180.1.21/compute/v2.1/os-services?host=xxx&binary=nova-scheduler 2.589s
2025-12-10 05:49:20.311 65472 INFO tempest.lib.common.rest_client [req-20bdb7db-2346-4daf-90f3-764293714757 req-20bdb7db-2346-4daf-90f3-764293714757 ] Request (FloatingIPsNegativeTestJSON:setUpClass): 201 POST http://10.180.1.21/networking/v2.0/subnets 0.279s
2025-12-10 05:49:20.362 65520 INFO tempest.lib.common.rest_client [req-ed7a2ce0-2891-4a70-8f9f-3af158f66c70 req-ed7a2ce0-2891-4a70-8f9f-3af158f66c70 ] Request (QuotaClassesAdmin257Test:_run_cleanups): 200 PUT http://10.180.1.21/compute/v2.1/os-quota-class-sets/default 2.628s
2025-12-10 05:49:20.374 65476 INFO tempest.lib.common.rest_client [req-12af1635-e2ef-490a-be1d-cefaf30d6bd3 req-12af1635-e2ef-490a-be1d-cefaf30d6bd3 ] Request (ImagesOneServerNegativeTestJSON:test_create_image_specify_metadata_over_limits): 400 POST http://10.180.1.21/compute/v2.1/servers/052bed64-52a9-45af-be86-ee8d8dab8bf3/action 2.639s
2025-12-10 05:49:20.467 65478 INFO tempest.lib.common.rest_client [req-01f89ae5-bd52-44c0-9c89-f72f8b5ee88e req-01f89ae5-bd52-44c0-9c89-f72f8b5ee88e ] Request (FlavorsAccessNegativeTestJSON:tearDownClass): 204 DELETE http://10.180.1.21/identity/v3/users/5b2e37f4ea974a9bb5549dce8d30e809 0.220s
2025-12-10 05:49:20.467 65478 INFO tempest.lib.common.dynamic_creds [-] Deleting project and security group for project: 153bcc21b51445dc8f1a1e76c348fcfc
2025-12-10 05:49:20.487 65488 INFO tempest.lib.common.rest_client [req-5da021ef-7b2d-49cd-b7e4-c0240d47d4e6 req-5da021ef-7b2d-49cd-b7e4-c0240d47d4e6 ] Request (ServerActionsTestOtherA:setUpClass): 201 POST http://10.180.1.21/networking/v2.0/security-group-rules 0.347s
2025-12-10 05:49:20.499 65520 INFO tempest.lib.common.rest_client [req-1a09ac89-5b71-426a-a003-fb4f965c5c52 req-1a09ac89-5b71-426a-a003-fb4f965c5c52 ] Request (QuotaClassesAdmin257Test:tearDownClass): 204 DELETE http://10.180.1.21/identity/v3/users/07ba63082ee64cc5b4e2b2473b7f0e28 0.128s
2025-12-10 05:49:20.553 65478 INFO tempest.lib.common.rest_client [req-dda37936-b6e2-4765-a11d-91dd943e9c50 req-dda37936-b6e2-4765-a11d-91dd943e9c50 ] Request (FlavorsAccessNegativeTestJSON:tearDownClass): 201 POST http://10.180.1.21/identity/v3/auth/tokens 0.085s
2025-12-10 05:49:20.586 65484 INFO tempest.lib.common.rest_client [req-9692341e-805c-4513-9036-f7daf9b23d71 req-9692341e-805c-4513-9036-f7daf9b23d71 ] Request (ServerDiagnosticsTest:tearDownClass): 200 GET http://10.180.1.21/compute/v2.1/servers/d36dbe05-dfee-4ddb-9f48-63aee6128478 2.755s
2025-12-10 05:49:20.614 65498 INFO tempest.lib.common.rest_client [req-b1679d0f-0cc4-4738-a44c-6ac5ebca9fd4 req-b1679d0f-0cc4-4738-a44c-6ac5ebca9fd4 ] Request (ServerDiagnosticsNegativeTest:tearDownClass): 404 GET http://10.180.1.21/compute/v2.1/servers/257a12b0-17a5-49cf-875b-6122b05c7c67 2.628s
2025-12-10 05:49:20.628 65520 INFO tempest.lib.common.rest_client [req-16baef41-e04e-4ebd-b0c6-ea6aaa421a14 req-16baef41-e04e-4ebd-b0c6-ea6aaa421a14 ] Request (QuotaClassesAdmin257Test:tearDownClass): 204 DELETE http://10.180.1.21/identity/v3/users/788f02039b0e4af4968da173d13dc356 0.129s
2025-12-10 05:49:20.629 65520 INFO tempest.lib.common.dynamic_creds [-] Deleting project and security group for project: 2b3a9e6d74c646e390c392326e4ecde9
2025-12-10 05:49:20.692 65520 INFO tempest.lib.common.rest_client [req-ee65bc8a-c581-40d4-9c72-e210dc7371dc req-ee65bc8a-c581-40d4-9c72-e210dc7371dc ] Request (QuotaClassesAdmin257Test:tearDownClass): 201 POST http://10.180.1.21/identity/v3/auth/tokens 0.063s
2025-12-10 05:49:20.715 65512 INFO tempest.lib.common.rest_client [req-0029005e-6499-4076-b194-1566710df05e req-0029005e-6499-4076-b194-1566710df05e ] Request (MigrationsAdminTest:test_list_migrations_in_flavor_resize_situation): 202 POST http://10.180.1.21/compute/v2.1/servers/4b00aa55-ae40-41f1-9fe5-4f1193c79285/action 3.013s
2025-12-10 05:49:20.742 65498 INFO tempest.lib.common.rest_client [req-c5526bda-c444-4bb3-8116-e4219bdd1460 req-c5526bda-c444-4bb3-8116-e4219bdd1460 ] Request (ServerDiagnosticsNegativeTest:tearDownClass): 204 DELETE http://10.180.1.21/identity/v3/users/295671cf5adb41188a993b4c21a71759 0.128s
2025-12-10 05:49:20.880 65498 INFO tempest.lib.common.rest_client [req-485aca99-5c39-4568-9990-3f46f7c500e2 req-485aca99-5c39-4568-9990-3f46f7c500e2 ] Request (ServerDiagnosticsNegativeTest:tearDownClass): 204 DELETE http://10.180.1.21/identity/v3/users/cde86e4fe1e14ef2acd44cf5f1446dee 0.137s
2025-12-10 05:49:20.880 65498 INFO tempest.lib.common.dynamic_creds [-] Deleting project and security group for project: 7249ffd39ef845c0870077b2126be18d
2025-12-10 05:49:20.942 65498 INFO tempest.lib.common.rest_client [req-c7008c8d-0f29-440d-9ba3-f9838e1727ab req-c7008c8d-0f29-440d-9ba3-f9838e1727ab ] Request (ServerDiagnosticsNegativeTest:tearDownClass): 201 POST http://10.180.1.21/identity/v3/auth/tokens 0.061s
2025-12-10 05:49:20.973 65488 INFO tempest.lib.common.rest_client [req-28733003-0281-4292-b60d-cc3b81637c17 req-28733003-0281-4292-b60d-cc3b81637c17 ] Request (ServerActionsTestOtherA:setUpClass): 201 POST http://10.180.1.21/networking/v2.0/floatingips 0.485s
2025-12-10 05:49:21.033 65488 INFO tempest.lib.common.rest_client [req-ca8d982d-9f7f-46df-b751-d0d94999d399 req-ca8d982d-9f7f-46df-b751-d0d94999d399 ] Request (ServerActionsTestOtherA:setUpClass): 201 POST http://10.180.1.21/identity/v3/auth/tokens 0.056s
2025-12-10 05:49:21.033 65488 INFO tempest.lib.common.fixed_network [-] (ServerActionsTestOtherA:setUpClass) Found network {'id': 'd7db6375-19ca-4312-bd9c-7a946619a377', 'name': 'tempest-ServerActionsTestOtherA-1494640030-network', 'tenant_id': 'aa02104296514cbd982dabd5236767b5', 'project_id': 'aa02104296514cbd982dabd5236767b5', 'admin_state_up': True, 'mtu': 8950, 'status': 'ACTIVE', 'subnets': [], 'shared': False, 'port_security_enabled': True, 'router:external': False, 'provider:network_type': 'vlan', 'provider:physical_network': 'default', 'provider:segmentation_id': 934, 'availability_zone_hints': [], 'availability_zones': [], 'ipv4_address_scope': None, 'ipv6_address_scope': None, 'description': '', 'tags': [], 'created_at': '2025-12-10T05:49:14Z', 'updated_at': '2025-12-10T05:49:14Z', 'revision_number': 1} available for tenant
2025-12-10 05:49:21.176 65478 INFO tempest.lib.common.rest_client [req-44a6bc66-c0ca-4981-88b7-ff377cb2e9e8 req-44a6bc66-c0ca-4981-88b7-ff377cb2e9e8 ] Request (FlavorsAccessNegativeTestJSON:tearDownClass): 200 GET http://10.180.1.21/networking/v2.0/security-groups?tenant_id=153bcc21b51445dc8f1a1e76c348fcfc&name=default 0.622s
2025-12-10 05:49:21.216 65506 INFO tempest.lib.common.rest_client [req-0276c6a4-6a02-4287-8e1d-d89ccb790836 req-0276c6a4-6a02-4287-8e1d-d89ccb790836 ] Request (ServersAdminNegativeTestJSON:test_migrate_server_invalid_state): 200 GET http://10.180.1.21/compute/v2.1/servers/7b3dc470-44ed-48f3-8c68-8d93e60f1c6e 3.144s
2025-12-10 05:49:21.254 65472 INFO tempest.lib.common.rest_client [req-68a92c65-4b6b-4c1f-bf82-90eb9dff6e21 req-68a92c65-4b6b-4c1f-bf82-90eb9dff6e21 ] Request (FloatingIPsNegativeTestJSON:setUpClass): 201 POST http://10.180.1.21/networking/v2.0/routers 0.942s
2025-12-10 05:49:21.300 65474 INFO tempest.lib.common.rest_client [req-96bf8278-d466-4bc3-a00f-7bbfb01b7fa9 req-96bf8278-d466-4bc3-a00f-7bbfb01b7fa9 ] Request (ServersListShow298Test:test_list_show_update_rebuild_server_298): 200 GET http://10.180.1.21/compute/v2.1/servers/d67f9d40-aa7b-4c5a-b22e-8ae91f961ccb 3.158s
2025-12-10 05:49:21.426 65520 INFO tempest.lib.common.rest_client [req-742eba1a-f2b9-4bf7-95e6-762b14853ad2 req-742eba1a-f2b9-4bf7-95e6-762b14853ad2 ] Request (QuotaClassesAdmin257Test:tearDownClass): 200 GET http://10.180.1.21/networking/v2.0/security-groups?tenant_id=2b3a9e6d74c646e390c392326e4ecde9&name=default 0.733s
2025-12-10 05:49:21.531 65498 INFO tempest.lib.common.rest_client [req-1c4287aa-c568-4a97-9112-d7211bde800b req-1c4287aa-c568-4a97-9112-d7211bde800b ] Request (ServerDiagnosticsNegativeTest:tearDownClass): 200 GET http://10.180.1.21/networking/v2.0/security-groups?tenant_id=7249ffd39ef845c0870077b2126be18d&name=default 0.589s
2025-12-10 05:49:21.552 65478 INFO tempest.lib.common.rest_client [req-63e5971f-1f0c-488a-a6cb-2919cdb13cd4 req-63e5971f-1f0c-488a-a6cb-2919cdb13cd4 ] Request (FlavorsAccessNegativeTestJSON:tearDownClass): 204 DELETE http://10.180.1.21/networking/v2.0/security-groups/fd8ac281-f13b-4240-9ab9-cd1335b3d919 0.375s
2025-12-10 05:49:21.623 65478 INFO tempest.lib.common.rest_client [req-de7cfda5-01b0-42a4-8595-2dc81481a4a8 req-de7cfda5-01b0-42a4-8595-2dc81481a4a8 ] Request (FlavorsAccessNegativeTestJSON:tearDownClass): 204 DELETE http://10.180.1.21/identity/v3/projects/153bcc21b51445dc8f1a1e76c348fcfc 0.070s
2025-12-10 05:49:21.623 65478 INFO tempest.lib.common.dynamic_creds [-] Deleting project and security group for project: d986b040ea7a4f2495a17b5871d12048
2025-12-10 05:49:21.635 65530 INFO tempest.lib.common.rest_client [req-6f3483f2-f26e-48b5-8693-3601b76bc039 req-6f3483f2-f26e-48b5-8693-3601b76bc039 ] Request (ServerDiagnosticsV248Test:test_get_server_diagnostics): 200 GET http://10.180.1.21/compute/v2.1/servers/99ef238a-8d90-4a4a-8ef9-316c9d0bbde4 2.266s
2025-12-10 05:49:21.714 65520 INFO tempest.lib.common.rest_client [req-7d91b9ff-46f1-48ba-8e80-9d751f79ee69 req-7d91b9ff-46f1-48ba-8e80-9d751f79ee69 ] Request (QuotaClassesAdmin257Test:tearDownClass): 204 DELETE http://10.180.1.21/networking/v2.0/security-groups/65280987-e04a-4548-b72d-c4ad60c17c32 0.287s
2025-12-10 05:49:21.807 65520 INFO tempest.lib.common.rest_client [req-83e223a4-370f-4719-a695-9b6245e00797 req-83e223a4-370f-4719-a695-9b6245e00797 ] Request (QuotaClassesAdmin257Test:tearDownClass): 204 DELETE http://10.180.1.21/identity/v3/projects/2b3a9e6d74c646e390c392326e4ecde9 0.092s
2025-12-10 05:49:21.807 65520 INFO tempest.lib.common.dynamic_creds [-] Deleting project and security group for project: ba4d65363364479da63000b1bdebd92b
2025-12-10 05:49:21.841 65498 INFO tempest.lib.common.rest_client [req-816e9142-0dc4-4e35-9603-12639a5eb05c req-816e9142-0dc4-4e35-9603-12639a5eb05c ] Request (ServerDiagnosticsNegativeTest:tearDownClass): 204 DELETE http://10.180.1.21/networking/v2.0/security-groups/3629a118-6346-4c44-a001-a29294747228 0.309s
2025-12-10 05:49:21.892 65504 INFO tempest.lib.common.rest_client [req-114e6e6d-d2fe-4987-8b4c-672ab63c5236 req-114e6e6d-d2fe-4987-8b4c-672ab63c5236 ] Request (ImagesTestJSON:test_create_image_from_stopped_server): 200 GET http://10.180.1.21/compute/v2.1/servers/061fd144-3aaf-4d4f-b720-5fe995597351 3.738s
2025-12-10 05:49:21.901 65504 INFO tempest.common.waiters [-] State transition "BUILD/networking" ==> "BUILD/spawning" after 19 second wait
2025-12-10 05:49:21.920 65482 INFO tempest.lib.common.rest_client [req-e1546dc6-77c0-408c-8bba-7cbaf9a77323 req-e1546dc6-77c0-408c-8bba-7cbaf9a77323 ] Request (AggregatesAdminNegativeTestJSON:_run_cleanups): 200 DELETE http://10.180.1.21/compute/v2.1/os-aggregates/6 2.344s
2025-12-10 05:49:21.952 65498 INFO tempest.lib.common.rest_client [req-3f2dbbdc-b90d-4786-aab8-392b3876dd4a req-3f2dbbdc-b90d-4786-aab8-392b3876dd4a ] Request (ServerDiagnosticsNegativeTest:tearDownClass): 204 DELETE http://10.180.1.21/identity/v3/projects/7249ffd39ef845c0870077b2126be18d 0.111s
2025-12-10 05:49:21.953 65498 INFO tempest.lib.common.dynamic_creds [-] Deleting project and security group for project: f178f5c10e994fd891a45fcc6f136f0c
2025-12-10 05:49:21.998 65478 INFO tempest.lib.common.rest_client [req-3c41e69a-c081-4a81-bba5-03e0839a150f req-3c41e69a-c081-4a81-bba5-03e0839a150f ] Request (FlavorsAccessNegativeTestJSON:tearDownClass): 200 GET http://10.180.1.21/networking/v2.0/security-groups?tenant_id=d986b040ea7a4f2495a17b5871d12048&name=default 0.375s
2025-12-10 05:49:22.140 65520 INFO tempest.lib.common.rest_client [req-97a77a05-781a-43b6-a116-9052874a9eee req-97a77a05-781a-43b6-a116-9052874a9eee ] Request (QuotaClassesAdmin257Test:tearDownClass): 200 GET http://10.180.1.21/networking/v2.0/security-groups?tenant_id=ba4d65363364479da63000b1bdebd92b&name=default 0.333s
2025-12-10 05:49:22.194 65498 INFO tempest.lib.common.rest_client [req-bef0951b-a3fe-4050-8095-8c6e9fd0e2fe req-bef0951b-a3fe-4050-8095-8c6e9fd0e2fe ] Request (ServerDiagnosticsNegativeTest:tearDownClass): 200 GET http://10.180.1.21/networking/v2.0/security-groups?tenant_id=f178f5c10e994fd891a45fcc6f136f0c&name=default 0.241s
2025-12-10 05:49:22.215 65522 INFO tempest.lib.common.rest_client [req-fe2bf753-b273-4a1f-8b33-8b9c14f7d900 req-fe2bf753-b273-4a1f-8b33-8b9c14f7d900 ] Request (ListImageFiltersTestJSON:setUpClass): 200 GET http://10.180.1.21/compute/v2.1/servers/a55397fa-c404-47d4-870f-815b84c4fce5 2.603s
2025-12-10 05:49:22.253 65526 INFO tempest.lib.common.rest_client [req-89edf095-08a2-41d2-8f91-3db6cbacf17e req-89edf095-08a2-41d2-8f91-3db6cbacf17e ] Request (DeleteServersTestJSON:test_delete_active_server): 404 GET http://10.180.1.21/compute/v2.1/servers/6fe839c0-a6da-44de-8bfe-d6e435e48e0e 2.619s
2025-12-10 05:49:22.310 65478 INFO tempest.lib.common.rest_client [req-b95cce87-33fe-4f2d-9adf-5b03d841a2b9 req-b95cce87-33fe-4f2d-9adf-5b03d841a2b9 ] Request (FlavorsAccessNegativeTestJSON:tearDownClass): 204 DELETE http://10.180.1.21/networking/v2.0/security-groups/03832384-e01d-4c83-b9c6-0a536cd0d839 0.311s
2025-12-10 05:49:22.348 65526 INFO tempest.lib.common.rest_client [req-b3d4df0c-5880-49b1-a47f-d52aa44854d2 req-b3d4df0c-5880-49b1-a47f-d52aa44854d2 ] Request (DeleteServersTestJSON:test_delete_server_while_in_attached_volume): 201 POST http://10.180.1.21/identity/v3/auth/tokens 0.089s
2025-12-10 05:49:22.348 65526 INFO tempest.lib.common.fixed_network [-] (DeleteServersTestJSON:test_delete_server_while_in_attached_volume) Found network {'id': '84730c41-a97f-45e8-bf88-c30924c5f003', 'name': 'tempest-DeleteServersTestJSON-1754198035-network', 'tenant_id': '6c5cbae3da124969a3ed965c135433a7', 'project_id': '6c5cbae3da124969a3ed965c135433a7', 'admin_state_up': True, 'mtu': 8950, 'status': 'ACTIVE', 'subnets': [], 'shared': False, 'port_security_enabled': True, 'router:external': False, 'provider:network_type': 'vlan', 'provider:physical_network': 'default', 'provider:segmentation_id': 431, 'availability_zone_hints': [], 'availability_zones': [], 'ipv4_address_scope': None, 'ipv6_address_scope': None, 'description': '', 'tags': [], 'created_at': '2025-12-10T05:48:15Z', 'updated_at': '2025-12-10T05:48:15Z', 'revision_number': 1} available for tenant
2025-12-10 05:49:22.435 65472 INFO tempest.lib.common.rest_client [req-cca46ba0-e445-4e83-afe9-53399bc32ea6 req-cca46ba0-e445-4e83-afe9-53399bc32ea6 ] Request (FloatingIPsNegativeTestJSON:setUpClass): 200 PUT http://10.180.1.21/networking/v2.0/routers/48114c7d-5f2c-46b7-bec4-07fc6a6f7960/add_router_interface 1.180s
2025-12-10 05:49:22.436 65472 INFO tempest.lib.common.dynamic_creds [-] Created isolated network resources for: credentials: Credentials: {'domain_id': 'default', 'domain_name': 'Default', 'username': 'tempest-FloatingIPsNegativeTestJSON-465854029-project-member', 'project_domain_id': 'default', 'project_domain_name': 'Default', 'project_id': 'af737f0a957441e099a14ee0f085be63', 'project_name': 'tempest-FloatingIPsNegativeTestJSON-465854029', 'tenant_id': 'af737f0a957441e099a14ee0f085be63', 'tenant_name': 'tempest-FloatingIPsNegativeTestJSON-465854029', 'user_domain_id': 'default', 'user_domain_name': 'Default', 'user_id': '770ee3a7381a429cad9a00c57e30f502', 'system': None}, Network: {'id': 'eb0c317c-2da3-4885-b105-adc6202859c4', 'name': 'tempest-FloatingIPsNegativeTestJSON-389630255-network', 'tenant_id': 'af737f0a957441e099a14ee0f085be63', 'project_id': 'af737f0a957441e099a14ee0f085be63', 'admin_state_up': True, 'mtu': 8950, 'status': 'ACTIVE', 'subnets': [], 'shared': False, 'port_security_enabled': True, 'router:external': False, 'provider:network_type': 'vlan', 'provider:physical_network': 'default', 'provider:segmentation_id': 475, 'availability_zone_hints': [], 'availability_zones': [], 'ipv4_address_scope': None, 'ipv6_address_scope': None, 'description': '', 'tags': [], 'created_at': '2025-12-10T05:49:19Z', 'updated_at': '2025-12-10T05:49:19Z', 'revision_number': 1}, Subnet: {'id': '7ba21ca2-87a8-4565-8664-5042a1f1624d', 'name': 'tempest-FloatingIPsNegativeTestJSON-389630255-subnet', 'tenant_id': 'af737f0a957441e099a14ee0f085be63', 'network_id': 'eb0c317c-2da3-4885-b105-adc6202859c4', 'ip_version': 4, 'subnetpool_id': None, 'enable_dhcp': True, 'ipv6_ra_mode': None, 'ipv6_address_mode': None, 'gateway_ip': '192.168.128.1', 'cidr': '192.168.128.0/28', 'allocation_pools': [{'start': '192.168.128.2', 'end': '192.168.128.14'}], 'host_routes': [], 'dns_nameservers': [], 'description': '', 'router:external': False, 'service_types': [], 'tags': [], 'created_at': '2025-12-10T05:49:20Z', 'updated_at': '2025-12-10T05:49:20Z', 'revision_number': 0, 'project_id': 'af737f0a957441e099a14ee0f085be63'}, Router: {'id': '48114c7d-5f2c-46b7-bec4-07fc6a6f7960', 'name': 'tempest-FloatingIPsNegativeTestJSON-389630255-router', 'tenant_id': 'af737f0a957441e099a14ee0f085be63', 'admin_state_up': True, 'status': 'ACTIVE', 'external_gateway_info': {'network_id': '0afbbf58-917f-4b2c-8757-2c82170a8aa4', 'external_fixed_ips': [{'subnet_id': '05fee68e-1302-48f6-ba27-c59c55105709', 'ip_address': '10.180.180.195'}], 'enable_snat': True}, 'description': '', 'availability_zones': [], 'distributed': False, 'ha': False, 'availability_zone_hints': [], 'routes': [], 'flavor_id': None, 'tags': [], 'created_at': '2025-12-10T05:49:20Z', 'updated_at': '2025-12-10T05:49:20Z', 'revision_number': 2, 'project_id': 'af737f0a957441e099a14ee0f085be63'}
2025-12-10 05:49:22.460 65478 INFO tempest.lib.common.rest_client [req-ce145cc8-548b-4872-88e0-31d797da2546 req-ce145cc8-548b-4872-88e0-31d797da2546 ] Request (FlavorsAccessNegativeTestJSON:tearDownClass): 204 DELETE http://10.180.1.21/identity/v3/projects/d986b040ea7a4f2495a17b5871d12048 0.150s
2025-12-10 05:49:22.460 65478 INFO tempest.lib.common.dynamic_creds [-] Deleting project and security group for project: bfc8aeb8c55d4da6b1876c91686eca9a
2025-12-10 05:49:22.527 65472 INFO tempest.lib.common.rest_client [req-dfbeea72-0207-4977-80c7-7fef29b63b72 req-dfbeea72-0207-4977-80c7-7fef29b63b72 ] Request (FloatingIPsNegativeTestJSON:setUpClass): 201 POST http://10.180.1.21/identity/v3/auth/tokens 0.087s
2025-12-10 05:49:22.573 65520 INFO tempest.lib.common.rest_client [req-9cf49d98-6865-420d-b09a-23b741af3322 req-9cf49d98-6865-420d-b09a-23b741af3322 ] Request (QuotaClassesAdmin257Test:tearDownClass): 204 DELETE http://10.180.1.21/networking/v2.0/security-groups/44cce26a-a251-4978-866e-cf2672d94cc7 0.432s
2025-12-10 05:49:22.603 65516 INFO tempest.lib.common.rest_client [req-58d5d9f2-6f3b-460c-8847-eb09905539bc req-58d5d9f2-6f3b-460c-8847-eb09905539bc ] Request (ServerExternalEventsTest:tearDownClass): 200 GET http://10.180.1.21/compute/v2.1/servers/d86cf38b-48ef-4d09-b5f5-2e5dc9a170e7 2.730s
2025-12-10 05:49:22.604 65498 INFO tempest.lib.common.rest_client [req-e9b1e50e-07d5-456f-b332-08b52fae48a1 req-e9b1e50e-07d5-456f-b332-08b52fae48a1 ] Request (ServerDiagnosticsNegativeTest:tearDownClass): 204 DELETE http://10.180.1.21/networking/v2.0/security-groups/7745fb24-a909-4d0f-8a1a-a192147e680f 0.409s
2025-12-10 05:49:22.630 65532 INFO tempest.lib.common.rest_client [req-daffb00a-f8b2-487b-9706-53319eeb44fe req-daffb00a-f8b2-487b-9706-53319eeb44fe ] Request (ServersTestJSON:_run_cleanups): 404 GET http://10.180.1.21/compute/v2.1/servers/f76c8388-9ab1-4e08-8de0-29a452e46325 2.696s
2025-12-10 05:49:22.650 65510 INFO tempest.lib.common.rest_client [req-b5d3abbc-44e4-4b38-8f9b-06861289f8b7 req-b5d3abbc-44e4-4b38-8f9b-06861289f8b7 ] Request (FlavorsAdminTestJSON:test_is_public_string_variations): 200 POST http://10.180.1.21/compute/v2.1/flavors 2.686s
