2025-12-10 05:49:05.124 65482 INFO tempest.lib.common.rest_client [req-e1713ea6-38ea-4392-ac52-84cd0033cd50 req-e1713ea6-38ea-4392-ac52-84cd0033cd50 ] Request (AggregatesAdminNegativeTestJSON:test_aggregate_delete_as_user): 200 POST http://10.180.1.21/compute/v2.1/os-aggregates 1.437s
2025-12-10 05:49:05.168 65474 INFO tempest.lib.common.rest_client [req-5add1ae9-f571-4688-ad2f-b4ae3af22575 req-5add1ae9-f571-4688-ad2f-b4ae3af22575 ] Request (ImagesMetadataNegativeTestJSON:tearDownClass): 201 POST http://10.180.1.21/identity/v3/auth/tokens 0.097s
2025-12-10 05:49:05.193 65488 INFO tempest.lib.common.rest_client [req-f7beb0b9-d678-43f3-81a3-d15029a4ddf7 req-f7beb0b9-d678-43f3-81a3-d15029a4ddf7 ] Request (SecurityGroupRulesNegativeTestJSON:tearDownClass): 202 DELETE http://10.180.1.21/compute/v2.1/os-security-groups/d2cb2109-638d-49e4-b5e6-f200625cefd7 1.527s
2025-12-10 05:49:05.244 65506 INFO tempest.lib.common.rest_client [req-7b50b390-a9c8-4085-8b5e-334e8e7b429c req-7b50b390-a9c8-4085-8b5e-334e8e7b429c ] Request (ServersAdminNegativeTestJSON:test_migrate_non_existent_server): 404 POST http://10.180.1.21/compute/v2.1/servers/0256d7f5-1555-400d-a312-04bb44b41aa7/action 1.433s
2025-12-10 05:49:05.337 65506 INFO tempest.lib.common.rest_client [req-28b46630-4ed1-4f69-ac36-7c486343af19 req-28b46630-4ed1-4f69-ac36-7c486343af19 ] Request (ServersAdminNegativeTestJSON:test_migrate_server_invalid_state): 201 POST http://10.180.1.21/identity/v3/auth/tokens 0.087s
2025-12-10 05:49:05.338 65506 INFO tempest.lib.common.fixed_network [-] (ServersAdminNegativeTestJSON:test_migrate_server_invalid_state) Found network None available for tenant
2025-12-10 05:49:05.438 65474 INFO tempest.lib.common.rest_client [req-e517295e-f6e5-480e-be72-20a7e6b5ea33 req-e517295e-f6e5-480e-be72-20a7e6b5ea33 ] Request (ImagesMetadataNegativeTestJSON:tearDownClass): 200 GET http://10.180.1.21/networking/v2.0/security-groups?tenant_id=f75d25ad71ad4ddc8016aead5dfb8467&name=default 0.269s
2025-12-10 05:49:05.459 65496 INFO tempest.lib.common.rest_client [req-b6cc83d4-0248-460b-8417-6e4984f7e734 req-b6cc83d4-0248-460b-8417-6e4984f7e734 ] Request (VolumesAdminNegativeTest:test_update_attached_volume_with_nonexistent_volume_in_uri): 200 GET http://10.180.1.21/compute/v2.1/servers/98f26e7f-1032-4482-a0a6-903bffdd24a6 1.384s
2025-12-10 05:49:05.510 65493 INFO tempest.lib.common.rest_client [req-da4f3d56-093a-4ee4-9479-fbff2121f53f req-da4f3d56-093a-4ee4-9479-fbff2121f53f ] Request (VolumesAssistedSnapshotsTest:test_volume_assisted_snapshot_create_delete): 200 GET http://10.180.1.21/compute/v2.1/servers/4654ac56-ed08-49bd-aa9a-71413f1e9961/os-interface 1.409s
2025-12-10 05:49:05.600 65474 INFO tempest.lib.common.rest_client [req-11030cc9-8749-4cde-a3a6-9e3e82470116 req-11030cc9-8749-4cde-a3a6-9e3e82470116 ] Request (ImagesMetadataNegativeTestJSON:tearDownClass): 204 DELETE http://10.180.1.21/networking/v2.0/security-groups/7581f20c-ed87-4fd7-b27c-8b396714036f 0.161s
2025-12-10 05:49:05.682 65474 INFO tempest.lib.common.rest_client [req-1ec567dd-1e75-4f52-b5a5-0ec09e45638f req-1ec567dd-1e75-4f52-b5a5-0ec09e45638f ] Request (ImagesMetadataNegativeTestJSON:tearDownClass): 204 DELETE http://10.180.1.21/identity/v3/projects/f75d25ad71ad4ddc8016aead5dfb8467 0.082s
2025-12-10 05:49:05.755 65474 INFO tempest.lib.common.rest_client [req-16ab0aae-05dd-4c8f-8607-fb13560c882b req-16ab0aae-05dd-4c8f-8607-fb13560c882b ] Request (ServersListShow298Test:setUpClass): 201 POST http://10.180.1.21/identity/v3/auth/tokens 0.071s
2025-12-10 05:49:05.804 65474 INFO tempest.lib.common.rest_client [req-5b30ba36-1d40-4df6-a81d-bc680448ae0e req-5b30ba36-1d40-4df6-a81d-bc680448ae0e ] Request (ServersListShow298Test:setUpClass): 201 POST http://10.180.1.21/identity/v3/auth/tokens 0.046s
2025-12-10 05:49:05.834 65474 INFO tempest.lib.common.rest_client [req-40602f51-fa7e-422f-b807-461c9a91852c req-40602f51-fa7e-422f-b807-461c9a91852c ] Request (ServersListShow298Test:setUpClass): 200 GET http://10.180.1.21/identity/v3/domains?name=Default 0.030s
2025-12-10 05:49:05.882 65474 INFO tempest.lib.common.rest_client [req-b01026bb-a49f-4d98-b033-73d784a3eeef req-b01026bb-a49f-4d98-b033-73d784a3eeef ] Request (ServersListShow298Test:setUpClass): 201 POST http://10.180.1.21/identity/v3/projects 0.047s
2025-12-10 05:49:05.974 65474 INFO tempest.lib.common.rest_client [req-b82b2094-fd1b-4c51-8040-52644e90fee1 req-b82b2094-fd1b-4c51-8040-52644e90fee1 ] Request (ServersListShow298Test:setUpClass): 201 POST http://10.180.1.21/identity/v3/users 0.091s
2025-12-10 05:49:05.996 65474 INFO tempest.lib.common.rest_client [req-b598cf63-f386-42be-8e4a-427623c42e3f req-b598cf63-f386-42be-8e4a-427623c42e3f ] Request (ServersListShow298Test:setUpClass): 200 GET http://10.180.1.21/identity/v3/roles 0.022s
2025-12-10 05:49:06.040 65474 INFO tempest.lib.common.rest_client [req-740882e6-0aec-4e19-a880-ae7830302ccc req-740882e6-0aec-4e19-a880-ae7830302ccc ] Request (ServersListShow298Test:setUpClass): 204 PUT http://10.180.1.21/identity/v3/projects/c0cf8ee6e0664cadaab19d2bda503f9d/users/f050f651cc414ac9895e9d9b170afe8a/roles/bab71419bb5145168e8e839991e3a230 0.042s
2025-12-10 05:49:06.040 65474 INFO tempest.lib.common.dynamic_creds [-] Dynamic test user f050f651cc414ac9895e9d9b170afe8a is created with scope project and roles: ['member']
2025-12-10 05:49:06.040 65474 INFO tempest.lib.common.dynamic_creds [-] Acquired dynamic creds: credentials: Credentials: {'domain_id': 'default', 'domain_name': 'Default', 'username': 'tempest-ServersListShow298Test-931419023-project-member', 'project_domain_id': 'default', 'project_domain_name': 'Default', 'project_id': 'c0cf8ee6e0664cadaab19d2bda503f9d', 'project_name': 'tempest-ServersListShow298Test-931419023', 'tenant_id': 'c0cf8ee6e0664cadaab19d2bda503f9d', 'tenant_name': 'tempest-ServersListShow298Test-931419023', 'user_domain_id': 'default', 'user_domain_name': 'Default', 'user_id': 'f050f651cc414ac9895e9d9b170afe8a', 'system': None}, Network: None, Subnet: None, Router: None
2025-12-10 05:49:06.040 65474 INFO tempest.lib.common.dynamic_creds [-] Created isolated network resources for: credentials: Credentials: {'domain_id': 'default', 'domain_name': 'Default', 'username': 'tempest-ServersListShow298Test-931419023-project-member', 'project_domain_id': 'default', 'project_domain_name': 'Default', 'project_id': 'c0cf8ee6e0664cadaab19d2bda503f9d', 'project_name': 'tempest-ServersListShow298Test-931419023', 'tenant_id': 'c0cf8ee6e0664cadaab19d2bda503f9d', 'tenant_name': 'tempest-ServersListShow298Test-931419023', 'user_domain_id': 'default', 'user_domain_name': 'Default', 'user_id': 'f050f651cc414ac9895e9d9b170afe8a', 'system': None}, Network: None, Subnet: None, Router: None
2025-12-10 05:49:06.144 65474 INFO tempest.lib.common.rest_client [req-912f3782-8671-459e-ad81-a77c9c73a269 req-912f3782-8671-459e-ad81-a77c9c73a269 ] Request (ServersListShow298Test:setUpClass): 201 POST http://10.180.1.21/identity/v3/auth/tokens 0.097s
2025-12-10 05:49:06.178 65474 INFO tempest.lib.common.rest_client [req-2058d538-a6f0-40b6-8ca3-5b3c4d37fab9 req-2058d538-a6f0-40b6-8ca3-5b3c4d37fab9 ] Request (ServersListShow298Test:test_list_show_update_rebuild_server_298): 201 POST http://10.180.1.21/identity/v3/auth/tokens 0.029s
2025-12-10 05:49:06.178 65474 INFO tempest.lib.common.fixed_network [-] (ServersListShow298Test:test_list_show_update_rebuild_server_298) Found network None available for tenant
2025-12-10 05:49:06.320 65493 INFO tempest.lib.common.rest_client [req-8b838bb9-9f79-4e1d-ad1c-cee4cb68b30d req-8b838bb9-9f79-4e1d-ad1c-cee4cb68b30d ] Request (VolumesAssistedSnapshotsTest:test_volume_assisted_snapshot_create_delete): 200 PUT http://10.180.1.21/networking/v2.0/floatingips/f4324c28-eab3-4c10-b0f7-360750832b46 0.804s
2025-12-10 05:49:06.321 65493 INFO tempest.lib.common.ssh [-] Creating ssh connection to '10.180.180.172:22' as 'cirros' with public key authentication
2025-12-10 05:49:06.353 65526 INFO tempest.lib.common.rest_client [req-c22ac015-32f6-43d0-b347-c390dc35a324 req-c22ac015-32f6-43d0-b347-c390dc35a324 ] Request (DeleteServersTestJSON:test_delete_active_server): 200 GET http://10.180.1.21/compute/v2.1/servers/6fe839c0-a6da-44de-8bfe-d6e435e48e0e 2.128s
2025-12-10 05:49:06.361 65526 INFO tempest.common.waiters [-] State transition "ACTIVE/deleting" ==> "DELETED/None" after 3 second wait
2025-12-10 05:49:06.370 65510 INFO tempest.lib.common.rest_client [req-1eea3db2-c0f6-4833-a0a2-0696495a804e req-1eea3db2-c0f6-4833-a0a2-0696495a804e ] Request (FlavorsAdminTestJSON:_run_cleanups): 202 DELETE http://10.180.1.21/compute/v2.1/flavors/1139576852 2.099s
2025-12-10 05:49:06.466 65486 INFO tempest.lib.common.rest_client [req-c948d3fb-3a56-49af-bf62-4e33f9bf79a8 req-c948d3fb-3a56-49af-bf62-4e33f9bf79a8 ] Request (FloatingIPDetailsTestJSON:test_get_floating_ip_details): 200 GET http://10.180.1.21/compute/v2.1/os-floating-ips/acd6fab0-91e7-433d-8a9e-38738512cc26 2.258s
2025-12-10 05:49:06.488 65508 INFO tempest.lib.common.rest_client [req-21d464a4-daa1-4f53-be49-e46eba418170 req-21d464a4-daa1-4f53-be49-e46eba418170 ] Request (FloatingIPsAssociationTestJSON:test_associate_already_associated_floating_ip): 200 GET http://10.180.1.21/compute/v2.1/servers/a9a30593-9522-41f1-9cb5-6acc4c522f6e 2.169s
2025-12-10 05:49:06.502 65478 INFO tempest.lib.common.rest_client [req-30f7cf90-f032-4ef4-94d6-2813dc7a736c req-30f7cf90-f032-4ef4-94d6-2813dc7a736c ] Request (FlavorsAccessNegativeTestJSON:_run_cleanups): 202 DELETE http://10.180.1.21/compute/v2.1/flavors/711250914 2.148s
2025-12-10 05:49:06.598 65476 INFO tempest.lib.common.rest_client [req-95a38317-e6e2-4b42-8306-92260b419e99 req-95a38317-e6e2-4b42-8306-92260b419e99 ] Request (ImagesOneServerNegativeTestJSON:setUpClass): 200 GET http://10.180.1.21/compute/v2.1/servers/052bed64-52a9-45af-be86-ee8d8dab8bf3 2.258s
2025-12-10 05:49:06.606 65476 INFO tempest.common.waiters [-] State transition "BUILD/spawning" ==> "ACTIVE/None" after 19 second wait
2025-12-10 05:49:06.690 65490 INFO tempest.lib.common.rest_client [req-4a2b8f3c-c514-4a7c-b70f-8b39b0c242b4 req-4a2b8f3c-c514-4a7c-b70f-8b39b0c242b4 ] Request (AttachInterfacesUnderV243Test:test_add_remove_fixed_ip): 200 GET http://10.180.1.21/compute/v2.1/servers/0c21f9a9-2104-4ba6-8f41-5a24a0e1ff28 2.281s
2025-12-10 05:49:06.776 65518 INFO tempest.lib.common.rest_client [req-803a6474-46e4-4a19-afae-98a4a3aca8de req-803a6474-46e4-4a19-afae-98a4a3aca8de ] Request (TenantUsagesTestJSON:tearDownClass): 200 GET http://10.180.1.21/compute/v2.1/servers/8dcfaa31-4e26-420b-898c-55577d1a4c86 2.233s
2025-12-10 05:49:06.783 65518 INFO tempest.common.waiters [-] State transition "ACTIVE/deleting" ==> "DELETED/None" after 3 second wait
2025-12-10 05:49:06.803 65530 INFO tempest.lib.common.rest_client [req-682785dc-d850-4f2c-96c8-57f81664c31b req-682785dc-d850-4f2c-96c8-57f81664c31b ] Request (QuotasAdminTestJSON:test_update_all_quota_resources_for_tenant): 200 PUT http://10.180.1.21/compute/v2.1/os-quota-sets/435b0fb1a3434d2e80c6a22259e8b491 2.418s
2025-12-10 05:49:06.850 65532 INFO tempest.lib.common.rest_client [req-19679a2d-9d24-4129-9d71-ce11d3ca2535 req-19679a2d-9d24-4129-9d71-ce11d3ca2535 ] Request (ServersTestJSON:test_create_server_specify_multibyte_character_name): 200 GET http://10.180.1.21/compute/v2.1/servers/db9b6bd4-27db-41c4-9974-8a65337760f1 2.278s
2025-12-10 05:49:06.859 65532 INFO tempest.common.waiters [-] State transition "BUILD/None" ==> "ERROR/None" after 8 second wait
2025-12-10 05:49:06.866 65503 INFO tempest.lib.common.rest_client [req-e7a31df1-b4d6-4137-9ea2-4870573fdf5b req-e7a31df1-b4d6-4137-9ea2-4870573fdf5b ] Request (ServersV294TestFqdnHostnames:setUpClass): 200 GET http://10.180.1.21/compute/v2.1/servers/acb2f39a-eb5d-4fa4-a1af-25ee9cc281a4 2.236s
2025-12-10 05:49:06.937 65514 INFO tempest.lib.common.rest_client [req-517fdfb4-b759-4735-92a9-d69161683534 req-517fdfb4-b759-4735-92a9-d69161683534 ] Request (ServersAdminTestJSON:test_create_server_with_scheduling_hint): 200 GET http://10.180.1.21/compute/v2.1/servers/0c5eb378-a869-48e2-b0a3-180af021545b 2.217s
2025-12-10 05:49:07.105 65484 INFO tempest.lib.common.rest_client [req-29b5341c-1b77-49cf-978f-388fcd81d80e req-29b5341c-1b77-49cf-978f-388fcd81d80e ] Request (ServerDiagnosticsTest:tearDownClass): 200 GET http://10.180.1.21/compute/v2.1/servers/d36dbe05-dfee-4ddb-9f48-63aee6128478 2.253s
2025-12-10 05:49:07.128 65524 INFO tempest.lib.common.rest_client [req-3dabfc79-7cf4-4df8-ae83-10c2aee99ec2 req-3dabfc79-7cf4-4df8-ae83-10c2aee99ec2 ] Request (ServicesAdminNegativeV253TestJSON:test_get_service_by_invalid_params): 200 GET http://10.180.1.21/compute/v2.1/os-services 2.261s
2025-12-10 05:49:07.180 65498 INFO tempest.lib.common.rest_client [req-de6e59f9-6494-485e-a274-badefde87561 req-de6e59f9-6494-485e-a274-badefde87561 ] Request (ServerDiagnosticsNegativeTest:tearDownClass): 200 GET http://10.180.1.21/compute/v2.1/servers/257a12b0-17a5-49cf-875b-6122b05c7c67 2.295s
2025-12-10 05:49:07.188 65498 INFO tempest.common.waiters [-] State transition "ACTIVE/deleting" ==> "DELETED/None" after 6 second wait
2025-12-10 05:49:07.335 65480 INFO tempest.lib.common.rest_client [req-04090a03-1b56-4ba4-a673-a8a273129322 req-04090a03-1b56-4ba4-a673-a8a273129322 ] Request (SecurityGroupRulesTestJSON:_run_cleanups): 202 DELETE http://10.180.1.21/compute/v2.1/os-security-group-rules/66bdbdc7-853e-464f-a9d7-3e5324ce59f8 2.351s
2025-12-10 05:49:07.382 65472 INFO tempest.lib.common.rest_client [req-ae58339a-ba54-4096-9964-51477d5eab24 req-ae58339a-ba54-4096-9964-51477d5eab24 ] Request (FloatingIPsTestJSON:test_delete_floating_ip): 200 POST http://10.180.1.21/compute/v2.1/os-floating-ips 2.531s
2025-12-10 05:49:07.425 65516 INFO tempest.lib.common.rest_client [req-03015732-494f-458d-af2c-d7ab17912958 req-03015732-494f-458d-af2c-d7ab17912958 ] Request (ServerExternalEventsTest:tearDownClass): 204 DELETE http://10.180.1.21/compute/v2.1/servers/d86cf38b-48ef-4d09-b5f5-2e5dc9a170e7 2.424s
2025-12-10 05:49:07.433 65482 INFO tempest.lib.common.rest_client [req-55d79f38-ed27-437e-95be-18136223a35b req-55d79f38-ed27-437e-95be-18136223a35b ] Request (AggregatesAdminNegativeTestJSON:test_aggregate_delete_as_user): 403 DELETE http://10.180.1.21/compute/v2.1/os-aggregates/5 2.305s
2025-12-10 05:49:07.574 65488 INFO tempest.lib.common.rest_client [req-e9efe19c-a59d-4db6-8d2c-026be5f2c1f0 req-e9efe19c-a59d-4db6-8d2c-026be5f2c1f0 ] Request (SecurityGroupRulesNegativeTestJSON:tearDownClass): 202 DELETE http://10.180.1.21/compute/v2.1/os-security-groups/54cdbe76-56c1-44df-9c2a-e5303d5159d6 2.380s
2025-12-10 05:49:07.726 65522 INFO tempest.lib.common.rest_client [req-dd339fda-1f8e-47ea-97cc-61a5acfc9020 req-dd339fda-1f8e-47ea-97cc-61a5acfc9020 ] Request (ListImageFiltersTestJSON:setUpClass): 202 POST http://10.180.1.21/compute/v2.1/servers 2.683s
2025-12-10 05:49:07.826 65522 INFO tempest.lib.common.rest_client [req-1d83253b-c82e-4ed2-8986-b1eaddcb9ac6 req-1d83253b-c82e-4ed2-8986-b1eaddcb9ac6 ] Request (ListImageFiltersTestJSON:setUpClass): 201 POST http://10.180.1.21/identity/v3/auth/tokens 0.095s
2025-12-10 05:49:07.826 65522 INFO tempest.lib.common.fixed_network [-] (ListImageFiltersTestJSON:setUpClass) Found network None available for tenant
2025-12-10 05:49:08.387 65488 INFO tempest.lib.common.rest_client [req-04c3643c-62ef-404e-aebd-69cbae7d99df req-04c3643c-62ef-404e-aebd-69cbae7d99df ] Request (SecurityGroupRulesNegativeTestJSON:tearDownClass): 200 PUT http://10.180.1.21/networking/v2.0/routers/389a6201-3e63-4442-b5e3-b22933ae8e77/remove_router_interface 0.812s
2025-12-10 05:49:09.033 65488 INFO tempest.lib.common.rest_client [req-e0a58e46-0eb7-438d-8d01-75b006bcac1b req-e0a58e46-0eb7-438d-8d01-75b006bcac1b ] Request (SecurityGroupRulesNegativeTestJSON:tearDownClass): 204 DELETE http://10.180.1.21/networking/v2.0/routers/389a6201-3e63-4442-b5e3-b22933ae8e77 0.646s
2025-12-10 05:49:09.127 65512 INFO tempest.lib.common.rest_client [req-458c9048-ad7a-4992-a640-e89030e50fae req-458c9048-ad7a-4992-a640-e89030e50fae ] Request (MigrationsAdminTest:test_list_migrations_in_flavor_resize_situation): 200 GET http://10.180.1.21/compute/v2.1/servers/4b00aa55-ae40-41f1-9fe5-4f1193c79285 3.048s
2025-12-10 05:49:09.135 65512 INFO tempest.common.waiters [-] State transition "BUILD/networking" ==> "BUILD/spawning" after 10 second wait
2025-12-10 05:49:09.301 65488 INFO tempest.lib.common.rest_client [req-a06869bd-3d53-4b7e-96af-19f0c95bc00e req-a06869bd-3d53-4b7e-96af-19f0c95bc00e ] Request (SecurityGroupRulesNegativeTestJSON:tearDownClass): 204 DELETE http://10.180.1.21/networking/v2.0/subnets/bd2b0190-4d55-480b-b17a-e524fc04f250 0.267s
2025-12-10 05:49:09.327 65504 INFO tempest.lib.common.rest_client [req-59e4a618-8c0d-4b9e-8e30-98a7ab938bc3 req-59e4a618-8c0d-4b9e-8e30-98a7ab938bc3 ] Request (ImagesTestJSON:test_create_image_from_stopped_server): 200 GET http://10.180.1.21/compute/v2.1/servers/061fd144-3aaf-4d4f-b720-5fe995597351 3.226s
2025-12-10 05:49:09.437 65506 INFO tempest.lib.common.rest_client [req-629e0d1c-3760-41fe-af5e-a406c5dad6e4 req-629e0d1c-3760-41fe-af5e-a406c5dad6e4 ] Request (ServersAdminNegativeTestJSON:test_migrate_server_invalid_state): 202 POST http://10.180.1.21/compute/v2.1/servers 4.099s
2025-12-10 05:49:09.460 65510 INFO tempest.lib.common.rest_client [req-612dd629-6220-4b74-a648-febe985ce57d req-612dd629-6220-4b74-a648-febe985ce57d ] Request (FlavorsAdminTestJSON:_run_cleanups): 200 GET http://10.180.1.21/compute/v2.1/flavors/detail 3.089s
2025-12-10 05:49:09.479 65474 INFO tempest.lib.common.rest_client [req-40760148-515a-4a0c-a641-c59e405860ce req-40760148-515a-4a0c-a641-c59e405860ce ] Request (ServersListShow298Test:test_list_show_update_rebuild_server_298): 202 POST http://10.180.1.21/compute/v2.1/servers 3.300s
2025-12-10 05:49:09.655 65488 INFO tempest.lib.common.rest_client [req-b0dc83b8-106a-499f-9ef4-fe3113931e13 req-b0dc83b8-106a-499f-9ef4-fe3113931e13 ] Request (SecurityGroupRulesNegativeTestJSON:tearDownClass): 204 DELETE http://10.180.1.21/networking/v2.0/networks/e45e12fc-7cc2-4e2d-82df-d9a89812dea5 0.351s
2025-12-10 05:49:09.832 65496 INFO tempest.lib.common.rest_client [req-b6122535-e40b-4dab-b007-4624c5a45ae8 req-b6122535-e40b-4dab-b007-4624c5a45ae8 ] Request (VolumesAdminNegativeTest:test_update_attached_volume_with_nonexistent_volume_in_uri): 200 GET http://10.180.1.21/compute/v2.1/servers/98f26e7f-1032-4482-a0a6-903bffdd24a6 3.361s
2025-12-10 05:49:09.846 65496 INFO tempest.common.waiters [-] State transition "BUILD/None" ==> "BUILD/spawning" after 9 second wait
2025-12-10 05:49:09.862 65478 INFO tempest.lib.common.rest_client [req-40809a4b-e698-47f7-b2ff-c25364d1e353 req-40809a4b-e698-47f7-b2ff-c25364d1e353 ] Request (FlavorsAccessNegativeTestJSON:_run_cleanups): 200 GET http://10.180.1.21/compute/v2.1/flavors/detail 3.359s
2025-12-10 05:49:09.909 65488 INFO tempest.lib.common.rest_client [req-b6f55755-9804-4344-a35b-da2e24725cc9 req-b6f55755-9804-4344-a35b-da2e24725cc9 ] Request (SecurityGroupRulesNegativeTestJSON:tearDownClass): 204 DELETE http://10.180.1.21/identity/v3/users/b3de554eb73240a8a12fec4f6ae5c7ae 0.253s
2025-12-10 05:49:09.909 65488 INFO tempest.lib.common.dynamic_creds [-] Deleting project and security group for project: 099d9120a8f34d6199ef162daa9661c1
2025-12-10 05:49:10.221 65488 INFO tempest.lib.common.rest_client [req-0c5f0b67-650a-4c6f-adf6-df10a0532162 req-0c5f0b67-650a-4c6f-adf6-df10a0532162 ] Request (SecurityGroupRulesNegativeTestJSON:tearDownClass): 200 GET http://10.180.1.21/networking/v2.0/security-groups?tenant_id=099d9120a8f34d6199ef162daa9661c1&name=default 0.311s
2025-12-10 05:49:10.287 65476 INFO tempest.lib.common.rest_client [req-38a53c49-615e-44b8-aca4-a5207da62906 req-38a53c49-615e-44b8-aca4-a5207da62906 ] Request (ImagesOneServerNegativeTestJSON:setUp): 200 GET http://10.180.1.21/compute/v2.1/servers/052bed64-52a9-45af-be86-ee8d8dab8bf3 3.680s
2025-12-10 05:49:10.418 65488 INFO tempest.lib.common.rest_client [req-197e983b-8a26-40f2-8f86-042a3136c865 req-197e983b-8a26-40f2-8f86-042a3136c865 ] Request (SecurityGroupRulesNegativeTestJSON:tearDownClass): 204 DELETE http://10.180.1.21/networking/v2.0/security-groups/41c8a459-dcb3-4d02-a59f-bebe7a98b8e3 0.197s
2025-12-10 05:49:10.436 65493 WARNING tempest.lib.common.ssh [-] Failed to establish authenticated ssh connection to cirros@10.180.180.172 ([Errno None] Unable to connect to port 22 on 10.180.180.172). Number attempts: 1. Retry after 2 seconds.: paramiko.ssh_exception.NoValidConnectionsError: [Errno None] Unable to connect to port 22 on 10.180.180.172
2025-12-10 05:49:10.525 65488 INFO tempest.lib.common.rest_client [req-68cef30a-6fb7-45e3-9de6-ac0d70769222 req-68cef30a-6fb7-45e3-9de6-ac0d70769222 ] Request (SecurityGroupRulesNegativeTestJSON:tearDownClass): 204 DELETE http://10.180.1.21/identity/v3/projects/099d9120a8f34d6199ef162daa9661c1 0.106s
2025-12-10 05:49:10.601 65488 INFO tempest.lib.common.rest_client [req-f9631e54-e8d6-4768-bfdb-740a56bb4107 req-f9631e54-e8d6-4768-bfdb-740a56bb4107 ] Request (AZV2TestJSON:setUpClass): 201 POST http://10.180.1.21/identity/v3/auth/tokens 0.074s
2025-12-10 05:49:10.648 65488 INFO tempest.lib.common.rest_client [req-060be7a0-54d6-4fc3-9cb9-69725b01a15f req-060be7a0-54d6-4fc3-9cb9-69725b01a15f ] Request (AZV2TestJSON:setUpClass): 201 POST http://10.180.1.21/identity/v3/auth/tokens 0.044s
2025-12-10 05:49:10.663 65530 INFO tempest.lib.common.rest_client [req-db07ffab-297e-4aeb-a6dd-fe3a0557dabe req-db07ffab-297e-4aeb-a6dd-fe3a0557dabe ] Request (QuotasAdminTestJSON:_run_cleanups): 200 PUT http://10.180.1.21/compute/v2.1/os-quota-sets/435b0fb1a3434d2e80c6a22259e8b491 3.856s
2025-12-10 05:49:10.679 65488 INFO tempest.lib.common.rest_client [req-faa16118-30d1-4d49-9c55-9eb1b63ba8bf req-faa16118-30d1-4d49-9c55-9eb1b63ba8bf ] Request (AZV2TestJSON:setUpClass): 200 GET http://10.180.1.21/identity/v3/domains?name=Default 0.031s
2025-12-10 05:49:10.716 65488 INFO tempest.lib.common.rest_client [req-fe15a1e1-d18b-428c-ae14-932b37de92df req-fe15a1e1-d18b-428c-ae14-932b37de92df ] Request (AZV2TestJSON:setUpClass): 201 POST http://10.180.1.21/identity/v3/projects 0.036s
2025-12-10 05:49:10.739 65486 INFO tempest.lib.common.rest_client [req-cd4a5a11-4d5b-44e4-a85c-4cb6d4c13b57 req-cd4a5a11-4d5b-44e4-a85c-4cb6d4c13b57 ] Request (FloatingIPDetailsTestJSON:_run_cleanups): 202 DELETE http://10.180.1.21/compute/v2.1/os-floating-ips/acd6fab0-91e7-433d-8a9e-38738512cc26 4.270s
2025-12-10 05:49:10.759 65524 INFO tempest.lib.common.rest_client [req-b8733b13-0f4e-4bff-bbea-b2173c648043 req-b8733b13-0f4e-4bff-bbea-b2173c648043 ] Request (ServicesAdminNegativeV253TestJSON:test_get_service_by_invalid_params): 200 GET http://10.180.1.21/compute/v2.1/os-services?xxx=nova-compute 3.628s
2025-12-10 05:49:10.770 65530 INFO tempest.lib.common.rest_client [req-1f0ad9eb-868b-4e18-9814-2181a3fd8f79 req-1f0ad9eb-868b-4e18-9814-2181a3fd8f79 ] Request (QuotasAdminTestJSON:tearDownClass): 204 DELETE http://10.180.1.21/identity/v3/users/54f96ee93785476eaf2a2fa092d06e19 0.099s
2025-12-10 05:49:10.826 65488 INFO tempest.lib.common.rest_client [req-c4798f79-d10d-4644-bfeb-d1cff987e440 req-c4798f79-d10d-4644-bfeb-d1cff987e440 ] Request (AZV2TestJSON:setUpClass): 201 POST http://10.180.1.21/identity/v3/users 0.109s
2025-12-10 05:49:10.853 65488 INFO tempest.lib.common.rest_client [req-f22d2f11-8c8d-403e-a145-52bc610f3350 req-f22d2f11-8c8d-403e-a145-52bc610f3350 ] Request (AZV2TestJSON:setUpClass): 200 GET http://10.180.1.21/identity/v3/roles 0.026s
2025-12-10 05:49:10.877 65530 INFO tempest.lib.common.rest_client [req-ff639634-4da5-4ae2-9896-457287ae2e56 req-ff639634-4da5-4ae2-9896-457287ae2e56 ] Request (QuotasAdminTestJSON:tearDownClass): 204 DELETE http://10.180.1.21/identity/v3/users/1a32021050f1414e86db68a67bdacca2 0.107s
2025-12-10 05:49:10.877 65530 INFO tempest.lib.common.dynamic_creds [-] Deleting project and security group for project: 9e65682a14bb4aac9f6d390c4bf4fdb8
2025-12-10 05:49:10.929 65488 INFO tempest.lib.common.rest_client [req-6b788c52-3d4c-4e8d-af80-68b6c90fa242 req-6b788c52-3d4c-4e8d-af80-68b6c90fa242 ] Request (AZV2TestJSON:setUpClass): 204 PUT http://10.180.1.21/identity/v3/projects/9f960e734af14bfba1da79ea880e70e0/users/bd73ff1040ac466d863317a44965ed72/roles/bab71419bb5145168e8e839991e3a230 0.075s
2025-12-10 05:49:10.929 65488 INFO tempest.lib.common.dynamic_creds [-] Dynamic test user bd73ff1040ac466d863317a44965ed72 is created with scope project and roles: ['member']
2025-12-10 05:49:10.929 65488 INFO tempest.lib.common.dynamic_creds [-] Acquired dynamic creds: credentials: Credentials: {'domain_id': 'default', 'domain_name': 'Default', 'username': 'tempest-AZV2TestJSON-102428670-project-member', 'project_domain_id': 'default', 'project_domain_name': 'Default', 'project_id': '9f960e734af14bfba1da79ea880e70e0', 'project_name': 'tempest-AZV2TestJSON-102428670', 'tenant_id': '9f960e734af14bfba1da79ea880e70e0', 'tenant_name': 'tempest-AZV2TestJSON-102428670', 'user_domain_id': 'default', 'user_domain_name': 'Default', 'user_id': 'bd73ff1040ac466d863317a44965ed72', 'system': None}, Network: None, Subnet: None, Router: None
2025-12-10 05:49:10.930 65488 INFO tempest.lib.common.dynamic_creds [-] Created isolated network resources for: credentials: Credentials: {'domain_id': 'default', 'domain_name': 'Default', 'username': 'tempest-AZV2TestJSON-102428670-project-member', 'project_domain_id': 'default', 'project_domain_name': 'Default', 'project_id': '9f960e734af14bfba1da79ea880e70e0', 'project_name': 'tempest-AZV2TestJSON-102428670', 'tenant_id': '9f960e734af14bfba1da79ea880e70e0', 'tenant_name': 'tempest-AZV2TestJSON-102428670', 'user_domain_id': 'default', 'user_domain_name': 'Default', 'user_id': 'bd73ff1040ac466d863317a44965ed72', 'system': None}, Network: None, Subnet: None, Router: None
2025-12-10 05:49:10.939 65530 INFO tempest.lib.common.rest_client [req-58e59d6a-d701-4265-9bba-31faaa603fb1 req-58e59d6a-d701-4265-9bba-31faaa603fb1 ] Request (QuotasAdminTestJSON:tearDownClass): 201 POST http://10.180.1.21/identity/v3/auth/tokens 0.061s
2025-12-10 05:49:10.956 65532 INFO tempest.lib.common.rest_client [req-ddae77a2-3798-42b9-8044-b103b0b93537 req-ddae77a2-3798-42b9-8044-b103b0b93537 ] Request (ServersTestJSON:test_create_server_specify_multibyte_character_name): 204 DELETE http://10.180.1.21/compute/v2.1/servers/db9b6bd4-27db-41c4-9974-8a65337760f1 4.097s
2025-12-10 05:49:11.006 65488 INFO tempest.lib.common.rest_client [req-f617a8a5-37c5-4975-aa25-a6e03d1f37be req-f617a8a5-37c5-4975-aa25-a6e03d1f37be ] Request (AZV2TestJSON:setUpClass): 201 POST http://10.180.1.21/identity/v3/auth/tokens 0.073s
2025-12-10 05:49:11.053 65480 INFO tempest.lib.common.rest_client [req-a42c3c01-b306-4259-8df0-8b7c0334b1cf req-a42c3c01-b306-4259-8df0-8b7c0334b1cf ] Request (SecurityGroupRulesTestJSON:tearDownClass): 202 DELETE http://10.180.1.21/compute/v2.1/os-security-groups/69e222fe-0eb7-445d-85a8-945347719168 3.716s
2025-12-10 05:49:11.374 65530 INFO tempest.lib.common.rest_client [req-c982260e-c246-4c6a-b5f7-16560ff322cc req-c982260e-c246-4c6a-b5f7-16560ff322cc ] Request (QuotasAdminTestJSON:tearDownClass): 200 GET http://10.180.1.21/networking/v2.0/security-groups?tenant_id=9e65682a14bb4aac9f6d390c4bf4fdb8&name=default 0.434s
2025-12-10 05:49:11.454 65526 INFO tempest.lib.common.rest_client [req-0b28e2de-a1eb-48d5-8066-6b18fced61e0 req-0b28e2de-a1eb-48d5-8066-6b18fced61e0 ] Request (DeleteServersTestJSON:test_delete_active_server): 200 GET http://10.180.1.21/compute/v2.1/servers/6fe839c0-a6da-44de-8bfe-d6e435e48e0e 4.092s
2025-12-10 05:49:11.583 65530 INFO tempest.lib.common.rest_client [req-d5ab125d-1d90-4ee5-af00-54a9dfd76743 req-d5ab125d-1d90-4ee5-af00-54a9dfd76743 ] Request (QuotasAdminTestJSON:tearDownClass): 204 DELETE http://10.180.1.21/networking/v2.0/security-groups/60685ab2-2139-4f52-b14e-d14072afee59 0.209s
2025-12-10 05:49:11.678 65530 INFO tempest.lib.common.rest_client [req-2f008159-1190-412f-b71e-3abb3620a541 req-2f008159-1190-412f-b71e-3abb3620a541 ] Request (QuotasAdminTestJSON:tearDownClass): 204 DELETE http://10.180.1.21/identity/v3/projects/9e65682a14bb4aac9f6d390c4bf4fdb8 0.094s
2025-12-10 05:49:11.678 65530 INFO tempest.lib.common.dynamic_creds [-] Deleting project and security group for project: 435b0fb1a3434d2e80c6a22259e8b491
2025-12-10 05:49:11.721 65516 INFO tempest.lib.common.rest_client [req-469df434-27ce-4a6f-b147-380fb66330d0 req-469df434-27ce-4a6f-b147-380fb66330d0 ] Request (ServerExternalEventsTest:tearDownClass): 200 GET http://10.180.1.21/compute/v2.1/servers/d86cf38b-48ef-4d09-b5f5-2e5dc9a170e7 4.295s
2025-12-10 05:49:11.742 65482 INFO tempest.lib.common.rest_client [req-f0190e93-7eea-4bcd-850a-01b394501bdb req-f0190e93-7eea-4bcd-850a-01b394501bdb ] Request (AggregatesAdminNegativeTestJSON:_run_cleanups): 200 DELETE http://10.180.1.21/compute/v2.1/os-aggregates/5 4.309s
2025-12-10 05:49:11.881 65530 INFO tempest.lib.common.rest_client [req-67a533ed-59af-43d4-b462-d266886ef4f8 req-67a533ed-59af-43d4-b462-d266886ef4f8 ] Request (QuotasAdminTestJSON:tearDownClass): 200 GET http://10.180.1.21/networking/v2.0/security-groups?tenant_id=435b0fb1a3434d2e80c6a22259e8b491&name=default 0.202s
2025-12-10 05:49:12.044 65530 INFO tempest.lib.common.rest_client [req-2660bc8c-a97c-4f9c-b5af-5010bc823a40 req-2660bc8c-a97c-4f9c-b5af-5010bc823a40 ] Request (QuotasAdminTestJSON:tearDownClass): 204 DELETE http://10.180.1.21/networking/v2.0/security-groups/3f1ab931-368b-4d75-96b6-98322c81aaab 0.162s
2025-12-10 05:49:12.046 65508 INFO tempest.lib.common.rest_client [req-5d9a9eab-b0ef-44a4-8653-e51838341b9c req-5d9a9eab-b0ef-44a4-8653-e51838341b9c ] Request (FloatingIPsAssociationTestJSON:test_associate_already_associated_floating_ip): 200 GET http://10.180.1.21/compute/v2.1/servers/a9a30593-9522-41f1-9cb5-6acc4c522f6e 4.546s
2025-12-10 05:49:12.061 65508 INFO tempest.common.waiters [-] State transition "BUILD/None" ==> "BUILD/spawning" after 12 second wait
2025-12-10 05:49:12.109 65490 INFO tempest.lib.common.rest_client [req-b1d38d2b-f205-4a21-a426-9b4a371f6b0c req-b1d38d2b-f205-4a21-a426-9b4a371f6b0c ] Request (AttachInterfacesUnderV243Test:test_add_remove_fixed_ip): 200 GET http://10.180.1.21/compute/v2.1/servers/0c21f9a9-2104-4ba6-8f41-5a24a0e1ff28 4.405s
2025-12-10 05:49:12.116 65490 INFO tempest.common.waiters [-] State transition "BUILD/None" ==> "BUILD/networking" after 11 second wait
2025-12-10 05:49:12.160 65530 INFO tempest.lib.common.rest_client [req-43600352-669c-4cf4-99e8-0f8d3134db15 req-43600352-669c-4cf4-99e8-0f8d3134db15 ] Request (QuotasAdminTestJSON:tearDownClass): 204 DELETE http://10.180.1.21/identity/v3/projects/435b0fb1a3434d2e80c6a22259e8b491 0.116s
2025-12-10 05:49:12.181 65518 INFO tempest.lib.common.rest_client [req-85057d0f-c58f-454d-9203-64c09c13f0f3 req-85057d0f-c58f-454d-9203-64c09c13f0f3 ] Request (TenantUsagesTestJSON:tearDownClass): 200 GET http://10.180.1.21/compute/v2.1/servers/8dcfaa31-4e26-420b-898c-55577d1a4c86 4.395s
2025-12-10 05:49:12.269 65472 INFO tempest.lib.common.rest_client [req-766b3d43-91e3-4a7d-a70a-4c87875b2a0e req-766b3d43-91e3-4a7d-a70a-4c87875b2a0e ] Request (FloatingIPsTestJSON:test_delete_floating_ip): 202 DELETE http://10.180.1.21/compute/v2.1/os-floating-ips/9bcc4dfd-abdb-40c1-9258-097f26cfbb12 4.884s
2025-12-10 05:49:12.289 65530 INFO tempest.lib.common.rest_client [req-7aba0337-177e-4bda-9073-0b6a40b1f00f req-7aba0337-177e-4bda-9073-0b6a40b1f00f ] Request (ServerDiagnosticsV248Test:setUpClass): 201 POST http://10.180.1.21/identity/v3/auth/tokens 0.127s
2025-12-10 05:49:12.331 65530 INFO tempest.lib.common.rest_client [req-ab8efbb2-df12-47cb-897f-85b4d0787dd3 req-ab8efbb2-df12-47cb-897f-85b4d0787dd3 ] Request (ServerDiagnosticsV248Test:setUpClass): 201 POST http://10.180.1.21/identity/v3/auth/tokens 0.034s
2025-12-10 05:49:12.359 65530 INFO tempest.lib.common.rest_client [req-1e973823-9205-4d9b-a0ca-a9a98b72e442 req-1e973823-9205-4d9b-a0ca-a9a98b72e442 ] Request (ServerDiagnosticsV248Test:setUpClass): 200 GET http://10.180.1.21/identity/v3/domains?name=Default 0.028s
2025-12-10 05:49:12.377 65503 INFO tempest.lib.common.rest_client [req-610559f9-4729-4a99-aa58-89700a993b73 req-610559f9-4729-4a99-aa58-89700a993b73 ] Request (ServersV294TestFqdnHostnames:setUpClass): 200 GET http://10.180.1.21/compute/v2.1/servers/acb2f39a-eb5d-4fa4-a1af-25ee9cc281a4 4.500s
2025-12-10 05:49:12.389 65530 INFO tempest.lib.common.rest_client [req-92d8a44f-61c4-4935-892d-5418c6a42312 req-92d8a44f-61c4-4935-892d-5418c6a42312 ] Request (ServerDiagnosticsV248Test:setUpClass): 201 POST http://10.180.1.21/identity/v3/projects 0.029s
2025-12-10 05:49:12.434 65514 INFO tempest.lib.common.rest_client [req-4d4c29b6-8cf0-4db5-98c3-2128193ec59e req-4d4c29b6-8cf0-4db5-98c3-2128193ec59e ] Request (ServersAdminTestJSON:test_create_server_with_scheduling_hint): 200 GET http://10.180.1.21/compute/v2.1/servers/0c5eb378-a869-48e2-b0a3-180af021545b 4.488s
2025-12-10 05:49:12.458 65522 INFO tempest.lib.common.rest_client [req-c077aa66-3b89-45aa-a11d-ad640f122bb6 req-c077aa66-3b89-45aa-a11d-ad640f122bb6 ] Request (ListImageFiltersTestJSON:setUpClass): 202 POST http://10.180.1.21/compute/v2.1/servers 4.630s
2025-12-10 05:49:12.465 65530 INFO tempest.lib.common.rest_client [req-87b9bfd8-1a43-416c-9ca7-10e9265ce52b req-87b9bfd8-1a43-416c-9ca7-10e9265ce52b ] Request (ServerDiagnosticsV248Test:setUpClass): 201 POST http://10.180.1.21/identity/v3/users 0.076s
2025-12-10 05:49:12.494 65530 INFO tempest.lib.common.rest_client [req-2a4130a7-6797-451e-8abf-5eafc5c87e1d req-2a4130a7-6797-451e-8abf-5eafc5c87e1d ] Request (ServerDiagnosticsV248Test:setUpClass): 200 GET http://10.180.1.21/identity/v3/roles 0.029s
2025-12-10 05:49:12.508 65484 INFO tempest.lib.common.rest_client [req-9178d783-e90c-43ff-bde7-11e984b8078b req-9178d783-e90c-43ff-bde7-11e984b8078b ] Request (ServerDiagnosticsTest:tearDownClass): 200 GET http://10.180.1.21/compute/v2.1/servers/d36dbe05-dfee-4ddb-9f48-63aee6128478 4.391s
2025-12-10 05:49:12.516 65484 INFO tempest.common.waiters [-] State transition "ACTIVE/deleting" ==> "DELETED/None" after 5 second wait
2025-12-10 05:49:12.531 65530 INFO tempest.lib.common.rest_client [req-f5bc595e-69d0-4c1c-9eb7-f4248b1078f0 req-f5bc595e-69d0-4c1c-9eb7-f4248b1078f0 ] Request (ServerDiagnosticsV248Test:setUpClass): 204 PUT http://10.180.1.21/identity/v3/projects/ecde5c8cd680410baeec9ebd6d47e6fe/users/72d604d457e743a29c4581a384ba07bd/roles/bab71419bb5145168e8e839991e3a230 0.036s
2025-12-10 05:49:12.531 65530 INFO tempest.lib.common.dynamic_creds [-] Dynamic test user 72d604d457e743a29c4581a384ba07bd is created with scope project and roles: ['member']
2025-12-10 05:49:12.532 65530 INFO tempest.lib.common.dynamic_creds [-] Acquired dynamic creds: credentials: Credentials: {'domain_id': 'default', 'domain_name': 'Default', 'username': 'tempest-ServerDiagnosticsV248Test-2054277600-project-member', 'project_domain_id': 'default', 'project_domain_name': 'Default', 'project_id': 'ecde5c8cd680410baeec9ebd6d47e6fe', 'project_name': 'tempest-ServerDiagnosticsV248Test-2054277600', 'tenant_id': 'ecde5c8cd680410baeec9ebd6d47e6fe', 'tenant_name': 'tempest-ServerDiagnosticsV248Test-2054277600', 'user_domain_id': 'default', 'user_domain_name': 'Default', 'user_id': '72d604d457e743a29c4581a384ba07bd', 'system': None}, Network: None, Subnet: None, Router: None
2025-12-10 05:49:12.532 65530 INFO tempest.lib.common.dynamic_creds [-] Created isolated network resources for: credentials: Credentials: {'domain_id': 'default', 'domain_name': 'Default', 'username': 'tempest-ServerDiagnosticsV248Test-2054277600-project-member', 'project_domain_id': 'default', 'project_domain_name': 'Default', 'project_id': 'ecde5c8cd680410baeec9ebd6d47e6fe', 'project_name': 'tempest-ServerDiagnosticsV248Test-2054277600', 'tenant_id': 'ecde5c8cd680410baeec9ebd6d47e6fe', 'tenant_name': 'tempest-ServerDiagnosticsV248Test-2054277600', 'user_domain_id': 'default', 'user_domain_name': 'Default', 'user_id': '72d604d457e743a29c4581a384ba07bd', 'system': None}, Network: None, Subnet: None, Router: None
2025-12-10 05:49:12.533 65498 INFO tempest.lib.common.rest_client [req-c0f8e609-9fa6-4fa7-9f39-f2900649cde7 req-c0f8e609-9fa6-4fa7-9f39-f2900649cde7 ] Request (ServerDiagnosticsNegativeTest:tearDownClass): 200 GET http://10.180.1.21/compute/v2.1/servers/257a12b0-17a5-49cf-875b-6122b05c7c67 4.344s
2025-12-10 05:49:12.568 65510 INFO tempest.lib.common.rest_client [req-df4da054-885e-4ad3-906e-a6ae3a7b99fc req-df4da054-885e-4ad3-906e-a6ae3a7b99fc ] Request (FlavorsAdminTestJSON:test_create_server_with_non_public_flavor): 200 POST http://10.180.1.21/compute/v2.1/flavors 3.100s
2025-12-10 05:49:12.592 65506 INFO tempest.lib.common.rest_client [req-cbce3725-624a-4bf4-8911-3f4039a955aa req-cbce3725-624a-4bf4-8911-3f4039a955aa ] Request (ServersAdminNegativeTestJSON:test_migrate_server_invalid_state): 200 GET http://10.180.1.21/compute/v2.1/servers/7b3dc470-44ed-48f3-8c68-8d93e60f1c6e 3.152s
2025-12-10 05:49:12.608 65478 INFO tempest.lib.common.rest_client [req-1acb79d0-2eed-43a3-980f-4898ce386766 req-1acb79d0-2eed-43a3-980f-4898ce386766 ] Request (FlavorsAccessNegativeTestJSON:test_remove_flavor_access_not_found): 200 POST http://10.180.1.21/compute/v2.1/flavors 2.741s
2025-12-10 05:49:12.635 65530 INFO tempest.lib.common.rest_client [req-10639041-9811-404d-8a2d-d1790bf94d4c req-10639041-9811-404d-8a2d-d1790bf94d4c ] Request (ServerDiagnosticsV248Test:setUpClass): 201 POST http://10.180.1.21/identity/v3/auth/tokens 0.099s
2025-12-10 05:49:12.638 65474 INFO tempest.lib.common.rest_client [req-ad4aeee8-b17e-488a-9f5a-366bf80aad18 req-ad4aeee8-b17e-488a-9f5a-366bf80aad18 ] Request (ServersListShow298Test:test_list_show_update_rebuild_server_298): 200 GET http://10.180.1.21/compute/v2.1/servers/d67f9d40-aa7b-4c5a-b22e-8ae91f961ccb 3.157s
2025-12-10 05:49:12.650 65476 INFO tempest.lib.common.rest_client [req-e94d4c82-f7a4-4e14-b0e4-f158df7866be req-e94d4c82-f7a4-4e14-b0e4-f158df7866be ] Request (ImagesOneServerNegativeTestJSON:test_create_image_specify_invalid_metadata): 400 POST http://10.180.1.21/compute/v2.1/servers/052bed64-52a9-45af-be86-ee8d8dab8bf3/action 2.352s
2025-12-10 05:49:12.706 65504 INFO tempest.lib.common.rest_client [req-bd89fe0e-96ac-4ca6-b93b-746656f97b19 req-bd89fe0e-96ac-4ca6-b93b-746656f97b19 ] Request (ImagesTestJSON:test_create_image_from_stopped_server): 200 GET http://10.180.1.21/compute/v2.1/servers/061fd144-3aaf-4d4f-b720-5fe995597351 2.371s
2025-12-10 05:49:12.725 65530 INFO tempest.lib.common.rest_client [req-006800d0-e92f-46cb-a6cb-54569be06c50 req-006800d0-e92f-46cb-a6cb-54569be06c50 ] Request (ServerDiagnosticsV248Test:setUpClass): 201 POST http://10.180.1.21/identity/v3/projects 0.089s
2025-12-10 05:49:12.750 65512 INFO tempest.lib.common.rest_client [req-d030641f-d76c-49b2-972d-7908c45d28ba req-d030641f-d76c-49b2-972d-7908c45d28ba ] Request (MigrationsAdminTest:test_list_migrations_in_flavor_resize_situation): 200 GET http://10.180.1.21/compute/v2.1/servers/4b00aa55-ae40-41f1-9fe5-4f1193c79285 2.614s
2025-12-10 05:49:12.792 65530 INFO tempest.lib.common.rest_client [req-d4a7f000-bbb1-436e-8ca2-f5afc6366bbe req-d4a7f000-bbb1-436e-8ca2-f5afc6366bbe ] Request (ServerDiagnosticsV248Test:setUpClass): 201 POST http://10.180.1.21/identity/v3/users 0.067s
2025-12-10 05:49:12.817 65530 INFO tempest.lib.common.rest_client [req-2ba46dcd-d2e2-451c-8f1a-8609025a4fa7 req-2ba46dcd-d2e2-451c-8f1a-8609025a4fa7 ] Request (ServerDiagnosticsV248Test:setUpClass): 200 GET http://10.180.1.21/identity/v3/roles 0.024s
2025-12-10 05:49:12.842 65530 INFO tempest.lib.common.rest_client [req-f87d0185-b69e-4b54-8c7c-5e90e4bb5077 req-f87d0185-b69e-4b54-8c7c-5e90e4bb5077 ] Request (ServerDiagnosticsV248Test:setUpClass): 204 PUT http://10.180.1.21/identity/v3/projects/3062670e3e744ce7ab6798be8439b3e4/users/b25c356f75334a75b24f219488cd4719/roles/90d8a63777fd4fec9eb6e232c5504521 0.025s
2025-12-10 05:49:12.875 65520 INFO tempest.lib.common.rest_client [req-0b4c925d-28e8-4df9-8f23-cb967e2a9cae req-0b4c925d-28e8-4df9-8f23-cb967e2a9cae ] Request (QuotaClassesAdmin257Test:test_update_default_quotas): 200 GET http://10.180.1.21/compute/v2.1/os-quota-class-sets/default 2.183s
2025-12-10 05:49:12.904 65524 INFO tempest.lib.common.rest_client [req-d8c75be1-60b7-405e-b0fb-a6e428ce8eee req-d8c75be1-60b7-405e-b0fb-a6e428ce8eee ] Request (ServicesAdminNegativeV253TestJSON:test_get_service_by_invalid_service_and_valid_host): 200 GET http://10.180.1.21/compute/v2.1/os-services 2.141s
2025-12-10 05:49:12.928 65530 INFO tempest.lib.common.rest_client [req-d9b672d6-c317-47fb-8403-65be70920f0d req-d9b672d6-c317-47fb-8403-65be70920f0d ] Request (ServerDiagnosticsV248Test:setUpClass): 200 GET http://10.180.1.21/identity/v3/roles 0.084s
2025-12-10 05:49:12.945 65530 INFO tempest.lib.common.rest_client [req-bed47db6-6878-44e0-af42-da63b3ce2bbf req-bed47db6-6878-44e0-af42-da63b3ce2bbf ] Request (ServerDiagnosticsV248Test:setUpClass): 204 PUT http://10.180.1.21/identity/v3/projects/3062670e3e744ce7ab6798be8439b3e4/users/b25c356f75334a75b24f219488cd4719/roles/90d8a63777fd4fec9eb6e232c5504521 0.017s
2025-12-10 05:49:12.945 65530 INFO tempest.lib.common.dynamic_creds [-] Dynamic test user b25c356f75334a75b24f219488cd4719 is created with scope project and roles: ['admin']
2025-12-10 05:49:12.945 65530 INFO tempest.lib.common.dynamic_creds [-] Acquired dynamic creds: credentials: Credentials: {'domain_id': 'default', 'domain_name': 'Default', 'username': 'tempest-ServerDiagnosticsV248Test-1688429149-project-admin', 'project_domain_id': 'default', 'project_domain_name': 'Default', 'project_id': '3062670e3e744ce7ab6798be8439b3e4', 'project_name': 'tempest-ServerDiagnosticsV248Test-1688429149', 'tenant_id': '3062670e3e744ce7ab6798be8439b3e4', 'tenant_name': 'tempest-ServerDiagnosticsV248Test-1688429149', 'user_domain_id': 'default', 'user_domain_name': 'Default', 'user_id': 'b25c356f75334a75b24f219488cd4719', 'system': None}, Network: None, Subnet: None, Router: None
2025-12-10 05:49:12.946 65530 INFO tempest.lib.common.dynamic_creds [-] Created isolated network resources for: credentials: Credentials: {'domain_id': 'default', 'domain_name': 'Default', 'username': 'tempest-ServerDiagnosticsV248Test-1688429149-project-admin', 'project_domain_id': 'default', 'project_domain_name': 'Default', 'project_id': '3062670e3e744ce7ab6798be8439b3e4', 'project_name': 'tempest-ServerDiagnosticsV248Test-1688429149', 'tenant_id': '3062670e3e744ce7ab6798be8439b3e4', 'tenant_name': 'tempest-ServerDiagnosticsV248Test-1688429149', 'user_domain_id': 'default', 'user_domain_name': 'Default', 'user_id': 'b25c356f75334a75b24f219488cd4719', 'system': None}, Network: None, Subnet: None, Router: None
2025-12-10 05:49:13.051 65530 INFO tempest.lib.common.rest_client [req-0084e968-e3d5-46ce-9fbf-c63844bfbe64 req-0084e968-e3d5-46ce-9fbf-c63844bfbe64 ] Request (ServerDiagnosticsV248Test:setUpClass): 201 POST http://10.180.1.21/identity/v3/auth/tokens 0.103s
2025-12-10 05:49:13.142 65530 INFO tempest.lib.common.rest_client [req-80a91cc7-2086-4f5e-b236-d7a69773cd8e req-80a91cc7-2086-4f5e-b236-d7a69773cd8e ] Request (ServerDiagnosticsV248Test:test_get_server_diagnostics): 201 POST http://10.180.1.21/identity/v3/auth/tokens 0.084s
2025-12-10 05:49:13.142 65530 INFO tempest.lib.common.fixed_network [-] (ServerDiagnosticsV248Test:test_get_server_diagnostics) Found network None available for tenant
2025-12-10 05:49:13.248 65486 INFO tempest.lib.common.rest_client [req-0239bf72-4ff3-4d5b-bd2a-08cdc400de45 req-0239bf72-4ff3-4d5b-bd2a-08cdc400de45 ] Request (FloatingIPDetailsTestJSON:test_list_floating_ips): 200 GET http://10.180.1.21/compute/v2.1/os-floating-ips 2.507s
2025-12-10 05:49:13.275 65532 INFO tempest.lib.common.rest_client [req-6c578eb2-cd85-49ca-8f70-de441fa93547 req-6c578eb2-cd85-49ca-8f70-de441fa93547 ] Request (ServersTestJSON:test_create_server_specify_multibyte_character_name): 404 GET http://10.180.1.21/compute/v2.1/servers/db9b6bd4-27db-41c4-9974-8a65337760f1 2.318s
2025-12-10 05:49:13.275 65532 ERROR tempest.lib.decorators [-] Hints: This test was made for the bug_type 1730756. The failure could be related to https://launchpad.net/bugs/1730756: tempest.exceptions.BuildErrorException: Server db9b6bd4-27db-41c4-9974-8a65337760f1 failed to build and is in ERROR status
2025-12-10 05:49:13.355 65532 INFO tempest.lib.common.rest_client [req-ec77d85b-e2ba-413f-97cd-6d432585859e req-ec77d85b-e2ba-413f-97cd-6d432585859e ] Request (ServersTestJSON:test_create_server_with_admin_password): 201 POST http://10.180.1.21/identity/v3/auth/tokens 0.070s
2025-12-10 05:49:13.355 65532 INFO tempest.lib.common.fixed_network [-] (ServersTestJSON:test_create_server_with_admin_password) Found network {'id': 'f3e6f904-5286-4f3d-bf03-46ab7a5f4337', 'name': 'tempest-ServersTestJSON-1561166838-network', 'tenant_id': 'b00287491a224706b9241dfa6dd4cd35', 'project_id': 'b00287491a224706b9241dfa6dd4cd35', 'admin_state_up': True, 'mtu': 8950, 'status': 'ACTIVE', 'subnets': [], 'shared': False, 'port_security_enabled': True, 'router:external': False, 'provider:network_type': 'vlan', 'provider:physical_network': 'default', 'provider:segmentation_id': 936, 'availability_zone_hints': [], 'availability_zones': [], 'ipv4_address_scope': None, 'ipv6_address_scope': None, 'description': '', 'tags': [], 'created_at': '2025-12-10T05:48:40Z', 'updated_at': '2025-12-10T05:48:40Z', 'revision_number': 1} available for tenant
2025-12-10 05:49:13.416 65488 INFO tempest.lib.common.rest_client [req-43a70c3a-2d08-449a-b406-7f1916db3408 req-43a70c3a-2d08-449a-b406-7f1916db3408 ] Request (AZV2TestJSON:test_get_availability_zone_list_with_non_admin_user): 200 GET http://10.180.1.21/compute/v2.1/os-availability-zone 2.407s
2025-12-10 05:49:13.478 65496 INFO tempest.lib.common.rest_client [req-10a2dbb6-c042-423a-a623-51fd10232260 req-10a2dbb6-c042-423a-a623-51fd10232260 ] Request (VolumesAdminNegativeTest:test_update_attached_volume_with_nonexistent_volume_in_uri): 200 GET http://10.180.1.21/compute/v2.1/servers/98f26e7f-1032-4482-a0a6-903bffdd24a6 2.630s
2025-12-10 05:49:13.479 65480 INFO tempest.lib.common.rest_client [req-7aba3685-fe14-4c35-9c38-a0514c3aa5c6 req-7aba3685-fe14-4c35-9c38-a0514c3aa5c6 ] Request (SecurityGroupRulesTestJSON:tearDownClass): 404 DELETE http://10.180.1.21/compute/v2.1/os-security-groups/b7ff7192-3904-4f34-93a1-69a85b510354 2.426s
2025-12-10 05:49:13.488 65482 INFO tempest.lib.common.rest_client [req-cd1e19f7-b5aa-49c4-9244-7496e8d4ed18 req-cd1e19f7-b5aa-49c4-9244-7496e8d4ed18 ] Request (AggregatesAdminNegativeTestJSON:test_aggregate_delete_with_invalid_id): 404 DELETE http://10.180.1.21/compute/v2.1/os-aggregates/-1 1.744s
2025-12-10 05:49:13.506 65493 WARNING tempest.lib.common.ssh [-] Failed to establish authenticated ssh connection to cirros@10.180.180.172 ([Errno None] Unable to connect to port 22 on 10.180.180.172). Number attempts: 2. Retry after 3 seconds.: paramiko.ssh_exception.NoValidConnectionsError: [Errno None] Unable to connect to port 22 on 10.180.180.172
2025-12-10 05:49:13.520 65488 INFO tempest.lib.common.rest_client [req-d55822be-9002-4aeb-a3f1-607b8e62d864 req-d55822be-9002-4aeb-a3f1-607b8e62d864 ] Request (AZV2TestJSON:tearDownClass): 204 DELETE http://10.180.1.21/identity/v3/users/bd73ff1040ac466d863317a44965ed72 0.101s
2025-12-10 05:49:13.520 65488 INFO tempest.lib.common.dynamic_creds [-] Deleting project and security group for project: 9f960e734af14bfba1da79ea880e70e0
2025-12-10 05:49:13.554 65472 INFO tempest.lib.common.rest_client [req-17c4b960-67aa-464e-baa4-a635ad382b48 req-17c4b960-67aa-464e-baa4-a635ad382b48 ] Request (FloatingIPsTestJSON:test_delete_floating_ip): 404 GET http://10.180.1.21/compute/v2.1/os-floating-ips/9bcc4dfd-abdb-40c1-9258-097f26cfbb12 1.284s
2025-12-10 05:49:13.580 65488 INFO tempest.lib.common.rest_client [req-76f3edca-2f66-4453-b285-59bcb75b10e1 req-76f3edca-2f66-4453-b285-59bcb75b10e1 ] Request (AZV2TestJSON:tearDownClass): 201 POST http://10.180.1.21/identity/v3/auth/tokens 0.059s
2025-12-10 05:49:13.612 65522 INFO tempest.lib.common.rest_client [req-b2667019-3c44-4973-b6ab-a1bc12973a77 req-b2667019-3c44-4973-b6ab-a1bc12973a77 ] Request (ListImageFiltersTestJSON:setUpClass): 200 GET http://10.180.1.21/compute/v2.1/servers/a55397fa-c404-47d4-870f-815b84c4fce5 1.152s
2025-12-10 05:49:13.624 65510 INFO tempest.lib.common.rest_client [req-b8520f5a-d564-4f93-9aea-e5cba9096192 req-b8520f5a-d564-4f93-9aea-e5cba9096192 ] Request (FlavorsAdminTestJSON:test_create_server_with_non_public_flavor): 400 POST http://10.180.1.21/compute/v2.1/servers 1.050s
2025-12-10 05:49:13.733 65478 INFO tempest.lib.common.rest_client [req-d26bca51-77a5-45fb-a794-aeddef2ab431 req-d26bca51-77a5-45fb-a794-aeddef2ab431 ] Request (FlavorsAccessNegativeTestJSON:test_remove_flavor_access_not_found): 404 POST http://10.180.1.21/compute/v2.1/flavors/517274413/action 1.122s
2025-12-10 05:49:13.778 65488 INFO tempest.lib.common.rest_client [req-6f541743-ff11-468d-8daa-51926b314c40 req-6f541743-ff11-468d-8daa-51926b314c40 ] Request (AZV2TestJSON:tearDownClass): 200 GET http://10.180.1.21/networking/v2.0/security-groups?tenant_id=9f960e734af14bfba1da79ea880e70e0&name=default 0.198s
2025-12-10 05:49:13.800 65526 INFO tempest.lib.common.rest_client [req-65b87114-1f81-4747-9785-190f3668ac20 req-65b87114-1f81-4747-9785-190f3668ac20 ] Request (DeleteServersTestJSON:test_delete_active_server): 200 GET http://10.180.1.21/compute/v2.1/servers/6fe839c0-a6da-44de-8bfe-d6e435e48e0e 1.336s
2025-12-10 05:49:13.958 65488 INFO tempest.lib.common.rest_client [req-f54ba5c6-9b61-47ec-901f-92fe7d1f1e8f req-f54ba5c6-9b61-47ec-901f-92fe7d1f1e8f ] Request (AZV2TestJSON:tearDownClass): 204 DELETE http://10.180.1.21/networking/v2.0/security-groups/3732eafc-fae1-40bd-b339-01932ddc9099 0.179s
