2025-12-10 05:51:58.750 65474 INFO tempest.lib.common.rest_client [req-a5a66809-3e6a-4f12-b333-26c33c4b64eb req-a5a66809-3e6a-4f12-b333-26c33c4b64eb ] Request (ServersNegativeTestMultiTenantJSON:tearDownClass): 200 GET http://10.180.1.21/compute/v2.1/servers/ea301dbe-ea7f-47e0-8d05-f2bf8f8fff8a 1.746s
2025-12-10 05:51:58.761 65490 INFO tempest.lib.common.rest_client [req-5a04b00a-ca6e-4766-adc9-dbd4af40ff66 req-5a04b00a-ca6e-4766-adc9-dbd4af40ff66 ] Request (ListServersNegativeTestJSON:setUpClass): 200 GET http://10.180.1.21/compute/v2.1/servers/5b8e6142-ac83-4feb-a05f-cb5718b833a5 1.531s
2025-12-10 05:51:58.772 65490 INFO tempest.common.waiters [-] State transition "BUILD/scheduling" ==> "BUILD/None" after 25 second wait
2025-12-10 05:51:58.824 65534 INFO tempest.lib.common.rest_client [req-81d8e525-e833-4d7f-bdd7-b6ef183d46cb req-81d8e525-e833-4d7f-bdd7-b6ef183d46cb ] Request (FloatingIPsAssociationNegativeTestJSON:tearDownClass): 200 PUT http://10.180.1.21/networking/v2.0/routers/067ec1e1-fb76-4095-b01f-9202eec20154/remove_router_interface 0.888s
2025-12-10 05:51:58.844 65496 INFO tempest.lib.common.rest_client [req-7af54944-d846-400f-84dc-3ca0e51d6aef req-7af54944-d846-400f-84dc-3ca0e51d6aef ] Request (ServerActionsTestJSON:test_lock_unlock_server): 202 POST http://10.180.1.21/compute/v2.1/servers/4548cbb4-433e-4554-87fc-aaad0844c15d/action 1.510s
2025-12-10 05:51:58.909 65488 INFO tempest.lib.common.rest_client [req-abdb49c8-1234-41eb-9f36-0e1ff760eb7f req-abdb49c8-1234-41eb-9f36-0e1ff760eb7f ] Request (ServerActionsTestOtherA:test_rebuild_server_in_stop_state): 200 GET http://10.180.1.21/compute/v2.1/servers/3bebc9e9-13d9-423e-92da-786fa7009da0 1.600s
2025-12-10 05:51:58.918 65488 INFO tempest.common.waiters [-] State transition "ACTIVE/None" ==> "SHUTOFF/None" after 11 second wait
2025-12-10 05:51:59.019 65532 INFO tempest.lib.common.rest_client [req-89f0276b-b58b-486a-a84b-e2f2ce912de6 req-89f0276b-b58b-486a-a84b-e2f2ce912de6 ] Request (ServersTestJSON:test_create_specify_keypair): 200 GET http://10.180.1.21/compute/v2.1/servers/53224aff-d468-42e4-b4ca-a3b80cc26ea2 1.659s
2025-12-10 05:51:59.056 65506 INFO tempest.lib.common.rest_client [req-9ec25ab5-1af4-4375-9846-0a726efb375b req-9ec25ab5-1af4-4375-9846-0a726efb375b ] Request (ServersTestManualDisk:setUpClass): 200 POST http://10.180.1.21/compute/v2.1/os-keypairs 1.046s
2025-12-10 05:51:59.196 65506 INFO tempest.lib.common.rest_client [req-5196155f-072f-42e7-b37c-7147faf7e2e8 req-5196155f-072f-42e7-b37c-7147faf7e2e8 ] Request (ServersTestManualDisk:setUpClass): 201 POST http://10.180.1.21/networking/v2.0/security-groups 0.138s
2025-12-10 05:51:59.220 65526 INFO tempest.lib.common.rest_client [req-effb090f-ea74-40ea-88ff-30f87d49daa0 req-effb090f-ea74-40ea-88ff-30f87d49daa0 ] Request (DeleteServersTestJSON:test_delete_server_while_in_shelved_state): 200 GET http://10.180.1.21/compute/v2.1/servers/ab651346-4d7a-48d9-b807-691a7897df2e 1.205s
2025-12-10 05:51:59.314 65534 INFO tempest.lib.common.rest_client [req-aaf51125-ca8f-4413-a2d1-e6a63ad2b323 req-aaf51125-ca8f-4413-a2d1-e6a63ad2b323 ] Request (FloatingIPsAssociationNegativeTestJSON:tearDownClass): 204 DELETE http://10.180.1.21/networking/v2.0/routers/067ec1e1-fb76-4095-b01f-9202eec20154 0.489s
2025-12-10 05:51:59.345 65506 INFO tempest.lib.common.rest_client [req-8ed0e330-c8ad-4657-bcae-9300b4def9a1 req-8ed0e330-c8ad-4657-bcae-9300b4def9a1 ] Request (ServersTestManualDisk:setUpClass): 201 POST http://10.180.1.21/networking/v2.0/security-group-rules 0.148s
2025-12-10 05:51:59.359 65508 INFO tempest.lib.common.rest_client [req-cbb75aaf-2a4e-4572-84ff-4d570522d683 req-cbb75aaf-2a4e-4572-84ff-4d570522d683 ] Request (InstanceActionsNegativeTestJSON:setUpClass): 200 GET http://10.180.1.21/compute/v2.1/servers/ce35a4bf-1fcd-40d8-a72a-1b7d157953cc 1.319s
2025-12-10 05:51:59.380 65476 INFO tempest.lib.common.rest_client [req-a3499502-3c0b-460d-9ae0-e61912155c27 req-a3499502-3c0b-460d-9ae0-e61912155c27 ] Request (ImagesOneServerNegativeTestJSON:_run_cleanups): 200 GET http://10.180.1.21/compute/v2.1/servers/786cc082-6586-4288-aa5a-f5951266fe95 1.299s
2025-12-10 05:51:59.531 65534 INFO tempest.lib.common.rest_client [req-4430027c-cace-4889-aa4f-f908aa34d669 req-4430027c-cace-4889-aa4f-f908aa34d669 ] Request (FloatingIPsAssociationNegativeTestJSON:tearDownClass): 204 DELETE http://10.180.1.21/networking/v2.0/subnets/aa21345b-843c-4123-beb6-ae54f4416fcf 0.217s
2025-12-10 05:51:59.536 65506 INFO tempest.lib.common.rest_client [req-65cbcab4-7b96-47e0-ae08-f21e61fc600e req-65cbcab4-7b96-47e0-ae08-f21e61fc600e ] Request (ServersTestManualDisk:setUpClass): 201 POST http://10.180.1.21/networking/v2.0/security-group-rules 0.191s
2025-12-10 05:51:59.559 65522 INFO tempest.lib.common.rest_client [req-c0e74ad5-cfd7-42ad-bcda-7c935d3450c0 req-c0e74ad5-cfd7-42ad-bcda-7c935d3450c0 ] Request (ListImageFiltersTestJSON:tearDownClass): 200 GET http://10.180.1.21/compute/v2.1/servers/a55397fa-c404-47d4-870f-815b84c4fce5 1.423s
2025-12-10 05:51:59.821 65534 INFO tempest.lib.common.rest_client [req-c3b21889-83f9-40a8-871a-4225da77eda8 req-c3b21889-83f9-40a8-871a-4225da77eda8 ] Request (FloatingIPsAssociationNegativeTestJSON:tearDownClass): 204 DELETE http://10.180.1.21/networking/v2.0/networks/e665299f-a76d-4e81-9439-1bf2760ee262 0.289s
2025-12-10 05:51:59.849 65478 INFO tempest.lib.common.rest_client [req-fe14f67b-074c-4f5d-94e5-5c5c611fddbe req-fe14f67b-074c-4f5d-94e5-5c5c611fddbe ] Request (ServersTestJSON:test_list_servers_with_detail): 200 GET http://10.180.1.21/compute/v2.1/servers/detail 1.260s
2025-12-10 05:51:59.944 65534 INFO tempest.lib.common.rest_client [req-c9d7befa-2ac7-439f-842e-73474714ae23 req-c9d7befa-2ac7-439f-842e-73474714ae23 ] Request (FloatingIPsAssociationNegativeTestJSON:tearDownClass): 204 DELETE http://10.180.1.21/identity/v3/users/887ccf1caf9c4262a3832db94eeb9743 0.122s
2025-12-10 05:51:59.944 65534 INFO tempest.lib.common.dynamic_creds [-] Deleting project and security group for project: 754d2fcecd254195b2c9e5bae28b848f
2025-12-10 05:52:00.021 65534 INFO tempest.lib.common.rest_client [req-f6be8958-7144-4d96-bac8-ea31e9ba3476 req-f6be8958-7144-4d96-bac8-ea31e9ba3476 ] Request (FloatingIPsAssociationNegativeTestJSON:tearDownClass): 200 GET http://10.180.1.21/networking/v2.0/security-groups?tenant_id=754d2fcecd254195b2c9e5bae28b848f&name=default 0.076s
2025-12-10 05:52:00.055 65496 INFO tempest.lib.common.rest_client [req-a62e8d55-e5e5-4952-9aa3-d546df75c043 req-a62e8d55-e5e5-4952-9aa3-d546df75c043 ] Request (ServerActionsTestJSON:test_lock_unlock_server): 200 GET http://10.180.1.21/compute/v2.1/servers/4548cbb4-433e-4554-87fc-aaad0844c15d 1.211s
2025-12-10 05:52:00.074 65506 INFO tempest.lib.common.rest_client [req-5edcc682-a1bc-45b9-a40b-46a29c688131 req-5edcc682-a1bc-45b9-a40b-46a29c688131 ] Request (ServersTestManualDisk:setUpClass): 201 POST http://10.180.1.21/networking/v2.0/floatingips 0.536s
2025-12-10 05:52:00.128 65530 INFO tempest.lib.common.rest_client [req-64e2da4b-8f9b-424a-8e2d-5cc6b2ac8808 req-64e2da4b-8f9b-424a-8e2d-5cc6b2ac8808 ] Request (ImagesOneServerTestJSON:test_create_delete_image): 202 POST http://10.180.1.21/compute/v2.1/servers/d87db598-7b8a-4973-8b21-7e4025898cf9/action 1.416s
2025-12-10 05:52:00.161 65534 INFO tempest.lib.common.rest_client [req-e26652f9-1ec9-4671-9799-ccf1ca3e1279 req-e26652f9-1ec9-4671-9799-ccf1ca3e1279 ] Request (FloatingIPsAssociationNegativeTestJSON:tearDownClass): 204 DELETE http://10.180.1.21/networking/v2.0/security-groups/a4d93f67-f79d-41a0-ae1c-53675c92dc06 0.140s
2025-12-10 05:52:00.169 65488 INFO tempest.lib.common.rest_client [req-5ed2046e-22cd-4791-8b32-1e6b53b04fb2 req-5ed2046e-22cd-4791-8b32-1e6b53b04fb2 ] Request (ServerActionsTestOtherA:test_rebuild_server_in_stop_state): 200 GET http://10.180.1.21/compute/v2.1/servers/3bebc9e9-13d9-423e-92da-786fa7009da0 1.251s
2025-12-10 05:52:00.170 65506 INFO tempest.lib.common.rest_client [req-b5c33726-33c1-48b5-a975-34757f3c55c2 req-b5c33726-33c1-48b5-a975-34757f3c55c2 ] Request (ServersTestManualDisk:setUpClass): 201 POST http://10.180.1.21/identity/v3/auth/tokens 0.092s
2025-12-10 05:52:00.171 65506 INFO tempest.lib.common.fixed_network [-] (ServersTestManualDisk:setUpClass) Found network {'id': '6c55d742-dd43-43ec-b413-bb1e33ee8111', 'name': 'tempest-ServersTestManualDisk-1502654505-network', 'tenant_id': 'a114742a31744cfebdf0d4cedb518ec9', 'project_id': 'a114742a31744cfebdf0d4cedb518ec9', 'admin_state_up': True, 'mtu': 8950, 'status': 'ACTIVE', 'subnets': [], 'shared': False, 'port_security_enabled': True, 'router:external': False, 'provider:network_type': 'vlan', 'provider:physical_network': 'default', 'provider:segmentation_id': 403, 'availability_zone_hints': [], 'availability_zones': [], 'ipv4_address_scope': None, 'ipv6_address_scope': None, 'description': '', 'tags': [], 'created_at': '2025-12-10T05:51:55Z', 'updated_at': '2025-12-10T05:51:55Z', 'revision_number': 1} available for tenant
2025-12-10 05:52:00.203 65480 INFO tempest.lib.common.rest_client [req-a64e37ed-294f-4577-bebf-ae2e0f7f10b0 req-a64e37ed-294f-4577-bebf-ae2e0f7f10b0 ] Request (AttachVolumeTestJSON:test_attach_detach_volume): 200 GET http://10.180.1.21/compute/v2.1/servers/ddecb7d6-69eb-44e5-ab30-5cb58f973828 1.281s
2025-12-10 05:52:00.263 65504 INFO tempest.lib.common.rest_client [req-ad38e04f-7ece-48de-8a02-791d43b89f7a req-ad38e04f-7ece-48de-8a02-791d43b89f7a ] Request (ImagesTestJSON:test_create_server_from_snapshot): 200 GET http://10.180.1.21/compute/v2.1/servers/ad6cb9ca-7da5-4a33-b2e8-1b8c399412f7 1.267s
2025-12-10 05:52:00.289 65534 INFO tempest.lib.common.rest_client [req-0b6f4cd7-ed8f-4fb4-b996-e1c0fc203f3f req-0b6f4cd7-ed8f-4fb4-b996-e1c0fc203f3f ] Request (FloatingIPsAssociationNegativeTestJSON:tearDownClass): 204 DELETE http://10.180.1.21/identity/v3/projects/754d2fcecd254195b2c9e5bae28b848f 0.127s
2025-12-10 05:52:00.330 65512 INFO tempest.lib.common.rest_client [req-1213f7db-abd7-4fa0-96f3-05cf9555eff9 req-1213f7db-abd7-4fa0-96f3-05cf9555eff9 ] Request (MigrationsAdminTest:test_resize_server_revert_deleted_flavor): 200 GET http://10.180.1.21/compute/v2.1/servers/b8c17546-b117-41c8-bd56-9d4f179e9908 1.383s
2025-12-10 05:52:00.361 65524 INFO tempest.lib.common.rest_client [req-c9e686b2-3fbf-49d3-8a6f-b7acbd156e6b req-c9e686b2-3fbf-49d3-8a6f-b7acbd156e6b ] Request (MultipleCreateTestJSON:_run_cleanups): 404 GET http://10.180.1.21/compute/v2.1/servers/ba4c89df-1b6b-4d8a-a386-37d03f92f886 1.327s
2025-12-10 05:52:00.383 65534 INFO tempest.lib.common.rest_client [req-d09c1d31-09eb-4644-8409-f7fd1437ebd4 req-d09c1d31-09eb-4644-8409-f7fd1437ebd4 ] Request (KeyPairsV2TestJSON:setUpClass): 201 POST http://10.180.1.21/identity/v3/auth/tokens 0.091s
2025-12-10 05:52:00.383 65532 INFO tempest.lib.common.rest_client [req-3427185d-07a8-4318-870a-59cd182cb46f req-3427185d-07a8-4318-870a-59cd182cb46f ] Request (ServersTestJSON:_run_cleanups): 204 DELETE http://10.180.1.21/compute/v2.1/servers/53224aff-d468-42e4-b4ca-a3b80cc26ea2 1.353s
2025-12-10 05:52:00.435 65534 INFO tempest.lib.common.rest_client [req-092b87eb-ecc8-49cc-ae42-1689c23f0191 req-092b87eb-ecc8-49cc-ae42-1689c23f0191 ] Request (KeyPairsV2TestJSON:setUpClass): 201 POST http://10.180.1.21/identity/v3/auth/tokens 0.048s
2025-12-10 05:52:00.446 65498 INFO tempest.lib.common.rest_client [req-bc02e589-d515-4a17-86ba-8aa7f387c00f req-bc02e589-d515-4a17-86ba-8aa7f387c00f ] Request (SecurityGroupsTestJSON:test_server_security_groups): 200 GET http://10.180.1.21/compute/v2.1/servers/30b9a567-4bc0-49af-8d95-d3c064a65678 1.361s
2025-12-10 05:52:00.475 65534 INFO tempest.lib.common.rest_client [req-a632318b-73d6-4cf7-ab1e-e8306c3caa9e req-a632318b-73d6-4cf7-ab1e-e8306c3caa9e ] Request (KeyPairsV2TestJSON:setUpClass): 200 GET http://10.180.1.21/identity/v3/domains?name=Default 0.040s
2025-12-10 05:52:00.498 65514 INFO tempest.lib.common.rest_client [req-c176cff7-a403-4d9e-88a4-5ba29bc0ced1 req-c176cff7-a403-4d9e-88a4-5ba29bc0ced1 ] Request (ServersAdminTestJSON:tearDownClass): 200 GET http://10.180.1.21/compute/v2.1/servers/2d035611-3362-49e8-bb2b-1dc671a29975 1.359s
2025-12-10 05:52:00.520 65534 INFO tempest.lib.common.rest_client [req-0b9b510f-479c-4b1d-875d-e37b3ef80b9b req-0b9b510f-479c-4b1d-875d-e37b3ef80b9b ] Request (KeyPairsV2TestJSON:setUpClass): 201 POST http://10.180.1.21/identity/v3/projects 0.044s
2025-12-10 05:52:00.522 65484 INFO tempest.lib.common.rest_client [req-fa3daacc-4e41-4d11-b6aa-73039cb9c255 req-fa3daacc-4e41-4d11-b6aa-73039cb9c255 ] Request (AttachVolumeNegativeTest:test_attach_attached_volume_to_different_server): 200 GET http://10.180.1.21/compute/v2.1/servers/e0b8f0a5-975c-43a8-8e49-8a6afbb826c5 1.228s
2025-12-10 05:52:00.575 65503 INFO tempest.lib.common.rest_client [req-aa73cf54-108a-4e5a-8027-e641aff89cb4 req-aa73cf54-108a-4e5a-8027-e641aff89cb4 ] Request (ServerActionsTestOtherB:setUpClass): 200 GET http://10.180.1.21/compute/v2.1/servers/238cdbfd-f19a-431b-af90-54f4530678e2 1.205s
2025-12-10 05:52:00.583 65503 INFO tempest.common.waiters [-] State transition "BUILD/scheduling" ==> "BUILD/None" after 26 second wait
2025-12-10 05:52:00.591 65534 INFO tempest.lib.common.rest_client [req-e8a0dbce-54cb-4f9f-9f5c-5694564cecaf req-e8a0dbce-54cb-4f9f-9f5c-5694564cecaf ] Request (KeyPairsV2TestJSON:setUpClass): 201 POST http://10.180.1.21/identity/v3/users 0.070s
2025-12-10 05:52:00.615 65534 INFO tempest.lib.common.rest_client [req-864dbc0d-4544-4456-a0a1-640b86b328b2 req-864dbc0d-4544-4456-a0a1-640b86b328b2 ] Request (KeyPairsV2TestJSON:setUpClass): 200 GET http://10.180.1.21/identity/v3/roles 0.023s
2025-12-10 05:52:00.646 65534 INFO tempest.lib.common.rest_client [req-9ae88302-abe5-46b2-b6e7-58a90c696a79 req-9ae88302-abe5-46b2-b6e7-58a90c696a79 ] Request (KeyPairsV2TestJSON:setUpClass): 204 PUT http://10.180.1.21/identity/v3/projects/c01efd70e92e438da664c2f4b8ccd69b/users/aabe005f9a1a44e8bdcbc3f42621d4f2/roles/bab71419bb5145168e8e839991e3a230 0.031s
2025-12-10 05:52:00.645 65510 INFO tempest.lib.common.rest_client [req-d417edad-dba4-4673-b47e-a5b8dbb7663a req-d417edad-dba4-4673-b47e-a5b8dbb7663a ] Request (InstanceActionsV221TestJSON:test_get_list_deleted_instance_actions): 200 GET http://10.180.1.21/compute/v2.1/servers/255c3e22-246d-4e24-ab9e-d8d71e028228 1.225s
2025-12-10 05:52:00.646 65534 INFO tempest.lib.common.dynamic_creds [-] Dynamic test user aabe005f9a1a44e8bdcbc3f42621d4f2 is created with scope project and roles: ['member']
2025-12-10 05:52:00.646 65534 INFO tempest.lib.common.dynamic_creds [-] Acquired dynamic creds: credentials: Credentials: {'domain_id': 'default', 'domain_name': 'Default', 'username': 'tempest-KeyPairsV2TestJSON-620205332-project-member', 'project_domain_id': 'default', 'project_domain_name': 'Default', 'project_id': 'c01efd70e92e438da664c2f4b8ccd69b', 'project_name': 'tempest-KeyPairsV2TestJSON-620205332', 'tenant_id': 'c01efd70e92e438da664c2f4b8ccd69b', 'tenant_name': 'tempest-KeyPairsV2TestJSON-620205332', 'user_domain_id': 'default', 'user_domain_name': 'Default', 'user_id': 'aabe005f9a1a44e8bdcbc3f42621d4f2', 'system': None}, Network: None, Subnet: None, Router: None
2025-12-10 05:52:00.647 65534 INFO tempest.lib.common.dynamic_creds [-] Created isolated network resources for: credentials: Credentials: {'domain_id': 'default', 'domain_name': 'Default', 'username': 'tempest-KeyPairsV2TestJSON-620205332-project-member', 'project_domain_id': 'default', 'project_domain_name': 'Default', 'project_id': 'c01efd70e92e438da664c2f4b8ccd69b', 'project_name': 'tempest-KeyPairsV2TestJSON-620205332', 'tenant_id': 'c01efd70e92e438da664c2f4b8ccd69b', 'tenant_name': 'tempest-KeyPairsV2TestJSON-620205332', 'user_domain_id': 'default', 'user_domain_name': 'Default', 'user_id': 'aabe005f9a1a44e8bdcbc3f42621d4f2', 'system': None}, Network: None, Subnet: None, Router: None
2025-12-10 05:52:00.659 65493 INFO tempest.lib.common.rest_client [req-27ced1c1-77fc-476f-8a1c-a9c04b28ae59 req-27ced1c1-77fc-476f-8a1c-a9c04b28ae59 ] Request (DeleteServersAdminTestJSON:test_admin_delete_servers_of_others): 200 GET http://10.180.1.21/compute/v2.1/servers/fe944428-9e58-42f3-956c-f0ccabf442cb 1.337s
2025-12-10 05:52:00.707 65518 INFO tempest.lib.common.rest_client [req-42b50929-33f8-4d97-aef4-e6cc93196732 req-42b50929-33f8-4d97-aef4-e6cc93196732 ] Request (ListServerFiltersTestJSON:tearDownClass): 200 GET http://10.180.1.21/compute/v2.1/servers/5551cef7-d5e5-47bc-8a83-183be71ac6d8 1.240s
2025-12-10 05:52:00.711 65500 INFO tempest.lib.common.rest_client [req-0e54ed74-22b1-4edd-ab43-25c33a6ff442 req-0e54ed74-22b1-4edd-ab43-25c33a6ff442 ] Request (ServersTestMultiNic:test_verify_duplicate_network_nics): 200 GET http://10.180.1.21/compute/v2.1/servers/76ab5487-d5ef-4dec-a823-c9660f5498da 1.223s
2025-12-10 05:52:00.728 65534 INFO tempest.lib.common.rest_client [req-963323ef-dbc6-426b-895b-89bfee389ab8 req-963323ef-dbc6-426b-895b-89bfee389ab8 ] Request (KeyPairsV2TestJSON:setUpClass): 201 POST http://10.180.1.21/identity/v3/auth/tokens 0.078s
2025-12-10 05:52:00.757 65516 INFO tempest.lib.common.rest_client [req-de6159da-658e-41cc-bbd5-f72558c8492a req-de6159da-658e-41cc-bbd5-f72558c8492a ] Request (AttachInterfacesTestJSON:test_create_list_show_delete_interfaces_by_fixed_ip): 200 GET http://10.180.1.21/compute/v2.1/servers/d6adc92d-c49e-49e4-bf44-2f28b0a73f2b 1.228s
2025-12-10 05:52:00.769 65474 INFO tempest.lib.common.rest_client [req-b49fb44b-28cc-4ea4-8558-be8994e27e07 req-b49fb44b-28cc-4ea4-8558-be8994e27e07 ] Request (ServersNegativeTestMultiTenantJSON:tearDownClass): 200 GET http://10.180.1.21/compute/v2.1/servers/ea301dbe-ea7f-47e0-8d05-f2bf8f8fff8a 1.007s
2025-12-10 05:52:00.783 65478 INFO tempest.lib.common.rest_client [req-27e77d7d-01ab-4c52-b2c9-c319a2b7c1ff req-27e77d7d-01ab-4c52-b2c9-c319a2b7c1ff ] Request (ServersTestJSON:test_verify_created_server_vcpus): 200 GET http://10.180.1.21/compute/v2.1/flavors/42 0.919s
2025-12-10 05:52:00.786 65478 INFO tempest.lib.common.ssh [-] Creating ssh connection to '10.180.180.251:22' as 'cirros' with public key authentication
2025-12-10 05:52:00.797 65478 INFO paramiko.transport [-] Connected (version 2.0, client dropbear_2020.81)
2025-12-10 05:52:00.804 65496 INFO tempest.lib.common.rest_client [req-7ad817ff-af9f-429c-a4d3-f7765a021833 req-7ad817ff-af9f-429c-a4d3-f7765a021833 ] Request (ServerActionsTestJSON:test_lock_unlock_server): 409 POST http://10.180.1.21/compute/v2.1/servers/4548cbb4-433e-4554-87fc-aaad0844c15d/action 0.741s
2025-12-10 05:52:00.808 65490 INFO tempest.lib.common.rest_client [req-43cb8c2a-59cb-4836-95ca-79747ff65dcb req-43cb8c2a-59cb-4836-95ca-79747ff65dcb ] Request (ListServersNegativeTestJSON:setUpClass): 200 GET http://10.180.1.21/compute/v2.1/servers/5b8e6142-ac83-4feb-a05f-cb5718b833a5 1.034s
2025-12-10 05:52:00.840 65530 INFO tempest.lib.common.rest_client [req-a868ee94-c0a6-4759-b035-9c0e5e3821db req-a868ee94-c0a6-4759-b035-9c0e5e3821db ] Request (ImagesOneServerTestJSON:test_create_delete_image): 200 GET http://10.180.1.21/compute/v2.1/images/39f698e4-123e-4f63-8766-a0a957046903 0.710s
2025-12-10 05:52:00.895 65478 INFO paramiko.transport [-] Authentication (publickey) successful!
2025-12-10 05:52:00.895 65478 INFO tempest.lib.common.ssh [-] ssh connection to cirros@10.180.180.251 successfully created
2025-12-10 05:52:00.937 65488 INFO tempest.lib.common.rest_client [req-c2bb6b12-887c-454f-8c94-f17d307a1449 req-c2bb6b12-887c-454f-8c94-f17d307a1449 ] Request (ServerActionsTestOtherA:tearDown): 200 GET http://10.180.1.21/compute/v2.1/servers/a462e854-5f46-4012-863d-98ae3c9dd5e9 0.758s
2025-12-10 05:52:00.988 65526 INFO tempest.lib.common.rest_client [req-9696f8b5-e9ed-4dd6-9d8b-5a536942991e req-9696f8b5-e9ed-4dd6-9d8b-5a536942991e ] Request (DeleteServersTestJSON:test_delete_server_while_in_shelved_state): 200 GET http://10.180.1.21/compute/v2.1/servers/ab651346-4d7a-48d9-b807-691a7897df2e 0.759s
2025-12-10 05:52:01.019 65482 INFO paramiko.transport [-] Connected (version 2.0, client dropbear_2020.81)
2025-12-10 05:52:01.043 65524 INFO tempest.lib.common.rest_client [req-aded07da-e4cf-4a9b-9566-055507016c7b req-aded07da-e4cf-4a9b-9566-055507016c7b ] Request (MultipleCreateTestJSON:_run_cleanups): 200 GET http://10.180.1.21/compute/v2.1/servers/34f1fc95-e53a-4ee3-97f3-603a5fa50972 0.682s
2025-12-10 05:52:01.085 65482 INFO paramiko.transport [-] Authentication (publickey) successful!
2025-12-10 05:52:01.086 65482 INFO tempest.lib.common.ssh [-] ssh connection to cirros@10.180.180.203 successfully created
2025-12-10 05:52:01.165 65506 INFO tempest.lib.common.rest_client [req-e9d53574-e483-4b4a-b648-5c624e1f321c req-e9d53574-e483-4b4a-b648-5c624e1f321c ] Request (ServersTestManualDisk:setUpClass): 202 POST http://10.180.1.21/compute/v2.1/servers 0.994s
2025-12-10 05:52:01.175 65508 INFO tempest.lib.common.rest_client [req-7d3945fe-a8d5-488e-9bdd-706ee097b95e req-7d3945fe-a8d5-488e-9bdd-706ee097b95e ] Request (InstanceActionsNegativeTestJSON:setUpClass): 200 GET http://10.180.1.21/compute/v2.1/servers/ce35a4bf-1fcd-40d8-a72a-1b7d157953cc 0.798s
2025-12-10 05:52:01.239 65476 INFO tempest.lib.common.rest_client [req-37347439-9c8e-408f-a061-50bb58e85dcf req-37347439-9c8e-408f-a061-50bb58e85dcf ] Request (ImagesOneServerNegativeTestJSON:_run_cleanups): 200 GET http://10.180.1.21/compute/v2.1/servers/786cc082-6586-4288-aa5a-f5951266fe95 0.850s
2025-12-10 05:52:01.270 65532 INFO tempest.lib.common.rest_client [req-661f4384-f978-4a94-8178-85870cf5d12d req-661f4384-f978-4a94-8178-85870cf5d12d ] Request (ServersTestJSON:_run_cleanups): 200 GET http://10.180.1.21/compute/v2.1/servers/53224aff-d468-42e4-b4ca-a3b80cc26ea2 0.887s
2025-12-10 05:52:01.316 65522 INFO tempest.lib.common.rest_client [req-061221db-f4aa-46a9-b529-f013ab426d45 req-061221db-f4aa-46a9-b529-f013ab426d45 ] Request (ListImageFiltersTestJSON:tearDownClass): 200 GET http://10.180.1.21/compute/v2.1/servers/a55397fa-c404-47d4-870f-815b84c4fce5 0.747s
2025-12-10 05:52:01.399 65496 INFO tempest.lib.common.rest_client [req-5258437e-fd24-4440-9cc2-8cca440a2f6f req-5258437e-fd24-4440-9cc2-8cca440a2f6f ] Request (ServerActionsTestJSON:test_lock_unlock_server): 202 POST http://10.180.1.21/compute/v2.1/servers/4548cbb4-433e-4554-87fc-aaad0844c15d/action 0.594s
2025-12-10 05:52:01.419 65534 INFO tempest.lib.common.rest_client [req-6044a7c6-9188-428b-9d0c-fb01ffba990c req-6044a7c6-9188-428b-9d0c-fb01ffba990c ] Request (KeyPairsV2TestJSON:test_get_keypair_detail): 200 POST http://10.180.1.21/compute/v2.1/os-keypairs 0.688s
2025-12-10 05:52:01.480 65478 INFO tempest.lib.common.rest_client [req-fd5ac837-4d99-466c-803c-03df56684c3d req-fd5ac837-4d99-466c-803c-03df56684c3d ] Request (ServersTestJSON:tearDownClass): 204 DELETE http://10.180.1.21/compute/v2.1/servers/82a96005-0743-4d92-98c0-6d74c98bf9da 0.574s
2025-12-10 05:52:01.488 65488 INFO tempest.lib.common.rest_client [req-1f31902d-f224-4085-af8a-493ccab84846 req-1f31902d-f224-4085-af8a-493ccab84846 ] Request (ServerActionsTestOtherA:_run_cleanups): 204 DELETE http://10.180.1.21/compute/v2.1/servers/3bebc9e9-13d9-423e-92da-786fa7009da0 0.544s
2025-12-10 05:52:01.530 65506 INFO tempest.lib.common.rest_client [req-c77ad43b-9ba0-4505-bd89-21d8fd857cb7 req-c77ad43b-9ba0-4505-bd89-21d8fd857cb7 ] Request (ServersTestManualDisk:setUpClass): 200 GET http://10.180.1.21/compute/v2.1/servers/8d1ae715-2297-4cd4-a3d5-bd96dfd7ac97 0.363s
2025-12-10 05:52:01.554 65482 INFO tempest.lib.common.rest_client [req-42d41854-60cd-4de9-8a16-809c4b1a86e5 req-42d41854-60cd-4de9-8a16-809c4b1a86e5 ] Request (ServersWithSpecificFlavorTestJSON:test_verify_created_server_ephemeral_disk): 204 DELETE http://10.180.1.21/compute/v2.1/servers/a122a35a-7636-4c15-ac73-98d78f9f9c65 0.461s
2025-12-10 05:52:01.594 65480 INFO tempest.lib.common.rest_client [req-68654e53-6536-41c2-a756-dc7203385250 req-68654e53-6536-41c2-a756-dc7203385250 ] Request (AttachVolumeTestJSON:test_attach_detach_volume): 200 GET http://10.180.1.21/compute/v2.1/servers/ddecb7d6-69eb-44e5-ab30-5cb58f973828 0.382s
2025-12-10 05:52:01.618 65504 INFO tempest.lib.common.rest_client [req-2d616bca-ace4-4b13-aef5-f95089740f7a req-2d616bca-ace4-4b13-aef5-f95089740f7a ] Request (ImagesTestJSON:test_create_server_from_snapshot): 200 GET http://10.180.1.21/compute/v2.1/servers/ad6cb9ca-7da5-4a33-b2e8-1b8c399412f7 0.345s
2025-12-10 05:52:01.638 65482 INFO tempest.lib.common.rest_client [req-315cbf5a-2260-45a5-a5de-d0f4f2bd568e req-315cbf5a-2260-45a5-a5de-d0f4f2bd568e ] Request (ServersWithSpecificFlavorTestJSON:test_verify_created_server_ephemeral_disk): 201 POST http://10.180.1.21/identity/v3/auth/tokens 0.081s
2025-12-10 05:52:01.638 65482 INFO tempest.lib.common.fixed_network [-] (ServersWithSpecificFlavorTestJSON:test_verify_created_server_ephemeral_disk) Found network {'id': '83e8c375-1518-42f6-97a8-4515b93654c5', 'name': 'tempest-ServersWithSpecificFlavorTestJSON-2110702272-network', 'tenant_id': '15719362cd72427395eb2c2feda438f1', 'project_id': '15719362cd72427395eb2c2feda438f1', 'admin_state_up': True, 'mtu': 8950, 'status': 'ACTIVE', 'subnets': [], 'shared': False, 'port_security_enabled': True, 'router:external': False, 'provider:network_type': 'vlan', 'provider:physical_network': 'default', 'provider:segmentation_id': 82, 'availability_zone_hints': [], 'availability_zones': [], 'ipv4_address_scope': None, 'ipv6_address_scope': None, 'description': '', 'tags': [], 'created_at': '2025-12-10T05:49:53Z', 'updated_at': '2025-12-10T05:49:53Z', 'revision_number': 1} available for tenant
2025-12-10 05:52:01.688 65496 INFO tempest.lib.common.rest_client [req-e46246a3-f2e0-46d3-8a19-97c49018b518 req-e46246a3-f2e0-46d3-8a19-97c49018b518 ] Request (ServerActionsTestJSON:test_lock_unlock_server): 202 POST http://10.180.1.21/compute/v2.1/servers/4548cbb4-433e-4554-87fc-aaad0844c15d/action 0.289s
2025-12-10 05:52:01.701 65534 INFO tempest.lib.common.rest_client [req-1a5f2ad9-a359-4d3c-b9cb-7d2b18dfd912 req-1a5f2ad9-a359-4d3c-b9cb-7d2b18dfd912 ] Request (KeyPairsV2TestJSON:test_get_keypair_detail): 200 GET http://10.180.1.21/compute/v2.1/os-keypairs/tempest-keypair-715332504 0.280s
2025-12-10 05:52:01.757 65512 INFO tempest.lib.common.rest_client [req-853f2e3c-b4fd-431f-9bc1-0b5d9af27f37 req-853f2e3c-b4fd-431f-9bc1-0b5d9af27f37 ] Request (MigrationsAdminTest:test_resize_server_revert_deleted_flavor): 200 GET http://10.180.1.21/compute/v2.1/servers/b8c17546-b117-41c8-bd56-9d4f179e9908 0.418s
2025-12-10 05:52:01.767 65498 INFO tempest.lib.common.rest_client [req-2ff97979-e516-4271-9999-9cf2aa321023 req-2ff97979-e516-4271-9999-9cf2aa321023 ] Request (SecurityGroupsTestJSON:test_server_security_groups): 200 GET http://10.180.1.21/compute/v2.1/servers/30b9a567-4bc0-49af-8d95-d3c064a65678 0.309s
2025-12-10 05:52:01.921 65488 INFO tempest.lib.common.rest_client [req-32896247-c1cf-443d-be9b-5b3b11e6654a req-32896247-c1cf-443d-be9b-5b3b11e6654a ] Request (ServerActionsTestOtherA:_run_cleanups): 200 GET http://10.180.1.21/compute/v2.1/servers/3bebc9e9-13d9-423e-92da-786fa7009da0 0.432s
2025-12-10 05:52:01.944 65478 INFO tempest.lib.common.rest_client [req-919ae14b-7978-424e-92fb-00a5d1b04251 req-919ae14b-7978-424e-92fb-00a5d1b04251 ] Request (ServersTestJSON:tearDownClass): 200 GET http://10.180.1.21/compute/v2.1/servers/82a96005-0743-4d92-98c0-6d74c98bf9da 0.463s
2025-12-10 05:52:01.993 65514 INFO tempest.lib.common.rest_client [req-b096a91f-e481-4ca2-b210-b81aa4bc5371 req-b096a91f-e481-4ca2-b210-b81aa4bc5371 ] Request (ServersAdminTestJSON:tearDownClass): 200 GET http://10.180.1.21/compute/v2.1/servers/2d035611-3362-49e8-bb2b-1dc671a29975 0.486s
2025-12-10 05:52:02.007 65484 INFO tempest.lib.common.rest_client [req-bc257710-f58a-487e-90b7-bc6d94f845f9 req-bc257710-f58a-487e-90b7-bc6d94f845f9 ] Request (AttachVolumeNegativeTest:test_attach_attached_volume_to_different_server): 200 GET http://10.180.1.21/compute/v2.1/servers/e0b8f0a5-975c-43a8-8e49-8a6afbb826c5 0.477s
2025-12-10 05:52:02.050 65503 INFO tempest.lib.common.rest_client [req-1129fcca-2cb1-4220-b59d-da720d739e04 req-1129fcca-2cb1-4220-b59d-da720d739e04 ] Request (ServerActionsTestOtherB:setUpClass): 200 GET http://10.180.1.21/compute/v2.1/servers/238cdbfd-f19a-431b-af90-54f4530678e2 0.466s
2025-12-10 05:52:02.112 65510 INFO tempest.lib.common.rest_client [req-e7505a62-e157-44a3-8a2f-de8e29b6175d req-e7505a62-e157-44a3-8a2f-de8e29b6175d ] Request (InstanceActionsV221TestJSON:test_get_list_deleted_instance_actions): 200 GET http://10.180.1.21/compute/v2.1/servers/255c3e22-246d-4e24-ab9e-d8d71e028228 0.454s
2025-12-10 05:52:02.203 65493 INFO tempest.lib.common.rest_client [req-44d78649-31e3-45a9-8ac7-3b97a4952490 req-44d78649-31e3-45a9-8ac7-3b97a4952490 ] Request (DeleteServersAdminTestJSON:test_admin_delete_servers_of_others): 200 GET http://10.180.1.21/compute/v2.1/servers/fe944428-9e58-42f3-956c-f0ccabf442cb 0.536s
2025-12-10 05:52:02.210 65493 INFO tempest.common.waiters [-] State transition "BUILD/spawning" ==> "ACTIVE/None" after 54 second wait
2025-12-10 05:52:02.291 65496 INFO tempest.lib.common.rest_client [req-ef5874e0-e158-478b-83bc-6033b7c37af0 req-ef5874e0-e158-478b-83bc-6033b7c37af0 ] Request (ServerActionsTestJSON:test_lock_unlock_server): 200 GET http://10.180.1.21/compute/v2.1/servers/4548cbb4-433e-4554-87fc-aaad0844c15d 0.602s
2025-12-10 05:52:02.309 65534 INFO tempest.lib.common.rest_client [req-e5782e38-6e5c-4476-9182-ed6c59843c70 req-e5782e38-6e5c-4476-9182-ed6c59843c70 ] Request (KeyPairsV2TestJSON:_run_cleanups): 202 DELETE http://10.180.1.21/compute/v2.1/os-keypairs/tempest-keypair-715332504 0.606s
2025-12-10 05:52:02.353 65482 INFO tempest.lib.common.rest_client [req-617352e1-0089-4b60-be50-659d0b076f60 req-617352e1-0089-4b60-be50-659d0b076f60 ] Request (ServersWithSpecificFlavorTestJSON:test_verify_created_server_ephemeral_disk): 202 POST http://10.180.1.21/compute/v2.1/servers 0.714s
2025-12-10 05:52:02.371 65518 INFO tempest.lib.common.rest_client [req-c40ed6f2-e0fd-4478-b932-3f4396663d62 req-c40ed6f2-e0fd-4478-b932-3f4396663d62 ] Request (ListServerFiltersTestJSON:tearDownClass): 200 GET http://10.180.1.21/compute/v2.1/servers/5551cef7-d5e5-47bc-8a83-183be71ac6d8 0.653s
2025-12-10 05:52:02.428 65500 INFO tempest.lib.common.rest_client [req-02afc288-25f9-4fec-a0bd-23238b2de554 req-02afc288-25f9-4fec-a0bd-23238b2de554 ] Request (ServersTestMultiNic:test_verify_duplicate_network_nics): 200 GET http://10.180.1.21/compute/v2.1/servers/76ab5487-d5ef-4dec-a823-c9660f5498da 0.709s
2025-12-10 05:52:02.429 65516 INFO tempest.lib.common.rest_client [req-04802bb5-993f-4d62-9f45-e8337b072ad0 req-04802bb5-993f-4d62-9f45-e8337b072ad0 ] Request (AttachInterfacesTestJSON:test_create_list_show_delete_interfaces_by_fixed_ip): 200 GET http://10.180.1.21/compute/v2.1/servers/d6adc92d-c49e-49e4-bf44-2f28b0a73f2b 0.665s
2025-12-10 05:52:02.486 65490 INFO tempest.lib.common.rest_client [req-bef62569-166c-43d5-b369-daee9165cfed req-bef62569-166c-43d5-b369-daee9165cfed ] Request (ListServersNegativeTestJSON:setUpClass): 200 GET http://10.180.1.21/compute/v2.1/servers/5b8e6142-ac83-4feb-a05f-cb5718b833a5 0.670s
2025-12-10 05:52:02.491 65474 INFO tempest.lib.common.rest_client [req-d9f22953-dafc-4c22-ba23-e39e69939714 req-d9f22953-dafc-4c22-ba23-e39e69939714 ] Request (ServersNegativeTestMultiTenantJSON:tearDownClass): 200 GET http://10.180.1.21/compute/v2.1/servers/ea301dbe-ea7f-47e0-8d05-f2bf8f8fff8a 0.713s
2025-12-10 05:52:02.525 65530 INFO tempest.lib.common.rest_client [req-67f7ae62-a66c-4155-96b0-7e7f17e74276 req-67f7ae62-a66c-4155-96b0-7e7f17e74276 ] Request (ImagesOneServerTestJSON:test_create_delete_image): 200 GET http://10.180.1.21/compute/v2.1/images/39f698e4-123e-4f63-8766-a0a957046903 0.680s
2025-12-10 05:52:02.545 65524 INFO tempest.lib.common.rest_client [req-b2775bdc-5251-428f-a44e-b7bd4287bd65 req-b2775bdc-5251-428f-a44e-b7bd4287bd65 ] Request (MultipleCreateTestJSON:_run_cleanups): 404 GET http://10.180.1.21/compute/v2.1/servers/34f1fc95-e53a-4ee3-97f3-603a5fa50972 0.493s
2025-12-10 05:52:02.552 65526 INFO tempest.lib.common.rest_client [req-de1a44bb-4a3a-4955-a72d-62fe4601d96f req-de1a44bb-4a3a-4955-a72d-62fe4601d96f ] Request (DeleteServersTestJSON:test_delete_server_while_in_shelved_state): 200 GET http://10.180.1.21/compute/v2.1/servers/ab651346-4d7a-48d9-b807-691a7897df2e 0.556s
2025-12-10 05:52:02.647 65524 INFO tempest.lib.common.rest_client [req-c82374bf-6b63-465c-985d-750f455e24ba req-c82374bf-6b63-465c-985d-750f455e24ba ] Request (MultipleCreateTestJSON:test_multiple_create_with_reservation_return): 201 POST http://10.180.1.21/identity/v3/auth/tokens 0.095s
2025-12-10 05:52:02.647 65524 INFO tempest.lib.common.fixed_network [-] (MultipleCreateTestJSON:test_multiple_create_with_reservation_return) Found network {'id': 'c1a25158-fa2b-464b-8171-69065dc423a9', 'name': 'tempest-MultipleCreateTestJSON-1011849532-network', 'tenant_id': 'badcde70d2aa4b4f879d72b3ab2e8165', 'project_id': 'badcde70d2aa4b4f879d72b3ab2e8165', 'admin_state_up': True, 'mtu': 8950, 'status': 'ACTIVE', 'subnets': [], 'shared': False, 'port_security_enabled': True, 'router:external': False, 'provider:network_type': 'vlan', 'provider:physical_network': 'default', 'provider:segmentation_id': 584, 'availability_zone_hints': [], 'availability_zones': [], 'ipv4_address_scope': None, 'ipv6_address_scope': None, 'description': '', 'tags': [], 'created_at': '2025-12-10T05:50:18Z', 'updated_at': '2025-12-10T05:50:18Z', 'revision_number': 1} available for tenant
2025-12-10 05:52:02.694 65508 INFO tempest.lib.common.rest_client [req-88aa83a9-98bd-48a9-b3c4-c2bfafbf2ce6 req-88aa83a9-98bd-48a9-b3c4-c2bfafbf2ce6 ] Request (InstanceActionsNegativeTestJSON:setUpClass): 200 GET http://10.180.1.21/compute/v2.1/servers/ce35a4bf-1fcd-40d8-a72a-1b7d157953cc 0.510s
2025-12-10 05:52:02.766 65493 INFO tempest.lib.common.rest_client [req-50b0cb3e-dfe8-48d8-aeba-9a10dd96d5b8 req-50b0cb3e-dfe8-48d8-aeba-9a10dd96d5b8 ] Request (DeleteServersAdminTestJSON:test_admin_delete_servers_of_others): 204 DELETE http://10.180.1.21/compute/v2.1/servers/fe944428-9e58-42f3-956c-f0ccabf442cb 0.555s
2025-12-10 05:52:02.784 65476 INFO tempest.lib.common.rest_client [req-7e21d7dc-528e-4eb1-b73e-94edbfa85aed req-7e21d7dc-528e-4eb1-b73e-94edbfa85aed ] Request (ImagesOneServerNegativeTestJSON:_run_cleanups): 200 GET http://10.180.1.21/compute/v2.1/servers/786cc082-6586-4288-aa5a-f5951266fe95 0.537s
2025-12-10 05:52:02.835 65534 INFO tempest.lib.common.rest_client [req-96cd32dc-8580-4008-aac1-dd8ae71d29af req-96cd32dc-8580-4008-aac1-dd8ae71d29af ] Request (KeyPairsV2TestJSON:test_keypair_create_delete): 200 POST http://10.180.1.21/compute/v2.1/os-keypairs 0.524s
2025-12-10 05:52:02.896 65532 INFO tempest.lib.common.rest_client [req-725cef8a-3fe5-491d-8cef-02f13d1ede41 req-725cef8a-3fe5-491d-8cef-02f13d1ede41 ] Request (ServersTestJSON:_run_cleanups): 200 GET http://10.180.1.21/compute/v2.1/servers/53224aff-d468-42e4-b4ca-a3b80cc26ea2 0.617s
2025-12-10 05:52:02.918 65522 INFO tempest.lib.common.rest_client [req-9af957b2-f7f4-41a1-b5d9-7a012db2dfed req-9af957b2-f7f4-41a1-b5d9-7a012db2dfed ] Request (ListImageFiltersTestJSON:tearDownClass): 200 GET http://10.180.1.21/compute/v2.1/servers/a55397fa-c404-47d4-870f-815b84c4fce5 0.590s
2025-12-10 05:52:02.946 65482 INFO tempest.lib.common.rest_client [req-b2b723aa-5fba-453e-aca8-e43984d86305 req-b2b723aa-5fba-453e-aca8-e43984d86305 ] Request (ServersWithSpecificFlavorTestJSON:test_verify_created_server_ephemeral_disk): 200 GET http://10.180.1.21/compute/v2.1/servers/e08b5dc2-40c6-497b-a5b8-6c3acb3090ae 0.591s
2025-12-10 05:52:02.991 65506 INFO tempest.lib.common.rest_client [req-8a91aa5e-d232-4a63-b57e-bc155664e4ef req-8a91aa5e-d232-4a63-b57e-bc155664e4ef ] Request (ServersTestManualDisk:setUpClass): 200 GET http://10.180.1.21/compute/v2.1/servers/8d1ae715-2297-4cd4-a3d5-bd96dfd7ac97 0.452s
2025-12-10 05:52:03.007 65480 INFO tempest.lib.common.rest_client [req-1b5e9e17-8512-4d11-ab06-56a7194a7941 req-1b5e9e17-8512-4d11-ab06-56a7194a7941 ] Request (AttachVolumeTestJSON:test_attach_detach_volume): 200 GET http://10.180.1.21/compute/v2.1/servers/ddecb7d6-69eb-44e5-ab30-5cb58f973828 0.403s
2025-12-10 05:52:03.056 65504 INFO tempest.lib.common.rest_client [req-155cb7dc-e807-4477-9c9b-f674df920dc5 req-155cb7dc-e807-4477-9c9b-f674df920dc5 ] Request (ImagesTestJSON:test_create_server_from_snapshot): 200 GET http://10.180.1.21/compute/v2.1/servers/ad6cb9ca-7da5-4a33-b2e8-1b8c399412f7 0.429s
2025-12-10 05:52:03.167 65493 INFO tempest.lib.common.rest_client [req-e16723e4-b421-48b6-86b9-32bc90f19384 req-e16723e4-b421-48b6-86b9-32bc90f19384 ] Request (DeleteServersAdminTestJSON:test_admin_delete_servers_of_others): 200 GET http://10.180.1.21/compute/v2.1/servers/fe944428-9e58-42f3-956c-f0ccabf442cb 0.400s
2025-12-10 05:52:03.309 65512 INFO tempest.lib.common.rest_client [req-cdf3268e-a4f6-4f9f-a837-a615df9a85dd req-cdf3268e-a4f6-4f9f-a837-a615df9a85dd ] Request (MigrationsAdminTest:test_resize_server_revert_deleted_flavor): 200 GET http://10.180.1.21/compute/v2.1/servers/b8c17546-b117-41c8-bd56-9d4f179e9908 0.542s
2025-12-10 05:52:03.373 65498 INFO tempest.lib.common.rest_client [req-e52f866a-9e24-42b6-a6a0-43f452f496a8 req-e52f866a-9e24-42b6-a6a0-43f452f496a8 ] Request (SecurityGroupsTestJSON:test_server_security_groups): 200 GET http://10.180.1.21/compute/v2.1/servers/30b9a567-4bc0-49af-8d95-d3c064a65678 0.591s
2025-12-10 05:52:03.425 65524 INFO tempest.lib.common.rest_client [req-3e91cad7-c0e9-47c6-935b-0190263ecee4 req-3e91cad7-c0e9-47c6-935b-0190263ecee4 ] Request (MultipleCreateTestJSON:test_multiple_create_with_reservation_return): 202 POST http://10.180.1.21/compute/v2.1/servers 0.777s
2025-12-10 05:52:03.433 65534 INFO tempest.lib.common.rest_client [req-1c2f274e-7585-44b9-ba43-b0df6af03c78 req-1c2f274e-7585-44b9-ba43-b0df6af03c78 ] Request (KeyPairsV2TestJSON:_run_cleanups): 202 DELETE http://10.180.1.21/compute/v2.1/os-keypairs/tempest-keypair-1304452585 0.596s
2025-12-10 05:52:03.633 65488 INFO tempest.lib.common.rest_client [req-60052087-c2ce-4d8c-afdf-432880442dd2 req-60052087-c2ce-4d8c-afdf-432880442dd2 ] Request (ServerActionsTestOtherA:_run_cleanups): 200 GET http://10.180.1.21/compute/v2.1/servers/3bebc9e9-13d9-423e-92da-786fa7009da0 0.702s
2025-12-10 05:52:03.655 65478 INFO tempest.lib.common.rest_client [req-45d08c4f-f6f7-42f4-8070-99e20c2aa35e req-45d08c4f-f6f7-42f4-8070-99e20c2aa35e ] Request (ServersTestJSON:tearDownClass): 200 GET http://10.180.1.21/compute/v2.1/servers/82a96005-0743-4d92-98c0-6d74c98bf9da 0.700s
2025-12-10 05:52:03.720 65484 INFO tempest.lib.common.rest_client [req-c4c11110-2be6-4c7b-afc2-da48dbc02abc req-c4c11110-2be6-4c7b-afc2-da48dbc02abc ] Request (AttachVolumeNegativeTest:test_attach_attached_volume_to_different_server): 200 GET http://10.180.1.21/compute/v2.1/servers/e0b8f0a5-975c-43a8-8e49-8a6afbb826c5 0.705s
2025-12-10 05:52:03.724 65514 INFO tempest.lib.common.rest_client [req-f00952cc-4614-42e7-b7d9-75d12d718482 req-f00952cc-4614-42e7-b7d9-75d12d718482 ] Request (ServersAdminTestJSON:tearDownClass): 200 GET http://10.180.1.21/compute/v2.1/servers/2d035611-3362-49e8-bb2b-1dc671a29975 0.719s
2025-12-10 05:52:03.846 65503 INFO tempest.lib.common.rest_client [req-0e35a55b-0cb7-49ff-924e-edac18aab2dc req-0e35a55b-0cb7-49ff-924e-edac18aab2dc ] Request (ServerActionsTestOtherB:setUpClass): 200 GET http://10.180.1.21/compute/v2.1/servers/238cdbfd-f19a-431b-af90-54f4530678e2 0.787s
2025-12-10 05:52:03.873 65510 INFO tempest.lib.common.rest_client [req-3060d713-f315-446c-b3be-f8fa79f3ef38 req-3060d713-f315-446c-b3be-f8fa79f3ef38 ] Request (InstanceActionsV221TestJSON:test_get_list_deleted_instance_actions): 200 GET http://10.180.1.21/compute/v2.1/servers/255c3e22-246d-4e24-ab9e-d8d71e028228 0.747s
2025-12-10 05:52:04.546 65518 INFO tempest.lib.common.rest_client [req-3e15dd4c-be95-47a9-9ba6-1629e8ca4538 req-3e15dd4c-be95-47a9-9ba6-1629e8ca4538 ] Request (ListServerFiltersTestJSON:tearDownClass): 200 GET http://10.180.1.21/compute/v2.1/servers/5551cef7-d5e5-47bc-8a83-183be71ac6d8 1.163s
2025-12-10 05:52:04.574 65496 INFO tempest.lib.common.rest_client [req-98885d73-4642-4ef5-aa06-b5d25e4e9c11 req-98885d73-4642-4ef5-aa06-b5d25e4e9c11 ] Request (ServerActionsTestJSON:test_lock_unlock_server): 200 GET http://10.180.1.21/compute/v2.1/servers/4548cbb4-433e-4554-87fc-aaad0844c15d 1.273s
2025-12-10 05:52:04.585 65496 INFO tempest.common.waiters [-] State transition "ACTIVE/powering-off" ==> "SHUTOFF/None" after 2 second wait
2025-12-10 05:52:04.622 65524 INFO tempest.lib.common.rest_client [req-6c050e50-0bfb-4d80-b2e7-9a39fa824207 req-6c050e50-0bfb-4d80-b2e7-9a39fa824207 ] Request (MultipleCreateTestJSON:test_multiple_create_with_reservation_return): 200 GET http://10.180.1.21/compute/v2.1/servers 1.196s
2025-12-10 05:52:04.630 65534 INFO tempest.lib.common.rest_client [req-43a7a35b-1471-4d9e-9d19-8a98343537cb req-43a7a35b-1471-4d9e-9d19-8a98343537cb ] Request (KeyPairsV2TestJSON:test_keypair_create_with_pub_key): 200 POST http://10.180.1.21/compute/v2.1/os-keypairs 1.193s
2025-12-10 05:52:04.702 65500 INFO tempest.lib.common.rest_client [req-5392ce28-fce9-41dd-8e44-cec9d6ff28bc req-5392ce28-fce9-41dd-8e44-cec9d6ff28bc ] Request (ServersTestMultiNic:test_verify_duplicate_network_nics): 200 GET http://10.180.1.21/compute/v2.1/servers/76ab5487-d5ef-4dec-a823-c9660f5498da 1.266s
2025-12-10 05:52:04.714 65516 INFO tempest.lib.common.rest_client [req-4c3af6fa-b210-4fd0-ab95-e43911d1a3ba req-4c3af6fa-b210-4fd0-ab95-e43911d1a3ba ] Request (AttachInterfacesTestJSON:test_create_list_show_delete_interfaces_by_fixed_ip): 200 GET http://10.180.1.21/compute/v2.1/servers/d6adc92d-c49e-49e4-bf44-2f28b0a73f2b 1.274s
2025-12-10 05:52:04.724 65516 INFO tempest.common.waiters [-] State transition "BUILD/scheduling" ==> "BUILD/None" after 30 second wait
2025-12-10 05:52:04.760 65490 INFO tempest.lib.common.rest_client [req-a16a5c29-d4a6-448f-95b3-2b7cf12af06d req-a16a5c29-d4a6-448f-95b3-2b7cf12af06d ] Request (ListServersNegativeTestJSON:setUpClass): 200 GET http://10.180.1.21/compute/v2.1/servers/5b8e6142-ac83-4feb-a05f-cb5718b833a5 1.265s
2025-12-10 05:52:04.799 65474 INFO tempest.lib.common.rest_client [req-101ffda8-d306-45eb-8a50-71817be6df16 req-101ffda8-d306-45eb-8a50-71817be6df16 ] Request (ServersNegativeTestMultiTenantJSON:tearDownClass): 200 GET http://10.180.1.21/compute/v2.1/servers/ea301dbe-ea7f-47e0-8d05-f2bf8f8fff8a 1.298s
2025-12-10 05:52:04.809 65530 INFO tempest.lib.common.rest_client [req-ef11f490-ecb6-46ba-b529-7486a506fb73 req-ef11f490-ecb6-46ba-b529-7486a506fb73 ] Request (ImagesOneServerTestJSON:test_create_delete_image): 200 GET http://10.180.1.21/compute/v2.1/images/39f698e4-123e-4f63-8766-a0a957046903 1.279s
2025-12-10 05:52:04.857 65526 INFO tempest.lib.common.rest_client [req-2ae13f5a-8172-41a3-8589-6af0a489e8ef req-2ae13f5a-8172-41a3-8589-6af0a489e8ef ] Request (DeleteServersTestJSON:test_delete_server_while_in_shelved_state): 200 GET http://10.180.1.21/compute/v2.1/servers/ab651346-4d7a-48d9-b807-691a7897df2e 1.291s
2025-12-10 05:52:04.919 65476 INFO tempest.lib.common.rest_client [req-1d573d65-e6f0-4be5-8d9e-987f83086ceb req-1d573d65-e6f0-4be5-8d9e-987f83086ceb ] Request (ImagesOneServerNegativeTestJSON:_run_cleanups): 200 GET http://10.180.1.21/compute/v2.1/servers/786cc082-6586-4288-aa5a-f5951266fe95 1.125s
2025-12-10 05:52:04.983 65508 INFO tempest.lib.common.rest_client [req-3d98534b-7180-40e5-9d54-36d26581ce1e req-3d98534b-7180-40e5-9d54-36d26581ce1e ] Request (InstanceActionsNegativeTestJSON:setUpClass): 200 GET http://10.180.1.21/compute/v2.1/servers/ce35a4bf-1fcd-40d8-a72a-1b7d157953cc 1.278s
2025-12-10 05:52:05.004 65532 INFO tempest.lib.common.rest_client [req-36b33f8f-a913-4ecd-a950-9c563e840d21 req-36b33f8f-a913-4ecd-a950-9c563e840d21 ] Request (ServersTestJSON:_run_cleanups): 200 GET http://10.180.1.21/compute/v2.1/servers/53224aff-d468-42e4-b4ca-a3b80cc26ea2 1.096s
2025-12-10 05:52:05.013 65532 INFO tempest.common.waiters [-] State transition "ACTIVE/deleting" ==> "DELETED/None" after 4 second wait
2025-12-10 05:52:05.059 65522 INFO tempest.lib.common.rest_client [req-5f84ffe6-d993-4c21-a052-dd7d00a67e62 req-5f84ffe6-d993-4c21-a052-dd7d00a67e62 ] Request (ListImageFiltersTestJSON:tearDownClass): 200 GET http://10.180.1.21/compute/v2.1/servers/a55397fa-c404-47d4-870f-815b84c4fce5 1.132s
2025-12-10 05:52:05.076 65482 INFO tempest.lib.common.rest_client [req-b821abba-4a8f-4639-8e0f-9117931593b6 req-b821abba-4a8f-4639-8e0f-9117931593b6 ] Request (ServersWithSpecificFlavorTestJSON:test_verify_created_server_ephemeral_disk): 200 GET http://10.180.1.21/compute/v2.1/servers/e08b5dc2-40c6-497b-a5b8-6c3acb3090ae 1.122s
2025-12-10 05:52:05.126 65506 INFO tempest.lib.common.rest_client [req-3f39d1e4-f733-45dd-9502-0672b8731037 req-3f39d1e4-f733-45dd-9502-0672b8731037 ] Request (ServersTestManualDisk:setUpClass): 200 GET http://10.180.1.21/compute/v2.1/servers/8d1ae715-2297-4cd4-a3d5-bd96dfd7ac97 1.121s
2025-12-10 05:52:05.144 65480 INFO tempest.lib.common.rest_client [req-3ebe9364-63f8-4db4-b49e-55df0ae5560b req-3ebe9364-63f8-4db4-b49e-55df0ae5560b ] Request (AttachVolumeTestJSON:test_attach_detach_volume): 200 GET http://10.180.1.21/compute/v2.1/servers/ddecb7d6-69eb-44e5-ab30-5cb58f973828 1.123s
2025-12-10 05:52:05.184 65504 INFO tempest.lib.common.rest_client [req-dae11e45-81b5-4f6d-82d3-0fb4c45bf6b4 req-dae11e45-81b5-4f6d-82d3-0fb4c45bf6b4 ] Request (ImagesTestJSON:test_create_server_from_snapshot): 200 GET http://10.180.1.21/compute/v2.1/servers/ad6cb9ca-7da5-4a33-b2e8-1b8c399412f7 1.118s
2025-12-10 05:52:05.208 65493 INFO tempest.lib.common.rest_client [req-d8b6b99d-098d-4990-99b2-1f0c19f688e3 req-d8b6b99d-098d-4990-99b2-1f0c19f688e3 ] Request (DeleteServersAdminTestJSON:test_admin_delete_servers_of_others): 200 GET http://10.180.1.21/compute/v2.1/servers/fe944428-9e58-42f3-956c-f0ccabf442cb 1.032s
2025-12-10 05:52:05.277 65498 INFO tempest.lib.common.rest_client [req-89f50354-c123-4d83-9cc4-9aa89b4e84f8 req-89f50354-c123-4d83-9cc4-9aa89b4e84f8 ] Request (SecurityGroupsTestJSON:test_server_security_groups): 200 GET http://10.180.1.21/compute/v2.1/servers/30b9a567-4bc0-49af-8d95-d3c064a65678 0.893s
2025-12-10 05:52:05.316 65512 INFO tempest.lib.common.rest_client [req-e97ff50a-ae2b-40c4-b187-18524ce7a45f req-e97ff50a-ae2b-40c4-b187-18524ce7a45f ] Request (MigrationsAdminTest:test_resize_server_revert_deleted_flavor): 200 GET http://10.180.1.21/compute/v2.1/servers/b8c17546-b117-41c8-bd56-9d4f179e9908 0.999s
2025-12-10 05:52:05.331 65496 INFO tempest.lib.common.rest_client [req-4d67834b-d7ff-43c5-bd7b-34faeaef1c61 req-4d67834b-d7ff-43c5-bd7b-34faeaef1c61 ] Request (ServerActionsTestJSON:test_lock_unlock_server): 202 POST http://10.180.1.21/compute/v2.1/servers/4548cbb4-433e-4554-87fc-aaad0844c15d/action 0.745s
2025-12-10 05:52:05.348 65534 INFO tempest.lib.common.rest_client [req-5ab80939-98f4-4140-a414-af7227f8dde3 req-5ab80939-98f4-4140-a414-af7227f8dde3 ] Request (KeyPairsV2TestJSON:_run_cleanups): 202 DELETE http://10.180.1.21/compute/v2.1/os-keypairs/tempest-keypair-1226857368 0.715s
2025-12-10 05:52:05.380 65524 INFO tempest.lib.common.rest_client [req-bd7b943a-4088-4b32-ae8a-da2c7635c994 req-bd7b943a-4088-4b32-ae8a-da2c7635c994 ] Request (MultipleCreateTestJSON:test_multiple_create_with_reservation_return): 200 GET http://10.180.1.21/compute/v2.1/servers/9d828e71-3494-4152-a773-b0241f2842d1 0.756s
2025-12-10 05:52:05.410 65488 INFO tempest.lib.common.rest_client [req-986c689b-8823-4225-9670-916ffdafae3a req-986c689b-8823-4225-9670-916ffdafae3a ] Request (ServerActionsTestOtherA:_run_cleanups): 200 GET http://10.180.1.21/compute/v2.1/servers/3bebc9e9-13d9-423e-92da-786fa7009da0 0.768s
2025-12-10 05:52:05.418 65488 INFO tempest.common.waiters [-] State transition "SHUTOFF/deleting" ==> "DELETED/None" after 4 second wait
2025-12-10 05:52:05.438 65478 INFO tempest.lib.common.rest_client [req-8ff75c4d-9f54-4916-9f27-0237d8feb30f req-8ff75c4d-9f54-4916-9f27-0237d8feb30f ] Request (ServersTestJSON:tearDownClass): 200 GET http://10.180.1.21/compute/v2.1/servers/82a96005-0743-4d92-98c0-6d74c98bf9da 0.769s
2025-12-10 05:52:05.473 65484 INFO tempest.lib.common.rest_client [req-00031df9-0fdd-422e-956c-e308292925da req-00031df9-0fdd-422e-956c-e308292925da ] Request (AttachVolumeNegativeTest:test_attach_attached_volume_to_different_server): 200 GET http://10.180.1.21/compute/v2.1/servers/e0b8f0a5-975c-43a8-8e49-8a6afbb826c5 0.742s
2025-12-10 05:52:05.501 65514 INFO tempest.lib.common.rest_client [req-99d0b71c-8486-4c91-8845-458f0701fe27 req-99d0b71c-8486-4c91-8845-458f0701fe27 ] Request (ServersAdminTestJSON:tearDownClass): 200 GET http://10.180.1.21/compute/v2.1/servers/2d035611-3362-49e8-bb2b-1dc671a29975 0.764s
2025-12-10 05:52:05.526 65503 INFO tempest.lib.common.rest_client [req-18c0a097-db29-4615-b65e-d541f96a1a56 req-18c0a097-db29-4615-b65e-d541f96a1a56 ] Request (ServerActionsTestOtherB:setUpClass): 200 GET http://10.180.1.21/compute/v2.1/servers/238cdbfd-f19a-431b-af90-54f4530678e2 0.671s
2025-12-10 05:52:05.558 65510 INFO tempest.lib.common.rest_client [req-e38e8716-e335-4791-8d53-d7723fbb2acc req-e38e8716-e335-4791-8d53-d7723fbb2acc ] Request (InstanceActionsV221TestJSON:test_get_list_deleted_instance_actions): 200 GET http://10.180.1.21/compute/v2.1/servers/255c3e22-246d-4e24-ab9e-d8d71e028228 0.667s
2025-12-10 05:52:05.586 65534 INFO tempest.lib.common.rest_client [req-223bf8ad-7615-4089-84f2-e7bea2b8d673 req-223bf8ad-7615-4089-84f2-e7bea2b8d673 ] Request (KeyPairsV2TestJSON:test_keypairs_create_list_delete): 200 POST http://10.180.1.21/compute/v2.1/os-keypairs 0.237s
2025-12-10 05:52:05.642 65518 INFO tempest.lib.common.rest_client [req-9e387051-c6eb-4643-9702-b337e2b36f5e req-9e387051-c6eb-4643-9702-b337e2b36f5e ] Request (ListServerFiltersTestJSON:tearDownClass): 200 GET http://10.180.1.21/compute/v2.1/servers/5551cef7-d5e5-47bc-8a83-183be71ac6d8 0.087s
