2025-12-10 05:48:46.492 65494 INFO tempest.lib.common.dynamic_creds [-] Created isolated network resources for: credentials: Credentials: {'domain_id': 'default', 'domain_name': 'Default', 'username': 'tempest-InstanceUsageAuditLogNegativeTestJSON-98903066-project-member', 'project_domain_id': 'default', 'project_domain_name': 'Default', 'project_id': 'a20523a11b2d4c34b7750e79450ccc50', 'project_name': 'tempest-InstanceUsageAuditLogNegativeTestJSON-98903066', 'tenant_id': 'a20523a11b2d4c34b7750e79450ccc50', 'tenant_name': 'tempest-InstanceUsageAuditLogNegativeTestJSON-98903066', 'user_domain_id': 'default', 'user_domain_name': 'Default', 'user_id': '70ccf04ee364488896e2fca3effa4edb', 'system': None}, Network: None, Subnet: None, Router: None
2025-12-10 05:48:46.570 65494 INFO tempest.lib.common.rest_client [req-301e4677-7185-4676-9200-69ff1152e444 req-301e4677-7185-4676-9200-69ff1152e444 ] Request (InstanceUsageAuditLogNegativeTestJSON:setUpClass): 201 POST http://10.180.1.21/identity/v3/auth/tokens 0.073s
2025-12-10 05:48:46.655 65494 INFO tempest.lib.common.rest_client [req-e046e7d9-a00a-4a17-9a72-47951fe55e6c req-e046e7d9-a00a-4a17-9a72-47951fe55e6c ] Request (InstanceUsageAuditLogNegativeTestJSON:setUpClass): 201 POST http://10.180.1.21/identity/v3/projects 0.084s
2025-12-10 05:48:46.722 65494 INFO tempest.lib.common.rest_client [req-c125e980-ad0d-43d5-8825-cd3bfd305366 req-c125e980-ad0d-43d5-8825-cd3bfd305366 ] Request (InstanceUsageAuditLogNegativeTestJSON:setUpClass): 201 POST http://10.180.1.21/identity/v3/users 0.066s
2025-12-10 05:48:46.749 65494 INFO tempest.lib.common.rest_client [req-ec45b94f-7b13-4371-adc6-c57b136c3014 req-ec45b94f-7b13-4371-adc6-c57b136c3014 ] Request (InstanceUsageAuditLogNegativeTestJSON:setUpClass): 200 GET http://10.180.1.21/identity/v3/roles 0.026s
2025-12-10 05:48:46.785 65494 INFO tempest.lib.common.rest_client [req-be5543dc-79bb-460c-b1d9-65936c2bdff2 req-be5543dc-79bb-460c-b1d9-65936c2bdff2 ] Request (InstanceUsageAuditLogNegativeTestJSON:setUpClass): 204 PUT http://10.180.1.21/identity/v3/projects/d0dbe12f63d942e288cf0580485a032a/users/15d65f7a88af4efa9fa0f57f607ef6fa/roles/90d8a63777fd4fec9eb6e232c5504521 0.036s
2025-12-10 05:48:46.871 65494 INFO tempest.lib.common.rest_client [req-05eb16bf-f389-456c-88f5-7f5d92d1b6fd req-05eb16bf-f389-456c-88f5-7f5d92d1b6fd ] Request (InstanceUsageAuditLogNegativeTestJSON:setUpClass): 200 GET http://10.180.1.21/identity/v3/roles 0.085s
2025-12-10 05:48:46.894 65494 INFO tempest.lib.common.rest_client [req-88f37434-0773-4f8f-bea9-90adb9baf0aa req-88f37434-0773-4f8f-bea9-90adb9baf0aa ] Request (InstanceUsageAuditLogNegativeTestJSON:setUpClass): 204 PUT http://10.180.1.21/identity/v3/projects/d0dbe12f63d942e288cf0580485a032a/users/15d65f7a88af4efa9fa0f57f607ef6fa/roles/90d8a63777fd4fec9eb6e232c5504521 0.022s
2025-12-10 05:48:46.894 65494 INFO tempest.lib.common.dynamic_creds [-] Dynamic test user 15d65f7a88af4efa9fa0f57f607ef6fa is created with scope project and roles: ['admin']
2025-12-10 05:48:46.894 65494 INFO tempest.lib.common.dynamic_creds [-] Acquired dynamic creds: credentials: Credentials: {'domain_id': 'default', 'domain_name': 'Default', 'username': 'tempest-InstanceUsageAuditLogNegativeTestJSON-318677334-project-admin', 'project_domain_id': 'default', 'project_domain_name': 'Default', 'project_id': 'd0dbe12f63d942e288cf0580485a032a', 'project_name': 'tempest-InstanceUsageAuditLogNegativeTestJSON-318677334', 'tenant_id': 'd0dbe12f63d942e288cf0580485a032a', 'tenant_name': 'tempest-InstanceUsageAuditLogNegativeTestJSON-318677334', 'user_domain_id': 'default', 'user_domain_name': 'Default', 'user_id': '15d65f7a88af4efa9fa0f57f607ef6fa', 'system': None}, Network: None, Subnet: None, Router: None
2025-12-10 05:48:46.894 65494 INFO tempest.lib.common.dynamic_creds [-] Created isolated network resources for: credentials: Credentials: {'domain_id': 'default', 'domain_name': 'Default', 'username': 'tempest-InstanceUsageAuditLogNegativeTestJSON-318677334-project-admin', 'project_domain_id': 'default', 'project_domain_name': 'Default', 'project_id': 'd0dbe12f63d942e288cf0580485a032a', 'project_name': 'tempest-InstanceUsageAuditLogNegativeTestJSON-318677334', 'tenant_id': 'd0dbe12f63d942e288cf0580485a032a', 'tenant_name': 'tempest-InstanceUsageAuditLogNegativeTestJSON-318677334', 'user_domain_id': 'default', 'user_domain_name': 'Default', 'user_id': '15d65f7a88af4efa9fa0f57f607ef6fa', 'system': None}, Network: None, Subnet: None, Router: None
2025-12-10 05:48:46.910 65486 INFO tempest.lib.common.rest_client [req-e8825f20-3e7c-4946-b9b5-50b91da11168 req-e8825f20-3e7c-4946-b9b5-50b91da11168 ] Request (FloatingIPDetailsTestJSON:setUpClass): 200 PUT http://10.180.1.21/networking/v2.0/routers/114684ff-dd50-469b-b60e-3ad9ab4fba88/add_router_interface 1.934s
2025-12-10 05:48:46.911 65486 INFO tempest.lib.common.dynamic_creds [-] Created isolated network resources for: credentials: Credentials: {'domain_id': 'default', 'domain_name': 'Default', 'username': 'tempest-FloatingIPDetailsTestJSON-1895917763-project-member', 'project_domain_id': 'default', 'project_domain_name': 'Default', 'project_id': '341fb797867e4f5ba1ed31f9d795893e', 'project_name': 'tempest-FloatingIPDetailsTestJSON-1895917763', 'tenant_id': '341fb797867e4f5ba1ed31f9d795893e', 'tenant_name': 'tempest-FloatingIPDetailsTestJSON-1895917763', 'user_domain_id': 'default', 'user_domain_name': 'Default', 'user_id': '6818bd2fcb5c415f92abd585b4521e7b', 'system': None}, Network: {'id': 'b3c08b46-1685-4c7d-9e56-9c58a77ee3b7', 'name': 'tempest-FloatingIPDetailsTestJSON-826041166-network', 'tenant_id': '341fb797867e4f5ba1ed31f9d795893e', 'project_id': '341fb797867e4f5ba1ed31f9d795893e', 'admin_state_up': True, 'mtu': 8950, 'status': 'ACTIVE', 'subnets': [], 'shared': False, 'port_security_enabled': True, 'router:external': False, 'provider:network_type': 'vlan', 'provider:physical_network': 'default', 'provider:segmentation_id': 286, 'availability_zone_hints': [], 'availability_zones': [], 'ipv4_address_scope': None, 'ipv6_address_scope': None, 'description': '', 'tags': [], 'created_at': '2025-12-10T05:48:42Z', 'updated_at': '2025-12-10T05:48:42Z', 'revision_number': 1}, Subnet: {'id': '2ad35989-3b7c-4032-b3bc-55c81b1a4dac', 'name': 'tempest-FloatingIPDetailsTestJSON-826041166-subnet', 'tenant_id': '341fb797867e4f5ba1ed31f9d795893e', 'network_id': 'b3c08b46-1685-4c7d-9e56-9c58a77ee3b7', 'ip_version': 4, 'subnetpool_id': None, 'enable_dhcp': True, 'ipv6_ra_mode': None, 'ipv6_address_mode': None, 'gateway_ip': '192.168.128.1', 'cidr': '192.168.128.0/28', 'allocation_pools': [{'start': '192.168.128.2', 'end': '192.168.128.14'}], 'host_routes': [], 'dns_nameservers': [], 'description': '', 'router:external': False, 'service_types': [], 'tags': [], 'created_at': '2025-12-10T05:48:43Z', 'updated_at': '2025-12-10T05:48:43Z', 'revision_number': 0, 'project_id': '341fb797867e4f5ba1ed31f9d795893e'}, Router: {'id': '114684ff-dd50-469b-b60e-3ad9ab4fba88', 'name': 'tempest-FloatingIPDetailsTestJSON-826041166-router', 'tenant_id': '341fb797867e4f5ba1ed31f9d795893e', 'admin_state_up': True, 'status': 'ACTIVE', 'external_gateway_info': {'network_id': '0afbbf58-917f-4b2c-8757-2c82170a8aa4', 'external_fixed_ips': [{'subnet_id': '05fee68e-1302-48f6-ba27-c59c55105709', 'ip_address': '10.180.180.139'}], 'enable_snat': True}, 'description': '', 'availability_zones': [], 'distributed': False, 'ha': False, 'availability_zone_hints': [], 'routes': [], 'flavor_id': None, 'tags': [], 'created_at': '2025-12-10T05:48:44Z', 'updated_at': '2025-12-10T05:48:44Z', 'revision_number': 2, 'project_id': '341fb797867e4f5ba1ed31f9d795893e'}
2025-12-10 05:48:46.980 65494 INFO tempest.lib.common.rest_client [req-0e342ddc-46c3-42ff-bce0-665490b5052b req-0e342ddc-46c3-42ff-bce0-665490b5052b ] Request (InstanceUsageAuditLogNegativeTestJSON:setUpClass): 201 POST http://10.180.1.21/identity/v3/auth/tokens 0.082s
2025-12-10 05:48:46.985 65486 INFO tempest.lib.common.rest_client [req-b351f445-f8ad-46e0-8053-1c35b0bbc65f req-b351f445-f8ad-46e0-8053-1c35b0bbc65f ] Request (FloatingIPDetailsTestJSON:setUpClass): 201 POST http://10.180.1.21/identity/v3/auth/tokens 0.068s
2025-12-10 05:48:47.408 65516 INFO tempest.lib.common.rest_client [req-9785834b-8458-4016-bfcf-6b9f6de08245 req-9785834b-8458-4016-bfcf-6b9f6de08245 ] Request (ServerExternalEventsTest:test_create_server_external_events): 200 GET http://10.180.1.21/compute/v2.1/servers/d86cf38b-48ef-4d09-b5f5-2e5dc9a170e7 10.516s
2025-12-10 05:48:47.427 65478 INFO tempest.lib.common.rest_client [req-5d8d6a9d-afc3-49e6-82b8-1ec86edbcf51 req-5d8d6a9d-afc3-49e6-82b8-1ec86edbcf51 ] Request (FlavorsAccessNegativeTestJSON:_run_cleanups): 202 DELETE http://10.180.1.21/compute/v2.1/flavors/1504614138 10.006s
2025-12-10 05:48:47.436 65472 INFO tempest.lib.common.rest_client [req-b0c75180-e234-4912-91ca-16cc0c5f6ea3 req-b0c75180-e234-4912-91ca-16cc0c5f6ea3 ] Request (QuotasAdminNegativeTest:test_update_quota_normal_user): 403 PUT http://10.180.1.21/compute/v2.1/os-quota-sets/7ea8c719a16f432cb609fe159df25db0 9.656s
2025-12-10 05:48:47.461 65510 INFO tempest.lib.common.rest_client [req-339a347f-ef5e-452d-8e4f-2446b3bf7acd req-339a347f-ef5e-452d-8e4f-2446b3bf7acd ] Request (FlavorsAdminTestJSON:test_create_flavor_with_uuid_id): 200 POST http://10.180.1.21/compute/v2.1/flavors 9.653s
2025-12-10 05:48:47.527 65476 INFO tempest.lib.common.rest_client [req-e50f45b9-eaaa-4a38-9a50-790d27d78095 req-e50f45b9-eaaa-4a38-9a50-790d27d78095 ] Request (ImagesOneServerNegativeTestJSON:setUpClass): 200 GET http://10.180.1.21/compute/v2.1/servers/052bed64-52a9-45af-be86-ee8d8dab8bf3 10.295s
2025-12-10 05:48:47.574 65472 INFO tempest.lib.common.rest_client [req-c6abe515-b14f-49b8-836f-5db5c05f7e8f req-c6abe515-b14f-49b8-836f-5db5c05f7e8f ] Request (QuotasAdminNegativeTest:tearDownClass): 204 DELETE http://10.180.1.21/identity/v3/users/9ce6a0341cb9457f98561ed12525c18d 0.137s
2025-12-10 05:48:47.602 65512 INFO tempest.lib.common.rest_client [req-c64a2e05-e090-4862-b98c-8509e6a76aa4 req-c64a2e05-e090-4862-b98c-8509e6a76aa4 ] Request (MigrationsAdminTest:test_list_migrations): 200 GET http://10.180.1.21/compute/v2.1/os-migrations 9.644s
2025-12-10 05:48:47.682 65472 INFO tempest.lib.common.rest_client [req-dcb0ccf4-55a2-4d64-a0ec-6c43ac4d5d55 req-dcb0ccf4-55a2-4d64-a0ec-6c43ac4d5d55 ] Request (QuotasAdminNegativeTest:tearDownClass): 204 DELETE http://10.180.1.21/identity/v3/users/f49e03a1d44f4ce4a9ce2044e9e730bc 0.107s
2025-12-10 05:48:47.682 65472 INFO tempest.lib.common.dynamic_creds [-] Deleting project and security group for project: d5a77cb4dde94310a59b920d11a92076
2025-12-10 05:48:47.743 65512 INFO tempest.lib.common.rest_client [req-177853bc-391a-4b79-a5e6-565437faa3b6 req-177853bc-391a-4b79-a5e6-565437faa3b6 ] Request (MigrationsAdminTest:test_list_migrations_in_flavor_resize_situation): 201 POST http://10.180.1.21/identity/v3/auth/tokens 0.129s
2025-12-10 05:48:47.744 65512 INFO tempest.lib.common.fixed_network [-] (MigrationsAdminTest:test_list_migrations_in_flavor_resize_situation) Found network None available for tenant
2025-12-10 05:48:47.842 65472 INFO tempest.lib.common.rest_client [req-f790a08d-eb2a-447f-9c04-2e610067ca13 req-f790a08d-eb2a-447f-9c04-2e610067ca13 ] Request (QuotasAdminNegativeTest:tearDownClass): 201 POST http://10.180.1.21/identity/v3/auth/tokens 0.160s
2025-12-10 05:48:48.290 65496 INFO tempest.lib.common.rest_client [req-4f0163f3-01a0-48b4-997e-391d3b53f9c5 req-4f0163f3-01a0-48b4-997e-391d3b53f9c5 ] Request (VolumesAdminNegativeTest:setUpClass): 200 PUT http://10.180.1.21/networking/v2.0/routers/bb9a61eb-1105-4d18-9084-7033169e9e30/add_router_interface 2.601s
2025-12-10 05:48:48.291 65496 INFO tempest.lib.common.dynamic_creds [-] Created isolated network resources for: credentials: Credentials: {'domain_id': 'default', 'domain_name': 'Default', 'username': 'tempest-VolumesAdminNegativeTest-1649940381-project', 'project_domain_id': 'default', 'project_domain_name': 'Default', 'project_id': '616c16df3bdf40e0863a30191b4cf98a', 'project_name': 'tempest-VolumesAdminNegativeTest-1649940381', 'tenant_id': '616c16df3bdf40e0863a30191b4cf98a', 'tenant_name': 'tempest-VolumesAdminNegativeTest-1649940381', 'user_domain_id': 'default', 'user_domain_name': 'Default', 'user_id': '5fd1b5cdd61b4eb889b0d4090b874c98', 'system': None}, Network: {'id': '3191f8f0-9a02-49df-9d4d-a72bf5799098', 'name': 'tempest-VolumesAdminNegativeTest-1078466301-network', 'tenant_id': '616c16df3bdf40e0863a30191b4cf98a', 'project_id': '616c16df3bdf40e0863a30191b4cf98a', 'admin_state_up': True, 'mtu': 8950, 'status': 'ACTIVE', 'subnets': [], 'shared': False, 'port_security_enabled': True, 'router:external': False, 'provider:network_type': 'vlan', 'provider:physical_network': 'default', 'provider:segmentation_id': 770, 'availability_zone_hints': [], 'availability_zones': [], 'ipv4_address_scope': None, 'ipv6_address_scope': None, 'description': '', 'tags': [], 'created_at': '2025-12-10T05:48:43Z', 'updated_at': '2025-12-10T05:48:43Z', 'revision_number': 1}, Subnet: {'id': '960ac5ef-e596-4ef2-ab6e-d2b5139c5a83', 'name': 'tempest-VolumesAdminNegativeTest-1078466301-subnet', 'tenant_id': '616c16df3bdf40e0863a30191b4cf98a', 'network_id': '3191f8f0-9a02-49df-9d4d-a72bf5799098', 'ip_version': 4, 'subnetpool_id': None, 'enable_dhcp': True, 'ipv6_ra_mode': None, 'ipv6_address_mode': None, 'gateway_ip': '192.168.128.1', 'cidr': '192.168.128.0/28', 'allocation_pools': [{'start': '192.168.128.2', 'end': '192.168.128.14'}], 'host_routes': [], 'dns_nameservers': [], 'description': '', 'router:external': False, 'service_types': [], 'tags': [], 'created_at': '2025-12-10T05:48:43Z', 'updated_at': '2025-12-10T05:48:43Z', 'revision_number': 0, 'project_id': '616c16df3bdf40e0863a30191b4cf98a'}, Router: {'id': 'bb9a61eb-1105-4d18-9084-7033169e9e30', 'name': 'tempest-VolumesAdminNegativeTest-1078466301-router', 'tenant_id': '616c16df3bdf40e0863a30191b4cf98a', 'admin_state_up': True, 'status': 'ACTIVE', 'external_gateway_info': {'network_id': '0afbbf58-917f-4b2c-8757-2c82170a8aa4', 'external_fixed_ips': [{'subnet_id': '05fee68e-1302-48f6-ba27-c59c55105709', 'ip_address': '10.180.180.237'}], 'enable_snat': True}, 'description': '', 'availability_zones': [], 'distributed': False, 'ha': False, 'availability_zone_hints': [], 'routes': [], 'flavor_id': None, 'tags': [], 'created_at': '2025-12-10T05:48:44Z', 'updated_at': '2025-12-10T05:48:45Z', 'revision_number': 2, 'project_id': '616c16df3bdf40e0863a30191b4cf98a'}
2025-12-10 05:48:48.349 65522 INFO tempest.lib.common.rest_client [req-bb3cfcc8-dc65-4887-86e0-cdeda46c2618 req-bb3cfcc8-dc65-4887-86e0-cdeda46c2618 ] Request (ListImageFiltersTestJSON:setUpClass): 204 PUT http://10.180.1.21/image/v2/images/2fc3d884-80a7-464a-bf97-bb03dda0af29/file 0.873s
2025-12-10 05:48:48.389 65496 INFO tempest.lib.common.rest_client [req-b8c874b5-8d41-47ab-bb2d-ee566fc6d091 req-b8c874b5-8d41-47ab-bb2d-ee566fc6d091 ] Request (VolumesAdminNegativeTest:setUpClass): 201 POST http://10.180.1.21/identity/v3/auth/tokens 0.093s
2025-12-10 05:48:48.478 65496 INFO tempest.lib.common.rest_client [req-0f491ee2-7b08-4d0e-86a9-c5ded6240d53 req-0f491ee2-7b08-4d0e-86a9-c5ded6240d53 ] Request (VolumesAdminNegativeTest:test_update_attached_volume_with_nonexistent_volume_in_uri): 201 POST http://10.180.1.21/identity/v3/auth/tokens 0.084s
2025-12-10 05:48:48.479 65496 INFO tempest.lib.common.fixed_network [-] (VolumesAdminNegativeTest:test_update_attached_volume_with_nonexistent_volume_in_uri) Found network {'id': '25056957-2718-4ede-8943-393d81c9c431', 'name': 'tempest-VolumesAdminNegativeTest-666205799-network', 'tenant_id': '15974016cea2461da1d9239365123234', 'project_id': '15974016cea2461da1d9239365123234', 'admin_state_up': True, 'mtu': 8950, 'status': 'ACTIVE', 'subnets': [], 'shared': False, 'port_security_enabled': True, 'router:external': False, 'provider:network_type': 'vlan', 'provider:physical_network': 'default', 'provider:segmentation_id': 70, 'availability_zone_hints': [], 'availability_zones': [], 'ipv4_address_scope': None, 'ipv6_address_scope': None, 'description': '', 'tags': [], 'created_at': '2025-12-10T05:48:33Z', 'updated_at': '2025-12-10T05:48:33Z', 'revision_number': 1} available for tenant
2025-12-10 05:48:48.599 65472 INFO tempest.lib.common.rest_client [req-08a696c5-c673-46c1-8ad8-210251f8ff03 req-08a696c5-c673-46c1-8ad8-210251f8ff03 ] Request (QuotasAdminNegativeTest:tearDownClass): 200 GET http://10.180.1.21/networking/v2.0/security-groups?tenant_id=d5a77cb4dde94310a59b920d11a92076&name=default 0.756s
2025-12-10 05:48:49.030 65484 INFO tempest.lib.common.rest_client [req-35d96797-ea4d-49c3-983a-91ef07fd68be req-35d96797-ea4d-49c3-983a-91ef07fd68be ] Request (ServerDiagnosticsTest:test_get_server_diagnostics): 200 GET http://10.180.1.21/compute/v2.1/servers/d36dbe05-dfee-4ddb-9f48-63aee6128478 10.942s
2025-12-10 05:48:49.039 65484 INFO tempest.common.waiters [-] State transition "BUILD/None" ==> "BUILD/spawning" after 21 second wait
2025-12-10 05:48:49.163 65472 INFO tempest.lib.common.rest_client [req-907a7945-325e-4dbc-8601-d0f5f9d08a23 req-907a7945-325e-4dbc-8601-d0f5f9d08a23 ] Request (QuotasAdminNegativeTest:tearDownClass): 204 DELETE http://10.180.1.21/networking/v2.0/security-groups/6b92936c-40db-4927-974c-641f22bff387 0.563s
2025-12-10 05:48:49.201 65498 INFO tempest.lib.common.rest_client [req-e885a564-fff5-4749-962a-a2e1e3de492d req-e885a564-fff5-4749-962a-a2e1e3de492d ] Request (ServerDiagnosticsNegativeTest:test_get_server_diagnostics_by_non_admin): 200 GET http://10.180.1.21/compute/v2.1/servers/257a12b0-17a5-49cf-875b-6122b05c7c67 9.254s
2025-12-10 05:48:49.216 65498 INFO tempest.common.waiters [-] State transition "BUILD/spawning" ==> "ACTIVE/None" after 26 second wait
2025-12-10 05:48:49.251 65472 INFO tempest.lib.common.rest_client [req-4fd383dd-bdc7-42cf-a816-4e74f3927f54 req-4fd383dd-bdc7-42cf-a816-4e74f3927f54 ] Request (QuotasAdminNegativeTest:tearDownClass): 204 DELETE http://10.180.1.21/identity/v3/projects/d5a77cb4dde94310a59b920d11a92076 0.088s
2025-12-10 05:48:49.251 65472 INFO tempest.lib.common.dynamic_creds [-] Deleting project and security group for project: 7ea8c719a16f432cb609fe159df25db0
2025-12-10 05:48:49.387 65474 INFO tempest.lib.common.rest_client [req-80541638-ec39-46c9-bba3-074bea28c8fd req-80541638-ec39-46c9-bba3-074bea28c8fd ] Request (ImagesMetadataNegativeTestJSON:test_delete_nonexistent_image_metadata_item): 404 DELETE http://10.180.1.21/compute/v2.1/images/49c5e88f-d187-49a7-963a-be878de35319/metadata/os_distro 8.812s
2025-12-10 05:48:49.796 65472 INFO tempest.lib.common.rest_client [req-5de60c47-653c-408b-8045-cd2d2f643d24 req-5de60c47-653c-408b-8045-cd2d2f643d24 ] Request (QuotasAdminNegativeTest:tearDownClass): 200 GET http://10.180.1.21/networking/v2.0/security-groups?tenant_id=7ea8c719a16f432cb609fe159df25db0&name=default 0.544s
2025-12-10 05:48:49.885 65480 INFO tempest.lib.common.rest_client [req-054f3a79-fe62-4a08-92c3-8071b2eedf6c req-054f3a79-fe62-4a08-92c3-8071b2eedf6c ] Request (SecurityGroupRulesTestJSON:test_security_group_rules_delete_when_peer_group_deleted): 202 DELETE http://10.180.1.21/compute/v2.1/os-security-groups/b7ff7192-3904-4f34-93a1-69a85b510354 9.677s
2025-12-10 05:48:49.907 65504 INFO tempest.lib.common.rest_client [req-793f5b22-1fb9-4112-8c25-aa6f1f4e3d19 req-793f5b22-1fb9-4112-8c25-aa6f1f4e3d19 ] Request (FlavorsExtraSpecsTestJSON:tearDownClass): 200 GET http://10.180.1.21/compute/v2.1/flavors/detail 9.143s
2025-12-10 05:48:49.913 65524 INFO tempest.lib.common.rest_client [req-010a9f80-5ee8-4a0b-ac6a-3799c653bcb1 req-010a9f80-5ee8-4a0b-ac6a-3799c653bcb1 ] Request (HostsAdminNegativeTestJSON:test_update_host_without_param): 400 PUT http://10.180.1.21/compute/v2.1/os-hosts/devstack 9.144s
2025-12-10 05:48:50.044 65504 INFO tempest.lib.common.rest_client [req-c086c4ca-0b3f-4acc-b690-fb458b6ab545 req-c086c4ca-0b3f-4acc-b690-fb458b6ab545 ] Request (FlavorsExtraSpecsTestJSON:tearDownClass): 204 DELETE http://10.180.1.21/identity/v3/users/f156938ab18b4403ab5f445a1d61350d 0.132s
2025-12-10 05:48:50.147 65504 INFO tempest.lib.common.rest_client [req-a5f44597-2feb-4ed7-a76c-b7a1d9e2b10c req-a5f44597-2feb-4ed7-a76c-b7a1d9e2b10c ] Request (FlavorsExtraSpecsTestJSON:tearDownClass): 204 DELETE http://10.180.1.21/identity/v3/users/9f78ae9c48b141b59eb423e687600ef9 0.103s
2025-12-10 05:48:50.148 65504 INFO tempest.lib.common.dynamic_creds [-] Deleting project and security group for project: c364796f1764424fa396307b5e23d4f1
2025-12-10 05:48:50.223 65504 INFO tempest.lib.common.rest_client [req-d4bddb5a-998b-4032-a7b7-b8156afe2537 req-d4bddb5a-998b-4032-a7b7-b8156afe2537 ] Request (FlavorsExtraSpecsTestJSON:tearDownClass): 201 POST http://10.180.1.21/identity/v3/auth/tokens 0.075s
2025-12-10 05:48:50.941 65472 INFO tempest.lib.common.rest_client [req-58ec3b84-f21a-47c3-8860-0161b13a9870 req-58ec3b84-f21a-47c3-8860-0161b13a9870 ] Request (QuotasAdminNegativeTest:tearDownClass): 204 DELETE http://10.180.1.21/networking/v2.0/security-groups/ec64368f-a186-45df-9606-661f288e7202 1.144s
2025-12-10 05:48:50.980 65488 INFO tempest.lib.common.rest_client [req-7dd55ecb-a969-44a3-99fb-d32b00264b50 req-7dd55ecb-a969-44a3-99fb-d32b00264b50 ] Request (SecurityGroupRulesNegativeTestJSON:test_create_security_group_rule_with_non_existent_id): 404 POST http://10.180.1.21/compute/v2.1/os-security-group-rules 9.691s
2025-12-10 05:48:51.024 65472 INFO tempest.lib.common.rest_client [req-e21bd573-ba3a-431f-9eb7-7aff5a93400f req-e21bd573-ba3a-431f-9eb7-7aff5a93400f ] Request (QuotasAdminNegativeTest:tearDownClass): 204 DELETE http://10.180.1.21/identity/v3/projects/7ea8c719a16f432cb609fe159df25db0 0.082s
2025-12-10 05:48:51.025 65472 INFO tempest.test [-] raised in SpiceDirectConsoleTestJSON.setUpClass. Invoking tearDownClass.
2025-12-10 05:48:51.087 65472 INFO tempest.lib.common.rest_client [req-88688521-e2ea-4e33-9aac-7275accb286e req-88688521-e2ea-4e33-9aac-7275accb286e ] Request (FloatingIPsTestJSON:setUpClass): 201 POST http://10.180.1.21/identity/v3/auth/tokens 0.060s
2025-12-10 05:48:51.116 65472 INFO tempest.lib.common.rest_client [req-c2ddf934-685e-4542-8d2e-59be930292f3 req-c2ddf934-685e-4542-8d2e-59be930292f3 ] Request (FloatingIPsTestJSON:setUpClass): 201 POST http://10.180.1.21/identity/v3/auth/tokens 0.026s
2025-12-10 05:48:51.141 65472 INFO tempest.lib.common.rest_client [req-28e440ca-b7b8-49a4-b4a9-80bfb03b1f1a req-28e440ca-b7b8-49a4-b4a9-80bfb03b1f1a ] Request (FloatingIPsTestJSON:setUpClass): 200 GET http://10.180.1.21/identity/v3/domains?name=Default 0.024s
2025-12-10 05:48:51.160 65490 INFO tempest.lib.common.rest_client [req-7b3353a2-6ac6-4e07-850b-5719d14ab2e4 req-7b3353a2-6ac6-4e07-850b-5719d14ab2e4 ] Request (ValidationResourcesFixture:setUp): 200 POST http://10.180.1.21/compute/v2.1/os-keypairs 9.785s
2025-12-10 05:48:51.170 65472 INFO tempest.lib.common.rest_client [req-69273404-9352-4230-bc27-fb926c382f6c req-69273404-9352-4230-bc27-fb926c382f6c ] Request (FloatingIPsTestJSON:setUpClass): 201 POST http://10.180.1.21/identity/v3/projects 0.029s
2025-12-10 05:48:51.262 65472 INFO tempest.lib.common.rest_client [req-1854fb2e-8e13-48a6-9fb9-1cbb96e8753b req-1854fb2e-8e13-48a6-9fb9-1cbb96e8753b ] Request (FloatingIPsTestJSON:setUpClass): 201 POST http://10.180.1.21/identity/v3/users 0.091s
2025-12-10 05:48:51.284 65472 INFO tempest.lib.common.rest_client [req-56af92f9-2124-492f-a751-9af145360dfb req-56af92f9-2124-492f-a751-9af145360dfb ] Request (FloatingIPsTestJSON:setUpClass): 200 GET http://10.180.1.21/identity/v3/roles 0.021s
2025-12-10 05:48:51.322 65472 INFO tempest.lib.common.rest_client [req-95f6d0d9-56dc-4146-8fb2-81239700a6e8 req-95f6d0d9-56dc-4146-8fb2-81239700a6e8 ] Request (FloatingIPsTestJSON:setUpClass): 204 PUT http://10.180.1.21/identity/v3/projects/552ce82624974acf859f6645737f753e/users/b8d5860422c349e8889c86f6a952900c/roles/bab71419bb5145168e8e839991e3a230 0.038s
2025-12-10 05:48:51.322 65472 INFO tempest.lib.common.dynamic_creds [-] Dynamic test user b8d5860422c349e8889c86f6a952900c is created with scope project and roles: ['member']
2025-12-10 05:48:51.322 65472 INFO tempest.lib.common.dynamic_creds [-] Acquired dynamic creds: credentials: Credentials: {'domain_id': 'default', 'domain_name': 'Default', 'username': 'tempest-FloatingIPsTestJSON-180232803-project-member', 'project_domain_id': 'default', 'project_domain_name': 'Default', 'project_id': '552ce82624974acf859f6645737f753e', 'project_name': 'tempest-FloatingIPsTestJSON-180232803', 'tenant_id': '552ce82624974acf859f6645737f753e', 'tenant_name': 'tempest-FloatingIPsTestJSON-180232803', 'user_domain_id': 'default', 'user_domain_name': 'Default', 'user_id': 'b8d5860422c349e8889c86f6a952900c', 'system': None}, Network: None, Subnet: None, Router: None
2025-12-10 05:48:51.328 65518 INFO tempest.lib.common.rest_client [req-25f34943-1fae-4b5a-8edf-1c1630755275 req-25f34943-1fae-4b5a-8edf-1c1630755275 ] Request (TenantUsagesTestJSON:test_get_usage_tenant): 200 GET http://10.180.1.21/compute/v2.1/os-simple-tenant-usage/4dfb3067439d4c1184808d4d11b17a16?start=2025-12-09T05%3A48%3A43.206847&end=2025-12-11T05%3A48%3A43.206847 8.119s
2025-12-10 05:48:51.402 65472 INFO tempest.lib.common.rest_client [req-10e98284-76bf-42c9-bff7-59397952602b req-10e98284-76bf-42c9-bff7-59397952602b ] Request (FloatingIPsTestJSON:setUpClass): 201 POST http://10.180.1.21/identity/v3/auth/tokens 0.079s
2025-12-10 05:48:51.688 65504 INFO tempest.lib.common.rest_client [req-a0db8bf2-0185-46aa-947c-0093fe14276a req-a0db8bf2-0185-46aa-947c-0093fe14276a ] Request (FlavorsExtraSpecsTestJSON:tearDownClass): 200 GET http://10.180.1.21/networking/v2.0/security-groups?tenant_id=c364796f1764424fa396307b5e23d4f1&name=default 1.464s
2025-12-10 05:48:51.743 65490 INFO tempest.lib.common.rest_client [req-e92be880-4122-405d-884f-c6150603bd1b req-e92be880-4122-405d-884f-c6150603bd1b ] Request (ValidationResourcesFixture:setUp): 201 POST http://10.180.1.21/networking/v2.0/security-groups 0.581s
2025-12-10 05:48:51.945 65472 INFO tempest.lib.common.rest_client [req-7a8e0050-f09d-40b1-a9d2-5950d196a348 req-7a8e0050-f09d-40b1-a9d2-5950d196a348 ] Request (FloatingIPsTestJSON:setUpClass): 201 POST http://10.180.1.21/networking/v2.0/networks 0.543s
2025-12-10 05:48:52.161 65504 INFO tempest.lib.common.rest_client [req-6b92768f-b3f4-4498-ac19-1e99cb28b5e9 req-6b92768f-b3f4-4498-ac19-1e99cb28b5e9 ] Request (FlavorsExtraSpecsTestJSON:tearDownClass): 204 DELETE http://10.180.1.21/networking/v2.0/security-groups/6ca2497a-3568-4665-9867-3ca028a92d44 0.473s
2025-12-10 05:48:52.173 65490 INFO tempest.lib.common.rest_client [req-4b7a198c-8e8f-4d4e-beaa-568a5eef04ff req-4b7a198c-8e8f-4d4e-beaa-568a5eef04ff ] Request (ValidationResourcesFixture:setUp): 201 POST http://10.180.1.21/networking/v2.0/security-group-rules 0.429s
2025-12-10 05:48:52.198 65514 INFO tempest.lib.common.rest_client [req-92203f78-9bf4-45eb-bc14-ed3a1bf05178 req-92203f78-9bf4-45eb-bc14-ed3a1bf05178 ] Request (ServersAdminTestJSON:setUpClass): 200 GET http://10.180.1.21/compute/v2.1/servers/b79cc513-61a7-4cf8-9ca3-299cf8fa7083 7.791s
2025-12-10 05:48:52.269 65504 INFO tempest.lib.common.rest_client [req-71abcaef-b703-44c5-95ff-7969a09c0166 req-71abcaef-b703-44c5-95ff-7969a09c0166 ] Request (FlavorsExtraSpecsTestJSON:tearDownClass): 204 DELETE http://10.180.1.21/identity/v3/projects/c364796f1764424fa396307b5e23d4f1 0.107s
2025-12-10 05:48:52.269 65504 INFO tempest.lib.common.dynamic_creds [-] Deleting project and security group for project: 09f6708dbffd48128556dd2ef1cfd5ea
2025-12-10 05:48:52.422 65472 INFO tempest.lib.common.rest_client [req-5b103177-d1f2-4361-b23e-43a54cd95242 req-5b103177-d1f2-4361-b23e-43a54cd95242 ] Request (FloatingIPsTestJSON:setUpClass): 201 POST http://10.180.1.21/networking/v2.0/subnets 0.477s
2025-12-10 05:48:52.513 65490 INFO tempest.lib.common.rest_client [req-67812931-bf1d-41e8-8157-c625640548bc req-67812931-bf1d-41e8-8157-c625640548bc ] Request (ValidationResourcesFixture:setUp): 201 POST http://10.180.1.21/networking/v2.0/security-group-rules 0.339s
2025-12-10 05:48:52.522 65508 INFO tempest.lib.common.rest_client [req-58eca47d-313b-47df-a255-a5eb3acb1df9 req-58eca47d-313b-47df-a255-a5eb3acb1df9 ] Request (FloatingIPsAssociationTestJSON:setUpClass): 200 POST http://10.180.1.21/compute/v2.1/os-floating-ips 11.767s
2025-12-10 05:48:52.597 65508 INFO tempest.lib.common.rest_client [req-82280414-ab36-40a2-83f7-0f025287b3a5 req-82280414-ab36-40a2-83f7-0f025287b3a5 ] Request (FloatingIPsAssociationTestJSON:test_associate_already_associated_floating_ip): 201 POST http://10.180.1.21/identity/v3/auth/tokens 0.067s
2025-12-10 05:48:52.597 65508 INFO tempest.lib.common.fixed_network [-] (FloatingIPsAssociationTestJSON:test_associate_already_associated_floating_ip) Found network {'id': '72d1f866-de30-4c6b-8092-68a165af5482', 'name': 'tempest-FloatingIPsAssociationTestJSON-461767339-network', 'tenant_id': '7569600d0492463dbf15e212d2f7d4ca', 'project_id': '7569600d0492463dbf15e212d2f7d4ca', 'admin_state_up': True, 'mtu': 8950, 'status': 'ACTIVE', 'subnets': [], 'shared': False, 'port_security_enabled': True, 'router:external': False, 'provider:network_type': 'vlan', 'provider:physical_network': 'default', 'provider:segmentation_id': 37, 'availability_zone_hints': [], 'availability_zones': [], 'ipv4_address_scope': None, 'ipv6_address_scope': None, 'description': '', 'tags': [], 'created_at': '2025-12-10T05:48:07Z', 'updated_at': '2025-12-10T05:48:07Z', 'revision_number': 1} available for tenant
2025-12-10 05:48:52.713 65504 INFO tempest.lib.common.rest_client [req-31d264e1-59a0-43ba-a82e-f78eecb807cb req-31d264e1-59a0-43ba-a82e-f78eecb807cb ] Request (FlavorsExtraSpecsTestJSON:tearDownClass): 200 GET http://10.180.1.21/networking/v2.0/security-groups?tenant_id=09f6708dbffd48128556dd2ef1cfd5ea&name=default 0.444s
2025-12-10 05:48:53.469 65472 INFO tempest.lib.common.rest_client [req-d9bd3b11-1215-44a4-98b8-777d35a6fa94 req-d9bd3b11-1215-44a4-98b8-777d35a6fa94 ] Request (FloatingIPsTestJSON:setUpClass): 201 POST http://10.180.1.21/networking/v2.0/routers 1.046s
2025-12-10 05:48:53.850 65490 INFO tempest.lib.common.rest_client [req-a19f16e6-7f39-4ab8-8a61-1756c0f5a94c req-a19f16e6-7f39-4ab8-8a61-1756c0f5a94c ] Request (ValidationResourcesFixture:setUp): 201 POST http://10.180.1.21/networking/v2.0/floatingips 1.337s
2025-12-10 05:48:53.948 65490 INFO tempest.lib.common.rest_client [req-04c2ea78-86d5-4919-a0da-9e6be9605005 req-04c2ea78-86d5-4919-a0da-9e6be9605005 ] Request (AttachInterfacesUnderV243Test:test_add_remove_fixed_ip): 201 POST http://10.180.1.21/identity/v3/auth/tokens 0.093s
2025-12-10 05:48:53.948 65490 INFO tempest.lib.common.fixed_network [-] (AttachInterfacesUnderV243Test:test_add_remove_fixed_ip) Found network {'id': '8b30d26a-19d9-4ee0-a0d4-940895ec9809', 'name': 'tempest-AttachInterfacesUnderV243Test-1673277140-network', 'tenant_id': '95348d97408f446a8328ddd5e5a358e2', 'project_id': '95348d97408f446a8328ddd5e5a358e2', 'admin_state_up': True, 'mtu': 8950, 'status': 'ACTIVE', 'subnets': [], 'shared': False, 'port_security_enabled': True, 'router:external': False, 'provider:network_type': 'vlan', 'provider:physical_network': 'default', 'provider:segmentation_id': 127, 'availability_zone_hints': [], 'availability_zones': [], 'ipv4_address_scope': None, 'ipv6_address_scope': None, 'description': '', 'tags': [], 'created_at': '2025-12-10T05:48:37Z', 'updated_at': '2025-12-10T05:48:37Z', 'revision_number': 1} available for tenant
2025-12-10 05:48:53.966 65506 INFO tempest.lib.common.rest_client [req-51dc0920-4f68-47cc-92ed-d7537014e6ab req-51dc0920-4f68-47cc-92ed-d7537014e6ab ] Request (ServersAdminNegativeTestJSON:setUpClass): 200 GET http://10.180.1.21/compute/v2.1/servers/060c9989-8ea0-4d22-b438-39db8e803554 8.992s
2025-12-10 05:48:53.975 65482 INFO tempest.lib.common.rest_client [req-c46a39f3-2e6a-48d0-84ff-b908ccb376fd req-c46a39f3-2e6a-48d0-84ff-b908ccb376fd ] Request (AggregatesAdminNegativeTestJSON:test_aggregate_create_aggregate_name_length_less_than_1): 400 POST http://10.180.1.21/compute/v2.1/os-aggregates 8.247s
2025-12-10 05:48:53.975 65506 INFO tempest.common.waiters [-] State transition "BUILD/networking" ==> "BUILD/spawning" after 24 second wait
2025-12-10 05:48:54.114 65504 INFO tempest.lib.common.rest_client [req-c655beba-49aa-43cb-a4c2-2d312ea88d95 req-c655beba-49aa-43cb-a4c2-2d312ea88d95 ] Request (FlavorsExtraSpecsTestJSON:tearDownClass): 204 DELETE http://10.180.1.21/networking/v2.0/security-groups/4f142417-b14b-4c97-8890-52eb18bb3d78 1.400s
2025-12-10 05:48:54.123 65530 INFO tempest.lib.common.rest_client [req-2948958c-0319-4293-9b74-a2cefdbae8bc req-2948958c-0319-4293-9b74-a2cefdbae8bc ] Request (QuotasAdminTestJSON:test_get_updated_quotas): 200 PUT http://10.180.1.21/compute/v2.1/os-quota-sets/ad045e6ee2e04984ba8d00d04b6871d0 7.967s
2025-12-10 05:48:54.240 65503 INFO tempest.lib.common.rest_client [req-63034fe2-cce3-42eb-9dcb-b48ee58eeaa9 req-63034fe2-cce3-42eb-9dcb-b48ee58eeaa9 ] Request (ServersV294TestFqdnHostnames:setUpClass): 201 POST http://10.180.1.21/compute/v2.1/os-keypairs 8.048s
2025-12-10 05:48:54.250 65504 INFO tempest.lib.common.rest_client [req-b3979487-f8df-4038-94a0-0a1b4288641a req-b3979487-f8df-4038-94a0-0a1b4288641a ] Request (FlavorsExtraSpecsTestJSON:tearDownClass): 204 DELETE http://10.180.1.21/identity/v3/projects/09f6708dbffd48128556dd2ef1cfd5ea 0.136s
2025-12-10 05:48:54.251 65504 INFO tempest.test [-] raised in UpdateMultiattachVolumeNegativeTest.setUpClass. Invoking tearDownClass.
2025-12-10 05:48:54.336 65504 INFO tempest.lib.common.rest_client [req-7320deb3-a7cb-4a2c-b505-6ce17ec0edb0 req-7320deb3-a7cb-4a2c-b505-6ce17ec0edb0 ] Request (ImagesTestJSON:setUpClass): 201 POST http://10.180.1.21/identity/v3/auth/tokens 0.082s
2025-12-10 05:48:54.375 65504 INFO tempest.lib.common.rest_client [req-49e206c3-63f7-4d70-9eac-5f6f2f63970e req-49e206c3-63f7-4d70-9eac-5f6f2f63970e ] Request (ImagesTestJSON:setUpClass): 201 POST http://10.180.1.21/identity/v3/auth/tokens 0.035s
2025-12-10 05:48:54.405 65504 INFO tempest.lib.common.rest_client [req-cfdd4656-7158-47c0-ab11-f6d850d7f2c6 req-cfdd4656-7158-47c0-ab11-f6d850d7f2c6 ] Request (ImagesTestJSON:setUpClass): 200 GET http://10.180.1.21/identity/v3/domains?name=Default 0.029s
2025-12-10 05:48:54.456 65504 INFO tempest.lib.common.rest_client [req-a85a8f0a-7ca6-48b1-97f0-33b4176d004d req-a85a8f0a-7ca6-48b1-97f0-33b4176d004d ] Request (ImagesTestJSON:setUpClass): 201 POST http://10.180.1.21/identity/v3/projects 0.050s
2025-12-10 05:48:54.503 65503 INFO tempest.lib.common.rest_client [req-eea53e2f-177e-40ab-8e5c-6a27a8ed015b req-eea53e2f-177e-40ab-8e5c-6a27a8ed015b ] Request (ServersV294TestFqdnHostnames:setUpClass): 201 POST http://10.180.1.21/networking/v2.0/security-groups 0.261s
2025-12-10 05:48:54.545 65504 INFO tempest.lib.common.rest_client [req-111b2733-dea0-4cb6-8ec8-bb872339cd26 req-111b2733-dea0-4cb6-8ec8-bb872339cd26 ] Request (ImagesTestJSON:setUpClass): 201 POST http://10.180.1.21/identity/v3/users 0.089s
2025-12-10 05:48:54.575 65504 INFO tempest.lib.common.rest_client [req-0e6060f9-c428-4777-8a82-d285d1dca168 req-0e6060f9-c428-4777-8a82-d285d1dca168 ] Request (ImagesTestJSON:setUpClass): 200 GET http://10.180.1.21/identity/v3/roles 0.029s
2025-12-10 05:48:54.611 65504 INFO tempest.lib.common.rest_client [req-596e4f08-56f5-4a93-bf92-e8e1eaec5c0f req-596e4f08-56f5-4a93-bf92-e8e1eaec5c0f ] Request (ImagesTestJSON:setUpClass): 204 PUT http://10.180.1.21/identity/v3/projects/41c9def06cb74ed9a61033238556bb37/users/9d409d2754ad4528aa13df50f6045002/roles/bab71419bb5145168e8e839991e3a230 0.035s
2025-12-10 05:48:54.611 65504 INFO tempest.lib.common.dynamic_creds [-] Dynamic test user 9d409d2754ad4528aa13df50f6045002 is created with scope project and roles: ['member']
2025-12-10 05:48:54.611 65504 INFO tempest.lib.common.dynamic_creds [-] Acquired dynamic creds: credentials: Credentials: {'domain_id': 'default', 'domain_name': 'Default', 'username': 'tempest-ImagesTestJSON-1367586270-project-member', 'project_domain_id': 'default', 'project_domain_name': 'Default', 'project_id': '41c9def06cb74ed9a61033238556bb37', 'project_name': 'tempest-ImagesTestJSON-1367586270', 'tenant_id': '41c9def06cb74ed9a61033238556bb37', 'tenant_name': 'tempest-ImagesTestJSON-1367586270', 'user_domain_id': 'default', 'user_domain_name': 'Default', 'user_id': '9d409d2754ad4528aa13df50f6045002', 'system': None}, Network: None, Subnet: None, Router: None
2025-12-10 05:48:54.684 65504 INFO tempest.lib.common.rest_client [req-6b5f6417-affb-4bcd-a1ce-82e93f477883 req-6b5f6417-affb-4bcd-a1ce-82e93f477883 ] Request (ImagesTestJSON:setUpClass): 201 POST http://10.180.1.21/identity/v3/auth/tokens 0.072s
2025-12-10 05:48:54.839 65503 INFO tempest.lib.common.rest_client [req-d9a80551-7691-43b3-8002-1778294394c7 req-d9a80551-7691-43b3-8002-1778294394c7 ] Request (ServersV294TestFqdnHostnames:setUpClass): 201 POST http://10.180.1.21/networking/v2.0/security-group-rules 0.336s
2025-12-10 05:48:54.870 65493 INFO tempest.lib.common.rest_client [req-07be8348-469d-4645-9f63-69e7659cdd5a req-07be8348-469d-4645-9f63-69e7659cdd5a ] Request (VolumesAssistedSnapshotsTest:test_volume_assisted_snapshot_create_delete): 200 GET http://10.180.1.21/compute/v2.1/servers/4654ac56-ed08-49bd-aa9a-71413f1e9961 8.665s
2025-12-10 05:48:54.878 65493 INFO tempest.common.waiters [-] State transition "BUILD/None" ==> "BUILD/spawning" after 25 second wait
2025-12-10 05:48:54.971 65532 INFO tempest.lib.common.rest_client [req-a5ad5e22-bb13-4fe1-bf49-b54ace378691 req-a5ad5e22-bb13-4fe1-bf49-b54ace378691 ] Request (ServersTestJSON:test_create_server_specify_multibyte_character_name): 202 POST http://10.180.1.21/compute/v2.1/servers 9.485s
2025-12-10 05:48:54.979 65472 INFO tempest.lib.common.rest_client [req-81aca34f-a4dc-49f8-8a4e-0dc4c1f5f6f5 req-81aca34f-a4dc-49f8-8a4e-0dc4c1f5f6f5 ] Request (FloatingIPsTestJSON:setUpClass): 200 PUT http://10.180.1.21/networking/v2.0/routers/4a744c6a-abab-4431-bfa2-b47da5886ce6/add_router_interface 1.509s
2025-12-10 05:48:54.979 65472 INFO tempest.lib.common.dynamic_creds [-] Created isolated network resources for: credentials: Credentials: {'domain_id': 'default', 'domain_name': 'Default', 'username': 'tempest-FloatingIPsTestJSON-180232803-project-member', 'project_domain_id': 'default', 'project_domain_name': 'Default', 'project_id': '552ce82624974acf859f6645737f753e', 'project_name': 'tempest-FloatingIPsTestJSON-180232803', 'tenant_id': '552ce82624974acf859f6645737f753e', 'tenant_name': 'tempest-FloatingIPsTestJSON-180232803', 'user_domain_id': 'default', 'user_domain_name': 'Default', 'user_id': 'b8d5860422c349e8889c86f6a952900c', 'system': None}, Network: {'id': '391e0ca9-85b1-4b29-998c-c23c203c00c7', 'name': 'tempest-FloatingIPsTestJSON-94506879-network', 'tenant_id': '552ce82624974acf859f6645737f753e', 'project_id': '552ce82624974acf859f6645737f753e', 'admin_state_up': True, 'mtu': 8950, 'status': 'ACTIVE', 'subnets': [], 'shared': False, 'port_security_enabled': True, 'router:external': False, 'provider:network_type': 'vlan', 'provider:physical_network': 'default', 'provider:segmentation_id': 673, 'availability_zone_hints': [], 'availability_zones': [], 'ipv4_address_scope': None, 'ipv6_address_scope': None, 'description': '', 'tags': [], 'created_at': '2025-12-10T05:48:51Z', 'updated_at': '2025-12-10T05:48:51Z', 'revision_number': 1}, Subnet: {'id': '2609b411-e6a6-4200-abfb-e6e6ddbd7e82', 'name': 'tempest-FloatingIPsTestJSON-94506879-subnet', 'tenant_id': '552ce82624974acf859f6645737f753e', 'network_id': '391e0ca9-85b1-4b29-998c-c23c203c00c7', 'ip_version': 4, 'subnetpool_id': None, 'enable_dhcp': True, 'ipv6_ra_mode': None, 'ipv6_address_mode': None, 'gateway_ip': '192.168.128.1', 'cidr': '192.168.128.0/28', 'allocation_pools': [{'start': '192.168.128.2', 'end': '192.168.128.14'}], 'host_routes': [], 'dns_nameservers': [], 'description': '', 'router:external': False, 'service_types': [], 'tags': [], 'created_at': '2025-12-10T05:48:52Z', 'updated_at': '2025-12-10T05:48:52Z', 'revision_number': 0, 'project_id': '552ce82624974acf859f6645737f753e'}, Router: {'id': '4a744c6a-abab-4431-bfa2-b47da5886ce6', 'name': 'tempest-FloatingIPsTestJSON-94506879-router', 'tenant_id': '552ce82624974acf859f6645737f753e', 'admin_state_up': True, 'status': 'ACTIVE', 'external_gateway_info': {'network_id': '0afbbf58-917f-4b2c-8757-2c82170a8aa4', 'external_fixed_ips': [{'subnet_id': '05fee68e-1302-48f6-ba27-c59c55105709', 'ip_address': '10.180.180.230'}], 'enable_snat': True}, 'description': '', 'availability_zones': [], 'distributed': False, 'ha': False, 'availability_zone_hints': [], 'routes': [], 'flavor_id': None, 'tags': [], 'created_at': '2025-12-10T05:48:52Z', 'updated_at': '2025-12-10T05:48:53Z', 'revision_number': 2, 'project_id': '552ce82624974acf859f6645737f753e'}
2025-12-10 05:48:55.107 65472 INFO tempest.lib.common.rest_client [req-7373ff28-8a78-4321-8c02-a9ce5193b31f req-7373ff28-8a78-4321-8c02-a9ce5193b31f ] Request (FloatingIPsTestJSON:setUpClass): 201 POST http://10.180.1.21/identity/v3/auth/tokens 0.123s
2025-12-10 05:48:55.128 65494 INFO tempest.lib.common.rest_client [req-c14551b6-7d0d-4d4e-8756-53dbe182d054 req-c14551b6-7d0d-4d4e-8756-53dbe182d054 ] Request (InstanceUsageAuditLogNegativeTestJSON:test_get_instance_usage_audit_logs_with_invalid_time): 400 GET http://10.180.1.21/compute/v2.1/os-instance_usage_audit_log/invalid_time 8.146s
2025-12-10 05:48:55.207 65503 INFO tempest.lib.common.rest_client [req-153fa3d4-b34b-412c-9df7-20f564ecd76e req-153fa3d4-b34b-412c-9df7-20f564ecd76e ] Request (ServersV294TestFqdnHostnames:setUpClass): 201 POST http://10.180.1.21/networking/v2.0/security-group-rules 0.367s
2025-12-10 05:48:55.560 65504 INFO tempest.lib.common.rest_client [req-ccee7ee6-678a-455f-932e-e79a2de99c64 req-ccee7ee6-678a-455f-932e-e79a2de99c64 ] Request (ImagesTestJSON:setUpClass): 201 POST http://10.180.1.21/networking/v2.0/networks 0.875s
2025-12-10 05:48:55.670 65526 INFO tempest.lib.common.rest_client [req-42dfc7a7-a09d-440f-ac03-131276b22bec req-42dfc7a7-a09d-440f-ac03-131276b22bec ] Request (DeleteServersTestJSON:test_delete_active_server): 200 GET http://10.180.1.21/compute/v2.1/servers/6fe839c0-a6da-44de-8bfe-d6e435e48e0e 8.933s
2025-12-10 05:48:55.728 65478 INFO tempest.lib.common.rest_client [req-20cab7b1-fc32-4da0-8af8-88bf2eeb1a76 req-20cab7b1-fc32-4da0-8af8-88bf2eeb1a76 ] Request (FlavorsAccessNegativeTestJSON:_run_cleanups): 200 GET http://10.180.1.21/compute/v2.1/flavors/detail 8.300s
2025-12-10 05:48:55.746 65510 INFO tempest.lib.common.rest_client [req-60280841-0dc7-4004-a3f0-4bfda8622d2f req-60280841-0dc7-4004-a3f0-4bfda8622d2f ] Request (FlavorsAdminTestJSON:_run_cleanups): 202 DELETE http://10.180.1.21/compute/v2.1/flavors/3620b74c-47e0-4d39-a431-38f4b0aba49e 8.283s
2025-12-10 05:48:55.819 65503 INFO tempest.lib.common.rest_client [req-1db05a04-9fab-48e7-9317-e937e284306b req-1db05a04-9fab-48e7-9317-e937e284306b ] Request (ServersV294TestFqdnHostnames:setUpClass): 201 POST http://10.180.1.21/networking/v2.0/floatingips 0.612s
2025-12-10 05:48:55.858 65504 INFO tempest.lib.common.rest_client [req-5442b98a-bf12-41e7-8c4d-d840d2b308cf req-5442b98a-bf12-41e7-8c4d-d840d2b308cf ] Request (ImagesTestJSON:setUpClass): 201 POST http://10.180.1.21/networking/v2.0/subnets 0.297s
2025-12-10 05:48:55.923 65503 INFO tempest.lib.common.rest_client [req-c870cff5-c62b-4ab4-b1eb-fa85473f0ad3 req-c870cff5-c62b-4ab4-b1eb-fa85473f0ad3 ] Request (ServersV294TestFqdnHostnames:setUpClass): 201 POST http://10.180.1.21/identity/v3/auth/tokens 0.100s
2025-12-10 05:48:55.923 65503 INFO tempest.lib.common.fixed_network [-] (ServersV294TestFqdnHostnames:setUpClass) Found network {'id': 'a9347162-f727-45d2-8ccd-ad6084d65109', 'name': 'tempest-ServersV294TestFqdnHostnames-1285309645-network', 'tenant_id': '8d3920954c0740bdbea96b6e1b47bec3', 'project_id': '8d3920954c0740bdbea96b6e1b47bec3', 'admin_state_up': True, 'mtu': 8950, 'status': 'ACTIVE', 'subnets': [], 'shared': False, 'port_security_enabled': True, 'router:external': False, 'provider:network_type': 'vlan', 'provider:physical_network': 'default', 'provider:segmentation_id': 523, 'availability_zone_hints': [], 'availability_zones': [], 'ipv4_address_scope': None, 'ipv6_address_scope': None, 'description': '', 'tags': [], 'created_at': '2025-12-10T05:48:41Z', 'updated_at': '2025-12-10T05:48:41Z', 'revision_number': 1} available for tenant
2025-12-10 05:48:56.501 65486 INFO tempest.lib.common.rest_client [req-b2729daa-9f7f-4ac1-80cd-221bf0b1942b req-b2729daa-9f7f-4ac1-80cd-221bf0b1942b ] Request (FloatingIPDetailsTestJSON:setUpClass): 200 POST http://10.180.1.21/compute/v2.1/os-floating-ips 9.515s
2025-12-10 05:48:56.549 65522 INFO tempest.lib.common.rest_client [req-fa6e0e77-c99b-4e41-941a-1967aa5461ac req-fa6e0e77-c99b-4e41-941a-1967aa5461ac ] Request (ListImageFiltersTestJSON:setUpClass): 200 GET http://10.180.1.21/compute/v2.1/images/2fc3d884-80a7-464a-bf97-bb03dda0af29 8.199s
2025-12-10 05:48:56.655 65512 INFO tempest.lib.common.rest_client [req-f127b4ae-2c11-4eeb-b635-8b0363ea4a70 req-f127b4ae-2c11-4eeb-b635-8b0363ea4a70 ] Request (MigrationsAdminTest:test_list_migrations_in_flavor_resize_situation): 202 POST http://10.180.1.21/compute/v2.1/servers 8.911s
2025-12-10 05:48:56.674 65516 INFO tempest.lib.common.rest_client [req-c861aa62-b689-46a5-aecb-7aa3fe203daf req-c861aa62-b689-46a5-aecb-7aa3fe203daf ] Request (ServerExternalEventsTest:test_create_server_external_events): 200 GET http://10.180.1.21/compute/v2.1/servers/d86cf38b-48ef-4d09-b5f5-2e5dc9a170e7 8.249s
2025-12-10 05:48:56.687 65516 INFO tempest.common.waiters [-] State transition "BUILD/None" ==> "BUILD/spawning" after 24 second wait
2025-12-10 05:48:56.809 65504 INFO tempest.lib.common.rest_client [req-06a8060f-5cb6-438f-9ddf-d1165632df6e req-06a8060f-5cb6-438f-9ddf-d1165632df6e ] Request (ImagesTestJSON:setUpClass): 201 POST http://10.180.1.21/networking/v2.0/routers 0.951s
2025-12-10 05:48:56.811 65476 INFO tempest.lib.common.rest_client [req-a543c067-e204-4ab0-bbf6-b731f345724c req-a543c067-e204-4ab0-bbf6-b731f345724c ] Request (ImagesOneServerNegativeTestJSON:setUpClass): 200 GET http://10.180.1.21/compute/v2.1/servers/052bed64-52a9-45af-be86-ee8d8dab8bf3 8.273s
2025-12-10 05:48:56.819 65476 INFO tempest.common.waiters [-] State transition "BUILD/None" ==> "BUILD/spawning" after 9 second wait
2025-12-10 05:48:56.860 65498 INFO tempest.lib.common.rest_client [req-5cae357f-d1f9-4636-ba98-c8e5a9052ba3 req-5cae357f-d1f9-4636-ba98-c8e5a9052ba3 ] Request (ServerDiagnosticsNegativeTest:test_get_server_diagnostics_by_non_admin): 403 GET http://10.180.1.21/compute/v2.1/servers/257a12b0-17a5-49cf-875b-6122b05c7c67/diagnostics 7.644s
2025-12-10 05:48:56.883 65474 INFO tempest.lib.common.rest_client [req-64a49c40-a72e-4e81-afa9-42af33b15e07 req-64a49c40-a72e-4e81-afa9-42af33b15e07 ] Request (ImagesMetadataNegativeTestJSON:test_get_nonexistent_image_metadata_item): 404 GET http://10.180.1.21/compute/v2.1/images/d3c2ea48-87e0-4a3b-aa54-3ffc7b19ebd9/metadata/os_version 7.494s
2025-12-10 05:48:56.974 65480 INFO tempest.lib.common.rest_client [req-4c5596f4-2db1-47d3-a336-577047e9f956 req-4c5596f4-2db1-47d3-a336-577047e9f956 ] Request (SecurityGroupRulesTestJSON:test_security_group_rules_delete_when_peer_group_deleted): 200 GET http://10.180.1.21/compute/v2.1/os-security-groups/7a3094dc-43b7-4e8b-a971-de64afedb8c7 7.089s
2025-12-10 05:48:56.990 65524 INFO tempest.lib.common.rest_client [req-0b110aeb-e832-4adc-9c76-f8616654aeae req-0b110aeb-e832-4adc-9c76-f8616654aeae ] Request (HostsAdminNegativeTestJSON:test_update_nonexistent_host): 404 PUT http://10.180.1.21/compute/v2.1/os-hosts/nonexistent_hostname 7.075s
2025-12-10 05:48:57.114 65524 INFO tempest.lib.common.rest_client [req-415c7ed5-b9f2-45bd-aef8-9550f9fa9bd3 req-415c7ed5-b9f2-45bd-aef8-9550f9fa9bd3 ] Request (HostsAdminNegativeTestJSON:tearDownClass): 204 DELETE http://10.180.1.21/identity/v3/users/efcb285edc8244fe9d85bd0c6d88fa9e 0.123s
2025-12-10 05:48:57.177 65496 INFO tempest.lib.common.rest_client [req-468b2cb8-5dd4-48bc-b79f-75d59fa0eaa2 req-468b2cb8-5dd4-48bc-b79f-75d59fa0eaa2 ] Request (VolumesAdminNegativeTest:test_update_attached_volume_with_nonexistent_volume_in_uri): 202 POST http://10.180.1.21/compute/v2.1/servers 8.697s
2025-12-10 05:48:57.284 65484 INFO tempest.lib.common.rest_client [req-24cdd4cc-6816-4711-bc48-67b2f1ca0bad req-24cdd4cc-6816-4711-bc48-67b2f1ca0bad ] Request (ServerDiagnosticsTest:test_get_server_diagnostics): 200 GET http://10.180.1.21/compute/v2.1/servers/d36dbe05-dfee-4ddb-9f48-63aee6128478 7.242s
2025-12-10 05:48:57.298 65488 INFO tempest.lib.common.rest_client [req-45478769-c937-4f98-b1d1-ca309d6adf87 req-45478769-c937-4f98-b1d1-ca309d6adf87 ] Request (SecurityGroupRulesNegativeTestJSON:test_delete_security_group_rule_with_non_existent_id): 404 DELETE http://10.180.1.21/compute/v2.1/os-security-group-rules/86d55031-7c7d-42bf-a089-ab16edfad891 6.316s
2025-12-10 05:48:57.344 65518 INFO tempest.lib.common.rest_client [req-25de7e2f-94c2-46b0-8d7c-afee2573a10d req-25de7e2f-94c2-46b0-8d7c-afee2573a10d ] Request (TenantUsagesTestJSON:test_get_usage_tenant_with_non_admin_user): 200 GET http://10.180.1.21/compute/v2.1/os-simple-tenant-usage/4dfb3067439d4c1184808d4d11b17a16?start=2025-12-09T05%3A48%3A43.206847&end=2025-12-11T05%3A48%3A43.206847 6.010s
2025-12-10 05:48:57.397 65524 INFO tempest.lib.common.rest_client [req-779b39b8-b1d0-4d18-996a-0578f2cd6142 req-779b39b8-b1d0-4d18-996a-0578f2cd6142 ] Request (HostsAdminNegativeTestJSON:tearDownClass): 204 DELETE http://10.180.1.21/identity/v3/users/c8816490cdcb4d7f961fba8c9e425328 0.283s
2025-12-10 05:48:57.398 65524 INFO tempest.lib.common.dynamic_creds [-] Deleting project and security group for project: fee3c1be28aa473da2d18563fca9d1a1
