2025-12-11 06:52:32.948 65936 INFO tempest.lib.common.rest_client [req-812ad6c9-f8b4-411a-a58f-7cea419c25ce req-812ad6c9-f8b4-411a-a58f-7cea419c25ce ] Request (FlavorsAccessNegativeTestJSON:setUpClass): 204 PUT http://10.180.1.21/identity/v3/projects/44b4add3a196405b8b8338b280846466/users/332f2bd2e8414b97a067f0084d1cab6f/roles/fc8938041b5249fbae1b8d47dee66a22 0.064s
2025-12-11 06:52:32.949 65936 INFO tempest.lib.common.dynamic_creds [-] Dynamic test user 332f2bd2e8414b97a067f0084d1cab6f is created with scope project and roles: ['member']
2025-12-11 06:52:32.949 65892 INFO tempest.lib.common.rest_client [req-0a30312f-8555-4031-8fcd-01b9cbe2b928 req-0a30312f-8555-4031-8fcd-01b9cbe2b928 ] Request (KeyPairsNegativeTestJSON:setUpClass): 200 GET http://10.180.1.21/identity/v3/domains?name=Default 0.047s
2025-12-11 06:52:32.949 65936 INFO tempest.lib.common.dynamic_creds [-] Acquired dynamic creds: credentials: Credentials: {'domain_id': 'default', 'domain_name': 'Default', 'username': 'tempest-FlavorsAccessNegativeTestJSON-2111171066-project-member', 'project_domain_id': 'default', 'project_domain_name': 'Default', 'project_id': '44b4add3a196405b8b8338b280846466', 'project_name': 'tempest-FlavorsAccessNegativeTestJSON-2111171066', 'tenant_id': '44b4add3a196405b8b8338b280846466', 'tenant_name': 'tempest-FlavorsAccessNegativeTestJSON-2111171066', 'user_domain_id': 'default', 'user_domain_name': 'Default', 'user_id': '332f2bd2e8414b97a067f0084d1cab6f', 'system': None}, Network: None, Subnet: None, Router: None
2025-12-11 06:52:32.949 65936 INFO tempest.lib.common.dynamic_creds [-] Created isolated network resources for: credentials: Credentials: {'domain_id': 'default', 'domain_name': 'Default', 'username': 'tempest-FlavorsAccessNegativeTestJSON-2111171066-project-member', 'project_domain_id': 'default', 'project_domain_name': 'Default', 'project_id': '44b4add3a196405b8b8338b280846466', 'project_name': 'tempest-FlavorsAccessNegativeTestJSON-2111171066', 'tenant_id': '44b4add3a196405b8b8338b280846466', 'tenant_name': 'tempest-FlavorsAccessNegativeTestJSON-2111171066', 'user_domain_id': 'default', 'user_domain_name': 'Default', 'user_id': '332f2bd2e8414b97a067f0084d1cab6f', 'system': None}, Network: None, Subnet: None, Router: None
2025-12-11 06:52:33.005 65940 INFO tempest.lib.common.rest_client [req-8f173507-eeb2-4983-b685-15b9f0de51a9 req-8f173507-eeb2-4983-b685-15b9f0de51a9 ] Request (AZAdminNegativeTestJSON:setUpClass): 200 GET http://10.180.1.21/identity/v3/domains?name=Default 0.106s
2025-12-11 06:52:33.017 65898 INFO tempest.lib.common.rest_client [req-7127bb42-7791-4f82-95c2-94b6c9aca604 req-7127bb42-7791-4f82-95c2-94b6c9aca604 ] Request (NetworksTest:setUpClass): 201 POST http://10.180.1.21/identity/v3/projects 0.107s
2025-12-11 06:52:33.066 65922 INFO tempest.lib.common.rest_client [req-2dd2bdd9-2785-4f4c-9ae7-b268e3a41adb req-2dd2bdd9-2785-4f4c-9ae7-b268e3a41adb ] Request (ServicesAdminNegativeTestJSON:setUpClass): 200 GET http://10.180.1.21/identity/v3/domains?name=Default 0.143s
2025-12-11 06:52:33.076 65900 INFO tempest.lib.common.rest_client [req-f7a525f8-0c24-47e5-93f6-988e36ff02e0 req-f7a525f8-0c24-47e5-93f6-988e36ff02e0 ] Request (HostsAdminTestJSON:setUpClass): 201 POST http://10.180.1.21/identity/v3/auth/tokens 0.152s
2025-12-11 06:52:33.093 65904 INFO tempest.lib.common.rest_client [req-35b4deba-1abb-41d6-ace1-03d8f6c3417f req-35b4deba-1abb-41d6-ace1-03d8f6c3417f ] Request (ImagesOneServerTestJSON:setUpClass): 201 POST http://10.180.1.21/networking/v2.0/subnets 0.201s
2025-12-11 06:52:33.097 65938 INFO tempest.lib.common.rest_client [req-5376a1e2-b6f6-480f-9a93-50cd16d3cae5 req-5376a1e2-b6f6-480f-9a93-50cd16d3cae5 ] Request (FlavorsExtraSpecsNegativeTestJSON:setUpClass): 201 POST http://10.180.1.21/identity/v3/projects 0.165s
2025-12-11 06:52:33.096 65892 INFO tempest.lib.common.rest_client [req-c2443f05-5966-421b-ab9b-b371da092925 req-c2443f05-5966-421b-ab9b-b371da092925 ] Request (KeyPairsNegativeTestJSON:setUpClass): 201 POST http://10.180.1.21/identity/v3/projects 0.141s
2025-12-11 06:52:33.151 65894 INFO tempest.lib.common.rest_client [req-34612dfa-3d3c-4ee3-8d09-97d53cf57eb7 req-34612dfa-3d3c-4ee3-8d09-97d53cf57eb7 ] Request (ServersAdminTestJSON:setUpClass): 201 POST http://10.180.1.21/identity/v3/auth/tokens 0.199s
2025-12-11 06:52:33.176 65936 INFO tempest.lib.common.rest_client [req-f1b7d99b-bec6-4fc7-b9fd-0dbe8962af41 req-f1b7d99b-bec6-4fc7-b9fd-0dbe8962af41 ] Request (FlavorsAccessNegativeTestJSON:setUpClass): 201 POST http://10.180.1.21/identity/v3/auth/tokens 0.188s
2025-12-11 06:52:33.186 65924 INFO tempest.lib.common.rest_client [req-192ed529-f084-40f3-9e8c-6afbacb89a36 req-192ed529-f084-40f3-9e8c-6afbacb89a36 ] Request (InstanceActionsV221TestJSON:setUpClass): 201 POST http://10.180.1.21/identity/v3/auth/tokens 0.203s
2025-12-11 06:52:33.203 65898 INFO tempest.lib.common.rest_client [req-151e8581-015a-4a8d-b623-eb94721e7e5c req-151e8581-015a-4a8d-b623-eb94721e7e5c ] Request (NetworksTest:setUpClass): 201 POST http://10.180.1.21/identity/v3/users 0.186s
2025-12-11 06:52:33.211 65918 INFO tempest.lib.common.rest_client [req-fab1625d-35b4-4e52-a00c-d20521013f3c req-fab1625d-35b4-4e52-a00c-d20521013f3c ] Request (DeleteServersAdminTestJSON:setUpClass): 201 POST http://10.180.1.21/identity/v3/auth/tokens 0.193s
2025-12-11 06:52:33.229 65940 INFO tempest.lib.common.rest_client [req-aadb5075-bd2f-4d12-a49a-b31a80cf2dcf req-aadb5075-bd2f-4d12-a49a-b31a80cf2dcf ] Request (AZAdminNegativeTestJSON:setUpClass): 201 POST http://10.180.1.21/identity/v3/projects 0.197s
2025-12-11 06:52:33.240 65922 INFO tempest.lib.common.rest_client [req-2b5a2ec0-7776-4774-b848-d95f7d5d6ba3 req-2b5a2ec0-7776-4774-b848-d95f7d5d6ba3 ] Request (ServicesAdminNegativeTestJSON:setUpClass): 201 POST http://10.180.1.21/identity/v3/projects 0.168s
2025-12-11 06:52:33.290 65920 INFO tempest.lib.common.rest_client [req-66d75bf6-1942-41ce-9778-3727238f8168 req-66d75bf6-1942-41ce-9778-3727238f8168 ] Request (QuotasSecurityGroupAdminNegativeTest:setUpClass): 201 POST http://10.180.1.21/identity/v3/auth/tokens 0.212s
2025-12-11 06:52:33.296 65900 INFO tempest.lib.common.rest_client [req-9eb71d21-6597-4d07-bb28-bc8212e3d16a req-9eb71d21-6597-4d07-bb28-bc8212e3d16a ] Request (HostsAdminTestJSON:setUpClass): 201 POST http://10.180.1.21/identity/v3/auth/tokens 0.202s
2025-12-11 06:52:33.317 65938 INFO tempest.lib.common.rest_client [req-2cb14e6d-15ee-433d-9571-1f0b6915e57d req-2cb14e6d-15ee-433d-9571-1f0b6915e57d ] Request (FlavorsExtraSpecsNegativeTestJSON:setUpClass): 201 POST http://10.180.1.21/identity/v3/users 0.220s
2025-12-11 06:52:33.330 65892 INFO tempest.lib.common.rest_client [req-5363b9c6-2b92-449f-82d3-eafeca265446 req-5363b9c6-2b92-449f-82d3-eafeca265446 ] Request (KeyPairsNegativeTestJSON:setUpClass): 201 POST http://10.180.1.21/identity/v3/users 0.228s
2025-12-11 06:52:33.357 65942 INFO tempest.lib.common.rest_client [req-23cf84e0-b20d-496c-9e1f-b68ee6f6425a req-23cf84e0-b20d-496c-9e1f-b68ee6f6425a ] Request (ServerExternalEventsTest:setUpClass): 201 POST http://10.180.1.21/identity/v3/auth/tokens 0.241s
2025-12-11 06:52:33.371 65914 INFO tempest.lib.common.rest_client [req-876ca344-e224-49ff-a3d2-c508ad681e31 req-876ca344-e224-49ff-a3d2-c508ad681e31 ] Request (InstanceUsageAuditLogTestJSON:setUpClass): 201 POST http://10.180.1.21/identity/v3/auth/tokens 0.229s
2025-12-11 06:52:33.376 65932 INFO tempest.lib.common.rest_client [req-49e82888-7645-4eaa-9999-270f567a66f2 req-49e82888-7645-4eaa-9999-270f567a66f2 ] Request (AggregatesAdminNegativeTestJSON:setUpClass): 201 POST http://10.180.1.21/identity/v3/auth/tokens 0.229s
2025-12-11 06:52:33.398 65894 INFO tempest.lib.common.rest_client [req-9e80f0b1-5300-4436-87a7-39187ed67c21 req-9e80f0b1-5300-4436-87a7-39187ed67c21 ] Request (ServersAdminTestJSON:setUpClass): 201 POST http://10.180.1.21/identity/v3/auth/tokens 0.244s
2025-12-11 06:52:33.407 65936 INFO tempest.lib.common.rest_client [req-6e5adba2-fb65-4e3d-8380-a34ae14f5511 req-6e5adba2-fb65-4e3d-8380-a34ae14f5511 ] Request (FlavorsAccessNegativeTestJSON:setUpClass): 201 POST http://10.180.1.21/identity/v3/projects 0.230s
2025-12-11 06:52:33.410 65948 INFO tempest.test [-] raised in LiveMigrationRemoteConsolesV26Test.setUpClass. Invoking tearDownClass.
2025-12-11 06:52:33.451 65924 INFO tempest.lib.common.rest_client [req-af921094-6be6-4be3-958a-49824d550c5e req-af921094-6be6-4be3-958a-49824d550c5e ] Request (InstanceActionsV221TestJSON:setUpClass): 201 POST http://10.180.1.21/identity/v3/auth/tokens 0.250s
2025-12-11 06:52:33.454 65898 INFO tempest.lib.common.rest_client [req-8d876b48-5d01-441b-a6ee-d76cd9d62297 req-8d876b48-5d01-441b-a6ee-d76cd9d62297 ] Request (NetworksTest:setUpClass): 200 GET http://10.180.1.21/identity/v3/roles 0.250s
2025-12-11 06:52:33.474 65902 INFO tempest.lib.common.rest_client [req-6f43c4d3-ce7a-41d6-9425-e7dcdf45bc7f req-6f43c4d3-ce7a-41d6-9425-e7dcdf45bc7f ] Request (FlavorMetadataValidation:setUpClass): 201 POST http://10.180.1.21/identity/v3/auth/tokens 0.280s
2025-12-11 06:52:33.476 65940 INFO tempest.lib.common.rest_client [req-a2b1b500-9838-4e76-a1c7-0f6622a93560 req-a2b1b500-9838-4e76-a1c7-0f6622a93560 ] Request (AZAdminNegativeTestJSON:setUpClass): 201 POST http://10.180.1.21/identity/v3/users 0.247s
2025-12-11 06:52:33.496 65918 INFO tempest.lib.common.rest_client [req-fa728a60-d097-4dca-abaf-12bbfda94dce req-fa728a60-d097-4dca-abaf-12bbfda94dce ] Request (DeleteServersAdminTestJSON:setUpClass): 201 POST http://10.180.1.21/identity/v3/auth/tokens 0.282s
2025-12-11 06:52:33.499 65922 INFO tempest.lib.common.rest_client [req-5b3078a0-d6d4-4fae-968e-d92e2e440f93 req-5b3078a0-d6d4-4fae-968e-d92e2e440f93 ] Request (ServicesAdminNegativeTestJSON:setUpClass): 201 POST http://10.180.1.21/identity/v3/users 0.256s
2025-12-11 06:52:33.519 65926 INFO tempest.lib.common.rest_client [req-1f12dee8-c62f-4d21-a030-60c90aa87b7a req-1f12dee8-c62f-4d21-a030-60c90aa87b7a ] Request (HypervisorAdminV228Test:setUpClass): 201 POST http://10.180.1.21/identity/v3/auth/tokens 0.273s
2025-12-11 06:52:33.521 65910 INFO tempest.lib.common.rest_client [req-6b705db8-7344-4b2c-8d8b-7810c2eb835b req-6b705db8-7344-4b2c-8d8b-7810c2eb835b ] Request (FloatingIPsAssociationNegativeTestJSON:setUpClass): 201 POST http://10.180.1.21/identity/v3/auth/tokens 0.247s
2025-12-11 06:52:33.541 65954 INFO tempest.lib.common.rest_client [req-ec1d3afd-4755-4a07-990d-a14d02cbd571 req-ec1d3afd-4755-4a07-990d-a14d02cbd571 ] Request (FloatingIPDetailsNegativeTestJSON:setUpClass): 201 POST http://10.180.1.21/identity/v3/auth/tokens 0.260s
2025-12-11 06:52:33.544 65900 INFO tempest.lib.common.rest_client [req-805b67ee-09e3-48fb-a209-0c50a2e105a8 req-805b67ee-09e3-48fb-a209-0c50a2e105a8 ] Request (HostsAdminTestJSON:setUpClass): 200 GET http://10.180.1.21/identity/v3/domains?name=Default 0.247s
2025-12-11 06:52:33.561 65920 INFO tempest.lib.common.rest_client [req-816bdcff-5083-469a-b4d7-bf9e306cd0b5 req-816bdcff-5083-469a-b4d7-bf9e306cd0b5 ] Request (QuotasSecurityGroupAdminNegativeTest:setUpClass): 201 POST http://10.180.1.21/identity/v3/auth/tokens 0.264s
2025-12-11 06:52:33.567 65950 INFO tempest.lib.common.rest_client [req-b1310de5-e220-4b7f-bdee-2b7d80dd8ee4 req-b1310de5-e220-4b7f-bdee-2b7d80dd8ee4 ] Request (FlavorsAccessTestJSON:setUpClass): 201 POST http://10.180.1.21/identity/v3/auth/tokens 0.269s
2025-12-11 06:52:33.582 65896 INFO tempest.lib.common.rest_client [req-0ab92e38-231b-4fed-838c-0cc13efe9ac0 req-0ab92e38-231b-4fed-838c-0cc13efe9ac0 ] Request (HypervisorAdminV253TestBase:setUpClass): 201 POST http://10.180.1.21/identity/v3/auth/tokens 0.265s
2025-12-11 06:52:33.585 65938 INFO tempest.lib.common.rest_client [req-d8c88504-422b-47b8-9c03-42a3cda0bfba req-d8c88504-422b-47b8-9c03-42a3cda0bfba ] Request (FlavorsExtraSpecsNegativeTestJSON:setUpClass): 200 GET http://10.180.1.21/identity/v3/roles 0.267s
2025-12-11 06:52:33.598 65892 INFO tempest.lib.common.rest_client [req-cee3d2d3-3393-4f5d-b0e3-9b022b4bf47c req-cee3d2d3-3393-4f5d-b0e3-9b022b4bf47c ] Request (KeyPairsNegativeTestJSON:setUpClass): 200 GET http://10.180.1.21/identity/v3/roles 0.268s
2025-12-11 06:52:33.611 65946 INFO tempest.lib.common.rest_client [req-ace970b6-b496-48fc-afbc-f07f6aea407c req-ace970b6-b496-48fc-afbc-f07f6aea407c ] Request (FlavorsExtraSpecsTestJSON:setUpClass): 201 POST http://10.180.1.21/identity/v3/auth/tokens 0.252s
2025-12-11 06:52:33.620 65906 INFO tempest.lib.common.rest_client [req-407872ae-eda3-456d-ac5b-42a1816e3497 req-407872ae-eda3-456d-ac5b-42a1816e3497 ] Request (FlavorsAdminTestJSON:setUpClass): 201 POST http://10.180.1.21/identity/v3/auth/tokens 0.249s
2025-12-11 06:52:33.633 65934 INFO tempest.lib.common.rest_client [req-30ac0648-3999-4304-b6fd-9d9b724d439c req-30ac0648-3999-4304-b6fd-9d9b724d439c ] Request (InstanceUsageAuditLogNegativeTestJSON:setUpClass): 201 POST http://10.180.1.21/identity/v3/auth/tokens 0.262s
2025-12-11 06:52:33.644 65942 INFO tempest.lib.common.rest_client [req-965b5a54-7ce9-42ca-ba92-7dfb55b05a49 req-965b5a54-7ce9-42ca-ba92-7dfb55b05a49 ] Request (ServerExternalEventsTest:setUpClass): 201 POST http://10.180.1.21/identity/v3/auth/tokens 0.270s
2025-12-11 06:52:33.663 65914 INFO tempest.lib.common.rest_client [req-5d7d103d-6803-428e-bf7b-402c7b88d3f3 req-5d7d103d-6803-428e-bf7b-402c7b88d3f3 ] Request (InstanceUsageAuditLogTestJSON:setUpClass): 201 POST http://10.180.1.21/identity/v3/auth/tokens 0.280s
2025-12-11 06:52:33.670 65932 INFO tempest.lib.common.rest_client [req-54aed610-5525-4099-89c7-79bc2d306eff req-54aed610-5525-4099-89c7-79bc2d306eff ] Request (AggregatesAdminNegativeTestJSON:setUpClass): 201 POST http://10.180.1.21/identity/v3/auth/tokens 0.281s
2025-12-11 06:52:33.686 65894 INFO tempest.lib.common.rest_client [req-43c1037a-887c-4692-a5e0-e32b0c0d8141 req-43c1037a-887c-4692-a5e0-e32b0c0d8141 ] Request (ServersAdminTestJSON:setUpClass): 200 GET http://10.180.1.21/identity/v3/domains?name=Default 0.287s
2025-12-11 06:52:33.691 65936 INFO tempest.lib.common.rest_client [req-cb54b38f-a64e-42cb-b6c9-d97dab65870a req-cb54b38f-a64e-42cb-b6c9-d97dab65870a ] Request (FlavorsAccessNegativeTestJSON:setUpClass): 201 POST http://10.180.1.21/identity/v3/users 0.283s
2025-12-11 06:52:33.710 65930 INFO tempest.lib.common.rest_client [req-dd218f82-21cd-4bfb-a8e3-bab511c4e155 req-dd218f82-21cd-4bfb-a8e3-bab511c4e155 ] Request (QuotaClassesAdminTestJSON:setUpClass): 201 POST http://10.180.1.21/identity/v3/auth/tokens 0.305s
2025-12-11 06:52:33.712 65908 INFO tempest.lib.common.rest_client [req-4bdbe9bd-e62d-4246-8568-69359f5ee49c req-4bdbe9bd-e62d-4246-8568-69359f5ee49c ] Request (HostsAdminNegativeTestJSON:setUpClass): 201 POST http://10.180.1.21/identity/v3/auth/tokens 0.303s
2025-12-11 06:52:33.734 65944 INFO tempest.lib.common.rest_client [req-666ebfad-55ce-4b61-8de5-5884cea4d5d0 req-666ebfad-55ce-4b61-8de5-5884cea4d5d0 ] Request (FlavorsV255TestJSON:setUpClass): 201 POST http://10.180.1.21/identity/v3/auth/tokens 0.320s
2025-12-11 06:52:33.739 65948 INFO tempest.lib.common.rest_client [req-cc180b6f-c533-447d-aac3-ccd3d8ecfe8d req-cc180b6f-c533-447d-aac3-ccd3d8ecfe8d ] Request (FloatingIPsTestJSON:setUpClass): 201 POST http://10.180.1.21/identity/v3/auth/tokens 0.322s
2025-12-11 06:52:33.759 65912 INFO tempest.lib.common.rest_client [req-6e0928c5-f11c-4e0f-b418-cf3cc7ca41fd req-6e0928c5-f11c-4e0f-b418-cf3cc7ca41fd ] Request (QuotasAdminTestV236:setUpClass): 201 POST http://10.180.1.21/identity/v3/auth/tokens 0.316s
2025-12-11 06:52:33.765 65916 INFO tempest.lib.common.rest_client [req-dda1630b-475c-4d5b-9d85-cd70c1effb64 req-dda1630b-475c-4d5b-9d85-cd70c1effb64 ] Request (KeyPairsV210TestJSON:setUpClass): 201 POST http://10.180.1.21/identity/v3/auth/tokens 0.317s
2025-12-11 06:52:33.784 65924 INFO tempest.lib.common.rest_client [req-a36bc549-0bf9-4f52-be0b-6a8e8bf6f2db req-a36bc549-0bf9-4f52-be0b-6a8e8bf6f2db ] Request (InstanceActionsV221TestJSON:setUpClass): 200 GET http://10.180.1.21/identity/v3/domains?name=Default 0.333s
2025-12-11 06:52:33.795 65898 INFO tempest.lib.common.rest_client [req-cdf1fe67-88c6-45e6-ad2e-b0c140b18662 req-cdf1fe67-88c6-45e6-ad2e-b0c140b18662 ] Request (NetworksTest:setUpClass): 204 PUT http://10.180.1.21/identity/v3/projects/86afa9e3047d4e989c51e50fadef040c/users/d1099db0833b4a0ebf4f5e4bad57386d/roles/fc8938041b5249fbae1b8d47dee66a22 0.341s
2025-12-11 06:52:33.795 65898 INFO tempest.lib.common.dynamic_creds [-] Dynamic test user d1099db0833b4a0ebf4f5e4bad57386d is created with scope project and roles: ['member']
2025-12-11 06:52:33.796 65898 INFO tempest.lib.common.dynamic_creds [-] Acquired dynamic creds: credentials: Credentials: {'domain_id': 'default', 'domain_name': 'Default', 'username': 'tempest-NetworksTest-1250986848-project-member', 'project_domain_id': 'default', 'project_domain_name': 'Default', 'project_id': '86afa9e3047d4e989c51e50fadef040c', 'project_name': 'tempest-NetworksTest-1250986848', 'tenant_id': '86afa9e3047d4e989c51e50fadef040c', 'tenant_name': 'tempest-NetworksTest-1250986848', 'user_domain_id': 'default', 'user_domain_name': 'Default', 'user_id': 'd1099db0833b4a0ebf4f5e4bad57386d', 'system': None}, Network: None, Subnet: None, Router: None
2025-12-11 06:52:33.796 65898 INFO tempest.lib.common.dynamic_creds [-] Created isolated network resources for: credentials: Credentials: {'domain_id': 'default', 'domain_name': 'Default', 'username': 'tempest-NetworksTest-1250986848-project-member', 'project_domain_id': 'default', 'project_domain_name': 'Default', 'project_id': '86afa9e3047d4e989c51e50fadef040c', 'project_name': 'tempest-NetworksTest-1250986848', 'tenant_id': '86afa9e3047d4e989c51e50fadef040c', 'tenant_name': 'tempest-NetworksTest-1250986848', 'user_domain_id': 'default', 'user_domain_name': 'Default', 'user_id': 'd1099db0833b4a0ebf4f5e4bad57386d', 'system': None}, Network: None, Subnet: None, Router: None
2025-12-11 06:52:33.827 65904 INFO tempest.lib.common.rest_client [req-6ab673ed-69a0-44db-bc77-742812b31818 req-6ab673ed-69a0-44db-bc77-742812b31818 ] Request (ImagesOneServerTestJSON:setUpClass): 201 POST http://10.180.1.21/networking/v2.0/routers 0.733s
2025-12-11 06:52:33.840 65928 INFO tempest.lib.common.rest_client [req-237b4c4a-eb55-4b4f-b33a-e9579901e556 req-237b4c4a-eb55-4b4f-b33a-e9579901e556 ] Request (HypervisorAdminNegativeTestJSON:setUpClass): 201 POST http://10.180.1.21/identity/v3/auth/tokens 0.385s
2025-12-11 06:52:33.849 65940 INFO tempest.lib.common.rest_client [req-16052de7-0226-4b22-b8f0-098c3b77939d req-16052de7-0226-4b22-b8f0-098c3b77939d ] Request (AZAdminNegativeTestJSON:setUpClass): 200 GET http://10.180.1.21/identity/v3/roles 0.373s
2025-12-11 06:52:33.862 65902 INFO tempest.lib.common.rest_client [req-c4767611-3d8b-4010-9a44-0b722dd8a344 req-c4767611-3d8b-4010-9a44-0b722dd8a344 ] Request (FlavorMetadataValidation:setUpClass): 201 POST http://10.180.1.21/identity/v3/auth/tokens 0.385s
2025-12-11 06:52:33.872 65952 INFO tempest.lib.common.rest_client [req-d676ae02-5f16-452c-b0b6-1121cc70d475 req-d676ae02-5f16-452c-b0b6-1121cc70d475 ] Request (VolumesAssistedSnapshotsTest:setUpClass): 201 POST http://10.180.1.21/identity/v3/auth/tokens 0.380s
2025-12-11 06:52:33.886 65918 INFO tempest.lib.common.rest_client [req-31ebecf5-5749-4078-b264-e9ee2bc3770b req-31ebecf5-5749-4078-b264-e9ee2bc3770b ] Request (DeleteServersAdminTestJSON:setUpClass): 200 GET http://10.180.1.21/identity/v3/domains?name=Default 0.389s
2025-12-11 06:52:33.887 65922 INFO tempest.lib.common.rest_client [req-bd466e18-2120-4d62-ad9d-ce3861035f2d req-bd466e18-2120-4d62-ad9d-ce3861035f2d ] Request (ServicesAdminNegativeTestJSON:setUpClass): 200 GET http://10.180.1.21/identity/v3/roles 0.388s
2025-12-11 06:52:33.909 65910 INFO tempest.lib.common.rest_client [req-a439b0cf-7425-4fe5-86b8-6641fee9d85c req-a439b0cf-7425-4fe5-86b8-6641fee9d85c ] Request (FloatingIPsAssociationNegativeTestJSON:setUpClass): 201 POST http://10.180.1.21/identity/v3/auth/tokens 0.384s
2025-12-11 06:52:33.909 65926 INFO tempest.lib.common.rest_client [req-675b3ab3-0e98-481c-aa19-df31b3e7c715 req-675b3ab3-0e98-481c-aa19-df31b3e7c715 ] Request (HypervisorAdminV228Test:setUpClass): 201 POST http://10.180.1.21/identity/v3/auth/tokens 0.387s
2025-12-11 06:52:33.931 65900 INFO tempest.lib.common.rest_client [req-05521bd0-b3b2-403f-b72e-0277115570ef req-05521bd0-b3b2-403f-b72e-0277115570ef ] Request (HostsAdminTestJSON:setUpClass): 201 POST http://10.180.1.21/identity/v3/projects 0.383s
2025-12-11 06:52:33.931 65954 INFO tempest.lib.common.rest_client [req-5cf70e01-0086-490a-a730-bab0550e808f req-5cf70e01-0086-490a-a730-bab0550e808f ] Request (FloatingIPDetailsNegativeTestJSON:setUpClass): 201 POST http://10.180.1.21/identity/v3/auth/tokens 0.387s
2025-12-11 06:52:33.979 65920 INFO tempest.lib.common.rest_client [req-e3b59292-f4ec-480d-9c1f-a931d629c0a2 req-e3b59292-f4ec-480d-9c1f-a931d629c0a2 ] Request (QuotasSecurityGroupAdminNegativeTest:setUpClass): 200 GET http://10.180.1.21/identity/v3/domains?name=Default 0.417s
2025-12-11 06:52:33.985 65950 INFO tempest.lib.common.rest_client [req-123fd7a1-02ca-4411-9bdb-749608c750c2 req-123fd7a1-02ca-4411-9bdb-749608c750c2 ] Request (FlavorsAccessTestJSON:setUpClass): 201 POST http://10.180.1.21/identity/v3/auth/tokens 0.414s
2025-12-11 06:52:34.008 65938 INFO tempest.lib.common.rest_client [req-49e2c70c-b279-4d7a-a2fb-b50f6b73bdcc req-49e2c70c-b279-4d7a-a2fb-b50f6b73bdcc ] Request (FlavorsExtraSpecsNegativeTestJSON:setUpClass): 204 PUT http://10.180.1.21/identity/v3/projects/efd97cb623034184b5ff910788ffdc82/users/d04c7dbd8ffe489fae2f6acc3b302b23/roles/fc8938041b5249fbae1b8d47dee66a22 0.422s
2025-12-11 06:52:34.008 65938 INFO tempest.lib.common.dynamic_creds [-] Dynamic test user d04c7dbd8ffe489fae2f6acc3b302b23 is created with scope project and roles: ['member']
2025-12-11 06:52:34.008 65938 INFO tempest.lib.common.dynamic_creds [-] Acquired dynamic creds: credentials: Credentials: {'domain_id': 'default', 'domain_name': 'Default', 'username': 'tempest-FlavorsExtraSpecsNegativeTestJSON-1024240030-project-member', 'project_domain_id': 'default', 'project_domain_name': 'Default', 'project_id': 'efd97cb623034184b5ff910788ffdc82', 'project_name': 'tempest-FlavorsExtraSpecsNegativeTestJSON-1024240030', 'tenant_id': 'efd97cb623034184b5ff910788ffdc82', 'tenant_name': 'tempest-FlavorsExtraSpecsNegativeTestJSON-1024240030', 'user_domain_id': 'default', 'user_domain_name': 'Default', 'user_id': 'd04c7dbd8ffe489fae2f6acc3b302b23', 'system': None}, Network: None, Subnet: None, Router: None
2025-12-11 06:52:34.008 65938 INFO tempest.lib.common.dynamic_creds [-] Created isolated network resources for: credentials: Credentials: {'domain_id': 'default', 'domain_name': 'Default', 'username': 'tempest-FlavorsExtraSpecsNegativeTestJSON-1024240030-project-member', 'project_domain_id': 'default', 'project_domain_name': 'Default', 'project_id': 'efd97cb623034184b5ff910788ffdc82', 'project_name': 'tempest-FlavorsExtraSpecsNegativeTestJSON-1024240030', 'tenant_id': 'efd97cb623034184b5ff910788ffdc82', 'tenant_name': 'tempest-FlavorsExtraSpecsNegativeTestJSON-1024240030', 'user_domain_id': 'default', 'user_domain_name': 'Default', 'user_id': 'd04c7dbd8ffe489fae2f6acc3b302b23', 'system': None}, Network: None, Subnet: None, Router: None
2025-12-11 06:52:34.009 65896 INFO tempest.lib.common.rest_client [req-dc5663cc-4f01-4593-95dc-b65757bcba79 req-dc5663cc-4f01-4593-95dc-b65757bcba79 ] Request (HypervisorAdminV253TestBase:setUpClass): 201 POST http://10.180.1.21/identity/v3/auth/tokens 0.423s
2025-12-11 06:52:34.059 65892 INFO tempest.lib.common.rest_client [req-a7df5944-f4b6-4d27-85a9-42c0d2dfb85b req-a7df5944-f4b6-4d27-85a9-42c0d2dfb85b ] Request (KeyPairsNegativeTestJSON:setUpClass): 204 PUT http://10.180.1.21/identity/v3/projects/d8c93a843f0f443a9903c67c3f014e08/users/9fb41c912722498bbd56d8e851ae7709/roles/fc8938041b5249fbae1b8d47dee66a22 0.460s
2025-12-11 06:52:34.059 65892 INFO tempest.lib.common.dynamic_creds [-] Dynamic test user 9fb41c912722498bbd56d8e851ae7709 is created with scope project and roles: ['member']
2025-12-11 06:52:34.060 65892 INFO tempest.lib.common.dynamic_creds [-] Acquired dynamic creds: credentials: Credentials: {'domain_id': 'default', 'domain_name': 'Default', 'username': 'tempest-KeyPairsNegativeTestJSON-1279739087-project-member', 'project_domain_id': 'default', 'project_domain_name': 'Default', 'project_id': 'd8c93a843f0f443a9903c67c3f014e08', 'project_name': 'tempest-KeyPairsNegativeTestJSON-1279739087', 'tenant_id': 'd8c93a843f0f443a9903c67c3f014e08', 'tenant_name': 'tempest-KeyPairsNegativeTestJSON-1279739087', 'user_domain_id': 'default', 'user_domain_name': 'Default', 'user_id': '9fb41c912722498bbd56d8e851ae7709', 'system': None}, Network: None, Subnet: None, Router: None
2025-12-11 06:52:34.060 65892 INFO tempest.lib.common.dynamic_creds [-] Created isolated network resources for: credentials: Credentials: {'domain_id': 'default', 'domain_name': 'Default', 'username': 'tempest-KeyPairsNegativeTestJSON-1279739087-project-member', 'project_domain_id': 'default', 'project_domain_name': 'Default', 'project_id': 'd8c93a843f0f443a9903c67c3f014e08', 'project_name': 'tempest-KeyPairsNegativeTestJSON-1279739087', 'tenant_id': 'd8c93a843f0f443a9903c67c3f014e08', 'tenant_name': 'tempest-KeyPairsNegativeTestJSON-1279739087', 'user_domain_id': 'default', 'user_domain_name': 'Default', 'user_id': '9fb41c912722498bbd56d8e851ae7709', 'system': None}, Network: None, Subnet: None, Router: None
2025-12-11 06:52:34.066 65946 INFO tempest.lib.common.rest_client [req-43becfd4-a07d-48f9-9f1d-2d8985dca9a9 req-43becfd4-a07d-48f9-9f1d-2d8985dca9a9 ] Request (FlavorsExtraSpecsTestJSON:setUpClass): 201 POST http://10.180.1.21/identity/v3/auth/tokens 0.451s
2025-12-11 06:52:34.109 65906 INFO tempest.lib.common.rest_client [req-9ab7eee8-ae71-4874-af1b-c22b5a045070 req-9ab7eee8-ae71-4874-af1b-c22b5a045070 ] Request (FlavorsAdminTestJSON:setUpClass): 201 POST http://10.180.1.21/identity/v3/auth/tokens 0.485s
2025-12-11 06:52:34.118 65934 INFO tempest.lib.common.rest_client [req-ee517c35-c36c-452f-aae5-ffd8d4954ec5 req-ee517c35-c36c-452f-aae5-ffd8d4954ec5 ] Request (InstanceUsageAuditLogNegativeTestJSON:setUpClass): 201 POST http://10.180.1.21/identity/v3/auth/tokens 0.482s
2025-12-11 06:52:34.129 65942 INFO tempest.lib.common.rest_client [req-2d24f253-bdba-4c3b-8da1-1a840121c6a1 req-2d24f253-bdba-4c3b-8da1-1a840121c6a1 ] Request (ServerExternalEventsTest:setUpClass): 200 GET http://10.180.1.21/identity/v3/domains?name=Default 0.484s
2025-12-11 06:52:34.137 65914 INFO tempest.lib.common.rest_client [req-fc1d6eb0-b2a6-4ff0-b92e-ca89909fdb6f req-fc1d6eb0-b2a6-4ff0-b92e-ca89909fdb6f ] Request (InstanceUsageAuditLogTestJSON:setUpClass): 200 GET http://10.180.1.21/identity/v3/domains?name=Default 0.474s
2025-12-11 06:52:34.149 65932 INFO tempest.lib.common.rest_client [req-ca30c0b4-adfc-44c4-9f02-82e054aead60 req-ca30c0b4-adfc-44c4-9f02-82e054aead60 ] Request (AggregatesAdminNegativeTestJSON:setUpClass): 200 GET http://10.180.1.21/identity/v3/domains?name=Default 0.477s
2025-12-11 06:52:34.160 65894 INFO tempest.lib.common.rest_client [req-568d9f10-2cbc-4521-8985-5192f8991e02 req-568d9f10-2cbc-4521-8985-5192f8991e02 ] Request (ServersAdminTestJSON:setUpClass): 201 POST http://10.180.1.21/identity/v3/projects 0.471s
2025-12-11 06:52:34.167 65936 INFO tempest.lib.common.rest_client [req-e23c15fd-43ae-4735-91a9-fd39d965e547 req-e23c15fd-43ae-4735-91a9-fd39d965e547 ] Request (FlavorsAccessNegativeTestJSON:setUpClass): 200 GET http://10.180.1.21/identity/v3/roles 0.476s
2025-12-11 06:52:34.212 65930 INFO tempest.lib.common.rest_client [req-8bb7ae65-fc00-4e53-88c3-8209dd211c6c req-8bb7ae65-fc00-4e53-88c3-8209dd211c6c ] Request (QuotaClassesAdminTestJSON:setUpClass): 201 POST http://10.180.1.21/identity/v3/auth/tokens 0.498s
2025-12-11 06:52:34.220 65908 INFO tempest.lib.common.rest_client [req-6843daec-eec3-4be6-9966-bf992e358aaf req-6843daec-eec3-4be6-9966-bf992e358aaf ] Request (HostsAdminNegativeTestJSON:setUpClass): 201 POST http://10.180.1.21/identity/v3/auth/tokens 0.504s
2025-12-11 06:52:34.234 65944 INFO tempest.lib.common.rest_client [req-55ed5cc8-034b-4b94-873f-6c09b60cc789 req-55ed5cc8-034b-4b94-873f-6c09b60cc789 ] Request (FlavorsV255TestJSON:setUpClass): 201 POST http://10.180.1.21/identity/v3/auth/tokens 0.496s
2025-12-11 06:52:34.241 65948 INFO tempest.lib.common.rest_client [req-bb4278e9-1297-432f-939f-cb301e6e1154 req-bb4278e9-1297-432f-939f-cb301e6e1154 ] Request (FloatingIPsTestJSON:setUpClass): 201 POST http://10.180.1.21/identity/v3/auth/tokens 0.500s
2025-12-11 06:52:34.257 65912 INFO tempest.lib.common.rest_client [req-8ab53d95-9050-470e-af44-2115cdc9849f req-8ab53d95-9050-470e-af44-2115cdc9849f ] Request (QuotasAdminTestV236:setUpClass): 201 POST http://10.180.1.21/identity/v3/auth/tokens 0.494s
2025-12-11 06:52:34.264 65916 INFO tempest.lib.common.rest_client [req-c037070b-1b14-4200-968a-a5097cdce895 req-c037070b-1b14-4200-968a-a5097cdce895 ] Request (KeyPairsV210TestJSON:setUpClass): 201 POST http://10.180.1.21/identity/v3/auth/tokens 0.496s
2025-12-11 06:52:34.281 65924 INFO tempest.lib.common.rest_client [req-e112243a-6e17-4c16-a22b-cbaad49cdb29 req-e112243a-6e17-4c16-a22b-cbaad49cdb29 ] Request (InstanceActionsV221TestJSON:setUpClass): 201 POST http://10.180.1.21/identity/v3/projects 0.495s
2025-12-11 06:52:34.337 65898 INFO tempest.lib.common.rest_client [req-ef72a463-1a2b-4ba2-82d7-b3930a5beb70 req-ef72a463-1a2b-4ba2-82d7-b3930a5beb70 ] Request (NetworksTest:setUpClass): 201 POST http://10.180.1.21/identity/v3/auth/tokens 0.535s
2025-12-11 06:52:34.346 65928 INFO tempest.lib.common.rest_client [req-76da989c-1b45-421b-bc98-07143646a53a req-76da989c-1b45-421b-bc98-07143646a53a ] Request (HypervisorAdminNegativeTestJSON:setUpClass): 201 POST http://10.180.1.21/identity/v3/auth/tokens 0.502s
2025-12-11 06:52:34.371 65902 INFO tempest.lib.common.rest_client [req-b37f9605-a978-4577-bd45-806150f0ae62 req-b37f9605-a978-4577-bd45-806150f0ae62 ] Request (FlavorMetadataValidation:setUpClass): 200 GET http://10.180.1.21/identity/v3/domains?name=Default 0.508s
2025-12-11 06:52:34.400 65940 INFO tempest.lib.common.rest_client [req-2d0d064e-45d6-420f-b0a5-a0723869db16 req-2d0d064e-45d6-420f-b0a5-a0723869db16 ] Request (AZAdminNegativeTestJSON:setUpClass): 204 PUT http://10.180.1.21/identity/v3/projects/ed12d0a78da641fab32cc76ba4716905/users/663e76bf81c044c4814a0a2c2619f1c5/roles/fc8938041b5249fbae1b8d47dee66a22 0.550s
2025-12-11 06:52:34.400 65940 INFO tempest.lib.common.dynamic_creds [-] Dynamic test user 663e76bf81c044c4814a0a2c2619f1c5 is created with scope project and roles: ['member']
2025-12-11 06:52:34.401 65940 INFO tempest.lib.common.dynamic_creds [-] Acquired dynamic creds: credentials: Credentials: {'domain_id': 'default', 'domain_name': 'Default', 'username': 'tempest-AZAdminNegativeTestJSON-52595410-project-member', 'project_domain_id': 'default', 'project_domain_name': 'Default', 'project_id': 'ed12d0a78da641fab32cc76ba4716905', 'project_name': 'tempest-AZAdminNegativeTestJSON-52595410', 'tenant_id': 'ed12d0a78da641fab32cc76ba4716905', 'tenant_name': 'tempest-AZAdminNegativeTestJSON-52595410', 'user_domain_id': 'default', 'user_domain_name': 'Default', 'user_id': '663e76bf81c044c4814a0a2c2619f1c5', 'system': None}, Network: None, Subnet: None, Router: None
2025-12-11 06:52:34.401 65940 INFO tempest.lib.common.dynamic_creds [-] Created isolated network resources for: credentials: Credentials: {'domain_id': 'default', 'domain_name': 'Default', 'username': 'tempest-AZAdminNegativeTestJSON-52595410-project-member', 'project_domain_id': 'default', 'project_domain_name': 'Default', 'project_id': 'ed12d0a78da641fab32cc76ba4716905', 'project_name': 'tempest-AZAdminNegativeTestJSON-52595410', 'tenant_id': 'ed12d0a78da641fab32cc76ba4716905', 'tenant_name': 'tempest-AZAdminNegativeTestJSON-52595410', 'user_domain_id': 'default', 'user_domain_name': 'Default', 'user_id': '663e76bf81c044c4814a0a2c2619f1c5', 'system': None}, Network: None, Subnet: None, Router: None
2025-12-11 06:52:34.433 65952 INFO tempest.lib.common.rest_client [req-1275f935-6f11-4605-851b-4daa10111fed req-1275f935-6f11-4605-851b-4daa10111fed ] Request (VolumesAssistedSnapshotsTest:setUpClass): 201 POST http://10.180.1.21/identity/v3/auth/tokens 0.557s
2025-12-11 06:52:34.454 65922 INFO tempest.lib.common.rest_client [req-9876bdce-76e3-4ddc-aa45-d5bd47d068b4 req-9876bdce-76e3-4ddc-aa45-d5bd47d068b4 ] Request (ServicesAdminNegativeTestJSON:setUpClass): 204 PUT http://10.180.1.21/identity/v3/projects/25028842bba54df2a5e373603ae3ffe2/users/56bf91417a0e400e8860cc4398d4402d/roles/fc8938041b5249fbae1b8d47dee66a22 0.566s
2025-12-11 06:52:34.454 65922 INFO tempest.lib.common.dynamic_creds [-] Dynamic test user 56bf91417a0e400e8860cc4398d4402d is created with scope project and roles: ['member']
2025-12-11 06:52:34.454 65922 INFO tempest.lib.common.dynamic_creds [-] Acquired dynamic creds: credentials: Credentials: {'domain_id': 'default', 'domain_name': 'Default', 'username': 'tempest-ServicesAdminNegativeTestJSON-2033027838-project-member', 'project_domain_id': 'default', 'project_domain_name': 'Default', 'project_id': '25028842bba54df2a5e373603ae3ffe2', 'project_name': 'tempest-ServicesAdminNegativeTestJSON-2033027838', 'tenant_id': '25028842bba54df2a5e373603ae3ffe2', 'tenant_name': 'tempest-ServicesAdminNegativeTestJSON-2033027838', 'user_domain_id': 'default', 'user_domain_name': 'Default', 'user_id': '56bf91417a0e400e8860cc4398d4402d', 'system': None}, Network: None, Subnet: None, Router: None
2025-12-11 06:52:34.455 65922 INFO tempest.lib.common.dynamic_creds [-] Created isolated network resources for: credentials: Credentials: {'domain_id': 'default', 'domain_name': 'Default', 'username': 'tempest-ServicesAdminNegativeTestJSON-2033027838-project-member', 'project_domain_id': 'default', 'project_domain_name': 'Default', 'project_id': '25028842bba54df2a5e373603ae3ffe2', 'project_name': 'tempest-ServicesAdminNegativeTestJSON-2033027838', 'tenant_id': '25028842bba54df2a5e373603ae3ffe2', 'tenant_name': 'tempest-ServicesAdminNegativeTestJSON-2033027838', 'user_domain_id': 'default', 'user_domain_name': 'Default', 'user_id': '56bf91417a0e400e8860cc4398d4402d', 'system': None}, Network: None, Subnet: None, Router: None
2025-12-11 06:52:34.459 65918 INFO tempest.lib.common.rest_client [req-49d3abd0-ba82-4118-bec7-6e7c84b62de8 req-49d3abd0-ba82-4118-bec7-6e7c84b62de8 ] Request (DeleteServersAdminTestJSON:setUpClass): 201 POST http://10.180.1.21/identity/v3/projects 0.570s
2025-12-11 06:52:34.507 65910 INFO tempest.lib.common.rest_client [req-e05526d3-ad85-45fb-afca-8fa15d741615 req-e05526d3-ad85-45fb-afca-8fa15d741615 ] Request (FloatingIPsAssociationNegativeTestJSON:setUpClass): 200 GET http://10.180.1.21/identity/v3/domains?name=Default 0.598s
2025-12-11 06:52:34.509 65926 INFO tempest.lib.common.rest_client [req-5cbaa6d4-d0da-4b54-90e2-584e3082cafc req-5cbaa6d4-d0da-4b54-90e2-584e3082cafc ] Request (HypervisorAdminV228Test:setUpClass): 200 GET http://10.180.1.21/identity/v3/domains?name=Default 0.600s
2025-12-11 06:52:34.531 65954 INFO tempest.lib.common.rest_client [req-80c2b74e-d70a-4733-bf3f-df0be4b5e73c req-80c2b74e-d70a-4733-bf3f-df0be4b5e73c ] Request (FloatingIPDetailsNegativeTestJSON:setUpClass): 200 GET http://10.180.1.21/identity/v3/domains?name=Default 0.600s
2025-12-11 06:52:34.534 65900 INFO tempest.lib.common.rest_client [req-8d2bb3b1-7808-489a-9711-06d4eb0eab41 req-8d2bb3b1-7808-489a-9711-06d4eb0eab41 ] Request (HostsAdminTestJSON:setUpClass): 201 POST http://10.180.1.21/identity/v3/users 0.602s
2025-12-11 06:52:34.554 65950 INFO tempest.lib.common.rest_client [req-858ba069-75d2-4ec8-a392-f0d260d56fe4 req-858ba069-75d2-4ec8-a392-f0d260d56fe4 ] Request (FlavorsAccessTestJSON:setUpClass): 200 GET http://10.180.1.21/identity/v3/domains?name=Default 0.569s
2025-12-11 06:52:34.554 65920 INFO tempest.lib.common.rest_client [req-7d2b3666-f923-4ba6-80c5-e5ce3ef903b3 req-7d2b3666-f923-4ba6-80c5-e5ce3ef903b3 ] Request (QuotasSecurityGroupAdminNegativeTest:setUpClass): 201 POST http://10.180.1.21/identity/v3/projects 0.572s
2025-12-11 06:52:34.614 65896 INFO tempest.lib.common.rest_client [req-130385e8-f72d-4908-8575-92331ff1b801 req-130385e8-f72d-4908-8575-92331ff1b801 ] Request (HypervisorAdminV253TestBase:setUpClass): 200 GET http://10.180.1.21/identity/v3/domains?name=Default 0.604s
2025-12-11 06:52:34.632 65938 INFO tempest.lib.common.rest_client [req-c4e94446-38bf-4f54-9686-ce800b517642 req-c4e94446-38bf-4f54-9686-ce800b517642 ] Request (FlavorsExtraSpecsNegativeTestJSON:setUpClass): 201 POST http://10.180.1.21/identity/v3/auth/tokens 0.619s
2025-12-11 06:52:34.657 65946 INFO tempest.lib.common.rest_client [req-ab1d2e92-3751-459e-b1d9-9299c02bf92e req-ab1d2e92-3751-459e-b1d9-9299c02bf92e ] Request (FlavorsExtraSpecsTestJSON:setUpClass): 200 GET http://10.180.1.21/identity/v3/domains?name=Default 0.591s
2025-12-11 06:52:34.677 65906 INFO tempest.lib.common.rest_client [req-39000f6e-7446-4787-8ed9-2796e7537d73 req-39000f6e-7446-4787-8ed9-2796e7537d73 ] Request (FlavorsAdminTestJSON:setUpClass): 200 GET http://10.180.1.21/identity/v3/domains?name=Default 0.567s
2025-12-11 06:52:34.677 65892 INFO tempest.lib.common.rest_client [req-710056b5-63bc-4aaf-a20e-13fe6ab89b83 req-710056b5-63bc-4aaf-a20e-13fe6ab89b83 ] Request (KeyPairsNegativeTestJSON:setUpClass): 201 POST http://10.180.1.21/identity/v3/auth/tokens 0.612s
2025-12-11 06:52:34.705 65934 INFO tempest.lib.common.rest_client [req-c304bb2d-90c4-4245-81d7-878437958183 req-c304bb2d-90c4-4245-81d7-878437958183 ] Request (InstanceUsageAuditLogNegativeTestJSON:setUpClass): 200 GET http://10.180.1.21/identity/v3/domains?name=Default 0.587s
2025-12-11 06:52:34.711 65942 INFO tempest.lib.common.rest_client [req-d43b4551-c2a1-4e84-bc3b-502ba8f49990 req-d43b4551-c2a1-4e84-bc3b-502ba8f49990 ] Request (ServerExternalEventsTest:setUpClass): 201 POST http://10.180.1.21/identity/v3/projects 0.579s
2025-12-11 06:52:34.767 65914 INFO tempest.lib.common.rest_client [req-c8d5d329-8c84-4f59-b212-aed9d18cfa28 req-c8d5d329-8c84-4f59-b212-aed9d18cfa28 ] Request (InstanceUsageAuditLogTestJSON:setUpClass): 201 POST http://10.180.1.21/identity/v3/projects 0.627s
2025-12-11 06:52:34.775 65932 INFO tempest.lib.common.rest_client [req-c3a11a28-3719-4b62-a694-3fcd92d25a4e req-c3a11a28-3719-4b62-a694-3fcd92d25a4e ] Request (AggregatesAdminNegativeTestJSON:setUpClass): 201 POST http://10.180.1.21/identity/v3/projects 0.623s
2025-12-11 06:52:34.834 65936 INFO tempest.lib.common.rest_client [req-f8d0ca12-cff0-4c7c-a367-26688524d217 req-f8d0ca12-cff0-4c7c-a367-26688524d217 ] Request (FlavorsAccessNegativeTestJSON:setUpClass): 204 PUT http://10.180.1.21/identity/v3/projects/3e915c25555f4d75ac7ca090d47d61dc/users/f02ab186cfe24e6397ef92a6059d3000/roles/c1cbf934f5cc4b56ba61e3fcd68629ff 0.666s
2025-12-11 06:52:34.853 65894 INFO tempest.lib.common.rest_client [req-18a2e438-39f0-433e-b6ea-cd08cc3d2f42 req-18a2e438-39f0-433e-b6ea-cd08cc3d2f42 ] Request (ServersAdminTestJSON:setUpClass): 201 POST http://10.180.1.21/identity/v3/users 0.693s
2025-12-11 06:52:34.854 65904 INFO tempest.lib.common.rest_client [req-c1257a41-50b1-4621-b9d2-33c1364051d2 req-c1257a41-50b1-4621-b9d2-33c1364051d2 ] Request (ImagesOneServerTestJSON:setUpClass): 200 PUT http://10.180.1.21/networking/v2.0/routers/5ba001d2-fdf5-489f-8d25-7789eb41f392/add_router_interface 1.026s
2025-12-11 06:52:34.854 65904 INFO tempest.lib.common.dynamic_creds [-] Created isolated network resources for: credentials: Credentials: {'domain_id': 'default', 'domain_name': 'Default', 'username': 'tempest-ImagesOneServerTestJSON-1693413391-project-member', 'project_domain_id': 'default', 'project_domain_name': 'Default', 'project_id': 'e3725c3fa0ca4f65b6d6bac310f1b2e4', 'project_name': 'tempest-ImagesOneServerTestJSON-1693413391', 'tenant_id': 'e3725c3fa0ca4f65b6d6bac310f1b2e4', 'tenant_name': 'tempest-ImagesOneServerTestJSON-1693413391', 'user_domain_id': 'default', 'user_domain_name': 'Default', 'user_id': '9f7203a1d5e34ff19743f682df074cd8', 'system': None}, Network: {'id': '9dc8d1ee-10d5-4ef5-9fd1-cc0285644207', 'name': 'tempest-ImagesOneServerTestJSON-1881683179-network', 'tenant_id': 'e3725c3fa0ca4f65b6d6bac310f1b2e4', 'project_id': 'e3725c3fa0ca4f65b6d6bac310f1b2e4', 'admin_state_up': True, 'mtu': 8950, 'status': 'ACTIVE', 'subnets': [], 'shared': False, 'port_security_enabled': True, 'router:external': False, 'provider:network_type': 'vlan', 'provider:physical_network': 'default', 'provider:segmentation_id': 257, 'availability_zone_hints': [], 'availability_zones': [], 'ipv4_address_scope': None, 'ipv6_address_scope': None, 'description': '', 'tags': [], 'created_at': '2025-12-11T06:52:32Z', 'updated_at': '2025-12-11T06:52:32Z', 'revision_number': 1}, Subnet: {'id': '1a5a84fc-b0e3-4dde-a170-50bc2fa8979a', 'name': 'tempest-ImagesOneServerTestJSON-1881683179-subnet', 'tenant_id': 'e3725c3fa0ca4f65b6d6bac310f1b2e4', 'network_id': '9dc8d1ee-10d5-4ef5-9fd1-cc0285644207', 'ip_version': 4, 'subnetpool_id': None, 'enable_dhcp': True, 'ipv6_ra_mode': None, 'ipv6_address_mode': None, 'gateway_ip': '192.168.128.1', 'cidr': '192.168.128.0/28', 'allocation_pools': [{'start': '192.168.128.2', 'end': '192.168.128.14'}], 'host_routes': [], 'dns_nameservers': [], 'description': '', 'router:external': False, 'service_types': [], 'tags': [], 'created_at': '2025-12-11T06:52:32Z', 'updated_at': '2025-12-11T06:52:32Z', 'revision_number': 0, 'project_id': 'e3725c3fa0ca4f65b6d6bac310f1b2e4'}, Router: {'id': '5ba001d2-fdf5-489f-8d25-7789eb41f392', 'name': 'tempest-ImagesOneServerTestJSON-1881683179-router', 'tenant_id': 'e3725c3fa0ca4f65b6d6bac310f1b2e4', 'admin_state_up': True, 'status': 'ACTIVE', 'external_gateway_info': {'network_id': '70831c77-0b2a-48bc-9689-c4010ac5f02d', 'external_fixed_ips': [{'subnet_id': 'dbd7979f-df62-4949-877b-bfe794dd52ba', 'ip_address': '10.180.180.146'}], 'enable_snat': True}, 'description': '', 'availability_zones': [], 'distributed': False, 'ha': False, 'availability_zone_hints': [], 'routes': [], 'flavor_id': None, 'tags': [], 'created_at': '2025-12-11T06:52:33Z', 'updated_at': '2025-12-11T06:52:33Z', 'revision_number': 2, 'project_id': 'e3725c3fa0ca4f65b6d6bac310f1b2e4'}
2025-12-11 06:52:34.896 65930 INFO tempest.lib.common.rest_client [req-28253c3b-3ad9-4c90-b8ac-21d876720d06 req-28253c3b-3ad9-4c90-b8ac-21d876720d06 ] Request (QuotaClassesAdminTestJSON:setUpClass): 200 GET http://10.180.1.21/identity/v3/domains?name=Default 0.683s
2025-12-11 06:52:34.911 65908 INFO tempest.lib.common.rest_client [req-19c8dedf-59ba-42f9-af7d-7ede259034b5 req-19c8dedf-59ba-42f9-af7d-7ede259034b5 ] Request (HostsAdminNegativeTestJSON:setUpClass): 200 GET http://10.180.1.21/identity/v3/domains?name=Default 0.690s
2025-12-11 06:52:34.927 65944 INFO tempest.lib.common.rest_client [req-a5989583-1e1f-4cb6-b927-60eba4fdc6b1 req-a5989583-1e1f-4cb6-b927-60eba4fdc6b1 ] Request (FlavorsV255TestJSON:setUpClass): 200 GET http://10.180.1.21/identity/v3/domains?name=Default 0.693s
2025-12-11 06:52:34.934 65948 INFO tempest.lib.common.rest_client [req-97ae58d6-41b0-4482-935e-0a048681b28d req-97ae58d6-41b0-4482-935e-0a048681b28d ] Request (FloatingIPsTestJSON:setUpClass): 200 GET http://10.180.1.21/identity/v3/domains?name=Default 0.693s
2025-12-11 06:52:34.952 65916 INFO tempest.lib.common.rest_client [req-77a56f26-6c49-4199-a91d-c9ea49fdf387 req-77a56f26-6c49-4199-a91d-c9ea49fdf387 ] Request (KeyPairsV210TestJSON:setUpClass): 200 GET http://10.180.1.21/identity/v3/domains?name=Default 0.687s
2025-12-11 06:52:34.956 65912 INFO tempest.lib.common.rest_client [req-9f26c4ec-d77c-481f-9edf-e331b085806f req-9f26c4ec-d77c-481f-9edf-e331b085806f ] Request (QuotasAdminTestV236:setUpClass): 200 GET http://10.180.1.21/identity/v3/domains?name=Default 0.699s
2025-12-11 06:52:34.976 65924 INFO tempest.lib.common.rest_client [req-a5835575-8c8c-44b8-8b4e-a9626768525a req-a5835575-8c8c-44b8-8b4e-a9626768525a ] Request (InstanceActionsV221TestJSON:setUpClass): 201 POST http://10.180.1.21/identity/v3/users 0.694s
2025-12-11 06:52:34.982 65898 INFO tempest.lib.common.rest_client [req-14d1c2e3-e6ec-4f01-ba17-e7a468eb6b73 req-14d1c2e3-e6ec-4f01-ba17-e7a468eb6b73 ] Request (NetworksTest:setUpClass): 201 POST http://10.180.1.21/identity/v3/projects 0.645s
2025-12-11 06:52:35.025 65928 INFO tempest.lib.common.rest_client [req-ccfc1971-8520-43d5-9e39-7b7e77da7196 req-ccfc1971-8520-43d5-9e39-7b7e77da7196 ] Request (HypervisorAdminNegativeTestJSON:setUpClass): 200 GET http://10.180.1.21/identity/v3/domains?name=Default 0.679s
2025-12-11 06:52:35.040 65902 INFO tempest.lib.common.rest_client [req-b1d9f413-a446-4e4c-9d73-848290eba14e req-b1d9f413-a446-4e4c-9d73-848290eba14e ] Request (FlavorMetadataValidation:setUpClass): 201 POST http://10.180.1.21/identity/v3/projects 0.666s
2025-12-11 06:52:35.085 65940 INFO tempest.lib.common.rest_client [req-52d8404e-1c37-43bd-8bb8-6ad3620aa467 req-52d8404e-1c37-43bd-8bb8-6ad3620aa467 ] Request (AZAdminNegativeTestJSON:setUpClass): 201 POST http://10.180.1.21/identity/v3/auth/tokens 0.678s
2025-12-11 06:52:35.091 65952 INFO tempest.lib.common.rest_client [req-0986a868-a88c-4854-a85d-1ccfa0d5196b req-0986a868-a88c-4854-a85d-1ccfa0d5196b ] Request (VolumesAssistedSnapshotsTest:setUpClass): 200 GET http://10.180.1.21/identity/v3/domains?name=Default 0.657s
2025-12-11 06:52:35.117 65918 INFO tempest.lib.common.rest_client [req-846a7f8f-8a44-40f7-946a-b885ad2ebb9b req-846a7f8f-8a44-40f7-946a-b885ad2ebb9b ] Request (DeleteServersAdminTestJSON:setUpClass): 201 POST http://10.180.1.21/identity/v3/users 0.657s
2025-12-11 06:52:35.143 65910 INFO tempest.lib.common.rest_client [req-33d8eebd-eb7f-4099-bf2a-d7e0913b34f7 req-33d8eebd-eb7f-4099-bf2a-d7e0913b34f7 ] Request (FloatingIPsAssociationNegativeTestJSON:setUpClass): 201 POST http://10.180.1.21/identity/v3/projects 0.633s
2025-12-11 06:52:35.148 65922 INFO tempest.lib.common.rest_client [req-86448f98-f05b-45ac-9ec4-1221ee706b32 req-86448f98-f05b-45ac-9ec4-1221ee706b32 ] Request (ServicesAdminNegativeTestJSON:setUpClass): 201 POST http://10.180.1.21/identity/v3/auth/tokens 0.688s
2025-12-11 06:52:35.199 65926 INFO tempest.lib.common.rest_client [req-6bbf8901-26b8-4f9e-a57a-6107241713c8 req-6bbf8901-26b8-4f9e-a57a-6107241713c8 ] Request (HypervisorAdminV228Test:setUpClass): 201 POST http://10.180.1.21/identity/v3/projects 0.687s
2025-12-11 06:52:35.200 65900 INFO tempest.lib.common.rest_client [req-d81c8bee-d9ad-460c-ad6d-aec2860c2845 req-d81c8bee-d9ad-460c-ad6d-aec2860c2845 ] Request (HostsAdminTestJSON:setUpClass): 200 GET http://10.180.1.21/identity/v3/roles 0.666s
2025-12-11 06:52:35.253 65954 INFO tempest.lib.common.rest_client [req-cf5a8384-6f41-4da9-9bb7-1a708e92574f req-cf5a8384-6f41-4da9-9bb7-1a708e92574f ] Request (FloatingIPDetailsNegativeTestJSON:setUpClass): 201 POST http://10.180.1.21/identity/v3/projects 0.718s
2025-12-11 06:52:35.259 65920 INFO tempest.lib.common.rest_client [req-39503716-5f7a-4311-a233-98d4b8bce687 req-39503716-5f7a-4311-a233-98d4b8bce687 ] Request (QuotasSecurityGroupAdminNegativeTest:setUpClass): 201 POST http://10.180.1.21/identity/v3/users 0.704s
2025-12-11 06:52:35.315 65896 INFO tempest.lib.common.rest_client [req-1b3f16ec-37d5-4bdf-848c-91e0349897a4 req-1b3f16ec-37d5-4bdf-848c-91e0349897a4 ] Request (HypervisorAdminV253TestBase:setUpClass): 201 POST http://10.180.1.21/identity/v3/projects 0.699s
2025-12-11 06:52:35.317 65950 INFO tempest.lib.common.rest_client [req-13357ca1-0f94-4218-bf6d-15b673dc7df3 req-13357ca1-0f94-4218-bf6d-15b673dc7df3 ] Request (FlavorsAccessTestJSON:setUpClass): 201 POST http://10.180.1.21/identity/v3/projects 0.760s
2025-12-11 06:52:35.374 65938 INFO tempest.lib.common.rest_client [req-671e8c3e-06ea-4d20-a17f-1ea87e521c49 req-671e8c3e-06ea-4d20-a17f-1ea87e521c49 ] Request (FlavorsExtraSpecsNegativeTestJSON:setUpClass): 201 POST http://10.180.1.21/identity/v3/projects 0.740s
2025-12-11 06:52:35.375 65946 INFO tempest.lib.common.rest_client [req-0284a053-1d8f-44e7-8770-3eaafe940ad9 req-0284a053-1d8f-44e7-8770-3eaafe940ad9 ] Request (FlavorsExtraSpecsTestJSON:setUpClass): 201 POST http://10.180.1.21/identity/v3/projects 0.713s
2025-12-11 06:52:35.453 65906 INFO tempest.lib.common.rest_client [req-fdc6428c-96c2-4cf5-a998-711d966edbfc req-fdc6428c-96c2-4cf5-a998-711d966edbfc ] Request (FlavorsAdminTestJSON:setUpClass): 201 POST http://10.180.1.21/identity/v3/projects 0.774s
2025-12-11 06:52:35.454 65892 INFO tempest.lib.common.rest_client [req-b3e05c17-80de-4241-9938-ebc1cf1d43f3 req-b3e05c17-80de-4241-9938-ebc1cf1d43f3 ] Request (KeyPairsNegativeTestJSON:test_create_keypair_invalid_name): 400 POST http://10.180.1.21/compute/v2.1/os-keypairs 0.775s
2025-12-11 06:52:35.472 65934 INFO tempest.lib.common.rest_client [req-a57b011f-15f4-487a-a335-1cf1709da434 req-a57b011f-15f4-487a-a335-1cf1709da434 ] Request (InstanceUsageAuditLogNegativeTestJSON:setUpClass): 201 POST http://10.180.1.21/identity/v3/projects 0.765s
2025-12-11 06:52:35.496 65892 INFO tempest.lib.common.rest_client [req-3e216b9b-2b61-4876-9298-5b0a77c7b59b req-3e216b9b-2b61-4876-9298-5b0a77c7b59b ] Request (KeyPairsNegativeTestJSON:test_create_keypair_when_public_key_bits_exceeds_maximum): 400 POST http://10.180.1.21/compute/v2.1/os-keypairs 0.040s
2025-12-11 06:52:35.524 65914 INFO tempest.lib.common.rest_client [req-5fd65fc0-9aac-4d07-b9b4-5dc777d4c372 req-5fd65fc0-9aac-4d07-b9b4-5dc777d4c372 ] Request (InstanceUsageAuditLogTestJSON:setUpClass): 201 POST http://10.180.1.21/identity/v3/users 0.756s
2025-12-11 06:52:35.543 65942 INFO tempest.lib.common.rest_client [req-3f84673a-f241-4d16-8f0e-10d432b8c31c req-3f84673a-f241-4d16-8f0e-10d432b8c31c ] Request (ServerExternalEventsTest:setUpClass): 201 POST http://10.180.1.21/identity/v3/users 0.831s
