2025-12-11 06:55:48.803 65900 INFO tempest.lib.common.rest_client [req-a438198d-e2b0-4001-8589-7979d738395e req-a438198d-e2b0-4001-8589-7979d738395e ] Request (ServerDiagnosticsNegativeTest:tearDownClass): 204 DELETE http://10.180.1.21/networking/v2.0/security-groups/88138d46-dacc-44dd-8114-3fadd72250c8 0.106s
2025-12-11 06:55:48.826 65910 INFO tempest.lib.common.rest_client [req-6c542d13-7d15-4fb0-abbd-2cae30059de7 req-6c542d13-7d15-4fb0-abbd-2cae30059de7 ] Request (ServerShowV247Test:test_update_rebuild_list_server): 200 GET http://10.180.1.21/compute/v2.1/servers/6835a262-ea43-464a-96f0-44f446e98242 0.535s
2025-12-11 06:55:48.837 65952 INFO tempest.lib.common.rest_client [req-9f668861-0395-42a9-9841-8b8b03bea1ee req-9f668861-0395-42a9-9841-8b8b03bea1ee ] Request (VolumesAssistedSnapshotsTest:tearDownClass): 200 GET http://10.180.1.21/compute/v2.1/servers/5eee4075-7644-4f4d-8368-dea8616ab2fe 0.535s
2025-12-11 06:55:48.903 65902 INFO tempest.lib.common.rest_client [req-df2b395f-f65e-4906-a551-c0fcaeb8d17c req-df2b395f-f65e-4906-a551-c0fcaeb8d17c ] Request (MigrationsAdminTest:test_resize_server_revert_deleted_flavor): 200 GET http://10.180.1.21/compute/v2.1/servers/d9b258ec-4919-4589-9c0c-53fc8fb76666 0.543s
2025-12-11 06:55:48.927 65914 INFO tempest.lib.common.rest_client [req-5df410e3-cd26-40db-89e7-6ccdd1ac275e req-5df410e3-cd26-40db-89e7-6ccdd1ac275e ] Request (ServerPasswordTestJSON:tearDownClass): 200 GET http://10.180.1.21/compute/v2.1/servers/f1ade47a-789d-45da-ad0f-910c1bdb5483 0.482s
2025-12-11 06:55:48.947 65900 INFO tempest.lib.common.rest_client [req-47ba28ea-3d92-4300-94fb-08f05262d7c4 req-47ba28ea-3d92-4300-94fb-08f05262d7c4 ] Request (ServerDiagnosticsNegativeTest:tearDownClass): 204 DELETE http://10.180.1.21/identity/v3/projects/384dccfa5a1a4529a43b6b8a7b44fa37 0.143s
2025-12-11 06:55:49.017 65900 INFO tempest.lib.common.rest_client [req-8e91aaef-e1c1-4afd-b80b-eb7d9e07918c req-8e91aaef-e1c1-4afd-b80b-eb7d9e07918c ] Request (ListImageFiltersNegativeTestJSON:setUpClass): 201 POST http://10.180.1.21/identity/v3/auth/tokens 0.069s
2025-12-11 06:55:49.029 65932 INFO tempest.lib.common.rest_client [req-77c3d810-482d-4860-ae29-368420e9bb09 req-77c3d810-482d-4860-ae29-368420e9bb09 ] Request (ServersWithSpecificFlavorTestJSON:test_verify_created_server_ephemeral_disk): 200 PUT http://10.180.1.21/networking/v2.0/floatingips/bf69c6cd-430d-4d87-b639-d7106a16f3b2 0.565s
2025-12-11 06:55:49.051 65900 INFO tempest.lib.common.rest_client [req-95d5ae70-59d9-425b-a41d-e57bf903db7f req-95d5ae70-59d9-425b-a41d-e57bf903db7f ] Request (ListImageFiltersNegativeTestJSON:setUpClass): 201 POST http://10.180.1.21/identity/v3/auth/tokens 0.031s
2025-12-11 06:55:49.078 65900 INFO tempest.lib.common.rest_client [req-055488c7-fcbc-48ea-987b-168d8448557c req-055488c7-fcbc-48ea-987b-168d8448557c ] Request (ListImageFiltersNegativeTestJSON:setUpClass): 200 GET http://10.180.1.21/identity/v3/domains?name=Default 0.026s
2025-12-11 06:55:49.086 65924 INFO tempest.lib.common.rest_client [req-4e8ca757-50fb-4791-b209-3b8104e87e76 req-4e8ca757-50fb-4791-b209-3b8104e87e76 ] Request (ServersListShow298Test:test_list_show_update_rebuild_server_298): 200 GET http://10.180.1.21/compute/v2.1/servers/13e4ea50-3338-4c1a-9ddf-ece2bc390b96 0.568s
2025-12-11 06:55:49.116 65900 INFO tempest.lib.common.rest_client [req-8c8d983a-0067-4ccf-8436-1937b82f8b3c req-8c8d983a-0067-4ccf-8436-1937b82f8b3c ] Request (ListImageFiltersNegativeTestJSON:setUpClass): 201 POST http://10.180.1.21/identity/v3/projects 0.037s
2025-12-11 06:55:49.118 65928 INFO tempest.lib.common.rest_client [req-a6520c5a-51ad-4254-a29f-54dc709c3323 req-a6520c5a-51ad-4254-a29f-54dc709c3323 ] Request (ServerDiskConfigTestJSON:test_rebuild_server_with_manual_disk_config): 200 GET http://10.180.1.21/compute/v2.1/servers/23486318-6957-48dd-88a3-c595d0df955d 0.652s
2025-12-11 06:55:49.167 65896 INFO tempest.lib.common.rest_client [req-a6dd48c7-63d1-4fda-9646-5974bd3066b6 req-a6dd48c7-63d1-4fda-9646-5974bd3066b6 ] Request (ServersTestFqdnHostnames:tearDownClass): 200 GET http://10.180.1.21/compute/v2.1/servers/adec49ee-990a-4d63-af2e-07103ed9f9d4 0.628s
2025-12-11 06:55:49.187 65908 INFO tempest.lib.common.rest_client [req-f3e6fc3e-658c-436a-8ad7-75d74a243af4 req-f3e6fc3e-658c-436a-8ad7-75d74a243af4 ] Request (TenantUsagesTestJSON:setUpClass): 200 GET http://10.180.1.21/compute/v2.1/servers/4ffedeb7-a725-4c02-9781-6f50d323e42f 0.619s
2025-12-11 06:55:49.195 65908 INFO tempest.common.waiters [-] State transition "BUILD/scheduling" ==> "BUILD/None" after 16 second wait
2025-12-11 06:55:49.230 65900 INFO tempest.lib.common.rest_client [req-ffd44ec5-ff70-4153-aca5-ef8d106d4e3e req-ffd44ec5-ff70-4153-aca5-ef8d106d4e3e ] Request (ListImageFiltersNegativeTestJSON:setUpClass): 201 POST http://10.180.1.21/identity/v3/users 0.114s
2025-12-11 06:55:49.237 65906 INFO tempest.lib.common.rest_client [req-e71dd936-0181-4fb1-93cb-83109c002c72 req-e71dd936-0181-4fb1-93cb-83109c002c72 ] Request (ServerTagsTestJSON:setUpClass): 200 GET http://10.180.1.21/compute/v2.1/servers/12873555-9afc-44b9-a0a3-2eaf365e8f04 0.594s
2025-12-11 06:55:49.239 65918 INFO tempest.lib.common.rest_client [req-ff4a7e7a-d06e-4b59-957d-f2345fdb9c3c req-ff4a7e7a-d06e-4b59-957d-f2345fdb9c3c ] Request (ImagesTestJSON:test_create_image_from_stopped_server): 200 GET http://10.180.1.21/compute/v2.1/images/809a15c0-4e34-4fe9-ab3a-ca18a0f3afee 0.589s
2025-12-11 06:55:49.260 65900 INFO tempest.lib.common.rest_client [req-b1659d49-7b63-408a-8d78-1aaa5db00242 req-b1659d49-7b63-408a-8d78-1aaa5db00242 ] Request (ListImageFiltersNegativeTestJSON:setUpClass): 200 GET http://10.180.1.21/identity/v3/roles 0.029s
2025-12-11 06:55:49.313 65900 INFO tempest.lib.common.rest_client [req-b62e848e-bdc6-4154-9dad-4b81c6d336a7 req-b62e848e-bdc6-4154-9dad-4b81c6d336a7 ] Request (ListImageFiltersNegativeTestJSON:setUpClass): 204 PUT http://10.180.1.21/identity/v3/projects/ccca7d5e75cc4629a23ea382a1d72d69/users/937e8bfa9cd64273aeae9db41f1fabfb/roles/fc8938041b5249fbae1b8d47dee66a22 0.053s
2025-12-11 06:55:49.313 65900 INFO tempest.lib.common.dynamic_creds [-] Dynamic test user 937e8bfa9cd64273aeae9db41f1fabfb is created with scope project and roles: ['member']
2025-12-11 06:55:49.313 65900 INFO tempest.lib.common.dynamic_creds [-] Acquired dynamic creds: credentials: Credentials: {'domain_id': 'default', 'domain_name': 'Default', 'username': 'tempest-ListImageFiltersNegativeTestJSON-2104310523-project-member', 'project_domain_id': 'default', 'project_domain_name': 'Default', 'project_id': 'ccca7d5e75cc4629a23ea382a1d72d69', 'project_name': 'tempest-ListImageFiltersNegativeTestJSON-2104310523', 'tenant_id': 'ccca7d5e75cc4629a23ea382a1d72d69', 'tenant_name': 'tempest-ListImageFiltersNegativeTestJSON-2104310523', 'user_domain_id': 'default', 'user_domain_name': 'Default', 'user_id': '937e8bfa9cd64273aeae9db41f1fabfb', 'system': None}, Network: None, Subnet: None, Router: None
2025-12-11 06:55:49.314 65900 INFO tempest.lib.common.dynamic_creds [-] Created isolated network resources for: credentials: Credentials: {'domain_id': 'default', 'domain_name': 'Default', 'username': 'tempest-ListImageFiltersNegativeTestJSON-2104310523-project-member', 'project_domain_id': 'default', 'project_domain_name': 'Default', 'project_id': 'ccca7d5e75cc4629a23ea382a1d72d69', 'project_name': 'tempest-ListImageFiltersNegativeTestJSON-2104310523', 'tenant_id': 'ccca7d5e75cc4629a23ea382a1d72d69', 'tenant_name': 'tempest-ListImageFiltersNegativeTestJSON-2104310523', 'user_domain_id': 'default', 'user_domain_name': 'Default', 'user_id': '937e8bfa9cd64273aeae9db41f1fabfb', 'system': None}, Network: None, Subnet: None, Router: None
2025-12-11 06:55:49.330 65920 INFO tempest.lib.common.rest_client [req-faa3649b-a65e-4eff-a3e5-d03032fe652e req-faa3649b-a65e-4eff-a3e5-d03032fe652e ] Request (AttachVolumeTestJSON:test_attach_detach_volume): 200 GET http://10.180.1.21/volume/v3/volumes/db48600f-d58a-489c-a0d9-6782347de52b 0.043s
2025-12-11 06:55:49.363 65936 INFO tempest.lib.common.rest_client [req-78ced1bc-2501-48fa-b789-408f0449b8cc req-78ced1bc-2501-48fa-b789-408f0449b8cc ] Request (ServersAdmin275Test:tearDownClass): 200 GET http://10.180.1.21/compute/v2.1/servers/f065724a-cd96-493c-ad31-00c491c48440 0.447s
2025-12-11 06:55:49.391 65950 INFO tempest.lib.common.rest_client [req-1a0695ba-a14c-4979-a3b9-6f39994abfa0 req-1a0695ba-a14c-4979-a3b9-6f39994abfa0 ] Request (ServerActionsTestJSON:test_reboot_server_hard): 200 GET http://10.180.1.21/compute/v2.1/servers/fda187fb-2dbf-4d66-80d5-990ab460074f 0.655s
2025-12-11 06:55:49.400 65950 INFO tempest.lib.common.ssh [-] Creating ssh connection to '10.180.180.231:22' as 'cirros' with public key authentication
2025-12-11 06:55:49.423 65900 INFO tempest.lib.common.rest_client [req-63df59ee-3cd9-4efa-a3a2-408528d1a77c req-63df59ee-3cd9-4efa-a3a2-408528d1a77c ] Request (ListImageFiltersNegativeTestJSON:setUpClass): 201 POST http://10.180.1.21/identity/v3/auth/tokens 0.103s
2025-12-11 06:55:49.454 65892 INFO tempest.lib.common.rest_client [req-807923e8-8968-47ce-8701-75849e416834 req-807923e8-8968-47ce-8701-75849e416834 ] Request (SecurityGroupsTestJSON:test_server_security_groups): 200 GET http://10.180.1.21/compute/v2.1/servers/34128465-a972-4fe7-8a04-9b23d5b452d0 0.498s
2025-12-11 06:55:49.541 65932 INFO tempest.lib.common.rest_client [req-e5f7b28b-ec95-41f9-b3f8-91b73133b13f req-e5f7b28b-ec95-41f9-b3f8-91b73133b13f ] Request (ServersWithSpecificFlavorTestJSON:test_verify_created_server_ephemeral_disk): 200 GET http://10.180.1.21/compute/v2.1/servers/df3d05a5-3a38-45d8-b1b0-86a186072beb 0.511s
2025-12-11 06:55:49.551 65932 INFO tempest.lib.common.ssh [-] Creating ssh connection to '10.180.180.190:22' as 'cirros' with public key authentication
2025-12-11 06:55:49.557 65934 INFO tempest.lib.common.rest_client [req-f7815086-5f6a-450b-b205-cd3b7348c485 req-f7815086-5f6a-450b-b205-cd3b7348c485 ] Request (AttachInterfacesTestJSON:_run_cleanups): 200 GET http://10.180.1.21/compute/v2.1/servers/b85bfc57-aa0d-4d64-99eb-41ac5f8baf26 0.503s
2025-12-11 06:55:49.634 65894 INFO tempest.lib.common.rest_client [req-5b9c8e13-abc1-4c01-ac28-6df4f45a9adf req-5b9c8e13-abc1-4c01-ac28-6df4f45a9adf ] Request (ServersAdminTestJSON:tearDownClass): 200 GET http://10.180.1.21/compute/v2.1/servers/fb8281e0-052d-475c-b81a-12c781c62b58 0.537s
2025-12-11 06:55:49.635 65904 INFO tempest.lib.common.rest_client [req-2871df70-c01d-4d73-87d1-2ea3f8d90c10 req-2871df70-c01d-4d73-87d1-2ea3f8d90c10 ] Request (ServersTestManualDisk:setUpClass): 200 GET http://10.180.1.21/compute/v2.1/servers/64e2cc80-7d5f-4959-8cb3-ad14dbbbed84 0.524s
2025-12-11 06:55:49.702 65954 INFO tempest.lib.common.rest_client [req-f323a477-600b-4129-9842-7f27b3cc67e3 req-f323a477-600b-4129-9842-7f27b3cc67e3 ] Request (ServerActionsTestOtherA:test_rebuild_server_in_stop_state): 200 GET http://10.180.1.21/compute/v2.1/servers/be19fd69-d50b-48ea-b1a0-9489fa0585ea 0.407s
2025-12-11 06:55:49.705 65944 INFO tempest.lib.common.rest_client [req-69700307-07d1-46ec-8968-ad05f67d1733 req-69700307-07d1-46ec-8968-ad05f67d1733 ] Request (ImagesOneServerNegativeTestJSON:_run_cleanups): 200 GET http://10.180.1.21/compute/v2.1/servers/93f19431-055e-4fd9-ab50-8f5c594ef1ec 0.533s
2025-12-11 06:55:49.754 65898 INFO tempest.lib.common.rest_client [req-f1a7f91a-5943-4509-9b44-e633ed04a532 req-f1a7f91a-5943-4509-9b44-e633ed04a532 ] Request (ServerGroupTestJSON:test_create_server_with_scheduler_hint_group): 200 GET http://10.180.1.21/compute/v2.1/servers/d5da8d53-5af8-40cd-a16a-0fc311a0fcf9 0.388s
2025-12-11 06:55:49.843 65922 INFO tempest.lib.common.rest_client [req-74263a0d-d9bf-495a-8e4c-cd8f6f2b3a09 req-74263a0d-d9bf-495a-8e4c-cd8f6f2b3a09 ] Request (ServersNegativeTestJSON:setUpClass): 200 GET http://10.180.1.21/compute/v2.1/servers/4d6b2754-ade3-47d7-8c3c-4545937fa0d6 0.437s
2025-12-11 06:55:49.845 65900 INFO tempest.lib.common.rest_client [req-436273b8-bd54-4357-8c61-7187e3b28e11 req-436273b8-bd54-4357-8c61-7187e3b28e11 ] Request (ListImageFiltersNegativeTestJSON:test_get_nonexistent_image): 404 GET http://10.180.1.21/compute/v2.1/images/d46e70f2-c398-42cb-80dd-52141427b1ff 0.420s
2025-12-11 06:55:49.902 65916 INFO tempest.lib.common.rest_client [req-0dfa822e-44ae-4d17-a574-d8e243b673ea req-0dfa822e-44ae-4d17-a574-d8e243b673ea ] Request (ServersAdminNegativeTestJSON:tearDownClass): 200 GET http://10.180.1.21/compute/v2.1/servers/afe4d63e-576c-459d-b0e8-877052af36a6 0.407s
2025-12-11 06:55:49.912 65930 INFO tempest.lib.common.rest_client [req-b9f29a32-453c-4ffa-ad7b-5ad3fafdc64d req-b9f29a32-453c-4ffa-ad7b-5ad3fafdc64d ] Request (ServerRescueTestJSONUnderV235:tearDownClass): 200 GET http://10.180.1.21/compute/v2.1/servers/9d7141ac-cc7f-477b-ad62-e1e6deebb248 0.218s
2025-12-11 06:55:49.963 65910 INFO tempest.lib.common.rest_client [req-b6a60c88-ab4a-45da-9621-b0c8ab8e723e req-b6a60c88-ab4a-45da-9621-b0c8ab8e723e ] Request (ServerShowV247Test:test_update_rebuild_list_server): 200 GET http://10.180.1.21/compute/v2.1/servers/6835a262-ea43-464a-96f0-44f446e98242 0.123s
2025-12-11 06:55:49.969 65900 INFO tempest.lib.common.rest_client [req-675ed86b-febc-476a-86a6-e6b2b15217c1 req-675ed86b-febc-476a-86a6-e6b2b15217c1 ] Request (ListImageFiltersNegativeTestJSON:tearDownClass): 204 DELETE http://10.180.1.21/identity/v3/users/937e8bfa9cd64273aeae9db41f1fabfb 0.123s
2025-12-11 06:55:49.970 65900 INFO tempest.lib.common.dynamic_creds [-] Deleting project and security group for project: ccca7d5e75cc4629a23ea382a1d72d69
2025-12-11 06:55:49.985 65952 INFO tempest.lib.common.rest_client [req-64f74961-4a2d-4bc3-861f-4eb64e41357b req-64f74961-4a2d-4bc3-861f-4eb64e41357b ] Request (VolumesAssistedSnapshotsTest:tearDownClass): 200 GET http://10.180.1.21/compute/v2.1/servers/5eee4075-7644-4f4d-8368-dea8616ab2fe 0.138s
2025-12-11 06:55:50.017 65902 INFO tempest.lib.common.rest_client [req-92275bf6-06ad-476e-98fd-91122335e3b8 req-92275bf6-06ad-476e-98fd-91122335e3b8 ] Request (MigrationsAdminTest:test_resize_server_revert_deleted_flavor): 200 GET http://10.180.1.21/compute/v2.1/servers/d9b258ec-4919-4589-9c0c-53fc8fb76666 0.104s
2025-12-11 06:55:50.030 65900 INFO tempest.lib.common.rest_client [req-460cb38d-d4a8-4d3b-94ec-a75eae0e9542 req-460cb38d-d4a8-4d3b-94ec-a75eae0e9542 ] Request (ListImageFiltersNegativeTestJSON:tearDownClass): 201 POST http://10.180.1.21/identity/v3/auth/tokens 0.060s
2025-12-11 06:55:50.044 65914 INFO tempest.lib.common.rest_client [req-53e14be3-fec8-4bad-b029-07280c408681 req-53e14be3-fec8-4bad-b029-07280c408681 ] Request (ServerPasswordTestJSON:tearDownClass): 200 GET http://10.180.1.21/compute/v2.1/servers/f1ade47a-789d-45da-ad0f-910c1bdb5483 0.107s
2025-12-11 06:55:50.200 65924 INFO tempest.lib.common.rest_client [req-54e7a319-d086-4b9b-9112-43a866fbcc42 req-54e7a319-d086-4b9b-9112-43a866fbcc42 ] Request (ServersListShow298Test:test_list_show_update_rebuild_server_298): 200 GET http://10.180.1.21/compute/v2.1/servers/13e4ea50-3338-4c1a-9ddf-ece2bc390b96 0.095s
2025-12-11 06:55:50.203 65900 INFO tempest.lib.common.rest_client [req-d11ac79d-ce1b-4124-b7a4-686ddcb8f39b req-d11ac79d-ce1b-4124-b7a4-686ddcb8f39b ] Request (ListImageFiltersNegativeTestJSON:tearDownClass): 200 GET http://10.180.1.21/networking/v2.0/security-groups?tenant_id=ccca7d5e75cc4629a23ea382a1d72d69&name=default 0.173s
2025-12-11 06:55:50.289 65896 INFO tempest.lib.common.rest_client [req-b873a9ce-a6db-450f-8a4d-ffb16f705de1 req-b873a9ce-a6db-450f-8a4d-ffb16f705de1 ] Request (ServersTestFqdnHostnames:tearDownClass): 200 GET http://10.180.1.21/compute/v2.1/servers/adec49ee-990a-4d63-af2e-07103ed9f9d4 0.113s
2025-12-11 06:55:50.350 65928 INFO tempest.lib.common.rest_client [req-197aa257-8f3a-4a26-b4ef-3a1fc92c3243 req-197aa257-8f3a-4a26-b4ef-3a1fc92c3243 ] Request (ServerDiskConfigTestJSON:test_rebuild_server_with_manual_disk_config): 200 GET http://10.180.1.21/compute/v2.1/servers/23486318-6957-48dd-88a3-c595d0df955d 0.223s
2025-12-11 06:55:50.356 65900 INFO tempest.lib.common.rest_client [req-92a23b02-6a65-48e6-97f4-1e75256a10d2 req-92a23b02-6a65-48e6-97f4-1e75256a10d2 ] Request (ListImageFiltersNegativeTestJSON:tearDownClass): 204 DELETE http://10.180.1.21/networking/v2.0/security-groups/d025453a-667b-4b04-9845-cbcba11974d4 0.152s
2025-12-11 06:55:50.364 65908 INFO tempest.lib.common.rest_client [req-3d666405-b54d-437b-817e-8661b235e5ed req-3d666405-b54d-437b-817e-8661b235e5ed ] Request (TenantUsagesTestJSON:setUpClass): 200 GET http://10.180.1.21/compute/v2.1/servers/4ffedeb7-a725-4c02-9781-6f50d323e42f 0.166s
2025-12-11 06:55:50.383 65920 INFO tempest.lib.common.rest_client [req-d4056f1a-5b0e-4f19-b4d8-4bbe10a780d7 req-d4056f1a-5b0e-4f19-b4d8-4bbe10a780d7 ] Request (AttachVolumeTestJSON:test_attach_detach_volume): 200 GET http://10.180.1.21/volume/v3/volumes/db48600f-d58a-489c-a0d9-6782347de52b 0.043s
2025-12-11 06:55:50.404 65918 INFO tempest.lib.common.rest_client [req-99ee1126-90b1-4b2b-903d-b0bb5a9298f0 req-99ee1126-90b1-4b2b-903d-b0bb5a9298f0 ] Request (ImagesTestJSON:test_create_image_from_stopped_server): 200 GET http://10.180.1.21/compute/v2.1/images/809a15c0-4e34-4fe9-ab3a-ca18a0f3afee 0.161s
2025-12-11 06:55:50.437 65906 INFO tempest.lib.common.rest_client [req-eeafe3e2-30fc-42fd-96c6-5d6e44a839f7 req-eeafe3e2-30fc-42fd-96c6-5d6e44a839f7 ] Request (ServerTagsTestJSON:setUpClass): 200 GET http://10.180.1.21/compute/v2.1/servers/12873555-9afc-44b9-a0a3-2eaf365e8f04 0.189s
2025-12-11 06:55:50.454 65900 INFO tempest.lib.common.rest_client [req-a3949401-6ab3-49a6-8e1d-394d9b8807db req-a3949401-6ab3-49a6-8e1d-394d9b8807db ] Request (ListImageFiltersNegativeTestJSON:tearDownClass): 204 DELETE http://10.180.1.21/identity/v3/projects/ccca7d5e75cc4629a23ea382a1d72d69 0.097s
2025-12-11 06:55:50.558 65900 INFO tempest.lib.common.rest_client [req-ef3299cc-8eb9-47b0-8919-6b68663f5a1e req-ef3299cc-8eb9-47b0-8919-6b68663f5a1e ] Request (ServersTestJSON:setUpClass): 201 POST http://10.180.1.21/identity/v3/auth/tokens 0.102s
2025-12-11 06:55:50.565 65892 INFO tempest.lib.common.rest_client [req-7b3cee08-6326-477f-a73e-3b674a9da0c9 req-7b3cee08-6326-477f-a73e-3b674a9da0c9 ] Request (SecurityGroupsTestJSON:test_server_security_groups): 200 GET http://10.180.1.21/compute/v2.1/servers/34128465-a972-4fe7-8a04-9b23d5b452d0 0.098s
2025-12-11 06:55:50.570 65936 INFO tempest.lib.common.rest_client [req-9340ff13-b5de-4c97-badd-c6fa62d095b5 req-9340ff13-b5de-4c97-badd-c6fa62d095b5 ] Request (ServersAdmin275Test:tearDownClass): 200 GET http://10.180.1.21/compute/v2.1/servers/f065724a-cd96-493c-ad31-00c491c48440 0.185s
2025-12-11 06:55:50.590 65900 INFO tempest.lib.common.rest_client [req-adb14cec-3f43-4f01-b378-79b17ad79f18 req-adb14cec-3f43-4f01-b378-79b17ad79f18 ] Request (ServersTestJSON:setUpClass): 201 POST http://10.180.1.21/identity/v3/auth/tokens 0.030s
2025-12-11 06:55:50.623 65900 INFO tempest.lib.common.rest_client [req-292c25b6-2eb9-4f5c-a1ff-0bd21eb9eacf req-292c25b6-2eb9-4f5c-a1ff-0bd21eb9eacf ] Request (ServersTestJSON:setUpClass): 200 GET http://10.180.1.21/identity/v3/domains?name=Default 0.032s
2025-12-11 06:55:50.642 65934 INFO tempest.lib.common.rest_client [req-32f04714-876f-47db-a993-a8aaf00203c1 req-32f04714-876f-47db-a993-a8aaf00203c1 ] Request (AttachInterfacesTestJSON:_run_cleanups): 200 GET http://10.180.1.21/compute/v2.1/servers/b85bfc57-aa0d-4d64-99eb-41ac5f8baf26 0.072s
2025-12-11 06:55:50.657 65900 INFO tempest.lib.common.rest_client [req-b5683057-0f4f-4970-8c62-80a3039e4a5d req-b5683057-0f4f-4970-8c62-80a3039e4a5d ] Request (ServersTestJSON:setUpClass): 201 POST http://10.180.1.21/identity/v3/projects 0.033s
2025-12-11 06:55:50.709 65904 INFO tempest.lib.common.rest_client [req-3c87ed83-a967-4eda-8220-7d086dfa4911 req-3c87ed83-a967-4eda-8220-7d086dfa4911 ] Request (ServersTestManualDisk:setUpClass): 200 GET http://10.180.1.21/compute/v2.1/servers/64e2cc80-7d5f-4959-8cb3-ad14dbbbed84 0.065s
2025-12-11 06:55:50.713 65894 INFO tempest.lib.common.rest_client [req-396000e2-1cba-45df-a223-ff5897ca9857 req-396000e2-1cba-45df-a223-ff5897ca9857 ] Request (ServersAdminTestJSON:tearDownClass): 200 GET http://10.180.1.21/compute/v2.1/servers/fb8281e0-052d-475c-b81a-12c781c62b58 0.068s
2025-12-11 06:55:50.726 65900 INFO tempest.lib.common.rest_client [req-81db71a0-1f96-4eeb-90c7-33e1eb10a2d2 req-81db71a0-1f96-4eeb-90c7-33e1eb10a2d2 ] Request (ServersTestJSON:setUpClass): 201 POST http://10.180.1.21/identity/v3/users 0.068s
2025-12-11 06:55:50.753 65900 INFO tempest.lib.common.rest_client [req-708752f3-9968-45fa-8cf8-7fe59e1afa6c req-708752f3-9968-45fa-8cf8-7fe59e1afa6c ] Request (ServersTestJSON:setUpClass): 200 GET http://10.180.1.21/identity/v3/roles 0.026s
2025-12-11 06:55:50.779 65954 INFO tempest.lib.common.rest_client [req-4dfdb89b-2071-425a-80ee-b71d50317e23 req-4dfdb89b-2071-425a-80ee-b71d50317e23 ] Request (ServerActionsTestOtherA:test_rebuild_server_in_stop_state): 200 GET http://10.180.1.21/compute/v2.1/servers/be19fd69-d50b-48ea-b1a0-9489fa0585ea 0.068s
2025-12-11 06:55:50.779 65944 INFO tempest.lib.common.rest_client [req-bee93730-0224-40aa-bd81-a3685b059688 req-bee93730-0224-40aa-bd81-a3685b059688 ] Request (ImagesOneServerNegativeTestJSON:_run_cleanups): 200 GET http://10.180.1.21/compute/v2.1/servers/93f19431-055e-4fd9-ab50-8f5c594ef1ec 0.062s
2025-12-11 06:55:50.784 65900 INFO tempest.lib.common.rest_client [req-5d55ad39-f3bf-4b56-a679-27e8ba868d5f req-5d55ad39-f3bf-4b56-a679-27e8ba868d5f ] Request (ServersTestJSON:setUpClass): 204 PUT http://10.180.1.21/identity/v3/projects/bfe7b4a712de497db655cc3dc322771d/users/743fc25f5a474a7eae17ab25d499780f/roles/fc8938041b5249fbae1b8d47dee66a22 0.031s
2025-12-11 06:55:50.785 65900 INFO tempest.lib.common.dynamic_creds [-] Dynamic test user 743fc25f5a474a7eae17ab25d499780f is created with scope project and roles: ['member']
2025-12-11 06:55:50.785 65900 INFO tempest.lib.common.dynamic_creds [-] Acquired dynamic creds: credentials: Credentials: {'domain_id': 'default', 'domain_name': 'Default', 'username': 'tempest-ServersTestJSON-1872632154-project-member', 'project_domain_id': 'default', 'project_domain_name': 'Default', 'project_id': 'bfe7b4a712de497db655cc3dc322771d', 'project_name': 'tempest-ServersTestJSON-1872632154', 'tenant_id': 'bfe7b4a712de497db655cc3dc322771d', 'tenant_name': 'tempest-ServersTestJSON-1872632154', 'user_domain_id': 'default', 'user_domain_name': 'Default', 'user_id': '743fc25f5a474a7eae17ab25d499780f', 'system': None}, Network: None, Subnet: None, Router: None
2025-12-11 06:55:50.829 65898 INFO tempest.lib.common.rest_client [req-dba43c96-63b6-4266-879d-b83e834093ea req-dba43c96-63b6-4266-879d-b83e834093ea ] Request (ServerGroupTestJSON:test_create_server_with_scheduler_hint_group): 200 GET http://10.180.1.21/compute/v2.1/servers/d5da8d53-5af8-40cd-a16a-0fc311a0fcf9 0.066s
2025-12-11 06:55:50.843 65900 INFO tempest.lib.common.rest_client [req-2304ffb5-dde5-4968-ae89-39ca42a895e2 req-2304ffb5-dde5-4968-ae89-39ca42a895e2 ] Request (ServersTestJSON:setUpClass): 201 POST http://10.180.1.21/identity/v3/auth/tokens 0.058s
2025-12-11 06:55:50.993 65916 INFO tempest.lib.common.rest_client [req-0781a180-8bbc-4ada-a37d-f5f45cf64d97 req-0781a180-8bbc-4ada-a37d-f5f45cf64d97 ] Request (ServersAdminNegativeTestJSON:tearDownClass): 200 GET http://10.180.1.21/compute/v2.1/servers/afe4d63e-576c-459d-b0e8-877052af36a6 0.081s
2025-12-11 06:55:51.029 65922 INFO tempest.lib.common.rest_client [req-d135bfb9-3f9b-4a58-bf8d-ac4431ce04c3 req-d135bfb9-3f9b-4a58-bf8d-ac4431ce04c3 ] Request (ServersNegativeTestJSON:setUpClass): 200 GET http://10.180.1.21/compute/v2.1/servers/4d6b2754-ade3-47d7-8c3c-4545937fa0d6 0.178s
2025-12-11 06:55:51.036 65922 INFO tempest.common.waiters [-] State transition "BUILD/spawning" ==> "ACTIVE/None" after 50 second wait
2025-12-11 06:55:51.059 65930 INFO tempest.lib.common.rest_client [req-573dda11-bcda-44d4-90b0-281a7fa27b32 req-573dda11-bcda-44d4-90b0-281a7fa27b32 ] Request (ServerRescueTestJSONUnderV235:tearDownClass): 200 GET http://10.180.1.21/compute/v2.1/servers/9d7141ac-cc7f-477b-ad62-e1e6deebb248 0.136s
2025-12-11 06:55:51.097 65910 INFO tempest.lib.common.rest_client [req-8d7b8cbd-9ed3-4928-a584-0b419c92e251 req-8d7b8cbd-9ed3-4928-a584-0b419c92e251 ] Request (ServerShowV247Test:test_update_rebuild_list_server): 200 GET http://10.180.1.21/compute/v2.1/servers/6835a262-ea43-464a-96f0-44f446e98242 0.124s
2025-12-11 06:55:51.106 65910 INFO tempest.common.waiters [-] State transition "BUILD/None" ==> "BUILD/networking" after 41 second wait
2025-12-11 06:55:51.108 65922 INFO tempest.lib.common.rest_client [req-3b8f7551-0a15-445d-bed2-8daf4d4a70d6 req-3b8f7551-0a15-445d-bed2-8daf4d4a70d6 ] Request (ServersNegativeTestJSON:setUpClass): 201 POST http://10.180.1.21/identity/v3/auth/tokens 0.068s
2025-12-11 06:55:51.108 65922 INFO tempest.lib.common.fixed_network [-] (ServersNegativeTestJSON:setUpClass) Found network {'id': '1176ee8a-de11-48c0-90a7-191d62776067', 'name': 'tempest-ServersNegativeTestJSON-143912613-network', 'tenant_id': '83e18502b196443881e48e459cb332c1', 'project_id': '83e18502b196443881e48e459cb332c1', 'admin_state_up': True, 'mtu': 8950, 'status': 'ACTIVE', 'subnets': [], 'shared': False, 'port_security_enabled': True, 'router:external': False, 'provider:network_type': 'vlan', 'provider:physical_network': 'default', 'provider:segmentation_id': 57, 'availability_zone_hints': [], 'availability_zones': [], 'ipv4_address_scope': None, 'ipv6_address_scope': None, 'description': '', 'tags': [], 'created_at': '2025-12-11T06:54:56Z', 'updated_at': '2025-12-11T06:54:56Z', 'revision_number': 1} available for tenant
2025-12-11 06:55:51.118 65900 INFO tempest.lib.common.rest_client [req-019c7e2a-b5b4-4ed4-9d13-c9f2f2bff33e req-019c7e2a-b5b4-4ed4-9d13-c9f2f2bff33e ] Request (ServersTestJSON:setUpClass): 201 POST http://10.180.1.21/networking/v2.0/networks 0.275s
2025-12-11 06:55:51.125 65952 INFO tempest.lib.common.rest_client [req-63c96e76-f9f0-4083-8b6f-72a62f5bedf6 req-63c96e76-f9f0-4083-8b6f-72a62f5bedf6 ] Request (VolumesAssistedSnapshotsTest:tearDownClass): 200 GET http://10.180.1.21/compute/v2.1/servers/5eee4075-7644-4f4d-8368-dea8616ab2fe 0.130s
2025-12-11 06:55:51.162 65902 INFO tempest.lib.common.rest_client [req-3c671202-deb2-4670-a6e2-c83d57e288fd req-3c671202-deb2-4670-a6e2-c83d57e288fd ] Request (MigrationsAdminTest:test_resize_server_revert_deleted_flavor): 200 GET http://10.180.1.21/compute/v2.1/servers/d9b258ec-4919-4589-9c0c-53fc8fb76666 0.134s
2025-12-11 06:55:51.189 65914 INFO tempest.lib.common.rest_client [req-dce5e03e-6b42-4edc-9256-3f946070b40b req-dce5e03e-6b42-4edc-9256-3f946070b40b ] Request (ServerPasswordTestJSON:tearDownClass): 200 GET http://10.180.1.21/compute/v2.1/servers/f1ade47a-789d-45da-ad0f-910c1bdb5483 0.136s
2025-12-11 06:55:51.295 65924 INFO tempest.lib.common.rest_client [req-569be0a3-aaf6-4375-857c-5fd626f76020 req-569be0a3-aaf6-4375-857c-5fd626f76020 ] Request (ServersListShow298Test:test_list_show_update_rebuild_server_298): 200 GET http://10.180.1.21/compute/v2.1/servers/13e4ea50-3338-4c1a-9ddf-ece2bc390b96 0.084s
2025-12-11 06:55:51.301 65900 INFO tempest.lib.common.rest_client [req-5deec002-521e-49bb-ac72-d324815a54d7 req-5deec002-521e-49bb-ac72-d324815a54d7 ] Request (ServersTestJSON:setUpClass): 201 POST http://10.180.1.21/networking/v2.0/subnets 0.182s
2025-12-11 06:55:51.402 65896 INFO tempest.lib.common.rest_client [req-8d7c36f1-037d-412c-beb6-534316c2e996 req-8d7c36f1-037d-412c-beb6-534316c2e996 ] Request (ServersTestFqdnHostnames:tearDownClass): 200 GET http://10.180.1.21/compute/v2.1/servers/adec49ee-990a-4d63-af2e-07103ed9f9d4 0.103s
2025-12-11 06:55:51.425 65920 INFO tempest.lib.common.rest_client [req-21fb8021-f65a-426a-8004-5a6e44e9bd4d req-21fb8021-f65a-426a-8004-5a6e44e9bd4d ] Request (AttachVolumeTestJSON:test_attach_detach_volume): 200 GET http://10.180.1.21/volume/v3/volumes/db48600f-d58a-489c-a0d9-6782347de52b 0.032s
2025-12-11 06:55:51.549 65922 INFO tempest.lib.common.rest_client [req-63d471dd-1901-47fd-9223-5c3d65e24d88 req-63d471dd-1901-47fd-9223-5c3d65e24d88 ] Request (ServersNegativeTestJSON:setUpClass): 202 POST http://10.180.1.21/compute/v2.1/servers 0.440s
2025-12-11 06:55:51.574 65928 INFO tempest.lib.common.rest_client [req-0501ec77-616a-4a77-b94e-4242d9d80437 req-0501ec77-616a-4a77-b94e-4242d9d80437 ] Request (ServerDiskConfigTestJSON:test_rebuild_server_with_manual_disk_config): 200 GET http://10.180.1.21/compute/v2.1/servers/23486318-6957-48dd-88a3-c595d0df955d 0.212s
2025-12-11 06:55:51.620 65908 INFO tempest.lib.common.rest_client [req-2432ab0d-fb36-4b7d-996c-6ce8674a2388 req-2432ab0d-fb36-4b7d-996c-6ce8674a2388 ] Request (TenantUsagesTestJSON:setUpClass): 200 GET http://10.180.1.21/compute/v2.1/servers/4ffedeb7-a725-4c02-9781-6f50d323e42f 0.246s
2025-12-11 06:55:51.623 65918 INFO tempest.lib.common.rest_client [req-6d726de6-e852-4a22-89d9-66de239ff721 req-6d726de6-e852-4a22-89d9-66de239ff721 ] Request (ImagesTestJSON:test_create_image_from_stopped_server): 200 GET http://10.180.1.21/compute/v2.1/images/809a15c0-4e34-4fe9-ab3a-ca18a0f3afee 0.215s
2025-12-11 06:55:51.665 65922 INFO tempest.lib.common.rest_client [req-f1cd562b-ef75-461e-b6ec-c88c4eff49e7 req-f1cd562b-ef75-461e-b6ec-c88c4eff49e7 ] Request (ServersNegativeTestJSON:setUpClass): 200 GET http://10.180.1.21/compute/v2.1/servers/79022d6f-11be-49a4-82d2-02e1207d63f6 0.114s
2025-12-11 06:55:51.683 65906 INFO tempest.lib.common.rest_client [req-37ad30f4-0007-4d35-a5ad-43fea5068281 req-37ad30f4-0007-4d35-a5ad-43fea5068281 ] Request (ServerTagsTestJSON:setUpClass): 200 GET http://10.180.1.21/compute/v2.1/servers/12873555-9afc-44b9-a0a3-2eaf365e8f04 0.234s
2025-12-11 06:55:51.749 65892 INFO tempest.lib.common.rest_client [req-65276917-a2cd-4c0d-b0c0-b4ce4185abc0 req-65276917-a2cd-4c0d-b0c0-b4ce4185abc0 ] Request (SecurityGroupsTestJSON:test_server_security_groups): 200 GET http://10.180.1.21/compute/v2.1/servers/34128465-a972-4fe7-8a04-9b23d5b452d0 0.174s
2025-12-11 06:55:51.774 65936 INFO tempest.lib.common.rest_client [req-61d01cc8-a1ff-4c5d-9bb8-de572abd5d40 req-61d01cc8-a1ff-4c5d-9bb8-de572abd5d40 ] Request (ServersAdmin275Test:tearDownClass): 200 GET http://10.180.1.21/compute/v2.1/servers/f065724a-cd96-493c-ad31-00c491c48440 0.193s
2025-12-11 06:55:51.832 65934 INFO tempest.lib.common.rest_client [req-5255fade-703a-4fe7-960b-625cd5b55118 req-5255fade-703a-4fe7-960b-625cd5b55118 ] Request (AttachInterfacesTestJSON:_run_cleanups): 200 GET http://10.180.1.21/compute/v2.1/servers/b85bfc57-aa0d-4d64-99eb-41ac5f8baf26 0.180s
2025-12-11 06:55:51.839 65934 INFO tempest.common.waiters [-] State transition "ACTIVE/deleting" ==> "DELETED/None" after 5 second wait
2025-12-11 06:55:51.853 65904 INFO tempest.lib.common.rest_client [req-672265aa-335f-4973-95b6-1cddb96627ff req-672265aa-335f-4973-95b6-1cddb96627ff ] Request (ServersTestManualDisk:setUpClass): 200 GET http://10.180.1.21/compute/v2.1/servers/64e2cc80-7d5f-4959-8cb3-ad14dbbbed84 0.133s
2025-12-11 06:55:51.901 65894 INFO tempest.lib.common.rest_client [req-43965053-e517-421f-bbdc-953e92fdcb50 req-43965053-e517-421f-bbdc-953e92fdcb50 ] Request (ServersAdminTestJSON:tearDownClass): 200 GET http://10.180.1.21/compute/v2.1/servers/fb8281e0-052d-475c-b81a-12c781c62b58 0.180s
2025-12-11 06:55:51.918 65954 INFO tempest.lib.common.rest_client [req-27839dfd-363a-489f-b93b-245bfc03f741 req-27839dfd-363a-489f-b93b-245bfc03f741 ] Request (ServerActionsTestOtherA:test_rebuild_server_in_stop_state): 200 GET http://10.180.1.21/compute/v2.1/servers/be19fd69-d50b-48ea-b1a0-9489fa0585ea 0.130s
2025-12-11 06:55:51.962 65944 INFO tempest.lib.common.rest_client [req-2614c6f0-1b42-43b5-bcdc-d7967532bfea req-2614c6f0-1b42-43b5-bcdc-d7967532bfea ] Request (ImagesOneServerNegativeTestJSON:_run_cleanups): 200 GET http://10.180.1.21/compute/v2.1/servers/93f19431-055e-4fd9-ab50-8f5c594ef1ec 0.173s
2025-12-11 06:55:51.994 65898 INFO tempest.lib.common.rest_client [req-0ec85a05-69e9-4fe5-aba3-63fc3d476086 req-0ec85a05-69e9-4fe5-aba3-63fc3d476086 ] Request (ServerGroupTestJSON:test_create_server_with_scheduler_hint_group): 200 GET http://10.180.1.21/compute/v2.1/servers/d5da8d53-5af8-40cd-a16a-0fc311a0fcf9 0.157s
2025-12-11 06:55:52.062 65916 INFO tempest.lib.common.rest_client [req-467caab7-f5ab-49de-a4f5-2d09c0cb5095 req-467caab7-f5ab-49de-a4f5-2d09c0cb5095 ] Request (ServersAdminNegativeTestJSON:tearDownClass): 200 GET http://10.180.1.21/compute/v2.1/servers/afe4d63e-576c-459d-b0e8-877052af36a6 0.056s
2025-12-11 06:55:52.154 65930 INFO tempest.lib.common.rest_client [req-6290340c-97aa-47a5-8d21-092d4e4d0088 req-6290340c-97aa-47a5-8d21-092d4e4d0088 ] Request (ServerRescueTestJSONUnderV235:tearDownClass): 200 GET http://10.180.1.21/compute/v2.1/servers/9d7141ac-cc7f-477b-ad62-e1e6deebb248 0.085s
2025-12-11 06:55:52.188 65910 INFO tempest.lib.common.rest_client [req-21277ab0-cfae-467c-bfb0-57f82c54890c req-21277ab0-cfae-467c-bfb0-57f82c54890c ] Request (ServerShowV247Test:test_update_rebuild_list_server): 200 GET http://10.180.1.21/compute/v2.1/servers/6835a262-ea43-464a-96f0-44f446e98242 0.081s
2025-12-11 06:55:52.197 65910 INFO tempest.common.waiters [-] State transition "BUILD/networking" ==> "BUILD/spawning" after 42 second wait
2025-12-11 06:55:52.234 65952 INFO tempest.lib.common.rest_client [req-9362a2cf-7c0b-450c-9863-2f017e6f45cd req-9362a2cf-7c0b-450c-9863-2f017e6f45cd ] Request (VolumesAssistedSnapshotsTest:tearDownClass): 200 GET http://10.180.1.21/compute/v2.1/servers/5eee4075-7644-4f4d-8368-dea8616ab2fe 0.098s
2025-12-11 06:55:52.252 65902 INFO tempest.lib.common.rest_client [req-ff5573e5-7ee4-42dd-ab7b-2bae964c6809 req-ff5573e5-7ee4-42dd-ab7b-2bae964c6809 ] Request (MigrationsAdminTest:test_resize_server_revert_deleted_flavor): 200 GET http://10.180.1.21/compute/v2.1/servers/d9b258ec-4919-4589-9c0c-53fc8fb76666 0.078s
2025-12-11 06:55:52.295 65914 INFO tempest.lib.common.rest_client [req-79454fb7-37e0-4e83-8752-fbcec56d5240 req-79454fb7-37e0-4e83-8752-fbcec56d5240 ] Request (ServerPasswordTestJSON:tearDownClass): 200 GET http://10.180.1.21/compute/v2.1/servers/f1ade47a-789d-45da-ad0f-910c1bdb5483 0.096s
2025-12-11 06:55:52.374 65924 INFO tempest.lib.common.rest_client [req-af97465e-b4b7-417c-93b5-1fa6497cc5ab req-af97465e-b4b7-417c-93b5-1fa6497cc5ab ] Request (ServersListShow298Test:test_list_show_update_rebuild_server_298): 200 GET http://10.180.1.21/compute/v2.1/servers/13e4ea50-3338-4c1a-9ddf-ece2bc390b96 0.068s
2025-12-11 06:55:52.385 65924 INFO tempest.common.waiters [-] State transition "BUILD/scheduling" ==> "BUILD/None" after 14 second wait
2025-12-11 06:55:52.477 65920 INFO tempest.lib.common.rest_client [req-26757569-dc45-45aa-aad6-b6a0fab13a91 req-26757569-dc45-45aa-aad6-b6a0fab13a91 ] Request (AttachVolumeTestJSON:test_attach_detach_volume): 200 GET http://10.180.1.21/volume/v3/volumes/db48600f-d58a-489c-a0d9-6782347de52b 0.043s
2025-12-11 06:55:52.485 65920 INFO tempest.common.waiters [-] Attachment dd7e0a51-6379-4c16-9268-ad291eb782ea created for volume db48600f-d58a-489c-a0d9-6782347de52b to server 7d6f2bbe-ef10-4aad-af50-c3008f17e25a after waiting for 7.485672 seconds
2025-12-11 06:55:52.491 65896 INFO tempest.lib.common.rest_client [req-3b3ecc33-a950-4fb1-9bc7-2e681375571c req-3b3ecc33-a950-4fb1-9bc7-2e681375571c ] Request (ServersTestFqdnHostnames:tearDownClass): 200 GET http://10.180.1.21/compute/v2.1/servers/adec49ee-990a-4d63-af2e-07103ed9f9d4 0.080s
2025-12-11 06:55:52.518 65920 INFO tempest.lib.common.rest_client [req-4392310a-6643-4adc-b668-a72ab813e5cd req-4392310a-6643-4adc-b668-a72ab813e5cd ] Request (AttachVolumeTestJSON:test_attach_detach_volume): 200 GET http://10.180.1.21/volume/v3/volumes/db48600f-d58a-489c-a0d9-6782347de52b 0.033s
2025-12-11 06:55:52.525 65920 INFO tempest.common.waiters [-] volume db48600f-d58a-489c-a0d9-6782347de52b reached in-use after waiting for 0.525236 seconds
2025-12-11 06:55:52.533 65900 INFO tempest.lib.common.rest_client [req-c54ae536-5896-4996-a117-30975be3ad49 req-c54ae536-5896-4996-a117-30975be3ad49 ] Request (ServersTestJSON:setUpClass): 201 POST http://10.180.1.21/networking/v2.0/routers 1.231s
2025-12-11 06:55:52.603 65920 INFO tempest.lib.common.rest_client [req-37204c71-d297-4a20-bb9e-b7f39e821d67 req-37204c71-d297-4a20-bb9e-b7f39e821d67 ] Request (AttachVolumeTestJSON:test_attach_detach_volume): 202 POST http://10.180.1.21/compute/v2.1/servers/7d6f2bbe-ef10-4aad-af50-c3008f17e25a/action 0.078s
2025-12-11 06:55:52.797 65928 INFO tempest.lib.common.rest_client [req-57069485-f7e7-4835-b4ff-d35e0bd35594 req-57069485-f7e7-4835-b4ff-d35e0bd35594 ] Request (ServerDiskConfigTestJSON:test_rebuild_server_with_manual_disk_config): 200 GET http://10.180.1.21/compute/v2.1/servers/23486318-6957-48dd-88a3-c595d0df955d 0.214s
2025-12-11 06:55:52.819 65920 INFO tempest.lib.common.rest_client [req-ff93e2a8-a9d9-4f84-8933-3a275d973f44 req-ff93e2a8-a9d9-4f84-8933-3a275d973f44 ] Request (AttachVolumeTestJSON:test_attach_detach_volume): 200 GET http://10.180.1.21/compute/v2.1/servers/7d6f2bbe-ef10-4aad-af50-c3008f17e25a 0.215s
2025-12-11 06:55:52.845 65918 INFO tempest.lib.common.rest_client [req-5e7723a4-5431-48b3-8d76-220b22cc105b req-5e7723a4-5431-48b3-8d76-220b22cc105b ] Request (ImagesTestJSON:test_create_image_from_stopped_server): 200 GET http://10.180.1.21/compute/v2.1/images/809a15c0-4e34-4fe9-ab3a-ca18a0f3afee 0.218s
2025-12-11 06:55:52.881 65908 INFO tempest.lib.common.rest_client [req-bece01c9-723c-4d83-ac2b-54f5735fb0e9 req-bece01c9-723c-4d83-ac2b-54f5735fb0e9 ] Request (TenantUsagesTestJSON:setUpClass): 200 GET http://10.180.1.21/compute/v2.1/servers/4ffedeb7-a725-4c02-9781-6f50d323e42f 0.249s
2025-12-11 06:55:52.906 65922 INFO tempest.lib.common.rest_client [req-7098e5de-b13f-44bf-8242-5428811c6a49 req-7098e5de-b13f-44bf-8242-5428811c6a49 ] Request (ServersNegativeTestJSON:setUpClass): 200 GET http://10.180.1.21/compute/v2.1/servers/79022d6f-11be-49a4-82d2-02e1207d63f6 0.233s
2025-12-11 06:55:52.983 65892 INFO tempest.lib.common.rest_client [req-d5901d9a-8481-4f01-a051-5dfa2015018e req-d5901d9a-8481-4f01-a051-5dfa2015018e ] Request (SecurityGroupsTestJSON:test_server_security_groups): 200 GET http://10.180.1.21/compute/v2.1/servers/34128465-a972-4fe7-8a04-9b23d5b452d0 0.223s
2025-12-11 06:55:53.054 65936 INFO tempest.lib.common.rest_client [req-e6045ccb-dd35-4088-b315-35476b4a1b8c req-e6045ccb-dd35-4088-b315-35476b4a1b8c ] Request (ServersAdmin275Test:tearDownClass): 200 GET http://10.180.1.21/compute/v2.1/servers/f065724a-cd96-493c-ad31-00c491c48440 0.268s
2025-12-11 06:55:53.128 65934 INFO tempest.lib.common.rest_client [req-a45db194-5e0b-4f70-abc9-ac8b75881141 req-a45db194-5e0b-4f70-abc9-ac8b75881141 ] Request (AttachInterfacesTestJSON:_run_cleanups): 200 GET http://10.180.1.21/compute/v2.1/servers/b85bfc57-aa0d-4d64-99eb-41ac5f8baf26 0.288s
2025-12-11 06:55:53.193 65904 INFO tempest.lib.common.rest_client [req-7acfa59d-b4c0-4250-9890-fc5746c8b9ca req-7acfa59d-b4c0-4250-9890-fc5746c8b9ca ] Request (ServersTestManualDisk:setUpClass): 200 GET http://10.180.1.21/compute/v2.1/servers/64e2cc80-7d5f-4959-8cb3-ad14dbbbed84 0.330s
2025-12-11 06:55:53.222 65906 INFO tempest.lib.common.rest_client [req-6840378d-06bc-44db-8b4c-7828f4f3fb25 req-6840378d-06bc-44db-8b4c-7828f4f3fb25 ] Request (ServerTagsTestJSON:setUpClass): 200 GET http://10.180.1.21/compute/v2.1/servers/12873555-9afc-44b9-a0a3-2eaf365e8f04 0.525s
2025-12-11 06:55:53.257 65894 INFO tempest.lib.common.rest_client [req-86f07e4e-4b14-4f44-bbeb-c4ceaf33b545 req-86f07e4e-4b14-4f44-bbeb-c4ceaf33b545 ] Request (ServersAdminTestJSON:tearDownClass): 200 GET http://10.180.1.21/compute/v2.1/servers/fb8281e0-052d-475c-b81a-12c781c62b58 0.346s
2025-12-11 06:55:53.281 65954 INFO tempest.lib.common.rest_client [req-cfe7bce1-af66-41ef-928c-20d7bf02a145 req-cfe7bce1-af66-41ef-928c-20d7bf02a145 ] Request (ServerActionsTestOtherA:test_rebuild_server_in_stop_state): 200 GET http://10.180.1.21/compute/v2.1/servers/be19fd69-d50b-48ea-b1a0-9489fa0585ea 0.350s
2025-12-11 06:55:53.317 65944 INFO tempest.lib.common.rest_client [req-ec5fa52f-3233-4bba-8a7e-06cd669669ea req-ec5fa52f-3233-4bba-8a7e-06cd669669ea ] Request (ImagesOneServerNegativeTestJSON:_run_cleanups): 200 GET http://10.180.1.21/compute/v2.1/servers/93f19431-055e-4fd9-ab50-8f5c594ef1ec 0.346s
2025-12-11 06:55:53.340 65898 INFO tempest.lib.common.rest_client [req-c115228d-497a-4b9c-be54-7fcb2dc2187b req-c115228d-497a-4b9c-be54-7fcb2dc2187b ] Request (ServerGroupTestJSON:test_create_server_with_scheduler_hint_group): 200 GET http://10.180.1.21/compute/v2.1/servers/d5da8d53-5af8-40cd-a16a-0fc311a0fcf9 0.338s
2025-12-11 06:55:53.388 65916 INFO tempest.lib.common.rest_client [req-4c798400-dc67-4b62-b373-d5106bc8d3ce req-4c798400-dc67-4b62-b373-d5106bc8d3ce ] Request (ServersAdminNegativeTestJSON:tearDownClass): 200 GET http://10.180.1.21/compute/v2.1/servers/afe4d63e-576c-459d-b0e8-877052af36a6 0.312s
2025-12-11 06:55:53.424 65930 INFO tempest.lib.common.rest_client [req-f0f57c4f-6efc-4f12-95ac-727507d7ce0f req-f0f57c4f-6efc-4f12-95ac-727507d7ce0f ] Request (ServerRescueTestJSONUnderV235:tearDownClass): 200 GET http://10.180.1.21/compute/v2.1/servers/9d7141ac-cc7f-477b-ad62-e1e6deebb248 0.256s
2025-12-11 06:55:53.460 65910 INFO tempest.lib.common.rest_client [req-16b62ac0-a2fd-4e97-bc8b-07988aa8fe35 req-16b62ac0-a2fd-4e97-bc8b-07988aa8fe35 ] Request (ServerShowV247Test:test_update_rebuild_list_server): 200 GET http://10.180.1.21/compute/v2.1/servers/6835a262-ea43-464a-96f0-44f446e98242 0.261s
2025-12-11 06:55:53.487 65900 INFO tempest.lib.common.rest_client [req-403dcd85-07e0-4526-8af7-a6160f70191a req-403dcd85-07e0-4526-8af7-a6160f70191a ] Request (ServersTestJSON:setUpClass): 200 PUT http://10.180.1.21/networking/v2.0/routers/c34e090e-11a9-40aa-9308-aa86a1ce687e/add_router_interface 0.952s
2025-12-11 06:55:53.487 65900 INFO tempest.lib.common.dynamic_creds [-] Created isolated network resources for: credentials: Credentials: {'domain_id': 'default', 'domain_name': 'Default', 'username': 'tempest-ServersTestJSON-1872632154-project-member', 'project_domain_id': 'default', 'project_domain_name': 'Default', 'project_id': 'bfe7b4a712de497db655cc3dc322771d', 'project_name': 'tempest-ServersTestJSON-1872632154', 'tenant_id': 'bfe7b4a712de497db655cc3dc322771d', 'tenant_name': 'tempest-ServersTestJSON-1872632154', 'user_domain_id': 'default', 'user_domain_name': 'Default', 'user_id': '743fc25f5a474a7eae17ab25d499780f', 'system': None}, Network: {'id': '943fdc40-633c-4ca7-a00f-50594f6d8ccb', 'name': 'tempest-ServersTestJSON-1371348290-network', 'tenant_id': 'bfe7b4a712de497db655cc3dc322771d', 'project_id': 'bfe7b4a712de497db655cc3dc322771d', 'admin_state_up': True, 'mtu': 8950, 'status': 'ACTIVE', 'subnets': [], 'shared': False, 'port_security_enabled': True, 'router:external': False, 'provider:network_type': 'vlan', 'provider:physical_network': 'default', 'provider:segmentation_id': 475, 'availability_zone_hints': [], 'availability_zones': [], 'ipv4_address_scope': None, 'ipv6_address_scope': None, 'description': '', 'tags': [], 'created_at': '2025-12-11T06:55:51Z', 'updated_at': '2025-12-11T06:55:51Z', 'revision_number': 1}, Subnet: {'id': '193ef13c-954c-4d90-b6db-12b9b45e6c68', 'name': 'tempest-ServersTestJSON-1371348290-subnet', 'tenant_id': 'bfe7b4a712de497db655cc3dc322771d', 'network_id': '943fdc40-633c-4ca7-a00f-50594f6d8ccb', 'ip_version': 4, 'subnetpool_id': None, 'enable_dhcp': True, 'ipv6_ra_mode': None, 'ipv6_address_mode': None, 'gateway_ip': '192.168.128.1', 'cidr': '192.168.128.0/28', 'allocation_pools': [{'start': '192.168.128.2', 'end': '192.168.128.14'}], 'host_routes': [], 'dns_nameservers': [], 'description': '', 'router:external': False, 'service_types': [], 'tags': [], 'created_at': '2025-12-11T06:55:51Z', 'updated_at': '2025-12-11T06:55:51Z', 'revision_number': 0, 'project_id': 'bfe7b4a712de497db655cc3dc322771d'}, Router: {'id': 'c34e090e-11a9-40aa-9308-aa86a1ce687e', 'name': 'tempest-ServersTestJSON-1371348290-router', 'tenant_id': 'bfe7b4a712de497db655cc3dc322771d', 'admin_state_up': True, 'status': 'ACTIVE', 'external_gateway_info': {'network_id': '70831c77-0b2a-48bc-9689-c4010ac5f02d', 'external_fixed_ips': [{'subnet_id': 'dbd7979f-df62-4949-877b-bfe794dd52ba', 'ip_address': '10.180.180.241'}], 'enable_snat': True}, 'description': '', 'availability_zones': [], 'distributed': False, 'ha': False, 'availability_zone_hints': [], 'routes': [], 'flavor_id': None, 'tags': [], 'created_at': '2025-12-11T06:55:51Z', 'updated_at': '2025-12-11T06:55:52Z', 'revision_number': 2, 'project_id': 'bfe7b4a712de497db655cc3dc322771d'}
2025-12-11 06:55:53.505 65952 INFO tempest.lib.common.rest_client [req-ad8cf269-ebae-4dc7-8cf6-c275841a477b req-ad8cf269-ebae-4dc7-8cf6-c275841a477b ] Request (VolumesAssistedSnapshotsTest:tearDownClass): 200 GET http://10.180.1.21/compute/v2.1/servers/5eee4075-7644-4f4d-8368-dea8616ab2fe 0.263s
2025-12-11 06:55:53.536 65902 INFO tempest.lib.common.rest_client [req-df4d127d-01cb-40ec-8687-6d9171e72b7a req-df4d127d-01cb-40ec-8687-6d9171e72b7a ] Request (MigrationsAdminTest:test_resize_server_revert_deleted_flavor): 200 GET http://10.180.1.21/compute/v2.1/servers/d9b258ec-4919-4589-9c0c-53fc8fb76666 0.275s
2025-12-11 06:55:53.569 65914 INFO tempest.lib.common.rest_client [req-8d78e736-6399-46db-9abe-36e6f19eed48 req-8d78e736-6399-46db-9abe-36e6f19eed48 ] Request (ServerPasswordTestJSON:tearDownClass): 200 GET http://10.180.1.21/compute/v2.1/servers/f1ade47a-789d-45da-ad0f-910c1bdb5483 0.263s
2025-12-11 06:55:53.594 65900 INFO tempest.lib.common.rest_client [req-f55d3520-9403-4461-826d-3ba54fc6d8e3 req-f55d3520-9403-4461-826d-3ba54fc6d8e3 ] Request (ServersTestJSON:setUpClass): 201 POST http://10.180.1.21/identity/v3/auth/tokens 0.103s
2025-12-11 06:55:53.600 65924 INFO tempest.lib.common.rest_client [req-9e11e74c-ca44-4426-850b-7a3ae33d5be9 req-9e11e74c-ca44-4426-850b-7a3ae33d5be9 ] Request (ServersListShow298Test:test_list_show_update_rebuild_server_298): 200 GET http://10.180.1.21/compute/v2.1/servers/13e4ea50-3338-4c1a-9ddf-ece2bc390b96 0.214s
2025-12-11 06:55:53.636 65896 INFO tempest.lib.common.rest_client [req-56a6ce49-5988-4996-bc05-688826e93293 req-56a6ce49-5988-4996-bc05-688826e93293 ] Request (ServersTestFqdnHostnames:tearDownClass): 200 GET http://10.180.1.21/compute/v2.1/servers/adec49ee-990a-4d63-af2e-07103ed9f9d4 0.136s
2025-12-11 06:55:53.639 65932 WARNING tempest.lib.common.ssh [-] Failed to establish authenticated ssh connection to cirros@10.180.180.190 ([Errno None] Unable to connect to port 22 on 10.180.180.190). Number attempts: 1. Retry after 2 seconds.: paramiko.ssh_exception.NoValidConnectionsError: [Errno None] Unable to connect to port 22 on 10.180.180.190
2025-12-11 06:55:53.712 65900 INFO tempest.lib.common.rest_client [req-6788b0a9-44bb-433e-8908-1b6f16fc6765 req-6788b0a9-44bb-433e-8908-1b6f16fc6765 ] Request (ServersTestJSON:setUpClass): 200 POST http://10.180.1.21/compute/v2.1/os-keypairs 0.117s
2025-12-11 06:55:53.812 65900 INFO tempest.lib.common.rest_client [req-5bfc31c3-129f-4208-b808-ec4cfc6e04d7 req-5bfc31c3-129f-4208-b808-ec4cfc6e04d7 ] Request (ServersTestJSON:setUpClass): 201 POST http://10.180.1.21/networking/v2.0/security-groups 0.098s
2025-12-11 06:55:53.940 65900 INFO tempest.lib.common.rest_client [req-ef579101-663e-4751-8fe7-c3d2e21249a9 req-ef579101-663e-4751-8fe7-c3d2e21249a9 ] Request (ServersTestJSON:setUpClass): 201 POST http://10.180.1.21/networking/v2.0/security-group-rules 0.127s
2025-12-11 06:55:54.081 65928 INFO tempest.lib.common.rest_client [req-01ce0f3b-4342-4af1-8495-209155f7885e req-01ce0f3b-4342-4af1-8495-209155f7885e ] Request (ServerDiskConfigTestJSON:test_rebuild_server_with_manual_disk_config): 200 GET http://10.180.1.21/compute/v2.1/servers/23486318-6957-48dd-88a3-c595d0df955d 0.273s
2025-12-11 06:55:54.170 65900 INFO tempest.lib.common.rest_client [req-1c59d73b-4062-418d-9b01-171b1bb4b365 req-1c59d73b-4062-418d-9b01-171b1bb4b365 ] Request (ServersTestJSON:setUpClass): 201 POST http://10.180.1.21/networking/v2.0/security-group-rules 0.230s
2025-12-11 06:55:54.198 65918 INFO tempest.lib.common.rest_client [req-c3e578a3-0f03-4dc0-a910-8dd6a5539464 req-c3e578a3-0f03-4dc0-a910-8dd6a5539464 ] Request (ImagesTestJSON:test_create_image_from_stopped_server): 200 GET http://10.180.1.21/compute/v2.1/images/809a15c0-4e34-4fe9-ab3a-ca18a0f3afee 0.347s
2025-12-11 06:55:54.253 65920 INFO tempest.lib.common.rest_client [req-77257c6e-bc2b-4c95-82be-db94e804aec3 req-77257c6e-bc2b-4c95-82be-db94e804aec3 ] Request (AttachVolumeTestJSON:test_attach_detach_volume): 200 GET http://10.180.1.21/compute/v2.1/servers/7d6f2bbe-ef10-4aad-af50-c3008f17e25a 0.424s
2025-12-11 06:55:54.841 65900 INFO tempest.lib.common.rest_client [req-14d3dd69-5bef-445e-9b01-291a7756781b req-14d3dd69-5bef-445e-9b01-291a7756781b ] Request (ServersTestJSON:setUpClass): 201 POST http://10.180.1.21/networking/v2.0/floatingips 0.671s
2025-12-11 06:55:54.872 65908 INFO tempest.lib.common.rest_client [req-950f72c0-4a6e-4c95-befd-8977070211a3 req-950f72c0-4a6e-4c95-befd-8977070211a3 ] Request (TenantUsagesTestJSON:setUpClass): 200 GET http://10.180.1.21/compute/v2.1/servers/4ffedeb7-a725-4c02-9781-6f50d323e42f 0.981s
2025-12-11 06:55:54.891 65900 INFO tempest.lib.common.rest_client [req-95eb99eb-0561-41dd-a183-fcb88f2247aa req-95eb99eb-0561-41dd-a183-fcb88f2247aa ] Request (ServersTestJSON:setUpClass): 201 POST http://10.180.1.21/identity/v3/auth/tokens 0.044s
