2025-12-11 06:53:44.967 65942 INFO tempest.lib.common.dynamic_creds [-] Created isolated network resources for: credentials: Credentials: {'domain_id': 'default', 'domain_name': 'Default', 'username': 'tempest-AttachInterfacesV270Test-1989882175-project-member', 'project_domain_id': 'default', 'project_domain_name': 'Default', 'project_id': 'e342185b62ea4292835c067393a1f4aa', 'project_name': 'tempest-AttachInterfacesV270Test-1989882175', 'tenant_id': 'e342185b62ea4292835c067393a1f4aa', 'tenant_name': 'tempest-AttachInterfacesV270Test-1989882175', 'user_domain_id': 'default', 'user_domain_name': 'Default', 'user_id': '126c879db3ff46848a873d07a06ce282', 'system': None}, Network: {'id': '4a55cb71-fe78-46a7-b133-4afe32de1862', 'name': 'tempest-AttachInterfacesV270Test-535134536-network', 'tenant_id': 'e342185b62ea4292835c067393a1f4aa', 'project_id': 'e342185b62ea4292835c067393a1f4aa', 'admin_state_up': True, 'mtu': 8950, 'status': 'ACTIVE', 'subnets': [], 'shared': False, 'port_security_enabled': True, 'router:external': False, 'provider:network_type': 'vlan', 'provider:physical_network': 'default', 'provider:segmentation_id': 488, 'availability_zone_hints': [], 'availability_zones': [], 'ipv4_address_scope': None, 'ipv6_address_scope': None, 'description': '', 'tags': [], 'created_at': '2025-12-11T06:53:41Z', 'updated_at': '2025-12-11T06:53:41Z', 'revision_number': 1}, Subnet: {'id': '13190a56-259f-421f-90f5-2d24af8250d3', 'name': 'tempest-AttachInterfacesV270Test-535134536-subnet', 'tenant_id': 'e342185b62ea4292835c067393a1f4aa', 'network_id': '4a55cb71-fe78-46a7-b133-4afe32de1862', 'ip_version': 4, 'subnetpool_id': None, 'enable_dhcp': True, 'ipv6_ra_mode': None, 'ipv6_address_mode': None, 'gateway_ip': '192.168.128.1', 'cidr': '192.168.128.0/28', 'allocation_pools': [{'start': '192.168.128.2', 'end': '192.168.128.14'}], 'host_routes': [], 'dns_nameservers': [], 'description': '', 'router:external': False, 'service_types': [], 'tags': [], 'created_at': '2025-12-11T06:53:42Z', 'updated_at': '2025-12-11T06:53:42Z', 'revision_number': 0, 'project_id': 'e342185b62ea4292835c067393a1f4aa'}, Router: {'id': '7a5f4e9d-9177-4e68-8cc4-6bd8f241ed8f', 'name': 'tempest-AttachInterfacesV270Test-535134536-router', 'tenant_id': 'e342185b62ea4292835c067393a1f4aa', 'admin_state_up': True, 'status': 'ACTIVE', 'external_gateway_info': {'network_id': '70831c77-0b2a-48bc-9689-c4010ac5f02d', 'external_fixed_ips': [{'subnet_id': 'dbd7979f-df62-4949-877b-bfe794dd52ba', 'ip_address': '10.180.180.212'}], 'enable_snat': True}, 'description': '', 'availability_zones': [], 'distributed': False, 'ha': False, 'availability_zone_hints': [], 'routes': [], 'flavor_id': None, 'tags': [], 'created_at': '2025-12-11T06:53:42Z', 'updated_at': '2025-12-11T06:53:43Z', 'revision_number': 2, 'project_id': 'e342185b62ea4292835c067393a1f4aa'}
2025-12-11 06:53:44.986 65916 INFO tempest.lib.common.rest_client [req-948d1751-4b13-4e22-be4a-53a7f25e18ec req-948d1751-4b13-4e22-be4a-53a7f25e18ec ] Request (ServersAdminNegativeTestJSON:setUpClass): 200 GET http://10.180.1.21/identity/v3/roles 0.022s
2025-12-11 06:53:45.018 65912 INFO tempest.lib.common.rest_client [req-c903656b-4e92-4218-bc23-3d404ae88da1 req-c903656b-4e92-4218-bc23-3d404ae88da1 ] Request (ImagesMetadataNegativeTestJSON:setUpClass): 201 POST http://10.180.1.21/identity/v3/projects 0.059s
2025-12-11 06:53:45.072 65942 INFO tempest.lib.common.rest_client [req-83a2543e-eda7-43c5-a5c0-7c52223fbdeb req-83a2543e-eda7-43c5-a5c0-7c52223fbdeb ] Request (AttachInterfacesV270Test:setUpClass): 201 POST http://10.180.1.21/identity/v3/auth/tokens 0.101s
2025-12-11 06:53:45.082 65954 INFO tempest.lib.common.rest_client [req-ed8b1b40-4111-4d05-9dc8-0c92221e2e00 req-ed8b1b40-4111-4d05-9dc8-0c92221e2e00 ] Request (ServerActionsTestOtherA:setUpClass): 200 GET http://10.180.1.21/compute/v2.1/servers/b2710a7f-f3be-4dd9-80f2-806299ef8171/os-interface 5.100s
2025-12-11 06:53:45.089 65932 INFO tempest.lib.common.rest_client [req-f1013b31-c8ce-4eb3-ab7f-da30848ab481 req-f1013b31-c8ce-4eb3-ab7f-da30848ab481 ] Request (AggregatesAdminNegativeTestJSON:test_aggregate_create_aggregate_name_length_less_than_1): 400 POST http://10.180.1.21/compute/v2.1/os-aggregates 5.034s
2025-12-11 06:53:45.101 65916 INFO tempest.lib.common.rest_client [req-50d6468c-773c-4162-976b-0bd7afb9bd44 req-50d6468c-773c-4162-976b-0bd7afb9bd44 ] Request (ServersAdminNegativeTestJSON:setUpClass): 204 PUT http://10.180.1.21/identity/v3/projects/306b084458c44934984a8ef7c237c073/users/25b0c21905c34b77b8edf2012203340f/roles/c1cbf934f5cc4b56ba61e3fcd68629ff 0.113s
2025-12-11 06:53:45.103 65912 INFO tempest.lib.common.rest_client [req-a15bc67e-76e3-492a-b101-204bcad1a7f1 req-a15bc67e-76e3-492a-b101-204bcad1a7f1 ] Request (ImagesMetadataNegativeTestJSON:setUpClass): 201 POST http://10.180.1.21/identity/v3/users 0.084s
2025-12-11 06:53:45.114 65926 INFO tempest.lib.common.rest_client [req-233e6489-7a0a-4df2-8263-65bd5213e6f8 req-233e6489-7a0a-4df2-8263-65bd5213e6f8 ] Request (FlavorsV2TestJSON:test_list_flavors_detailed_limit_results): 200 GET http://10.180.1.21/compute/v2.1/flavors/detail?limit=1 5.017s
2025-12-11 06:53:45.170 65942 INFO tempest.lib.common.rest_client [req-9cd998b2-e520-4a31-8956-94d3a75c9d29 req-9cd998b2-e520-4a31-8956-94d3a75c9d29 ] Request (AttachInterfacesV270Test:test_create_get_list_interfaces): 201 POST http://10.180.1.21/identity/v3/auth/tokens 0.094s
2025-12-11 06:53:45.170 65942 INFO tempest.lib.common.fixed_network [-] (AttachInterfacesV270Test:test_create_get_list_interfaces) Found network {'id': '4a55cb71-fe78-46a7-b133-4afe32de1862', 'name': 'tempest-AttachInterfacesV270Test-535134536-network', 'tenant_id': 'e342185b62ea4292835c067393a1f4aa', 'project_id': 'e342185b62ea4292835c067393a1f4aa', 'admin_state_up': True, 'mtu': 8950, 'status': 'ACTIVE', 'subnets': [], 'shared': False, 'port_security_enabled': True, 'router:external': False, 'provider:network_type': 'vlan', 'provider:physical_network': 'default', 'provider:segmentation_id': 488, 'availability_zone_hints': [], 'availability_zones': [], 'ipv4_address_scope': None, 'ipv6_address_scope': None, 'description': '', 'tags': [], 'created_at': '2025-12-11T06:53:41Z', 'updated_at': '2025-12-11T06:53:41Z', 'revision_number': 1} available for tenant
2025-12-11 06:53:45.181 65916 INFO tempest.lib.common.rest_client [req-4e8a0f91-c062-48f4-9005-410f501970ac req-4e8a0f91-c062-48f4-9005-410f501970ac ] Request (ServersAdminNegativeTestJSON:setUpClass): 200 GET http://10.180.1.21/identity/v3/roles 0.080s
2025-12-11 06:53:45.194 65912 INFO tempest.lib.common.rest_client [req-c9b9cae3-bebf-4341-a437-45556dee3a94 req-c9b9cae3-bebf-4341-a437-45556dee3a94 ] Request (ImagesMetadataNegativeTestJSON:setUpClass): 200 GET http://10.180.1.21/identity/v3/roles 0.090s
2025-12-11 06:53:45.207 65916 INFO tempest.lib.common.rest_client [req-da15413e-5062-4d63-b50c-de7f2d46aed6 req-da15413e-5062-4d63-b50c-de7f2d46aed6 ] Request (ServersAdminNegativeTestJSON:setUpClass): 204 PUT http://10.180.1.21/identity/v3/projects/306b084458c44934984a8ef7c237c073/users/25b0c21905c34b77b8edf2012203340f/roles/c1cbf934f5cc4b56ba61e3fcd68629ff 0.025s
2025-12-11 06:53:45.208 65916 INFO tempest.lib.common.dynamic_creds [-] Dynamic test user 25b0c21905c34b77b8edf2012203340f is created with scope project and roles: ['admin']
2025-12-11 06:53:45.208 65916 INFO tempest.lib.common.dynamic_creds [-] Acquired dynamic creds: credentials: Credentials: {'domain_id': 'default', 'domain_name': 'Default', 'username': 'tempest-ServersAdminNegativeTestJSON-548666890-project-admin', 'project_domain_id': 'default', 'project_domain_name': 'Default', 'project_id': '306b084458c44934984a8ef7c237c073', 'project_name': 'tempest-ServersAdminNegativeTestJSON-548666890', 'tenant_id': '306b084458c44934984a8ef7c237c073', 'tenant_name': 'tempest-ServersAdminNegativeTestJSON-548666890', 'user_domain_id': 'default', 'user_domain_name': 'Default', 'user_id': '25b0c21905c34b77b8edf2012203340f', 'system': None}, Network: None, Subnet: None, Router: None
2025-12-11 06:53:45.208 65916 INFO tempest.lib.common.dynamic_creds [-] Created isolated network resources for: credentials: Credentials: {'domain_id': 'default', 'domain_name': 'Default', 'username': 'tempest-ServersAdminNegativeTestJSON-548666890-project-admin', 'project_domain_id': 'default', 'project_domain_name': 'Default', 'project_id': '306b084458c44934984a8ef7c237c073', 'project_name': 'tempest-ServersAdminNegativeTestJSON-548666890', 'tenant_id': '306b084458c44934984a8ef7c237c073', 'tenant_name': 'tempest-ServersAdminNegativeTestJSON-548666890', 'user_domain_id': 'default', 'user_domain_name': 'Default', 'user_id': '25b0c21905c34b77b8edf2012203340f', 'system': None}, Network: None, Subnet: None, Router: None
2025-12-11 06:53:45.230 65912 INFO tempest.lib.common.rest_client [req-f6744fd6-f8bc-4261-bad9-f2c04a3aa475 req-f6744fd6-f8bc-4261-bad9-f2c04a3aa475 ] Request (ImagesMetadataNegativeTestJSON:setUpClass): 204 PUT http://10.180.1.21/identity/v3/projects/3d4a4dd7739c422b9a0717a539845260/users/9bbc7058fe7a4d67a0314b7373ac4851/roles/fc8938041b5249fbae1b8d47dee66a22 0.035s
2025-12-11 06:53:45.230 65912 INFO tempest.lib.common.dynamic_creds [-] Dynamic test user 9bbc7058fe7a4d67a0314b7373ac4851 is created with scope project and roles: ['member']
2025-12-11 06:53:45.230 65912 INFO tempest.lib.common.dynamic_creds [-] Acquired dynamic creds: credentials: Credentials: {'domain_id': 'default', 'domain_name': 'Default', 'username': 'tempest-ImagesMetadataNegativeTestJSON-1636400214-project-member', 'project_domain_id': 'default', 'project_domain_name': 'Default', 'project_id': '3d4a4dd7739c422b9a0717a539845260', 'project_name': 'tempest-ImagesMetadataNegativeTestJSON-1636400214', 'tenant_id': '3d4a4dd7739c422b9a0717a539845260', 'tenant_name': 'tempest-ImagesMetadataNegativeTestJSON-1636400214', 'user_domain_id': 'default', 'user_domain_name': 'Default', 'user_id': '9bbc7058fe7a4d67a0314b7373ac4851', 'system': None}, Network: None, Subnet: None, Router: None
2025-12-11 06:53:45.231 65912 INFO tempest.lib.common.dynamic_creds [-] Created isolated network resources for: credentials: Credentials: {'domain_id': 'default', 'domain_name': 'Default', 'username': 'tempest-ImagesMetadataNegativeTestJSON-1636400214-project-member', 'project_domain_id': 'default', 'project_domain_name': 'Default', 'project_id': '3d4a4dd7739c422b9a0717a539845260', 'project_name': 'tempest-ImagesMetadataNegativeTestJSON-1636400214', 'tenant_id': '3d4a4dd7739c422b9a0717a539845260', 'tenant_name': 'tempest-ImagesMetadataNegativeTestJSON-1636400214', 'user_domain_id': 'default', 'user_domain_name': 'Default', 'user_id': '9bbc7058fe7a4d67a0314b7373ac4851', 'system': None}, Network: None, Subnet: None, Router: None
2025-12-11 06:53:45.297 65916 INFO tempest.lib.common.rest_client [req-e3a050c6-3108-4072-aefe-b951cfd23108 req-e3a050c6-3108-4072-aefe-b951cfd23108 ] Request (ServersAdminNegativeTestJSON:setUpClass): 201 POST http://10.180.1.21/identity/v3/auth/tokens 0.085s
2025-12-11 06:53:45.298 65916 WARNING tempest.lib.common.rest_client [-] Deprecated: "tenant_id" property is deprecated for removal, use "project_id" instead
2025-12-11 06:53:45.304 65952 INFO tempest.lib.common.rest_client [req-7182d7d9-700f-4f9f-aa5b-cb380058bf34 req-7182d7d9-700f-4f9f-aa5b-cb380058bf34 ] Request (VolumesAssistedSnapshotsTest:test_volume_assisted_snapshot_create_delete): 200 GET http://10.180.1.21/compute/v2.1/servers/5eee4075-7644-4f4d-8368-dea8616ab2fe/os-interface 5.129s
2025-12-11 06:53:45.322 65912 INFO tempest.lib.common.rest_client [req-cef91673-c1bb-44a6-8fb2-b87f574007b5 req-cef91673-c1bb-44a6-8fb2-b87f574007b5 ] Request (ImagesMetadataNegativeTestJSON:setUpClass): 201 POST http://10.180.1.21/identity/v3/auth/tokens 0.087s
2025-12-11 06:53:45.384 65916 INFO tempest.lib.common.rest_client [req-a9d17891-a8fb-46ec-ad36-e9d1841cc7cb req-a9d17891-a8fb-46ec-ad36-e9d1841cc7cb ] Request (ServersAdminNegativeTestJSON:setUpClass): 201 POST http://10.180.1.21/identity/v3/auth/tokens 0.078s
2025-12-11 06:53:45.384 65916 INFO tempest.lib.common.fixed_network [-] (ServersAdminNegativeTestJSON:setUpClass) Found network None available for tenant
2025-12-11 06:53:45.801 65954 INFO tempest.lib.common.rest_client [req-7627d04a-9490-4e0c-83d2-e312de7b44db req-7627d04a-9490-4e0c-83d2-e312de7b44db ] Request (ServerActionsTestOtherA:setUpClass): 200 PUT http://10.180.1.21/networking/v2.0/floatingips/f4f2cb2a-4a8e-4e2a-b45d-e8ea0fe3d675 0.716s
2025-12-11 06:53:45.802 65954 INFO tempest.lib.common.ssh [-] Creating ssh connection to '10.180.180.131:22' as 'cirros' with public key authentication
2025-12-11 06:53:46.112 65892 INFO tempest.lib.common.rest_client [req-ce5ae942-418f-4769-9131-655a9fbd1745 req-ce5ae942-418f-4769-9131-655a9fbd1745 ] Request (SecurityGroupsTestJSON:test_list_security_groups_by_server): 202 POST http://10.180.1.21/compute/v2.1/servers/724c7e18-e752-4ff4-b2fd-cebf8149fa8e/action 6.063s
2025-12-11 06:53:46.646 65952 INFO tempest.lib.common.rest_client [req-67946a15-d8e7-47e3-a0a7-67750e832095 req-67946a15-d8e7-47e3-a0a7-67750e832095 ] Request (VolumesAssistedSnapshotsTest:test_volume_assisted_snapshot_create_delete): 200 PUT http://10.180.1.21/networking/v2.0/floatingips/a5a42226-63b1-4289-9c0a-4b008ca3dc7f 1.340s
2025-12-11 06:53:46.647 65952 INFO tempest.lib.common.ssh [-] Creating ssh connection to '10.180.180.187:22' as 'cirros' with public key authentication
2025-12-11 06:53:46.709 65894 INFO tempest.lib.common.rest_client [req-4012100a-d3e2-4fe2-91e2-9d0ba41e45dc req-4012100a-d3e2-4fe2-91e2-9d0ba41e45dc ] Request (ServersAdminTestJSON:test_create_server_with_scheduling_hint): 200 GET http://10.180.1.21/compute/v2.1/servers/b0d1288b-3d62-4643-84f0-c8e18ae63599 5.978s
2025-12-11 06:53:47.010 65896 INFO tempest.lib.common.rest_client [req-96352815-4124-43cd-bc4c-032425d8162b req-96352815-4124-43cd-bc4c-032425d8162b ] Request (ServersTestFqdnHostnames:test_create_server_with_fqdn_name): 200 GET http://10.180.1.21/compute/v2.1/servers/adec49ee-990a-4d63-af2e-07103ed9f9d4/os-interface 6.155s
2025-12-11 06:53:47.041 65928 INFO tempest.lib.common.rest_client [req-f0f17ef9-97d7-4b92-a773-9f8fd967484d req-f0f17ef9-97d7-4b92-a773-9f8fd967484d ] Request (ServicesAdminTestJSON:test_list_services): 200 GET http://10.180.1.21/compute/v2.1/os-services 6.179s
2025-12-11 06:53:47.066 65946 INFO tempest.lib.common.rest_client [req-942da562-187c-4ccb-89ea-954cc2ce90c1 req-942da562-187c-4ccb-89ea-954cc2ce90c1 ] Request (FlavorsExtraSpecsTestJSON:tearDownClass): 200 GET http://10.180.1.21/compute/v2.1/flavors/detail 6.160s
2025-12-11 06:53:47.105 65940 INFO tempest.lib.common.rest_client [req-692e60d6-e0c2-4b22-9fce-afa6edf6b509 req-692e60d6-e0c2-4b22-9fce-afa6edf6b509 ] Request (KeyPairsV2TestJSON:test_keypairs_create_list_delete): 200 POST http://10.180.1.21/compute/v2.1/os-keypairs 6.195s
2025-12-11 06:53:47.114 65908 INFO tempest.lib.common.rest_client [req-3a376c3c-c04e-4ee9-a9e1-050617f36fc6 req-3a376c3c-c04e-4ee9-a9e1-050617f36fc6 ] Request (HostsAdminNegativeTestJSON:test_update_host_without_param): 400 PUT http://10.180.1.21/compute/v2.1/os-hosts/devstack 6.198s
2025-12-11 06:53:47.153 65906 INFO tempest.lib.common.rest_client [req-1819ad66-1e4b-4fee-b777-82b8d0c82201 req-1819ad66-1e4b-4fee-b777-82b8d0c82201 ] Request (FlavorsAdminTestJSON:test_create_flavor_with_uuid_id): 200 POST http://10.180.1.21/compute/v2.1/flavors 6.214s
2025-12-11 06:53:47.197 65928 INFO tempest.lib.common.rest_client [req-55f74c9d-a55f-4f68-b840-73f85bda87b4 req-55f74c9d-a55f-4f68-b840-73f85bda87b4 ] Request (ServicesAdminTestJSON:tearDownClass): 204 DELETE http://10.180.1.21/identity/v3/users/96ac1cd680464c6389dcde58ccf45e9e 0.152s
2025-12-11 06:53:47.222 65946 INFO tempest.lib.common.rest_client [req-fe036e90-24e0-4d9b-b133-7325708aac95 req-fe036e90-24e0-4d9b-b133-7325708aac95 ] Request (FlavorsExtraSpecsTestJSON:tearDownClass): 204 DELETE http://10.180.1.21/identity/v3/users/74a38a36350142ff9c9f24fac5942aaf 0.151s
2025-12-11 06:53:47.355 65946 INFO tempest.lib.common.rest_client [req-507083fe-ea29-4593-a364-c6605b74f5f3 req-507083fe-ea29-4593-a364-c6605b74f5f3 ] Request (FlavorsExtraSpecsTestJSON:tearDownClass): 204 DELETE http://10.180.1.21/identity/v3/users/9972b1ca8a304f419df90161d508e3a2 0.133s
2025-12-11 06:53:47.355 65946 INFO tempest.lib.common.dynamic_creds [-] Deleting project and security group for project: da9f36124630448486cead5578572de8
2025-12-11 06:53:47.379 65928 INFO tempest.lib.common.rest_client [req-5848dd58-b4e3-4f56-a74c-3a6cdee9c5ea req-5848dd58-b4e3-4f56-a74c-3a6cdee9c5ea ] Request (ServicesAdminTestJSON:tearDownClass): 204 DELETE http://10.180.1.21/identity/v3/users/3cb8451cedd94f888a014c4695250c14 0.181s
2025-12-11 06:53:47.380 65928 INFO tempest.lib.common.dynamic_creds [-] Deleting project and security group for project: e24a932232fc40aab719dca4b732d887
2025-12-11 06:53:47.467 65946 INFO tempest.lib.common.rest_client [req-e11ae08c-5cf8-45f0-8a7d-1c1175b1a955 req-e11ae08c-5cf8-45f0-8a7d-1c1175b1a955 ] Request (FlavorsExtraSpecsTestJSON:tearDownClass): 201 POST http://10.180.1.21/identity/v3/auth/tokens 0.110s
2025-12-11 06:53:47.477 65920 INFO tempest.lib.common.rest_client [req-2772c9e5-2be8-4d63-bdbd-e3328b3a30d2 req-2772c9e5-2be8-4d63-bdbd-e3328b3a30d2 ] Request (ImagesMetadataTestJSON:setUp): 200 PUT http://10.180.1.21/compute/v2.1/images/070189c0-5c9a-4326-80fd-4d5f4c9da872/metadata 6.520s
2025-12-11 06:53:47.483 65928 INFO tempest.lib.common.rest_client [req-96da3e2a-f912-43d7-959b-56a3b67cb710 req-96da3e2a-f912-43d7-959b-56a3b67cb710 ] Request (ServicesAdminTestJSON:tearDownClass): 201 POST http://10.180.1.21/identity/v3/auth/tokens 0.101s
2025-12-11 06:53:47.703 65896 INFO tempest.lib.common.rest_client [req-24a8843a-7f9f-4767-b411-cd9107348777 req-24a8843a-7f9f-4767-b411-cd9107348777 ] Request (ServersTestFqdnHostnames:test_create_server_with_fqdn_name): 200 PUT http://10.180.1.21/networking/v2.0/floatingips/b99bf9bd-5b74-4bb0-a445-8afbe5120290 0.689s
2025-12-11 06:53:47.704 65896 INFO tempest.lib.common.ssh [-] Creating ssh connection to '10.180.180.160:22' as 'cirros' with public key authentication
2025-12-11 06:53:47.883 65946 INFO tempest.lib.common.rest_client [req-52b1053e-6952-4bbc-ac46-dc3311e872fb req-52b1053e-6952-4bbc-ac46-dc3311e872fb ] Request (FlavorsExtraSpecsTestJSON:tearDownClass): 200 GET http://10.180.1.21/networking/v2.0/security-groups?tenant_id=da9f36124630448486cead5578572de8&name=default 0.416s
2025-12-11 06:53:48.025 65928 INFO tempest.lib.common.rest_client [req-fe621132-de91-422b-aa2f-55cc3daa6ffc req-fe621132-de91-422b-aa2f-55cc3daa6ffc ] Request (ServicesAdminTestJSON:tearDownClass): 200 GET http://10.180.1.21/networking/v2.0/security-groups?tenant_id=e24a932232fc40aab719dca4b732d887&name=default 0.542s
2025-12-11 06:53:48.273 65910 INFO tempest.lib.common.rest_client [req-4581eb3a-48d8-40d1-9bcf-8d3374215064 req-4581eb3a-48d8-40d1-9bcf-8d3374215064 ] Request (FloatingIPsAssociationNegativeTestJSON:_run_cleanups): 202 DELETE http://10.180.1.21/compute/v2.1/os-floating-ips/1a064da0-3a49-4407-bbef-6ddd3b400b3c 7.638s
2025-12-11 06:53:48.300 65924 INFO tempest.lib.common.rest_client [req-dbdf393a-1996-482e-bdd9-a05326f84ab1 req-dbdf393a-1996-482e-bdd9-a05326f84ab1 ] Request (InstanceActionsV221TestJSON:tearDownClass): 404 GET http://10.180.1.21/compute/v2.1/servers/cce76728-5337-4126-9dd0-34435563da69 7.142s
2025-12-11 06:53:48.420 65946 INFO tempest.lib.common.rest_client [req-bcb1758a-af73-4849-b4a3-374522d36603 req-bcb1758a-af73-4849-b4a3-374522d36603 ] Request (FlavorsExtraSpecsTestJSON:tearDownClass): 204 DELETE http://10.180.1.21/networking/v2.0/security-groups/32bc0950-7fda-42f4-81dd-b8067677f7a9 0.536s
2025-12-11 06:53:48.492 65946 INFO tempest.lib.common.rest_client [req-4d4cc633-4363-445f-a498-67c88c6d8953 req-4d4cc633-4363-445f-a498-67c88c6d8953 ] Request (FlavorsExtraSpecsTestJSON:tearDownClass): 204 DELETE http://10.180.1.21/identity/v3/projects/da9f36124630448486cead5578572de8 0.072s
2025-12-11 06:53:48.492 65946 INFO tempest.lib.common.dynamic_creds [-] Deleting project and security group for project: e47854e300334adab4c92d27d3632bea
2025-12-11 06:53:48.509 65930 INFO tempest.lib.common.rest_client [req-dd047cf3-1b0a-4a30-b892-0ab69d8088a0 req-dd047cf3-1b0a-4a30-b892-0ab69d8088a0 ] Request (SecurityGroupsTestAdminJSON:_run_cleanups): 202 DELETE http://10.180.1.21/compute/v2.1/os-security-groups/a93351a5-3003-433e-a8b5-ac88c8595cc5 7.375s
2025-12-11 06:53:48.541 65900 INFO tempest.lib.common.rest_client [req-1b28dd5a-c26f-4ca0-8728-1891a8bb6e20 req-1b28dd5a-c26f-4ca0-8728-1891a8bb6e20 ] Request (QuotasAdminTestJSON:test_delete_quota): 200 GET http://10.180.1.21/compute/v2.1/os-quota-sets/a6feefdd1e1247d688e4fc94cf54bc4a 7.007s
2025-12-11 06:53:48.632 65928 INFO tempest.lib.common.rest_client [req-3ab012eb-25ca-48b8-8e54-e08ffe30c47c req-3ab012eb-25ca-48b8-8e54-e08ffe30c47c ] Request (ServicesAdminTestJSON:tearDownClass): 204 DELETE http://10.180.1.21/networking/v2.0/security-groups/ae2d522c-4de9-47fd-bcbf-02f52a707bd5 0.607s
2025-12-11 06:53:48.689 65938 INFO tempest.lib.common.rest_client [req-f5fb639b-28bd-48e8-a7dd-adee08e701f8 req-f5fb639b-28bd-48e8-a7dd-adee08e701f8 ] Request (QuotasAdminNegativeTest:test_create_server_when_cpu_quota_is_full): 200 PUT http://10.180.1.21/compute/v2.1/os-quota-sets/a749d114715d484c9010301858795a94 6.954s
2025-12-11 06:53:48.755 65928 INFO tempest.lib.common.rest_client [req-bb99ad09-e0e8-43f0-9c39-5cf775792782 req-bb99ad09-e0e8-43f0-9c39-5cf775792782 ] Request (ServicesAdminTestJSON:tearDownClass): 204 DELETE http://10.180.1.21/identity/v3/projects/e24a932232fc40aab719dca4b732d887 0.122s
2025-12-11 06:53:48.755 65928 INFO tempest.lib.common.dynamic_creds [-] Deleting project and security group for project: fa051fd2ec824755a52327f0ac83d297
2025-12-11 06:53:48.810 65938 INFO tempest.lib.common.rest_client [req-f1f8bc05-90fc-4f08-ae78-436fd4f127bc req-f1f8bc05-90fc-4f08-ae78-436fd4f127bc ] Request (QuotasAdminNegativeTest:test_create_server_when_cpu_quota_is_full): 201 POST http://10.180.1.21/identity/v3/auth/tokens 0.112s
2025-12-11 06:53:48.811 65938 INFO tempest.lib.common.fixed_network [-] (QuotasAdminNegativeTest:test_create_server_when_cpu_quota_is_full) Found network None available for tenant
2025-12-11 06:53:48.877 65922 INFO tempest.lib.common.rest_client [req-e5c3366f-6f63-4c5a-ba6d-841abbf73c44 req-e5c3366f-6f63-4c5a-ba6d-841abbf73c44 ] Request (ServerShowV254Test:test_rebuild_server): 202 POST http://10.180.1.21/compute/v2.1/servers 6.319s
2025-12-11 06:53:49.429 65924 INFO tempest.lib.common.rest_client [req-27b93f55-ed32-4e18-916c-5926b035fc00 req-27b93f55-ed32-4e18-916c-5926b035fc00 ] Request (InstanceActionsV221TestJSON:tearDownClass): 200 PUT http://10.180.1.21/networking/v2.0/routers/5283b60a-8560-4359-8fbb-a39c31ccaea3/remove_router_interface 1.128s
2025-12-11 06:53:49.568 65946 INFO tempest.lib.common.rest_client [req-e8dc77bd-7aa9-47ce-a7ba-c4ffa1f289ca req-e8dc77bd-7aa9-47ce-a7ba-c4ffa1f289ca ] Request (FlavorsExtraSpecsTestJSON:tearDownClass): 200 GET http://10.180.1.21/networking/v2.0/security-groups?tenant_id=e47854e300334adab4c92d27d3632bea&name=default 1.075s
2025-12-11 06:53:49.609 65914 INFO tempest.lib.common.rest_client [req-8eeedea9-b280-4f7b-8824-395561ad8ba7 req-8eeedea9-b280-4f7b-8824-395561ad8ba7 ] Request (ServersAaction247Test:test_create_backup): 200 GET http://10.180.1.21/compute/v2.1/servers/0d4a9f50-22c9-46e7-b5ec-f35afc44f416 7.140s
2025-12-11 06:53:49.624 65914 INFO tempest.common.waiters [-] State transition "BUILD/networking" ==> "ACTIVE/None" after 14 second wait
2025-12-11 06:53:49.714 65928 INFO tempest.lib.common.rest_client [req-472ce5c5-f9f4-42a3-bb63-c89ba204cde8 req-472ce5c5-f9f4-42a3-bb63-c89ba204cde8 ] Request (ServicesAdminTestJSON:tearDownClass): 200 GET http://10.180.1.21/networking/v2.0/security-groups?tenant_id=fa051fd2ec824755a52327f0ac83d297&name=default 0.959s
2025-12-11 06:53:49.813 65946 INFO tempest.lib.common.rest_client [req-c69b7497-f40a-4b3f-8f2c-31857219439d req-c69b7497-f40a-4b3f-8f2c-31857219439d ] Request (FlavorsExtraSpecsTestJSON:tearDownClass): 204 DELETE http://10.180.1.21/networking/v2.0/security-groups/caccbd00-db49-4026-bafb-506151668bbe 0.245s
2025-12-11 06:53:49.939 65946 INFO tempest.lib.common.rest_client [req-3681a81e-3e14-4a36-8c2c-91722aaaaf85 req-3681a81e-3e14-4a36-8c2c-91722aaaaf85 ] Request (FlavorsExtraSpecsTestJSON:tearDownClass): 204 DELETE http://10.180.1.21/identity/v3/projects/e47854e300334adab4c92d27d3632bea 0.126s
2025-12-11 06:53:50.015 65946 INFO tempest.lib.common.rest_client [req-31975292-69df-4acc-98ef-aa44df0ba330 req-31975292-69df-4acc-98ef-aa44df0ba330 ] Request (HypervisorAdminTestJSON:setUpClass): 201 POST http://10.180.1.21/identity/v3/auth/tokens 0.074s
2025-12-11 06:53:50.045 65946 INFO tempest.lib.common.rest_client [req-d03e729d-6265-4d8b-829f-12873b5c1d36 req-d03e729d-6265-4d8b-829f-12873b5c1d36 ] Request (HypervisorAdminTestJSON:setUpClass): 201 POST http://10.180.1.21/identity/v3/auth/tokens 0.027s
2025-12-11 06:53:50.073 65946 INFO tempest.lib.common.rest_client [req-4f115d4a-3ca3-4675-b8c4-d866c234b828 req-4f115d4a-3ca3-4675-b8c4-d866c234b828 ] Request (HypervisorAdminTestJSON:setUpClass): 200 GET http://10.180.1.21/identity/v3/domains?name=Default 0.027s
2025-12-11 06:53:50.105 65946 INFO tempest.lib.common.rest_client [req-f3d62b95-4a63-4419-b709-c78e0f9274e6 req-f3d62b95-4a63-4419-b709-c78e0f9274e6 ] Request (HypervisorAdminTestJSON:setUpClass): 201 POST http://10.180.1.21/identity/v3/projects 0.031s
2025-12-11 06:53:50.113 65924 INFO tempest.lib.common.rest_client [req-51872d5b-aeb0-4a99-8413-13868a2aa18d req-51872d5b-aeb0-4a99-8413-13868a2aa18d ] Request (InstanceActionsV221TestJSON:tearDownClass): 204 DELETE http://10.180.1.21/networking/v2.0/routers/5283b60a-8560-4359-8fbb-a39c31ccaea3 0.684s
2025-12-11 06:53:50.164 65946 INFO tempest.lib.common.rest_client [req-18a44c96-8e85-4eb8-943e-9f8d7ed47fea req-18a44c96-8e85-4eb8-943e-9f8d7ed47fea ] Request (HypervisorAdminTestJSON:setUpClass): 201 POST http://10.180.1.21/identity/v3/users 0.059s
2025-12-11 06:53:50.165 65902 INFO tempest.lib.common.rest_client [req-376ebbc0-df34-40df-a924-50c01ec5e90e req-376ebbc0-df34-40df-a924-50c01ec5e90e ] Request (MigrationsAdminTest:test_list_migrations_in_flavor_resize_situation): 200 GET http://10.180.1.21/compute/v2.1/servers/4129bb83-d443-4bcf-9deb-2348b2abc687 6.990s
2025-12-11 06:53:50.175 65902 INFO tempest.common.waiters [-] State transition "BUILD/None" ==> "BUILD/spawning" after 13 second wait
2025-12-11 06:53:50.186 65946 INFO tempest.lib.common.rest_client [req-b808bb29-c15a-4c80-af0d-210f6c21456e req-b808bb29-c15a-4c80-af0d-210f6c21456e ] Request (HypervisorAdminTestJSON:setUpClass): 200 GET http://10.180.1.21/identity/v3/roles 0.021s
2025-12-11 06:53:50.235 65946 INFO tempest.lib.common.rest_client [req-0d6a7664-057d-44a0-9b42-311908864d2e req-0d6a7664-057d-44a0-9b42-311908864d2e ] Request (HypervisorAdminTestJSON:setUpClass): 204 PUT http://10.180.1.21/identity/v3/projects/bfca7d9377f54235a65979e877c5219b/users/c95057f7afcf49739e4ebf21b22f325e/roles/fc8938041b5249fbae1b8d47dee66a22 0.049s
2025-12-11 06:53:50.235 65946 INFO tempest.lib.common.dynamic_creds [-] Dynamic test user c95057f7afcf49739e4ebf21b22f325e is created with scope project and roles: ['member']
2025-12-11 06:53:50.235 65946 INFO tempest.lib.common.dynamic_creds [-] Acquired dynamic creds: credentials: Credentials: {'domain_id': 'default', 'domain_name': 'Default', 'username': 'tempest-HypervisorAdminTestJSON-1763061578-project-member', 'project_domain_id': 'default', 'project_domain_name': 'Default', 'project_id': 'bfca7d9377f54235a65979e877c5219b', 'project_name': 'tempest-HypervisorAdminTestJSON-1763061578', 'tenant_id': 'bfca7d9377f54235a65979e877c5219b', 'tenant_name': 'tempest-HypervisorAdminTestJSON-1763061578', 'user_domain_id': 'default', 'user_domain_name': 'Default', 'user_id': 'c95057f7afcf49739e4ebf21b22f325e', 'system': None}, Network: None, Subnet: None, Router: None
2025-12-11 06:53:50.236 65946 INFO tempest.lib.common.dynamic_creds [-] Created isolated network resources for: credentials: Credentials: {'domain_id': 'default', 'domain_name': 'Default', 'username': 'tempest-HypervisorAdminTestJSON-1763061578-project-member', 'project_domain_id': 'default', 'project_domain_name': 'Default', 'project_id': 'bfca7d9377f54235a65979e877c5219b', 'project_name': 'tempest-HypervisorAdminTestJSON-1763061578', 'tenant_id': 'bfca7d9377f54235a65979e877c5219b', 'tenant_name': 'tempest-HypervisorAdminTestJSON-1763061578', 'user_domain_id': 'default', 'user_domain_name': 'Default', 'user_id': 'c95057f7afcf49739e4ebf21b22f325e', 'system': None}, Network: None, Subnet: None, Router: None
2025-12-11 06:53:50.281 65928 INFO tempest.lib.common.rest_client [req-b4f2aebe-d9e3-4d68-bc3e-bea778fdaf5a req-b4f2aebe-d9e3-4d68-bc3e-bea778fdaf5a ] Request (ServicesAdminTestJSON:tearDownClass): 204 DELETE http://10.180.1.21/networking/v2.0/security-groups/1dbde438-58fb-4093-9e8e-e9e4ead52618 0.567s
2025-12-11 06:53:50.316 65946 INFO tempest.lib.common.rest_client [req-6005bf68-f60e-41ff-88e0-4fc6ed5048ff req-6005bf68-f60e-41ff-88e0-4fc6ed5048ff ] Request (HypervisorAdminTestJSON:setUpClass): 201 POST http://10.180.1.21/identity/v3/auth/tokens 0.075s
2025-12-11 06:53:50.336 65924 INFO tempest.lib.common.rest_client [req-ee9f2786-d210-464e-9371-477910be0e47 req-ee9f2786-d210-464e-9371-477910be0e47 ] Request (InstanceActionsV221TestJSON:tearDownClass): 204 DELETE http://10.180.1.21/networking/v2.0/subnets/371bae64-cd67-4b7b-a094-a36ac6930351 0.222s
2025-12-11 06:53:50.346 65946 INFO tempest.lib.common.rest_client [req-55885f60-16d3-4126-bed4-876c08cf9e72 req-55885f60-16d3-4126-bed4-876c08cf9e72 ] Request (HypervisorAdminTestJSON:setUpClass): 201 POST http://10.180.1.21/identity/v3/projects 0.029s
2025-12-11 06:53:50.386 65928 INFO tempest.lib.common.rest_client [req-b07d4aad-27ba-4557-93d6-e4c9ebde84ac req-b07d4aad-27ba-4557-93d6-e4c9ebde84ac ] Request (ServicesAdminTestJSON:tearDownClass): 204 DELETE http://10.180.1.21/identity/v3/projects/fa051fd2ec824755a52327f0ac83d297 0.104s
2025-12-11 06:53:50.417 65934 INFO tempest.lib.common.rest_client [req-7318c679-007a-497c-810a-49a5902d3424 req-7318c679-007a-497c-810a-49a5902d3424 ] Request (AttachInterfacesTestJSON:test_create_list_show_delete_interfaces_by_fixed_ip): 200 GET http://10.180.1.21/compute/v2.1/servers/b85bfc57-aa0d-4d64-99eb-41ac5f8baf26 6.720s
2025-12-11 06:53:50.425 65934 INFO tempest.common.waiters [-] State transition "BUILD/spawning" ==> "ACTIVE/None" after 19 second wait
2025-12-11 06:53:50.474 65928 INFO tempest.lib.common.rest_client [req-a541a2cf-acb5-4a2d-adab-3f420e69a26c req-a541a2cf-acb5-4a2d-adab-3f420e69a26c ] Request (ServerDiskConfigTestJSON:setUpClass): 201 POST http://10.180.1.21/identity/v3/auth/tokens 0.086s
2025-12-11 06:53:50.482 65946 INFO tempest.lib.common.rest_client [req-672173e3-f228-4090-b9ec-483810c96b9d req-672173e3-f228-4090-b9ec-483810c96b9d ] Request (HypervisorAdminTestJSON:setUpClass): 201 POST http://10.180.1.21/identity/v3/users 0.135s
2025-12-11 06:53:50.516 65946 INFO tempest.lib.common.rest_client [req-bd15b378-9b9c-4e92-9edb-a460ab4daca2 req-bd15b378-9b9c-4e92-9edb-a460ab4daca2 ] Request (HypervisorAdminTestJSON:setUpClass): 200 GET http://10.180.1.21/identity/v3/roles 0.034s
2025-12-11 06:53:50.517 65928 INFO tempest.lib.common.rest_client [req-5a97358d-359a-424c-8323-d11131925826 req-5a97358d-359a-424c-8323-d11131925826 ] Request (ServerDiskConfigTestJSON:setUpClass): 201 POST http://10.180.1.21/identity/v3/auth/tokens 0.040s
2025-12-11 06:53:50.544 65928 INFO tempest.lib.common.rest_client [req-d6552172-2292-4734-a7a7-e0ef1c784702 req-d6552172-2292-4734-a7a7-e0ef1c784702 ] Request (ServerDiskConfigTestJSON:setUpClass): 200 GET http://10.180.1.21/identity/v3/domains?name=Default 0.027s
2025-12-11 06:53:50.548 65946 INFO tempest.lib.common.rest_client [req-079157a3-fa67-47ec-9ebd-d79e5afe470b req-079157a3-fa67-47ec-9ebd-d79e5afe470b ] Request (HypervisorAdminTestJSON:setUpClass): 204 PUT http://10.180.1.21/identity/v3/projects/6ac2bf9d145e4044925dabe727b031f7/users/5a74c7c8a2324303a63af1ca755c0f47/roles/c1cbf934f5cc4b56ba61e3fcd68629ff 0.030s
2025-12-11 06:53:50.604 65946 INFO tempest.lib.common.rest_client [req-13aec52c-912b-4fa2-b5a7-84a755f2e17f req-13aec52c-912b-4fa2-b5a7-84a755f2e17f ] Request (HypervisorAdminTestJSON:setUpClass): 200 GET http://10.180.1.21/identity/v3/roles 0.055s
2025-12-11 06:53:50.610 65952 WARNING tempest.lib.common.ssh [-] Failed to establish authenticated ssh connection to cirros@10.180.180.187 ([Errno None] Unable to connect to port 22 on 10.180.180.187). Number attempts: 1. Retry after 2 seconds.: paramiko.ssh_exception.NoValidConnectionsError: [Errno None] Unable to connect to port 22 on 10.180.180.187
2025-12-11 06:53:50.614 65928 INFO tempest.lib.common.rest_client [req-c2fa8a52-5fab-4665-8077-a2e1cef30188 req-c2fa8a52-5fab-4665-8077-a2e1cef30188 ] Request (ServerDiskConfigTestJSON:setUpClass): 201 POST http://10.180.1.21/identity/v3/projects 0.068s
2025-12-11 06:53:50.674 65946 INFO tempest.lib.common.rest_client [req-1860680e-1645-4dfc-a672-674cc7a8ac02 req-1860680e-1645-4dfc-a672-674cc7a8ac02 ] Request (HypervisorAdminTestJSON:setUpClass): 204 PUT http://10.180.1.21/identity/v3/projects/6ac2bf9d145e4044925dabe727b031f7/users/5a74c7c8a2324303a63af1ca755c0f47/roles/c1cbf934f5cc4b56ba61e3fcd68629ff 0.070s
2025-12-11 06:53:50.675 65946 INFO tempest.lib.common.dynamic_creds [-] Dynamic test user 5a74c7c8a2324303a63af1ca755c0f47 is created with scope project and roles: ['admin']
2025-12-11 06:53:50.675 65946 INFO tempest.lib.common.dynamic_creds [-] Acquired dynamic creds: credentials: Credentials: {'domain_id': 'default', 'domain_name': 'Default', 'username': 'tempest-HypervisorAdminTestJSON-598195964-project-admin', 'project_domain_id': 'default', 'project_domain_name': 'Default', 'project_id': '6ac2bf9d145e4044925dabe727b031f7', 'project_name': 'tempest-HypervisorAdminTestJSON-598195964', 'tenant_id': '6ac2bf9d145e4044925dabe727b031f7', 'tenant_name': 'tempest-HypervisorAdminTestJSON-598195964', 'user_domain_id': 'default', 'user_domain_name': 'Default', 'user_id': '5a74c7c8a2324303a63af1ca755c0f47', 'system': None}, Network: None, Subnet: None, Router: None
2025-12-11 06:53:50.675 65946 INFO tempest.lib.common.dynamic_creds [-] Created isolated network resources for: credentials: Credentials: {'domain_id': 'default', 'domain_name': 'Default', 'username': 'tempest-HypervisorAdminTestJSON-598195964-project-admin', 'project_domain_id': 'default', 'project_domain_name': 'Default', 'project_id': '6ac2bf9d145e4044925dabe727b031f7', 'project_name': 'tempest-HypervisorAdminTestJSON-598195964', 'tenant_id': '6ac2bf9d145e4044925dabe727b031f7', 'tenant_name': 'tempest-HypervisorAdminTestJSON-598195964', 'user_domain_id': 'default', 'user_domain_name': 'Default', 'user_id': '5a74c7c8a2324303a63af1ca755c0f47', 'system': None}, Network: None, Subnet: None, Router: None
2025-12-11 06:53:50.701 65924 INFO tempest.lib.common.rest_client [req-ce63dcca-7daa-478a-a5f7-7f9c1fde8c06 req-ce63dcca-7daa-478a-a5f7-7f9c1fde8c06 ] Request (InstanceActionsV221TestJSON:tearDownClass): 204 DELETE http://10.180.1.21/networking/v2.0/networks/8ccbbb2a-9b85-4006-87cf-9321ad8d869e 0.365s
2025-12-11 06:53:50.745 65928 INFO tempest.lib.common.rest_client [req-160d3b44-cda2-4ddb-949b-e5f142366d77 req-160d3b44-cda2-4ddb-949b-e5f142366d77 ] Request (ServerDiskConfigTestJSON:setUpClass): 201 POST http://10.180.1.21/identity/v3/users 0.130s
2025-12-11 06:53:50.777 65946 INFO tempest.lib.common.rest_client [req-3f827a4c-438b-4c26-8806-109d634f2620 req-3f827a4c-438b-4c26-8806-109d634f2620 ] Request (HypervisorAdminTestJSON:setUpClass): 201 POST http://10.180.1.21/identity/v3/auth/tokens 0.095s
2025-12-11 06:53:50.798 65928 INFO tempest.lib.common.rest_client [req-3ce4fc63-3361-4614-83e6-8838c5e098c5 req-3ce4fc63-3361-4614-83e6-8838c5e098c5 ] Request (ServerDiskConfigTestJSON:setUpClass): 200 GET http://10.180.1.21/identity/v3/roles 0.053s
2025-12-11 06:53:50.820 65924 INFO tempest.lib.common.rest_client [req-e4bd7301-cd60-485b-b872-d51b459a404b req-e4bd7301-cd60-485b-b872-d51b459a404b ] Request (InstanceActionsV221TestJSON:tearDownClass): 204 DELETE http://10.180.1.21/identity/v3/users/c82690f1255044e5bf98d2f42bb2a2f8 0.119s
2025-12-11 06:53:50.821 65924 INFO tempest.lib.common.dynamic_creds [-] Deleting project and security group for project: 0df7dbefee484145a9a82fa6c6d3437a
2025-12-11 06:53:50.855 65928 INFO tempest.lib.common.rest_client [req-096c3c52-2e63-41c4-b4b1-40f3bd31408d req-096c3c52-2e63-41c4-b4b1-40f3bd31408d ] Request (ServerDiskConfigTestJSON:setUpClass): 204 PUT http://10.180.1.21/identity/v3/projects/c9ea8568f34e47a8863d5765d660b4c4/users/5467a5eb8dd64cbaa0bcd073f5ccec10/roles/fc8938041b5249fbae1b8d47dee66a22 0.056s
2025-12-11 06:53:50.855 65928 INFO tempest.lib.common.dynamic_creds [-] Dynamic test user 5467a5eb8dd64cbaa0bcd073f5ccec10 is created with scope project and roles: ['member']
2025-12-11 06:53:50.856 65928 INFO tempest.lib.common.dynamic_creds [-] Acquired dynamic creds: credentials: Credentials: {'domain_id': 'default', 'domain_name': 'Default', 'username': 'tempest-ServerDiskConfigTestJSON-182912250-project-member', 'project_domain_id': 'default', 'project_domain_name': 'Default', 'project_id': 'c9ea8568f34e47a8863d5765d660b4c4', 'project_name': 'tempest-ServerDiskConfigTestJSON-182912250', 'tenant_id': 'c9ea8568f34e47a8863d5765d660b4c4', 'tenant_name': 'tempest-ServerDiskConfigTestJSON-182912250', 'user_domain_id': 'default', 'user_domain_name': 'Default', 'user_id': '5467a5eb8dd64cbaa0bcd073f5ccec10', 'system': None}, Network: None, Subnet: None, Router: None
2025-12-11 06:53:50.915 65928 INFO tempest.lib.common.rest_client [req-3abf7383-4ae2-4ae1-a85c-c30c4c337fe0 req-3abf7383-4ae2-4ae1-a85c-c30c4c337fe0 ] Request (ServerDiskConfigTestJSON:setUpClass): 201 POST http://10.180.1.21/identity/v3/auth/tokens 0.059s
2025-12-11 06:53:50.949 65954 WARNING tempest.lib.common.ssh [-] Failed to establish authenticated ssh connection to cirros@10.180.180.131 ([Errno None] Unable to connect to port 22 on 10.180.180.131). Number attempts: 1. Retry after 2 seconds.: paramiko.ssh_exception.NoValidConnectionsError: [Errno None] Unable to connect to port 22 on 10.180.180.131
2025-12-11 06:53:51.358 65924 INFO tempest.lib.common.rest_client [req-2ebec98a-7315-47c6-8a4c-74eee26ff830 req-2ebec98a-7315-47c6-8a4c-74eee26ff830 ] Request (InstanceActionsV221TestJSON:tearDownClass): 200 GET http://10.180.1.21/networking/v2.0/security-groups?tenant_id=0df7dbefee484145a9a82fa6c6d3437a&name=default 0.536s
2025-12-11 06:53:51.705 65928 INFO tempest.lib.common.rest_client [req-2a38feb8-d89a-475a-8347-927c635b2f4e req-2a38feb8-d89a-475a-8347-927c635b2f4e ] Request (ServerDiskConfigTestJSON:setUpClass): 201 POST http://10.180.1.21/networking/v2.0/networks 0.789s
2025-12-11 06:53:51.893 65924 INFO tempest.lib.common.rest_client [req-782695ed-7aef-47bd-82ff-fae79d694039 req-782695ed-7aef-47bd-82ff-fae79d694039 ] Request (InstanceActionsV221TestJSON:tearDownClass): 204 DELETE http://10.180.1.21/networking/v2.0/security-groups/9cee2713-939c-41b8-a340-8ab5ffffa28c 0.534s
2025-12-11 06:53:51.964 65924 INFO tempest.lib.common.rest_client [req-49ca014a-e872-4c61-8724-1baceeca9966 req-49ca014a-e872-4c61-8724-1baceeca9966 ] Request (InstanceActionsV221TestJSON:tearDownClass): 204 DELETE http://10.180.1.21/identity/v3/projects/0df7dbefee484145a9a82fa6c6d3437a 0.070s
2025-12-11 06:53:52.028 65924 INFO tempest.lib.common.rest_client [req-c401aecc-0043-4993-ab64-8a89dfc17b90 req-c401aecc-0043-4993-ab64-8a89dfc17b90 ] Request (ServerMetadataTestJSON:setUpClass): 201 POST http://10.180.1.21/identity/v3/auth/tokens 0.062s
2025-12-11 06:53:52.055 65924 INFO tempest.lib.common.rest_client [req-151c83a4-f3d8-4b96-876b-f0a88e9dc49c req-151c83a4-f3d8-4b96-876b-f0a88e9dc49c ] Request (ServerMetadataTestJSON:setUpClass): 201 POST http://10.180.1.21/identity/v3/auth/tokens 0.025s
2025-12-11 06:53:52.082 65924 INFO tempest.lib.common.rest_client [req-474b117b-5ecd-4041-b82a-f7a0c8be7986 req-474b117b-5ecd-4041-b82a-f7a0c8be7986 ] Request (ServerMetadataTestJSON:setUpClass): 200 GET http://10.180.1.21/identity/v3/domains?name=Default 0.026s
2025-12-11 06:53:52.111 65924 INFO tempest.lib.common.rest_client [req-305ade53-6a0c-4b58-af1a-bf2dbeb258fd req-305ade53-6a0c-4b58-af1a-bf2dbeb258fd ] Request (ServerMetadataTestJSON:setUpClass): 201 POST http://10.180.1.21/identity/v3/projects 0.029s
2025-12-11 06:53:52.169 65924 INFO tempest.lib.common.rest_client [req-c0c29b0f-6259-4738-a0d6-182310e67a79 req-c0c29b0f-6259-4738-a0d6-182310e67a79 ] Request (ServerMetadataTestJSON:setUpClass): 201 POST http://10.180.1.21/identity/v3/users 0.057s
2025-12-11 06:53:52.193 65924 INFO tempest.lib.common.rest_client [req-37f4b086-b469-46b2-ada4-65c410e74c6a req-37f4b086-b469-46b2-ada4-65c410e74c6a ] Request (ServerMetadataTestJSON:setUpClass): 200 GET http://10.180.1.21/identity/v3/roles 0.023s
2025-12-11 06:53:52.210 65928 INFO tempest.lib.common.rest_client [req-3f71ff68-5c27-4b7a-b73c-9573eb54b8d5 req-3f71ff68-5c27-4b7a-b73c-9573eb54b8d5 ] Request (ServerDiskConfigTestJSON:setUpClass): 201 POST http://10.180.1.21/networking/v2.0/subnets 0.505s
2025-12-11 06:53:52.222 65924 INFO tempest.lib.common.rest_client [req-2aa2c708-4444-4b18-8ead-2c20ce580b6f req-2aa2c708-4444-4b18-8ead-2c20ce580b6f ] Request (ServerMetadataTestJSON:setUpClass): 204 PUT http://10.180.1.21/identity/v3/projects/ebac04c075134957bddad845523e7705/users/01eb5de4222149eab54ec4579f992f4e/roles/fc8938041b5249fbae1b8d47dee66a22 0.028s
2025-12-11 06:53:52.222 65924 INFO tempest.lib.common.dynamic_creds [-] Dynamic test user 01eb5de4222149eab54ec4579f992f4e is created with scope project and roles: ['member']
2025-12-11 06:53:52.222 65924 INFO tempest.lib.common.dynamic_creds [-] Acquired dynamic creds: credentials: Credentials: {'domain_id': 'default', 'domain_name': 'Default', 'username': 'tempest-ServerMetadataTestJSON-972401061-project-member', 'project_domain_id': 'default', 'project_domain_name': 'Default', 'project_id': 'ebac04c075134957bddad845523e7705', 'project_name': 'tempest-ServerMetadataTestJSON-972401061', 'tenant_id': 'ebac04c075134957bddad845523e7705', 'tenant_name': 'tempest-ServerMetadataTestJSON-972401061', 'user_domain_id': 'default', 'user_domain_name': 'Default', 'user_id': '01eb5de4222149eab54ec4579f992f4e', 'system': None}, Network: None, Subnet: None, Router: None
2025-12-11 06:53:52.280 65948 INFO tempest.lib.common.rest_client [req-5cae51dd-355c-4fc1-a621-5445f07bc9bd req-5cae51dd-355c-4fc1-a621-5445f07bc9bd ] Request (FloatingIPDetailsTestJSON:setUpClass): 200 POST http://10.180.1.21/compute/v2.1/os-floating-ips 8.043s
2025-12-11 06:53:52.288 65924 INFO tempest.lib.common.rest_client [req-932c3f30-a41f-4463-88b1-d9c199ce1630 req-932c3f30-a41f-4463-88b1-d9c199ce1630 ] Request (ServerMetadataTestJSON:setUpClass): 201 POST http://10.180.1.21/identity/v3/auth/tokens 0.065s
2025-12-11 06:53:52.412 65898 INFO tempest.lib.common.rest_client [req-57ac1ed8-2e12-4531-845f-fa6429ac150b req-57ac1ed8-2e12-4531-845f-fa6429ac150b ] Request (ListServersNegativeTestJSON:setUpClass): 204 DELETE http://10.180.1.21/compute/v2.1/servers/505a39d9-0faf-4a51-a720-de3af84bbb2e 7.777s
2025-12-11 06:53:52.643 65924 INFO tempest.lib.common.rest_client [req-a6ed631f-44be-448c-8809-7dd601bf909d req-a6ed631f-44be-448c-8809-7dd601bf909d ] Request (ServerMetadataTestJSON:setUpClass): 201 POST http://10.180.1.21/networking/v2.0/networks 0.355s
2025-12-11 06:53:52.750 65950 INFO tempest.lib.common.rest_client [req-72970a9c-80ca-464d-8df8-ae92b7a85cb5 req-72970a9c-80ca-464d-8df8-ae92b7a85cb5 ] Request (ServerActionsTestJSON:setUpClass): 202 POST http://10.180.1.21/compute/v2.1/servers 8.734s
2025-12-11 06:53:52.767 65936 INFO tempest.lib.common.rest_client [req-b66cf5e9-1d5c-4e31-bbcb-48feedd8928d req-b66cf5e9-1d5c-4e31-bbcb-48feedd8928d ] Request (FlavorsAccessNegativeTestJSON:test_flavor_non_admin_remove): 200 POST http://10.180.1.21/compute/v2.1/flavors 8.086s
2025-12-11 06:53:52.808 65896 WARNING tempest.lib.common.ssh [-] Failed to establish authenticated ssh connection to cirros@10.180.180.160 ([Errno None] Unable to connect to port 22 on 10.180.180.160). Number attempts: 1. Retry after 2 seconds.: paramiko.ssh_exception.NoValidConnectionsError: [Errno None] Unable to connect to port 22 on 10.180.180.160
2025-12-11 06:53:52.888 65924 INFO tempest.lib.common.rest_client [req-6a484b1c-ce22-469d-a7fa-dca1b5b7a390 req-6a484b1c-ce22-469d-a7fa-dca1b5b7a390 ] Request (ServerMetadataTestJSON:setUpClass): 201 POST http://10.180.1.21/networking/v2.0/subnets 0.245s
2025-12-11 06:53:52.928 65904 INFO tempest.lib.common.rest_client [req-83acecc7-bd6b-4696-95f4-bc8ac08d4183 req-83acecc7-bd6b-4696-95f4-bc8ac08d4183 ] Request (ImagesOneServerTestJSON:test_create_delete_image): 200 GET http://10.180.1.21/compute/v2.1/servers/dee96a29-4406-4db5-96b7-a0b9bc7f5a81 8.268s
2025-12-11 06:53:52.933 65932 INFO tempest.lib.common.rest_client [req-90fcae17-9117-40c9-a869-b612280ff642 req-90fcae17-9117-40c9-a869-b612280ff642 ] Request (AggregatesAdminNegativeTestJSON:test_aggregate_create_as_user): 403 POST http://10.180.1.21/compute/v2.1/os-aggregates 7.843s
2025-12-11 06:53:52.946 65926 INFO tempest.lib.common.rest_client [req-226c45f2-f374-4cf0-920f-c6eb4f2b098a req-226c45f2-f374-4cf0-920f-c6eb4f2b098a ] Request (FlavorsV2TestJSON:test_list_flavors_detailed_using_marker): 200 GET http://10.180.1.21/compute/v2.1/flavors/42 7.825s
2025-12-11 06:53:53.113 65952 WARNING tempest.lib.common.ssh [-] Failed to establish authenticated ssh connection to cirros@10.180.180.187 ([Errno None] Unable to connect to port 22 on 10.180.180.187). Number attempts: 2. Retry after 3 seconds.: paramiko.ssh_exception.NoValidConnectionsError: [Errno None] Unable to connect to port 22 on 10.180.180.187
2025-12-11 06:53:53.135 65928 INFO tempest.lib.common.rest_client [req-96f6217f-5dc3-41de-aca1-c7db735f2516 req-96f6217f-5dc3-41de-aca1-c7db735f2516 ] Request (ServerDiskConfigTestJSON:setUpClass): 201 POST http://10.180.1.21/networking/v2.0/routers 0.924s
2025-12-11 06:53:53.186 65944 INFO tempest.lib.common.rest_client [req-9956b982-ea01-4120-a648-3fd804cbadd8 req-9956b982-ea01-4120-a648-3fd804cbadd8 ] Request (ImagesOneServerNegativeTestJSON:setUpClass): 200 GET http://10.180.1.21/compute/v2.1/servers/2af73989-9b26-4952-bed0-c5b55baf27ad 8.383s
2025-12-11 06:53:53.197 65944 INFO tempest.common.waiters [-] State transition "BUILD/spawning" ==> "ACTIVE/None" after 22 second wait
2025-12-11 06:53:53.293 65912 INFO tempest.lib.common.rest_client [req-49f6d98f-cee6-48fb-8196-a0f5730e9c41 req-49f6d98f-cee6-48fb-8196-a0f5730e9c41 ] Request (ImagesMetadataNegativeTestJSON:test_delete_nonexistent_image_metadata_item): 404 DELETE http://10.180.1.21/compute/v2.1/images/19c374e1-481e-40e8-903d-3beea34fbe8b/metadata/os_distro 7.970s
2025-12-11 06:53:53.454 65954 WARNING tempest.lib.common.ssh [-] Failed to establish authenticated ssh connection to cirros@10.180.180.131 ([Errno None] Unable to connect to port 22 on 10.180.180.131). Number attempts: 2. Retry after 3 seconds.: paramiko.ssh_exception.NoValidConnectionsError: [Errno None] Unable to connect to port 22 on 10.180.180.131
2025-12-11 06:53:53.782 65924 INFO tempest.lib.common.rest_client [req-1335a5aa-d96d-4450-a266-a6eaf7249f71 req-1335a5aa-d96d-4450-a266-a6eaf7249f71 ] Request (ServerMetadataTestJSON:setUpClass): 201 POST http://10.180.1.21/networking/v2.0/routers 0.893s
2025-12-11 06:53:54.137 65928 INFO tempest.lib.common.rest_client [req-cbe30cf6-92ca-40db-937e-15bb9e5a7a43 req-cbe30cf6-92ca-40db-937e-15bb9e5a7a43 ] Request (ServerDiskConfigTestJSON:setUpClass): 200 PUT http://10.180.1.21/networking/v2.0/routers/c453a386-3c42-404a-9c58-c84f30848d25/add_router_interface 1.002s
