2025-12-11 06:55:17.856 65944 INFO tempest.lib.common.rest_client [req-dc336643-c5c4-41e2-b1c9-2421abaf5be2 req-dc336643-c5c4-41e2-b1c9-2421abaf5be2 ] Request (ImagesOneServerNegativeTestJSON:_run_cleanups): 201 POST http://10.180.1.21/identity/v3/auth/tokens 0.082s
2025-12-11 06:55:17.863 65944 INFO tempest.lib.common.fixed_network [-] (ImagesOneServerNegativeTestJSON:_run_cleanups) Found network {'id': '9c4b1a7d-559a-4eb4-80bd-ca42ec12be51', 'name': 'tempest-ImagesOneServerNegativeTestJSON-916325067-network', 'tenant_id': '8f4d19f502b841dcbf1101b9649d3eb8', 'project_id': '8f4d19f502b841dcbf1101b9649d3eb8', 'admin_state_up': True, 'mtu': 8950, 'status': 'ACTIVE', 'subnets': [], 'shared': False, 'port_security_enabled': True, 'router:external': False, 'provider:network_type': 'vlan', 'provider:physical_network': 'default', 'provider:segmentation_id': 390, 'availability_zone_hints': [], 'availability_zones': [], 'ipv4_address_scope': None, 'ipv6_address_scope': None, 'description': '', 'tags': [], 'created_at': '2025-12-11T06:53:16Z', 'updated_at': '2025-12-11T06:53:16Z', 'revision_number': 1} available for tenant
2025-12-11 06:55:17.877 65906 INFO tempest.lib.common.rest_client [req-58d39d6b-94ff-462b-adf3-3b46da33647f req-58d39d6b-94ff-462b-adf3-3b46da33647f ] Request (ServerTagsTestJSON:setUpClass): 200 GET http://10.180.1.21/compute/v2.1/servers/12873555-9afc-44b9-a0a3-2eaf365e8f04 0.508s
2025-12-11 06:55:17.900 65898 INFO tempest.lib.common.rest_client [req-5f28e9ed-ee79-4e5a-be4c-49fb854d8893 req-5f28e9ed-ee79-4e5a-be4c-49fb854d8893 ] Request (ServerGroupTestJSON:test_create_delete_multiple_server_groups_with_same_name_policy): 204 DELETE http://10.180.1.21/compute/v2.1/os-server-groups/0567cfb7-6369-4401-9a7d-78a30dda1045 0.296s
2025-12-11 06:55:17.921 65892 INFO tempest.lib.common.rest_client [req-c9dfd55a-ac09-4fcb-9f48-54979425c6d0 req-c9dfd55a-ac09-4fcb-9f48-54979425c6d0 ] Request (SecurityGroupsTestJSON:test_server_security_groups): 202 POST http://10.180.1.21/compute/v2.1/servers/34128465-a972-4fe7-8a04-9b23d5b452d0/action 0.502s
2025-12-11 06:55:17.942 65898 INFO tempest.lib.common.rest_client [req-14f8a6bf-9e56-46c5-8674-51cf940658cc req-14f8a6bf-9e56-46c5-8674-51cf940658cc ] Request (ServerGroupTestJSON:test_create_delete_multiple_server_groups_with_same_name_policy): 200 GET http://10.180.1.21/compute/v2.1/os-server-groups 0.042s
2025-12-11 06:55:18.080 65892 INFO tempest.lib.common.rest_client [req-d3907b76-c7b1-4973-b5ac-b0b291c6172e req-d3907b76-c7b1-4973-b5ac-b0b291c6172e ] Request (SecurityGroupsTestJSON:test_server_security_groups): 200 GET http://10.180.1.21/compute/v2.1/servers/34128465-a972-4fe7-8a04-9b23d5b452d0 0.158s
2025-12-11 06:55:18.099 65898 INFO tempest.lib.common.rest_client [req-6a8a0b09-6c55-4987-8ff4-8ae1e5e2fbae req-6a8a0b09-6c55-4987-8ff4-8ae1e5e2fbae ] Request (ServerGroupTestJSON:test_create_delete_multiple_server_groups_with_same_name_policy): 204 DELETE http://10.180.1.21/compute/v2.1/os-server-groups/ac9f8f70-ac85-4b64-a132-5f359d1ebe06 0.156s
2025-12-11 06:55:18.162 65948 INFO tempest.lib.common.rest_client [req-c2b40c6e-1d48-4976-8043-6affc365c626 req-c2b40c6e-1d48-4976-8043-6affc365c626 ] Request (ImagesNegativeTestJSON:test_create_image_from_deleted_server): 200 GET http://10.180.1.21/compute/v2.1/servers/5095ca36-b442-4084-8e7a-9721040ddb32 0.179s
2025-12-11 06:55:18.223 65952 INFO tempest.lib.common.rest_client [req-9a61dfa4-e8c8-4520-8f57-bd33def42ed4 req-9a61dfa4-e8c8-4520-8f57-bd33def42ed4 ] Request (VolumesAssistedSnapshotsTest:test_volume_assisted_snapshot_create_delete): 200 GET http://10.180.1.21/volume/v3/volumes/637d1b4e-f495-4d6e-a340-45af140f2465 0.034s
2025-12-11 06:55:18.228 65908 INFO tempest.lib.common.rest_client [req-ca114e0f-2994-415b-8a1d-a0383f38dac3 req-ca114e0f-2994-415b-8a1d-a0383f38dac3 ] Request (ServerDiagnosticsV248Test:tearDownClass): 200 GET http://10.180.1.21/compute/v2.1/servers/1d2cbf01-66c4-445e-bf76-69f8eb2e08a8 0.233s
2025-12-11 06:55:18.257 65944 INFO tempest.lib.common.rest_client [req-83f9d994-d4b3-4847-b95c-e33875c8a044 req-83f9d994-d4b3-4847-b95c-e33875c8a044 ] Request (ImagesOneServerNegativeTestJSON:_run_cleanups): 202 POST http://10.180.1.21/compute/v2.1/servers 0.393s
2025-12-11 06:55:18.275 65898 INFO tempest.lib.common.rest_client [req-72235f38-0283-44bf-9092-cf6c6af2532a req-72235f38-0283-44bf-9092-cf6c6af2532a ] Request (ServerGroupTestJSON:test_create_delete_multiple_server_groups_with_same_name_policy): 200 GET http://10.180.1.21/compute/v2.1/os-server-groups 0.175s
2025-12-11 06:55:18.280 65932 INFO tempest.lib.common.rest_client [req-303b26c7-3917-44d2-8b33-17410a9c4897 req-303b26c7-3917-44d2-8b33-17410a9c4897 ] Request (ServersWithSpecificFlavorTestJSON:test_verify_created_server_ephemeral_disk): 200 GET http://10.180.1.21/compute/v2.1/servers/df3d05a5-3a38-45d8-b1b0-86a186072beb 0.238s
2025-12-11 06:55:18.440 65894 INFO tempest.lib.common.rest_client [req-2bcfbec0-9a9d-4833-b10b-8a8aba81e695 req-2bcfbec0-9a9d-4833-b10b-8a8aba81e695 ] Request (ServersAdminTestJSON:_run_cleanups): 200 GET http://10.180.1.21/compute/v2.1/servers/296e92cf-a475-424f-9f13-9b396108b569 0.258s
2025-12-11 06:55:18.452 65894 INFO tempest.common.waiters [-] State transition "REBUILD/rebuild_spawning" ==> "ACTIVE/None" after 9 second wait
2025-12-11 06:55:18.472 65914 INFO tempest.lib.common.rest_client [req-4067795b-8b88-4bb5-bc49-019c30d828af req-4067795b-8b88-4bb5-bc49-019c30d828af ] Request (ServerPasswordTestJSON:setUpClass): 200 GET http://10.180.1.21/compute/v2.1/servers/f1ade47a-789d-45da-ad0f-910c1bdb5483 0.266s
2025-12-11 06:55:18.819 65922 INFO tempest.lib.common.rest_client [req-65e4caf9-3cdc-4c55-b916-75fd5d56c070 req-65e4caf9-3cdc-4c55-b916-75fd5d56c070 ] Request (ServersNegativeTestJSON:setUpClass): 200 GET http://10.180.1.21/compute/v2.1/servers/4d6b2754-ade3-47d7-8c3c-4545937fa0d6 0.577s
2025-12-11 06:55:18.898 65920 WARNING tempest.lib.common.ssh [-] Failed to establish authenticated ssh connection to cirros@10.180.180.141 ([Errno None] Unable to connect to port 22 on 10.180.180.141). Number attempts: 5. Retry after 6 seconds.: paramiko.ssh_exception.NoValidConnectionsError: [Errno None] Unable to connect to port 22 on 10.180.180.141
2025-12-11 06:55:18.926 65898 INFO tempest.lib.common.rest_client [req-0b1e9f6b-3eec-4f2c-88d9-531ef00bb9e9 req-0b1e9f6b-3eec-4f2c-88d9-531ef00bb9e9 ] Request (ServerGroupTestJSON:test_create_delete_server_group_with_affinity_policy): 200 POST http://10.180.1.21/compute/v2.1/os-server-groups 0.648s
2025-12-11 06:55:18.995 65944 INFO tempest.lib.common.rest_client [req-afe5088a-ccd4-40b9-9f85-595ff67bc2ab req-afe5088a-ccd4-40b9-9f85-595ff67bc2ab ] Request (ImagesOneServerNegativeTestJSON:_run_cleanups): 200 GET http://10.180.1.21/compute/v2.1/servers/93f19431-055e-4fd9-ab50-8f5c594ef1ec 0.735s
2025-12-11 06:55:19.014 65904 INFO tempest.lib.common.rest_client [req-a843f937-2f4f-4d2b-8c7c-0fd2ab5f1788 req-a843f937-2f4f-4d2b-8c7c-0fd2ab5f1788 ] Request (ServersTestManualDisk:setUpClass): 200 GET http://10.180.1.21/compute/v2.1/servers/64e2cc80-7d5f-4959-8cb3-ad14dbbbed84 0.657s
2025-12-11 06:55:19.068 65896 WARNING tempest.lib.common.ssh [-] Failed to establish authenticated ssh connection to cirros@10.180.180.160 ([Errno None] Unable to connect to port 22 on 10.180.180.160). Number attempts: 12. Retry after 13 seconds.: paramiko.ssh_exception.NoValidConnectionsError: [Errno None] Unable to connect to port 22 on 10.180.180.160
2025-12-11 06:55:19.112 65894 INFO tempest.lib.common.rest_client [req-7675f502-55c7-4f43-bdd5-3ad2351902c7 req-7675f502-55c7-4f43-bdd5-3ad2351902c7 ] Request (ServersAdminTestJSON:test_reset_state_server): 202 POST http://10.180.1.21/compute/v2.1/servers/296e92cf-a475-424f-9f13-9b396108b569/action 0.658s
2025-12-11 06:55:19.163 65902 INFO tempest.lib.common.rest_client [req-9fa6fc79-eadb-46d7-9e8f-f4f652a9b37a req-9fa6fc79-eadb-46d7-9e8f-f4f652a9b37a ] Request (MigrationsAdminTest:test_list_migrations_in_flavor_resize_situation): 200 GET http://10.180.1.21/compute/v2.1/servers/4129bb83-d443-4bcf-9deb-2348b2abc687 0.770s
2025-12-11 06:55:19.196 65954 INFO tempest.lib.common.rest_client [req-8a0dd286-b9a6-4185-ac9b-e33c97616604 req-8a0dd286-b9a6-4185-ac9b-e33c97616604 ] Request (ServerActionsTestOtherA:test_rebuild_server_in_stop_state): 200 GET http://10.180.1.21/compute/v2.1/servers/be19fd69-d50b-48ea-b1a0-9489fa0585ea 0.740s
2025-12-11 06:55:19.206 65954 INFO tempest.common.waiters [-] State transition "BUILD/scheduling" ==> "BUILD/None" after 2 second wait
2025-12-11 06:55:19.243 65912 INFO tempest.lib.common.rest_client [req-00c80c98-7f76-4caf-afdb-8fd837670041 req-00c80c98-7f76-4caf-afdb-8fd837670041 ] Request (ServerAddressesNegativeTestJSON:tearDownClass): 200 GET http://10.180.1.21/compute/v2.1/servers/499585a2-cfa9-4e96-96ac-11d43480d8b7 0.721s
2025-12-11 06:55:19.272 65952 INFO tempest.lib.common.rest_client [req-970da795-bddd-4663-b498-e73b538ad771 req-970da795-bddd-4663-b498-e73b538ad771 ] Request (VolumesAssistedSnapshotsTest:test_volume_assisted_snapshot_create_delete): 200 GET http://10.180.1.21/volume/v3/volumes/637d1b4e-f495-4d6e-a340-45af140f2465 0.042s
2025-12-11 06:55:19.290 65936 INFO tempest.lib.common.rest_client [req-306a7279-c681-4631-be75-4855fe1f9373 req-306a7279-c681-4631-be75-4855fe1f9373 ] Request (ServersAdmin275Test:_run_cleanups): 200 GET http://10.180.1.21/compute/v2.1/servers/f065724a-cd96-493c-ad31-00c491c48440 0.741s
2025-12-11 06:55:19.335 65916 INFO tempest.lib.common.rest_client [req-5e16736a-ed8e-4667-8d17-59a20a3d9ff2 req-5e16736a-ed8e-4667-8d17-59a20a3d9ff2 ] Request (ServersAdminNegativeTestJSON:tearDownClass): 200 GET http://10.180.1.21/compute/v2.1/servers/afe4d63e-576c-459d-b0e8-877052af36a6 0.730s
2025-12-11 06:55:19.439 65924 INFO tempest.lib.common.rest_client [req-d0b1b502-4b99-43a3-b3de-e71dccf1a846 req-d0b1b502-4b99-43a3-b3de-e71dccf1a846 ] Request (ServerMetadataTestJSON:tearDownClass): 200 GET http://10.180.1.21/compute/v2.1/servers/70540b20-2676-4104-9414-de92668ce9be 0.751s
2025-12-11 06:55:19.465 65918 INFO tempest.lib.common.rest_client [req-ab69b15f-1d35-42b7-a85f-905427c845f3 req-ab69b15f-1d35-42b7-a85f-905427c845f3 ] Request (ImagesTestJSON:test_create_image_from_stopped_server): 200 GET http://10.180.1.21/compute/v2.1/servers/ba16656c-4055-4de8-aacb-803a63023b95 0.795s
2025-12-11 06:55:19.472 65918 INFO tempest.common.waiters [-] State transition "BUILD/None" ==> "BUILD/block_device_mapping" after 38 second wait
2025-12-11 06:55:19.495 65910 INFO tempest.lib.common.rest_client [req-de45da72-a659-46b5-97e6-27f292c4d33c req-de45da72-a659-46b5-97e6-27f292c4d33c ] Request (ServerShowV247Test:test_update_rebuild_list_server): 200 GET http://10.180.1.21/compute/v2.1/servers/6835a262-ea43-464a-96f0-44f446e98242 0.724s
2025-12-11 06:55:19.624 65928 INFO tempest.lib.common.rest_client [req-9253d385-a7f6-4cc0-b782-026cd2194984 req-9253d385-a7f6-4cc0-b782-026cd2194984 ] Request (ServerDiskConfigTestJSON:test_rebuild_server_with_manual_disk_config): 200 GET http://10.180.1.21/compute/v2.1/servers/23486318-6957-48dd-88a3-c595d0df955d 0.792s
2025-12-11 06:55:19.688 65930 INFO tempest.lib.common.rest_client [req-1079389d-6a58-4172-a10c-7313d28a6e0c req-1079389d-6a58-4172-a10c-7313d28a6e0c ] Request (ServerRescueTestJSONUnderV235:setUpClass): 200 GET http://10.180.1.21/compute/v2.1/servers/9d7141ac-cc7f-477b-ad62-e1e6deebb248 0.885s
2025-12-11 06:55:19.755 65900 INFO tempest.lib.common.rest_client [req-3b60f49d-c282-4ca2-9664-1bab7b30ee7d req-3b60f49d-c282-4ca2-9664-1bab7b30ee7d ] Request (ServerDiagnosticsNegativeTest:tearDownClass): 200 GET http://10.180.1.21/compute/v2.1/servers/8c5467c8-4905-452d-bd57-ca2f5f9c8101 0.885s
2025-12-11 06:55:19.779 65898 INFO tempest.lib.common.rest_client [req-c9c1f531-ea00-4696-93d4-242eef8bef50 req-c9c1f531-ea00-4696-93d4-242eef8bef50 ] Request (ServerGroupTestJSON:test_create_delete_server_group_with_affinity_policy): 204 DELETE http://10.180.1.21/compute/v2.1/os-server-groups/06198a5d-c289-49f9-84b2-253151426d96 0.850s
2025-12-11 06:55:19.791 65906 INFO tempest.lib.common.rest_client [req-de482625-12bf-4961-83a7-a144f6244a7f req-de482625-12bf-4961-83a7-a144f6244a7f ] Request (ServerTagsTestJSON:setUpClass): 200 GET http://10.180.1.21/compute/v2.1/servers/12873555-9afc-44b9-a0a3-2eaf365e8f04 0.904s
2025-12-11 06:55:19.967 65892 INFO tempest.lib.common.rest_client [req-925d9e58-66e4-4fab-85b9-11d70ab4fe97 req-925d9e58-66e4-4fab-85b9-11d70ab4fe97 ] Request (SecurityGroupsTestJSON:test_server_security_groups): 200 GET http://10.180.1.21/compute/v2.1/servers/34128465-a972-4fe7-8a04-9b23d5b452d0 0.878s
2025-12-11 06:55:19.990 65894 INFO tempest.lib.common.rest_client [req-15da470c-7fbd-4444-aa42-5a1df65754b5 req-15da470c-7fbd-4444-aa42-5a1df65754b5 ] Request (ServersAdminTestJSON:test_reset_state_server): 200 GET http://10.180.1.21/compute/v2.1/servers/296e92cf-a475-424f-9f13-9b396108b569 0.877s
2025-12-11 06:55:20.052 65948 INFO tempest.lib.common.rest_client [req-d2e1c880-e8c9-4490-a37e-73affb4f8ece req-d2e1c880-e8c9-4490-a37e-73affb4f8ece ] Request (ImagesNegativeTestJSON:test_create_image_from_deleted_server): 200 GET http://10.180.1.21/compute/v2.1/servers/5095ca36-b442-4084-8e7a-9721040ddb32 0.882s
2025-12-11 06:55:20.062 65908 INFO tempest.lib.common.rest_client [req-8d337a35-9d59-4e9a-9196-e3638ac3d0b0 req-8d337a35-9d59-4e9a-9196-e3638ac3d0b0 ] Request (ServerDiagnosticsV248Test:tearDownClass): 200 GET http://10.180.1.21/compute/v2.1/servers/1d2cbf01-66c4-445e-bf76-69f8eb2e08a8 0.824s
2025-12-11 06:55:20.180 65932 INFO tempest.lib.common.rest_client [req-754356e1-c2f5-4c00-a055-421d56107e5f req-754356e1-c2f5-4c00-a055-421d56107e5f ] Request (ServersWithSpecificFlavorTestJSON:test_verify_created_server_ephemeral_disk): 200 GET http://10.180.1.21/compute/v2.1/servers/df3d05a5-3a38-45d8-b1b0-86a186072beb 0.890s
2025-12-11 06:55:20.196 65898 INFO tempest.lib.common.rest_client [req-e194eb30-091a-4427-bc50-6e4aae0dcd3b req-e194eb30-091a-4427-bc50-6e4aae0dcd3b ] Request (ServerGroupTestJSON:test_create_delete_server_group_with_affinity_policy): 200 GET http://10.180.1.21/compute/v2.1/os-server-groups 0.417s
2025-12-11 06:55:20.206 65914 INFO tempest.lib.common.rest_client [req-b2126395-3004-44ae-a37e-b1a6c81ed26f req-b2126395-3004-44ae-a37e-b1a6c81ed26f ] Request (ServerPasswordTestJSON:setUpClass): 200 GET http://10.180.1.21/compute/v2.1/servers/f1ade47a-789d-45da-ad0f-910c1bdb5483 0.723s
2025-12-11 06:55:20.274 65894 INFO tempest.lib.common.rest_client [req-077a37ac-0411-42ea-934d-bcf0d5e5b357 req-077a37ac-0411-42ea-934d-bcf0d5e5b357 ] Request (ServersAdminTestJSON:test_reset_state_server): 202 POST http://10.180.1.21/compute/v2.1/servers/296e92cf-a475-424f-9f13-9b396108b569/action 0.274s
2025-12-11 06:55:20.277 65922 INFO tempest.lib.common.rest_client [req-79c24abe-1df6-4e25-8001-e6d4873d564a req-79c24abe-1df6-4e25-8001-e6d4873d564a ] Request (ServersNegativeTestJSON:setUpClass): 200 GET http://10.180.1.21/compute/v2.1/servers/4d6b2754-ade3-47d7-8c3c-4545937fa0d6 0.448s
2025-12-11 06:55:20.316 65952 INFO tempest.lib.common.rest_client [req-9155f921-f75c-4211-bbf1-51a89175fd80 req-9155f921-f75c-4211-bbf1-51a89175fd80 ] Request (VolumesAssistedSnapshotsTest:test_volume_assisted_snapshot_create_delete): 200 GET http://10.180.1.21/volume/v3/volumes/637d1b4e-f495-4d6e-a340-45af140f2465 0.032s
2025-12-11 06:55:20.338 65904 INFO tempest.lib.common.rest_client [req-16b59e92-12bb-4672-975c-28552b351da9 req-16b59e92-12bb-4672-975c-28552b351da9 ] Request (ServersTestManualDisk:setUpClass): 200 GET http://10.180.1.21/compute/v2.1/servers/64e2cc80-7d5f-4959-8cb3-ad14dbbbed84 0.310s
2025-12-11 06:55:20.355 65944 INFO tempest.lib.common.rest_client [req-d252e664-4925-4594-96be-11ddc1f3370f req-d252e664-4925-4594-96be-11ddc1f3370f ] Request (ImagesOneServerNegativeTestJSON:_run_cleanups): 200 GET http://10.180.1.21/compute/v2.1/servers/93f19431-055e-4fd9-ab50-8f5c594ef1ec 0.352s
2025-12-11 06:55:20.430 65898 INFO tempest.lib.common.rest_client [req-edb61454-a703-421d-91b0-9bd63f2f0567 req-edb61454-a703-421d-91b0-9bd63f2f0567 ] Request (ServerGroupTestJSON:test_create_delete_server_group_with_anti_affinity_policy): 200 POST http://10.180.1.21/compute/v2.1/os-server-groups 0.231s
2025-12-11 06:55:20.471 65902 INFO tempest.lib.common.rest_client [req-6ab3820d-8b78-4995-a015-0edf77b0f7a5 req-6ab3820d-8b78-4995-a015-0edf77b0f7a5 ] Request (MigrationsAdminTest:test_list_migrations_in_flavor_resize_situation): 200 GET http://10.180.1.21/compute/v2.1/servers/4129bb83-d443-4bcf-9deb-2348b2abc687 0.298s
2025-12-11 06:55:20.492 65954 INFO tempest.lib.common.rest_client [req-f76c301b-a4dd-424a-8d57-6d9c7e778ca0 req-f76c301b-a4dd-424a-8d57-6d9c7e778ca0 ] Request (ServerActionsTestOtherA:test_rebuild_server_in_stop_state): 200 GET http://10.180.1.21/compute/v2.1/servers/be19fd69-d50b-48ea-b1a0-9489fa0585ea 0.284s
2025-12-11 06:55:20.554 65912 INFO tempest.lib.common.rest_client [req-1ef7ac0b-a6bb-4214-b6ba-6eb633d06be0 req-1ef7ac0b-a6bb-4214-b6ba-6eb633d06be0 ] Request (ServerAddressesNegativeTestJSON:tearDownClass): 200 GET http://10.180.1.21/compute/v2.1/servers/499585a2-cfa9-4e96-96ac-11d43480d8b7 0.298s
2025-12-11 06:55:20.614 65936 INFO tempest.lib.common.rest_client [req-461fc169-289c-49a2-8b4d-0b014f180bbe req-461fc169-289c-49a2-8b4d-0b014f180bbe ] Request (ServersAdmin275Test:_run_cleanups): 200 GET http://10.180.1.21/compute/v2.1/servers/f065724a-cd96-493c-ad31-00c491c48440 0.312s
2025-12-11 06:55:20.620 65894 INFO tempest.lib.common.rest_client [req-0a7d0308-df44-42e2-98e7-afaa75000caf req-0a7d0308-df44-42e2-98e7-afaa75000caf ] Request (ServersAdminTestJSON:test_reset_state_server): 200 GET http://10.180.1.21/compute/v2.1/servers/296e92cf-a475-424f-9f13-9b396108b569 0.346s
2025-12-11 06:55:20.624 65936 INFO tempest.common.waiters [-] State transition "REBUILD/rebuild_spawning" ==> "ACTIVE/None" after 11 second wait
2025-12-11 06:55:20.642 65898 INFO tempest.lib.common.rest_client [req-bd5e0d8d-582f-462f-bc1a-1dd174f432ae req-bd5e0d8d-582f-462f-bc1a-1dd174f432ae ] Request (ServerGroupTestJSON:test_create_delete_server_group_with_anti_affinity_policy): 204 DELETE http://10.180.1.21/compute/v2.1/os-server-groups/92413e04-2cce-4ce6-a95f-36d48bada583 0.211s
2025-12-11 06:55:20.676 65916 INFO tempest.lib.common.rest_client [req-c12e83e1-5bd2-4150-8409-5b3f7cf9df0e req-c12e83e1-5bd2-4150-8409-5b3f7cf9df0e ] Request (ServersAdminNegativeTestJSON:tearDownClass): 200 GET http://10.180.1.21/compute/v2.1/servers/afe4d63e-576c-459d-b0e8-877052af36a6 0.332s
2025-12-11 06:55:20.717 65924 INFO tempest.lib.common.rest_client [req-8e4ad6bb-af8f-4877-98ad-9231400c3538 req-8e4ad6bb-af8f-4877-98ad-9231400c3538 ] Request (ServerMetadataTestJSON:tearDownClass): 200 GET http://10.180.1.21/compute/v2.1/servers/70540b20-2676-4104-9414-de92668ce9be 0.265s
2025-12-11 06:55:20.771 65910 INFO tempest.lib.common.rest_client [req-98f80669-183e-4eef-bc7f-966ce8475256 req-98f80669-183e-4eef-bc7f-966ce8475256 ] Request (ServerShowV247Test:test_update_rebuild_list_server): 200 GET http://10.180.1.21/compute/v2.1/servers/6835a262-ea43-464a-96f0-44f446e98242 0.264s
2025-12-11 06:55:20.779 65918 INFO tempest.lib.common.rest_client [req-e0b2ce07-947e-44d5-babe-bea7289246ed req-e0b2ce07-947e-44d5-babe-bea7289246ed ] Request (ImagesTestJSON:test_create_image_from_stopped_server): 200 GET http://10.180.1.21/compute/v2.1/servers/ba16656c-4055-4de8-aacb-803a63023b95 0.304s
2025-12-11 06:55:20.791 65918 INFO tempest.common.waiters [-] State transition "BUILD/block_device_mapping" ==> "BUILD/spawning" after 39 second wait
2025-12-11 06:55:20.856 65936 INFO tempest.lib.common.rest_client [req-adac74f8-a1e4-4198-af25-7548b012e447 req-adac74f8-a1e4-4198-af25-7548b012e447 ] Request (ServersAdmin275Test:tearDownClass): 204 DELETE http://10.180.1.21/compute/v2.1/servers/f065724a-cd96-493c-ad31-00c491c48440 0.228s
2025-12-11 06:55:20.860 65894 INFO tempest.lib.common.rest_client [req-260a808c-9349-48eb-b6ee-36de42f1e589 req-260a808c-9349-48eb-b6ee-36de42f1e589 ] Request (ServersAdminTestJSON:tearDownClass): 204 DELETE http://10.180.1.21/compute/v2.1/servers/fb8281e0-052d-475c-b81a-12c781c62b58 0.229s
2025-12-11 06:55:20.874 65898 INFO tempest.lib.common.rest_client [req-279afbc5-889d-40f2-a7ec-ebf520f9dcbd req-279afbc5-889d-40f2-a7ec-ebf520f9dcbd ] Request (ServerGroupTestJSON:test_create_delete_server_group_with_anti_affinity_policy): 200 GET http://10.180.1.21/compute/v2.1/os-server-groups 0.231s
2025-12-11 06:55:20.909 65928 INFO tempest.lib.common.rest_client [req-ea6259f0-20fc-41f8-b048-10290b55e1da req-ea6259f0-20fc-41f8-b048-10290b55e1da ] Request (ServerDiskConfigTestJSON:test_rebuild_server_with_manual_disk_config): 200 GET http://10.180.1.21/compute/v2.1/servers/23486318-6957-48dd-88a3-c595d0df955d 0.277s
2025-12-11 06:55:20.912 65898 INFO tempest.lib.common.rest_client [req-a6598f7e-8ae6-4a17-8607-e8204633e04d req-a6598f7e-8ae6-4a17-8607-e8204633e04d ] Request (ServerGroupTestJSON:test_create_server_with_scheduler_hint_group): 201 POST http://10.180.1.21/identity/v3/auth/tokens 0.031s
2025-12-11 06:55:20.913 65898 INFO tempest.lib.common.fixed_network [-] (ServerGroupTestJSON:test_create_server_with_scheduler_hint_group) Found network {'id': 'd2f3e6fd-2402-4b1c-a6a2-ad2d6ed9d1ba', 'name': 'tempest-ServerGroupTestJSON-326132568-network', 'tenant_id': 'a0b7fe8b5c0a42e68a58367eb099c68a', 'project_id': 'a0b7fe8b5c0a42e68a58367eb099c68a', 'admin_state_up': True, 'mtu': 8950, 'status': 'ACTIVE', 'subnets': [], 'shared': False, 'port_security_enabled': True, 'router:external': False, 'provider:network_type': 'vlan', 'provider:physical_network': 'default', 'provider:segmentation_id': 538, 'availability_zone_hints': [], 'availability_zones': [], 'ipv4_address_scope': None, 'ipv6_address_scope': None, 'description': '', 'tags': [], 'created_at': '2025-12-11T06:55:12Z', 'updated_at': '2025-12-11T06:55:12Z', 'revision_number': 1} available for tenant
2025-12-11 06:55:20.962 65900 INFO tempest.lib.common.rest_client [req-0d528057-703b-43a8-8cf7-e66d474662eb req-0d528057-703b-43a8-8cf7-e66d474662eb ] Request (ServerDiagnosticsNegativeTest:tearDownClass): 200 GET http://10.180.1.21/compute/v2.1/servers/8c5467c8-4905-452d-bd57-ca2f5f9c8101 0.192s
2025-12-11 06:55:20.976 65930 INFO tempest.lib.common.rest_client [req-376c9c80-faca-4996-b821-c111005c7cf2 req-376c9c80-faca-4996-b821-c111005c7cf2 ] Request (ServerRescueTestJSONUnderV235:setUpClass): 200 GET http://10.180.1.21/compute/v2.1/servers/9d7141ac-cc7f-477b-ad62-e1e6deebb248 0.275s
2025-12-11 06:55:20.983 65930 INFO tempest.common.waiters [-] State transition "ACTIVE/rescuing" ==> "RESCUE/None" after 11 second wait
2025-12-11 06:55:21.010 65906 INFO tempest.lib.common.rest_client [req-d01e5832-5605-4ca6-b764-adac78fec8c8 req-d01e5832-5605-4ca6-b764-adac78fec8c8 ] Request (ServerTagsTestJSON:setUpClass): 200 GET http://10.180.1.21/compute/v2.1/servers/12873555-9afc-44b9-a0a3-2eaf365e8f04 0.210s
2025-12-11 06:55:21.033 65936 INFO tempest.lib.common.rest_client [req-19d2da82-b8c8-4ae3-aaa2-9757e334dd88 req-19d2da82-b8c8-4ae3-aaa2-9757e334dd88 ] Request (ServersAdmin275Test:tearDownClass): 200 GET http://10.180.1.21/compute/v2.1/servers/f065724a-cd96-493c-ad31-00c491c48440 0.177s
2025-12-11 06:55:21.123 65894 INFO tempest.lib.common.rest_client [req-d598e87b-ff0d-427a-8c66-3676cebc51bb req-d598e87b-ff0d-427a-8c66-3676cebc51bb ] Request (ServersAdminTestJSON:tearDownClass): 200 GET http://10.180.1.21/compute/v2.1/servers/fb8281e0-052d-475c-b81a-12c781c62b58 0.262s
2025-12-11 06:55:21.276 65892 INFO tempest.lib.common.rest_client [req-f9a0eb44-f86f-4c7c-8eb4-66cf60b36680 req-f9a0eb44-f86f-4c7c-8eb4-66cf60b36680 ] Request (SecurityGroupsTestJSON:test_server_security_groups): 200 GET http://10.180.1.21/compute/v2.1/servers/34128465-a972-4fe7-8a04-9b23d5b452d0 0.300s
2025-12-11 06:55:21.360 65952 INFO tempest.lib.common.rest_client [req-3ead27d9-b7a2-4ae1-aa24-1b33acd21fa4 req-3ead27d9-b7a2-4ae1-aa24-1b33acd21fa4 ] Request (VolumesAssistedSnapshotsTest:test_volume_assisted_snapshot_create_delete): 200 GET http://10.180.1.21/volume/v3/volumes/637d1b4e-f495-4d6e-a340-45af140f2465 0.035s
2025-12-11 06:55:21.443 65930 INFO tempest.lib.common.rest_client [req-8e818f20-692b-45e6-96c3-d47614c57ab0 req-8e818f20-692b-45e6-96c3-d47614c57ab0 ] Request (ServerRescueTestJSONUnderV235:test_rescued_vm_add_remove_security_group): 200 POST http://10.180.1.21/compute/v2.1/os-security-groups 0.459s
2025-12-11 06:55:21.530 65948 INFO tempest.lib.common.rest_client [req-1e4d398e-629d-4669-b017-3be7119f6192 req-1e4d398e-629d-4669-b017-3be7119f6192 ] Request (ImagesNegativeTestJSON:test_create_image_from_deleted_server): 200 GET http://10.180.1.21/compute/v2.1/servers/5095ca36-b442-4084-8e7a-9721040ddb32 0.469s
2025-12-11 06:55:21.536 65898 INFO tempest.lib.common.rest_client [req-8d71835f-ba4c-4f46-aaac-3afe29984f53 req-8d71835f-ba4c-4f46-aaac-3afe29984f53 ] Request (ServerGroupTestJSON:test_create_server_with_scheduler_hint_group): 202 POST http://10.180.1.21/compute/v2.1/servers 0.622s
2025-12-11 06:55:21.619 65908 INFO tempest.lib.common.rest_client [req-db03b752-f985-4d2b-9beb-ff289a4d23f2 req-db03b752-f985-4d2b-9beb-ff289a4d23f2 ] Request (ServerDiagnosticsV248Test:tearDownClass): 200 GET http://10.180.1.21/compute/v2.1/servers/1d2cbf01-66c4-445e-bf76-69f8eb2e08a8 0.546s
2025-12-11 06:55:21.635 65932 INFO tempest.lib.common.rest_client [req-8c0fac67-b2dd-4895-92e5-887e810ab194 req-8c0fac67-b2dd-4895-92e5-887e810ab194 ] Request (ServersWithSpecificFlavorTestJSON:test_verify_created_server_ephemeral_disk): 200 GET http://10.180.1.21/compute/v2.1/servers/df3d05a5-3a38-45d8-b1b0-86a186072beb 0.444s
2025-12-11 06:55:21.717 65922 INFO tempest.lib.common.rest_client [req-146b54e7-638f-4f1d-9292-730be9f3217f req-146b54e7-638f-4f1d-9292-730be9f3217f ] Request (ServersNegativeTestJSON:setUpClass): 200 GET http://10.180.1.21/compute/v2.1/servers/4d6b2754-ade3-47d7-8c3c-4545937fa0d6 0.432s
2025-12-11 06:55:21.781 65914 INFO tempest.lib.common.rest_client [req-b663ffad-d7c4-477e-a35f-76c9844b58e1 req-b663ffad-d7c4-477e-a35f-76c9844b58e1 ] Request (ServerPasswordTestJSON:setUpClass): 200 GET http://10.180.1.21/compute/v2.1/servers/f1ade47a-789d-45da-ad0f-910c1bdb5483 0.559s
2025-12-11 06:55:21.785 65904 INFO tempest.lib.common.rest_client [req-b1b2d0da-5a7c-4c8f-8b28-596df95ed0a0 req-b1b2d0da-5a7c-4c8f-8b28-596df95ed0a0 ] Request (ServersTestManualDisk:setUpClass): 200 GET http://10.180.1.21/compute/v2.1/servers/64e2cc80-7d5f-4959-8cb3-ad14dbbbed84 0.434s
2025-12-11 06:55:21.854 65944 INFO tempest.lib.common.rest_client [req-bd1ad912-2914-4149-b8f0-9fca86d9ae36 req-bd1ad912-2914-4149-b8f0-9fca86d9ae36 ] Request (ImagesOneServerNegativeTestJSON:_run_cleanups): 200 GET http://10.180.1.21/compute/v2.1/servers/93f19431-055e-4fd9-ab50-8f5c594ef1ec 0.484s
2025-12-11 06:55:22.019 65902 INFO tempest.lib.common.rest_client [req-ffeba2c7-d7b4-4c30-a43c-9b3e76377a4a req-ffeba2c7-d7b4-4c30-a43c-9b3e76377a4a ] Request (MigrationsAdminTest:test_list_migrations_in_flavor_resize_situation): 200 GET http://10.180.1.21/compute/v2.1/servers/4129bb83-d443-4bcf-9deb-2348b2abc687 0.535s
2025-12-11 06:55:22.029 65902 INFO tempest.common.waiters [-] State transition "VERIFY_RESIZE/None" ==> "ACTIVE/None" after 42 second wait
2025-12-11 06:55:22.076 65954 INFO tempest.lib.common.rest_client [req-a62d93f9-76cc-4b68-ae02-bc1bf06f5cee req-a62d93f9-76cc-4b68-ae02-bc1bf06f5cee ] Request (ServerActionsTestOtherA:test_rebuild_server_in_stop_state): 200 GET http://10.180.1.21/compute/v2.1/servers/be19fd69-d50b-48ea-b1a0-9489fa0585ea 0.574s
2025-12-11 06:55:22.123 65898 INFO tempest.lib.common.rest_client [req-3aab214d-8fab-4dfc-aab9-63b174e5bb20 req-3aab214d-8fab-4dfc-aab9-63b174e5bb20 ] Request (ServerGroupTestJSON:test_create_server_with_scheduler_hint_group): 200 GET http://10.180.1.21/compute/v2.1/servers/d5da8d53-5af8-40cd-a16a-0fc311a0fcf9 0.584s
2025-12-11 06:55:22.174 65930 INFO tempest.lib.common.rest_client [req-2aafbc3c-c352-41ae-8055-d81053bb9ff7 req-2aafbc3c-c352-41ae-8055-d81053bb9ff7 ] Request (ServerRescueTestJSONUnderV235:test_rescued_vm_add_remove_security_group): 202 POST http://10.180.1.21/compute/v2.1/servers/9d7141ac-cc7f-477b-ad62-e1e6deebb248/action 0.727s
2025-12-11 06:55:22.192 65912 INFO tempest.lib.common.rest_client [req-ebb1d9ab-ca05-4361-8368-998f5c89ccf5 req-ebb1d9ab-ca05-4361-8368-998f5c89ccf5 ] Request (ServerAddressesNegativeTestJSON:tearDownClass): 200 GET http://10.180.1.21/compute/v2.1/servers/499585a2-cfa9-4e96-96ac-11d43480d8b7 0.628s
2025-12-11 06:55:22.249 65916 INFO tempest.lib.common.rest_client [req-b612d751-3520-4f7d-aa70-d08751acc36d req-b612d751-3520-4f7d-aa70-d08751acc36d ] Request (ServersAdminNegativeTestJSON:tearDownClass): 200 GET http://10.180.1.21/compute/v2.1/servers/afe4d63e-576c-459d-b0e8-877052af36a6 0.563s
2025-12-11 06:55:22.280 65924 INFO tempest.lib.common.rest_client [req-044e0e2d-2957-490b-87b6-746bbec2cfcd req-044e0e2d-2957-490b-87b6-746bbec2cfcd ] Request (ServerMetadataTestJSON:tearDownClass): 200 GET http://10.180.1.21/compute/v2.1/servers/70540b20-2676-4104-9414-de92668ce9be 0.555s
2025-12-11 06:55:22.306 65910 INFO tempest.lib.common.rest_client [req-03aad4e0-d218-4e70-858e-29f71c7387a3 req-03aad4e0-d218-4e70-858e-29f71c7387a3 ] Request (ServerShowV247Test:test_update_rebuild_list_server): 200 GET http://10.180.1.21/compute/v2.1/servers/6835a262-ea43-464a-96f0-44f446e98242 0.526s
2025-12-11 06:55:22.361 65928 INFO tempest.lib.common.rest_client [req-16762505-c566-46e7-8e48-bb4a84e8af38 req-16762505-c566-46e7-8e48-bb4a84e8af38 ] Request (ServerDiskConfigTestJSON:test_rebuild_server_with_manual_disk_config): 200 GET http://10.180.1.21/compute/v2.1/servers/23486318-6957-48dd-88a3-c595d0df955d 0.444s
2025-12-11 06:55:22.393 65918 INFO tempest.lib.common.rest_client [req-077d062c-8384-40d9-8539-1a166d83f6fa req-077d062c-8384-40d9-8539-1a166d83f6fa ] Request (ImagesTestJSON:test_create_image_from_stopped_server): 200 GET http://10.180.1.21/compute/v2.1/servers/ba16656c-4055-4de8-aacb-803a63023b95 0.600s
2025-12-11 06:55:22.414 65952 INFO tempest.lib.common.rest_client [req-eb5d9159-9365-4609-b388-f6bc516c044f req-eb5d9159-9365-4609-b388-f6bc516c044f ] Request (VolumesAssistedSnapshotsTest:test_volume_assisted_snapshot_create_delete): 200 GET http://10.180.1.21/volume/v3/volumes/637d1b4e-f495-4d6e-a340-45af140f2465 0.041s
2025-12-11 06:55:22.430 65900 INFO tempest.lib.common.rest_client [req-044f1f4e-d718-4a62-ad56-9792699db7fa req-044f1f4e-d718-4a62-ad56-9792699db7fa ] Request (ServerDiagnosticsNegativeTest:tearDownClass): 200 GET http://10.180.1.21/compute/v2.1/servers/8c5467c8-4905-452d-bd57-ca2f5f9c8101 0.460s
2025-12-11 06:55:22.454 65906 INFO tempest.lib.common.rest_client [req-3cca139a-dc87-48ef-ab07-feb26482769d req-3cca139a-dc87-48ef-ab07-feb26482769d ] Request (ServerTagsTestJSON:setUpClass): 200 GET http://10.180.1.21/compute/v2.1/servers/12873555-9afc-44b9-a0a3-2eaf365e8f04 0.432s
2025-12-11 06:55:22.539 65936 INFO tempest.lib.common.rest_client [req-99ac7b7a-742c-4628-b016-bd07c8ab2864 req-99ac7b7a-742c-4628-b016-bd07c8ab2864 ] Request (ServersAdmin275Test:tearDownClass): 200 GET http://10.180.1.21/compute/v2.1/servers/f065724a-cd96-493c-ad31-00c491c48440 0.495s
2025-12-11 06:55:22.569 65902 INFO tempest.lib.common.rest_client [req-2327aa83-227b-47da-a533-520353569b46 req-2327aa83-227b-47da-a533-520353569b46 ] Request (MigrationsAdminTest:test_list_migrations_in_flavor_resize_situation): 200 GET http://10.180.1.21/compute/v2.1/servers/4129bb83-d443-4bcf-9deb-2348b2abc687 0.539s
2025-12-11 06:55:22.674 65894 INFO tempest.lib.common.rest_client [req-9f345805-0748-498b-a409-134db9a913c3 req-9f345805-0748-498b-a409-134db9a913c3 ] Request (ServersAdminTestJSON:tearDownClass): 200 GET http://10.180.1.21/compute/v2.1/servers/fb8281e0-052d-475c-b81a-12c781c62b58 0.540s
2025-12-11 06:55:22.814 65892 INFO tempest.lib.common.rest_client [req-a6fcde99-8a0e-4ec6-835d-24b3c4c4f0c7 req-a6fcde99-8a0e-4ec6-835d-24b3c4c4f0c7 ] Request (SecurityGroupsTestJSON:test_server_security_groups): 200 GET http://10.180.1.21/compute/v2.1/servers/34128465-a972-4fe7-8a04-9b23d5b452d0 0.529s
2025-12-11 06:55:22.822 65892 INFO tempest.common.waiters [-] State transition "HARD_REBOOT/rebooting_hard" ==> "HARD_REBOOT/reboot_pending_hard" after 4 second wait
2025-12-11 06:55:22.879 65948 INFO tempest.lib.common.rest_client [req-38b192e2-0e78-45e6-9492-acf8f5020b15 req-38b192e2-0e78-45e6-9492-acf8f5020b15 ] Request (ImagesNegativeTestJSON:test_create_image_from_deleted_server): 200 GET http://10.180.1.21/compute/v2.1/servers/5095ca36-b442-4084-8e7a-9721040ddb32 0.340s
2025-12-11 06:55:22.924 65902 INFO tempest.lib.common.rest_client [req-44ff1e36-328a-41c2-a5c7-12e7f93b3ba2 req-44ff1e36-328a-41c2-a5c7-12e7f93b3ba2 ] Request (MigrationsAdminTest:test_list_migrations_in_flavor_resize_situation): 200 POST http://10.180.1.21/compute/v2.1/os-keypairs 0.345s
2025-12-11 06:55:22.981 65930 INFO tempest.lib.common.rest_client [req-6b561ae6-221b-4cf1-9068-8276126da347 req-6b561ae6-221b-4cf1-9068-8276126da347 ] Request (ServerRescueTestJSONUnderV235:test_rescued_vm_add_remove_security_group): 202 POST http://10.180.1.21/compute/v2.1/servers/9d7141ac-cc7f-477b-ad62-e1e6deebb248/action 0.807s
2025-12-11 06:55:23.005 65908 INFO tempest.lib.common.rest_client [req-baf743ed-084f-409f-b935-90ef0a8e47fd req-baf743ed-084f-409f-b935-90ef0a8e47fd ] Request (ServerDiagnosticsV248Test:tearDownClass): 200 GET http://10.180.1.21/compute/v2.1/servers/1d2cbf01-66c4-445e-bf76-69f8eb2e08a8 0.375s
2025-12-11 06:55:23.041 65932 INFO tempest.lib.common.rest_client [req-44f932c6-41d7-4459-ba4e-d694f036c73f req-44f932c6-41d7-4459-ba4e-d694f036c73f ] Request (ServersWithSpecificFlavorTestJSON:test_verify_created_server_ephemeral_disk): 200 GET http://10.180.1.21/compute/v2.1/servers/df3d05a5-3a38-45d8-b1b0-86a186072beb 0.398s
2025-12-11 06:55:23.060 65902 INFO tempest.lib.common.rest_client [req-61987552-3cf9-4dab-bd57-3625e3f11ff6 req-61987552-3cf9-4dab-bd57-3625e3f11ff6 ] Request (MigrationsAdminTest:test_list_migrations_in_flavor_resize_situation): 201 POST http://10.180.1.21/networking/v2.0/security-groups 0.134s
2025-12-11 06:55:23.062 65922 INFO tempest.lib.common.rest_client [req-f849515d-3edd-40c4-971b-dd8bef21f236 req-f849515d-3edd-40c4-971b-dd8bef21f236 ] Request (ServersNegativeTestJSON:setUpClass): 200 GET http://10.180.1.21/compute/v2.1/servers/4d6b2754-ade3-47d7-8c3c-4545937fa0d6 0.335s
2025-12-11 06:55:23.138 65904 INFO tempest.lib.common.rest_client [req-30101a7a-d59f-4485-938e-90cc01bac36b req-30101a7a-d59f-4485-938e-90cc01bac36b ] Request (ServersTestManualDisk:setUpClass): 200 GET http://10.180.1.21/compute/v2.1/servers/64e2cc80-7d5f-4959-8cb3-ad14dbbbed84 0.345s
2025-12-11 06:55:23.158 65902 INFO tempest.lib.common.rest_client [req-0e65f721-0cc8-4396-aff9-e88f801b33d1 req-0e65f721-0cc8-4396-aff9-e88f801b33d1 ] Request (MigrationsAdminTest:test_list_migrations_in_flavor_resize_situation): 201 POST http://10.180.1.21/networking/v2.0/security-group-rules 0.098s
2025-12-11 06:55:23.168 65914 INFO tempest.lib.common.rest_client [req-b23e081f-be30-4636-9f20-fd7a230e2cf7 req-b23e081f-be30-4636-9f20-fd7a230e2cf7 ] Request (ServerPasswordTestJSON:setUpClass): 200 GET http://10.180.1.21/compute/v2.1/servers/f1ade47a-789d-45da-ad0f-910c1bdb5483 0.377s
2025-12-11 06:55:23.176 65914 INFO tempest.common.waiters [-] State transition "BUILD/spawning" ==> "ACTIVE/None" after 43 second wait
2025-12-11 06:55:23.187 65944 INFO tempest.lib.common.rest_client [req-5fef47fe-b02f-4778-a5ea-993762de45c6 req-5fef47fe-b02f-4778-a5ea-993762de45c6 ] Request (ImagesOneServerNegativeTestJSON:_run_cleanups): 200 GET http://10.180.1.21/compute/v2.1/servers/93f19431-055e-4fd9-ab50-8f5c594ef1ec 0.324s
2025-12-11 06:55:23.240 65954 INFO tempest.lib.common.rest_client [req-fe26ec1a-4ffa-4ae8-9653-800bca9e0c93 req-fe26ec1a-4ffa-4ae8-9653-800bca9e0c93 ] Request (ServerActionsTestOtherA:test_rebuild_server_in_stop_state): 200 GET http://10.180.1.21/compute/v2.1/servers/be19fd69-d50b-48ea-b1a0-9489fa0585ea 0.150s
2025-12-11 06:55:23.249 65902 INFO tempest.lib.common.rest_client [req-55bc0515-9f0b-4705-aeae-5a0c8741e35c req-55bc0515-9f0b-4705-aeae-5a0c8741e35c ] Request (MigrationsAdminTest:test_list_migrations_in_flavor_resize_situation): 201 POST http://10.180.1.21/networking/v2.0/security-group-rules 0.090s
2025-12-11 06:55:23.466 65952 INFO tempest.lib.common.rest_client [req-8c759f38-3a4f-43aa-be23-cd41d4b7593a req-8c759f38-3a4f-43aa-be23-cd41d4b7593a ] Request (VolumesAssistedSnapshotsTest:test_volume_assisted_snapshot_create_delete): 200 GET http://10.180.1.21/volume/v3/volumes/637d1b4e-f495-4d6e-a340-45af140f2465 0.043s
2025-12-11 06:55:23.474 65952 INFO tempest.common.waiters [-] Attachment 8fb276b4-c09c-4b59-addf-a0d4b6cb53b8 created for volume 637d1b4e-f495-4d6e-a340-45af140f2465 to server 5eee4075-7644-4f4d-8368-dea8616ab2fe after waiting for 8.474319 seconds
2025-12-11 06:55:23.511 65952 INFO tempest.lib.common.rest_client [req-4ec46a7e-3ce2-4565-b7a1-6b08d9a040d3 req-4ec46a7e-3ce2-4565-b7a1-6b08d9a040d3 ] Request (VolumesAssistedSnapshotsTest:test_volume_assisted_snapshot_create_delete): 200 GET http://10.180.1.21/volume/v3/volumes/637d1b4e-f495-4d6e-a340-45af140f2465 0.037s
2025-12-11 06:55:23.518 65952 INFO tempest.common.waiters [-] volume 637d1b4e-f495-4d6e-a340-45af140f2465 reached in-use after waiting for 0.518881 seconds
2025-12-11 06:55:23.677 65898 INFO tempest.lib.common.rest_client [req-63266cc7-c08b-490a-9eb2-ad8b39c80338 req-63266cc7-c08b-490a-9eb2-ad8b39c80338 ] Request (ServerGroupTestJSON:test_create_server_with_scheduler_hint_group): 200 GET http://10.180.1.21/compute/v2.1/servers/d5da8d53-5af8-40cd-a16a-0fc311a0fcf9 0.545s
2025-12-11 06:55:23.743 65902 INFO tempest.lib.common.rest_client [req-b3222bce-a3e2-4ec7-9ced-d0cc0aa21504 req-b3222bce-a3e2-4ec7-9ced-d0cc0aa21504 ] Request (MigrationsAdminTest:test_list_migrations_in_flavor_resize_situation): 201 POST http://10.180.1.21/networking/v2.0/floatingips 0.493s
2025-12-11 06:55:23.744 65914 INFO tempest.lib.common.rest_client [req-d9ffa806-fd32-4717-bfc0-6d3504d76a89 req-d9ffa806-fd32-4717-bfc0-6d3504d76a89 ] Request (ServerPasswordTestJSON:test_delete_server_password): 204 DELETE http://10.180.1.21/compute/v2.1/servers/f1ade47a-789d-45da-ad0f-910c1bdb5483/os-server-password 0.567s
2025-12-11 06:55:23.858 65912 INFO tempest.lib.common.rest_client [req-7d8c38e4-738d-434a-919a-6222829bfd4c req-7d8c38e4-738d-434a-919a-6222829bfd4c ] Request (ServerAddressesNegativeTestJSON:tearDownClass): 200 GET http://10.180.1.21/compute/v2.1/servers/499585a2-cfa9-4e96-96ac-11d43480d8b7 0.653s
2025-12-11 06:55:23.885 65930 INFO tempest.lib.common.rest_client [req-b12d270a-7794-4bde-8548-736c1dbba225 req-b12d270a-7794-4bde-8548-736c1dbba225 ] Request (ServerRescueTestJSONUnderV235:test_rescued_vm_associate_dissociate_floating_ip): 200 POST http://10.180.1.21/compute/v2.1/os-floating-ips 0.902s
2025-12-11 06:55:23.923 65916 INFO tempest.lib.common.rest_client [req-18e7052f-16c1-4a9a-95b4-c6080a743be8 req-18e7052f-16c1-4a9a-95b4-c6080a743be8 ] Request (ServersAdminNegativeTestJSON:tearDownClass): 200 GET http://10.180.1.21/compute/v2.1/servers/afe4d63e-576c-459d-b0e8-877052af36a6 0.665s
2025-12-11 06:55:23.962 65924 INFO tempest.lib.common.rest_client [req-9a7324e1-45ad-45b4-a3d4-ea75298acc1a req-9a7324e1-45ad-45b4-a3d4-ea75298acc1a ] Request (ServerMetadataTestJSON:tearDownClass): 200 GET http://10.180.1.21/compute/v2.1/servers/70540b20-2676-4104-9414-de92668ce9be 0.673s
2025-12-11 06:55:23.987 65910 INFO tempest.lib.common.rest_client [req-f7eedd3b-63ed-4f80-b97e-69d2374929c1 req-f7eedd3b-63ed-4f80-b97e-69d2374929c1 ] Request (ServerShowV247Test:test_update_rebuild_list_server): 200 GET http://10.180.1.21/compute/v2.1/servers/6835a262-ea43-464a-96f0-44f446e98242 0.670s
2025-12-11 06:55:24.021 65928 INFO tempest.lib.common.rest_client [req-4a7cf4be-ed34-4a89-8ec7-b1007989ec18 req-4a7cf4be-ed34-4a89-8ec7-b1007989ec18 ] Request (ServerDiskConfigTestJSON:test_rebuild_server_with_manual_disk_config): 200 GET http://10.180.1.21/compute/v2.1/servers/23486318-6957-48dd-88a3-c595d0df955d 0.651s
2025-12-11 06:55:24.077 65900 INFO tempest.lib.common.rest_client [req-e6be5127-96a7-4064-83f7-2c7299680151 req-e6be5127-96a7-4064-83f7-2c7299680151 ] Request (ServerDiagnosticsNegativeTest:tearDownClass): 200 GET http://10.180.1.21/compute/v2.1/servers/8c5467c8-4905-452d-bd57-ca2f5f9c8101 0.636s
2025-12-11 06:55:24.090 65918 INFO tempest.lib.common.rest_client [req-504c73bf-5b4a-4b73-b61e-59dff6912c5d req-504c73bf-5b4a-4b73-b61e-59dff6912c5d ] Request (ImagesTestJSON:test_create_image_from_stopped_server): 200 GET http://10.180.1.21/compute/v2.1/servers/ba16656c-4055-4de8-aacb-803a63023b95 0.686s
2025-12-11 06:55:24.141 65906 INFO tempest.lib.common.rest_client [req-013bb5c7-4ade-4f5f-8178-66fa9cedf72a req-013bb5c7-4ade-4f5f-8178-66fa9cedf72a ] Request (ServerTagsTestJSON:setUpClass): 200 GET http://10.180.1.21/compute/v2.1/servers/12873555-9afc-44b9-a0a3-2eaf365e8f04 0.675s
2025-12-11 06:55:24.211 65936 INFO tempest.lib.common.rest_client [req-a16afc0a-d212-48f6-847c-3b2c14de2d55 req-a16afc0a-d212-48f6-847c-3b2c14de2d55 ] Request (ServersAdmin275Test:tearDownClass): 200 GET http://10.180.1.21/compute/v2.1/servers/f065724a-cd96-493c-ad31-00c491c48440 0.660s
2025-12-11 06:55:24.218 65952 INFO tempest.lib.common.rest_client [req-a20ee893-cda3-40e0-adc9-88f71ca3d551 req-a20ee893-cda3-40e0-adc9-88f71ca3d551 ] Request (VolumesAssistedSnapshotsTest:test_volume_assisted_snapshot_create_delete): 200 POST http://10.180.1.21/compute/v2.1/os-assisted-volume-snapshots 0.699s
2025-12-11 06:55:24.251 65902 INFO tempest.lib.common.rest_client [req-01dff5b2-db0c-4a9e-a513-591b5f5d6815 req-01dff5b2-db0c-4a9e-a513-591b5f5d6815 ] Request (MigrationsAdminTest:test_list_migrations_in_flavor_resize_situation): 200 GET http://10.180.1.21/compute/v2.1/os-migrations 0.508s
2025-12-11 06:55:24.273 65894 INFO tempest.lib.common.rest_client [req-98bfa821-6b25-49e2-8ee0-fe5646b02eaf req-98bfa821-6b25-49e2-8ee0-fe5646b02eaf ] Request (ServersAdminTestJSON:tearDownClass): 200 GET http://10.180.1.21/compute/v2.1/servers/fb8281e0-052d-475c-b81a-12c781c62b58 0.588s
2025-12-11 06:55:24.278 65914 INFO tempest.lib.common.rest_client [req-76c5598e-000a-4fc0-9531-710596427b70 req-76c5598e-000a-4fc0-9531-710596427b70 ] Request (ServerPasswordTestJSON:test_get_server_password): 200 GET http://10.180.1.21/compute/v2.1/servers/f1ade47a-789d-45da-ad0f-910c1bdb5483/os-server-password 0.533s
2025-12-11 06:55:24.376 65892 INFO tempest.lib.common.rest_client [req-f74a3515-9548-4135-8b7e-33dcf30d0798 req-f74a3515-9548-4135-8b7e-33dcf30d0798 ] Request (SecurityGroupsTestJSON:test_server_security_groups): 200 GET http://10.180.1.21/compute/v2.1/servers/34128465-a972-4fe7-8a04-9b23d5b452d0 0.553s
2025-12-11 06:55:24.384 65892 INFO tempest.common.waiters [-] State transition "HARD_REBOOT/reboot_pending_hard" ==> "ACTIVE/None" after 6 second wait
2025-12-11 06:55:24.436 65948 INFO tempest.lib.common.rest_client [req-f838270b-1ac0-43b2-a202-5c3471608b7c req-f838270b-1ac0-43b2-a202-5c3471608b7c ] Request (ImagesNegativeTestJSON:test_create_image_from_deleted_server): 200 GET http://10.180.1.21/compute/v2.1/servers/5095ca36-b442-4084-8e7a-9721040ddb32 0.547s
2025-12-11 06:55:24.551 65908 INFO tempest.lib.common.rest_client [req-2ebc6ce5-4c56-44d3-8ee8-aa6b0059ab10 req-2ebc6ce5-4c56-44d3-8ee8-aa6b0059ab10 ] Request (ServerDiagnosticsV248Test:tearDownClass): 200 GET http://10.180.1.21/compute/v2.1/servers/1d2cbf01-66c4-445e-bf76-69f8eb2e08a8 0.536s
2025-12-11 06:55:24.600 65932 INFO tempest.lib.common.rest_client [req-95912b7b-0778-490b-a771-504b83c00c87 req-95912b7b-0778-490b-a771-504b83c00c87 ] Request (ServersWithSpecificFlavorTestJSON:test_verify_created_server_ephemeral_disk): 200 GET http://10.180.1.21/compute/v2.1/servers/df3d05a5-3a38-45d8-b1b0-86a186072beb 0.544s
2025-12-11 06:55:24.679 65922 INFO tempest.lib.common.rest_client [req-f6566783-20e8-459d-ada0-e2f77ce2e64a req-f6566783-20e8-459d-ada0-e2f77ce2e64a ] Request (ServersNegativeTestJSON:setUpClass): 200 GET http://10.180.1.21/compute/v2.1/servers/4d6b2754-ade3-47d7-8c3c-4545937fa0d6 0.608s
2025-12-11 06:55:24.741 65904 INFO tempest.lib.common.rest_client [req-d1eb0173-8659-4b6a-ab40-d5b25d63de2d req-d1eb0173-8659-4b6a-ab40-d5b25d63de2d ] Request (ServersTestManualDisk:setUpClass): 200 GET http://10.180.1.21/compute/v2.1/servers/64e2cc80-7d5f-4959-8cb3-ad14dbbbed84 0.592s
2025-12-11 06:55:24.802 65944 INFO tempest.lib.common.rest_client [req-47b590e3-ed9a-46b1-b6bb-b40b78019754 req-47b590e3-ed9a-46b1-b6bb-b40b78019754 ] Request (ImagesOneServerNegativeTestJSON:_run_cleanups): 200 GET http://10.180.1.21/compute/v2.1/servers/93f19431-055e-4fd9-ab50-8f5c594ef1ec 0.605s
2025-12-11 06:55:24.809 65944 INFO tempest.common.waiters [-] State transition "BUILD/scheduling" ==> "BUILD/None" after 5 second wait
2025-12-11 06:55:24.832 65952 INFO tempest.lib.common.rest_client [req-361f936e-ae93-4ba4-8664-deea5b8f1711 req-361f936e-ae93-4ba4-8664-deea5b8f1711 ] Request (VolumesAssistedSnapshotsTest:test_volume_assisted_snapshot_create_delete): 204 DELETE http://10.180.1.21/compute/v2.1/os-assisted-volume-snapshots/None?delete_info=%7B%22volume_id%22%3A+%22637d1b4e-f495-4d6e-a340-45af140f2465%22%7D 0.613s
2025-12-11 06:55:24.867 65952 INFO tempest.lib.common.rest_client [req-86dd38c0-6b8a-4b2f-b041-f4c631c44048 req-86dd38c0-6b8a-4b2f-b041-f4c631c44048 ] Request (VolumesAssistedSnapshotsTest:_run_cleanups): 200 GET http://10.180.1.21/volume/v3/volumes/637d1b4e-f495-4d6e-a340-45af140f2465 0.035s
2025-12-11 06:55:24.921 65954 INFO tempest.lib.common.rest_client [req-9d09f157-330e-4492-8425-ccbb097d9042 req-9d09f157-330e-4492-8425-ccbb097d9042 ] Request (ServerActionsTestOtherA:test_rebuild_server_in_stop_state): 200 GET http://10.180.1.21/compute/v2.1/servers/be19fd69-d50b-48ea-b1a0-9489fa0585ea 0.671s
2025-12-11 06:55:24.939 65902 INFO tempest.lib.common.rest_client [req-58c08d8f-1224-40ea-bc40-d991828e3a6b req-58c08d8f-1224-40ea-bc40-d991828e3a6b ] Request (MigrationsAdminTest:test_resize_server_revert_deleted_flavor): 200 GET http://10.180.1.21/compute/v2.1/flavors/42 0.684s
2025-12-11 06:55:25.009 65934 INFO paramiko.transport [-] Connected (version 2.0, client dropbear_2020.81)
2025-12-11 06:55:25.043 65914 INFO tempest.lib.common.rest_client [req-18d62028-cdf9-4ca6-b3e5-e5b47fbd76e9 req-18d62028-cdf9-4ca6-b3e5-e5b47fbd76e9 ] Request (ServerPasswordTestJSON:tearDownClass): 204 DELETE http://10.180.1.21/compute/v2.1/servers/f1ade47a-789d-45da-ad0f-910c1bdb5483 0.756s
2025-12-11 06:55:25.070 65934 INFO paramiko.transport [-] Authentication (publickey) successful!
2025-12-11 06:55:25.071 65934 INFO tempest.lib.common.ssh [-] ssh connection to cirros@10.180.180.236 successfully created
2025-12-11 06:55:25.074 65950 WARNING tempest.lib.common.ssh [-] Failed to establish authenticated ssh connection to cirros@10.180.180.231 ([Errno None] Unable to connect to port 22 on 10.180.180.231). Number attempts: 10. Retry after 11 seconds.: paramiko.ssh_exception.NoValidConnectionsError: [Errno None] Unable to connect to port 22 on 10.180.180.231
2025-12-11 06:55:25.227 65930 INFO tempest.lib.common.rest_client [req-63cf406a-194d-4bd0-881e-cc069a522521 req-63cf406a-194d-4bd0-881e-cc069a522521 ] Request (ServerRescueTestJSONUnderV235:test_rescued_vm_associate_dissociate_floating_ip): 202 POST http://10.180.1.21/compute/v2.1/servers/9d7141ac-cc7f-477b-ad62-e1e6deebb248/action 1.339s
2025-12-11 06:55:25.281 65898 INFO tempest.lib.common.rest_client [req-ca400676-2b51-4b47-a4e4-5949c76d9a29 req-ca400676-2b51-4b47-a4e4-5949c76d9a29 ] Request (ServerGroupTestJSON:test_create_server_with_scheduler_hint_group): 200 GET http://10.180.1.21/compute/v2.1/servers/d5da8d53-5af8-40cd-a16a-0fc311a0fcf9 0.594s
2025-12-11 06:55:25.344 65912 INFO tempest.lib.common.rest_client [req-5c3b4888-71e3-4a03-8916-9bfabefb3ae4 req-5c3b4888-71e3-4a03-8916-9bfabefb3ae4 ] Request (ServerAddressesNegativeTestJSON:tearDownClass): 200 GET http://10.180.1.21/compute/v2.1/servers/499585a2-cfa9-4e96-96ac-11d43480d8b7 0.470s
2025-12-11 06:55:25.406 65920 WARNING tempest.lib.common.ssh [-] Failed to establish authenticated ssh connection to cirros@10.180.180.141 ([Errno None] Unable to connect to port 22 on 10.180.180.141). Number attempts: 6. Retry after 7 seconds.: paramiko.ssh_exception.NoValidConnectionsError: [Errno None] Unable to connect to port 22 on 10.180.180.141
2025-12-11 06:55:25.474 65892 INFO tempest.lib.common.rest_client [req-240b4677-2aab-4a27-b0b3-ce76bcd2337b req-240b4677-2aab-4a27-b0b3-ce76bcd2337b ] Request (SecurityGroupsTestJSON:test_server_security_groups): 202 POST http://10.180.1.21/compute/v2.1/servers/34128465-a972-4fe7-8a04-9b23d5b452d0/action 1.088s
2025-12-11 06:55:25.509 65952 INFO tempest.lib.common.rest_client [req-a85b22fb-a1ae-470d-8658-8bd6baca659d req-a85b22fb-a1ae-470d-8658-8bd6baca659d ] Request (VolumesAssistedSnapshotsTest:_run_cleanups): 202 DELETE http://10.180.1.21/compute/v2.1/servers/5eee4075-7644-4f4d-8368-dea8616ab2fe/os-volume_attachments/637d1b4e-f495-4d6e-a340-45af140f2465 0.626s
2025-12-11 06:55:25.529 65902 INFO tempest.lib.common.rest_client [req-a874e728-c910-45a9-9c7e-080863b0ab5a req-a874e728-c910-45a9-9c7e-080863b0ab5a ] Request (MigrationsAdminTest:test_resize_server_revert_deleted_flavor): 200 POST http://10.180.1.21/compute/v2.1/flavors 0.587s
2025-12-11 06:55:25.555 65916 INFO tempest.lib.common.rest_client [req-7d243c10-ceaf-46bf-ab50-ba4500042ea1 req-7d243c10-ceaf-46bf-ab50-ba4500042ea1 ] Request (ServersAdminNegativeTestJSON:tearDownClass): 200 GET http://10.180.1.21/compute/v2.1/servers/afe4d63e-576c-459d-b0e8-877052af36a6 0.624s
