2025-12-10 06:20:57.222 65830 INFO tempest.lib.common.rest_client [req-9a9802dc-9feb-48e9-9269-fff3287e5596 req-9a9802dc-9feb-48e9-9269-fff3287e5596 ] Request (ServersAdminNegativeTestJSON:tearDownClass): 200 GET http://10.180.1.21/compute/v2.1/servers/1ef9964d-0ba8-4893-8784-c4fc40e25159 0.599s
2025-12-10 06:20:57.235 65814 INFO tempest.lib.common.rest_client [req-5d9abe92-61c5-4d7b-b2e2-2fe0f9874e5c req-5d9abe92-61c5-4d7b-b2e2-2fe0f9874e5c ] Request (ServersTestJSON:setUpClass): 200 GET http://10.180.1.21/compute/v2.1/servers/a4dd99c3-91cc-45a6-9699-e54ab2b0ccb6 0.424s
2025-12-10 06:20:57.329 65790 INFO tempest.lib.common.rest_client [req-780b9ec1-4e5b-429e-a795-02f942b783ad req-780b9ec1-4e5b-429e-a795-02f942b783ad ] Request (ServersTestFqdnHostnames:test_create_server_with_fqdn_name): 200 GET http://10.180.1.21/compute/v2.1/servers/51e7c7a3-a221-4baf-9050-3b7585070237 0.421s
2025-12-10 06:20:57.360 65798 INFO tempest.lib.common.rest_client [req-67fecb49-56f3-4db6-850e-c2968d8c1170 req-67fecb49-56f3-4db6-850e-c2968d8c1170 ] Request (ServerActionsTestOtherA:setUpClass): 201 POST http://10.180.1.21/networking/v2.0/routers 0.870s
2025-12-10 06:20:57.387 65840 INFO tempest.lib.common.rest_client [req-8f456cc6-ab66-4f0f-baea-ad9c324d1572 req-8f456cc6-ab66-4f0f-baea-ad9c324d1572 ] Request (AttachVolumeShelveTestJSON:test_attach_volume_shelved_or_offload_server): 200 GET http://10.180.1.21/compute/v2.1/servers/34db2031-2c7e-4fb1-aa95-34ebd6524e4c 0.497s
2025-12-10 06:20:57.399 65853 INFO tempest.lib.common.rest_client [req-4759851b-ab9d-4c2d-9d99-2d0e550e72b2 req-4759851b-ab9d-4c2d-9d99-2d0e550e72b2 ] Request (SecurityGroupsTestJSON:test_list_security_groups_by_server): 200 GET http://10.180.1.21/compute/v2.1/servers/46866ffa-bf71-4297-9689-04d0a97b60fb 0.432s
2025-12-10 06:20:57.457 65826 INFO tempest.lib.common.rest_client [req-2b592ea4-7278-4afe-b462-cf9a8e19ac01 req-2b592ea4-7278-4afe-b462-cf9a8e19ac01 ] Request (AttachInterfacesTestJSON:test_create_list_show_delete_interfaces_by_fixed_ip): 200 GET http://10.180.1.21/compute/v2.1/servers/20f0c015-56ab-4da0-a8b3-aab8ecc4fd68 0.467s
2025-12-10 06:20:57.475 65794 INFO tempest.lib.common.rest_client [req-06c99efa-267e-4530-885c-d85ad609fbf6 req-06c99efa-267e-4530-885c-d85ad609fbf6 ] Request (AttachVolumeTestJSON:test_attach_detach_volume): 200 GET http://10.180.1.21/compute/v2.1/servers/619a0a0f-c130-471e-9db7-0750b279f9f1 0.421s
2025-12-10 06:20:57.512 65832 INFO tempest.lib.common.rest_client [req-d206b9f5-ea5b-4c73-8564-75aca54b648c req-d206b9f5-ea5b-4c73-8564-75aca54b648c ] Request (ListImageFiltersTestJSON:test_list_images_limit_results): 200 GET http://10.180.1.21/compute/v2.1/images?limit=1 0.382s
2025-12-10 06:20:57.514 65816 INFO tempest.lib.common.rest_client [req-41735c5e-e279-4278-9cc2-c180de7ee149 req-41735c5e-e279-4278-9cc2-c180de7ee149 ] Request (ServerRescueTestJSONUnderV235:setUpClass): 200 GET http://10.180.1.21/compute/v2.1/servers/23375618-18f7-47ca-9b82-3562da75f0fd 0.444s
2025-12-10 06:20:57.560 65818 INFO tempest.lib.common.rest_client [req-8c7845d7-dca6-484b-9bda-2945623d848f req-8c7845d7-dca6-484b-9bda-2945623d848f ] Request (ServersTestJSON:test_create_server_with_ipv6_addr_only): 200 GET http://10.180.1.21/compute/v2.1/servers/ec92e89e-d25f-45c1-bb04-733778062874 0.427s
2025-12-10 06:20:57.611 65828 INFO tempest.lib.common.rest_client [req-a10adcd4-17ab-4e37-9c55-8460b9f77237 req-a10adcd4-17ab-4e37-9c55-8460b9f77237 ] Request (AttachVolumeNegativeTest:test_attach_attached_volume_to_different_server): 200 GET http://10.180.1.21/compute/v2.1/servers/57a6e018-3322-4ad8-84e0-239692845e8e 0.458s
2025-12-10 06:20:57.620 65828 INFO tempest.common.waiters [-] State transition "BUILD/scheduling" ==> "BUILD/None" after 24 second wait
2025-12-10 06:20:57.631 65848 INFO tempest.lib.common.rest_client [req-ec23f133-29c3-4826-bb76-16969ce025ed req-ec23f133-29c3-4826-bb76-16969ce025ed ] Request (VolumesAdminNegativeTest:tearDownClass): 200 GET http://10.180.1.21/compute/v2.1/servers/8918d61d-326f-4dbe-baed-d9c697731c85 0.424s
2025-12-10 06:20:57.670 65792 INFO tempest.lib.common.rest_client [req-5f44e78e-bd99-4217-8cae-4f510e5e4a8d req-5f44e78e-bd99-4217-8cae-4f510e5e4a8d ] Request (ImagesTestJSON:test_create_server_from_snapshot): 200 GET http://10.180.1.21/compute/v2.1/servers/af87f52a-df9c-46c8-8e67-55b3f2b7df1b 0.376s
2025-12-10 06:20:57.741 65820 INFO tempest.lib.common.rest_client [req-4c5c43f2-622f-45cc-ac9d-e997bc0ba028 req-4c5c43f2-622f-45cc-ac9d-e997bc0ba028 ] Request (VolumesAssistedSnapshotsTest:tearDownClass): 200 GET http://10.180.1.21/compute/v2.1/servers/0cc0fe91-e0cb-4c09-a5f6-311cc6fe7069 0.309s
2025-12-10 06:20:57.768 65844 INFO tempest.lib.common.rest_client [req-583e2bb5-d388-418f-8b36-0b74eb456b17 req-583e2bb5-d388-418f-8b36-0b74eb456b17 ] Request (ServersAdminTestJSON:test_rebuild_server_in_error_state): 200 GET http://10.180.1.21/compute/v2.1/servers/102fb102-aeb7-4b8f-b494-af8c6b1dd963 0.432s
2025-12-10 06:20:57.812 65832 INFO tempest.lib.common.rest_client [req-ff86c382-1c0b-4a5b-80a0-147f0a962fea req-ff86c382-1c0b-4a5b-80a0-147f0a962fea ] Request (ListImageFiltersTestJSON:test_list_images_with_detail_filter_by_changes_since): 200 GET http://10.180.1.21/compute/v2.1/images/detail?changes-since=2025-12-10T06%3A18%3A08Z 0.297s
2025-12-10 06:20:57.858 65810 INFO tempest.lib.common.rest_client [req-d65032a4-52ff-4dfb-ae14-24dbd9220a2c req-d65032a4-52ff-4dfb-ae14-24dbd9220a2c ] Request (ServersAdmin275Test:tearDownClass): 200 GET http://10.180.1.21/compute/v2.1/servers/bdabb369-4575-4c41-9962-387484e9f0d1 0.323s
2025-12-10 06:20:57.981 65796 INFO tempest.lib.common.rest_client [req-34521cef-f58d-4923-8903-d79f85a3387c req-34521cef-f58d-4923-8903-d79f85a3387c ] Request (DeleteServersTestJSON:test_delete_active_server): 200 GET http://10.180.1.21/compute/v2.1/servers/16bd5597-773f-4acf-a458-d5d4b0165d23 0.340s
2025-12-10 06:20:58.010 65812 INFO tempest.lib.common.rest_client [req-ad1e59df-317e-4315-ae6a-95873a248229 req-ad1e59df-317e-4315-ae6a-95873a248229 ] Request (ServersV294TestFqdnHostnames:setUpClass): 200 GET http://10.180.1.21/compute/v2.1/servers/ab73890b-952d-4311-96b1-e654fb080035 0.432s
2025-12-10 06:20:58.050 65832 INFO tempest.lib.common.rest_client [req-ba569c84-3ddd-41cc-b934-b4daf0bda009 req-ba569c84-3ddd-41cc-b934-b4daf0bda009 ] Request (ListImageFiltersTestJSON:test_list_images_with_detail_filter_by_name): 200 GET http://10.180.1.21/compute/v2.1/images/detail?name=tempest-ListImageFiltersTestJSON-image-766513681 0.231s
2025-12-10 06:20:58.100 65846 INFO tempest.lib.common.rest_client [req-2ec9a58b-04b3-44d2-a5ce-42298d85e56a req-2ec9a58b-04b3-44d2-a5ce-42298d85e56a ] Request (ListServersNegativeTestJSON:setUpClass): 200 GET http://10.180.1.21/compute/v2.1/servers/206bee62-b9cb-48c6-b09e-2c342b41f95e 0.296s
2025-12-10 06:20:58.174 65834 INFO tempest.lib.common.rest_client [req-e8046452-fa74-4437-9197-92d7186c7e60 req-e8046452-fa74-4437-9197-92d7186c7e60 ] Request (ImagesOneServerNegativeTestJSON:_run_cleanups): 200 GET http://10.180.1.21/compute/v2.1/servers/1e895ea7-db68-4132-85c0-5d766ed9791d 0.278s
2025-12-10 06:20:58.202 65804 INFO tempest.lib.common.rest_client [req-a9e9a9fb-cdaa-4e9f-9ab7-eaee2d5a3e25 req-a9e9a9fb-cdaa-4e9f-9ab7-eaee2d5a3e25 ] Request (ListServerFiltersTestJSON:setUpClass): 200 GET http://10.180.1.21/compute/v2.1/servers/4c108d74-64da-47a6-be11-33602862db87 0.314s
2025-12-10 06:20:58.231 65802 INFO tempest.lib.common.rest_client [req-9a82f8b3-08aa-473d-8b5b-ab92ae7fefc0 req-9a82f8b3-08aa-473d-8b5b-ab92ae7fefc0 ] Request (ServerDiskConfigTestJSON:test_resize_server_from_auto_to_manual): 200 GET http://10.180.1.21/compute/v2.1/servers/db7d6c69-d363-4c01-8c85-b2e9a3e5a2ca 0.268s
2025-12-10 06:20:58.248 65798 INFO tempest.lib.common.rest_client [req-6a9c01a4-27ab-449d-972a-b43234731da0 req-6a9c01a4-27ab-449d-972a-b43234731da0 ] Request (ServerActionsTestOtherA:setUpClass): 200 PUT http://10.180.1.21/networking/v2.0/routers/29f93730-bce7-4fda-b5ae-cdb426de279f/add_router_interface 0.887s
2025-12-10 06:20:58.248 65798 INFO tempest.lib.common.dynamic_creds [-] Created isolated network resources for: credentials: Credentials: {'domain_id': 'default', 'domain_name': 'Default', 'username': 'tempest-ServerActionsTestOtherA-1457677087-project-member', 'project_domain_id': 'default', 'project_domain_name': 'Default', 'project_id': '1b6b3bb61a464c7091028d54c25e47cc', 'project_name': 'tempest-ServerActionsTestOtherA-1457677087', 'tenant_id': '1b6b3bb61a464c7091028d54c25e47cc', 'tenant_name': 'tempest-ServerActionsTestOtherA-1457677087', 'user_domain_id': 'default', 'user_domain_name': 'Default', 'user_id': '259a52756801445ba59cc6039024f92e', 'system': None}, Network: {'id': '2f2052e5-1f69-44e6-9728-2e0241a1c1f8', 'name': 'tempest-ServerActionsTestOtherA-1048791346-network', 'tenant_id': '1b6b3bb61a464c7091028d54c25e47cc', 'project_id': '1b6b3bb61a464c7091028d54c25e47cc', 'admin_state_up': True, 'mtu': 8950, 'status': 'ACTIVE', 'subnets': [], 'shared': False, 'port_security_enabled': True, 'router:external': False, 'provider:network_type': 'vlan', 'provider:physical_network': 'default', 'provider:segmentation_id': 675, 'availability_zone_hints': [], 'availability_zones': [], 'ipv4_address_scope': None, 'ipv6_address_scope': None, 'description': '', 'tags': [], 'created_at': '2025-12-10T06:20:56Z', 'updated_at': '2025-12-10T06:20:56Z', 'revision_number': 1}, Subnet: {'id': '13612802-5c0e-4017-a34c-6acb98058d30', 'name': 'tempest-ServerActionsTestOtherA-1048791346-subnet', 'tenant_id': '1b6b3bb61a464c7091028d54c25e47cc', 'network_id': '2f2052e5-1f69-44e6-9728-2e0241a1c1f8', 'ip_version': 4, 'subnetpool_id': None, 'enable_dhcp': True, 'ipv6_ra_mode': None, 'ipv6_address_mode': None, 'gateway_ip': '192.168.128.1', 'cidr': '192.168.128.0/28', 'allocation_pools': [{'start': '192.168.128.2', 'end': '192.168.128.14'}], 'host_routes': [], 'dns_nameservers': [], 'description': '', 'router:external': False, 'service_types': [], 'tags': [], 'created_at': '2025-12-10T06:20:56Z', 'updated_at': '2025-12-10T06:20:56Z', 'revision_number': 0, 'project_id': '1b6b3bb61a464c7091028d54c25e47cc'}, Router: {'id': '29f93730-bce7-4fda-b5ae-cdb426de279f', 'name': 'tempest-ServerActionsTestOtherA-1048791346-router', 'tenant_id': '1b6b3bb61a464c7091028d54c25e47cc', 'admin_state_up': True, 'status': 'ACTIVE', 'external_gateway_info': {'network_id': 'd1dcbfe6-2c28-4cc9-a979-21f54f3bfb99', 'external_fixed_ips': [{'subnet_id': '45bb6ec2-5294-4aef-8c00-00fe499e6223', 'ip_address': '10.180.180.155'}], 'enable_snat': True}, 'description': '', 'availability_zones': [], 'distributed': False, 'ha': False, 'availability_zone_hints': [], 'routes': [], 'flavor_id': None, 'tags': [], 'created_at': '2025-12-10T06:20:56Z', 'updated_at': '2025-12-10T06:20:57Z', 'revision_number': 2, 'project_id': '1b6b3bb61a464c7091028d54c25e47cc'}
2025-12-10 06:20:58.263 65788 INFO tempest.lib.common.rest_client [req-8413552a-3ecd-447d-a034-cf4ce8cd0010 req-8413552a-3ecd-447d-a034-cf4ce8cd0010 ] Request (ServerActionsTestJSON:setUpClass): 200 GET http://10.180.1.21/compute/v2.1/servers/7fc20c03-e8b5-40b7-bced-f0fcd9aad229 0.278s
2025-12-10 06:20:58.275 65832 INFO tempest.lib.common.rest_client [req-ec9ebe36-b420-4b93-a5d6-30e5272b85dd req-ec9ebe36-b420-4b93-a5d6-30e5272b85dd ] Request (ListImageFiltersTestJSON:test_list_images_with_detail_filter_by_server_ref): 200 GET http://10.180.1.21/compute/v2.1/images/detail?server=http%3A%2F%2F10.180.1.21%2Fcompute%2Fv2.1%2Fservers%2F5c0fe3ea-a40e-4564-bc30-17542cc43e47 0.220s
2025-12-10 06:20:58.344 65824 INFO tempest.lib.common.rest_client [req-ddf3cd50-dc22-4f31-bb55-f5224a698469 req-ddf3cd50-dc22-4f31-bb55-f5224a698469 ] Request (FloatingIPsAssociationTestJSON:tearDownClass): 200 GET http://10.180.1.21/compute/v2.1/servers/8ae24afe-4698-4a73-9892-6eaa172bc197 0.268s
2025-12-10 06:20:58.347 65798 INFO tempest.lib.common.rest_client [req-ecbccd63-cd94-4f5a-aff9-853a42462fbb req-ecbccd63-cd94-4f5a-aff9-853a42462fbb ] Request (ServerActionsTestOtherA:setUpClass): 201 POST http://10.180.1.21/identity/v3/auth/tokens 0.094s
2025-12-10 06:20:58.400 65814 INFO tempest.lib.common.rest_client [req-4b1eb40a-6ed6-491e-8ec1-9801afdedbd1 req-4b1eb40a-6ed6-491e-8ec1-9801afdedbd1 ] Request (ServersTestJSON:setUpClass): 200 GET http://10.180.1.21/compute/v2.1/servers/a4dd99c3-91cc-45a6-9699-e54ab2b0ccb6 0.158s
2025-12-10 06:20:58.437 65830 INFO tempest.lib.common.rest_client [req-2f9fd92b-d367-40a3-850c-cac8faaa6e4b req-2f9fd92b-d367-40a3-850c-cac8faaa6e4b ] Request (ServersAdminNegativeTestJSON:tearDownClass): 200 GET http://10.180.1.21/compute/v2.1/servers/1ef9964d-0ba8-4893-8784-c4fc40e25159 0.206s
2025-12-10 06:20:58.462 65832 INFO tempest.lib.common.rest_client [req-18ec4bc7-dfbf-42e1-9f53-67a1ce574762 req-18ec4bc7-dfbf-42e1-9f53-67a1ce574762 ] Request (ListImageFiltersTestJSON:test_list_images_with_detail_filter_by_server_ref): 200 GET http://10.180.1.21/compute/v2.1/images/detail?server=http%3A%2F%2F10.180.1.21%2Fcompute%2Fservers%2F5c0fe3ea-a40e-4564-bc30-17542cc43e47 0.182s
2025-12-10 06:20:58.524 65790 INFO tempest.lib.common.rest_client [req-3a04ff03-1366-4158-b868-51f9d1bc6c24 req-3a04ff03-1366-4158-b868-51f9d1bc6c24 ] Request (ServersTestFqdnHostnames:test_create_server_with_fqdn_name): 200 GET http://10.180.1.21/compute/v2.1/servers/51e7c7a3-a221-4baf-9050-3b7585070237 0.183s
2025-12-10 06:20:58.579 65798 INFO tempest.lib.common.rest_client [req-2465d4ec-6b3a-4dfe-adc9-ea6824ae2724 req-2465d4ec-6b3a-4dfe-adc9-ea6824ae2724 ] Request (ServerActionsTestOtherA:setUpClass): 200 POST http://10.180.1.21/compute/v2.1/os-keypairs 0.230s
2025-12-10 06:20:58.740 65798 INFO tempest.lib.common.rest_client [req-ff263893-c048-405e-ae57-22b43ce9c854 req-ff263893-c048-405e-ae57-22b43ce9c854 ] Request (ServerActionsTestOtherA:setUpClass): 201 POST http://10.180.1.21/networking/v2.0/security-groups 0.157s
2025-12-10 06:20:58.800 65853 INFO tempest.lib.common.rest_client [req-87dc39eb-68d2-446a-b920-ed027883756f req-87dc39eb-68d2-446a-b920-ed027883756f ] Request (SecurityGroupsTestJSON:test_list_security_groups_by_server): 200 GET http://10.180.1.21/compute/v2.1/servers/46866ffa-bf71-4297-9689-04d0a97b60fb 0.383s
2025-12-10 06:20:58.903 65798 INFO tempest.lib.common.rest_client [req-af83f5d5-c0af-40cd-b98c-ad0696c28cc8 req-af83f5d5-c0af-40cd-b98c-ad0696c28cc8 ] Request (ServerActionsTestOtherA:setUpClass): 201 POST http://10.180.1.21/networking/v2.0/security-group-rules 0.162s
2025-12-10 06:20:58.930 65840 INFO tempest.lib.common.rest_client [req-492a2bc2-4caf-42aa-a422-987465070ec7 req-492a2bc2-4caf-42aa-a422-987465070ec7 ] Request (AttachVolumeShelveTestJSON:test_attach_volume_shelved_or_offload_server): 200 GET http://10.180.1.21/compute/v2.1/servers/34db2031-2c7e-4fb1-aa95-34ebd6524e4c 0.523s
2025-12-10 06:20:58.938 65826 INFO tempest.lib.common.rest_client [req-7f29ed3f-fcf5-4919-b4e4-29f5008c0cfb req-7f29ed3f-fcf5-4919-b4e4-29f5008c0cfb ] Request (AttachInterfacesTestJSON:test_create_list_show_delete_interfaces_by_fixed_ip): 200 GET http://10.180.1.21/compute/v2.1/servers/20f0c015-56ab-4da0-a8b3-aab8ecc4fd68 0.473s
2025-12-10 06:20:59.025 65832 INFO tempest.lib.common.rest_client [req-aed5d062-8385-4fe9-aa39-d5b10ce56068 req-aed5d062-8385-4fe9-aa39-d5b10ce56068 ] Request (ListImageFiltersTestJSON:test_list_images_with_detail_filter_by_status): 200 GET http://10.180.1.21/compute/v2.1/images/detail?status=ACTIVE 0.551s
2025-12-10 06:20:59.036 65798 INFO tempest.lib.common.rest_client [req-19fbd418-1b76-4a2c-85e7-867d157bf7ec req-19fbd418-1b76-4a2c-85e7-867d157bf7ec ] Request (ServerActionsTestOtherA:setUpClass): 201 POST http://10.180.1.21/networking/v2.0/security-group-rules 0.132s
2025-12-10 06:20:59.070 65794 INFO tempest.lib.common.rest_client [req-ef673443-46c6-4e4a-8d11-b621fe956daa req-ef673443-46c6-4e4a-8d11-b621fe956daa ] Request (AttachVolumeTestJSON:test_attach_detach_volume): 200 GET http://10.180.1.21/compute/v2.1/servers/619a0a0f-c130-471e-9db7-0750b279f9f1 0.584s
2025-12-10 06:20:59.474 65798 INFO tempest.lib.common.rest_client [req-b91b99ef-a2f7-4034-9535-bb0641c654c7 req-b91b99ef-a2f7-4034-9535-bb0641c654c7 ] Request (ServerActionsTestOtherA:setUpClass): 201 POST http://10.180.1.21/networking/v2.0/floatingips 0.437s
2025-12-10 06:20:59.518 65798 INFO tempest.lib.common.rest_client [req-a82d6709-7a78-44fc-845b-755713c190dd req-a82d6709-7a78-44fc-845b-755713c190dd ] Request (ServerActionsTestOtherA:setUpClass): 201 POST http://10.180.1.21/identity/v3/auth/tokens 0.039s
2025-12-10 06:20:59.518 65798 INFO tempest.lib.common.fixed_network [-] (ServerActionsTestOtherA:setUpClass) Found network {'id': '2f2052e5-1f69-44e6-9728-2e0241a1c1f8', 'name': 'tempest-ServerActionsTestOtherA-1048791346-network', 'tenant_id': '1b6b3bb61a464c7091028d54c25e47cc', 'project_id': '1b6b3bb61a464c7091028d54c25e47cc', 'admin_state_up': True, 'mtu': 8950, 'status': 'ACTIVE', 'subnets': [], 'shared': False, 'port_security_enabled': True, 'router:external': False, 'provider:network_type': 'vlan', 'provider:physical_network': 'default', 'provider:segmentation_id': 675, 'availability_zone_hints': [], 'availability_zones': [], 'ipv4_address_scope': None, 'ipv6_address_scope': None, 'description': '', 'tags': [], 'created_at': '2025-12-10T06:20:56Z', 'updated_at': '2025-12-10T06:20:56Z', 'revision_number': 1} available for tenant
2025-12-10 06:20:59.568 65818 INFO tempest.lib.common.rest_client [req-65e84898-f420-4672-b5fd-01371147e287 req-65e84898-f420-4672-b5fd-01371147e287 ] Request (ServersTestJSON:test_create_server_with_ipv6_addr_only): 200 GET http://10.180.1.21/compute/v2.1/servers/ec92e89e-d25f-45c1-bb04-733778062874 0.998s
2025-12-10 06:20:59.594 65816 INFO tempest.lib.common.rest_client [req-cd97e9a4-937a-439b-aa8d-d39c9f920cef req-cd97e9a4-937a-439b-aa8d-d39c9f920cef ] Request (ServerRescueTestJSONUnderV235:setUpClass): 200 GET http://10.180.1.21/compute/v2.1/servers/23375618-18f7-47ca-9b82-3562da75f0fd 1.066s
2025-12-10 06:20:59.607 65816 INFO tempest.common.waiters [-] State transition "BUILD/None" ==> "BUILD/block_device_mapping" after 52 second wait
2025-12-10 06:20:59.866 65828 INFO tempest.lib.common.rest_client [req-f3c7494c-6e1f-4f82-84ac-b8499600867a req-f3c7494c-6e1f-4f82-84ac-b8499600867a ] Request (AttachVolumeNegativeTest:test_attach_attached_volume_to_different_server): 200 GET http://10.180.1.21/compute/v2.1/servers/57a6e018-3322-4ad8-84e0-239692845e8e 1.245s
2025-12-10 06:20:59.872 65848 INFO tempest.lib.common.rest_client [req-174ff2d7-bb91-4373-bb0e-c84ef29fcb03 req-174ff2d7-bb91-4373-bb0e-c84ef29fcb03 ] Request (VolumesAdminNegativeTest:tearDownClass): 200 GET http://10.180.1.21/compute/v2.1/servers/8918d61d-326f-4dbe-baed-d9c697731c85 1.232s
2025-12-10 06:20:59.933 65792 INFO tempest.lib.common.rest_client [req-f3145837-04bc-4557-9cf3-a1507c8bec42 req-f3145837-04bc-4557-9cf3-a1507c8bec42 ] Request (ImagesTestJSON:test_create_server_from_snapshot): 200 GET http://10.180.1.21/compute/v2.1/servers/af87f52a-df9c-46c8-8e67-55b3f2b7df1b 1.254s
2025-12-10 06:20:59.962 65820 INFO tempest.lib.common.rest_client [req-e8274e4a-2d37-4c8f-9e5f-d6b9909b7d57 req-e8274e4a-2d37-4c8f-9e5f-d6b9909b7d57 ] Request (VolumesAssistedSnapshotsTest:tearDownClass): 200 GET http://10.180.1.21/compute/v2.1/servers/0cc0fe91-e0cb-4c09-a5f6-311cc6fe7069 1.213s
2025-12-10 06:21:00.057 65810 INFO tempest.lib.common.rest_client [req-1f4f057d-f7d8-4aef-ad78-376bec709a31 req-1f4f057d-f7d8-4aef-ad78-376bec709a31 ] Request (ServersAdmin275Test:tearDownClass): 200 GET http://10.180.1.21/compute/v2.1/servers/bdabb369-4575-4c41-9962-387484e9f0d1 1.183s
2025-12-10 06:21:00.080 65844 INFO tempest.lib.common.rest_client [req-9c939993-05f4-486e-9992-2e6e9bbc5b96 req-9c939993-05f4-486e-9992-2e6e9bbc5b96 ] Request (ServersAdminTestJSON:test_rebuild_server_in_error_state): 200 GET http://10.180.1.21/compute/v2.1/servers/102fb102-aeb7-4b8f-b494-af8c6b1dd963 1.304s
2025-12-10 06:21:00.087 65844 INFO tempest.common.waiters [-] State transition "REBUILD/rebuilding" ==> "REBUILD/rebuild_block_device_mapping" after 4 second wait
2025-12-10 06:21:00.125 65796 INFO tempest.lib.common.rest_client [req-36c9adaf-4174-4c3d-b4c0-adad502f9175 req-36c9adaf-4174-4c3d-b4c0-adad502f9175 ] Request (DeleteServersTestJSON:test_delete_active_server): 200 GET http://10.180.1.21/compute/v2.1/servers/16bd5597-773f-4acf-a458-d5d4b0165d23 1.137s
2025-12-10 06:21:00.188 65832 INFO tempest.lib.common.rest_client [req-1efe3b21-b5d2-434e-92c7-536f5d17fb7d req-1efe3b21-b5d2-434e-92c7-536f5d17fb7d ] Request (ListImageFiltersTestJSON:test_list_images_with_detail_filter_by_type): 200 GET http://10.180.1.21/compute/v2.1/images/detail?type=snapshot 1.157s
2025-12-10 06:21:00.231 65812 INFO tempest.lib.common.rest_client [req-6dc2c007-90fc-4bd6-a133-703f7e24a4a1 req-6dc2c007-90fc-4bd6-a133-703f7e24a4a1 ] Request (ServersV294TestFqdnHostnames:setUpClass): 200 GET http://10.180.1.21/compute/v2.1/servers/ab73890b-952d-4311-96b1-e654fb080035 1.210s
2025-12-10 06:21:00.241 65812 INFO tempest.common.waiters [-] State transition "BUILD/spawning" ==> "ACTIVE/None" after 55 second wait
2025-12-10 06:21:00.254 65846 INFO tempest.lib.common.rest_client [req-53eb2ade-b8fc-4a6d-bb8d-7364330d1647 req-53eb2ade-b8fc-4a6d-bb8d-7364330d1647 ] Request (ListServersNegativeTestJSON:setUpClass): 200 GET http://10.180.1.21/compute/v2.1/servers/206bee62-b9cb-48c6-b09e-2c342b41f95e 1.140s
2025-12-10 06:21:00.294 65834 INFO tempest.lib.common.rest_client [req-32c8d5f5-c4ca-4945-92b1-5cb550176f7f req-32c8d5f5-c4ca-4945-92b1-5cb550176f7f ] Request (ImagesOneServerNegativeTestJSON:_run_cleanups): 200 GET http://10.180.1.21/compute/v2.1/servers/1e895ea7-db68-4132-85c0-5d766ed9791d 1.110s
2025-12-10 06:21:00.371 65802 INFO tempest.lib.common.rest_client [req-5903e1b2-a533-4f8d-ae6a-da17d5733bc0 req-5903e1b2-a533-4f8d-ae6a-da17d5733bc0 ] Request (ServerDiskConfigTestJSON:test_resize_server_from_auto_to_manual): 200 GET http://10.180.1.21/compute/v2.1/servers/db7d6c69-d363-4c01-8c85-b2e9a3e5a2ca 1.128s
2025-12-10 06:21:00.394 65804 INFO tempest.lib.common.rest_client [req-b249b004-7ce1-4ad3-bd6c-2c2ba71e950f req-b249b004-7ce1-4ad3-bd6c-2c2ba71e950f ] Request (ListServerFiltersTestJSON:setUpClass): 200 GET http://10.180.1.21/compute/v2.1/servers/4c108d74-64da-47a6-be11-33602862db87 1.181s
2025-12-10 06:21:00.420 65788 INFO tempest.lib.common.rest_client [req-0754e1c0-11a6-47c6-a280-98ac487deec4 req-0754e1c0-11a6-47c6-a280-98ac487deec4 ] Request (ServerActionsTestJSON:setUpClass): 200 GET http://10.180.1.21/compute/v2.1/servers/7fc20c03-e8b5-40b7-bced-f0fcd9aad229 1.148s
2025-12-10 06:21:00.463 65824 INFO tempest.lib.common.rest_client [req-5658be11-ffbe-4644-bece-df7a44868b45 req-5658be11-ffbe-4644-bece-df7a44868b45 ] Request (FloatingIPsAssociationTestJSON:tearDownClass): 200 GET http://10.180.1.21/compute/v2.1/servers/8ae24afe-4698-4a73-9892-6eaa172bc197 1.110s
2025-12-10 06:21:00.479 65814 INFO tempest.lib.common.rest_client [req-af02f242-10e3-4aaa-89f6-95082dc3dd12 req-af02f242-10e3-4aaa-89f6-95082dc3dd12 ] Request (ServersTestJSON:setUpClass): 200 GET http://10.180.1.21/compute/v2.1/servers/a4dd99c3-91cc-45a6-9699-e54ab2b0ccb6 1.070s
2025-12-10 06:21:00.525 65830 INFO tempest.lib.common.rest_client [req-fef6eb8f-6444-4542-ae0e-2627725581db req-fef6eb8f-6444-4542-ae0e-2627725581db ] Request (ServersAdminNegativeTestJSON:tearDownClass): 200 GET http://10.180.1.21/compute/v2.1/servers/1ef9964d-0ba8-4893-8784-c4fc40e25159 1.079s
2025-12-10 06:21:00.535 65830 INFO tempest.common.waiters [-] State transition "SUSPENDED/deleting" ==> "DELETED/None" after 3 second wait
2025-12-10 06:21:00.572 65790 INFO tempest.lib.common.rest_client [req-bd42ed76-b259-4f27-a299-5e8225a3f76c req-bd42ed76-b259-4f27-a299-5e8225a3f76c ] Request (ServersTestFqdnHostnames:test_create_server_with_fqdn_name): 200 GET http://10.180.1.21/compute/v2.1/servers/51e7c7a3-a221-4baf-9050-3b7585070237 1.038s
2025-12-10 06:21:00.630 65853 INFO tempest.lib.common.rest_client [req-9974cfe1-6c2d-46c5-8cb9-ed9d376163ad req-9974cfe1-6c2d-46c5-8cb9-ed9d376163ad ] Request (SecurityGroupsTestJSON:test_list_security_groups_by_server): 200 GET http://10.180.1.21/compute/v2.1/servers/46866ffa-bf71-4297-9689-04d0a97b60fb 0.816s
2025-12-10 06:21:00.685 65826 INFO tempest.lib.common.rest_client [req-a4fa86d1-9e14-4cf8-a8ca-f89ca58c3965 req-a4fa86d1-9e14-4cf8-a8ca-f89ca58c3965 ] Request (AttachInterfacesTestJSON:test_create_list_show_delete_interfaces_by_fixed_ip): 200 GET http://10.180.1.21/compute/v2.1/servers/20f0c015-56ab-4da0-a8b3-aab8ecc4fd68 0.738s
2025-12-10 06:21:00.740 65836 WARNING tempest.lib.common.ssh [-] Failed to establish authenticated ssh connection to cirros@10.180.180.192 ([Errno None] Unable to connect to port 22 on 10.180.180.192). Number attempts: 6. Retry after 7 seconds.: paramiko.ssh_exception.NoValidConnectionsError: [Errno None] Unable to connect to port 22 on 10.180.180.192
2025-12-10 06:21:00.825 65840 INFO tempest.lib.common.rest_client [req-22d83709-5892-4f41-896c-1c6a0bbc67dc req-22d83709-5892-4f41-896c-1c6a0bbc67dc ] Request (AttachVolumeShelveTestJSON:test_attach_volume_shelved_or_offload_server): 200 GET http://10.180.1.21/compute/v2.1/servers/34db2031-2c7e-4fb1-aa95-34ebd6524e4c 0.876s
2025-12-10 06:21:00.844 65798 INFO tempest.lib.common.rest_client [req-c6cd1371-5674-4990-b5d7-b95e55e07b0f req-c6cd1371-5674-4990-b5d7-b95e55e07b0f ] Request (ServerActionsTestOtherA:setUpClass): 202 POST http://10.180.1.21/compute/v2.1/servers 1.324s
2025-12-10 06:21:00.894 65832 INFO tempest.lib.common.rest_client [req-fbcfc8a4-8aa5-4df6-ab46-a1bdab61bfbe req-fbcfc8a4-8aa5-4df6-ab46-a1bdab61bfbe ] Request (ListImageFiltersTestJSON:test_list_images_with_detail_filter_by_type): 200 GET http://10.180.1.21/compute/v2.1/images/8a620623-bdd2-4c1d-87a9-ecb6c2e16d08 0.701s
2025-12-10 06:21:00.900 65794 INFO tempest.lib.common.rest_client [req-cce4652d-0355-402a-af08-044d1cba2570 req-cce4652d-0355-402a-af08-044d1cba2570 ] Request (AttachVolumeTestJSON:test_attach_detach_volume): 200 GET http://10.180.1.21/compute/v2.1/servers/619a0a0f-c130-471e-9db7-0750b279f9f1 0.820s
2025-12-10 06:21:00.919 65800 INFO paramiko.transport [-] Connected (version 2.0, client dropbear_2020.81)
2025-12-10 06:21:00.981 65800 INFO paramiko.transport [-] Authentication (publickey) successful!
2025-12-10 06:21:00.982 65800 INFO tempest.lib.common.ssh [-] ssh connection to cirros@10.180.180.254 successfully created
2025-12-10 06:21:00.995 65818 INFO tempest.lib.common.rest_client [req-53cefbdc-1033-4eb5-b6b0-cbb6d3957e86 req-53cefbdc-1033-4eb5-b6b0-cbb6d3957e86 ] Request (ServersTestJSON:test_create_server_with_ipv6_addr_only): 200 GET http://10.180.1.21/compute/v2.1/servers/ec92e89e-d25f-45c1-bb04-733778062874 0.414s
2025-12-10 06:21:01.047 65812 INFO tempest.lib.common.rest_client [req-926ca1d5-3f38-4afd-a3b6-ae37b05e78d6 req-926ca1d5-3f38-4afd-a3b6-ae37b05e78d6 ] Request (ServersV294TestFqdnHostnames:setUpClass): 200 GET http://10.180.1.21/compute/v2.1/servers/ab73890b-952d-4311-96b1-e654fb080035/os-interface 0.805s
2025-12-10 06:21:01.119 65798 INFO tempest.lib.common.rest_client [req-1113100e-6d98-4f52-b9ab-2e4d12f5d982 req-1113100e-6d98-4f52-b9ab-2e4d12f5d982 ] Request (ServerActionsTestOtherA:setUpClass): 200 GET http://10.180.1.21/compute/v2.1/servers/1a8aff25-67c2-40cc-89d3-0a66300f807b 0.273s
2025-12-10 06:21:01.147 65816 INFO tempest.lib.common.rest_client [req-088d30d5-b5a3-4b58-9e82-b52e54a820a2 req-088d30d5-b5a3-4b58-9e82-b52e54a820a2 ] Request (ServerRescueTestJSONUnderV235:setUpClass): 200 GET http://10.180.1.21/compute/v2.1/servers/23375618-18f7-47ca-9b82-3562da75f0fd 0.538s
2025-12-10 06:21:01.153 65816 INFO tempest.common.waiters [-] State transition "BUILD/block_device_mapping" ==> "BUILD/spawning" after 54 second wait
2025-12-10 06:21:01.180 65828 INFO tempest.lib.common.rest_client [req-bc7bae51-2626-4e18-9691-5bca7820c458 req-bc7bae51-2626-4e18-9691-5bca7820c458 ] Request (AttachVolumeNegativeTest:test_attach_attached_volume_to_different_server): 200 GET http://10.180.1.21/compute/v2.1/servers/57a6e018-3322-4ad8-84e0-239692845e8e 0.303s
2025-12-10 06:21:01.220 65848 INFO tempest.lib.common.rest_client [req-2c252d03-c6ca-4676-8363-c8768be23c17 req-2c252d03-c6ca-4676-8363-c8768be23c17 ] Request (VolumesAdminNegativeTest:tearDownClass): 200 GET http://10.180.1.21/compute/v2.1/servers/8918d61d-326f-4dbe-baed-d9c697731c85 0.334s
2025-12-10 06:21:01.228 65832 INFO tempest.lib.common.rest_client [req-7be488bc-a9cb-415c-bedf-4d709ada1bcd req-7be488bc-a9cb-415c-bedf-4d709ada1bcd ] Request (ListImageFiltersTestJSON:test_list_images_with_detail_limit_results): 200 GET http://10.180.1.21/compute/v2.1/images/detail?limit=1 0.329s
2025-12-10 06:21:01.268 65792 INFO tempest.lib.common.rest_client [req-5a793407-5113-42c1-ab2e-59d0fd537499 req-5a793407-5113-42c1-ab2e-59d0fd537499 ] Request (ImagesTestJSON:test_create_server_from_snapshot): 200 GET http://10.180.1.21/compute/v2.1/servers/af87f52a-df9c-46c8-8e67-55b3f2b7df1b 0.324s
2025-12-10 06:21:01.282 65820 INFO tempest.lib.common.rest_client [req-f20aeb26-9565-4fa1-95f7-8ecd7b11e96e req-f20aeb26-9565-4fa1-95f7-8ecd7b11e96e ] Request (VolumesAssistedSnapshotsTest:tearDownClass): 200 GET http://10.180.1.21/compute/v2.1/servers/0cc0fe91-e0cb-4c09-a5f6-311cc6fe7069 0.307s
2025-12-10 06:21:01.358 65810 INFO tempest.lib.common.rest_client [req-682cb770-16b7-42c0-8c04-fcf6b83f6d19 req-682cb770-16b7-42c0-8c04-fcf6b83f6d19 ] Request (ServersAdmin275Test:tearDownClass): 200 GET http://10.180.1.21/compute/v2.1/servers/bdabb369-4575-4c41-9962-387484e9f0d1 0.285s
2025-12-10 06:21:01.516 65844 INFO tempest.lib.common.rest_client [req-3e67fd87-79a6-499f-b445-a10707341fc6 req-3e67fd87-79a6-499f-b445-a10707341fc6 ] Request (ServersAdminTestJSON:test_rebuild_server_in_error_state): 200 GET http://10.180.1.21/compute/v2.1/servers/102fb102-aeb7-4b8f-b494-af8c6b1dd963 0.428s
2025-12-10 06:21:01.523 65844 INFO tempest.common.waiters [-] State transition "REBUILD/rebuild_block_device_mapping" ==> "REBUILD/rebuild_spawning" after 5 second wait
2025-12-10 06:21:01.579 65812 INFO tempest.lib.common.rest_client [req-2ed542e4-5201-4101-a293-29bca4880f5a req-2ed542e4-5201-4101-a293-29bca4880f5a ] Request (ServersV294TestFqdnHostnames:setUpClass): 200 PUT http://10.180.1.21/networking/v2.0/floatingips/9099169e-910a-4c6e-9a00-b9cfee780b5a 0.530s
2025-12-10 06:21:01.599 65796 INFO tempest.lib.common.rest_client [req-17701fd8-fbd4-416a-a8d3-f7c04a7fcc4d req-17701fd8-fbd4-416a-a8d3-f7c04a7fcc4d ] Request (DeleteServersTestJSON:test_delete_active_server): 200 GET http://10.180.1.21/compute/v2.1/servers/16bd5597-773f-4acf-a458-d5d4b0165d23 0.466s
2025-12-10 06:21:01.689 65800 INFO tempest.lib.common.rest_client [req-5480ffe0-ad54-4bea-9732-3410e647d387 req-5480ffe0-ad54-4bea-9732-3410e647d387 ] Request (ServerActionsV293TestJSON:test_rebuild_volume_backed_server): 202 POST http://10.180.1.21/compute/v2.1/servers/034913dd-3d2d-4847-9606-c100f5e012f9/action 0.699s
2025-12-10 06:21:01.716 65832 INFO tempest.lib.common.rest_client [req-c52c8a25-8fe8-4ea2-b9f0-91ccc2dc6fad req-c52c8a25-8fe8-4ea2-b9f0-91ccc2dc6fad ] Request (ListImageFiltersTestJSON:tearDownClass): 204 DELETE http://10.180.1.21/compute/v2.1/images/cff93cec-e6a7-4e2e-b8df-66d626f9cc72 0.483s
2025-12-10 06:21:01.751 65846 INFO tempest.lib.common.rest_client [req-cbd6ab8a-bdf8-4af4-a6de-73ce5da19784 req-cbd6ab8a-bdf8-4af4-a6de-73ce5da19784 ] Request (ListServersNegativeTestJSON:setUpClass): 200 GET http://10.180.1.21/compute/v2.1/servers/206bee62-b9cb-48c6-b09e-2c342b41f95e 0.489s
2025-12-10 06:21:01.759 65846 INFO tempest.common.waiters [-] State transition "ACTIVE/deleting" ==> "DELETED/None" after 5 second wait
2025-12-10 06:21:01.768 65834 INFO tempest.lib.common.rest_client [req-0407d50e-d3ca-43d3-82be-4b3bb1b21f57 req-0407d50e-d3ca-43d3-82be-4b3bb1b21f57 ] Request (ImagesOneServerNegativeTestJSON:_run_cleanups): 200 GET http://10.180.1.21/compute/v2.1/servers/1e895ea7-db68-4132-85c0-5d766ed9791d 0.462s
2025-12-10 06:21:01.808 65802 INFO tempest.lib.common.rest_client [req-f8ef474c-ad19-41d0-8ef3-49982c0a5f54 req-f8ef474c-ad19-41d0-8ef3-49982c0a5f54 ] Request (ServerDiskConfigTestJSON:test_resize_server_from_auto_to_manual): 200 GET http://10.180.1.21/compute/v2.1/servers/db7d6c69-d363-4c01-8c85-b2e9a3e5a2ca 0.428s
2025-12-10 06:21:01.865 65788 INFO tempest.lib.common.rest_client [req-c68b2bbb-68fd-401b-b080-d5744a77169d req-c68b2bbb-68fd-401b-b080-d5744a77169d ] Request (ServerActionsTestJSON:setUpClass): 200 GET http://10.180.1.21/compute/v2.1/servers/7fc20c03-e8b5-40b7-bced-f0fcd9aad229 0.436s
2025-12-10 06:21:01.874 65804 INFO tempest.lib.common.rest_client [req-a28a9e49-5fc5-46ec-8e6e-cdc537dc3996 req-a28a9e49-5fc5-46ec-8e6e-cdc537dc3996 ] Request (ListServerFiltersTestJSON:setUpClass): 200 GET http://10.180.1.21/compute/v2.1/servers/4c108d74-64da-47a6-be11-33602862db87 0.466s
2025-12-10 06:21:01.883 65804 INFO tempest.common.waiters [-] State transition "BUILD/spawning" ==> "ACTIVE/None" after 55 second wait
2025-12-10 06:21:01.890 65824 INFO tempest.lib.common.rest_client [req-f0bc0721-2e12-4efd-85de-1761b3200e3d req-f0bc0721-2e12-4efd-85de-1761b3200e3d ] Request (FloatingIPsAssociationTestJSON:tearDownClass): 404 GET http://10.180.1.21/compute/v2.1/servers/8ae24afe-4698-4a73-9892-6eaa172bc197 0.419s
2025-12-10 06:21:01.939 65814 INFO tempest.lib.common.rest_client [req-eee00574-95fb-4c07-8c1c-06ed8ccb6a6f req-eee00574-95fb-4c07-8c1c-06ed8ccb6a6f ] Request (ServersTestJSON:setUpClass): 200 GET http://10.180.1.21/compute/v2.1/servers/a4dd99c3-91cc-45a6-9699-e54ab2b0ccb6 0.451s
2025-12-10 06:21:01.961 65830 INFO tempest.lib.common.rest_client [req-968746d6-d363-4cc4-9b10-09527828a913 req-968746d6-d363-4cc4-9b10-09527828a913 ] Request (ServersAdminNegativeTestJSON:tearDownClass): 200 GET http://10.180.1.21/compute/v2.1/servers/1ef9964d-0ba8-4893-8784-c4fc40e25159 0.425s
2025-12-10 06:21:02.068 65790 INFO tempest.lib.common.rest_client [req-fc9ea431-2933-49e6-a66d-77d52862ba80 req-fc9ea431-2933-49e6-a66d-77d52862ba80 ] Request (ServersTestFqdnHostnames:test_create_server_with_fqdn_name): 200 GET http://10.180.1.21/compute/v2.1/servers/51e7c7a3-a221-4baf-9050-3b7585070237 0.487s
2025-12-10 06:21:02.125 65812 INFO tempest.lib.common.rest_client [req-3e2b0b1d-abd9-48a4-a6b3-bc2aaf403c22 req-3e2b0b1d-abd9-48a4-a6b3-bc2aaf403c22 ] Request (ServersV294TestFqdnHostnames:setUpClass): 200 GET http://10.180.1.21/compute/v2.1/servers/ab73890b-952d-4311-96b1-e654fb080035 0.545s
2025-12-10 06:21:02.137 65812 INFO tempest.api.compute.base [-] Attempting to verify tagged devices in server ab73890b-952d-4311-96b1-e654fb080035 via the metadata service: http://169.254.169.254/openstack/latest/meta_data.json
2025-12-10 06:21:02.137 65812 INFO tempest.lib.common.ssh [-] Creating ssh connection to '10.180.180.128:22' as 'cirros' with public key authentication
2025-12-10 06:21:02.150 65853 INFO tempest.lib.common.rest_client [req-f317321f-67d6-40d3-9c29-79334e84d21a req-f317321f-67d6-40d3-9c29-79334e84d21a ] Request (SecurityGroupsTestJSON:test_list_security_groups_by_server): 200 GET http://10.180.1.21/compute/v2.1/servers/46866ffa-bf71-4297-9689-04d0a97b60fb 0.509s
2025-12-10 06:21:02.168 65800 INFO tempest.lib.common.rest_client [req-9feb4e7b-acf5-4223-bdba-55a82108d288 req-9feb4e7b-acf5-4223-bdba-55a82108d288 ] Request (ServerActionsV293TestJSON:test_rebuild_volume_backed_server): 200 GET http://10.180.1.21/compute/v2.1/flavors/42 0.467s
2025-12-10 06:21:02.188 65826 INFO tempest.lib.common.rest_client [req-201c4086-1a48-40b2-8664-28dda522c35c req-201c4086-1a48-40b2-8664-28dda522c35c ] Request (AttachInterfacesTestJSON:test_create_list_show_delete_interfaces_by_fixed_ip): 200 GET http://10.180.1.21/compute/v2.1/servers/20f0c015-56ab-4da0-a8b3-aab8ecc4fd68 0.493s
2025-12-10 06:21:02.289 65832 INFO tempest.lib.common.rest_client [req-25a1a6ea-7389-4d12-bc5d-1547ae2e5c85 req-25a1a6ea-7389-4d12-bc5d-1547ae2e5c85 ] Request (ListImageFiltersTestJSON:tearDownClass): 204 DELETE http://10.180.1.21/compute/v2.1/images/a83144d4-6442-40e6-898b-ad897457f008 0.573s
2025-12-10 06:21:02.291 65840 INFO tempest.lib.common.rest_client [req-a6d26567-cebc-414a-83ee-0096f64119e9 req-a6d26567-cebc-414a-83ee-0096f64119e9 ] Request (AttachVolumeShelveTestJSON:test_attach_volume_shelved_or_offload_server): 200 GET http://10.180.1.21/compute/v2.1/servers/34db2031-2c7e-4fb1-aa95-34ebd6524e4c 0.457s
2025-12-10 06:21:02.391 65794 INFO tempest.lib.common.rest_client [req-a62ac6c9-bd93-4eca-ac39-9ab73f9cac20 req-a62ac6c9-bd93-4eca-ac39-9ab73f9cac20 ] Request (AttachVolumeTestJSON:test_attach_detach_volume): 200 GET http://10.180.1.21/compute/v2.1/servers/619a0a0f-c130-471e-9db7-0750b279f9f1 0.483s
2025-12-10 06:21:02.422 65804 INFO tempest.lib.common.rest_client [req-01d94eab-67cd-421d-bb87-d6a1070983af req-01d94eab-67cd-421d-bb87-d6a1070983af ] Request (ListServerFiltersTestJSON:setUpClass): 200 GET http://10.180.1.21/compute/v2.1/servers/d9814e50-9c54-48af-982f-b25b93c719ae 0.538s
2025-12-10 06:21:02.457 65818 INFO tempest.lib.common.rest_client [req-794eba65-ca66-43cb-97e5-3bf295f79e27 req-794eba65-ca66-43cb-97e5-3bf295f79e27 ] Request (ServersTestJSON:test_create_server_with_ipv6_addr_only): 200 GET http://10.180.1.21/compute/v2.1/servers/ec92e89e-d25f-45c1-bb04-733778062874 0.453s
2025-12-10 06:21:02.478 65798 INFO tempest.lib.common.rest_client [req-e3f6567d-0d1e-4394-84a1-4a2dacdb5e34 req-e3f6567d-0d1e-4394-84a1-4a2dacdb5e34 ] Request (ServerActionsTestOtherA:setUpClass): 200 GET http://10.180.1.21/compute/v2.1/servers/1a8aff25-67c2-40cc-89d3-0a66300f807b 0.349s
2025-12-10 06:21:02.662 65816 INFO tempest.lib.common.rest_client [req-fdb83b8d-8bf0-4c62-af24-f9f5ffd32283 req-fdb83b8d-8bf0-4c62-af24-f9f5ffd32283 ] Request (ServerRescueTestJSONUnderV235:setUpClass): 200 GET http://10.180.1.21/compute/v2.1/servers/23375618-18f7-47ca-9b82-3562da75f0fd 0.507s
2025-12-10 06:21:02.703 65800 INFO tempest.lib.common.rest_client [req-b2f5fd8f-b065-48a6-a6e2-1e4a05f2b402 req-b2f5fd8f-b065-48a6-a6e2-1e4a05f2b402 ] Request (ServerActionsV293TestJSON:test_rebuild_volume_backed_server): 200 GET http://10.180.1.21/compute/v2.1/servers/034913dd-3d2d-4847-9606-c100f5e012f9 0.531s
2025-12-10 06:21:02.725 65824 INFO tempest.lib.common.rest_client [req-95a3b50c-f5e2-4fc8-8808-19a233e7cd1b req-95a3b50c-f5e2-4fc8-8808-19a233e7cd1b ] Request (FloatingIPsAssociationTestJSON:tearDownClass): 200 PUT http://10.180.1.21/networking/v2.0/routers/332e4c6a-4019-4e88-89c4-1c80fd5c1b90/remove_router_interface 0.835s
2025-12-10 06:21:02.729 65828 INFO tempest.lib.common.rest_client [req-43317c6b-a94d-4b42-983f-7ca18d26043d req-43317c6b-a94d-4b42-983f-7ca18d26043d ] Request (AttachVolumeNegativeTest:test_attach_attached_volume_to_different_server): 200 GET http://10.180.1.21/compute/v2.1/servers/57a6e018-3322-4ad8-84e0-239692845e8e 0.542s
2025-12-10 06:21:02.768 65848 INFO tempest.lib.common.rest_client [req-650531ae-275b-41c0-bd7f-bdd0b0540d87 req-650531ae-275b-41c0-bd7f-bdd0b0540d87 ] Request (VolumesAdminNegativeTest:tearDownClass): 200 GET http://10.180.1.21/compute/v2.1/servers/8918d61d-326f-4dbe-baed-d9c697731c85 0.539s
2025-12-10 06:21:02.797 65792 INFO tempest.lib.common.rest_client [req-87448a97-cce6-4292-be9f-878c0cc0c16e req-87448a97-cce6-4292-be9f-878c0cc0c16e ] Request (ImagesTestJSON:test_create_server_from_snapshot): 200 GET http://10.180.1.21/compute/v2.1/servers/af87f52a-df9c-46c8-8e67-55b3f2b7df1b 0.520s
2025-12-10 06:21:02.808 65792 INFO tempest.common.waiters [-] State transition "BUILD/scheduling" ==> "BUILD/None" after 25 second wait
2025-12-10 06:21:02.873 65820 INFO tempest.lib.common.rest_client [req-6e15b8e2-9882-45bf-84fe-fcb3777031ee req-6e15b8e2-9882-45bf-84fe-fcb3777031ee ] Request (VolumesAssistedSnapshotsTest:tearDownClass): 200 GET http://10.180.1.21/compute/v2.1/servers/0cc0fe91-e0cb-4c09-a5f6-311cc6fe7069 0.582s
2025-12-10 06:21:02.897 65832 INFO tempest.lib.common.rest_client [req-87174981-00d0-4fea-8fe5-0f07d778452b req-87174981-00d0-4fea-8fe5-0f07d778452b ] Request (ListImageFiltersTestJSON:tearDownClass): 204 DELETE http://10.180.1.21/compute/v2.1/images/973ed9ab-d35f-4579-867e-856e99b99f92 0.607s
2025-12-10 06:21:02.956 65810 INFO tempest.lib.common.rest_client [req-0c7df236-467a-4f27-9524-a0ce73aa6ff8 req-0c7df236-467a-4f27-9524-a0ce73aa6ff8 ] Request (ServersAdmin275Test:tearDownClass): 200 GET http://10.180.1.21/compute/v2.1/servers/bdabb369-4575-4c41-9962-387484e9f0d1 0.589s
2025-12-10 06:21:03.037 65804 INFO tempest.lib.common.rest_client [req-8d391727-92b6-4347-a89a-796ef1371b9f req-8d391727-92b6-4347-a89a-796ef1371b9f ] Request (ListServerFiltersTestJSON:setUpClass): 200 GET http://10.180.1.21/compute/v2.1/servers/e2dde0b8-3492-4680-957e-bf618bb5463f 0.606s
2025-12-10 06:21:03.134 65796 INFO tempest.lib.common.rest_client [req-e3e72061-b9ab-4830-88fa-a4e852811109 req-e3e72061-b9ab-4830-88fa-a4e852811109 ] Request (DeleteServersTestJSON:test_delete_active_server): 200 GET http://10.180.1.21/compute/v2.1/servers/16bd5597-773f-4acf-a458-d5d4b0165d23 0.523s
2025-12-10 06:21:03.160 65844 INFO tempest.lib.common.rest_client [req-a401f80c-7e95-45b1-b9c2-1ecd212f57d6 req-a401f80c-7e95-45b1-b9c2-1ecd212f57d6 ] Request (ServersAdminTestJSON:test_rebuild_server_in_error_state): 200 GET http://10.180.1.21/compute/v2.1/servers/102fb102-aeb7-4b8f-b494-af8c6b1dd963 0.636s
2025-12-10 06:21:03.171 65824 INFO tempest.lib.common.rest_client [req-a953fa71-7193-45a1-ab1a-655aae16e1e4 req-a953fa71-7193-45a1-ab1a-655aae16e1e4 ] Request (FloatingIPsAssociationTestJSON:tearDownClass): 204 DELETE http://10.180.1.21/networking/v2.0/routers/332e4c6a-4019-4e88-89c4-1c80fd5c1b90 0.445s
2025-12-10 06:21:03.216 65846 INFO tempest.lib.common.rest_client [req-3ebe1eb9-c3e3-44e2-b96d-7f7e1f46fdf1 req-3ebe1eb9-c3e3-44e2-b96d-7f7e1f46fdf1 ] Request (ListServersNegativeTestJSON:setUpClass): 200 GET http://10.180.1.21/compute/v2.1/servers/206bee62-b9cb-48c6-b09e-2c342b41f95e 0.456s
2025-12-10 06:21:03.226 65822 WARNING tempest.lib.common.ssh [-] Failed to establish authenticated ssh connection to cirros@10.180.180.151 ([Errno None] Unable to connect to port 22 on 10.180.180.151). Number attempts: 6. Retry after 7 seconds.: paramiko.ssh_exception.NoValidConnectionsError: [Errno None] Unable to connect to port 22 on 10.180.180.151
2025-12-10 06:21:03.238 65834 INFO tempest.lib.common.rest_client [req-f54074c5-2bff-4c38-82e1-3123c247c228 req-f54074c5-2bff-4c38-82e1-3123c247c228 ] Request (ImagesOneServerNegativeTestJSON:_run_cleanups): 200 GET http://10.180.1.21/compute/v2.1/servers/1e895ea7-db68-4132-85c0-5d766ed9791d 0.462s
2025-12-10 06:21:03.284 65802 INFO tempest.lib.common.rest_client [req-05385b63-5465-4bbe-b479-189ada58c4ee req-05385b63-5465-4bbe-b479-189ada58c4ee ] Request (ServerDiskConfigTestJSON:test_resize_server_from_auto_to_manual): 200 GET http://10.180.1.21/compute/v2.1/servers/db7d6c69-d363-4c01-8c85-b2e9a3e5a2ca 0.467s
2025-12-10 06:21:03.301 65788 INFO tempest.lib.common.rest_client [req-19aad5d2-60b1-4efb-ba79-6d880830b9e6 req-19aad5d2-60b1-4efb-ba79-6d880830b9e6 ] Request (ServerActionsTestJSON:setUpClass): 200 GET http://10.180.1.21/compute/v2.1/servers/7fc20c03-e8b5-40b7-bced-f0fcd9aad229 0.426s
2025-12-10 06:21:03.310 65788 INFO tempest.common.waiters [-] State transition "BUILD/scheduling" ==> "BUILD/None" after 18 second wait
2025-12-10 06:21:03.317 65824 INFO tempest.lib.common.rest_client [req-16ad449b-6210-4ec4-9d2b-a1b8bca12f4e req-16ad449b-6210-4ec4-9d2b-a1b8bca12f4e ] Request (FloatingIPsAssociationTestJSON:tearDownClass): 204 DELETE http://10.180.1.21/networking/v2.0/subnets/a97dd6b2-923e-4260-aeeb-326abcfd45cb 0.145s
2025-12-10 06:21:03.386 65832 INFO tempest.lib.common.rest_client [req-5025dfc2-10c7-4bce-b436-c4907bd2366c req-5025dfc2-10c7-4bce-b436-c4907bd2366c ] Request (ListImageFiltersTestJSON:tearDownClass): 204 DELETE http://10.180.1.21/compute/v2.1/servers/5c0fe3ea-a40e-4564-bc30-17542cc43e47 0.488s
2025-12-10 06:21:03.391 65814 INFO tempest.lib.common.rest_client [req-35d7a904-e014-4d84-9e24-08b69693bae0 req-35d7a904-e014-4d84-9e24-08b69693bae0 ] Request (ServersTestJSON:setUpClass): 200 GET http://10.180.1.21/compute/v2.1/servers/a4dd99c3-91cc-45a6-9699-e54ab2b0ccb6 0.442s
2025-12-10 06:21:03.454 65830 INFO tempest.lib.common.rest_client [req-727de4dd-8a53-4521-a43e-567961997cfd req-727de4dd-8a53-4521-a43e-567961997cfd ] Request (ServersAdminNegativeTestJSON:tearDownClass): 200 GET http://10.180.1.21/compute/v2.1/servers/1ef9964d-0ba8-4893-8784-c4fc40e25159 0.484s
2025-12-10 06:21:03.517 65790 INFO tempest.lib.common.rest_client [req-f8d148a2-aaa0-4dd6-b607-1f905859607a req-f8d148a2-aaa0-4dd6-b607-1f905859607a ] Request (ServersTestFqdnHostnames:test_create_server_with_fqdn_name): 200 GET http://10.180.1.21/compute/v2.1/servers/51e7c7a3-a221-4baf-9050-3b7585070237 0.441s
2025-12-10 06:21:03.584 65853 INFO tempest.lib.common.rest_client [req-5d0f87b6-8c92-4ef8-bee4-783547eaa967 req-5d0f87b6-8c92-4ef8-bee4-783547eaa967 ] Request (SecurityGroupsTestJSON:test_list_security_groups_by_server): 200 GET http://10.180.1.21/compute/v2.1/servers/46866ffa-bf71-4297-9689-04d0a97b60fb 0.423s
2025-12-10 06:21:03.649 65826 INFO tempest.lib.common.rest_client [req-370e5892-07e2-45e0-a68e-e3be7f05f333 req-370e5892-07e2-45e0-a68e-e3be7f05f333 ] Request (AttachInterfacesTestJSON:test_create_list_show_delete_interfaces_by_fixed_ip): 200 GET http://10.180.1.21/compute/v2.1/servers/20f0c015-56ab-4da0-a8b3-aab8ecc4fd68 0.452s
2025-12-10 06:21:03.652 65824 INFO tempest.lib.common.rest_client [req-0d9f39e2-83db-422b-82e8-eebfd6f15edb req-0d9f39e2-83db-422b-82e8-eebfd6f15edb ] Request (FloatingIPsAssociationTestJSON:tearDownClass): 204 DELETE http://10.180.1.21/networking/v2.0/networks/23f869e9-0a8d-44ac-9fce-00b384198d49 0.334s
2025-12-10 06:21:03.768 65824 INFO tempest.lib.common.rest_client [req-50e52b1b-750b-4f3e-bb4d-da1fdaeebf08 req-50e52b1b-750b-4f3e-bb4d-da1fdaeebf08 ] Request (FloatingIPsAssociationTestJSON:tearDownClass): 204 DELETE http://10.180.1.21/identity/v3/users/ea0b55c34bff4f169e7220dabd41de1e 0.115s
2025-12-10 06:21:03.768 65824 INFO tempest.lib.common.dynamic_creds [-] Deleting project and security group for project: 5ff934adc3b04036acbce379a613ceee
2025-12-10 06:21:03.776 65804 INFO tempest.lib.common.rest_client [req-b328c02e-2fa7-4bf3-aa57-308e780ef7bb req-b328c02e-2fa7-4bf3-aa57-308e780ef7bb ] Request (ListServerFiltersTestJSON:test_list_servers_detailed_filter_by_flavor): 200 GET http://10.180.1.21/compute/v2.1/servers/detail?flavor=84 0.732s
2025-12-10 06:21:03.809 65824 INFO tempest.lib.common.rest_client [req-4f35fc20-b0ca-4c4d-a44a-ae2dfb0e0790 req-4f35fc20-b0ca-4c4d-a44a-ae2dfb0e0790 ] Request (FloatingIPsAssociationTestJSON:tearDownClass): 200 GET http://10.180.1.21/networking/v2.0/security-groups?tenant_id=5ff934adc3b04036acbce379a613ceee&name=default 0.040s
2025-12-10 06:21:03.817 65840 INFO tempest.lib.common.rest_client [req-12c367b9-61f6-42de-9971-e64ae149b598 req-12c367b9-61f6-42de-9971-e64ae149b598 ] Request (AttachVolumeShelveTestJSON:test_attach_volume_shelved_or_offload_server): 200 GET http://10.180.1.21/compute/v2.1/servers/34db2031-2c7e-4fb1-aa95-34ebd6524e4c 0.514s
2025-12-10 06:21:03.957 65824 INFO tempest.lib.common.rest_client [req-13148b14-af7b-46fe-a4ba-ea13b41e48b9 req-13148b14-af7b-46fe-a4ba-ea13b41e48b9 ] Request (FloatingIPsAssociationTestJSON:tearDownClass): 204 DELETE http://10.180.1.21/networking/v2.0/security-groups/e055f6e8-5bdf-4d73-ac15-366894643fcc 0.147s
2025-12-10 06:21:03.979 65794 INFO tempest.lib.common.rest_client [req-0b9eb858-e341-4288-b483-eb7114c919c6 req-0b9eb858-e341-4288-b483-eb7114c919c6 ] Request (AttachVolumeTestJSON:test_attach_detach_volume): 200 GET http://10.180.1.21/compute/v2.1/servers/619a0a0f-c130-471e-9db7-0750b279f9f1 0.579s
2025-12-10 06:21:03.992 65832 INFO tempest.lib.common.rest_client [req-6bedd872-5aee-4da3-b524-f9d8d43566a9 req-6bedd872-5aee-4da3-b524-f9d8d43566a9 ] Request (ListImageFiltersTestJSON:tearDownClass): 200 GET http://10.180.1.21/compute/v2.1/servers/5c0fe3ea-a40e-4564-bc30-17542cc43e47 0.606s
2025-12-10 06:21:04.046 65818 INFO tempest.lib.common.rest_client [req-9081574b-b450-4907-a58d-003301b8862a req-9081574b-b450-4907-a58d-003301b8862a ] Request (ServersTestJSON:test_create_server_with_ipv6_addr_only): 200 GET http://10.180.1.21/compute/v2.1/servers/ec92e89e-d25f-45c1-bb04-733778062874 0.577s
2025-12-10 06:21:04.058 65798 INFO tempest.lib.common.rest_client [req-f62fcf98-b265-419a-89e1-7081e9804ebd req-f62fcf98-b265-419a-89e1-7081e9804ebd ] Request (ServerActionsTestOtherA:setUpClass): 200 GET http://10.180.1.21/compute/v2.1/servers/1a8aff25-67c2-40cc-89d3-0a66300f807b 0.573s
2025-12-10 06:21:04.080 65824 INFO tempest.lib.common.rest_client [req-37812085-0932-4126-84c5-dc63410d418d req-37812085-0932-4126-84c5-dc63410d418d ] Request (FloatingIPsAssociationTestJSON:tearDownClass): 204 DELETE http://10.180.1.21/identity/v3/projects/5ff934adc3b04036acbce379a613ceee 0.123s
2025-12-10 06:21:04.144 65824 INFO tempest.lib.common.rest_client [req-d7e64291-7af1-4f24-8f81-d420aa0a29e7 req-d7e64291-7af1-4f24-8f81-d420aa0a29e7 ] Request (KeyPairsV2TestJSON:setUpClass): 201 POST http://10.180.1.21/identity/v3/auth/tokens 0.062s
2025-12-10 06:21:04.156 65816 INFO tempest.lib.common.rest_client [req-2532efc5-1483-493d-a617-f2f40aaba31e req-2532efc5-1483-493d-a617-f2f40aaba31e ] Request (ServerRescueTestJSONUnderV235:setUpClass): 200 GET http://10.180.1.21/compute/v2.1/servers/23375618-18f7-47ca-9b82-3562da75f0fd 0.485s
2025-12-10 06:21:04.177 65824 INFO tempest.lib.common.rest_client [req-e12338d2-4e25-4419-a8ca-f68f2ba1cd97 req-e12338d2-4e25-4419-a8ca-f68f2ba1cd97 ] Request (KeyPairsV2TestJSON:setUpClass): 201 POST http://10.180.1.21/identity/v3/auth/tokens 0.030s
