2025-12-10 06:22:02.829 65814 INFO tempest.lib.common.rest_client [req-d4a61ce2-4173-4cde-b844-b552d99bec18 req-d4a61ce2-4173-4cde-b844-b552d99bec18 ] Request (ServersTestJSON:setUpClass): 200 GET http://10.180.1.21/compute/v2.1/servers/a4dd99c3-91cc-45a6-9699-e54ab2b0ccb6 0.095s
2025-12-10 06:22:02.957 65788 INFO tempest.lib.common.rest_client [req-d15ed949-b7fa-4cf2-8106-7a3e5a90aad8 req-d15ed949-b7fa-4cf2-8106-7a3e5a90aad8 ] Request (ServerActionsTestJSON:setUpClass): 200 GET http://10.180.1.21/compute/v2.1/servers/7fc20c03-e8b5-40b7-bced-f0fcd9aad229 0.218s
2025-12-10 06:22:03.020 65853 INFO tempest.lib.common.rest_client [req-51c7875a-9e85-4573-a9dd-c930c3b60b70 req-51c7875a-9e85-4573-a9dd-c930c3b60b70 ] Request (SecurityGroupsTestJSON:test_server_security_groups): 200 GET http://10.180.1.21/compute/v2.1/servers/dde370a6-edfa-4025-9303-280cf47ff32c 0.233s
2025-12-10 06:22:03.058 65792 INFO tempest.lib.common.rest_client [req-b036b64f-843b-4e59-8eda-485f2a1e0ff7 req-b036b64f-843b-4e59-8eda-485f2a1e0ff7 ] Request (ImagesTestJSON:test_create_server_from_snapshot): 202 POST http://10.180.1.21/compute/v2.1/servers/af87f52a-df9c-46c8-8e67-55b3f2b7df1b/action 0.442s
2025-12-10 06:22:03.072 65826 INFO tempest.lib.common.rest_client [req-54f1b64e-3983-4161-b1b7-c3faab8a38ab req-54f1b64e-3983-4161-b1b7-c3faab8a38ab ] Request (AttachInterfacesTestJSON:test_create_list_show_delete_interfaces_by_fixed_ip): 200 GET http://10.180.1.21/compute/v2.1/servers/20f0c015-56ab-4da0-a8b3-aab8ecc4fd68 0.285s
2025-12-10 06:22:03.119 65822 INFO tempest.lib.common.rest_client [req-d0ddd581-3374-4c9b-82fe-288c861939be req-d0ddd581-3374-4c9b-82fe-288c861939be ] Request (AttachInterfacesUnderV243Test:_run_cleanups): 200 GET http://10.180.1.21/compute/v2.1/servers/9fe55f9a-0093-48fe-ba24-78cdd897d51d 0.268s
2025-12-10 06:22:03.135 65812 INFO tempest.lib.common.rest_client [req-d90f707c-e96a-45cf-ae64-5609397fe1c6 req-d90f707c-e96a-45cf-ae64-5609397fe1c6 ] Request (ServersV294TestFqdnHostnames:tearDownClass): 200 GET http://10.180.1.21/compute/v2.1/servers/ab73890b-952d-4311-96b1-e654fb080035 0.243s
2025-12-10 06:22:03.176 65846 INFO tempest.lib.common.rest_client [req-ce0f6b61-2af7-4909-8222-e3c3052f91f0 req-ce0f6b61-2af7-4909-8222-e3c3052f91f0 ] Request (ListServersNegativeTestJSON:tearDownClass): 200 GET http://10.180.1.21/compute/v2.1/servers/9aa06522-d1ba-4035-b51c-ed3d09f61eaa 0.259s
2025-12-10 06:22:03.191 65798 INFO tempest.lib.common.rest_client [req-e9f066bc-eeea-4d0c-a840-ecc3425fc25e req-e9f066bc-eeea-4d0c-a840-ecc3425fc25e ] Request (ServerActionsTestOtherA:setUpClass): 200 GET http://10.180.1.21/compute/v2.1/servers/1a8aff25-67c2-40cc-89d3-0a66300f807b 0.240s
2025-12-10 06:22:03.211 65792 INFO tempest.lib.common.rest_client [req-4fa00134-2724-430f-a387-b83113913def req-4fa00134-2724-430f-a387-b83113913def ] Request (ImagesTestJSON:test_create_server_from_snapshot): 200 GET http://10.180.1.21/compute/v2.1/images/0544f338-375a-42b1-8cbb-a3ce338265a6 0.152s
2025-12-10 06:22:03.270 65816 INFO tempest.lib.common.rest_client [req-5b3c0d9b-ea11-4475-b02e-1834ae058d69 req-5b3c0d9b-ea11-4475-b02e-1834ae058d69 ] Request (ServerRescueTestJSONUnderV235:tearDownClass): 200 GET http://10.180.1.21/compute/v2.1/servers/23375618-18f7-47ca-9b82-3562da75f0fd 0.079s
2025-12-10 06:22:03.329 65800 INFO tempest.lib.common.rest_client [req-e7b056df-ef42-4e80-9501-1693f690d288 req-e7b056df-ef42-4e80-9501-1693f690d288 ] Request (ServerTagsTestJSON:setUpClass): 200 GET http://10.180.1.21/compute/v2.1/servers/5461185d-6110-40f3-a49b-4fe5819ad29a 0.071s
2025-12-10 06:22:03.345 65802 INFO tempest.lib.common.rest_client [req-242fd67d-e571-480b-8bcc-79060f1520fc req-242fd67d-e571-480b-8bcc-79060f1520fc ] Request (ServerDiskConfigTestJSON:test_resize_server_from_auto_to_manual): 200 GET http://10.180.1.21/compute/v2.1/servers/db7d6c69-d363-4c01-8c85-b2e9a3e5a2ca 0.204s
2025-12-10 06:22:03.398 65848 INFO tempest.lib.common.rest_client [req-ef891ba4-3155-471d-9b50-579739639a2e req-ef891ba4-3155-471d-9b50-579739639a2e ] Request (ServersListShow2100Test:test_list_show_rebuild_update_server_2100): 200 GET http://10.180.1.21/compute/v2.1/servers/75cd9e33-15ac-47a1-8baf-dfd9adbba05f 0.118s
2025-12-10 06:22:03.407 65824 INFO tempest.lib.common.rest_client [req-2a21bacf-79cb-4cf6-87c5-d8066782d61c req-2a21bacf-79cb-4cf6-87c5-d8066782d61c ] Request (ServerMetadataTestJSON:setUpClass): 200 GET http://10.180.1.21/compute/v2.1/servers/5c381cb4-3c17-4b93-8ed9-32b8defeb3a5 0.101s
2025-12-10 06:22:03.465 65836 INFO tempest.lib.common.rest_client [req-e0c87d36-db60-4260-b900-5187ea2e9d27 req-e0c87d36-db60-4260-b900-5187ea2e9d27 ] Request (ServersTestManualDisk:tearDownClass): 200 GET http://10.180.1.21/compute/v2.1/servers/e53f6e53-c30c-42ff-a939-bfe5ae832996 0.076s
2025-12-10 06:22:03.517 65804 INFO tempest.lib.common.rest_client [req-04f279b6-c9a8-4ac9-8a48-db417b6d51db req-04f279b6-c9a8-4ac9-8a48-db417b6d51db ] Request (ListServerFiltersTestJSON:tearDownClass): 200 GET http://10.180.1.21/compute/v2.1/servers/4c108d74-64da-47a6-be11-33602862db87 0.064s
2025-12-10 06:22:03.528 65832 INFO tempest.lib.common.rest_client [req-10b1e3d8-b495-4643-ab5b-4c592799fc66 req-10b1e3d8-b495-4643-ab5b-4c592799fc66 ] Request (ListImageFiltersTestJSON:tearDownClass): 200 GET http://10.180.1.21/compute/v2.1/servers/b0522f8c-e141-46c0-874d-238e2ea57021 0.063s
2025-12-10 06:22:03.535 65832 INFO tempest.common.waiters [-] State transition "ACTIVE/deleting" ==> "DELETED/None" after 4 second wait
2025-12-10 06:22:03.571 65820 INFO tempest.lib.common.rest_client [req-e94c70a4-8dac-4b0a-af36-0596884d4802 req-e94c70a4-8dac-4b0a-af36-0596884d4802 ] Request (ServersWithSpecificFlavorTestJSON:test_verify_created_server_ephemeral_disk): 200 GET http://10.180.1.21/compute/v2.1/servers/95105469-5aa0-473b-a3a4-96e5e5b96b2a 0.073s
2025-12-10 06:22:03.578 65820 INFO tempest.common.waiters [-] State transition "BUILD/scheduling" ==> "BUILD/None" after 9 second wait
2025-12-10 06:22:03.585 65810 INFO tempest.lib.common.rest_client [req-3ee2ceb5-1fce-424f-bb91-0aba35f731ca req-3ee2ceb5-1fce-424f-bb91-0aba35f731ca ] Request (ServersAaction247Test:test_create_backup): 200 GET http://10.180.1.21/compute/v2.1/servers/9d3811d5-290b-4cb4-a5fb-92d5fdf91639 0.073s
2025-12-10 06:22:03.655 65818 INFO tempest.lib.common.rest_client [req-7e531488-13f6-4771-a304-0515eadf3992 req-7e531488-13f6-4771-a304-0515eadf3992 ] Request (ServersTestJSON:_run_cleanups): 200 GET http://10.180.1.21/compute/v2.1/servers/ec92e89e-d25f-45c1-bb04-733778062874 0.062s
2025-12-10 06:22:03.710 65844 INFO tempest.lib.common.rest_client [req-133faa22-3aff-412f-b864-9a068caadab3 req-133faa22-3aff-412f-b864-9a068caadab3 ] Request (ServersAdminTestJSON:tearDownClass): 200 GET http://10.180.1.21/compute/v2.1/servers/72a8c673-e19c-45a1-8a55-b03694a5b7b4 0.065s
2025-12-10 06:22:03.716 65796 INFO tempest.lib.common.rest_client [req-fb809f75-6a95-488f-80e1-2b31cfdff5d0 req-fb809f75-6a95-488f-80e1-2b31cfdff5d0 ] Request (DeleteServersTestJSON:test_delete_active_server): 200 GET http://10.180.1.21/compute/v2.1/servers/16bd5597-773f-4acf-a458-d5d4b0165d23 0.056s
2025-12-10 06:22:03.768 65834 INFO tempest.lib.common.rest_client [req-2b9198dc-11d3-457e-8687-a04c8d40769e req-2b9198dc-11d3-457e-8687-a04c8d40769e ] Request (ImagesOneServerNegativeTestJSON:_run_cleanups): 200 GET http://10.180.1.21/compute/v2.1/servers/1e895ea7-db68-4132-85c0-5d766ed9791d 0.058s
2025-12-10 06:22:03.841 65830 INFO tempest.lib.common.rest_client [req-97ba46f5-7316-49d8-9bf6-0a3fc0430b91 req-97ba46f5-7316-49d8-9bf6-0a3fc0430b91 ] Request (ServersAdminNegativeTestJSON:tearDownClass): 200 GET http://10.180.1.21/compute/v2.1/servers/3664084b-a841-4597-8d4d-40d2d1fa5af9 0.058s
2025-12-10 06:22:03.890 65814 INFO tempest.lib.common.rest_client [req-7cf7c497-b2f8-45c9-bcaf-9bf27129246e req-7cf7c497-b2f8-45c9-bcaf-9bf27129246e ] Request (ServersTestJSON:setUpClass): 200 GET http://10.180.1.21/compute/v2.1/servers/a4dd99c3-91cc-45a6-9699-e54ab2b0ccb6 0.052s
2025-12-10 06:22:04.086 65853 INFO tempest.lib.common.rest_client [req-cfa4edec-e25c-482f-b730-ee206e8e37c0 req-cfa4edec-e25c-482f-b730-ee206e8e37c0 ] Request (SecurityGroupsTestJSON:test_server_security_groups): 200 GET http://10.180.1.21/compute/v2.1/servers/dde370a6-edfa-4025-9303-280cf47ff32c 0.057s
2025-12-10 06:22:04.090 65790 WARNING tempest.lib.common.ssh [-] Failed to establish authenticated ssh connection to cirros@10.180.180.174 ([Errno None] Unable to connect to port 22 on 10.180.180.174). Number attempts: 3. Retry after 4 seconds.: paramiko.ssh_exception.NoValidConnectionsError: [Errno None] Unable to connect to port 22 on 10.180.180.174
2025-12-10 06:22:04.096 65788 INFO tempest.lib.common.rest_client [req-c0c5cbb7-bf95-4abc-b46d-f5614407d669 req-c0c5cbb7-bf95-4abc-b46d-f5614407d669 ] Request (ServerActionsTestJSON:setUpClass): 200 GET http://10.180.1.21/compute/v2.1/servers/7fc20c03-e8b5-40b7-bced-f0fcd9aad229 0.130s
2025-12-10 06:22:04.134 65826 INFO tempest.lib.common.rest_client [req-39216c27-7746-4920-9604-30b8b2366d3f req-39216c27-7746-4920-9604-30b8b2366d3f ] Request (AttachInterfacesTestJSON:test_create_list_show_delete_interfaces_by_fixed_ip): 200 GET http://10.180.1.21/compute/v2.1/servers/20f0c015-56ab-4da0-a8b3-aab8ecc4fd68 0.054s
2025-12-10 06:22:04.190 65822 INFO tempest.lib.common.rest_client [req-71102707-81bd-4331-902a-c68264b39381 req-71102707-81bd-4331-902a-c68264b39381 ] Request (AttachInterfacesUnderV243Test:_run_cleanups): 200 GET http://10.180.1.21/compute/v2.1/servers/9fe55f9a-0093-48fe-ba24-78cdd897d51d 0.063s
2025-12-10 06:22:04.224 65812 INFO tempest.lib.common.rest_client [req-d78a8fa9-0d03-4d94-9fe6-48d72620d4d3 req-d78a8fa9-0d03-4d94-9fe6-48d72620d4d3 ] Request (ServersV294TestFqdnHostnames:tearDownClass): 200 GET http://10.180.1.21/compute/v2.1/servers/ab73890b-952d-4311-96b1-e654fb080035 0.078s
2025-12-10 06:22:04.244 65846 INFO tempest.lib.common.rest_client [req-a1f29fef-c98b-43bc-95c6-12d832b8179b req-a1f29fef-c98b-43bc-95c6-12d832b8179b ] Request (ListServersNegativeTestJSON:tearDownClass): 200 GET http://10.180.1.21/compute/v2.1/servers/9aa06522-d1ba-4035-b51c-ed3d09f61eaa 0.060s
2025-12-10 06:22:04.271 65798 INFO tempest.lib.common.rest_client [req-cad2e335-1598-43fe-86ac-25c7d2169458 req-cad2e335-1598-43fe-86ac-25c7d2169458 ] Request (ServerActionsTestOtherA:setUpClass): 200 GET http://10.180.1.21/compute/v2.1/servers/1a8aff25-67c2-40cc-89d3-0a66300f807b 0.071s
2025-12-10 06:22:04.280 65792 INFO tempest.lib.common.rest_client [req-7499060f-0013-4aad-ba1a-3a12ae034b51 req-7499060f-0013-4aad-ba1a-3a12ae034b51 ] Request (ImagesTestJSON:test_create_server_from_snapshot): 200 GET http://10.180.1.21/compute/v2.1/images/0544f338-375a-42b1-8cbb-a3ce338265a6 0.065s
2025-12-10 06:22:04.331 65816 INFO tempest.lib.common.rest_client [req-5653528c-deef-4c80-be98-09d7f363cb52 req-5653528c-deef-4c80-be98-09d7f363cb52 ] Request (ServerRescueTestJSONUnderV235:tearDownClass): 200 GET http://10.180.1.21/compute/v2.1/servers/23375618-18f7-47ca-9b82-3562da75f0fd 0.054s
2025-12-10 06:22:04.386 65800 INFO tempest.lib.common.rest_client [req-a4829bd4-6b4a-48f9-ae54-77fe1e756148 req-a4829bd4-6b4a-48f9-ae54-77fe1e756148 ] Request (ServerTagsTestJSON:setUpClass): 200 GET http://10.180.1.21/compute/v2.1/servers/5461185d-6110-40f3-a49b-4fe5819ad29a 0.049s
2025-12-10 06:22:04.480 65802 INFO tempest.lib.common.rest_client [req-71e845dd-da7f-44ed-934e-8dce546ab7c3 req-71e845dd-da7f-44ed-934e-8dce546ab7c3 ] Request (ServerDiskConfigTestJSON:test_resize_server_from_auto_to_manual): 200 GET http://10.180.1.21/compute/v2.1/servers/db7d6c69-d363-4c01-8c85-b2e9a3e5a2ca 0.125s
2025-12-10 06:22:04.481 65848 INFO tempest.lib.common.rest_client [req-dd75152e-43c0-4ef3-a85a-c9ea3a25bc5c req-dd75152e-43c0-4ef3-a85a-c9ea3a25bc5c ] Request (ServersListShow2100Test:test_list_show_rebuild_update_server_2100): 200 GET http://10.180.1.21/compute/v2.1/servers/75cd9e33-15ac-47a1-8baf-dfd9adbba05f 0.071s
2025-12-10 06:22:04.529 65824 INFO tempest.lib.common.rest_client [req-6b769a4e-60bf-4abd-b71f-b585f1f6e53c req-6b769a4e-60bf-4abd-b71f-b585f1f6e53c ] Request (ServerMetadataTestJSON:setUpClass): 200 GET http://10.180.1.21/compute/v2.1/servers/5c381cb4-3c17-4b93-8ed9-32b8defeb3a5 0.114s
2025-12-10 06:22:04.539 65836 INFO tempest.lib.common.rest_client [req-1e8a15e7-1fe2-420a-970e-04e9a778f47b req-1e8a15e7-1fe2-420a-970e-04e9a778f47b ] Request (ServersTestManualDisk:tearDownClass): 200 GET http://10.180.1.21/compute/v2.1/servers/e53f6e53-c30c-42ff-a939-bfe5ae832996 0.066s
2025-12-10 06:22:04.593 65804 INFO tempest.lib.common.rest_client [req-dd8484ad-737b-42ef-8bff-5096bafd7480 req-dd8484ad-737b-42ef-8bff-5096bafd7480 ] Request (ListServerFiltersTestJSON:tearDownClass): 200 GET http://10.180.1.21/compute/v2.1/servers/4c108d74-64da-47a6-be11-33602862db87 0.068s
2025-12-10 06:22:04.601 65832 INFO tempest.lib.common.rest_client [req-aeb01daf-fc1b-4020-aae0-775edc1e09ec req-aeb01daf-fc1b-4020-aae0-775edc1e09ec ] Request (ListImageFiltersTestJSON:tearDownClass): 200 GET http://10.180.1.21/compute/v2.1/servers/b0522f8c-e141-46c0-874d-238e2ea57021 0.064s
2025-12-10 06:22:04.645 65820 INFO tempest.lib.common.rest_client [req-f1131a6e-f372-4ebb-960e-29ba1b7dac54 req-f1131a6e-f372-4ebb-960e-29ba1b7dac54 ] Request (ServersWithSpecificFlavorTestJSON:test_verify_created_server_ephemeral_disk): 200 GET http://10.180.1.21/compute/v2.1/servers/95105469-5aa0-473b-a3a4-96e5e5b96b2a 0.066s
2025-12-10 06:22:04.655 65810 INFO tempest.lib.common.rest_client [req-5f08c299-4741-4f4a-b5f1-f764a66b2b49 req-5f08c299-4741-4f4a-b5f1-f764a66b2b49 ] Request (ServersAaction247Test:test_create_backup): 200 GET http://10.180.1.21/compute/v2.1/servers/9d3811d5-290b-4cb4-a5fb-92d5fdf91639 0.061s
2025-12-10 06:22:04.723 65818 INFO tempest.lib.common.rest_client [req-6197a7bb-0c91-49a7-806a-e09a78384122 req-6197a7bb-0c91-49a7-806a-e09a78384122 ] Request (ServersTestJSON:_run_cleanups): 200 GET http://10.180.1.21/compute/v2.1/servers/ec92e89e-d25f-45c1-bb04-733778062874 0.059s
2025-12-10 06:22:04.773 65796 INFO tempest.lib.common.rest_client [req-58c38b47-d7bc-42eb-abf8-a6f6e0c93913 req-58c38b47-d7bc-42eb-abf8-a6f6e0c93913 ] Request (DeleteServersTestJSON:test_delete_active_server): 200 GET http://10.180.1.21/compute/v2.1/servers/16bd5597-773f-4acf-a458-d5d4b0165d23 0.049s
2025-12-10 06:22:04.773 65844 INFO tempest.lib.common.rest_client [req-20b9356e-0941-46d2-a48a-ced2fce5b877 req-20b9356e-0941-46d2-a48a-ced2fce5b877 ] Request (ServersAdminTestJSON:tearDownClass): 200 GET http://10.180.1.21/compute/v2.1/servers/72a8c673-e19c-45a1-8a55-b03694a5b7b4 0.054s
2025-12-10 06:22:04.837 65834 INFO tempest.lib.common.rest_client [req-6611ab9d-90a8-4cf3-adc5-740490e2df25 req-6611ab9d-90a8-4cf3-adc5-740490e2df25 ] Request (ImagesOneServerNegativeTestJSON:_run_cleanups): 200 GET http://10.180.1.21/compute/v2.1/servers/1e895ea7-db68-4132-85c0-5d766ed9791d 0.059s
2025-12-10 06:22:04.905 65830 INFO tempest.lib.common.rest_client [req-2fdc2dd0-aedd-43da-9ae7-5f0163e401ba req-2fdc2dd0-aedd-43da-9ae7-5f0163e401ba ] Request (ServersAdminNegativeTestJSON:tearDownClass): 200 GET http://10.180.1.21/compute/v2.1/servers/3664084b-a841-4597-8d4d-40d2d1fa5af9 0.057s
2025-12-10 06:22:04.946 65814 INFO tempest.lib.common.rest_client [req-b172c98c-cec8-4ad3-a42a-6412ef51caf5 req-b172c98c-cec8-4ad3-a42a-6412ef51caf5 ] Request (ServersTestJSON:setUpClass): 200 GET http://10.180.1.21/compute/v2.1/servers/a4dd99c3-91cc-45a6-9699-e54ab2b0ccb6 0.047s
2025-12-10 06:22:04.953 65814 INFO tempest.common.waiters [-] State transition "BUILD/None" ==> "BUILD/networking" after 78 second wait
2025-12-10 06:22:05.153 65853 INFO tempest.lib.common.rest_client [req-82e3cf46-f7d7-466c-a2f6-5ab8018d4571 req-82e3cf46-f7d7-466c-a2f6-5ab8018d4571 ] Request (SecurityGroupsTestJSON:test_server_security_groups): 200 GET http://10.180.1.21/compute/v2.1/servers/dde370a6-edfa-4025-9303-280cf47ff32c 0.058s
2025-12-10 06:22:05.219 65788 INFO tempest.lib.common.rest_client [req-c053d00a-e8f6-48dd-bcac-eab760176951 req-c053d00a-e8f6-48dd-bcac-eab760176951 ] Request (ServerActionsTestJSON:setUpClass): 200 GET http://10.180.1.21/compute/v2.1/servers/7fc20c03-e8b5-40b7-bced-f0fcd9aad229 0.115s
2025-12-10 06:22:05.237 65826 INFO tempest.lib.common.rest_client [req-ba4cd768-0d97-421f-aa36-7a1f15f45536 req-ba4cd768-0d97-421f-aa36-7a1f15f45536 ] Request (AttachInterfacesTestJSON:test_create_list_show_delete_interfaces_by_fixed_ip): 200 GET http://10.180.1.21/compute/v2.1/servers/20f0c015-56ab-4da0-a8b3-aab8ecc4fd68 0.094s
2025-12-10 06:22:05.290 65822 INFO tempest.lib.common.rest_client [req-429ce64b-eb72-4473-b44a-70f19eb3173d req-429ce64b-eb72-4473-b44a-70f19eb3173d ] Request (AttachInterfacesUnderV243Test:_run_cleanups): 200 GET http://10.180.1.21/compute/v2.1/servers/9fe55f9a-0093-48fe-ba24-78cdd897d51d 0.092s
2025-12-10 06:22:05.308 65812 INFO tempest.lib.common.rest_client [req-f6842081-aee2-45f2-8de2-c82fede411f4 req-f6842081-aee2-45f2-8de2-c82fede411f4 ] Request (ServersV294TestFqdnHostnames:tearDownClass): 200 GET http://10.180.1.21/compute/v2.1/servers/ab73890b-952d-4311-96b1-e654fb080035 0.074s
2025-12-10 06:22:05.346 65846 INFO tempest.lib.common.rest_client [req-4e18c566-ed4a-4b68-adcb-acf98b992d66 req-4e18c566-ed4a-4b68-adcb-acf98b992d66 ] Request (ListServersNegativeTestJSON:tearDownClass): 200 GET http://10.180.1.21/compute/v2.1/servers/9aa06522-d1ba-4035-b51c-ed3d09f61eaa 0.094s
2025-12-10 06:22:05.359 65798 INFO tempest.lib.common.rest_client [req-8a2114b4-caec-4cc7-b470-1abf2b7fec6b req-8a2114b4-caec-4cc7-b470-1abf2b7fec6b ] Request (ServerActionsTestOtherA:setUpClass): 200 GET http://10.180.1.21/compute/v2.1/servers/1a8aff25-67c2-40cc-89d3-0a66300f807b 0.078s
2025-12-10 06:22:05.385 65792 INFO tempest.lib.common.rest_client [req-956d767f-9909-4135-8207-382afd99bf09 req-956d767f-9909-4135-8207-382afd99bf09 ] Request (ImagesTestJSON:test_create_server_from_snapshot): 200 GET http://10.180.1.21/compute/v2.1/images/0544f338-375a-42b1-8cbb-a3ce338265a6 0.102s
2025-12-10 06:22:05.411 65816 INFO tempest.lib.common.rest_client [req-2d9bbb2d-b7fc-457b-a5a3-d9cc88335a17 req-2d9bbb2d-b7fc-457b-a5a3-d9cc88335a17 ] Request (ServerRescueTestJSONUnderV235:tearDownClass): 200 GET http://10.180.1.21/compute/v2.1/servers/23375618-18f7-47ca-9b82-3562da75f0fd 0.072s
2025-12-10 06:22:05.468 65800 INFO tempest.lib.common.rest_client [req-de7d61d2-5b96-42b7-8d4c-fe5720ebe450 req-de7d61d2-5b96-42b7-8d4c-fe5720ebe450 ] Request (ServerTagsTestJSON:setUpClass): 200 GET http://10.180.1.21/compute/v2.1/servers/5461185d-6110-40f3-a49b-4fe5819ad29a 0.072s
2025-12-10 06:22:05.574 65848 INFO tempest.lib.common.rest_client [req-e8018872-edae-449d-9595-d32fd5da4463 req-e8018872-edae-449d-9595-d32fd5da4463 ] Request (ServersListShow2100Test:test_list_show_rebuild_update_server_2100): 200 GET http://10.180.1.21/compute/v2.1/servers/75cd9e33-15ac-47a1-8baf-dfd9adbba05f 0.075s
2025-12-10 06:22:05.618 65802 INFO tempest.lib.common.rest_client [req-838159dd-1238-489d-9b06-b9ed37fe0656 req-838159dd-1238-489d-9b06-b9ed37fe0656 ] Request (ServerDiskConfigTestJSON:test_resize_server_from_auto_to_manual): 200 GET http://10.180.1.21/compute/v2.1/servers/db7d6c69-d363-4c01-8c85-b2e9a3e5a2ca 0.131s
2025-12-10 06:22:05.639 65824 INFO tempest.lib.common.rest_client [req-0a02e192-f907-46b8-b82b-1e0ba3a80cc3 req-0a02e192-f907-46b8-b82b-1e0ba3a80cc3 ] Request (ServerMetadataTestJSON:setUpClass): 200 GET http://10.180.1.21/compute/v2.1/servers/5c381cb4-3c17-4b93-8ed9-32b8defeb3a5 0.102s
2025-12-10 06:22:05.682 65836 INFO tempest.lib.common.rest_client [req-9a061f29-b798-4ddf-90dc-ae2e70cb6018 req-9a061f29-b798-4ddf-90dc-ae2e70cb6018 ] Request (ServersTestManualDisk:tearDownClass): 200 GET http://10.180.1.21/compute/v2.1/servers/e53f6e53-c30c-42ff-a939-bfe5ae832996 0.135s
2025-12-10 06:22:05.706 65804 INFO tempest.lib.common.rest_client [req-7e500bdb-527d-459a-9c45-f38ef7540364 req-7e500bdb-527d-459a-9c45-f38ef7540364 ] Request (ListServerFiltersTestJSON:tearDownClass): 200 GET http://10.180.1.21/compute/v2.1/servers/4c108d74-64da-47a6-be11-33602862db87 0.100s
2025-12-10 06:22:05.752 65832 INFO tempest.lib.common.rest_client [req-29c496f8-cf49-4dad-b824-cfb5d8f4553c req-29c496f8-cf49-4dad-b824-cfb5d8f4553c ] Request (ListImageFiltersTestJSON:tearDownClass): 200 GET http://10.180.1.21/compute/v2.1/servers/b0522f8c-e141-46c0-874d-238e2ea57021 0.144s
2025-12-10 06:22:05.766 65820 INFO tempest.lib.common.rest_client [req-c2f63c88-221c-45fa-83d2-4e861b1e449d req-c2f63c88-221c-45fa-83d2-4e861b1e449d ] Request (ServersWithSpecificFlavorTestJSON:test_verify_created_server_ephemeral_disk): 200 GET http://10.180.1.21/compute/v2.1/servers/95105469-5aa0-473b-a3a4-96e5e5b96b2a 0.113s
2025-12-10 06:22:05.808 65810 INFO tempest.lib.common.rest_client [req-72693d75-5058-4a82-8c93-572a50c53a65 req-72693d75-5058-4a82-8c93-572a50c53a65 ] Request (ServersAaction247Test:test_create_backup): 200 GET http://10.180.1.21/compute/v2.1/servers/9d3811d5-290b-4cb4-a5fb-92d5fdf91639 0.143s
2025-12-10 06:22:05.834 65818 INFO tempest.lib.common.rest_client [req-d6f24a6d-56f5-47bf-9b04-5fb3f78772b7 req-d6f24a6d-56f5-47bf-9b04-5fb3f78772b7 ] Request (ServersTestJSON:_run_cleanups): 200 GET http://10.180.1.21/compute/v2.1/servers/ec92e89e-d25f-45c1-bb04-733778062874 0.103s
2025-12-10 06:22:05.858 65796 INFO tempest.lib.common.rest_client [req-e22a0de3-e141-41b1-b46b-ced1425eae40 req-e22a0de3-e141-41b1-b46b-ced1425eae40 ] Request (DeleteServersTestJSON:test_delete_active_server): 200 GET http://10.180.1.21/compute/v2.1/servers/16bd5597-773f-4acf-a458-d5d4b0165d23 0.077s
2025-12-10 06:22:05.893 65844 INFO tempest.lib.common.rest_client [req-8a2e1ed9-b18a-4d70-8d25-6f2eca6c93fe req-8a2e1ed9-b18a-4d70-8d25-6f2eca6c93fe ] Request (ServersAdminTestJSON:tearDownClass): 200 GET http://10.180.1.21/compute/v2.1/servers/72a8c673-e19c-45a1-8a55-b03694a5b7b4 0.111s
2025-12-10 06:22:05.916 65834 INFO tempest.lib.common.rest_client [req-ab5c92a4-44f3-451c-8374-d76c5357bee3 req-ab5c92a4-44f3-451c-8374-d76c5357bee3 ] Request (ImagesOneServerNegativeTestJSON:_run_cleanups): 200 GET http://10.180.1.21/compute/v2.1/servers/1e895ea7-db68-4132-85c0-5d766ed9791d 0.071s
2025-12-10 06:22:05.982 65830 INFO tempest.lib.common.rest_client [req-51680c9b-8326-439c-a105-b9fa848aca57 req-51680c9b-8326-439c-a105-b9fa848aca57 ] Request (ServersAdminNegativeTestJSON:tearDownClass): 200 GET http://10.180.1.21/compute/v2.1/servers/3664084b-a841-4597-8d4d-40d2d1fa5af9 0.069s
2025-12-10 06:22:06.110 65814 INFO tempest.lib.common.rest_client [req-3488f7ea-3c46-4d4d-84fc-72c13c694300 req-3488f7ea-3c46-4d4d-84fc-72c13c694300 ] Request (ServersTestJSON:setUpClass): 200 GET http://10.180.1.21/compute/v2.1/servers/a4dd99c3-91cc-45a6-9699-e54ab2b0ccb6 0.155s
2025-12-10 06:22:06.117 65814 INFO tempest.common.waiters [-] State transition "BUILD/networking" ==> "BUILD/block_device_mapping" after 80 second wait
2025-12-10 06:22:06.219 65853 INFO tempest.lib.common.rest_client [req-67f38373-8448-4f06-9f72-6f6fabe25dc6 req-67f38373-8448-4f06-9f72-6f6fabe25dc6 ] Request (SecurityGroupsTestJSON:test_server_security_groups): 200 GET http://10.180.1.21/compute/v2.1/servers/dde370a6-edfa-4025-9303-280cf47ff32c 0.053s
2025-12-10 06:22:06.345 65826 INFO tempest.lib.common.rest_client [req-77610f5c-fc29-41a0-9358-70c7f71f96b6 req-77610f5c-fc29-41a0-9358-70c7f71f96b6 ] Request (AttachInterfacesTestJSON:test_create_list_show_delete_interfaces_by_fixed_ip): 200 GET http://10.180.1.21/compute/v2.1/servers/20f0c015-56ab-4da0-a8b3-aab8ecc4fd68 0.099s
2025-12-10 06:22:06.365 65788 INFO tempest.lib.common.rest_client [req-1d58582b-50b6-44c3-9615-9472cd6d26aa req-1d58582b-50b6-44c3-9615-9472cd6d26aa ] Request (ServerActionsTestJSON:setUpClass): 200 GET http://10.180.1.21/compute/v2.1/servers/7fc20c03-e8b5-40b7-bced-f0fcd9aad229 0.131s
2025-12-10 06:22:06.372 65788 INFO tempest.common.waiters [-] State transition "BUILD/spawning" ==> "ACTIVE/None" after 81 second wait
2025-12-10 06:22:06.399 65822 INFO tempest.lib.common.rest_client [req-00ad29d4-29c4-4643-a814-66fcd6722b2d req-00ad29d4-29c4-4643-a814-66fcd6722b2d ] Request (AttachInterfacesUnderV243Test:_run_cleanups): 200 GET http://10.180.1.21/compute/v2.1/servers/9fe55f9a-0093-48fe-ba24-78cdd897d51d 0.100s
2025-12-10 06:22:06.425 65812 INFO tempest.lib.common.rest_client [req-1fe037e8-6f9d-4f90-8527-cee75b6042f1 req-1fe037e8-6f9d-4f90-8527-cee75b6042f1 ] Request (ServersV294TestFqdnHostnames:tearDownClass): 200 GET http://10.180.1.21/compute/v2.1/servers/ab73890b-952d-4311-96b1-e654fb080035 0.107s
2025-12-10 06:22:06.453 65846 INFO tempest.lib.common.rest_client [req-51d47897-5508-4461-a8a5-ca1697c309a9 req-51d47897-5508-4461-a8a5-ca1697c309a9 ] Request (ListServersNegativeTestJSON:tearDownClass): 200 GET http://10.180.1.21/compute/v2.1/servers/9aa06522-d1ba-4035-b51c-ed3d09f61eaa 0.098s
2025-12-10 06:22:06.471 65798 INFO tempest.lib.common.rest_client [req-19278c26-f3ae-41b6-adc2-ee4994846a45 req-19278c26-f3ae-41b6-adc2-ee4994846a45 ] Request (ServerActionsTestOtherA:setUpClass): 200 GET http://10.180.1.21/compute/v2.1/servers/1a8aff25-67c2-40cc-89d3-0a66300f807b 0.104s
2025-12-10 06:22:06.507 65792 INFO tempest.lib.common.rest_client [req-8be96ff8-8f8a-4ea7-b438-6cc9544a31bd req-8be96ff8-8f8a-4ea7-b438-6cc9544a31bd ] Request (ImagesTestJSON:test_create_server_from_snapshot): 200 GET http://10.180.1.21/compute/v2.1/images/0544f338-375a-42b1-8cbb-a3ce338265a6 0.117s
2025-12-10 06:22:06.511 65788 INFO tempest.lib.common.rest_client [req-1a896019-91e3-486c-90f8-e934be252ce4 req-1a896019-91e3-486c-90f8-e934be252ce4 ] Request (ServerActionsTestJSON:setUpClass): 200 GET http://10.180.1.21/compute/v2.1/servers/7fc20c03-e8b5-40b7-bced-f0fcd9aad229/os-interface 0.138s
2025-12-10 06:22:06.999 65788 INFO tempest.lib.common.rest_client [req-82cef5a0-7d96-4c05-bc14-d0eb2f58dc39 req-82cef5a0-7d96-4c05-bc14-d0eb2f58dc39 ] Request (ServerActionsTestJSON:setUpClass): 200 PUT http://10.180.1.21/networking/v2.0/floatingips/21e408de-f7df-4b0b-9c21-72e3914b4b6a 0.486s
2025-12-10 06:22:07.000 65788 INFO tempest.lib.common.ssh [-] Creating ssh connection to '10.180.180.208:22' as 'cirros' with public key authentication
2025-12-10 06:22:07.029 65816 INFO tempest.lib.common.rest_client [req-6e330d7c-4605-4f1a-aef8-c3c631ab5b68 req-6e330d7c-4605-4f1a-aef8-c3c631ab5b68 ] Request (ServerRescueTestJSONUnderV235:tearDownClass): 200 GET http://10.180.1.21/compute/v2.1/servers/23375618-18f7-47ca-9b82-3562da75f0fd 0.610s
2025-12-10 06:22:07.046 65800 INFO tempest.lib.common.rest_client [req-0ccef207-cfd9-4651-bc29-73d92621dc99 req-0ccef207-cfd9-4651-bc29-73d92621dc99 ] Request (ServerTagsTestJSON:setUpClass): 200 GET http://10.180.1.21/compute/v2.1/servers/5461185d-6110-40f3-a49b-4fe5819ad29a 0.566s
2025-12-10 06:22:07.099 65848 INFO tempest.lib.common.rest_client [req-cc63e97a-82ee-4655-95f6-0039b4f1d905 req-cc63e97a-82ee-4655-95f6-0039b4f1d905 ] Request (ServersListShow2100Test:test_list_show_rebuild_update_server_2100): 200 GET http://10.180.1.21/compute/v2.1/servers/75cd9e33-15ac-47a1-8baf-dfd9adbba05f 0.507s
2025-12-10 06:22:07.153 65824 INFO tempest.lib.common.rest_client [req-fac0be20-abc5-4cc2-863f-091d504a6492 req-fac0be20-abc5-4cc2-863f-091d504a6492 ] Request (ServerMetadataTestJSON:setUpClass): 200 GET http://10.180.1.21/compute/v2.1/servers/5c381cb4-3c17-4b93-8ed9-32b8defeb3a5 0.506s
2025-12-10 06:22:07.161 65802 INFO tempest.lib.common.rest_client [req-4e75b1bd-4454-467b-a0ce-fa74dbcf191a req-4e75b1bd-4454-467b-a0ce-fa74dbcf191a ] Request (ServerDiskConfigTestJSON:test_resize_server_from_auto_to_manual): 200 GET http://10.180.1.21/compute/v2.1/servers/db7d6c69-d363-4c01-8c85-b2e9a3e5a2ca 0.533s
2025-12-10 06:22:07.215 65836 INFO tempest.lib.common.rest_client [req-0ef9e91b-42ca-47fb-a90c-d3a4fcc5287f req-0ef9e91b-42ca-47fb-a90c-d3a4fcc5287f ] Request (ServersTestManualDisk:tearDownClass): 200 GET http://10.180.1.21/compute/v2.1/servers/e53f6e53-c30c-42ff-a939-bfe5ae832996 0.519s
2025-12-10 06:22:07.217 65804 INFO tempest.lib.common.rest_client [req-ba1172f0-0212-450d-9823-e99d317e3189 req-ba1172f0-0212-450d-9823-e99d317e3189 ] Request (ListServerFiltersTestJSON:tearDownClass): 200 GET http://10.180.1.21/compute/v2.1/servers/4c108d74-64da-47a6-be11-33602862db87 0.500s
2025-12-10 06:22:07.266 65820 INFO tempest.lib.common.rest_client [req-833ad9d0-3f3f-4043-b771-37a547c397fd req-833ad9d0-3f3f-4043-b771-37a547c397fd ] Request (ServersWithSpecificFlavorTestJSON:test_verify_created_server_ephemeral_disk): 200 GET http://10.180.1.21/compute/v2.1/servers/95105469-5aa0-473b-a3a4-96e5e5b96b2a 0.490s
2025-12-10 06:22:07.277 65832 INFO tempest.lib.common.rest_client [req-70962505-5024-4ba8-ac7f-6ff0d270a095 req-70962505-5024-4ba8-ac7f-6ff0d270a095 ] Request (ListImageFiltersTestJSON:tearDownClass): 200 GET http://10.180.1.21/compute/v2.1/servers/b0522f8c-e141-46c0-874d-238e2ea57021 0.515s
2025-12-10 06:22:07.324 65810 INFO tempest.lib.common.rest_client [req-5ac61300-4046-4bea-9f72-a714fa99d6d5 req-5ac61300-4046-4bea-9f72-a714fa99d6d5 ] Request (ServersAaction247Test:test_create_backup): 200 GET http://10.180.1.21/compute/v2.1/servers/9d3811d5-290b-4cb4-a5fb-92d5fdf91639 0.503s
2025-12-10 06:22:07.331 65818 INFO tempest.lib.common.rest_client [req-02f37de6-c20d-4e97-b665-a46464c402a2 req-02f37de6-c20d-4e97-b665-a46464c402a2 ] Request (ServersTestJSON:_run_cleanups): 200 GET http://10.180.1.21/compute/v2.1/servers/ec92e89e-d25f-45c1-bb04-733778062874 0.489s
2025-12-10 06:22:07.372 65796 INFO tempest.lib.common.rest_client [req-968ca5b1-c0d2-47ca-8b54-07c2a4b4bcff req-968ca5b1-c0d2-47ca-8b54-07c2a4b4bcff ] Request (DeleteServersTestJSON:test_delete_active_server): 200 GET http://10.180.1.21/compute/v2.1/servers/16bd5597-773f-4acf-a458-d5d4b0165d23 0.506s
2025-12-10 06:22:07.383 65844 INFO tempest.lib.common.rest_client [req-4c3a8c9c-b19e-44d2-b726-994a97f923a3 req-4c3a8c9c-b19e-44d2-b726-994a97f923a3 ] Request (ServersAdminTestJSON:tearDownClass): 200 GET http://10.180.1.21/compute/v2.1/servers/72a8c673-e19c-45a1-8a55-b03694a5b7b4 0.480s
2025-12-10 06:22:07.425 65834 INFO tempest.lib.common.rest_client [req-877d14bd-ee54-4812-9241-e238208a1b23 req-877d14bd-ee54-4812-9241-e238208a1b23 ] Request (ImagesOneServerNegativeTestJSON:_run_cleanups): 200 GET http://10.180.1.21/compute/v2.1/servers/1e895ea7-db68-4132-85c0-5d766ed9791d 0.501s
2025-12-10 06:22:07.438 65830 INFO tempest.lib.common.rest_client [req-d4949d71-08cd-4178-8ca6-8bdfc585f9be req-d4949d71-08cd-4178-8ca6-8bdfc585f9be ] Request (ServersAdminNegativeTestJSON:tearDownClass): 200 GET http://10.180.1.21/compute/v2.1/servers/3664084b-a841-4597-8d4d-40d2d1fa5af9 0.448s
2025-12-10 06:22:07.519 65853 INFO tempest.lib.common.rest_client [req-796c360f-e63e-471e-b37f-28dba4497db4 req-796c360f-e63e-471e-b37f-28dba4497db4 ] Request (SecurityGroupsTestJSON:test_server_security_groups): 200 GET http://10.180.1.21/compute/v2.1/servers/dde370a6-edfa-4025-9303-280cf47ff32c 0.293s
2025-12-10 06:22:07.527 65853 INFO tempest.common.waiters [-] State transition "BUILD/scheduling" ==> "BUILD/None" after 12 second wait
2025-12-10 06:22:07.547 65814 INFO tempest.lib.common.rest_client [req-ed96f9a7-5a0d-40d8-913e-a48d0ba7c188 req-ed96f9a7-5a0d-40d8-913e-a48d0ba7c188 ] Request (ServersTestJSON:setUpClass): 200 GET http://10.180.1.21/compute/v2.1/servers/a4dd99c3-91cc-45a6-9699-e54ab2b0ccb6 0.429s
2025-12-10 06:22:07.555 65814 INFO tempest.common.waiters [-] State transition "BUILD/block_device_mapping" ==> "BUILD/spawning" after 81 second wait
2025-12-10 06:22:07.575 65826 INFO tempest.lib.common.rest_client [req-ed5399ea-5abe-4e04-8ff6-3d74f40d6b1a req-ed5399ea-5abe-4e04-8ff6-3d74f40d6b1a ] Request (AttachInterfacesTestJSON:test_create_list_show_delete_interfaces_by_fixed_ip): 200 GET http://10.180.1.21/compute/v2.1/servers/20f0c015-56ab-4da0-a8b3-aab8ecc4fd68 0.223s
2025-12-10 06:22:07.620 65822 INFO tempest.lib.common.rest_client [req-b39606fb-8907-420d-8d8a-367aa0b3c1fb req-b39606fb-8907-420d-8d8a-367aa0b3c1fb ] Request (AttachInterfacesUnderV243Test:_run_cleanups): 200 GET http://10.180.1.21/compute/v2.1/servers/9fe55f9a-0093-48fe-ba24-78cdd897d51d 0.214s
2025-12-10 06:22:07.642 65812 INFO tempest.lib.common.rest_client [req-782c4f27-1d7f-4fad-a2e7-6ca190fb1655 req-782c4f27-1d7f-4fad-a2e7-6ca190fb1655 ] Request (ServersV294TestFqdnHostnames:tearDownClass): 200 GET http://10.180.1.21/compute/v2.1/servers/ab73890b-952d-4311-96b1-e654fb080035 0.206s
2025-12-10 06:22:07.681 65846 INFO tempest.lib.common.rest_client [req-c75a586f-a41c-4a39-9800-e41e717ca800 req-c75a586f-a41c-4a39-9800-e41e717ca800 ] Request (ListServersNegativeTestJSON:tearDownClass): 200 GET http://10.180.1.21/compute/v2.1/servers/9aa06522-d1ba-4035-b51c-ed3d09f61eaa 0.220s
2025-12-10 06:22:07.692 65798 INFO tempest.lib.common.rest_client [req-1bc2e28f-3ed6-43c9-9752-f462abaf4337 req-1bc2e28f-3ed6-43c9-9752-f462abaf4337 ] Request (ServerActionsTestOtherA:setUpClass): 200 GET http://10.180.1.21/compute/v2.1/servers/1a8aff25-67c2-40cc-89d3-0a66300f807b 0.211s
2025-12-10 06:22:07.722 65792 INFO tempest.lib.common.rest_client [req-f688757c-4a58-4815-a1ad-7b06073dcb49 req-f688757c-4a58-4815-a1ad-7b06073dcb49 ] Request (ImagesTestJSON:test_create_server_from_snapshot): 200 GET http://10.180.1.21/compute/v2.1/images/0544f338-375a-42b1-8cbb-a3ce338265a6 0.210s
2025-12-10 06:22:08.117 65816 INFO tempest.lib.common.rest_client [req-58bf9c6f-30dc-4341-907b-3ab095f967d6 req-58bf9c6f-30dc-4341-907b-3ab095f967d6 ] Request (ServerRescueTestJSONUnderV235:tearDownClass): 200 GET http://10.180.1.21/compute/v2.1/servers/23375618-18f7-47ca-9b82-3562da75f0fd 0.081s
2025-12-10 06:22:08.132 65800 INFO tempest.lib.common.rest_client [req-5b9614ab-ea5e-4206-a57c-99fed3f19d1e req-5b9614ab-ea5e-4206-a57c-99fed3f19d1e ] Request (ServerTagsTestJSON:setUpClass): 200 GET http://10.180.1.21/compute/v2.1/servers/5461185d-6110-40f3-a49b-4fe5819ad29a 0.072s
2025-12-10 06:22:08.200 65848 INFO tempest.lib.common.rest_client [req-bc3a6e26-9dc8-4cd2-9173-88305baeae59 req-bc3a6e26-9dc8-4cd2-9173-88305baeae59 ] Request (ServersListShow2100Test:test_list_show_rebuild_update_server_2100): 200 GET http://10.180.1.21/compute/v2.1/servers/75cd9e33-15ac-47a1-8baf-dfd9adbba05f 0.089s
2025-12-10 06:22:08.243 65824 INFO tempest.lib.common.rest_client [req-7255623f-7096-49a6-8eec-5fc63a4be7a4 req-7255623f-7096-49a6-8eec-5fc63a4be7a4 ] Request (ServerMetadataTestJSON:setUpClass): 200 GET http://10.180.1.21/compute/v2.1/servers/5c381cb4-3c17-4b93-8ed9-32b8defeb3a5 0.078s
2025-12-10 06:22:08.335 65836 INFO tempest.lib.common.rest_client [req-9b5fa694-821c-4ba9-a05d-a553e8c359f4 req-9b5fa694-821c-4ba9-a05d-a553e8c359f4 ] Request (ServersTestManualDisk:tearDownClass): 200 GET http://10.180.1.21/compute/v2.1/servers/e53f6e53-c30c-42ff-a939-bfe5ae832996 0.111s
2025-12-10 06:22:08.353 65802 INFO tempest.lib.common.rest_client [req-06934c09-92e8-4249-8440-8fafa2cab555 req-06934c09-92e8-4249-8440-8fafa2cab555 ] Request (ServerDiskConfigTestJSON:test_resize_server_from_auto_to_manual): 200 GET http://10.180.1.21/compute/v2.1/servers/db7d6c69-d363-4c01-8c85-b2e9a3e5a2ca 0.181s
2025-12-10 06:22:08.399 65804 INFO tempest.lib.common.rest_client [req-3c312686-3f0c-4f0b-83bd-7b3a747ed1a5 req-3c312686-3f0c-4f0b-83bd-7b3a747ed1a5 ] Request (ListServerFiltersTestJSON:tearDownClass): 200 GET http://10.180.1.21/compute/v2.1/servers/4c108d74-64da-47a6-be11-33602862db87 0.174s
2025-12-10 06:22:08.405 65820 INFO tempest.lib.common.rest_client [req-fb2d711a-3c1b-41b5-a4fc-18b99eb25a7e req-fb2d711a-3c1b-41b5-a4fc-18b99eb25a7e ] Request (ServersWithSpecificFlavorTestJSON:test_verify_created_server_ephemeral_disk): 200 GET http://10.180.1.21/compute/v2.1/servers/95105469-5aa0-473b-a3a4-96e5e5b96b2a 0.131s
2025-12-10 06:22:08.458 65832 INFO tempest.lib.common.rest_client [req-302319a4-5b07-4a85-abb9-7503abfd239a req-302319a4-5b07-4a85-abb9-7503abfd239a ] Request (ListImageFiltersTestJSON:tearDownClass): 200 GET http://10.180.1.21/compute/v2.1/servers/b0522f8c-e141-46c0-874d-238e2ea57021 0.170s
2025-12-10 06:22:08.459 65818 INFO tempest.lib.common.rest_client [req-042b77e6-4b23-4507-8cca-b7fc4beb2580 req-042b77e6-4b23-4507-8cca-b7fc4beb2580 ] Request (ServersTestJSON:_run_cleanups): 200 GET http://10.180.1.21/compute/v2.1/servers/ec92e89e-d25f-45c1-bb04-733778062874 0.119s
2025-12-10 06:22:08.507 65796 INFO tempest.lib.common.rest_client [req-91de0a93-b8be-4375-9fb8-37b7f5a742f7 req-91de0a93-b8be-4375-9fb8-37b7f5a742f7 ] Request (DeleteServersTestJSON:test_delete_active_server): 200 GET http://10.180.1.21/compute/v2.1/servers/16bd5597-773f-4acf-a458-d5d4b0165d23 0.127s
2025-12-10 06:22:08.521 65810 INFO tempest.lib.common.rest_client [req-c13ef217-bcfe-4fc6-9c19-858e4fc9a917 req-c13ef217-bcfe-4fc6-9c19-858e4fc9a917 ] Request (ServersAaction247Test:test_create_backup): 200 GET http://10.180.1.21/compute/v2.1/servers/9d3811d5-290b-4cb4-a5fb-92d5fdf91639 0.181s
2025-12-10 06:22:08.561 65844 INFO tempest.lib.common.rest_client [req-49d7e8a6-5ac4-4d84-b78e-192a829958f4 req-49d7e8a6-5ac4-4d84-b78e-192a829958f4 ] Request (ServersAdminTestJSON:tearDownClass): 200 GET http://10.180.1.21/compute/v2.1/servers/72a8c673-e19c-45a1-8a55-b03694a5b7b4 0.170s
2025-12-10 06:22:08.583 65834 INFO tempest.lib.common.rest_client [req-bac16e67-bc19-452a-bddc-a27eb9cd79a4 req-bac16e67-bc19-452a-bddc-a27eb9cd79a4 ] Request (ImagesOneServerNegativeTestJSON:_run_cleanups): 200 GET http://10.180.1.21/compute/v2.1/servers/1e895ea7-db68-4132-85c0-5d766ed9791d 0.150s
2025-12-10 06:22:08.611 65830 INFO tempest.lib.common.rest_client [req-24341790-a644-4067-b9c3-d67c2ada10bf req-24341790-a644-4067-b9c3-d67c2ada10bf ] Request (ServersAdminNegativeTestJSON:tearDownClass): 200 GET http://10.180.1.21/compute/v2.1/servers/3664084b-a841-4597-8d4d-40d2d1fa5af9 0.165s
2025-12-10 06:22:08.629 65853 INFO tempest.lib.common.rest_client [req-07a1bc3e-ca1a-46dc-b5e2-933425cc2ff0 req-07a1bc3e-ca1a-46dc-b5e2-933425cc2ff0 ] Request (SecurityGroupsTestJSON:test_server_security_groups): 200 GET http://10.180.1.21/compute/v2.1/servers/dde370a6-edfa-4025-9303-280cf47ff32c 0.100s
2025-12-10 06:22:08.675 65826 INFO tempest.lib.common.rest_client [req-1db3e5e6-5e15-4937-966d-c5e211b55235 req-1db3e5e6-5e15-4937-966d-c5e211b55235 ] Request (AttachInterfacesTestJSON:test_create_list_show_delete_interfaces_by_fixed_ip): 200 GET http://10.180.1.21/compute/v2.1/servers/20f0c015-56ab-4da0-a8b3-aab8ecc4fd68 0.091s
2025-12-10 06:22:08.698 65814 INFO tempest.lib.common.rest_client [req-52131a63-9534-4785-afa7-18013a195a1b req-52131a63-9534-4785-afa7-18013a195a1b ] Request (ServersTestJSON:setUpClass): 200 GET http://10.180.1.21/compute/v2.1/servers/a4dd99c3-91cc-45a6-9699-e54ab2b0ccb6 0.142s
2025-12-10 06:22:08.727 65822 INFO tempest.lib.common.rest_client [req-ef4376c4-c646-4225-bb8d-8c82c26d7c8d req-ef4376c4-c646-4225-bb8d-8c82c26d7c8d ] Request (AttachInterfacesUnderV243Test:_run_cleanups): 200 GET http://10.180.1.21/compute/v2.1/servers/9fe55f9a-0093-48fe-ba24-78cdd897d51d 0.099s
2025-12-10 06:22:08.757 65812 INFO tempest.lib.common.rest_client [req-0c0cdb35-9034-447b-9bdc-0625fe3ef94d req-0c0cdb35-9034-447b-9bdc-0625fe3ef94d ] Request (ServersV294TestFqdnHostnames:tearDownClass): 200 GET http://10.180.1.21/compute/v2.1/servers/ab73890b-952d-4311-96b1-e654fb080035 0.104s
2025-12-10 06:22:08.781 65846 INFO tempest.lib.common.rest_client [req-4c1b66fb-8972-4e40-8fac-365b34a3ecbb req-4c1b66fb-8972-4e40-8fac-365b34a3ecbb ] Request (ListServersNegativeTestJSON:tearDownClass): 200 GET http://10.180.1.21/compute/v2.1/servers/9aa06522-d1ba-4035-b51c-ed3d09f61eaa 0.092s
2025-12-10 06:22:08.812 65798 INFO tempest.lib.common.rest_client [req-52e1b2fa-b29f-42a7-95b3-2bfc6361192a req-52e1b2fa-b29f-42a7-95b3-2bfc6361192a ] Request (ServerActionsTestOtherA:setUpClass): 200 GET http://10.180.1.21/compute/v2.1/servers/1a8aff25-67c2-40cc-89d3-0a66300f807b 0.112s
2025-12-10 06:22:08.812 65792 INFO tempest.lib.common.rest_client [req-9cc0902f-d3c3-42bd-ad52-175c26e0c91b req-9cc0902f-d3c3-42bd-ad52-175c26e0c91b ] Request (ImagesTestJSON:test_create_server_from_snapshot): 200 GET http://10.180.1.21/compute/v2.1/images/0544f338-375a-42b1-8cbb-a3ce338265a6 0.087s
2025-12-10 06:22:08.826 65828 WARNING tempest.lib.common.ssh [-] Failed to establish authenticated ssh connection to cirros@10.180.180.233 ([Errno None] Unable to connect to port 22 on 10.180.180.233). Number attempts: 3. Retry after 4 seconds.: paramiko.ssh_exception.NoValidConnectionsError: [Errno None] Unable to connect to port 22 on 10.180.180.233
2025-12-10 06:22:09.198 65816 INFO tempest.lib.common.rest_client [req-a3a22fd5-9154-4136-b4fa-1c48e3d12140 req-a3a22fd5-9154-4136-b4fa-1c48e3d12140 ] Request (ServerRescueTestJSONUnderV235:tearDownClass): 200 GET http://10.180.1.21/compute/v2.1/servers/23375618-18f7-47ca-9b82-3562da75f0fd 0.073s
2025-12-10 06:22:09.202 65800 INFO tempest.lib.common.rest_client [req-d4c45456-fa7e-487e-b311-154a4b2fdcfa req-d4c45456-fa7e-487e-b311-154a4b2fdcfa ] Request (ServerTagsTestJSON:setUpClass): 200 GET http://10.180.1.21/compute/v2.1/servers/5461185d-6110-40f3-a49b-4fe5819ad29a 0.055s
2025-12-10 06:22:09.297 65848 INFO tempest.lib.common.rest_client [req-514f3d3b-73e1-4b44-b624-a1a42ccabdce req-514f3d3b-73e1-4b44-b624-a1a42ccabdce ] Request (ServersListShow2100Test:test_list_show_rebuild_update_server_2100): 200 GET http://10.180.1.21/compute/v2.1/servers/75cd9e33-15ac-47a1-8baf-dfd9adbba05f 0.081s
2025-12-10 06:22:09.303 65824 INFO tempest.lib.common.rest_client [req-6e85adf1-4738-44b1-85e2-6a34b67820da req-6e85adf1-4738-44b1-85e2-6a34b67820da ] Request (ServerMetadataTestJSON:setUpClass): 200 GET http://10.180.1.21/compute/v2.1/servers/5c381cb4-3c17-4b93-8ed9-32b8defeb3a5 0.052s
2025-12-10 06:22:09.417 65836 INFO tempest.lib.common.rest_client [req-5caa4521-1322-46d0-91a9-8bd44a6c58e6 req-5caa4521-1322-46d0-91a9-8bd44a6c58e6 ] Request (ServersTestManualDisk:tearDownClass): 200 GET http://10.180.1.21/compute/v2.1/servers/e53f6e53-c30c-42ff-a939-bfe5ae832996 0.072s
2025-12-10 06:22:09.488 65804 INFO tempest.lib.common.rest_client [req-8969381c-3503-43b5-9201-ef83d5d474cf req-8969381c-3503-43b5-9201-ef83d5d474cf ] Request (ListServerFiltersTestJSON:tearDownClass): 200 GET http://10.180.1.21/compute/v2.1/servers/4c108d74-64da-47a6-be11-33602862db87 0.080s
2025-12-10 06:22:09.495 65802 INFO tempest.lib.common.rest_client [req-8634e4dd-5c74-488d-8d62-ce2bc42ae24f req-8634e4dd-5c74-488d-8d62-ce2bc42ae24f ] Request (ServerDiskConfigTestJSON:test_resize_server_from_auto_to_manual): 200 GET http://10.180.1.21/compute/v2.1/servers/db7d6c69-d363-4c01-8c85-b2e9a3e5a2ca 0.133s
2025-12-10 06:22:09.558 65820 INFO tempest.lib.common.rest_client [req-2a62dddb-ce45-4708-8280-b25fdc371c92 req-2a62dddb-ce45-4708-8280-b25fdc371c92 ] Request (ServersWithSpecificFlavorTestJSON:test_verify_created_server_ephemeral_disk): 200 GET http://10.180.1.21/compute/v2.1/servers/95105469-5aa0-473b-a3a4-96e5e5b96b2a 0.145s
2025-12-10 06:22:09.608 65832 INFO tempest.lib.common.rest_client [req-08dbb620-5647-4595-a4fc-4d4eab8caf6e req-08dbb620-5647-4595-a4fc-4d4eab8caf6e ] Request (ListImageFiltersTestJSON:tearDownClass): 200 GET http://10.180.1.21/compute/v2.1/servers/b0522f8c-e141-46c0-874d-238e2ea57021 0.142s
2025-12-10 06:22:09.628 65818 INFO tempest.lib.common.rest_client [req-d2023a40-cebe-4321-99d8-b6b852b6b372 req-d2023a40-cebe-4321-99d8-b6b852b6b372 ] Request (ServersTestJSON:_run_cleanups): 200 GET http://10.180.1.21/compute/v2.1/servers/ec92e89e-d25f-45c1-bb04-733778062874 0.161s
2025-12-10 06:22:09.667 65796 INFO tempest.lib.common.rest_client [req-b58071e4-780f-4edf-babb-7799c622f6ed req-b58071e4-780f-4edf-babb-7799c622f6ed ] Request (DeleteServersTestJSON:test_delete_active_server): 200 GET http://10.180.1.21/compute/v2.1/servers/16bd5597-773f-4acf-a458-d5d4b0165d23 0.153s
2025-12-10 06:22:09.693 65810 INFO tempest.lib.common.rest_client [req-8dec4954-d895-46ea-b58c-dd6797c427d0 req-8dec4954-d895-46ea-b58c-dd6797c427d0 ] Request (ServersAaction247Test:test_create_backup): 200 GET http://10.180.1.21/compute/v2.1/servers/9d3811d5-290b-4cb4-a5fb-92d5fdf91639 0.161s
2025-12-10 06:22:09.734 65844 INFO tempest.lib.common.rest_client [req-a9d71ac1-8451-443f-bfc8-84de30363528 req-a9d71ac1-8451-443f-bfc8-84de30363528 ] Request (ServersAdminTestJSON:tearDownClass): 200 GET http://10.180.1.21/compute/v2.1/servers/72a8c673-e19c-45a1-8a55-b03694a5b7b4 0.166s
2025-12-10 06:22:09.757 65834 INFO tempest.lib.common.rest_client [req-27a3120f-3405-4476-bd48-e8d0a49b0776 req-27a3120f-3405-4476-bd48-e8d0a49b0776 ] Request (ImagesOneServerNegativeTestJSON:_run_cleanups): 200 GET http://10.180.1.21/compute/v2.1/servers/1e895ea7-db68-4132-85c0-5d766ed9791d 0.166s
2025-12-10 06:22:09.794 65830 INFO tempest.lib.common.rest_client [req-d18cae7d-4df1-4608-bb80-2e963e94b089 req-d18cae7d-4df1-4608-bb80-2e963e94b089 ] Request (ServersAdminNegativeTestJSON:tearDownClass): 200 GET http://10.180.1.21/compute/v2.1/servers/3664084b-a841-4597-8d4d-40d2d1fa5af9 0.175s
2025-12-10 06:22:09.811 65853 INFO tempest.lib.common.rest_client [req-fa4f2c0a-3150-4783-b509-3276db8e1988 req-fa4f2c0a-3150-4783-b509-3276db8e1988 ] Request (SecurityGroupsTestJSON:test_server_security_groups): 200 GET http://10.180.1.21/compute/v2.1/servers/dde370a6-edfa-4025-9303-280cf47ff32c 0.175s
2025-12-10 06:22:09.849 65826 INFO tempest.lib.common.rest_client [req-d243f1e0-36dc-4ba5-b57f-9206d9a48bab req-d243f1e0-36dc-4ba5-b57f-9206d9a48bab ] Request (AttachInterfacesTestJSON:test_create_list_show_delete_interfaces_by_fixed_ip): 200 GET http://10.180.1.21/compute/v2.1/servers/20f0c015-56ab-4da0-a8b3-aab8ecc4fd68 0.166s
2025-12-10 06:22:09.907 65814 INFO tempest.lib.common.rest_client [req-70b8d33a-b830-4568-a651-d39e443900d1 req-70b8d33a-b830-4568-a651-d39e443900d1 ] Request (ServersTestJSON:setUpClass): 200 GET http://10.180.1.21/compute/v2.1/servers/a4dd99c3-91cc-45a6-9699-e54ab2b0ccb6 0.200s
2025-12-10 06:22:09.926 65822 INFO tempest.lib.common.rest_client [req-1b87524b-6b65-4003-b331-aa76f8cc2b81 req-1b87524b-6b65-4003-b331-aa76f8cc2b81 ] Request (AttachInterfacesUnderV243Test:_run_cleanups): 200 GET http://10.180.1.21/compute/v2.1/servers/9fe55f9a-0093-48fe-ba24-78cdd897d51d 0.186s
2025-12-10 06:22:09.985 65812 INFO tempest.lib.common.rest_client [req-ad029074-9303-4a82-8ea1-cb0a2a062f48 req-ad029074-9303-4a82-8ea1-cb0a2a062f48 ] Request (ServersV294TestFqdnHostnames:tearDownClass): 200 GET http://10.180.1.21/compute/v2.1/servers/ab73890b-952d-4311-96b1-e654fb080035 0.214s
2025-12-10 06:22:09.988 65846 INFO tempest.lib.common.rest_client [req-0d4adaa1-b638-48eb-a0e4-e44371bea9e9 req-0d4adaa1-b638-48eb-a0e4-e44371bea9e9 ] Request (ListServersNegativeTestJSON:tearDownClass): 200 GET http://10.180.1.21/compute/v2.1/servers/9aa06522-d1ba-4035-b51c-ed3d09f61eaa 0.200s
2025-12-10 06:22:10.024 65792 INFO tempest.lib.common.rest_client [req-66b6f312-a1d7-40b1-b23a-20b8b70f41b0 req-66b6f312-a1d7-40b1-b23a-20b8b70f41b0 ] Request (ImagesTestJSON:test_create_server_from_snapshot): 200 GET http://10.180.1.21/compute/v2.1/images/0544f338-375a-42b1-8cbb-a3ce338265a6 0.206s
2025-12-10 06:22:10.037 65798 INFO tempest.lib.common.rest_client [req-0c62ec7f-3bbe-4133-8720-10aa564f872b req-0c62ec7f-3bbe-4133-8720-10aa564f872b ] Request (ServerActionsTestOtherA:setUpClass): 200 GET http://10.180.1.21/compute/v2.1/servers/1a8aff25-67c2-40cc-89d3-0a66300f807b 0.217s
2025-12-10 06:22:10.169 65794 WARNING tempest.lib.common.ssh [-] Failed to establish authenticated ssh connection to cirros@10.180.180.251 ([Errno None] Unable to connect to port 22 on 10.180.180.251). Number attempts: 5. Retry after 6 seconds.: paramiko.ssh_exception.NoValidConnectionsError: [Errno None] Unable to connect to port 22 on 10.180.180.251
2025-12-10 06:22:10.282 65800 INFO tempest.lib.common.rest_client [req-45d5600e-e8f6-49bd-a5f9-36a509c15941 req-45d5600e-e8f6-49bd-a5f9-36a509c15941 ] Request (ServerTagsTestJSON:setUpClass): 200 GET http://10.180.1.21/compute/v2.1/servers/5461185d-6110-40f3-a49b-4fe5819ad29a 0.072s
2025-12-10 06:22:10.292 65816 INFO tempest.lib.common.rest_client [req-eb7cad0a-fede-461a-9f87-07d591cba82f req-eb7cad0a-fede-461a-9f87-07d591cba82f ] Request (ServerRescueTestJSONUnderV235:tearDownClass): 200 GET http://10.180.1.21/compute/v2.1/servers/23375618-18f7-47ca-9b82-3562da75f0fd 0.085s
2025-12-10 06:22:10.365 65824 INFO tempest.lib.common.rest_client [req-b93d110d-f5bf-436f-8ddb-9680ac641ef6 req-b93d110d-f5bf-436f-8ddb-9680ac641ef6 ] Request (ServerMetadataTestJSON:setUpClass): 200 GET http://10.180.1.21/compute/v2.1/servers/5c381cb4-3c17-4b93-8ed9-32b8defeb3a5 0.054s
2025-12-10 06:22:10.384 65848 INFO tempest.lib.common.rest_client [req-476ef723-f5ca-44e8-82be-ba3589453c7b req-476ef723-f5ca-44e8-82be-ba3589453c7b ] Request (ServersListShow2100Test:test_list_show_rebuild_update_server_2100): 200 GET http://10.180.1.21/compute/v2.1/servers/75cd9e33-15ac-47a1-8baf-dfd9adbba05f 0.074s
2025-12-10 06:22:10.488 65836 INFO tempest.lib.common.rest_client [req-c38a0fbf-8f6d-4a4e-b022-75fc688dea07 req-c38a0fbf-8f6d-4a4e-b022-75fc688dea07 ] Request (ServersTestManualDisk:tearDownClass): 200 GET http://10.180.1.21/compute/v2.1/servers/e53f6e53-c30c-42ff-a939-bfe5ae832996 0.063s
2025-12-10 06:22:10.591 65804 INFO tempest.lib.common.rest_client [req-d27373bb-231c-4152-8026-2f9d42fd11b1 req-d27373bb-231c-4152-8026-2f9d42fd11b1 ] Request (ListServerFiltersTestJSON:tearDownClass): 200 GET http://10.180.1.21/compute/v2.1/servers/4c108d74-64da-47a6-be11-33602862db87 0.095s
