2025-12-10 06:19:12.059 65808 INFO tempest.common.waiters [-] State transition "BUILD/spawning" ==> "ACTIVE/None" after 24 second wait
2025-12-10 06:19:12.078 65818 INFO tempest.lib.common.rest_client [req-dacc820c-67dd-4268-9e24-e6a1347eb6f3 req-dacc820c-67dd-4268-9e24-e6a1347eb6f3 ] Request (ServerDiagnosticsTest:tearDownClass): 404 GET http://10.180.1.21/compute/v2.1/servers/121ab4fe-5db2-4fd5-825d-96e530c370dc 3.558s
2025-12-10 06:19:12.101 65822 INFO tempest.lib.common.rest_client [req-e7bb2ae8-c56e-4f7f-a74f-408b102bab03 req-e7bb2ae8-c56e-4f7f-a74f-408b102bab03 ] Request (SecurityGroupRulesTestJSON:tearDownClass): 404 DELETE http://10.180.1.21/compute/v2.1/os-security-groups/f8925bac-25cf-404b-829b-83c07ad941b2 3.537s
2025-12-10 06:19:12.229 65818 INFO tempest.lib.common.rest_client [req-e9bfd9ae-2df0-4492-a325-0510c8da7602 req-e9bfd9ae-2df0-4492-a325-0510c8da7602 ] Request (ServerDiagnosticsTest:tearDownClass): 204 DELETE http://10.180.1.21/identity/v3/users/052bf21eb4ec4dcd977288e0c3aea79e 0.150s
2025-12-10 06:19:12.376 65818 INFO tempest.lib.common.rest_client [req-3a07420b-53b4-46be-abd0-d87de3e0a1bb req-3a07420b-53b4-46be-abd0-d87de3e0a1bb ] Request (ServerDiagnosticsTest:tearDownClass): 204 DELETE http://10.180.1.21/identity/v3/users/98d743a5eaf24daf984b267c07e6e381 0.147s
2025-12-10 06:19:12.377 65818 INFO tempest.lib.common.dynamic_creds [-] Deleting project and security group for project: 8e2642ddf6c045f1acef74a02d1390a8
2025-12-10 06:19:12.434 65802 INFO tempest.lib.common.rest_client [req-a78f7187-1a79-4b42-91a0-fa7f81d417a9 req-a78f7187-1a79-4b42-91a0-fa7f81d417a9 ] Request (ServerDiskConfigTestJSON:test_rebuild_server_with_manual_disk_config): 202 POST http://10.180.1.21/compute/v2.1/servers 3.857s
2025-12-10 06:19:12.445 65818 INFO tempest.lib.common.rest_client [req-654e2dac-6a38-41db-9b70-884d0f90b5e5 req-654e2dac-6a38-41db-9b70-884d0f90b5e5 ] Request (ServerDiagnosticsTest:tearDownClass): 201 POST http://10.180.1.21/identity/v3/auth/tokens 0.068s
2025-12-10 06:19:12.606 65824 INFO tempest.lib.common.rest_client [req-0b2df4bf-03f8-472b-ac75-9dabe514cc5f req-0b2df4bf-03f8-472b-ac75-9dabe514cc5f ] Request (FloatingIPsAssociationTestJSON:test_associate_already_associated_floating_ip): 200 GET http://10.180.1.21/compute/v2.1/servers/fbab546d-afea-45ce-ac99-3e91c77352a8 3.866s
2025-12-10 06:19:12.647 65818 INFO tempest.lib.common.rest_client [req-4565a710-5528-47c3-b2bb-150dafb692b1 req-4565a710-5528-47c3-b2bb-150dafb692b1 ] Request (ServerDiagnosticsTest:tearDownClass): 200 GET http://10.180.1.21/networking/v2.0/security-groups?tenant_id=8e2642ddf6c045f1acef74a02d1390a8&name=default 0.201s
2025-12-10 06:19:12.729 65818 INFO tempest.lib.common.rest_client [req-ff656dbc-4900-49e8-b04c-b826ba8de822 req-ff656dbc-4900-49e8-b04c-b826ba8de822 ] Request (ServerDiagnosticsTest:tearDownClass): 204 DELETE http://10.180.1.21/networking/v2.0/security-groups/d8113be7-1863-4672-a11d-168989c4b0f6 0.082s
2025-12-10 06:19:12.821 65818 INFO tempest.lib.common.rest_client [req-f44bbbf4-fd68-4c2d-96d4-4556ce9f3168 req-f44bbbf4-fd68-4c2d-96d4-4556ce9f3168 ] Request (ServerDiagnosticsTest:tearDownClass): 204 DELETE http://10.180.1.21/identity/v3/projects/8e2642ddf6c045f1acef74a02d1390a8 0.091s
2025-12-10 06:19:12.822 65818 INFO tempest.lib.common.dynamic_creds [-] Deleting project and security group for project: 8c02d2019ad44858a19768eb633dc856
2025-12-10 06:19:12.867 65818 INFO tempest.lib.common.rest_client [req-81ad79fe-878c-4ae9-b1f4-d06da2bc65e2 req-81ad79fe-878c-4ae9-b1f4-d06da2bc65e2 ] Request (ServerDiagnosticsTest:tearDownClass): 200 GET http://10.180.1.21/networking/v2.0/security-groups?tenant_id=8c02d2019ad44858a19768eb633dc856&name=default 0.045s
2025-12-10 06:19:12.984 65818 INFO tempest.lib.common.rest_client [req-d662295a-66d8-4ceb-8557-a41e12a1cd8b req-d662295a-66d8-4ceb-8557-a41e12a1cd8b ] Request (ServerDiagnosticsTest:tearDownClass): 204 DELETE http://10.180.1.21/networking/v2.0/security-groups/e08d6a87-c5be-4f46-9078-9a60601143bd 0.116s
2025-12-10 06:19:13.033 65853 INFO tempest.lib.common.rest_client [req-4a656eb4-db41-4b31-8892-bf8f9083b2c8 req-4a656eb4-db41-4b31-8892-bf8f9083b2c8 ] Request (QuotasAdminNegativeTest:test_create_server_when_cpu_quota_is_full): 403 POST http://10.180.1.21/compute/v2.1/servers 4.200s
2025-12-10 06:19:13.094 65818 INFO tempest.lib.common.rest_client [req-aff74478-f730-49f5-a916-77e17a4b11da req-aff74478-f730-49f5-a916-77e17a4b11da ] Request (ServerDiagnosticsTest:tearDownClass): 204 DELETE http://10.180.1.21/identity/v3/projects/8c02d2019ad44858a19768eb633dc856 0.110s
2025-12-10 06:19:13.155 65818 INFO tempest.lib.common.rest_client [req-ab16261f-efc2-4d92-8c1a-38392be2db9e req-ab16261f-efc2-4d92-8c1a-38392be2db9e ] Request (ServersTestJSON:setUpClass): 201 POST http://10.180.1.21/identity/v3/auth/tokens 0.059s
2025-12-10 06:19:13.172 65826 INFO tempest.lib.common.rest_client [req-00ceedbd-88a9-47f3-ae10-eaac8a7d3a84 req-00ceedbd-88a9-47f3-ae10-eaac8a7d3a84 ] Request (DeleteServersAdminTestJSON:test_delete_server_while_in_error_state): 200 GET http://10.180.1.21/compute/v2.1/servers/d040886e-f1c0-4a42-bb26-8c4fd14349e0 4.106s
2025-12-10 06:19:13.179 65826 INFO tempest.common.waiters [-] State transition "BUILD/spawning" ==> "ACTIVE/None" after 24 second wait
2025-12-10 06:19:13.192 65818 INFO tempest.lib.common.rest_client [req-65b4371e-20cd-4e1c-b889-c0c13e735be8 req-65b4371e-20cd-4e1c-b889-c0c13e735be8 ] Request (ServersTestJSON:setUpClass): 201 POST http://10.180.1.21/identity/v3/auth/tokens 0.035s
2025-12-10 06:19:13.219 65818 INFO tempest.lib.common.rest_client [req-162fe4b9-2fb9-4c4e-a883-97ed7f2c21eb req-162fe4b9-2fb9-4c4e-a883-97ed7f2c21eb ] Request (ServersTestJSON:setUpClass): 200 GET http://10.180.1.21/identity/v3/domains?name=Default 0.026s
2025-12-10 06:19:13.225 65790 INFO tempest.lib.common.rest_client [req-d7808646-0d90-457e-b313-6e29663b4d3e req-d7808646-0d90-457e-b313-6e29663b4d3e ] Request (TenantUsagesTestJSON:setUpClass): 200 GET http://10.180.1.21/compute/v2.1/servers/fe747179-da7e-4cb5-8a12-73c805914d95 3.945s
2025-12-10 06:19:13.275 65818 INFO tempest.lib.common.rest_client [req-d2d21e00-a627-48c0-aede-8826bdc33807 req-d2d21e00-a627-48c0-aede-8826bdc33807 ] Request (ServersTestJSON:setUpClass): 201 POST http://10.180.1.21/identity/v3/projects 0.055s
2025-12-10 06:19:13.344 65818 INFO tempest.lib.common.rest_client [req-604c7c4d-1d56-466d-821b-e1534ac2d5d3 req-604c7c4d-1d56-466d-821b-e1534ac2d5d3 ] Request (ServersTestJSON:setUpClass): 201 POST http://10.180.1.21/identity/v3/users 0.069s
2025-12-10 06:19:13.374 65818 INFO tempest.lib.common.rest_client [req-dc4955d5-a717-49c6-846d-304e8eec42d2 req-dc4955d5-a717-49c6-846d-304e8eec42d2 ] Request (ServersTestJSON:setUpClass): 200 GET http://10.180.1.21/identity/v3/roles 0.029s
2025-12-10 06:19:13.400 65818 INFO tempest.lib.common.rest_client [req-4e59f4b9-901d-43bb-8fe4-62e8f96ab6d1 req-4e59f4b9-901d-43bb-8fe4-62e8f96ab6d1 ] Request (ServersTestJSON:setUpClass): 204 PUT http://10.180.1.21/identity/v3/projects/03125cf3e3194899947dbe65edbccfb5/users/ab061cb1052748baa54524b93c396961/roles/308e781808aa47d5bea9dc3ef365a155 0.025s
2025-12-10 06:19:13.400 65818 INFO tempest.lib.common.dynamic_creds [-] Dynamic test user ab061cb1052748baa54524b93c396961 is created with scope project and roles: ['member']
2025-12-10 06:19:13.400 65818 INFO tempest.lib.common.dynamic_creds [-] Acquired dynamic creds: credentials: Credentials: {'domain_id': 'default', 'domain_name': 'Default', 'username': 'tempest-ServersTestJSON-1013925504-project-member', 'project_domain_id': 'default', 'project_domain_name': 'Default', 'project_id': '03125cf3e3194899947dbe65edbccfb5', 'project_name': 'tempest-ServersTestJSON-1013925504', 'tenant_id': '03125cf3e3194899947dbe65edbccfb5', 'tenant_name': 'tempest-ServersTestJSON-1013925504', 'user_domain_id': 'default', 'user_domain_name': 'Default', 'user_id': 'ab061cb1052748baa54524b93c396961', 'system': None}, Network: None, Subnet: None, Router: None
2025-12-10 06:19:13.480 65818 INFO tempest.lib.common.rest_client [req-d754bfaf-c8b2-4ef9-8dfd-e1d80d0a54bf req-d754bfaf-c8b2-4ef9-8dfd-e1d80d0a54bf ] Request (ServersTestJSON:setUpClass): 201 POST http://10.180.1.21/identity/v3/auth/tokens 0.080s
2025-12-10 06:19:13.631 65800 INFO tempest.lib.common.rest_client [req-e426bba6-56c9-460a-88fc-e86a4e32dece req-e426bba6-56c9-460a-88fc-e86a4e32dece ] Request (FloatingIPDetailsTestJSON:tearDownClass): 202 DELETE http://10.180.1.21/compute/v2.1/os-floating-ips/4e75c569-5246-42f5-af7e-e01aab3e0a59 4.322s
2025-12-10 06:19:13.755 65836 INFO tempest.lib.common.rest_client [req-4d384552-db50-49ce-9027-37b7985cc4ca req-4d384552-db50-49ce-9027-37b7985cc4ca ] Request (ImagesDeleteNegativeTestJSON:test_delete_image_blank_id): 404 DELETE http://10.180.1.21/compute/v2.1/images/ 4.415s
2025-12-10 06:19:13.776 65798 INFO tempest.lib.common.rest_client [req-53abd65f-a228-4b8f-b6e3-7a408c3b6b0a req-53abd65f-a228-4b8f-b6e3-7a408c3b6b0a ] Request (FlavorsAdminTestJSON:test_create_server_with_non_public_flavor): 200 POST http://10.180.1.21/compute/v2.1/flavors 4.430s
2025-12-10 06:19:13.814 65810 INFO tempest.lib.common.rest_client [req-7af4f24e-fce0-4152-8a4b-65a6f9f523e3 req-7af4f24e-fce0-4152-8a4b-65a6f9f523e3 ] Request (KeyPairsV210TestJSON:_run_cleanups): 204 DELETE http://10.180.1.21/compute/v2.1/os-keypairs/tempest-keypair-1701908889?user_id=eb9869ca0bf143dcb54c682f8cfeefcf 4.350s
2025-12-10 06:19:13.836 65814 INFO tempest.lib.common.rest_client [req-5ac80a29-8aad-4fc0-9933-703573abe2f0 req-5ac80a29-8aad-4fc0-9933-703573abe2f0 ] Request (AggregatesAdminNegativeTestJSON:_run_cleanups): 200 DELETE http://10.180.1.21/compute/v2.1/os-aggregates/5 4.369s
2025-12-10 06:19:13.917 65810 INFO tempest.lib.common.rest_client [req-8619dc29-524c-4808-9c2a-d45de4917ed1 req-8619dc29-524c-4808-9c2a-d45de4917ed1 ] Request (KeyPairsV210TestJSON:tearDownClass): 204 DELETE http://10.180.1.21/identity/v3/users/eb9869ca0bf143dcb54c682f8cfeefcf 0.102s
2025-12-10 06:19:13.974 65818 INFO tempest.lib.common.rest_client [req-10e4e7ba-2dcf-4e9f-8225-ee7fae1360ab req-10e4e7ba-2dcf-4e9f-8225-ee7fae1360ab ] Request (ServersTestJSON:setUpClass): 201 POST http://10.180.1.21/networking/v2.0/networks 0.493s
2025-12-10 06:19:13.979 65816 INFO tempest.lib.common.rest_client [req-44c2fb46-e1f8-4aaf-8d0f-14cbf860cc92 req-44c2fb46-e1f8-4aaf-8d0f-14cbf860cc92 ] Request (QuotasAdminTestJSON:test_delete_quota): 200 GET http://10.180.1.21/compute/v2.1/os-quota-sets/2ac4e0bd91dd42f1a03ad66a770014fa 4.501s
2025-12-10 06:19:14.016 65810 INFO tempest.lib.common.rest_client [req-0add4e92-5481-4464-a9e3-b6ba3ee1caa2 req-0add4e92-5481-4464-a9e3-b6ba3ee1caa2 ] Request (KeyPairsV210TestJSON:tearDownClass): 204 DELETE http://10.180.1.21/identity/v3/users/a9c7c456642843c1bedcf9f6f330b277 0.098s
2025-12-10 06:19:14.016 65810 INFO tempest.lib.common.dynamic_creds [-] Deleting project and security group for project: 5dcb7ee81bcd41d98933230b89ac3243
2025-12-10 06:19:14.083 65810 INFO tempest.lib.common.rest_client [req-4a079926-45e9-45e4-b574-8c46c3ae9884 req-4a079926-45e9-45e4-b574-8c46c3ae9884 ] Request (KeyPairsV210TestJSON:tearDownClass): 201 POST http://10.180.1.21/identity/v3/auth/tokens 0.066s
2025-12-10 06:19:14.085 65816 INFO tempest.lib.common.rest_client [req-e896479b-a0b8-4370-b1b3-bcada9adf5f1 req-e896479b-a0b8-4370-b1b3-bcada9adf5f1 ] Request (QuotasAdminTestJSON:_run_cleanups): 204 DELETE http://10.180.1.21/identity/v3/projects/2ac4e0bd91dd42f1a03ad66a770014fa 0.103s
2025-12-10 06:19:14.141 65818 INFO tempest.lib.common.rest_client [req-029294d1-a99d-44f3-8743-e7d6b9ce7262 req-029294d1-a99d-44f3-8743-e7d6b9ce7262 ] Request (ServersTestJSON:setUpClass): 201 POST http://10.180.1.21/networking/v2.0/subnets 0.166s
2025-12-10 06:19:14.164 65830 INFO tempest.lib.common.rest_client [req-61ca90f4-b818-488a-98c5-77dd557edef0 req-61ca90f4-b818-488a-98c5-77dd557edef0 ] Request (ServersAdminNegativeTestJSON:setUpClass): 200 GET http://10.180.1.21/compute/v2.1/servers/3664084b-a841-4597-8d4d-40d2d1fa5af9 4.180s
2025-12-10 06:19:14.369 65810 INFO tempest.lib.common.rest_client [req-0acb9042-f8fa-46f9-a974-582994349f76 req-0acb9042-f8fa-46f9-a974-582994349f76 ] Request (KeyPairsV210TestJSON:tearDownClass): 200 GET http://10.180.1.21/networking/v2.0/security-groups?tenant_id=5dcb7ee81bcd41d98933230b89ac3243&name=default 0.286s
2025-12-10 06:19:14.757 65828 INFO tempest.lib.common.rest_client [req-b26b9701-a2f1-4126-af8a-ded44ffe52ba req-b26b9701-a2f1-4126-af8a-ded44ffe52ba ] Request (AttachVolumeNegativeTest:test_attach_attached_volume_to_different_server): 200 GET http://10.180.1.21/compute/v2.1/servers/7d897905-2eff-42c8-8df0-e9db314783b4 4.304s
2025-12-10 06:19:14.853 65846 INFO tempest.lib.common.rest_client [req-fcbf9455-aaa9-4604-a0ea-cc2097706afc req-fcbf9455-aaa9-4604-a0ea-cc2097706afc ] Request (AttachInterfacesV270Test:test_create_get_list_interfaces): 400 POST http://10.180.1.21/compute/v2.1/servers/46a83f91-18b0-44fa-8acf-c98b74a41d8b/os-interface 6.420s
2025-12-10 06:19:14.865 65810 INFO tempest.lib.common.rest_client [req-41ff59ae-b90b-4dd5-ab2f-2f087ce95589 req-41ff59ae-b90b-4dd5-ab2f-2f087ce95589 ] Request (KeyPairsV210TestJSON:tearDownClass): 204 DELETE http://10.180.1.21/networking/v2.0/security-groups/dacf5f43-b4d8-4541-8a6d-5dd24d8136f9 0.496s
2025-12-10 06:19:14.920 65794 INFO tempest.lib.common.rest_client [req-ee8d0cc1-9a09-4ef1-9fc5-4d2225a98935 req-ee8d0cc1-9a09-4ef1-9fc5-4d2225a98935 ] Request (ImagesNegativeTestJSON:test_create_image_from_deleted_server): 200 GET http://10.180.1.21/compute/v2.1/servers/38ac101e-8d01-4c8f-8263-45bda2c0cdbb 4.338s
2025-12-10 06:19:14.952 65810 INFO tempest.lib.common.rest_client [req-2e8e52af-9f44-4c20-be64-2f10ae84014b req-2e8e52af-9f44-4c20-be64-2f10ae84014b ] Request (KeyPairsV210TestJSON:tearDownClass): 204 DELETE http://10.180.1.21/identity/v3/projects/5dcb7ee81bcd41d98933230b89ac3243 0.086s
2025-12-10 06:19:14.952 65810 INFO tempest.lib.common.dynamic_creds [-] Deleting project and security group for project: 4164961b28b44f0fa949352ab813fb7c
2025-12-10 06:19:15.059 65818 INFO tempest.lib.common.rest_client [req-100ccd9f-70e3-42fd-aeb8-2b99fc36dbea req-100ccd9f-70e3-42fd-aeb8-2b99fc36dbea ] Request (ServersTestJSON:setUpClass): 201 POST http://10.180.1.21/networking/v2.0/routers 0.918s
2025-12-10 06:19:15.093 65820 WARNING tempest.lib.common.ssh [-] Failed to establish authenticated ssh connection to cirros@10.180.180.246 ([Errno None] Unable to connect to port 22 on 10.180.180.246). Number attempts: 4. Retry after 5 seconds.: paramiko.ssh_exception.NoValidConnectionsError: [Errno None] Unable to connect to port 22 on 10.180.180.246
2025-12-10 06:19:15.118 65810 INFO tempest.lib.common.rest_client [req-90a83fc6-3400-4a3e-857e-da0c5691dc52 req-90a83fc6-3400-4a3e-857e-da0c5691dc52 ] Request (KeyPairsV210TestJSON:tearDownClass): 200 GET http://10.180.1.21/networking/v2.0/security-groups?tenant_id=4164961b28b44f0fa949352ab813fb7c&name=default 0.165s
2025-12-10 06:19:15.561 65810 INFO tempest.lib.common.rest_client [req-35eeadfb-8921-4979-a574-e9aacfe06f41 req-35eeadfb-8921-4979-a574-e9aacfe06f41 ] Request (KeyPairsV210TestJSON:tearDownClass): 204 DELETE http://10.180.1.21/networking/v2.0/security-groups/5cf18192-9ff7-4e8d-9621-9cdafcbe20d3 0.443s
2025-12-10 06:19:15.629 65804 INFO tempest.lib.common.rest_client [req-bd1a3104-b604-4a9a-ab0f-c9b2161d7566 req-bd1a3104-b604-4a9a-ab0f-c9b2161d7566 ] Request (SecurityGroupsTestAdminJSON:test_list_security_groups_list_all_tenants_filter): 200 GET http://10.180.1.21/compute/v2.1/os-security-groups?all_tenants=true 4.187s
2025-12-10 06:19:15.653 65848 INFO tempest.lib.common.rest_client [req-9bab4d6e-d540-4ab4-a7fa-4fc20efbb270 req-9bab4d6e-d540-4ab4-a7fa-4fc20efbb270 ] Request (FlavorsAccessNegativeTestJSON:_run_cleanups): 200 GET http://10.180.1.21/compute/v2.1/flavors/detail 4.068s
2025-12-10 06:19:15.680 65812 INFO tempest.lib.common.rest_client [req-8a5da780-5941-4e49-bd83-e8cbc523b420 req-8a5da780-5941-4e49-bd83-e8cbc523b420 ] Request (ServicesAdminNegativeV253TestJSON:test_get_service_by_invalid_params): 200 GET http://10.180.1.21/compute/v2.1/os-services 4.042s
2025-12-10 06:19:15.701 65810 INFO tempest.lib.common.rest_client [req-8c514177-c2aa-4139-b791-5d99e6893541 req-8c514177-c2aa-4139-b791-5d99e6893541 ] Request (KeyPairsV210TestJSON:tearDownClass): 204 DELETE http://10.180.1.21/identity/v3/projects/4164961b28b44f0fa949352ab813fb7c 0.139s
2025-12-10 06:19:15.818 65810 INFO tempest.lib.common.rest_client [req-66b06ea7-f239-4d04-9623-083f182b2271 req-66b06ea7-f239-4d04-9623-083f182b2271 ] Request (ServersAdmin275Test:setUpClass): 201 POST http://10.180.1.21/identity/v3/auth/tokens 0.115s
2025-12-10 06:19:15.839 65792 INFO tempest.lib.common.rest_client [req-4c9e884b-6a06-4c2b-ad11-24dd2371abf5 req-4c9e884b-6a06-4c2b-ad11-24dd2371abf5 ] Request (ImagesTestJSON:_run_cleanups): 204 DELETE http://10.180.1.21/compute/v2.1/images/91a65fdf-5fc2-4cc6-ac72-548b7f79d165 4.175s
2025-12-10 06:19:15.876 65810 INFO tempest.lib.common.rest_client [req-83133823-cb56-44f3-9e9b-64ec4f470e40 req-83133823-cb56-44f3-9e9b-64ec4f470e40 ] Request (ServersAdmin275Test:setUpClass): 201 POST http://10.180.1.21/identity/v3/auth/tokens 0.054s
2025-12-10 06:19:15.912 65810 INFO tempest.lib.common.rest_client [req-f3933c6b-5b95-4787-81c4-06fdf75d3f2c req-f3933c6b-5b95-4787-81c4-06fdf75d3f2c ] Request (ServersAdmin275Test:setUpClass): 200 GET http://10.180.1.21/identity/v3/domains?name=Default 0.035s
2025-12-10 06:19:15.948 65810 INFO tempest.lib.common.rest_client [req-74a7fbb5-8cb3-4b21-9629-74f7162a3013 req-74a7fbb5-8cb3-4b21-9629-74f7162a3013 ] Request (ServersAdmin275Test:setUpClass): 201 POST http://10.180.1.21/identity/v3/projects 0.036s
2025-12-10 06:19:15.983 65788 INFO tempest.lib.common.rest_client [req-327b9119-a522-4550-b65e-65576a9a245a req-327b9119-a522-4550-b65e-65576a9a245a ] Request (FloatingIPsAssociationNegativeTestJSON:test_associate_ip_to_server_with_floating_ip): 200 POST http://10.180.1.21/compute/v2.1/os-floating-ips 4.548s
2025-12-10 06:19:15.987 65840 WARNING tempest.lib.common.ssh [-] Failed to establish authenticated ssh connection to cirros@10.180.180.247 ([Errno None] Unable to connect to port 22 on 10.180.180.247). Number attempts: 5. Retry after 6 seconds.: paramiko.ssh_exception.NoValidConnectionsError: [Errno None] Unable to connect to port 22 on 10.180.180.247
2025-12-10 06:19:16.025 65810 INFO tempest.lib.common.rest_client [req-07e6cb25-f3e2-4869-b4f9-a10f859408fd req-07e6cb25-f3e2-4869-b4f9-a10f859408fd ] Request (ServersAdmin275Test:setUpClass): 201 POST http://10.180.1.21/identity/v3/users 0.076s
2025-12-10 06:19:16.049 65810 INFO tempest.lib.common.rest_client [req-78b600d5-8010-4e59-841f-509b42d84bc7 req-78b600d5-8010-4e59-841f-509b42d84bc7 ] Request (ServersAdmin275Test:setUpClass): 200 GET http://10.180.1.21/identity/v3/roles 0.023s
2025-12-10 06:19:16.071 65818 INFO tempest.lib.common.rest_client [req-ac19f9a2-8e06-47fa-8813-3167a84ccd75 req-ac19f9a2-8e06-47fa-8813-3167a84ccd75 ] Request (ServersTestJSON:setUpClass): 200 PUT http://10.180.1.21/networking/v2.0/routers/d1a83d95-e435-49eb-b137-aa8673569ec1/add_router_interface 1.011s
2025-12-10 06:19:16.071 65818 INFO tempest.lib.common.dynamic_creds [-] Created isolated network resources for: credentials: Credentials: {'domain_id': 'default', 'domain_name': 'Default', 'username': 'tempest-ServersTestJSON-1013925504-project-member', 'project_domain_id': 'default', 'project_domain_name': 'Default', 'project_id': '03125cf3e3194899947dbe65edbccfb5', 'project_name': 'tempest-ServersTestJSON-1013925504', 'tenant_id': '03125cf3e3194899947dbe65edbccfb5', 'tenant_name': 'tempest-ServersTestJSON-1013925504', 'user_domain_id': 'default', 'user_domain_name': 'Default', 'user_id': 'ab061cb1052748baa54524b93c396961', 'system': None}, Network: {'id': '545da018-97cf-4af5-8096-3565b9d6b996', 'name': 'tempest-ServersTestJSON-2062833179-network', 'tenant_id': '03125cf3e3194899947dbe65edbccfb5', 'project_id': '03125cf3e3194899947dbe65edbccfb5', 'admin_state_up': True, 'mtu': 8950, 'status': 'ACTIVE', 'subnets': [], 'shared': False, 'port_security_enabled': True, 'router:external': False, 'provider:network_type': 'vlan', 'provider:physical_network': 'default', 'provider:segmentation_id': 20, 'availability_zone_hints': [], 'availability_zones': [], 'ipv4_address_scope': None, 'ipv6_address_scope': None, 'description': '', 'tags': [], 'created_at': '2025-12-10T06:19:13Z', 'updated_at': '2025-12-10T06:19:13Z', 'revision_number': 1}, Subnet: {'id': 'c58e26fb-679c-4d2b-84d6-959f15643356', 'name': 'tempest-ServersTestJSON-2062833179-subnet', 'tenant_id': '03125cf3e3194899947dbe65edbccfb5', 'network_id': '545da018-97cf-4af5-8096-3565b9d6b996', 'ip_version': 4, 'subnetpool_id': None, 'enable_dhcp': True, 'ipv6_ra_mode': None, 'ipv6_address_mode': None, 'gateway_ip': '192.168.128.1', 'cidr': '192.168.128.0/28', 'allocation_pools': [{'start': '192.168.128.2', 'end': '192.168.128.14'}], 'host_routes': [], 'dns_nameservers': [], 'description': '', 'router:external': False, 'service_types': [], 'tags': [], 'created_at': '2025-12-10T06:19:14Z', 'updated_at': '2025-12-10T06:19:14Z', 'revision_number': 0, 'project_id': '03125cf3e3194899947dbe65edbccfb5'}, Router: {'id': 'd1a83d95-e435-49eb-b137-aa8673569ec1', 'name': 'tempest-ServersTestJSON-2062833179-router', 'tenant_id': '03125cf3e3194899947dbe65edbccfb5', 'admin_state_up': True, 'status': 'ACTIVE', 'external_gateway_info': {'network_id': 'd1dcbfe6-2c28-4cc9-a979-21f54f3bfb99', 'external_fixed_ips': [{'subnet_id': '45bb6ec2-5294-4aef-8c00-00fe499e6223', 'ip_address': '10.180.180.195'}], 'enable_snat': True}, 'description': '', 'availability_zones': [], 'distributed': False, 'ha': False, 'availability_zone_hints': [], 'routes': [], 'flavor_id': None, 'tags': [], 'created_at': '2025-12-10T06:19:14Z', 'updated_at': '2025-12-10T06:19:14Z', 'revision_number': 2, 'project_id': '03125cf3e3194899947dbe65edbccfb5'}
2025-12-10 06:19:16.100 65810 INFO tempest.lib.common.rest_client [req-18694b98-f0e9-40eb-a5c8-eee002c68700 req-18694b98-f0e9-40eb-a5c8-eee002c68700 ] Request (ServersAdmin275Test:setUpClass): 204 PUT http://10.180.1.21/identity/v3/projects/99ee71667c9b4b13a3882bf951e635e1/users/b15ade6f8c5c4cdf9f58fb80ce8022d4/roles/308e781808aa47d5bea9dc3ef365a155 0.050s
2025-12-10 06:19:16.100 65810 INFO tempest.lib.common.dynamic_creds [-] Dynamic test user b15ade6f8c5c4cdf9f58fb80ce8022d4 is created with scope project and roles: ['member']
2025-12-10 06:19:16.100 65810 INFO tempest.lib.common.dynamic_creds [-] Acquired dynamic creds: credentials: Credentials: {'domain_id': 'default', 'domain_name': 'Default', 'username': 'tempest-ServersAdmin275Test-1663669430-project-member', 'project_domain_id': 'default', 'project_domain_name': 'Default', 'project_id': '99ee71667c9b4b13a3882bf951e635e1', 'project_name': 'tempest-ServersAdmin275Test-1663669430', 'tenant_id': '99ee71667c9b4b13a3882bf951e635e1', 'tenant_name': 'tempest-ServersAdmin275Test-1663669430', 'user_domain_id': 'default', 'user_domain_name': 'Default', 'user_id': 'b15ade6f8c5c4cdf9f58fb80ce8022d4', 'system': None}, Network: None, Subnet: None, Router: None
2025-12-10 06:19:16.100 65810 INFO tempest.lib.common.dynamic_creds [-] Created isolated network resources for: credentials: Credentials: {'domain_id': 'default', 'domain_name': 'Default', 'username': 'tempest-ServersAdmin275Test-1663669430-project-member', 'project_domain_id': 'default', 'project_domain_name': 'Default', 'project_id': '99ee71667c9b4b13a3882bf951e635e1', 'project_name': 'tempest-ServersAdmin275Test-1663669430', 'tenant_id': '99ee71667c9b4b13a3882bf951e635e1', 'tenant_name': 'tempest-ServersAdmin275Test-1663669430', 'user_domain_id': 'default', 'user_domain_name': 'Default', 'user_id': 'b15ade6f8c5c4cdf9f58fb80ce8022d4', 'system': None}, Network: None, Subnet: None, Router: None
2025-12-10 06:19:16.171 65818 INFO tempest.lib.common.rest_client [req-fdcb9b3b-5e23-418f-9e8e-0e0f775922f8 req-fdcb9b3b-5e23-418f-9e8e-0e0f775922f8 ] Request (ServersTestJSON:setUpClass): 201 POST http://10.180.1.21/identity/v3/auth/tokens 0.097s
2025-12-10 06:19:16.178 65810 INFO tempest.lib.common.rest_client [req-092a8451-12b9-4334-a62a-df034880a280 req-092a8451-12b9-4334-a62a-df034880a280 ] Request (ServersAdmin275Test:setUpClass): 201 POST http://10.180.1.21/identity/v3/auth/tokens 0.074s
2025-12-10 06:19:16.246 65818 INFO tempest.lib.common.rest_client [req-bba8d9de-0ef0-474b-b018-06b1b521a3e1 req-bba8d9de-0ef0-474b-b018-06b1b521a3e1 ] Request (ServersTestJSON:setUpClass): 200 GET http://10.180.1.21/identity/v3/projects/03125cf3e3194899947dbe65edbccfb5 0.074s
2025-12-10 06:19:16.246 65818 INFO tempest.lib.common.dynamic_creds [-] Using the existing project 03125cf3e3194899947dbe65edbccfb5 for scope project and roles: ['reader']
2025-12-10 06:19:16.252 65810 INFO tempest.lib.common.rest_client [req-c02adb93-2049-4dcf-9ddc-1191d8321d34 req-c02adb93-2049-4dcf-9ddc-1191d8321d34 ] Request (ServersAdmin275Test:setUpClass): 201 POST http://10.180.1.21/identity/v3/projects 0.073s
2025-12-10 06:19:16.286 65844 INFO tempest.lib.common.rest_client [req-a48f9438-3536-47bb-ad0a-6568e2644025 req-a48f9438-3536-47bb-ad0a-6568e2644025 ] Request (ServersAdminTestJSON:test_create_server_with_scheduling_hint): 200 GET http://10.180.1.21/compute/v2.1/servers/4a44928c-6a28-4be1-869a-06d7cd9d2b92 4.364s
2025-12-10 06:19:16.320 65834 INFO tempest.lib.common.rest_client [req-199dc000-b7c7-42d4-8bcf-2c2f04f5256a req-199dc000-b7c7-42d4-8bcf-2c2f04f5256a ] Request (ImagesOneServerNegativeTestJSON:setUp): 200 GET http://10.180.1.21/compute/v2.1/servers/fac873bd-3aeb-4d75-83c6-05eaebc00111 4.512s
2025-12-10 06:19:16.339 65810 INFO tempest.lib.common.rest_client [req-00589dcc-8335-48bb-8e86-2765e7b71622 req-00589dcc-8335-48bb-8e86-2765e7b71622 ] Request (ServersAdmin275Test:setUpClass): 201 POST http://10.180.1.21/identity/v3/users 0.086s
2025-12-10 06:19:16.342 65818 INFO tempest.lib.common.rest_client [req-f98d16ae-3933-4a8d-a711-a7299073be63 req-f98d16ae-3933-4a8d-a711-a7299073be63 ] Request (ServersTestJSON:setUpClass): 201 POST http://10.180.1.21/identity/v3/users 0.095s
2025-12-10 06:19:16.360 65808 INFO tempest.lib.common.rest_client [req-f4daef33-3d77-4d58-a90c-f951b264ab86 req-f4daef33-3d77-4d58-a90c-f951b264ab86 ] Request (ServerPasswordTestJSON:test_delete_server_password): 204 DELETE http://10.180.1.21/compute/v2.1/servers/346b21e9-abf9-4187-9b5e-d6c7d13eb210/os-server-password 4.300s
2025-12-10 06:19:16.366 65810 INFO tempest.lib.common.rest_client [req-295a5acb-3a49-466f-9016-1971a8443ed1 req-295a5acb-3a49-466f-9016-1971a8443ed1 ] Request (ServersAdmin275Test:setUpClass): 200 GET http://10.180.1.21/identity/v3/roles 0.026s
2025-12-10 06:19:16.370 65818 INFO tempest.lib.common.rest_client [req-2e6e543c-2cfd-4ccb-b60a-06374140542b req-2e6e543c-2cfd-4ccb-b60a-06374140542b ] Request (ServersTestJSON:setUpClass): 200 GET http://10.180.1.21/identity/v3/roles 0.028s
2025-12-10 06:19:16.396 65810 INFO tempest.lib.common.rest_client [req-10f20f42-bccc-4346-98a3-1424b96de240 req-10f20f42-bccc-4346-98a3-1424b96de240 ] Request (ServersAdmin275Test:setUpClass): 204 PUT http://10.180.1.21/identity/v3/projects/d79537809b7b43f19469bf4763ed900e/users/cda7af60e37548f1b7e72abd47747f4c/roles/b985928c232747a1b9792d52aa2c6952 0.029s
2025-12-10 06:19:16.411 65818 INFO tempest.lib.common.rest_client [req-109dd171-7096-429f-b2da-f81f60fcf0ed req-109dd171-7096-429f-b2da-f81f60fcf0ed ] Request (ServersTestJSON:setUpClass): 204 PUT http://10.180.1.21/identity/v3/projects/03125cf3e3194899947dbe65edbccfb5/users/a2571ee3eb094c43a34ab6a3d9482580/roles/ca9af0ced4344b1085fa21469ae2b6a4 0.040s
2025-12-10 06:19:16.411 65818 INFO tempest.lib.common.dynamic_creds [-] Dynamic test user a2571ee3eb094c43a34ab6a3d9482580 is created with scope project and roles: ['reader']
2025-12-10 06:19:16.411 65818 INFO tempest.lib.common.dynamic_creds [-] Acquired dynamic creds: credentials: Credentials: {'domain_id': 'default', 'domain_name': 'Default', 'username': 'tempest-ServersTestJSON-1013925504-project-reader', 'project_domain_id': 'default', 'project_domain_name': 'Default', 'project_id': '03125cf3e3194899947dbe65edbccfb5', 'project_name': 'tempest-ServersTestJSON-1013925504', 'tenant_id': '03125cf3e3194899947dbe65edbccfb5', 'tenant_name': 'tempest-ServersTestJSON-1013925504', 'user_domain_id': 'default', 'user_domain_name': 'Default', 'user_id': 'a2571ee3eb094c43a34ab6a3d9482580', 'system': None}, Network: None, Subnet: None, Router: None
2025-12-10 06:19:16.411 65818 INFO tempest.lib.common.dynamic_creds [-] Network resources are not created for requested scope: project and credentials: Credentials: {'domain_id': 'default', 'domain_name': 'Default', 'username': 'tempest-ServersTestJSON-1013925504-project-reader', 'project_domain_id': 'default', 'project_domain_name': 'Default', 'project_id': '03125cf3e3194899947dbe65edbccfb5', 'project_name': 'tempest-ServersTestJSON-1013925504', 'tenant_id': '03125cf3e3194899947dbe65edbccfb5', 'tenant_name': 'tempest-ServersTestJSON-1013925504', 'user_domain_id': 'default', 'user_domain_name': 'Default', 'user_id': 'a2571ee3eb094c43a34ab6a3d9482580', 'system': None}, Network: None, Subnet: None, Router: None
2025-12-10 06:19:16.483 65802 INFO tempest.lib.common.rest_client [req-1ca65648-6d7f-4896-a26a-8748722a64b8 req-1ca65648-6d7f-4896-a26a-8748722a64b8 ] Request (ServerDiskConfigTestJSON:test_rebuild_server_with_manual_disk_config): 200 GET http://10.180.1.21/compute/v2.1/servers/2f4e3c46-b0ef-4b84-9d34-8629687e631e 4.047s
2025-12-10 06:19:16.490 65810 INFO tempest.lib.common.rest_client [req-18549cb0-5702-48e0-b0d9-a01a552151ab req-18549cb0-5702-48e0-b0d9-a01a552151ab ] Request (ServersAdmin275Test:setUpClass): 200 GET http://10.180.1.21/identity/v3/roles 0.093s
2025-12-10 06:19:16.499 65818 INFO tempest.lib.common.rest_client [req-1bc39ea5-6877-4e04-b0ab-9301a166408a req-1bc39ea5-6877-4e04-b0ab-9301a166408a ] Request (ServersTestJSON:setUpClass): 201 POST http://10.180.1.21/identity/v3/auth/tokens 0.083s
2025-12-10 06:19:16.522 65810 INFO tempest.lib.common.rest_client [req-743a86f8-a727-49ed-a6c0-3ee75415a0b3 req-743a86f8-a727-49ed-a6c0-3ee75415a0b3 ] Request (ServersAdmin275Test:setUpClass): 204 PUT http://10.180.1.21/identity/v3/projects/d79537809b7b43f19469bf4763ed900e/users/cda7af60e37548f1b7e72abd47747f4c/roles/b985928c232747a1b9792d52aa2c6952 0.031s
2025-12-10 06:19:16.523 65810 INFO tempest.lib.common.dynamic_creds [-] Dynamic test user cda7af60e37548f1b7e72abd47747f4c is created with scope project and roles: ['admin']
2025-12-10 06:19:16.523 65810 INFO tempest.lib.common.dynamic_creds [-] Acquired dynamic creds: credentials: Credentials: {'domain_id': 'default', 'domain_name': 'Default', 'username': 'tempest-ServersAdmin275Test-1466719614-project-admin', 'project_domain_id': 'default', 'project_domain_name': 'Default', 'project_id': 'd79537809b7b43f19469bf4763ed900e', 'project_name': 'tempest-ServersAdmin275Test-1466719614', 'tenant_id': 'd79537809b7b43f19469bf4763ed900e', 'tenant_name': 'tempest-ServersAdmin275Test-1466719614', 'user_domain_id': 'default', 'user_domain_name': 'Default', 'user_id': 'cda7af60e37548f1b7e72abd47747f4c', 'system': None}, Network: None, Subnet: None, Router: None
2025-12-10 06:19:16.523 65810 INFO tempest.lib.common.dynamic_creds [-] Created isolated network resources for: credentials: Credentials: {'domain_id': 'default', 'domain_name': 'Default', 'username': 'tempest-ServersAdmin275Test-1466719614-project-admin', 'project_domain_id': 'default', 'project_domain_name': 'Default', 'project_id': 'd79537809b7b43f19469bf4763ed900e', 'project_name': 'tempest-ServersAdmin275Test-1466719614', 'tenant_id': 'd79537809b7b43f19469bf4763ed900e', 'tenant_name': 'tempest-ServersAdmin275Test-1466719614', 'user_domain_id': 'default', 'user_domain_name': 'Default', 'user_id': 'cda7af60e37548f1b7e72abd47747f4c', 'system': None}, Network: None, Subnet: None, Router: None
2025-12-10 06:19:16.538 65822 INFO tempest.lib.common.rest_client [req-521f7839-577d-4eed-9b60-0d9bb8ce3fe1 req-521f7839-577d-4eed-9b60-0d9bb8ce3fe1 ] Request (SecurityGroupRulesTestJSON:tearDownClass): 202 DELETE http://10.180.1.21/compute/v2.1/os-security-groups/108833b7-e670-41da-a0a1-05dc3d214a23 4.436s
2025-12-10 06:19:16.588 65818 INFO tempest.lib.common.rest_client [req-5449fc22-e5bf-4881-b56c-191a81a6c954 req-5449fc22-e5bf-4881-b56c-191a81a6c954 ] Request (ServersTestJSON:test_create_server_specify_multibyte_character_name): 201 POST http://10.180.1.21/identity/v3/auth/tokens 0.085s
2025-12-10 06:19:16.589 65818 INFO tempest.lib.common.fixed_network [-] (ServersTestJSON:test_create_server_specify_multibyte_character_name) Found network {'id': '545da018-97cf-4af5-8096-3565b9d6b996', 'name': 'tempest-ServersTestJSON-2062833179-network', 'tenant_id': '03125cf3e3194899947dbe65edbccfb5', 'project_id': '03125cf3e3194899947dbe65edbccfb5', 'admin_state_up': True, 'mtu': 8950, 'status': 'ACTIVE', 'subnets': [], 'shared': False, 'port_security_enabled': True, 'router:external': False, 'provider:network_type': 'vlan', 'provider:physical_network': 'default', 'provider:segmentation_id': 20, 'availability_zone_hints': [], 'availability_zones': [], 'ipv4_address_scope': None, 'ipv6_address_scope': None, 'description': '', 'tags': [], 'created_at': '2025-12-10T06:19:13Z', 'updated_at': '2025-12-10T06:19:13Z', 'revision_number': 1} available for tenant
2025-12-10 06:19:16.612 65810 INFO tempest.lib.common.rest_client [req-e5c28bb1-49af-4f56-85f1-539641a090d7 req-e5c28bb1-49af-4f56-85f1-539641a090d7 ] Request (ServersAdmin275Test:setUpClass): 201 POST http://10.180.1.21/identity/v3/auth/tokens 0.086s
2025-12-10 06:19:16.697 65810 INFO tempest.lib.common.rest_client [req-99c12d05-2bcb-4870-b8b0-b5d8625e9835 req-99c12d05-2bcb-4870-b8b0-b5d8625e9835 ] Request (ServersAdmin275Test:test_rebuild_update_server_275): 201 POST http://10.180.1.21/identity/v3/auth/tokens 0.080s
2025-12-10 06:19:16.698 65810 INFO tempest.lib.common.fixed_network [-] (ServersAdmin275Test:test_rebuild_update_server_275) Found network None available for tenant
2025-12-10 06:19:16.736 65796 INFO tempest.lib.common.rest_client [req-e0f38b60-4188-48a7-a51c-784a18b3c852 req-e0f38b60-4188-48a7-a51c-784a18b3c852 ] Request (ServersTestMultiNic:test_verify_multiple_nics_order): 200 GET http://10.180.1.21/compute/v2.1/servers/35ee31c3-464c-4787-9a94-68126b8664ee 4.226s
2025-12-10 06:19:16.777 65832 INFO tempest.lib.common.rest_client [req-8a548e2d-de6c-41d5-be81-651cfb63fee9 req-8a548e2d-de6c-41d5-be81-651cfb63fee9 ] Request (ListImageFiltersTestJSON:setUpClass): 200 GET http://10.180.1.21/compute/v2.1/servers/5c0fe3ea-a40e-4564-bc30-17542cc43e47 4.273s
2025-12-10 06:19:16.792 65832 INFO tempest.common.waiters [-] State transition "BUILD/None" ==> "BUILD/spawning" after 19 second wait
2025-12-10 06:19:16.852 65838 INFO tempest.lib.common.rest_client [req-caa6002d-04fd-4deb-b34a-1e3e358a68e1 req-caa6002d-04fd-4deb-b34a-1e3e358a68e1 ] Request (ServerAddressesNegativeTestJSON:tearDownClass): 200 GET http://10.180.1.21/compute/v2.1/servers/fcb16298-1c75-4a25-8a9b-f23e6b959c11 4.275s
2025-12-10 06:19:16.930 65826 INFO tempest.lib.common.rest_client [req-5786f571-88c0-4e60-89fe-915b47e40275 req-5786f571-88c0-4e60-89fe-915b47e40275 ] Request (DeleteServersAdminTestJSON:test_delete_server_while_in_error_state): 202 POST http://10.180.1.21/compute/v2.1/servers/d040886e-f1c0-4a42-bb26-8c4fd14349e0/action 3.751s
2025-12-10 06:19:16.988 65853 INFO tempest.lib.common.rest_client [req-7a532989-1bd6-4ab7-a0ea-9862d26d0260 req-7a532989-1bd6-4ab7-a0ea-9862d26d0260 ] Request (QuotasAdminNegativeTest:_run_cleanups): 200 PUT http://10.180.1.21/compute/v2.1/os-quota-sets/daa9e8a103bc4a53878743d0ac9aab4e 3.954s
2025-12-10 06:19:17.062 65824 INFO tempest.lib.common.rest_client [req-db3794d2-d795-45dd-ae7b-6af587cb3e22 req-db3794d2-d795-45dd-ae7b-6af587cb3e22 ] Request (FloatingIPsAssociationTestJSON:test_associate_already_associated_floating_ip): 200 GET http://10.180.1.21/compute/v2.1/servers/fbab546d-afea-45ce-ac99-3e91c77352a8 3.448s
2025-12-10 06:19:17.074 65824 INFO tempest.common.waiters [-] State transition "BUILD/spawning" ==> "ACTIVE/None" after 28 second wait
2025-12-10 06:19:17.089 65836 INFO tempest.lib.common.rest_client [req-1c0db78d-17d2-49a8-a2e1-45cdc1cb38c3 req-1c0db78d-17d2-49a8-a2e1-45cdc1cb38c3 ] Request (ImagesDeleteNegativeTestJSON:test_delete_image_negative_image_id): 404 DELETE http://10.180.1.21/compute/v2.1/images/-1 3.332s
2025-12-10 06:19:17.102 65798 INFO tempest.lib.common.rest_client [req-b3bab01e-956e-4ced-ac31-795cb795c3d5 req-b3bab01e-956e-4ced-ac31-795cb795c3d5 ] Request (FlavorsAdminTestJSON:test_create_server_with_non_public_flavor): 400 POST http://10.180.1.21/compute/v2.1/servers 3.322s
2025-12-10 06:19:17.115 65814 INFO tempest.lib.common.rest_client [req-24ed306f-151c-4483-ad00-8d4ff1c8ff66 req-24ed306f-151c-4483-ad00-8d4ff1c8ff66 ] Request (AggregatesAdminNegativeTestJSON:test_aggregate_delete_with_invalid_id): 404 DELETE http://10.180.1.21/compute/v2.1/os-aggregates/-1 3.277s
2025-12-10 06:19:17.211 65816 INFO tempest.lib.common.rest_client [req-0f551642-d7f4-49b7-ac94-f38b1a47ad2b req-0f551642-d7f4-49b7-ac94-f38b1a47ad2b ] Request (QuotasAdminTestJSON:test_get_default_quotas): 200 GET http://10.180.1.21/compute/v2.1/os-quota-sets/d8bc6fc286fb443fa2e7cfb9e7b6e968/defaults 3.123s
2025-12-10 06:19:17.241 65816 INFO tempest.lib.common.rest_client [req-46a8d61a-a034-4120-9ec8-6903501446ab req-46a8d61a-a034-4120-9ec8-6903501446ab ] Request (QuotasAdminTestJSON:test_get_updated_quotas): 200 GET http://10.180.1.21/identity/v3/domains?name=Default 0.026s
2025-12-10 06:19:17.271 65816 INFO tempest.lib.common.rest_client [req-fac2cabe-acbc-47d3-99c3-f4c6bdffa655 req-fac2cabe-acbc-47d3-99c3-f4c6bdffa655 ] Request (QuotasAdminTestJSON:test_get_updated_quotas): 201 POST http://10.180.1.21/identity/v3/projects 0.029s
2025-12-10 06:19:17.327 65816 INFO tempest.lib.common.rest_client [req-eba0ae40-4ecb-4e01-ba77-ae802e99a322 req-eba0ae40-4ecb-4e01-ba77-ae802e99a322 ] Request (QuotasAdminTestJSON:test_get_updated_quotas): 200 GET http://10.180.1.21/identity/v3/domains?name=Default 0.055s
2025-12-10 06:19:17.371 65800 INFO tempest.lib.common.rest_client [req-e6f2cd15-16a5-44da-8026-c72148839ec7 req-e6f2cd15-16a5-44da-8026-c72148839ec7 ] Request (FloatingIPDetailsTestJSON:tearDownClass): 202 DELETE http://10.180.1.21/compute/v2.1/os-floating-ips/d6b6595c-f8f5-418b-9917-d8e40b0238f5 3.739s
2025-12-10 06:19:17.463 65846 INFO tempest.lib.common.rest_client [req-fdc7529f-e402-4f42-b24a-e41dda98decb req-fdc7529f-e402-4f42-b24a-e41dda98decb ] Request (AttachInterfacesV270Test:tearDownClass): 204 DELETE http://10.180.1.21/compute/v2.1/servers/46a83f91-18b0-44fa-8acf-c98b74a41d8b 2.609s
2025-12-10 06:19:18.178 65800 INFO tempest.lib.common.rest_client [req-974738a6-7329-4be0-9dee-065ecda5e030 req-974738a6-7329-4be0-9dee-065ecda5e030 ] Request (FloatingIPDetailsTestJSON:tearDownClass): 200 PUT http://10.180.1.21/networking/v2.0/routers/ec3f8ffd-853f-4743-b543-3971d9426c7b/remove_router_interface 0.806s
2025-12-10 06:19:18.213 65790 INFO tempest.lib.common.rest_client [req-25589e84-c2be-470c-a3df-1b8f628c3347 req-25589e84-c2be-470c-a3df-1b8f628c3347 ] Request (TenantUsagesTestJSON:setUpClass): 200 GET http://10.180.1.21/compute/v2.1/servers/fe747179-da7e-4cb5-8a12-73c805914d95 3.976s
2025-12-10 06:19:18.224 65790 INFO tempest.common.waiters [-] State transition "BUILD/None" ==> "BUILD/spawning" after 19 second wait
2025-12-10 06:19:18.231 65830 INFO tempest.lib.common.rest_client [req-ad03a9f9-42fe-4917-8e90-a1974e21b1b2 req-ad03a9f9-42fe-4917-8e90-a1974e21b1b2 ] Request (ServersAdminNegativeTestJSON:setUpClass): 200 GET http://10.180.1.21/compute/v2.1/servers/3664084b-a841-4597-8d4d-40d2d1fa5af9 3.059s
2025-12-10 06:19:18.246 65848 INFO tempest.lib.common.rest_client [req-b590140f-1623-4de2-a5cb-e92f45d97981 req-b590140f-1623-4de2-a5cb-e92f45d97981 ] Request (FlavorsAccessNegativeTestJSON:test_remove_flavor_access_not_found): 200 POST http://10.180.1.21/compute/v2.1/flavors 2.587s
2025-12-10 06:19:18.266 65812 INFO tempest.lib.common.rest_client [req-9854c6cc-b5ec-4f9c-86cd-64900c3858f0 req-9854c6cc-b5ec-4f9c-86cd-64900c3858f0 ] Request (ServicesAdminNegativeV253TestJSON:test_get_service_by_invalid_params): 200 GET http://10.180.1.21/compute/v2.1/os-services?xxx=nova-compute 2.583s
2025-12-10 06:19:18.415 65804 INFO tempest.lib.common.rest_client [req-c24a2263-c3eb-4318-8494-446a41ad5fd3 req-c24a2263-c3eb-4318-8494-446a41ad5fd3 ] Request (SecurityGroupsTestAdminJSON:_run_cleanups): 202 DELETE http://10.180.1.21/compute/v2.1/os-security-groups/bf4e9c53-0065-4c29-b804-e7d534e2036e 2.782s
2025-12-10 06:19:18.443 65828 INFO tempest.lib.common.rest_client [req-440f02be-5667-4d81-b5b2-4cc54b4aa5db req-440f02be-5667-4d81-b5b2-4cc54b4aa5db ] Request (AttachVolumeNegativeTest:test_attach_attached_volume_to_different_server): 200 GET http://10.180.1.21/compute/v2.1/servers/7d897905-2eff-42c8-8df0-e9db314783b4 2.673s
2025-12-10 06:19:18.453 65828 INFO tempest.common.waiters [-] State transition "BUILD/None" ==> "BUILD/networking" after 18 second wait
2025-12-10 06:19:18.514 65792 INFO tempest.lib.common.rest_client [req-b69fc7b3-5c3a-40aa-b261-a2f9a99787b9 req-b69fc7b3-5c3a-40aa-b261-a2f9a99787b9 ] Request (ImagesTestJSON:_run_cleanups): 204 DELETE http://10.180.1.21/compute/v2.1/servers/aaacd065-bbdf-438d-a81b-17aa6d3a5822 2.675s
2025-12-10 06:19:18.600 65800 INFO tempest.lib.common.rest_client [req-e199b23a-7788-4a2f-bae2-6c2527e1b2d4 req-e199b23a-7788-4a2f-bae2-6c2527e1b2d4 ] Request (FloatingIPDetailsTestJSON:tearDownClass): 204 DELETE http://10.180.1.21/networking/v2.0/routers/ec3f8ffd-853f-4743-b543-3971d9426c7b 0.422s
2025-12-10 06:19:18.622 65792 INFO tempest.lib.common.rest_client [req-c3c29cd9-5e83-4fea-b81d-2f90cc29f784 req-c3c29cd9-5e83-4fea-b81d-2f90cc29f784 ] Request (ImagesTestJSON:test_create_image_from_suspended_server): 201 POST http://10.180.1.21/identity/v3/auth/tokens 0.102s
2025-12-10 06:19:18.623 65792 INFO tempest.lib.common.fixed_network [-] (ImagesTestJSON:test_create_image_from_suspended_server) Found network {'id': '581d36b6-bcc9-4acd-a1aa-96299a0ea5d1', 'name': 'tempest-ImagesTestJSON-2093350799-network', 'tenant_id': '97d93d0c71874839b67661f0ec4e8570', 'project_id': '97d93d0c71874839b67661f0ec4e8570', 'admin_state_up': True, 'mtu': 8950, 'status': 'ACTIVE', 'subnets': [], 'shared': False, 'port_security_enabled': True, 'router:external': False, 'provider:network_type': 'vlan', 'provider:physical_network': 'default', 'provider:segmentation_id': 860, 'availability_zone_hints': [], 'availability_zones': [], 'ipv4_address_scope': None, 'ipv6_address_scope': None, 'description': '', 'tags': [], 'created_at': '2025-12-10T06:17:51Z', 'updated_at': '2025-12-10T06:17:51Z', 'revision_number': 1} available for tenant
2025-12-10 06:19:18.662 65794 INFO tempest.lib.common.rest_client [req-78f19003-3bb3-4d70-b194-1a0da6b3425f req-78f19003-3bb3-4d70-b194-1a0da6b3425f ] Request (ImagesNegativeTestJSON:test_create_image_from_deleted_server): 200 GET http://10.180.1.21/compute/v2.1/servers/38ac101e-8d01-4c8f-8263-45bda2c0cdbb 2.733s
2025-12-10 06:19:18.926 65800 INFO tempest.lib.common.rest_client [req-1060af8b-835a-44c7-9b2a-ac7e56250eb7 req-1060af8b-835a-44c7-9b2a-ac7e56250eb7 ] Request (FloatingIPDetailsTestJSON:tearDownClass): 204 DELETE http://10.180.1.21/networking/v2.0/subnets/286e4384-e967-425c-aa22-0f8335e8e80b 0.325s
2025-12-10 06:19:19.310 65800 INFO tempest.lib.common.rest_client [req-35066872-794b-4276-9368-6714c3938a4e req-35066872-794b-4276-9368-6714c3938a4e ] Request (FloatingIPDetailsTestJSON:tearDownClass): 204 DELETE http://10.180.1.21/networking/v2.0/networks/3d438a29-a08f-46e9-b88e-027c020c3eb8 0.383s
2025-12-10 06:19:19.330 65834 INFO tempest.lib.common.rest_client [req-161002d9-3fd9-498c-ba51-cc9642791e21 req-161002d9-3fd9-498c-ba51-cc9642791e21 ] Request (ImagesOneServerNegativeTestJSON:test_create_second_image_when_first_image_is_being_saved): 202 POST http://10.180.1.21/compute/v2.1/servers/fac873bd-3aeb-4d75-83c6-05eaebc00111/action 2.998s
2025-12-10 06:19:19.365 65808 INFO tempest.lib.common.rest_client [req-713c3abb-8f83-4d49-afc4-58468050a3c9 req-713c3abb-8f83-4d49-afc4-58468050a3c9 ] Request (ServerPasswordTestJSON:test_get_server_password): 200 GET http://10.180.1.21/compute/v2.1/servers/346b21e9-abf9-4187-9b5e-d6c7d13eb210/os-server-password 3.004s
2025-12-10 06:19:19.447 65800 INFO tempest.lib.common.rest_client [req-14ac274e-db75-4294-827f-a4008aaaabd9 req-14ac274e-db75-4294-827f-a4008aaaabd9 ] Request (FloatingIPDetailsTestJSON:tearDownClass): 204 DELETE http://10.180.1.21/identity/v3/users/f6d679bc39ae40449fc5622bf5d7d429 0.136s
2025-12-10 06:19:19.447 65800 INFO tempest.lib.common.dynamic_creds [-] Deleting project and security group for project: aaa1eaf325d249a8986d6dfde5efb118
2025-12-10 06:19:19.490 65788 INFO tempest.lib.common.rest_client [req-d7ac8db6-1d71-417f-9ea0-c64d023b25c6 req-d7ac8db6-1d71-417f-9ea0-c64d023b25c6 ] Request (FloatingIPsAssociationNegativeTestJSON:test_associate_ip_to_server_with_floating_ip): 400 POST http://10.180.1.21/compute/v2.1/servers/60529019-b957-4835-889c-0acfa054b606/action 3.504s
2025-12-10 06:19:19.631 65800 INFO tempest.lib.common.rest_client [req-8b927962-adb1-4cc9-bd82-01ace67a9971 req-8b927962-adb1-4cc9-bd82-01ace67a9971 ] Request (FloatingIPDetailsTestJSON:tearDownClass): 200 GET http://10.180.1.21/networking/v2.0/security-groups?tenant_id=aaa1eaf325d249a8986d6dfde5efb118&name=default 0.184s
2025-12-10 06:19:20.278 65822 INFO tempest.lib.common.rest_client [req-bab652a6-6945-482b-b5d8-20e1a7c70d23 req-bab652a6-6945-482b-b5d8-20e1a7c70d23 ] Request (SecurityGroupRulesTestJSON:tearDownClass): 202 DELETE http://10.180.1.21/compute/v2.1/os-security-groups/58041a67-32e3-4b5d-b271-fd59b016d8b1 3.740s
2025-12-10 06:19:20.351 65800 INFO tempest.lib.common.rest_client [req-97fe5460-2477-436a-b0a2-83e673a4616a req-97fe5460-2477-436a-b0a2-83e673a4616a ] Request (FloatingIPDetailsTestJSON:tearDownClass): 204 DELETE http://10.180.1.21/networking/v2.0/security-groups/a6c4859b-effd-44b1-a819-f67c950a77bd 0.719s
2025-12-10 06:19:20.483 65810 INFO tempest.lib.common.rest_client [req-a784327a-e8bf-4490-bf8d-e941a4c14d0b req-a784327a-e8bf-4490-bf8d-e941a4c14d0b ] Request (ServersAdmin275Test:test_rebuild_update_server_275): 202 POST http://10.180.1.21/compute/v2.1/servers 3.784s
2025-12-10 06:19:20.498 65800 INFO tempest.lib.common.rest_client [req-9eee7608-9fff-47bc-ab0a-b576506024fc req-9eee7608-9fff-47bc-ab0a-b576506024fc ] Request (FloatingIPDetailsTestJSON:tearDownClass): 204 DELETE http://10.180.1.21/identity/v3/projects/aaa1eaf325d249a8986d6dfde5efb118 0.147s
2025-12-10 06:19:20.591 65800 INFO tempest.lib.common.rest_client [req-2f572762-05e2-4fdd-ae83-9d5a89f26c9c req-2f572762-05e2-4fdd-ae83-9d5a89f26c9c ] Request (ServerActionsV293TestJSON:setUpClass): 201 POST http://10.180.1.21/identity/v3/auth/tokens 0.090s
2025-12-10 06:19:20.602 65820 WARNING tempest.lib.common.ssh [-] Failed to establish authenticated ssh connection to cirros@10.180.180.246 ([Errno None] Unable to connect to port 22 on 10.180.180.246). Number attempts: 5. Retry after 6 seconds.: paramiko.ssh_exception.NoValidConnectionsError: [Errno None] Unable to connect to port 22 on 10.180.180.246
2025-12-10 06:19:20.626 65800 INFO tempest.lib.common.rest_client [req-1dcd341d-ba0f-4edd-9e5e-338b147ac3f9 req-1dcd341d-ba0f-4edd-9e5e-338b147ac3f9 ] Request (ServerActionsV293TestJSON:setUpClass): 201 POST http://10.180.1.21/identity/v3/auth/tokens 0.033s
2025-12-10 06:19:20.655 65800 INFO tempest.lib.common.rest_client [req-41467bff-4fba-4753-afa9-42e91f8a94a4 req-41467bff-4fba-4753-afa9-42e91f8a94a4 ] Request (ServerActionsV293TestJSON:setUpClass): 200 GET http://10.180.1.21/identity/v3/domains?name=Default 0.029s
2025-12-10 06:19:20.694 65800 INFO tempest.lib.common.rest_client [req-a349dada-be1f-410a-bb68-2ebb4d064df3 req-a349dada-be1f-410a-bb68-2ebb4d064df3 ] Request (ServerActionsV293TestJSON:setUpClass): 201 POST http://10.180.1.21/identity/v3/projects 0.037s
2025-12-10 06:19:20.821 65800 INFO tempest.lib.common.rest_client [req-ae97170d-9881-4679-8044-f9a97c12825f req-ae97170d-9881-4679-8044-f9a97c12825f ] Request (ServerActionsV293TestJSON:setUpClass): 201 POST http://10.180.1.21/identity/v3/users 0.126s
2025-12-10 06:19:20.854 65800 INFO tempest.lib.common.rest_client [req-033d89fb-7150-492a-bb18-37c8899c6329 req-033d89fb-7150-492a-bb18-37c8899c6329 ] Request (ServerActionsV293TestJSON:setUpClass): 200 GET http://10.180.1.21/identity/v3/roles 0.033s
2025-12-10 06:19:20.905 65800 INFO tempest.lib.common.rest_client [req-4e594699-9e77-4291-a1a3-33ef43031039 req-4e594699-9e77-4291-a1a3-33ef43031039 ] Request (ServerActionsV293TestJSON:setUpClass): 204 PUT http://10.180.1.21/identity/v3/projects/ec75d562a61e496ea3de5b67d73a9871/users/db6eacc3349d4d3fb388d8429247fa02/roles/308e781808aa47d5bea9dc3ef365a155 0.051s
2025-12-10 06:19:20.906 65800 INFO tempest.lib.common.dynamic_creds [-] Dynamic test user db6eacc3349d4d3fb388d8429247fa02 is created with scope project and roles: ['member']
