2025-12-10 13:26:30.234 65991 INFO tempest.lib.common.rest_client [req-71bbb735-742b-46d1-9351-4c2ca19ba10e req-71bbb735-742b-46d1-9351-4c2ca19ba10e ] Request (FlavorsExtraSpecsTestJSON:test_flavor_non_admin_get_specific_key): 200 GET http://10.180.1.21/compute/v2.1/flavors/399421522/os-extra_specs/hw:numa_nodes 4.563s
2025-12-10 13:26:30.244 65966 INFO tempest.lib.common.rest_client [req-8961b10a-86e6-47ec-91a6-24aba55468e2 req-8961b10a-86e6-47ec-91a6-24aba55468e2 ] Request (HostsAdminNegativeTestJSON:test_show_host_detail_with_nonexistent_hostname): 404 GET http://10.180.1.21/compute/v2.1/os-hosts/nonexistent_hostname 4.567s
2025-12-10 13:26:30.341 65980 INFO tempest.lib.common.rest_client [req-17544f82-68ed-4d89-9b15-aff0546223ae req-17544f82-68ed-4d89-9b15-aff0546223ae ] Request (SecurityGroupsTestAdminJSON:test_list_security_groups_list_all_tenants_filter): 200 GET http://10.180.1.21/compute/v2.1/os-security-groups?all_tenants=true 6.316s
2025-12-10 13:26:30.358 65982 INFO tempest.lib.common.rest_client [req-562cd40e-8b25-4a66-9658-332ebcba93b1 req-562cd40e-8b25-4a66-9658-332ebcba93b1 ] Request (KeyPairsV22TestJSON:_run_cleanups): 204 DELETE http://10.180.1.21/compute/v2.1/os-keypairs/tempest-keypair-1175932238 4.495s
2025-12-10 13:26:30.444 65975 INFO tempest.lib.common.rest_client [req-0539b121-05a4-4aa7-99e5-3786db6c225a req-0539b121-05a4-4aa7-99e5-3786db6c225a ] Request (MigrationsAdminTest:test_list_migrations_in_flavor_resize_situation): 200 GET http://10.180.1.21/compute/v2.1/servers/50c42a1a-8515-49cf-ae46-2b354191c914 4.750s
2025-12-10 13:26:30.451 65975 INFO tempest.common.waiters [-] State transition "BUILD/None" ==> "BUILD/spawning" after 6 second wait
2025-12-10 13:26:30.460 65961 INFO tempest.lib.common.rest_client [req-efc2538e-bf66-4264-a5ce-0611f84e1181 req-efc2538e-bf66-4264-a5ce-0611f84e1181 ] Request (FlavorsAccessNegativeTestJSON:_run_cleanups): 202 DELETE http://10.180.1.21/compute/v2.1/flavors/15596825 4.388s
2025-12-10 13:26:30.536 65968 INFO tempest.lib.common.rest_client [req-62940293-03b5-4930-9dbf-53e8b7c55b39 req-62940293-03b5-4930-9dbf-53e8b7c55b39 ] Request (QuotasAdminTestV236:test_get_updated_quotas): 200 PUT http://10.180.1.21/compute/v2.1/os-quota-sets/3ca29bbe1b2a4bd187e15ebc08e618f7 4.612s
2025-12-10 13:26:30.622 65962 INFO tempest.lib.common.rest_client [req-775ef0a9-9f00-44e5-bb54-f239dd5a2c3e req-775ef0a9-9f00-44e5-bb54-f239dd5a2c3e ] Request (ImagesNegativeTestJSON:test_create_image_from_deleted_server): 200 GET http://10.180.1.21/compute/v2.1/servers/ba68b85e-fd4c-4b6f-a422-9daa34a85f19 4.488s
2025-12-10 13:26:30.630 65962 INFO tempest.common.waiters [-] State transition "BUILD/None" ==> "BUILD/spawning" after 5 second wait
2025-12-10 13:26:30.685 65944 INFO tempest.lib.common.rest_client [req-797f85f0-ae55-494d-ba9a-4eed0fea1315 req-797f85f0-ae55-494d-ba9a-4eed0fea1315 ] Request (SecurityGroupsTestJSON:test_list_security_groups_by_server): 200 GET http://10.180.1.21/compute/v2.1/servers/fcc19893-9d39-499a-8218-f346f7efcdcb 3.950s
2025-12-10 13:26:30.763 65950 INFO tempest.lib.common.rest_client [req-7ad94d77-8a5b-40cc-89c8-356881c2e4db req-7ad94d77-8a5b-40cc-89c8-356881c2e4db ] Request (ImagesMetadataTestJSON:setUp): 200 PUT http://10.180.1.21/compute/v2.1/images/03a449ef-21d8-4e8e-88e3-ba1e16b017a3/metadata 4.111s
2025-12-10 13:26:30.787 65940 INFO tempest.lib.common.rest_client [req-ac0c0b95-1390-4468-869d-2d3106d0402d req-ac0c0b95-1390-4468-869d-2d3106d0402d ] Request (KeyPairsV2TestJSON:_run_cleanups): 202 DELETE http://10.180.1.21/compute/v2.1/os-keypairs/tempest-keypair-1322768836 3.831s
2025-12-10 13:26:30.792 65964 INFO tempest.lib.common.rest_client [req-ec04ab5c-39fd-4695-9d18-d320f726fa61 req-ec04ab5c-39fd-4695-9d18-d320f726fa61 ] Request (ServersAdminNegativeTestJSON:setUpClass): 200 GET http://10.180.1.21/compute/v2.1/servers/b24f5a1a-0f77-4380-9f7c-941a35e80fd5 3.953s
2025-12-10 13:26:30.819 65938 INFO tempest.lib.common.rest_client [req-39f2703b-2da4-4dd5-b6f2-e73d93208fe9 req-39f2703b-2da4-4dd5-b6f2-e73d93208fe9 ] Request (FlavorsV255TestJSON:_run_cleanups): 200 GET http://10.180.1.21/compute/v2.1/flavors/detail 3.809s
2025-12-10 13:26:30.915 65958 INFO tempest.lib.common.rest_client [req-59c0d346-dc62-4df0-bf08-b6b25e9b64dc req-59c0d346-dc62-4df0-bf08-b6b25e9b64dc ] Request (ServerDiagnosticsV248Test:test_get_server_diagnostics): 200 GET http://10.180.1.21/compute/v2.1/servers/b30b9170-d270-4059-b6eb-d41a7467550b 3.679s
2025-12-10 13:26:30.930 65986 INFO tempest.lib.common.rest_client [req-5e9aa118-da5e-4ac1-9525-5cc44a590a22 req-5e9aa118-da5e-4ac1-9525-5cc44a590a22 ] Request (ServicesAdminNegativeTestJSON:test_get_service_by_invalid_params): 200 GET http://10.180.1.21/compute/v2.1/os-services 3.780s
2025-12-10 13:26:30.951 65938 INFO tempest.lib.common.rest_client [req-2be377ee-2b83-4504-95a2-a39ed977a1f1 req-2be377ee-2b83-4504-95a2-a39ed977a1f1 ] Request (FlavorsV255TestJSON:tearDownClass): 204 DELETE http://10.180.1.21/identity/v3/users/695ae379789347438eaf596ddb73919e 0.120s
2025-12-10 13:26:31.077 65954 INFO tempest.lib.common.rest_client [req-e0cb320a-6fca-43b5-a2ce-11d23456516c req-e0cb320a-6fca-43b5-a2ce-11d23456516c ] Request (ServersAdmin275Test:test_rebuild_update_server_275): 200 GET http://10.180.1.21/compute/v2.1/servers/5443c301-11ca-495e-b7c2-444692b53dbe 3.662s
2025-12-10 13:26:31.077 65938 INFO tempest.lib.common.rest_client [req-70d02911-bd15-43e1-af0f-0353a6f3ff9e req-70d02911-bd15-43e1-af0f-0353a6f3ff9e ] Request (FlavorsV255TestJSON:tearDownClass): 204 DELETE http://10.180.1.21/identity/v3/users/87b9e1a5d24549a8aa6638b6decf04d7 0.125s
2025-12-10 13:26:31.078 65938 INFO tempest.lib.common.dynamic_creds [-] Deleting project and security group for project: 50ca8ff03dea49138af7160d90ae6c7a
2025-12-10 13:26:31.092 65954 INFO tempest.common.waiters [-] State transition "BUILD/spawning" ==> "ACTIVE/None" after 8 second wait
2025-12-10 13:26:31.112 65993 INFO tempest.lib.common.rest_client [req-86ea882a-611a-4793-84b4-2620b8a836dc req-86ea882a-611a-4793-84b4-2620b8a836dc ] Request (FlavorsAdminTestJSON:_run_cleanups): 202 DELETE http://10.180.1.21/compute/v2.1/flavors/1083536857 3.544s
2025-12-10 13:26:31.165 65938 INFO tempest.lib.common.rest_client [req-235b32dd-2a00-415b-a4c3-8c0612642fa3 req-235b32dd-2a00-415b-a4c3-8c0612642fa3 ] Request (FlavorsV255TestJSON:tearDownClass): 201 POST http://10.180.1.21/identity/v3/auth/tokens 0.087s
2025-12-10 13:26:31.283 65972 INFO tempest.lib.common.rest_client [req-f75929c2-9017-4e6c-b583-55df78755088 req-f75929c2-9017-4e6c-b583-55df78755088 ] Request (ServerDiagnosticsNegativeTest:test_get_server_diagnostics_by_non_admin): 200 GET http://10.180.1.21/compute/v2.1/servers/9287eb56-c02f-4f3f-8425-58a07dc05e69 3.668s
2025-12-10 13:26:31.408 65938 INFO tempest.lib.common.rest_client [req-22a72664-3810-4408-abe1-960adf222be1 req-22a72664-3810-4408-abe1-960adf222be1 ] Request (FlavorsV255TestJSON:tearDownClass): 200 GET http://10.180.1.21/networking/v2.0/security-groups?tenant_id=50ca8ff03dea49138af7160d90ae6c7a&name=default 0.243s
2025-12-10 13:26:31.464 65996 INFO tempest.lib.common.rest_client [req-163bcc11-2ca3-4f54-a766-ceacb162f8d7 req-163bcc11-2ca3-4f54-a766-ceacb162f8d7 ] Request (ImagesTestJSON:test_create_image_from_stopped_server): 200 GET http://10.180.1.21/compute/v2.1/servers/bdcb5b8d-9f98-41a3-aa53-a3e15c2d8407 3.697s
2025-12-10 13:26:31.563 65948 INFO tempest.lib.common.rest_client [req-671c4b5d-00cb-455e-9566-8af813c1db37 req-671c4b5d-00cb-455e-9566-8af813c1db37 ] Request (FloatingIPsTestJSON:_run_cleanups): 202 DELETE http://10.180.1.21/compute/v2.1/os-floating-ips/dce95a33-f93d-480d-a37c-0804831bc2fc 4.026s
2025-12-10 13:26:31.569 65938 INFO tempest.lib.common.rest_client [req-814be8ee-c3f4-42a3-89a2-757708ce87c4 req-814be8ee-c3f4-42a3-89a2-757708ce87c4 ] Request (FlavorsV255TestJSON:tearDownClass): 204 DELETE http://10.180.1.21/networking/v2.0/security-groups/88797175-20bb-4c32-bbbf-f03f412997f4 0.161s
2025-12-10 13:26:31.620 65984 INFO tempest.lib.common.rest_client [req-620d2bad-429b-4d02-9124-ed0804211f3e req-620d2bad-429b-4d02-9124-ed0804211f3e ] Request (HypervisorAdminV228Test:test_get_list_hypervisor_details): 200 GET http://10.180.1.21/compute/v2.1/os-hypervisors 3.744s
2025-12-10 13:26:31.646 65976 INFO tempest.lib.common.rest_client [req-cf0c6d87-718e-4ed9-a21a-16494ef74d06 req-cf0c6d87-718e-4ed9-a21a-16494ef74d06 ] Request (AggregatesAdminNegativeTestJSON:_run_cleanups): 200 DELETE http://10.180.1.21/compute/v2.1/os-aggregates/1 3.687s
2025-12-10 13:26:31.660 65938 INFO tempest.lib.common.rest_client [req-1295bea2-0afa-4f7d-bbf5-e93868f2e717 req-1295bea2-0afa-4f7d-bbf5-e93868f2e717 ] Request (FlavorsV255TestJSON:tearDownClass): 204 DELETE http://10.180.1.21/identity/v3/projects/50ca8ff03dea49138af7160d90ae6c7a 0.090s
2025-12-10 13:26:31.660 65938 INFO tempest.lib.common.dynamic_creds [-] Deleting project and security group for project: 80dd955936f2419e8698b258f6d4ecfb
2025-12-10 13:26:31.690 65952 INFO tempest.lib.common.rest_client [req-7c9af045-9add-47fc-b44a-533fb3bfcaab req-7c9af045-9add-47fc-b44a-533fb3bfcaab ] Request (ListImageFiltersTestJSON:setUpClass): 200 GET http://10.180.1.21/compute/v2.1/images/e266bbf6-2af5-4211-b9e6-5c687ee4fcc0 2.948s
2025-12-10 13:26:31.692 65956 INFO tempest.lib.common.rest_client [req-1ea5f4ba-67b6-46a9-9eca-7cd92c9b2eed req-1ea5f4ba-67b6-46a9-9eca-7cd92c9b2eed ] Request (DeleteServersAdminTestJSON:test_admin_delete_servers_of_others): 200 GET http://10.180.1.21/compute/v2.1/servers/155e58d8-d8f3-42fa-bf23-a5a88bfaf2aa 3.746s
2025-12-10 13:26:31.702 65956 INFO tempest.common.waiters [-] State transition "BUILD/spawning" ==> "ACTIVE/None" after 19 second wait
2025-12-10 13:26:31.862 65938 INFO tempest.lib.common.rest_client [req-2f566ec0-1606-4e74-952c-7fe28c0ae6d3 req-2f566ec0-1606-4e74-952c-7fe28c0ae6d3 ] Request (FlavorsV255TestJSON:tearDownClass): 200 GET http://10.180.1.21/networking/v2.0/security-groups?tenant_id=80dd955936f2419e8698b258f6d4ecfb&name=default 0.201s
2025-12-10 13:26:31.966 65994 INFO tempest.lib.common.rest_client [req-c2069a36-37eb-430e-9175-721b85d7624e req-c2069a36-37eb-430e-9175-721b85d7624e ] Request (ServersAaction247Test:test_create_backup): 202 POST http://10.180.1.21/compute/v2.1/servers 3.186s
2025-12-10 13:26:32.013 65938 INFO tempest.lib.common.rest_client [req-47fb29a6-d4cf-4540-95ad-15447e2db8b6 req-47fb29a6-d4cf-4540-95ad-15447e2db8b6 ] Request (FlavorsV255TestJSON:tearDownClass): 204 DELETE http://10.180.1.21/networking/v2.0/security-groups/479ab80b-8084-451f-ac25-623125738200 0.150s
2025-12-10 13:26:32.172 65938 INFO tempest.lib.common.rest_client [req-6ba0b725-ef83-4f01-b65b-0afd0a80f6bd req-6ba0b725-ef83-4f01-b65b-0afd0a80f6bd ] Request (FlavorsV255TestJSON:tearDownClass): 204 DELETE http://10.180.1.21/identity/v3/projects/80dd955936f2419e8698b258f6d4ecfb 0.158s
2025-12-10 13:26:32.173 65938 INFO tempest.test [-] raised in LiveAutoBlockMigrationV225Test.setUpClass. Invoking tearDownClass.
2025-12-10 13:26:32.242 65938 INFO tempest.lib.common.rest_client [req-c1d5dc57-d8eb-4236-9fed-fd5d8725a8d1 req-c1d5dc57-d8eb-4236-9fed-fd5d8725a8d1 ] Request (QuotasAdminTestJSON:setUpClass): 201 POST http://10.180.1.21/identity/v3/auth/tokens 0.067s
2025-12-10 13:26:32.307 65938 INFO tempest.lib.common.rest_client [req-0d3f5d42-7efa-488b-86e5-2f665f18672f req-0d3f5d42-7efa-488b-86e5-2f665f18672f ] Request (QuotasAdminTestJSON:setUpClass): 201 POST http://10.180.1.21/identity/v3/auth/tokens 0.059s
2025-12-10 13:26:32.342 65938 INFO tempest.lib.common.rest_client [req-e61aaef3-69c4-48bc-abf5-41283626e3d8 req-e61aaef3-69c4-48bc-abf5-41283626e3d8 ] Request (QuotasAdminTestJSON:setUpClass): 200 GET http://10.180.1.21/identity/v3/domains?name=Default 0.035s
2025-12-10 13:26:32.388 65938 INFO tempest.lib.common.rest_client [req-0b712b5e-03b5-41fe-8cf8-fa45c735afdf req-0b712b5e-03b5-41fe-8cf8-fa45c735afdf ] Request (QuotasAdminTestJSON:setUpClass): 201 POST http://10.180.1.21/identity/v3/projects 0.044s
2025-12-10 13:26:32.467 65938 INFO tempest.lib.common.rest_client [req-a70fc62f-823e-422f-b4a3-e4e3cf338bc2 req-a70fc62f-823e-422f-b4a3-e4e3cf338bc2 ] Request (QuotasAdminTestJSON:setUpClass): 201 POST http://10.180.1.21/identity/v3/users 0.078s
2025-12-10 13:26:32.494 65938 INFO tempest.lib.common.rest_client [req-69990524-5f16-4553-a8f5-e6648683cce9 req-69990524-5f16-4553-a8f5-e6648683cce9 ] Request (QuotasAdminTestJSON:setUpClass): 200 GET http://10.180.1.21/identity/v3/roles 0.026s
2025-12-10 13:26:32.531 65938 INFO tempest.lib.common.rest_client [req-f24fb10f-b313-453c-b922-3b4ea1649150 req-f24fb10f-b313-453c-b922-3b4ea1649150 ] Request (QuotasAdminTestJSON:setUpClass): 204 PUT http://10.180.1.21/identity/v3/projects/ef1cd73864d44273ac0f767fa4d5d029/users/37f9edfcc5504e41a85bd665cea7925d/roles/25932b77468e4e9b993fc4568fa57241 0.036s
2025-12-10 13:26:32.531 65938 INFO tempest.lib.common.dynamic_creds [-] Dynamic test user 37f9edfcc5504e41a85bd665cea7925d is created with scope project and roles: ['member']
2025-12-10 13:26:32.531 65938 INFO tempest.lib.common.dynamic_creds [-] Acquired dynamic creds: credentials: Credentials: {'domain_id': 'default', 'domain_name': 'Default', 'username': 'tempest-QuotasAdminTestJSON-142358905-project-member', 'project_domain_id': 'default', 'project_domain_name': 'Default', 'project_id': 'ef1cd73864d44273ac0f767fa4d5d029', 'project_name': 'tempest-QuotasAdminTestJSON-142358905', 'tenant_id': 'ef1cd73864d44273ac0f767fa4d5d029', 'tenant_name': 'tempest-QuotasAdminTestJSON-142358905', 'user_domain_id': 'default', 'user_domain_name': 'Default', 'user_id': '37f9edfcc5504e41a85bd665cea7925d', 'system': None}, Network: None, Subnet: None, Router: None
2025-12-10 13:26:32.532 65938 INFO tempest.lib.common.dynamic_creds [-] Created isolated network resources for: credentials: Credentials: {'domain_id': 'default', 'domain_name': 'Default', 'username': 'tempest-QuotasAdminTestJSON-142358905-project-member', 'project_domain_id': 'default', 'project_domain_name': 'Default', 'project_id': 'ef1cd73864d44273ac0f767fa4d5d029', 'project_name': 'tempest-QuotasAdminTestJSON-142358905', 'tenant_id': 'ef1cd73864d44273ac0f767fa4d5d029', 'tenant_name': 'tempest-QuotasAdminTestJSON-142358905', 'user_domain_id': 'default', 'user_domain_name': 'Default', 'user_id': '37f9edfcc5504e41a85bd665cea7925d', 'system': None}, Network: None, Subnet: None, Router: None
2025-12-10 13:26:32.574 65978 INFO tempest.lib.common.rest_client [req-f6f177fa-4827-47f8-a42d-59d2c5ab6e82 req-f6f177fa-4827-47f8-a42d-59d2c5ab6e82 ] Request (VolumesAssistedSnapshotsTest:test_volume_assisted_snapshot_create_delete): 200 GET http://10.180.1.21/compute/v2.1/servers/a7457675-f4fa-4c0e-8672-b4b23f2b235d 2.538s
2025-12-10 13:26:32.617 65936 INFO tempest.lib.common.rest_client [req-f5fd3704-9555-4a02-930d-57337d1b735a req-f5fd3704-9555-4a02-930d-57337d1b735a ] Request (FlavorsV261TestJSON:_run_cleanups): 202 DELETE http://10.180.1.21/compute/v2.1/flavors/1299314946 2.555s
2025-12-10 13:26:32.636 65938 INFO tempest.lib.common.rest_client [req-b6f84e6b-825b-49d9-af93-d04756371a11 req-b6f84e6b-825b-49d9-af93-d04756371a11 ] Request (QuotasAdminTestJSON:setUpClass): 201 POST http://10.180.1.21/identity/v3/auth/tokens 0.101s
2025-12-10 13:26:32.639 65946 INFO tempest.lib.common.rest_client [req-22cd0efd-bf79-4590-9e5b-38a27969cebe req-22cd0efd-bf79-4590-9e5b-38a27969cebe ] Request (ServersWithSpecificFlavorTestJSON:test_verify_created_server_ephemeral_disk): 200 POST http://10.180.1.21/compute/v2.1/flavors 2.555s
2025-12-10 13:26:32.654 65934 INFO tempest.lib.common.rest_client [req-fc5834ef-4f69-4d6b-9b66-084fd9c5b260 req-fc5834ef-4f69-4d6b-9b66-084fd9c5b260 ] Request (KeyPairsV210TestJSON:_run_cleanups): 204 DELETE http://10.180.1.21/compute/v2.1/os-keypairs/tempest-KeyPairsV210TestJSON-keypair-1977497271 2.561s
2025-12-10 13:26:32.664 65970 INFO tempest.lib.common.rest_client [req-5f6a265f-1f37-462e-80cd-4cd4fab73e91 req-5f6a265f-1f37-462e-80cd-4cd4fab73e91 ] Request (HypervisorAdminNegativeUnderV252Test:test_search_nonexistent_hypervisor): 404 GET http://10.180.1.21/compute/v2.1/os-hypervisors/nonexistent_hypervisor_name/search 2.441s
2025-12-10 13:26:32.685 65991 INFO tempest.lib.common.rest_client [req-ffb87b9d-634a-4223-8878-3ece22222823 req-ffb87b9d-634a-4223-8878-3ece22222823 ] Request (FlavorsExtraSpecsTestJSON:test_flavor_set_get_update_show_unset_keys): 200 POST http://10.180.1.21/compute/v2.1/flavors/399421522/os-extra_specs 2.449s
2025-12-10 13:26:32.693 65966 INFO tempest.lib.common.rest_client [req-535e41a5-1674-4be8-afdb-c6b4534a4d53 req-535e41a5-1674-4be8-afdb-c6b4534a4d53 ] Request (HostsAdminNegativeTestJSON:test_shutdown_host_with_non_admin_user): 403 GET http://10.180.1.21/compute/v2.1/os-hosts/devstack/shutdown 2.447s
2025-12-10 13:26:32.708 65938 INFO tempest.lib.common.rest_client [req-4478999f-ff63-4e41-bcb6-fa39761ee5a7 req-4478999f-ff63-4e41-bcb6-fa39761ee5a7 ] Request (QuotasAdminTestJSON:setUpClass): 201 POST http://10.180.1.21/identity/v3/projects 0.072s
2025-12-10 13:26:32.767 65988 INFO tempest.lib.common.rest_client [req-26ee4907-8db9-466f-ab25-ec22de9ed020 req-26ee4907-8db9-466f-ab25-ec22de9ed020 ] Request (FloatingIPDetailsTestJSON:setUpClass): 200 POST http://10.180.1.21/compute/v2.1/os-floating-ips 2.822s
2025-12-10 13:26:32.774 65938 INFO tempest.lib.common.rest_client [req-fbfd3209-1d83-4f5a-bb55-6bbd630ebd1a req-fbfd3209-1d83-4f5a-bb55-6bbd630ebd1a ] Request (QuotasAdminTestJSON:setUpClass): 201 POST http://10.180.1.21/identity/v3/users 0.065s
2025-12-10 13:26:32.804 65982 INFO tempest.lib.common.rest_client [req-c0870a4a-eda3-4448-b350-efdec728a9dd req-c0870a4a-eda3-4448-b350-efdec728a9dd ] Request (KeyPairsV22TestJSON:test_keypairs_create_list_delete): 201 POST http://10.180.1.21/compute/v2.1/os-keypairs 2.443s
2025-12-10 13:26:32.808 65938 INFO tempest.lib.common.rest_client [req-c396caef-ee56-4b15-9bcb-06dbbd777f0e req-c396caef-ee56-4b15-9bcb-06dbbd777f0e ] Request (QuotasAdminTestJSON:setUpClass): 200 GET http://10.180.1.21/identity/v3/roles 0.033s
2025-12-10 13:26:32.831 65961 INFO tempest.lib.common.rest_client [req-7fa7f2cf-2c7c-4ed1-9d87-8a8789e20e22 req-7fa7f2cf-2c7c-4ed1-9d87-8a8789e20e22 ] Request (FlavorsAccessNegativeTestJSON:_run_cleanups): 200 GET http://10.180.1.21/compute/v2.1/flavors/detail 2.370s
2025-12-10 13:26:32.848 65938 INFO tempest.lib.common.rest_client [req-5c9849eb-e2fe-47b3-84b4-2b0cd6eae3b1 req-5c9849eb-e2fe-47b3-84b4-2b0cd6eae3b1 ] Request (QuotasAdminTestJSON:setUpClass): 204 PUT http://10.180.1.21/identity/v3/projects/8d07ea1a073e41138b6fde0cd266968a/users/4c163cf853c54305ae4dff5affabda75/roles/638f4a5f713541ebbcbfc20f87a63575 0.040s
2025-12-10 13:26:32.902 65938 INFO tempest.lib.common.rest_client [req-4b1789fc-b944-441f-96ee-1b19a12525ee req-4b1789fc-b944-441f-96ee-1b19a12525ee ] Request (QuotasAdminTestJSON:setUpClass): 200 GET http://10.180.1.21/identity/v3/roles 0.053s
2025-12-10 13:26:32.926 65938 INFO tempest.lib.common.rest_client [req-11ce5cc3-d160-4814-868a-0956407eb6c4 req-11ce5cc3-d160-4814-868a-0956407eb6c4 ] Request (QuotasAdminTestJSON:setUpClass): 204 PUT http://10.180.1.21/identity/v3/projects/8d07ea1a073e41138b6fde0cd266968a/users/4c163cf853c54305ae4dff5affabda75/roles/638f4a5f713541ebbcbfc20f87a63575 0.022s
2025-12-10 13:26:32.926 65938 INFO tempest.lib.common.dynamic_creds [-] Dynamic test user 4c163cf853c54305ae4dff5affabda75 is created with scope project and roles: ['admin']
2025-12-10 13:26:32.926 65938 INFO tempest.lib.common.dynamic_creds [-] Acquired dynamic creds: credentials: Credentials: {'domain_id': 'default', 'domain_name': 'Default', 'username': 'tempest-QuotasAdminTestJSON-2119564916-project-admin', 'project_domain_id': 'default', 'project_domain_name': 'Default', 'project_id': '8d07ea1a073e41138b6fde0cd266968a', 'project_name': 'tempest-QuotasAdminTestJSON-2119564916', 'tenant_id': '8d07ea1a073e41138b6fde0cd266968a', 'tenant_name': 'tempest-QuotasAdminTestJSON-2119564916', 'user_domain_id': 'default', 'user_domain_name': 'Default', 'user_id': '4c163cf853c54305ae4dff5affabda75', 'system': None}, Network: None, Subnet: None, Router: None
2025-12-10 13:26:32.926 65938 INFO tempest.lib.common.dynamic_creds [-] Created isolated network resources for: credentials: Credentials: {'domain_id': 'default', 'domain_name': 'Default', 'username': 'tempest-QuotasAdminTestJSON-2119564916-project-admin', 'project_domain_id': 'default', 'project_domain_name': 'Default', 'project_id': '8d07ea1a073e41138b6fde0cd266968a', 'project_name': 'tempest-QuotasAdminTestJSON-2119564916', 'tenant_id': '8d07ea1a073e41138b6fde0cd266968a', 'tenant_name': 'tempest-QuotasAdminTestJSON-2119564916', 'user_domain_id': 'default', 'user_domain_name': 'Default', 'user_id': '4c163cf853c54305ae4dff5affabda75', 'system': None}, Network: None, Subnet: None, Router: None
2025-12-10 13:26:32.942 65980 INFO tempest.lib.common.rest_client [req-891d2d0b-3c19-4e5a-8139-6c09dffaaddb req-891d2d0b-3c19-4e5a-8139-6c09dffaaddb ] Request (SecurityGroupsTestAdminJSON:test_list_security_groups_list_all_tenants_filter): 200 GET http://10.180.1.21/compute/v2.1/os-security-groups?all_tenants=true 2.593s
2025-12-10 13:26:32.979 65950 INFO tempest.lib.common.rest_client [req-ce8d37a4-5d70-4e1d-80ab-190cb4a45d58 req-ce8d37a4-5d70-4e1d-80ab-190cb4a45d58 ] Request (ImagesMetadataTestJSON:test_get_image_metadata_item): 200 GET http://10.180.1.21/compute/v2.1/images/03a449ef-21d8-4e8e-88e3-ba1e16b017a3/metadata/os_distro 2.214s
2025-12-10 13:26:33.008 65938 INFO tempest.lib.common.rest_client [req-4da1aa83-9f3f-4578-bc7d-7c5f44908f3e req-4da1aa83-9f3f-4578-bc7d-7c5f44908f3e ] Request (QuotasAdminTestJSON:setUpClass): 201 POST http://10.180.1.21/identity/v3/auth/tokens 0.080s
2025-12-10 13:26:33.009 65938 WARNING tempest.lib.common.rest_client [-] Deprecated: "tenant_id" property is deprecated for removal, use "project_id" instead
2025-12-10 13:26:33.020 65940 INFO tempest.lib.common.rest_client [req-2dae5a77-59f1-4452-a1d3-335947f1e9ff req-2dae5a77-59f1-4452-a1d3-335947f1e9ff ] Request (KeyPairsV2TestJSON:test_keypair_create_delete): 200 POST http://10.180.1.21/compute/v2.1/os-keypairs 2.231s
2025-12-10 13:26:33.038 65968 INFO tempest.lib.common.rest_client [req-77695244-02fe-41e2-8618-00d50d8c89cb req-77695244-02fe-41e2-8618-00d50d8c89cb ] Request (QuotasAdminTestV236:test_get_updated_quotas): 200 GET http://10.180.1.21/compute/v2.1/os-quota-sets/3ca29bbe1b2a4bd187e15ebc08e618f7/detail 2.500s
2025-12-10 13:26:33.050 65986 INFO tempest.lib.common.rest_client [req-dafdf695-55c3-4f59-8bc6-69b2498d3a8b req-dafdf695-55c3-4f59-8bc6-69b2498d3a8b ] Request (ServicesAdminNegativeTestJSON:test_get_service_by_invalid_params): 200 GET http://10.180.1.21/compute/v2.1/os-services?xxx=nova-compute 2.116s
2025-12-10 13:26:33.080 65968 INFO tempest.lib.common.rest_client [req-cffcf60e-b2de-4c72-a9cb-e16c0ef82150 req-cffcf60e-b2de-4c72-a9cb-e16c0ef82150 ] Request (QuotasAdminTestV236:test_get_updated_quotas): 200 GET http://10.180.1.21/identity/v3/domains?name=Default 0.034s
2025-12-10 13:26:33.083 65993 INFO tempest.lib.common.rest_client [req-ff205abb-0bb2-447e-8fdb-aa59f6e72fde req-ff205abb-0bb2-447e-8fdb-aa59f6e72fde ] Request (FlavorsAdminTestJSON:_run_cleanups): 200 GET http://10.180.1.21/compute/v2.1/flavors/detail 1.970s
2025-12-10 13:26:33.117 65968 INFO tempest.lib.common.rest_client [req-cede68a3-5deb-4873-9e3f-0ee2c40e4fd8 req-cede68a3-5deb-4873-9e3f-0ee2c40e4fd8 ] Request (QuotasAdminTestV236:test_get_updated_quotas): 201 POST http://10.180.1.21/identity/v3/users 0.036s
2025-12-10 13:26:33.147 65968 INFO tempest.lib.common.rest_client [req-9046ad20-67a6-4c8b-9b43-32c0687c248d req-9046ad20-67a6-4c8b-9b43-32c0687c248d ] Request (QuotasAdminTestV236:test_get_updated_quotas): 200 GET http://10.180.1.21/identity/v3/domains?name=Default 0.029s
2025-12-10 13:26:33.277 65975 INFO tempest.lib.common.rest_client [req-a2e1eba4-0709-40c3-8a3b-597b0bb858e7 req-a2e1eba4-0709-40c3-8a3b-597b0bb858e7 ] Request (MigrationsAdminTest:test_list_migrations_in_flavor_resize_situation): 200 GET http://10.180.1.21/compute/v2.1/servers/50c42a1a-8515-49cf-ae46-2b354191c914 1.824s
2025-12-10 13:26:33.372 65954 INFO tempest.lib.common.rest_client [req-8ed8df98-f60b-4d6f-8ed7-faa4ffc4d0b5 req-8ed8df98-f60b-4d6f-8ed7-faa4ffc4d0b5 ] Request (ServersAdmin275Test:test_rebuild_update_server_275): 202 POST http://10.180.1.21/compute/v2.1/servers/5443c301-11ca-495e-b7c2-444692b53dbe/action 2.279s
2025-12-10 13:26:33.398 65984 INFO tempest.lib.common.rest_client [req-5469e54b-80e6-4546-9652-6aa7472f1fb8 req-5469e54b-80e6-4546-9652-6aa7472f1fb8 ] Request (HypervisorAdminV228Test:test_get_list_hypervisor_details): 200 GET http://10.180.1.21/compute/v2.1/os-hypervisors/1 1.775s
2025-12-10 13:26:33.526 65984 INFO tempest.lib.common.rest_client [req-baf11fed-efa0-4ae9-b655-7fc979f1785e req-baf11fed-efa0-4ae9-b655-7fc979f1785e ] Request (HypervisorAdminV228Test:tearDownClass): 204 DELETE http://10.180.1.21/identity/v3/users/a19e37c2acc444d5acada4be34f9cba2 0.122s
2025-12-10 13:26:33.643 65984 INFO tempest.lib.common.rest_client [req-b7eb1914-62c8-4a3c-8aef-27c3bb50cd6f req-b7eb1914-62c8-4a3c-8aef-27c3bb50cd6f ] Request (HypervisorAdminV228Test:tearDownClass): 204 DELETE http://10.180.1.21/identity/v3/users/655e71c0a3e04b448852729b733600d2 0.116s
2025-12-10 13:26:33.643 65984 INFO tempest.lib.common.dynamic_creds [-] Deleting project and security group for project: 727f26a2247f4f71bd4826916572c1d9
2025-12-10 13:26:33.717 65984 INFO tempest.lib.common.rest_client [req-ac2bbedf-7f6f-43a3-88c5-7008b702fc29 req-ac2bbedf-7f6f-43a3-88c5-7008b702fc29 ] Request (HypervisorAdminV228Test:tearDownClass): 201 POST http://10.180.1.21/identity/v3/auth/tokens 0.073s
2025-12-10 13:26:33.742 65962 INFO tempest.lib.common.rest_client [req-9939026d-2304-45e7-88c9-398c8ad53bfc req-9939026d-2304-45e7-88c9-398c8ad53bfc ] Request (ImagesNegativeTestJSON:test_create_image_from_deleted_server): 200 GET http://10.180.1.21/compute/v2.1/servers/ba68b85e-fd4c-4b6f-a422-9daa34a85f19 2.111s
2025-12-10 13:26:33.768 65942 INFO tempest.lib.common.rest_client [req-572e45c3-4f15-430f-b970-60baf94763e1 req-572e45c3-4f15-430f-b970-60baf94763e1 ] Request (HostsAdminTestJSON:test_list_hosts_with_zone): 200 GET http://10.180.1.21/compute/v2.1/os-hosts 2.116s
2025-12-10 13:26:33.789 65976 INFO tempest.lib.common.rest_client [req-4f1d395e-4014-4563-8d2d-caf1123e8aae req-4f1d395e-4014-4563-8d2d-caf1123e8aae ] Request (AggregatesAdminNegativeTestJSON:test_aggregate_add_host_as_user): 200 POST http://10.180.1.21/compute/v2.1/os-aggregates 2.135s
2025-12-10 13:26:33.826 65952 INFO tempest.lib.common.rest_client [req-345bc301-96d5-40bb-b901-c87aadfba11e req-345bc301-96d5-40bb-b901-c87aadfba11e ] Request (ListImageFiltersTestJSON:setUpClass): 200 GET http://10.180.1.21/compute/v2.1/images/e266bbf6-2af5-4211-b9e6-5c687ee4fcc0 2.133s
2025-12-10 13:26:33.954 65984 INFO tempest.lib.common.rest_client [req-f5299ade-2a4f-453b-b0b5-53b317eb20b7 req-f5299ade-2a4f-453b-b0b5-53b317eb20b7 ] Request (HypervisorAdminV228Test:tearDownClass): 200 GET http://10.180.1.21/networking/v2.0/security-groups?tenant_id=727f26a2247f4f71bd4826916572c1d9&name=default 0.237s
2025-12-10 13:26:33.964 65948 INFO tempest.lib.common.rest_client [req-0cce8d46-f94d-4010-9dda-7a7c50fa332d req-0cce8d46-f94d-4010-9dda-7a7c50fa332d ] Request (FloatingIPsTestJSON:test_delete_floating_ip): 200 POST http://10.180.1.21/compute/v2.1/os-floating-ips 2.399s
2025-12-10 13:26:34.027 65944 INFO tempest.lib.common.rest_client [req-61652c5e-6da4-429d-9530-9817ee9ed90e req-61652c5e-6da4-429d-9530-9817ee9ed90e ] Request (SecurityGroupsTestJSON:test_list_security_groups_by_server): 200 GET http://10.180.1.21/compute/v2.1/servers/fcc19893-9d39-499a-8218-f346f7efcdcb 2.332s
2025-12-10 13:26:34.034 65944 INFO tempest.common.waiters [-] State transition "BUILD/None" ==> "BUILD/spawning" after 9 second wait
2025-12-10 13:26:34.069 65984 INFO tempest.lib.common.rest_client [req-7245dbba-c603-43be-be86-80358303bbbc req-7245dbba-c603-43be-be86-80358303bbbc ] Request (HypervisorAdminV228Test:tearDownClass): 204 DELETE http://10.180.1.21/networking/v2.0/security-groups/e60ca011-696c-4ad7-a484-4259b729f2ef 0.113s
2025-12-10 13:26:34.148 65964 INFO tempest.lib.common.rest_client [req-685e2599-ffb6-4f3c-8e0b-3eea83fb45d1 req-685e2599-ffb6-4f3c-8e0b-3eea83fb45d1 ] Request (ServersAdminNegativeTestJSON:setUpClass): 200 GET http://10.180.1.21/compute/v2.1/servers/b24f5a1a-0f77-4380-9f7c-941a35e80fd5 2.348s
2025-12-10 13:26:34.158 65984 INFO tempest.lib.common.rest_client [req-85304a97-ef83-4977-82f3-bd29ad9c6ff4 req-85304a97-ef83-4977-82f3-bd29ad9c6ff4 ] Request (HypervisorAdminV228Test:tearDownClass): 204 DELETE http://10.180.1.21/identity/v3/projects/727f26a2247f4f71bd4826916572c1d9 0.089s
2025-12-10 13:26:34.159 65984 INFO tempest.lib.common.dynamic_creds [-] Deleting project and security group for project: f4bb468c8d0c47cc9f268c4afd7278a1
2025-12-10 13:26:34.160 65964 INFO tempest.common.waiters [-] State transition "BUILD/spawning" ==> "ACTIVE/None" after 12 second wait
2025-12-10 13:26:34.202 65958 INFO tempest.lib.common.rest_client [req-d8bf9097-b727-4c2b-8e2a-33c40719d36a req-d8bf9097-b727-4c2b-8e2a-33c40719d36a ] Request (ServerDiagnosticsV248Test:test_get_server_diagnostics): 200 GET http://10.180.1.21/compute/v2.1/servers/b30b9170-d270-4059-b6eb-d41a7467550b 2.275s
2025-12-10 13:26:34.212 65958 INFO tempest.common.waiters [-] State transition "BUILD/None" ==> "BUILD/block_device_mapping" after 8 second wait
2025-12-10 13:26:34.237 65952 INFO tempest.lib.common.rest_client [req-877c44f7-cfed-4bee-8de5-6e93799daf75 req-877c44f7-cfed-4bee-8de5-6e93799daf75 ] Request (ListImageFiltersTestJSON:setUpClass): 201 POST http://10.180.1.21/image/v2/images 0.407s
2025-12-10 13:26:34.257 65956 INFO tempest.lib.common.rest_client [req-d1827afb-d1a8-4872-9ba4-ec89cd700ca4 req-d1827afb-d1a8-4872-9ba4-ec89cd700ca4 ] Request (DeleteServersAdminTestJSON:test_admin_delete_servers_of_others): 204 DELETE http://10.180.1.21/compute/v2.1/servers/155e58d8-d8f3-42fa-bf23-a5a88bfaf2aa 2.554s
2025-12-10 13:26:34.272 65994 INFO tempest.lib.common.rest_client [req-96dea18c-135d-481d-ae29-2582a4b6b5d3 req-96dea18c-135d-481d-ae29-2582a4b6b5d3 ] Request (ServersAaction247Test:test_create_backup): 200 GET http://10.180.1.21/compute/v2.1/servers/502fbfec-e7d3-4dfa-a744-3c3aceacecc2 2.303s
2025-12-10 13:26:34.299 65984 INFO tempest.lib.common.rest_client [req-67c487a2-20e9-41f4-8386-4e0f982bc5c2 req-67c487a2-20e9-41f4-8386-4e0f982bc5c2 ] Request (HypervisorAdminV228Test:tearDownClass): 200 GET http://10.180.1.21/networking/v2.0/security-groups?tenant_id=f4bb468c8d0c47cc9f268c4afd7278a1&name=default 0.140s
2025-12-10 13:26:34.392 65972 INFO tempest.lib.common.rest_client [req-b1297ffb-b460-400c-b076-b9249f4c1d6e req-b1297ffb-b460-400c-b076-b9249f4c1d6e ] Request (ServerDiagnosticsNegativeTest:test_get_server_diagnostics_by_non_admin): 200 GET http://10.180.1.21/compute/v2.1/servers/9287eb56-c02f-4f3f-8425-58a07dc05e69 2.101s
2025-12-10 13:26:34.394 65984 INFO tempest.lib.common.rest_client [req-3480d73d-88be-4c16-bbd4-79a204685a23 req-3480d73d-88be-4c16-bbd4-79a204685a23 ] Request (HypervisorAdminV228Test:tearDownClass): 204 DELETE http://10.180.1.21/networking/v2.0/security-groups/1d809b53-79e0-431a-96fb-dc5891bd5093 0.094s
2025-12-10 13:26:34.401 65972 INFO tempest.common.waiters [-] State transition "BUILD/spawning" ==> "ACTIVE/None" after 18 second wait
2025-12-10 13:26:34.407 65996 INFO tempest.lib.common.rest_client [req-27b9103b-33cc-4518-aefb-a6852c36c720 req-27b9103b-33cc-4518-aefb-a6852c36c720 ] Request (ImagesTestJSON:test_create_image_from_stopped_server): 200 GET http://10.180.1.21/compute/v2.1/servers/bdcb5b8d-9f98-41a3-aa53-a3e15c2d8407 1.933s
2025-12-10 13:26:34.417 65936 INFO tempest.lib.common.rest_client [req-e8b8d42c-31d0-4189-a4ba-779e540cc62c req-e8b8d42c-31d0-4189-a4ba-779e540cc62c ] Request (FlavorsV261TestJSON:_run_cleanups): 200 GET http://10.180.1.21/compute/v2.1/flavors/detail 1.799s
2025-12-10 13:26:34.419 65946 INFO tempest.lib.common.rest_client [req-fb7e9efd-4600-410b-9fa6-acecf0476028 req-fb7e9efd-4600-410b-9fa6-acecf0476028 ] Request (ServersWithSpecificFlavorTestJSON:test_verify_created_server_ephemeral_disk): 200 GET http://10.180.1.21/compute/v2.1/flavors/42/os-extra_specs 1.777s
2025-12-10 13:26:34.441 65970 INFO tempest.lib.common.rest_client [req-a1ee36b1-bbde-49e7-8c74-0cf117109169 req-a1ee36b1-bbde-49e7-8c74-0cf117109169 ] Request (HypervisorAdminNegativeUnderV252Test:test_show_servers_with_non_admin_user): 200 GET http://10.180.1.21/compute/v2.1/os-hypervisors 1.771s
2025-12-10 13:26:34.442 65934 INFO tempest.lib.common.rest_client [req-db96a6b8-fb42-4b29-afd1-1d2ff69d73bf req-db96a6b8-fb42-4b29-afd1-1d2ff69d73bf ] Request (KeyPairsV210TestJSON:_run_cleanups): 204 DELETE http://10.180.1.21/compute/v2.1/os-keypairs/tempest-keypair-104361180?user_id=99105e4a3334427e8c617b10933776f9 1.787s
2025-12-10 13:26:34.450 65991 INFO tempest.lib.common.rest_client [req-c36d09bb-30dc-4e9d-9402-91f2833db350 req-c36d09bb-30dc-4e9d-9402-91f2833db350 ] Request (FlavorsExtraSpecsTestJSON:test_flavor_set_get_update_show_unset_keys): 200 GET http://10.180.1.21/compute/v2.1/flavors/399421522/os-extra_specs 1.764s
2025-12-10 13:26:34.451 65966 INFO tempest.lib.common.rest_client [req-fe867da2-4ad4-4b22-86d5-d5f289e01e8d req-fe867da2-4ad4-4b22-86d5-d5f289e01e8d ] Request (HostsAdminNegativeTestJSON:test_shutdown_nonexistent_host): 404 GET http://10.180.1.21/compute/v2.1/os-hosts/nonexistent_hostname/shutdown 1.757s
2025-12-10 13:26:34.484 65982 INFO tempest.lib.common.rest_client [req-03210a2e-c6d9-4efd-abb5-547ce70f5edd req-03210a2e-c6d9-4efd-abb5-547ce70f5edd ] Request (KeyPairsV22TestJSON:test_keypairs_create_list_delete): 201 POST http://10.180.1.21/compute/v2.1/os-keypairs 1.678s
2025-12-10 13:26:34.500 65961 INFO tempest.lib.common.rest_client [req-d2c759ae-639a-40ad-a38f-be888f44f77a req-d2c759ae-639a-40ad-a38f-be888f44f77a ] Request (FlavorsAccessNegativeTestJSON:test_flavor_access_list_with_public_flavor): 200 POST http://10.180.1.21/compute/v2.1/flavors 1.658s
2025-12-10 13:26:34.512 65984 INFO tempest.lib.common.rest_client [req-01f28080-bb7c-4abc-8b56-68bea5ff6aac req-01f28080-bb7c-4abc-8b56-68bea5ff6aac ] Request (HypervisorAdminV228Test:tearDownClass): 204 DELETE http://10.180.1.21/identity/v3/projects/f4bb468c8d0c47cc9f268c4afd7278a1 0.117s
2025-12-10 13:26:34.540 65936 INFO tempest.lib.common.rest_client [req-cd8d3b0c-edbb-4126-9ea8-1f0fcf6fcdc1 req-cd8d3b0c-edbb-4126-9ea8-1f0fcf6fcdc1 ] Request (FlavorsV261TestJSON:tearDownClass): 204 DELETE http://10.180.1.21/identity/v3/users/f303a2613f1341b7b844b529b28aef08 0.112s
2025-12-10 13:26:34.574 65984 INFO tempest.lib.common.rest_client [req-5f01dd26-c2d6-4aa2-a917-271dcf172d4e req-5f01dd26-c2d6-4aa2-a917-271dcf172d4e ] Request (InstanceActionsV221TestJSON:setUpClass): 201 POST http://10.180.1.21/identity/v3/auth/tokens 0.061s
2025-12-10 13:26:34.607 65984 INFO tempest.lib.common.rest_client [req-3c90635b-a960-4731-b899-1bddb804c69b req-3c90635b-a960-4731-b899-1bddb804c69b ] Request (InstanceActionsV221TestJSON:setUpClass): 201 POST http://10.180.1.21/identity/v3/auth/tokens 0.029s
2025-12-10 13:26:34.614 65980 INFO tempest.lib.common.rest_client [req-45f426f1-e20c-425a-898e-c12cd38a8584 req-45f426f1-e20c-425a-898e-c12cd38a8584 ] Request (SecurityGroupsTestAdminJSON:_run_cleanups): 202 DELETE http://10.180.1.21/compute/v2.1/os-security-groups/8fad7d00-e7ca-4930-9bb7-b549c308482d 1.667s
2025-12-10 13:26:34.637 65936 INFO tempest.lib.common.rest_client [req-c9176d22-e976-4a57-a3e5-8456509426cb req-c9176d22-e976-4a57-a3e5-8456509426cb ] Request (FlavorsV261TestJSON:tearDownClass): 204 DELETE http://10.180.1.21/identity/v3/users/f4ed0b9205a64487ab1d529a8a2485c1 0.096s
2025-12-10 13:26:34.637 65936 INFO tempest.lib.common.dynamic_creds [-] Deleting project and security group for project: 7f0e568e0e1e46bd8a463fba3a70a07d
2025-12-10 13:26:34.671 65984 INFO tempest.lib.common.rest_client [req-382b0d61-4fa2-4d91-b433-6fe2682af47b req-382b0d61-4fa2-4d91-b433-6fe2682af47b ] Request (InstanceActionsV221TestJSON:setUpClass): 200 GET http://10.180.1.21/identity/v3/domains?name=Default 0.064s
2025-12-10 13:26:34.696 65936 INFO tempest.lib.common.rest_client [req-4517d131-3024-475d-b2e9-beca2cc254ec req-4517d131-3024-475d-b2e9-beca2cc254ec ] Request (FlavorsV261TestJSON:tearDownClass): 201 POST http://10.180.1.21/identity/v3/auth/tokens 0.059s
2025-12-10 13:26:34.742 65984 INFO tempest.lib.common.rest_client [req-c64a8cb9-f866-4c5b-91df-3e14633c72a9 req-c64a8cb9-f866-4c5b-91df-3e14633c72a9 ] Request (InstanceActionsV221TestJSON:setUpClass): 201 POST http://10.180.1.21/identity/v3/projects 0.070s
2025-12-10 13:26:34.758 65950 INFO tempest.lib.common.rest_client [req-f3056e12-c121-41a6-924b-84c41cc32b64 req-f3056e12-c121-41a6-924b-84c41cc32b64 ] Request (ImagesMetadataTestJSON:setUp): 200 PUT http://10.180.1.21/compute/v2.1/images/03a449ef-21d8-4e8e-88e3-ba1e16b017a3/metadata 1.777s
2025-12-10 13:26:34.772 65940 INFO tempest.lib.common.rest_client [req-3088492f-11ad-4afd-a42c-0af8e3483bd8 req-3088492f-11ad-4afd-a42c-0af8e3483bd8 ] Request (KeyPairsV2TestJSON:_run_cleanups): 202 DELETE http://10.180.1.21/compute/v2.1/os-keypairs/tempest-keypair-328652331 1.750s
2025-12-10 13:26:34.798 65986 INFO tempest.lib.common.rest_client [req-f6279d33-e662-4e43-8191-89f94fb3a1f1 req-f6279d33-e662-4e43-8191-89f94fb3a1f1 ] Request (ServicesAdminNegativeTestJSON:test_get_service_by_invalid_service_and_valid_host): 200 GET http://10.180.1.21/compute/v2.1/os-services 1.744s
2025-12-10 13:26:34.823 65984 INFO tempest.lib.common.rest_client [req-ffcb2e3b-1a65-43a4-99a2-3bcbed03838d req-ffcb2e3b-1a65-43a4-99a2-3bcbed03838d ] Request (InstanceActionsV221TestJSON:setUpClass): 201 POST http://10.180.1.21/identity/v3/users 0.080s
2025-12-10 13:26:34.825 65993 INFO tempest.lib.common.rest_client [req-f0e4ae57-1182-446e-9e7b-f2677d7e9aef req-f0e4ae57-1182-446e-9e7b-f2677d7e9aef ] Request (FlavorsAdminTestJSON:test_create_flavor_with_int_id): 200 POST http://10.180.1.21/compute/v2.1/flavors 1.734s
2025-12-10 13:26:34.844 65984 INFO tempest.lib.common.rest_client [req-0df5700b-a98f-4368-b133-52a1debe5ebf req-0df5700b-a98f-4368-b133-52a1debe5ebf ] Request (InstanceActionsV221TestJSON:setUpClass): 200 GET http://10.180.1.21/identity/v3/roles 0.020s
2025-12-10 13:26:34.875 65984 INFO tempest.lib.common.rest_client [req-83f55b12-7aae-4409-859a-071c2d57a015 req-83f55b12-7aae-4409-859a-071c2d57a015 ] Request (InstanceActionsV221TestJSON:setUpClass): 204 PUT http://10.180.1.21/identity/v3/projects/c3a93dd9d0844690bd872df2486c98a6/users/2e3febe81d134e6591e13b0f161fd529/roles/25932b77468e4e9b993fc4568fa57241 0.030s
2025-12-10 13:26:34.875 65936 INFO tempest.lib.common.rest_client [req-576483ad-27fe-492f-9988-c49eb842d3ea req-576483ad-27fe-492f-9988-c49eb842d3ea ] Request (FlavorsV261TestJSON:tearDownClass): 200 GET http://10.180.1.21/networking/v2.0/security-groups?tenant_id=7f0e568e0e1e46bd8a463fba3a70a07d&name=default 0.178s
2025-12-10 13:26:34.875 65984 INFO tempest.lib.common.dynamic_creds [-] Dynamic test user 2e3febe81d134e6591e13b0f161fd529 is created with scope project and roles: ['member']
2025-12-10 13:26:34.875 65984 INFO tempest.lib.common.dynamic_creds [-] Acquired dynamic creds: credentials: Credentials: {'domain_id': 'default', 'domain_name': 'Default', 'username': 'tempest-InstanceActionsV221TestJSON-1314754735-project-member', 'project_domain_id': 'default', 'project_domain_name': 'Default', 'project_id': 'c3a93dd9d0844690bd872df2486c98a6', 'project_name': 'tempest-InstanceActionsV221TestJSON-1314754735', 'tenant_id': 'c3a93dd9d0844690bd872df2486c98a6', 'tenant_name': 'tempest-InstanceActionsV221TestJSON-1314754735', 'user_domain_id': 'default', 'user_domain_name': 'Default', 'user_id': '2e3febe81d134e6591e13b0f161fd529', 'system': None}, Network: None, Subnet: None, Router: None
2025-12-10 13:26:34.941 65984 INFO tempest.lib.common.rest_client [req-09f0ecd2-ca09-4c8a-b35a-2af498af16af req-09f0ecd2-ca09-4c8a-b35a-2af498af16af ] Request (InstanceActionsV221TestJSON:setUpClass): 201 POST http://10.180.1.21/identity/v3/auth/tokens 0.064s
2025-12-10 13:26:35.019 65936 INFO tempest.lib.common.rest_client [req-79e17e38-cf9c-40a2-82f3-c8ea39c52dd1 req-79e17e38-cf9c-40a2-82f3-c8ea39c52dd1 ] Request (FlavorsV261TestJSON:tearDownClass): 204 DELETE http://10.180.1.21/networking/v2.0/security-groups/553abe6d-9bc7-41de-918e-1227d9499d0b 0.144s
2025-12-10 13:26:35.075 65968 INFO tempest.lib.common.rest_client [req-0c59b57f-2168-4c8a-ba97-f57990b7c77c req-0c59b57f-2168-4c8a-ba97-f57990b7c77c ] Request (QuotasAdminTestV236:test_get_updated_quotas): 200 PUT http://10.180.1.21/compute/v2.1/os-quota-sets/3ca29bbe1b2a4bd187e15ebc08e618f7?user_id=cb2921e9c57448e7b63deb943fcb0fc9 1.927s
2025-12-10 13:26:35.095 65936 INFO tempest.lib.common.rest_client [req-38d16e0b-13dd-4299-bd02-979d854aca63 req-38d16e0b-13dd-4299-bd02-979d854aca63 ] Request (FlavorsV261TestJSON:tearDownClass): 204 DELETE http://10.180.1.21/identity/v3/projects/7f0e568e0e1e46bd8a463fba3a70a07d 0.076s
2025-12-10 13:26:35.096 65936 INFO tempest.lib.common.dynamic_creds [-] Deleting project and security group for project: 738ba387704f4c628cd1a3422670c2eb
2025-12-10 13:26:35.193 65988 INFO tempest.lib.common.rest_client [req-5655ed5b-6101-461f-96fb-5bff061ac523 req-5655ed5b-6101-461f-96fb-5bff061ac523 ] Request (FloatingIPDetailsTestJSON:setUpClass): 200 POST http://10.180.1.21/compute/v2.1/os-floating-ips 2.423s
2025-12-10 13:26:35.359 65984 INFO tempest.lib.common.rest_client [req-33f698f4-c31c-4b22-902c-d8faad3835e9 req-33f698f4-c31c-4b22-902c-d8faad3835e9 ] Request (InstanceActionsV221TestJSON:setUpClass): 201 POST http://10.180.1.21/networking/v2.0/networks 0.417s
2025-12-10 13:26:35.428 65954 INFO tempest.lib.common.rest_client [req-38cf7d3f-b0cd-47df-a70d-cdc3db155432 req-38cf7d3f-b0cd-47df-a70d-cdc3db155432 ] Request (ServersAdmin275Test:test_rebuild_update_server_275): 200 GET http://10.180.1.21/compute/v2.1/servers/5443c301-11ca-495e-b7c2-444692b53dbe 2.042s
2025-12-10 13:26:35.431 65936 INFO tempest.lib.common.rest_client [req-bcfde509-7313-407d-a35d-99217ccae12d req-bcfde509-7313-407d-a35d-99217ccae12d ] Request (FlavorsV261TestJSON:tearDownClass): 200 GET http://10.180.1.21/networking/v2.0/security-groups?tenant_id=738ba387704f4c628cd1a3422670c2eb&name=default 0.334s
2025-12-10 13:26:35.456 65942 INFO tempest.lib.common.rest_client [req-f76315af-62ea-464e-afff-e98a57dedff0 req-f76315af-62ea-464e-afff-e98a57dedff0 ] Request (HostsAdminTestJSON:test_list_hosts_with_zone): 200 GET http://10.180.1.21/compute/v2.1/os-hosts?zone=internal 1.686s
2025-12-10 13:26:35.458 65978 INFO tempest.lib.common.rest_client [req-7fadda97-541e-42a1-a99c-1181298cfdca req-7fadda97-541e-42a1-a99c-1181298cfdca ] Request (VolumesAssistedSnapshotsTest:test_volume_assisted_snapshot_create_delete): 200 GET http://10.180.1.21/compute/v2.1/servers/a7457675-f4fa-4c0e-8672-b4b23f2b235d 1.871s
2025-12-10 13:26:35.587 65976 INFO tempest.lib.common.rest_client [req-7d472bf9-edc2-413f-a678-8e39a0430bee req-7d472bf9-edc2-413f-a678-8e39a0430bee ] Request (AggregatesAdminNegativeTestJSON:test_aggregate_add_host_as_user): 403 POST http://10.180.1.21/compute/v2.1/os-aggregates/2/action 1.796s
2025-12-10 13:26:35.607 65936 INFO tempest.lib.common.rest_client [req-f8e8297d-2654-4812-95bd-6ece5820af3c req-f8e8297d-2654-4812-95bd-6ece5820af3c ] Request (FlavorsV261TestJSON:tearDownClass): 204 DELETE http://10.180.1.21/networking/v2.0/security-groups/b457dbeb-004d-49fa-9bf4-d90c1f600fac 0.175s
2025-12-10 13:26:35.640 65984 INFO tempest.lib.common.rest_client [req-595390ad-51de-4c45-aec4-ee7f2d05d26b req-595390ad-51de-4c45-aec4-ee7f2d05d26b ] Request (InstanceActionsV221TestJSON:setUpClass): 201 POST http://10.180.1.21/networking/v2.0/subnets 0.280s
2025-12-10 13:26:35.662 65964 INFO tempest.lib.common.rest_client [req-ce37d51c-c88d-406c-879a-39d5329b06db req-ce37d51c-c88d-406c-879a-39d5329b06db ] Request (ServersAdminNegativeTestJSON:test_migrate_non_existent_server): 404 POST http://10.180.1.21/compute/v2.1/servers/52d7ec4d-dedb-42a6-bb9b-7a73508e7dc9/action 1.501s
2025-12-10 13:26:35.747 65964 INFO tempest.lib.common.rest_client [req-9bbaa89a-8624-460e-8388-43b412f53aa3 req-9bbaa89a-8624-460e-8388-43b412f53aa3 ] Request (ServersAdminNegativeTestJSON:test_migrate_server_invalid_state): 201 POST http://10.180.1.21/identity/v3/auth/tokens 0.076s
2025-12-10 13:26:35.747 65964 INFO tempest.lib.common.fixed_network [-] (ServersAdminNegativeTestJSON:test_migrate_server_invalid_state) Found network None available for tenant
2025-12-10 13:26:35.762 65936 INFO tempest.lib.common.rest_client [req-5c5e6ae6-0236-495d-9f58-a113a12f67ea req-5c5e6ae6-0236-495d-9f58-a113a12f67ea ] Request (FlavorsV261TestJSON:tearDownClass): 204 DELETE http://10.180.1.21/identity/v3/projects/738ba387704f4c628cd1a3422670c2eb 0.155s
2025-12-10 13:26:35.847 65936 INFO tempest.lib.common.rest_client [req-3b8fbdff-7419-4a16-884e-900e8222a380 req-3b8fbdff-7419-4a16-884e-900e8222a380 ] Request (TenantUsagesTestJSON:setUpClass): 201 POST http://10.180.1.21/identity/v3/auth/tokens 0.083s
2025-12-10 13:26:35.887 65936 INFO tempest.lib.common.rest_client [req-e1425d99-400c-49bb-b858-de62a2d8dc8c req-e1425d99-400c-49bb-b858-de62a2d8dc8c ] Request (TenantUsagesTestJSON:setUpClass): 201 POST http://10.180.1.21/identity/v3/auth/tokens 0.033s
2025-12-10 13:26:35.921 65936 INFO tempest.lib.common.rest_client [req-e7cbee80-b6b4-4223-bd50-028f13c19001 req-e7cbee80-b6b4-4223-bd50-028f13c19001 ] Request (TenantUsagesTestJSON:setUpClass): 200 GET http://10.180.1.21/identity/v3/domains?name=Default 0.033s
2025-12-10 13:26:35.963 65936 INFO tempest.lib.common.rest_client [req-b5a1c459-c4bf-4e30-be87-ab1a744881af req-b5a1c459-c4bf-4e30-be87-ab1a744881af ] Request (TenantUsagesTestJSON:setUpClass): 201 POST http://10.180.1.21/identity/v3/projects 0.042s
2025-12-10 13:26:36.037 65936 INFO tempest.lib.common.rest_client [req-0adf64f9-eb60-4860-b51d-c51e065f99f5 req-0adf64f9-eb60-4860-b51d-c51e065f99f5 ] Request (TenantUsagesTestJSON:setUpClass): 201 POST http://10.180.1.21/identity/v3/users 0.073s
2025-12-10 13:26:36.067 65936 INFO tempest.lib.common.rest_client [req-b4cdbfb2-f0ec-4571-9528-1d1507a99204 req-b4cdbfb2-f0ec-4571-9528-1d1507a99204 ] Request (TenantUsagesTestJSON:setUpClass): 200 GET http://10.180.1.21/identity/v3/roles 0.029s
2025-12-10 13:26:36.100 65936 INFO tempest.lib.common.rest_client [req-607125ea-560d-455f-8887-71d692dbd48b req-607125ea-560d-455f-8887-71d692dbd48b ] Request (TenantUsagesTestJSON:setUpClass): 204 PUT http://10.180.1.21/identity/v3/projects/08579b9f3d904056bb865e4a63c0022c/users/49e08c3b6b584005924e518ae003cf9f/roles/25932b77468e4e9b993fc4568fa57241 0.033s
2025-12-10 13:26:36.101 65936 INFO tempest.lib.common.dynamic_creds [-] Dynamic test user 49e08c3b6b584005924e518ae003cf9f is created with scope project and roles: ['member']
2025-12-10 13:26:36.101 65936 INFO tempest.lib.common.dynamic_creds [-] Acquired dynamic creds: credentials: Credentials: {'domain_id': 'default', 'domain_name': 'Default', 'username': 'tempest-TenantUsagesTestJSON-790630782-project-member', 'project_domain_id': 'default', 'project_domain_name': 'Default', 'project_id': '08579b9f3d904056bb865e4a63c0022c', 'project_name': 'tempest-TenantUsagesTestJSON-790630782', 'tenant_id': '08579b9f3d904056bb865e4a63c0022c', 'tenant_name': 'tempest-TenantUsagesTestJSON-790630782', 'user_domain_id': 'default', 'user_domain_name': 'Default', 'user_id': '49e08c3b6b584005924e518ae003cf9f', 'system': None}, Network: None, Subnet: None, Router: None
2025-12-10 13:26:36.101 65936 INFO tempest.lib.common.dynamic_creds [-] Created isolated network resources for: credentials: Credentials: {'domain_id': 'default', 'domain_name': 'Default', 'username': 'tempest-TenantUsagesTestJSON-790630782-project-member', 'project_domain_id': 'default', 'project_domain_name': 'Default', 'project_id': '08579b9f3d904056bb865e4a63c0022c', 'project_name': 'tempest-TenantUsagesTestJSON-790630782', 'tenant_id': '08579b9f3d904056bb865e4a63c0022c', 'tenant_name': 'tempest-TenantUsagesTestJSON-790630782', 'user_domain_id': 'default', 'user_domain_name': 'Default', 'user_id': '49e08c3b6b584005924e518ae003cf9f', 'system': None}, Network: None, Subnet: None, Router: None
2025-12-10 13:26:36.143 65952 INFO tempest.lib.common.rest_client [req-f1f4cbfd-4361-4940-beda-241e08c04032 req-f1f4cbfd-4361-4940-beda-241e08c04032 ] Request (ListImageFiltersTestJSON:setUpClass): 204 PUT http://10.180.1.21/image/v2/images/9ad828c8-af06-4e61-953e-4deb09e31625/file 0.904s
2025-12-10 13:26:36.191 65936 INFO tempest.lib.common.rest_client [req-74ff6b73-be05-4878-99df-ab1588dfadcc req-74ff6b73-be05-4878-99df-ab1588dfadcc ] Request (TenantUsagesTestJSON:setUpClass): 201 POST http://10.180.1.21/identity/v3/auth/tokens 0.086s
2025-12-10 13:26:36.263 65936 INFO tempest.lib.common.rest_client [req-0538b536-dd70-4aea-a0bc-d5601d470ed2 req-0538b536-dd70-4aea-a0bc-d5601d470ed2 ] Request (TenantUsagesTestJSON:setUpClass): 201 POST http://10.180.1.21/identity/v3/projects 0.071s
2025-12-10 13:26:36.322 65956 INFO tempest.lib.common.rest_client [req-0d6a0bb9-d2d2-4527-b076-aa5e24094b3f req-0d6a0bb9-d2d2-4527-b076-aa5e24094b3f ] Request (DeleteServersAdminTestJSON:test_admin_delete_servers_of_others): 200 GET http://10.180.1.21/compute/v2.1/servers/155e58d8-d8f3-42fa-bf23-a5a88bfaf2aa 2.064s
2025-12-10 13:26:36.358 65936 INFO tempest.lib.common.rest_client [req-dc27606c-e26d-40dd-9a36-289641d11677 req-dc27606c-e26d-40dd-9a36-289641d11677 ] Request (TenantUsagesTestJSON:setUpClass): 201 POST http://10.180.1.21/identity/v3/users 0.095s
