2025-12-10 13:27:00.091 65970 INFO tempest.lib.common.rest_client [req-1a10453f-b0dd-433f-a93a-2d087f749567 req-1a10453f-b0dd-433f-a93a-2d087f749567 ] Request (InstanceUsageAuditLogNegativeTestJSON:test_instance_usage_audit_logs_with_nonadmin_user): 403 GET http://10.180.1.21/compute/v2.1/os-instance_usage_audit_log/2025-12-10%2013%3A26%3A53 6.195s
2025-12-10 13:27:00.293 65970 INFO tempest.lib.common.rest_client [req-9f5d1a48-33c3-4fee-8ddc-5703c358a2f3 req-9f5d1a48-33c3-4fee-8ddc-5703c358a2f3 ] Request (InstanceUsageAuditLogNegativeTestJSON:tearDownClass): 204 DELETE http://10.180.1.21/identity/v3/users/71a57e9d4d974f1483b2f971a8f6f815 0.196s
2025-12-10 13:27:00.410 65970 INFO tempest.lib.common.rest_client [req-a3583388-c8c2-4041-879f-96d6d0a70a6d req-a3583388-c8c2-4041-879f-96d6d0a70a6d ] Request (InstanceUsageAuditLogNegativeTestJSON:tearDownClass): 204 DELETE http://10.180.1.21/identity/v3/users/40378258b31d4f5087eab05e7f077e1f 0.117s
2025-12-10 13:27:00.411 65970 INFO tempest.lib.common.dynamic_creds [-] Deleting project and security group for project: 7d5042731a3d4feb8451cd5b154c4017
2025-12-10 13:27:00.477 65970 INFO tempest.lib.common.rest_client [req-45a061ef-bcfa-449d-9336-25a9fdeece8b req-45a061ef-bcfa-449d-9336-25a9fdeece8b ] Request (InstanceUsageAuditLogNegativeTestJSON:tearDownClass): 201 POST http://10.180.1.21/identity/v3/auth/tokens 0.066s
2025-12-10 13:27:00.745 65978 INFO tempest.lib.common.rest_client [req-d940cc11-85af-4016-b967-75a74a7c0de5 req-d940cc11-85af-4016-b967-75a74a7c0de5 ] Request (VolumesAssistedSnapshotsTest:test_volume_assisted_snapshot_create_delete): 200 PUT http://10.180.1.21/networking/v2.0/floatingips/5ba35b65-d530-455a-9a89-ffc1ecc0937b 0.712s
2025-12-10 13:27:00.747 65978 INFO tempest.lib.common.ssh [-] Creating ssh connection to '10.180.180.183:22' as 'cirros' with public key authentication
2025-12-10 13:27:01.067 65970 INFO tempest.lib.common.rest_client [req-879f0cd6-295c-466e-ad9a-b8a00403946a req-879f0cd6-295c-466e-ad9a-b8a00403946a ] Request (InstanceUsageAuditLogNegativeTestJSON:tearDownClass): 200 GET http://10.180.1.21/networking/v2.0/security-groups?tenant_id=7d5042731a3d4feb8451cd5b154c4017&name=default 0.590s
2025-12-10 13:27:01.118 65972 INFO tempest.lib.common.rest_client [req-fb55b304-954d-4a57-8f30-4cb451caac2e req-fb55b304-954d-4a57-8f30-4cb451caac2e ] Request (VolumesAdminNegativeTest:setUpClass): 200 PUT http://10.180.1.21/networking/v2.0/routers/ad2f2907-0f21-4663-8e9f-97ea7c49dd0d/add_router_interface 1.377s
2025-12-10 13:27:01.119 65972 INFO tempest.lib.common.dynamic_creds [-] Created isolated network resources for: credentials: Credentials: {'domain_id': 'default', 'domain_name': 'Default', 'username': 'tempest-VolumesAdminNegativeTest-1329499170-project-admin', 'project_domain_id': 'default', 'project_domain_name': 'Default', 'project_id': '044158b0668c4a01b53704d14ad99153', 'project_name': 'tempest-VolumesAdminNegativeTest-1329499170', 'tenant_id': '044158b0668c4a01b53704d14ad99153', 'tenant_name': 'tempest-VolumesAdminNegativeTest-1329499170', 'user_domain_id': 'default', 'user_domain_name': 'Default', 'user_id': '40940736742d4b1483ddec0487dd78fa', 'system': None}, Network: {'id': '9c06d3df-6327-4f5c-8425-5575fecf99c9', 'name': 'tempest-VolumesAdminNegativeTest-232308638-network', 'tenant_id': '044158b0668c4a01b53704d14ad99153', 'project_id': '044158b0668c4a01b53704d14ad99153', 'admin_state_up': True, 'mtu': 8950, 'status': 'ACTIVE', 'subnets': [], 'shared': False, 'port_security_enabled': True, 'router:external': False, 'provider:network_type': 'vlan', 'provider:physical_network': 'default', 'provider:segmentation_id': 254, 'availability_zone_hints': [], 'availability_zones': [], 'ipv4_address_scope': None, 'ipv6_address_scope': None, 'description': '', 'tags': [], 'created_at': '2025-12-10T13:26:57Z', 'updated_at': '2025-12-10T13:26:57Z', 'revision_number': 1}, Subnet: {'id': 'e0554223-c9a9-41d6-91ee-1d5c88274d07', 'name': 'tempest-VolumesAdminNegativeTest-232308638-subnet', 'tenant_id': '044158b0668c4a01b53704d14ad99153', 'network_id': '9c06d3df-6327-4f5c-8425-5575fecf99c9', 'ip_version': 4, 'subnetpool_id': None, 'enable_dhcp': True, 'ipv6_ra_mode': None, 'ipv6_address_mode': None, 'gateway_ip': '192.168.128.1', 'cidr': '192.168.128.0/28', 'allocation_pools': [{'start': '192.168.128.2', 'end': '192.168.128.14'}], 'host_routes': [], 'dns_nameservers': [], 'description': '', 'router:external': False, 'service_types': [], 'tags': [], 'created_at': '2025-12-10T13:26:58Z', 'updated_at': '2025-12-10T13:26:58Z', 'revision_number': 0, 'project_id': '044158b0668c4a01b53704d14ad99153'}, Router: {'id': 'ad2f2907-0f21-4663-8e9f-97ea7c49dd0d', 'name': 'tempest-VolumesAdminNegativeTest-232308638-router', 'tenant_id': '044158b0668c4a01b53704d14ad99153', 'admin_state_up': True, 'status': 'ACTIVE', 'external_gateway_info': {'network_id': '56529eb0-626d-40e2-810c-7d981938bb61', 'external_fixed_ips': [{'subnet_id': '363afc98-f9da-47a9-9f2e-5d56938a7e6e', 'ip_address': '10.180.180.249'}], 'enable_snat': True}, 'description': '', 'availability_zones': [], 'distributed': False, 'ha': False, 'availability_zone_hints': [], 'routes': [], 'flavor_id': None, 'tags': [], 'created_at': '2025-12-10T13:26:58Z', 'updated_at': '2025-12-10T13:26:59Z', 'revision_number': 2, 'project_id': '044158b0668c4a01b53704d14ad99153'}
2025-12-10 13:27:01.147 65975 INFO tempest.lib.common.rest_client [req-857caee8-4529-475b-99df-999311073524 req-857caee8-4529-475b-99df-999311073524 ] Request (MigrationsAdminTest:test_list_migrations_in_flavor_resize_situation): 200 GET http://10.180.1.21/compute/v2.1/servers/50c42a1a-8515-49cf-ae46-2b354191c914 7.532s
2025-12-10 13:27:01.154 65966 INFO tempest.lib.common.rest_client [req-9afa0131-ba60-423f-88ab-6bc699e0551f req-9afa0131-ba60-423f-88ab-6bc699e0551f ] Request (HostsAdminNegativeTestJSON:test_update_host_without_param): 400 PUT http://10.180.1.21/compute/v2.1/os-hosts/devstack 6.899s
2025-12-10 13:27:01.171 65944 INFO tempest.lib.common.rest_client [req-748ea7e5-2ec9-468e-9d82-91ca6fa0baac req-748ea7e5-2ec9-468e-9d82-91ca6fa0baac ] Request (SecurityGroupsTestJSON:test_list_security_groups_by_server): 200 GET http://10.180.1.21/compute/v2.1/servers/fcc19893-9d39-499a-8218-f346f7efcdcb/os-security-groups 6.922s
2025-12-10 13:27:01.176 65991 INFO tempest.lib.common.rest_client [req-5e63b27a-0d13-4a93-9374-ec40d1884f84 req-5e63b27a-0d13-4a93-9374-ec40d1884f84 ] Request (FlavorsExtraSpecsTestJSON:tearDownClass): 202 DELETE http://10.180.1.21/compute/v2.1/flavors/399421522 6.893s
2025-12-10 13:27:01.229 65982 INFO tempest.lib.common.rest_client [req-fb3d4f02-cd82-4dcb-8718-8406fd321826 req-fb3d4f02-cd82-4dcb-8718-8406fd321826 ] Request (KeyPairsV22TestJSON:test_keypairsv22_create_list_show): 201 POST http://10.180.1.21/compute/v2.1/os-keypairs 6.872s
2025-12-10 13:27:01.245 65972 INFO tempest.lib.common.rest_client [req-d972cfcb-c220-4e1c-a1b4-9bb090feb6d3 req-d972cfcb-c220-4e1c-a1b4-9bb090feb6d3 ] Request (VolumesAdminNegativeTest:setUpClass): 201 POST http://10.180.1.21/identity/v3/auth/tokens 0.121s
2025-12-10 13:27:01.251 65970 INFO tempest.lib.common.rest_client [req-2ca08e24-f756-4ebc-ab50-48026cfed6d4 req-2ca08e24-f756-4ebc-ab50-48026cfed6d4 ] Request (InstanceUsageAuditLogNegativeTestJSON:tearDownClass): 204 DELETE http://10.180.1.21/networking/v2.0/security-groups/ce9f9944-25b1-42da-abd2-25944e201af2 0.183s
2025-12-10 13:27:01.255 65961 INFO tempest.lib.common.rest_client [req-b6c0fb46-23cc-41f4-ae4e-c2ecd24ae69b req-b6c0fb46-23cc-41f4-ae4e-c2ecd24ae69b ] Request (FlavorsAccessNegativeTestJSON:_run_cleanups): 202 DELETE http://10.180.1.21/compute/v2.1/flavors/638575865 6.740s
2025-12-10 13:27:01.289 65962 INFO tempest.lib.common.rest_client [req-844fd8f6-0db5-4ef8-a21c-890ce7507aad req-844fd8f6-0db5-4ef8-a21c-890ce7507aad ] Request (ImagesNegativeTestJSON:test_create_image_from_deleted_server): 200 GET http://10.180.1.21/compute/v2.1/servers/ba68b85e-fd4c-4b6f-a422-9daa34a85f19 6.921s
2025-12-10 13:27:01.313 65972 INFO tempest.lib.common.rest_client [req-a68d9b72-2209-415a-b4cf-2e716b7996df req-a68d9b72-2209-415a-b4cf-2e716b7996df ] Request (VolumesAdminNegativeTest:setUpClass): 201 POST http://10.180.1.21/identity/v3/projects 0.066s
2025-12-10 13:27:01.368 65970 INFO tempest.lib.common.rest_client [req-0a4b8859-feaf-4d70-a493-6f8cf3616cf5 req-0a4b8859-feaf-4d70-a493-6f8cf3616cf5 ] Request (InstanceUsageAuditLogNegativeTestJSON:tearDownClass): 204 DELETE http://10.180.1.21/identity/v3/projects/7d5042731a3d4feb8451cd5b154c4017 0.116s
2025-12-10 13:27:01.368 65970 INFO tempest.lib.common.dynamic_creds [-] Deleting project and security group for project: c7657f77d082497a9a3b8e096dbec7dc
2025-12-10 13:27:01.461 65946 INFO tempest.lib.common.rest_client [req-3e43c1b8-0a96-45ac-95a6-f08927da663f req-3e43c1b8-0a96-45ac-95a6-f08927da663f ] Request (ServersWithSpecificFlavorTestJSON:test_verify_created_server_ephemeral_disk): 200 GET http://10.180.1.21/compute/v2.1/servers/619268f7-1cf8-4c91-9cbd-fe3ed29fc74d 6.923s
2025-12-10 13:27:01.464 65972 INFO tempest.lib.common.rest_client [req-753f2a2b-395c-4758-9395-a7e85787a809 req-753f2a2b-395c-4758-9395-a7e85787a809 ] Request (VolumesAdminNegativeTest:setUpClass): 201 POST http://10.180.1.21/identity/v3/users 0.151s
2025-12-10 13:27:01.471 65946 INFO tempest.common.waiters [-] State transition "BUILD/None" ==> "BUILD/spawning" after 8 second wait
2025-12-10 13:27:01.498 65936 INFO tempest.lib.common.rest_client [req-091d5a47-f39f-4360-9b38-4b4c8f335db1 req-091d5a47-f39f-4360-9b38-4b4c8f335db1 ] Request (TenantUsagesTestJSON:setUpClass): 200 GET http://10.180.1.21/compute/v2.1/servers/457b79ac-403f-4132-aa05-f57e5bb6254c 6.777s
2025-12-10 13:27:01.499 65972 INFO tempest.lib.common.rest_client [req-0aa9f8d6-e9f2-49f3-9631-470a8211a062 req-0aa9f8d6-e9f2-49f3-9631-470a8211a062 ] Request (VolumesAdminNegativeTest:setUpClass): 200 GET http://10.180.1.21/identity/v3/roles 0.034s
2025-12-10 13:27:01.545 65972 INFO tempest.lib.common.rest_client [req-2a57033f-e6df-4257-bb79-f59459c69579 req-2a57033f-e6df-4257-bb79-f59459c69579 ] Request (VolumesAdminNegativeTest:setUpClass): 204 PUT http://10.180.1.21/identity/v3/projects/de38ab21a3024024a8d25b12f194abdc/users/c19e8c1027c34466964e6deebd12ca20/roles/d58d083948714c25927f277c12fcf152 0.045s
2025-12-10 13:27:01.545 65970 INFO tempest.lib.common.rest_client [req-02486ea1-4ec7-42f3-a640-d097b4a11a84 req-02486ea1-4ec7-42f3-a640-d097b4a11a84 ] Request (InstanceUsageAuditLogNegativeTestJSON:tearDownClass): 200 GET http://10.180.1.21/networking/v2.0/security-groups?tenant_id=c7657f77d082497a9a3b8e096dbec7dc&name=default 0.177s
2025-12-10 13:27:01.612 65972 INFO tempest.lib.common.rest_client [req-6eda3d84-6e3b-4860-bcb1-bcddc285d6b4 req-6eda3d84-6e3b-4860-bcb1-bcddc285d6b4 ] Request (VolumesAdminNegativeTest:setUpClass): 200 GET http://10.180.1.21/identity/v3/roles 0.067s
2025-12-10 13:27:01.633 65972 INFO tempest.lib.common.rest_client [req-b61f27a3-9aa6-461f-8a43-afbe3b72db46 req-b61f27a3-9aa6-461f-8a43-afbe3b72db46 ] Request (VolumesAdminNegativeTest:setUpClass): 204 PUT http://10.180.1.21/identity/v3/projects/de38ab21a3024024a8d25b12f194abdc/users/c19e8c1027c34466964e6deebd12ca20/roles/638f4a5f713541ebbcbfc20f87a63575 0.020s
2025-12-10 13:27:01.633 65972 INFO tempest.lib.common.dynamic_creds [-] Dynamic test user c19e8c1027c34466964e6deebd12ca20 is created with scope project and roles: ['service', 'admin']
2025-12-10 13:27:01.634 65972 INFO tempest.lib.common.dynamic_creds [-] Acquired dynamic creds: credentials: Credentials: {'domain_id': 'default', 'domain_name': 'Default', 'username': 'tempest-VolumesAdminNegativeTest-740783528-project', 'project_domain_id': 'default', 'project_domain_name': 'Default', 'project_id': 'de38ab21a3024024a8d25b12f194abdc', 'project_name': 'tempest-VolumesAdminNegativeTest-740783528', 'tenant_id': 'de38ab21a3024024a8d25b12f194abdc', 'tenant_name': 'tempest-VolumesAdminNegativeTest-740783528', 'user_domain_id': 'default', 'user_domain_name': 'Default', 'user_id': 'c19e8c1027c34466964e6deebd12ca20', 'system': None}, Network: None, Subnet: None, Router: None
2025-12-10 13:27:01.659 65970 INFO tempest.lib.common.rest_client [req-d5f3907e-0267-4abb-9956-132b867c6c93 req-d5f3907e-0267-4abb-9956-132b867c6c93 ] Request (InstanceUsageAuditLogNegativeTestJSON:tearDownClass): 204 DELETE http://10.180.1.21/networking/v2.0/security-groups/990996fc-87cf-4e74-99dd-2ef276064b01 0.113s
2025-12-10 13:27:01.800 65970 INFO tempest.lib.common.rest_client [req-e73a70ac-2de1-48f2-b6a0-dd96eda30613 req-e73a70ac-2de1-48f2-b6a0-dd96eda30613 ] Request (InstanceUsageAuditLogNegativeTestJSON:tearDownClass): 204 DELETE http://10.180.1.21/identity/v3/projects/c7657f77d082497a9a3b8e096dbec7dc 0.140s
2025-12-10 13:27:01.862 65986 INFO tempest.lib.common.rest_client [req-3f512c33-08d9-4b48-8801-7f5c62177cb3 req-3f512c33-08d9-4b48-8801-7f5c62177cb3 ] Request (ServerShowV247Test:test_show_server): 202 POST http://10.180.1.21/compute/v2.1/servers 7.037s
2025-12-10 13:27:01.896 65970 INFO tempest.lib.common.rest_client [req-e6e11212-d523-40b8-8600-f7487baea0bb req-e6e11212-d523-40b8-8600-f7487baea0bb ] Request (AttachInterfacesTestJSON:setUpClass): 201 POST http://10.180.1.21/identity/v3/auth/tokens 0.093s
2025-12-10 13:27:01.918 65972 INFO tempest.lib.common.rest_client [req-440472fa-274c-4e3c-be0e-602e03916b95 req-440472fa-274c-4e3c-be0e-602e03916b95 ] Request (VolumesAdminNegativeTest:setUpClass): 201 POST http://10.180.1.21/networking/v2.0/networks 0.284s
2025-12-10 13:27:01.973 65984 INFO tempest.lib.common.rest_client [req-6a8a52ea-e1c1-4dc6-b59a-6a2f6f1e002c req-6a8a52ea-e1c1-4dc6-b59a-6a2f6f1e002c ] Request (InstanceActionsV221TestJSON:test_get_list_deleted_instance_actions): 200 GET http://10.180.1.21/compute/v2.1/servers/4ce1b5eb-3e9d-407c-98ce-3f806eaed7ee 6.693s
2025-12-10 13:27:01.976 65970 INFO tempest.lib.common.rest_client [req-383f7703-8ce0-4f59-94bb-24ee4c7807b8 req-383f7703-8ce0-4f59-94bb-24ee4c7807b8 ] Request (AttachInterfacesTestJSON:setUpClass): 201 POST http://10.180.1.21/identity/v3/auth/tokens 0.074s
2025-12-10 13:27:01.997 65984 INFO tempest.common.waiters [-] State transition "BUILD/networking" ==> "BUILD/spawning" after 13 second wait
2025-12-10 13:27:02.020 65970 INFO tempest.lib.common.rest_client [req-2035df4f-3b16-47f3-8fce-03c289a5e082 req-2035df4f-3b16-47f3-8fce-03c289a5e082 ] Request (AttachInterfacesTestJSON:setUpClass): 200 GET http://10.180.1.21/identity/v3/domains?name=Default 0.043s
2025-12-10 13:27:02.086 65970 INFO tempest.lib.common.rest_client [req-9064ab7e-7776-479e-876b-20675dc9ecb6 req-9064ab7e-7776-479e-876b-20675dc9ecb6 ] Request (AttachInterfacesTestJSON:setUpClass): 201 POST http://10.180.1.21/identity/v3/projects 0.065s
2025-12-10 13:27:02.181 65972 INFO tempest.lib.common.rest_client [req-d368c50d-4f16-45e5-b313-63f78574a822 req-d368c50d-4f16-45e5-b313-63f78574a822 ] Request (VolumesAdminNegativeTest:setUpClass): 201 POST http://10.180.1.21/networking/v2.0/subnets 0.262s
2025-12-10 13:27:02.192 65970 INFO tempest.lib.common.rest_client [req-85420ab0-4d57-4af8-8641-75e8f200c5c1 req-85420ab0-4d57-4af8-8641-75e8f200c5c1 ] Request (AttachInterfacesTestJSON:setUpClass): 201 POST http://10.180.1.21/identity/v3/users 0.105s
2025-12-10 13:27:02.223 65970 INFO tempest.lib.common.rest_client [req-2b4b2722-0f61-413f-8e00-79b48111cb44 req-2b4b2722-0f61-413f-8e00-79b48111cb44 ] Request (AttachInterfacesTestJSON:setUpClass): 200 GET http://10.180.1.21/identity/v3/roles 0.031s
2025-12-10 13:27:02.240 65952 INFO tempest.lib.common.rest_client [req-62da95b5-7c69-4423-9482-b40c8126f81e req-62da95b5-7c69-4423-9482-b40c8126f81e ] Request (ListImageFiltersTestJSON:setUpClass): 200 GET http://10.180.1.21/compute/v2.1/servers/fb7a5eb6-862d-4885-b1a0-cc9c882e386c 6.225s
2025-12-10 13:27:02.274 65970 INFO tempest.lib.common.rest_client [req-2fec9c9b-ce4d-4ff0-90fe-77f0ae1eaf46 req-2fec9c9b-ce4d-4ff0-90fe-77f0ae1eaf46 ] Request (AttachInterfacesTestJSON:setUpClass): 204 PUT http://10.180.1.21/identity/v3/projects/b09a43b7ee6248b58400cee02115eee8/users/fefa041e6f11466192d7562d46d5d734/roles/25932b77468e4e9b993fc4568fa57241 0.050s
2025-12-10 13:27:02.274 65970 INFO tempest.lib.common.dynamic_creds [-] Dynamic test user fefa041e6f11466192d7562d46d5d734 is created with scope project and roles: ['member']
2025-12-10 13:27:02.277 65970 INFO tempest.lib.common.dynamic_creds [-] Acquired dynamic creds: credentials: Credentials: {'domain_id': 'default', 'domain_name': 'Default', 'username': 'tempest-AttachInterfacesTestJSON-86376519-project-member', 'project_domain_id': 'default', 'project_domain_name': 'Default', 'project_id': 'b09a43b7ee6248b58400cee02115eee8', 'project_name': 'tempest-AttachInterfacesTestJSON-86376519', 'tenant_id': 'b09a43b7ee6248b58400cee02115eee8', 'tenant_name': 'tempest-AttachInterfacesTestJSON-86376519', 'user_domain_id': 'default', 'user_domain_name': 'Default', 'user_id': 'fefa041e6f11466192d7562d46d5d734', 'system': None}, Network: None, Subnet: None, Router: None
2025-12-10 13:27:02.368 65970 INFO tempest.lib.common.rest_client [req-73c2a56d-5648-4227-a77c-50820eb7f223 req-73c2a56d-5648-4227-a77c-50820eb7f223 ] Request (AttachInterfacesTestJSON:setUpClass): 201 POST http://10.180.1.21/identity/v3/auth/tokens 0.091s
2025-12-10 13:27:02.970 65972 INFO tempest.lib.common.rest_client [req-480c9461-d363-4f57-a3e0-367b2a0ec972 req-480c9461-d363-4f57-a3e0-367b2a0ec972 ] Request (VolumesAdminNegativeTest:setUpClass): 201 POST http://10.180.1.21/networking/v2.0/routers 0.788s
2025-12-10 13:27:03.073 65948 INFO tempest.lib.common.rest_client [req-7d764c73-e33d-4dad-af7c-7801cb6cd893 req-7d764c73-e33d-4dad-af7c-7801cb6cd893 ] Request (ServerAddressesNegativeTestJSON:setUpClass): 200 GET http://10.180.1.21/compute/v2.1/servers/d9c1efcf-5ef0-4f42-9b84-f1cae17ad69a 5.762s
2025-12-10 13:27:03.209 65980 INFO tempest.lib.common.rest_client [req-a3c70bd4-7554-41ea-8f62-4ee67e4d3894 req-a3c70bd4-7554-41ea-8f62-4ee67e4d3894 ] Request (ListServersNegativeTestJSON:setUpClass): 200 GET http://10.180.1.21/compute/v2.1/servers 4.961s
2025-12-10 13:27:03.221 65940 INFO tempest.lib.common.rest_client [req-7d863698-85fa-4cb7-ae9e-e6c5de2b9bc5 req-7d863698-85fa-4cb7-ae9e-e6c5de2b9bc5 ] Request (KeyPairsV2TestJSON:test_keypairs_create_list_delete): 200 GET http://10.180.1.21/compute/v2.1/os-keypairs 4.330s
2025-12-10 13:27:03.248 65993 INFO tempest.lib.common.rest_client [req-b108855e-4319-4e03-8b7c-afe0b9ccbe3e req-b108855e-4319-4e03-8b7c-afe0b9ccbe3e ] Request (FlavorsAdminTestJSON:test_create_flavor_with_uuid_id): 200 POST http://10.180.1.21/compute/v2.1/flavors 4.326s
2025-12-10 13:27:03.412 65970 INFO tempest.lib.common.rest_client [req-ceaa36e3-981c-40e8-ae47-2f2deaef1b7a req-ceaa36e3-981c-40e8-ae47-2f2deaef1b7a ] Request (AttachInterfacesTestJSON:setUpClass): 201 POST http://10.180.1.21/networking/v2.0/networks 1.044s
2025-12-10 13:27:03.789 65958 INFO tempest.lib.common.rest_client [req-ce5339c5-5f62-4411-ae32-ae5c83428771 req-ce5339c5-5f62-4411-ae32-ae5c83428771 ] Request (ServerDiagnosticsV248Test:test_get_server_diagnostics): 200 GET http://10.180.1.21/compute/v2.1/servers/b30b9170-d270-4059-b6eb-d41a7467550b/diagnostics 4.716s
2025-12-10 13:27:03.963 65988 INFO tempest.lib.common.rest_client [req-a628ef53-0144-4b02-a430-a6165f0d405e req-a628ef53-0144-4b02-a430-a6165f0d405e ] Request (FloatingIPDetailsTestJSON:test_list_floating_ips): 200 GET http://10.180.1.21/compute/v2.1/os-floating-ips 7.468s
2025-12-10 13:27:04.178 65970 INFO tempest.lib.common.rest_client [req-1ababf8e-5513-453f-b172-29a81081df9d req-1ababf8e-5513-453f-b172-29a81081df9d ] Request (AttachInterfacesTestJSON:setUpClass): 201 POST http://10.180.1.21/networking/v2.0/subnets 0.764s
2025-12-10 13:27:04.254 65950 INFO tempest.lib.common.rest_client [req-cd57376f-1dfc-42ec-b064-a723d38a9a84 req-cd57376f-1dfc-42ec-b064-a723d38a9a84 ] Request (ImagesMetadataTestJSON:test_set_image_metadata_item): 200 PUT http://10.180.1.21/compute/v2.1/images/03a449ef-21d8-4e8e-88e3-ba1e16b017a3/metadata/os_version 5.061s
2025-12-10 13:27:04.282 65934 INFO tempest.lib.common.rest_client [req-6274408d-0911-4719-be13-4b7ca2824cb8 req-6274408d-0911-4719-be13-4b7ca2824cb8 ] Request (ServersAdminTestJSON:setUpClass): 200 GET http://10.180.1.21/compute/v2.1/servers/660b9545-2ad3-43bd-8c97-3c81a1af0724 5.114s
2025-12-10 13:27:04.302 65942 INFO tempest.lib.common.rest_client [req-2a61712e-3dfd-4668-bc18-2fff22490561 req-2a61712e-3dfd-4668-bc18-2fff22490561 ] Request (FlavorsV2TestJSON:test_list_flavors): 200 GET http://10.180.1.21/compute/v2.1/flavors/42 4.534s
2025-12-10 13:27:04.456 65994 INFO tempest.lib.common.rest_client [req-8e12468e-ee74-4ab7-bc32-a46c7f6722a7 req-8e12468e-ee74-4ab7-bc32-a46c7f6722a7 ] Request (ServersAaction247Test:tearDownClass): 204 DELETE http://10.180.1.21/compute/v2.1/servers/502fbfec-e7d3-4dfa-a744-3c3aceacecc2 4.659s
2025-12-10 13:27:04.549 65968 INFO tempest.lib.common.rest_client [req-254e3756-e3f0-4088-8ba9-12f5189888c7 req-254e3756-e3f0-4088-8ba9-12f5189888c7 ] Request (QuotasAdminNegativeTest:_run_cleanups): 200 PUT http://10.180.1.21/compute/v2.1/os-quota-sets/e0c6e2c9ba7348f7928c0b9652b8a012 5.000s
2025-12-10 13:27:04.609 65972 INFO tempest.lib.common.rest_client [req-e98e081a-f198-4719-9092-47905e5a8744 req-e98e081a-f198-4719-9092-47905e5a8744 ] Request (VolumesAdminNegativeTest:setUpClass): 200 PUT http://10.180.1.21/networking/v2.0/routers/5bfcc4de-248f-4f2d-bf15-19c362707f10/add_router_interface 1.639s
2025-12-10 13:27:04.610 65972 INFO tempest.lib.common.dynamic_creds [-] Created isolated network resources for: credentials: Credentials: {'domain_id': 'default', 'domain_name': 'Default', 'username': 'tempest-VolumesAdminNegativeTest-740783528-project', 'project_domain_id': 'default', 'project_domain_name': 'Default', 'project_id': 'de38ab21a3024024a8d25b12f194abdc', 'project_name': 'tempest-VolumesAdminNegativeTest-740783528', 'tenant_id': 'de38ab21a3024024a8d25b12f194abdc', 'tenant_name': 'tempest-VolumesAdminNegativeTest-740783528', 'user_domain_id': 'default', 'user_domain_name': 'Default', 'user_id': 'c19e8c1027c34466964e6deebd12ca20', 'system': None}, Network: {'id': 'a241a255-1797-4c6a-b3bd-a5b854c721c1', 'name': 'tempest-VolumesAdminNegativeTest-1463383057-network', 'tenant_id': 'de38ab21a3024024a8d25b12f194abdc', 'project_id': 'de38ab21a3024024a8d25b12f194abdc', 'admin_state_up': True, 'mtu': 8950, 'status': 'ACTIVE', 'subnets': [], 'shared': False, 'port_security_enabled': True, 'router:external': False, 'provider:network_type': 'vlan', 'provider:physical_network': 'default', 'provider:segmentation_id': 274, 'availability_zone_hints': [], 'availability_zones': [], 'ipv4_address_scope': None, 'ipv6_address_scope': None, 'description': '', 'tags': [], 'created_at': '2025-12-10T13:27:01Z', 'updated_at': '2025-12-10T13:27:01Z', 'revision_number': 1}, Subnet: {'id': 'b66c0dc2-fbe4-402f-9836-fe38a75b7ec4', 'name': 'tempest-VolumesAdminNegativeTest-1463383057-subnet', 'tenant_id': 'de38ab21a3024024a8d25b12f194abdc', 'network_id': 'a241a255-1797-4c6a-b3bd-a5b854c721c1', 'ip_version': 4, 'subnetpool_id': None, 'enable_dhcp': True, 'ipv6_ra_mode': None, 'ipv6_address_mode': None, 'gateway_ip': '192.168.128.1', 'cidr': '192.168.128.0/28', 'allocation_pools': [{'start': '192.168.128.2', 'end': '192.168.128.14'}], 'host_routes': [], 'dns_nameservers': [], 'description': '', 'router:external': False, 'service_types': [], 'tags': [], 'created_at': '2025-12-10T13:27:02Z', 'updated_at': '2025-12-10T13:27:02Z', 'revision_number': 0, 'project_id': 'de38ab21a3024024a8d25b12f194abdc'}, Router: {'id': '5bfcc4de-248f-4f2d-bf15-19c362707f10', 'name': 'tempest-VolumesAdminNegativeTest-1463383057-router', 'tenant_id': 'de38ab21a3024024a8d25b12f194abdc', 'admin_state_up': True, 'status': 'ACTIVE', 'external_gateway_info': {'network_id': '56529eb0-626d-40e2-810c-7d981938bb61', 'external_fixed_ips': [{'subnet_id': '363afc98-f9da-47a9-9f2e-5d56938a7e6e', 'ip_address': '10.180.180.198'}], 'enable_snat': True}, 'description': '', 'availability_zones': [], 'distributed': False, 'ha': False, 'availability_zone_hints': [], 'routes': [], 'flavor_id': None, 'tags': [], 'created_at': '2025-12-10T13:27:02Z', 'updated_at': '2025-12-10T13:27:02Z', 'revision_number': 2, 'project_id': 'de38ab21a3024024a8d25b12f194abdc'}
2025-12-10 13:27:04.733 65972 INFO tempest.lib.common.rest_client [req-fdcc25c6-26db-4a22-b300-baa0f230458e req-fdcc25c6-26db-4a22-b300-baa0f230458e ] Request (VolumesAdminNegativeTest:setUpClass): 201 POST http://10.180.1.21/identity/v3/auth/tokens 0.119s
2025-12-10 13:27:04.776 65954 INFO tempest.lib.common.rest_client [req-9e407121-caa4-4149-8b8c-6520f5c0902a req-9e407121-caa4-4149-8b8c-6520f5c0902a ] Request (ServersAdmin275Test:_run_cleanups): 200 GET http://10.180.1.21/compute/v2.1/servers/5443c301-11ca-495e-b7c2-444692b53dbe 4.912s
2025-12-10 13:27:04.785 65954 INFO tempest.common.waiters [-] State transition "REBUILD/rebuild_spawning" ==> "ACTIVE/None" after 6 second wait
2025-12-10 13:27:04.837 65972 INFO tempest.lib.common.rest_client [req-eb26993e-7dbb-4cbf-9ee5-d03da9075897 req-eb26993e-7dbb-4cbf-9ee5-d03da9075897 ] Request (VolumesAdminNegativeTest:test_update_attached_volume_with_nonexistent_volume_in_uri): 201 POST http://10.180.1.21/identity/v3/auth/tokens 0.097s
2025-12-10 13:27:04.838 65972 INFO tempest.lib.common.fixed_network [-] (VolumesAdminNegativeTest:test_update_attached_volume_with_nonexistent_volume_in_uri) Found network {'id': 'e92da775-ab9e-440c-8a5f-39e02d1b0ba1', 'name': 'tempest-VolumesAdminNegativeTest-159230855-network', 'tenant_id': '3231e91d6e1246deac6f1e0d98c22d22', 'project_id': '3231e91d6e1246deac6f1e0d98c22d22', 'admin_state_up': True, 'mtu': 8950, 'status': 'ACTIVE', 'subnets': [], 'shared': False, 'port_security_enabled': True, 'router:external': False, 'provider:network_type': 'vlan', 'provider:physical_network': 'default', 'provider:segmentation_id': 39, 'availability_zone_hints': [], 'availability_zones': [], 'ipv4_address_scope': None, 'ipv6_address_scope': None, 'description': '', 'tags': [], 'created_at': '2025-12-10T13:26:54Z', 'updated_at': '2025-12-10T13:26:54Z', 'revision_number': 1} available for tenant
2025-12-10 13:27:04.875 65996 INFO tempest.lib.common.rest_client [req-4ea169e3-b26f-4c3c-8888-4cbc9035c6e7 req-4ea169e3-b26f-4c3c-8888-4cbc9035c6e7 ] Request (ImagesTestJSON:test_create_image_from_stopped_server): 200 GET http://10.180.1.21/compute/v2.1/servers/bdcb5b8d-9f98-41a3-aa53-a3e15c2d8407 5.011s
2025-12-10 13:27:04.877 65938 INFO tempest.lib.common.rest_client [req-c9cf4f85-d6a6-4af4-b9f4-1ad21599cae7 req-c9cf4f85-d6a6-4af4-b9f4-1ad21599cae7 ] Request (QuotasAdminTestJSON:test_get_default_quotas): 200 GET http://10.180.1.21/compute/v2.1/os-quota-sets/ef1cd73864d44273ac0f767fa4d5d029/defaults 4.830s
2025-12-10 13:27:04.879 65978 WARNING tempest.lib.common.ssh [-] Failed to establish authenticated ssh connection to cirros@10.180.180.183 ([Errno None] Unable to connect to port 22 on 10.180.180.183). Number attempts: 1. Retry after 2 seconds.: paramiko.ssh_exception.NoValidConnectionsError: [Errno None] Unable to connect to port 22 on 10.180.180.183
2025-12-10 13:27:04.882 65976 INFO tempest.lib.common.rest_client [req-9657161e-bc6b-427b-8a1b-1de915da8069 req-9657161e-bc6b-427b-8a1b-1de915da8069 ] Request (AggregatesAdminNegativeTestJSON:test_aggregate_create_aggregate_name_length_less_than_1): 400 POST http://10.180.1.21/compute/v2.1/os-aggregates 4.800s
2025-12-10 13:27:04.919 65938 INFO tempest.lib.common.rest_client [req-9d557252-10e1-411b-be8f-696f78c1a9ab req-9d557252-10e1-411b-be8f-696f78c1a9ab ] Request (QuotasAdminTestJSON:test_get_updated_quotas): 200 GET http://10.180.1.21/identity/v3/domains?name=Default 0.038s
2025-12-10 13:27:04.962 65938 INFO tempest.lib.common.rest_client [req-d2fa05be-1434-48f7-a9ab-1c9abfc09004 req-d2fa05be-1434-48f7-a9ab-1c9abfc09004 ] Request (QuotasAdminTestJSON:test_get_updated_quotas): 201 POST http://10.180.1.21/identity/v3/projects 0.043s
2025-12-10 13:27:05.026 65938 INFO tempest.lib.common.rest_client [req-9f943238-c130-4e9a-ac9d-a611cef82af5 req-9f943238-c130-4e9a-ac9d-a611cef82af5 ] Request (QuotasAdminTestJSON:test_get_updated_quotas): 200 GET http://10.180.1.21/identity/v3/domains?name=Default 0.063s
2025-12-10 13:27:05.097 65964 INFO tempest.lib.common.rest_client [req-8b638c64-ce8b-439e-a801-51d41bad6297 req-8b638c64-ce8b-439e-a801-51d41bad6297 ] Request (ServersAdminNegativeTestJSON:test_migrate_server_invalid_state): 200 GET http://10.180.1.21/compute/v2.1/servers/81753bd1-d785-460c-9da1-6fb6d5587c37 4.348s
2025-12-10 13:27:05.105 65964 INFO tempest.common.waiters [-] State transition "BUILD/spawning" ==> "ACTIVE/None" after 21 second wait
2025-12-10 13:27:05.112 65966 INFO tempest.lib.common.rest_client [req-3d26dcf4-b3fe-45d7-82bf-ff7a0428f04e req-3d26dcf4-b3fe-45d7-82bf-ff7a0428f04e ] Request (HostsAdminNegativeTestJSON:test_update_nonexistent_host): 404 PUT http://10.180.1.21/compute/v2.1/os-hosts/nonexistent_hostname 3.952s
2025-12-10 13:27:05.144 65991 INFO tempest.lib.common.rest_client [req-054b8a0c-1f6b-4458-b361-1f12a9748347 req-054b8a0c-1f6b-4458-b361-1f12a9748347 ] Request (FlavorsExtraSpecsTestJSON:tearDownClass): 200 GET http://10.180.1.21/compute/v2.1/flavors/detail 3.968s
2025-12-10 13:27:05.172 65956 INFO tempest.lib.common.rest_client [req-43ca5b39-c7ac-4894-ae0c-227a80b6f883 req-43ca5b39-c7ac-4894-ae0c-227a80b6f883 ] Request (DeleteServersAdminTestJSON:test_delete_server_while_in_error_state): 200 GET http://10.180.1.21/compute/v2.1/servers/3394fd7d-55f5-453d-82f1-3f9347fff982 4.089s
2025-12-10 13:27:05.184 65982 INFO tempest.lib.common.rest_client [req-5a38d399-14b5-4a68-9032-3a518f8fe8bb req-5a38d399-14b5-4a68-9032-3a518f8fe8bb ] Request (KeyPairsV22TestJSON:test_keypairsv22_create_list_show): 200 GET http://10.180.1.21/compute/v2.1/os-keypairs/tempest-keypair-2114931876 3.953s
2025-12-10 13:27:05.205 65961 INFO tempest.lib.common.rest_client [req-7307db31-8cdd-4849-b4a7-d8b103daa7ae req-7307db31-8cdd-4849-b4a7-d8b103daa7ae ] Request (FlavorsAccessNegativeTestJSON:_run_cleanups): 200 GET http://10.180.1.21/compute/v2.1/flavors/detail 3.949s
2025-12-10 13:27:05.213 65970 INFO tempest.lib.common.rest_client [req-41fefe02-983b-4fe0-a29d-fd2236d7b387 req-41fefe02-983b-4fe0-a29d-fd2236d7b387 ] Request (AttachInterfacesTestJSON:setUpClass): 201 POST http://10.180.1.21/networking/v2.0/routers 1.031s
2025-12-10 13:27:05.272 65966 INFO tempest.lib.common.rest_client [req-0d4ccc1f-5f98-480b-bd32-028c7b7b45c8 req-0d4ccc1f-5f98-480b-bd32-028c7b7b45c8 ] Request (HostsAdminNegativeTestJSON:tearDownClass): 204 DELETE http://10.180.1.21/identity/v3/users/8e585a6b24974cb8908f900c2b9fef79 0.157s
2025-12-10 13:27:05.330 65991 INFO tempest.lib.common.rest_client [req-c3df933e-92ee-430d-b61d-af340b54dec1 req-c3df933e-92ee-430d-b61d-af340b54dec1 ] Request (FlavorsExtraSpecsTestJSON:tearDownClass): 204 DELETE http://10.180.1.21/identity/v3/users/4bfce3509ac841639c76851cfeeb6478 0.180s
2025-12-10 13:27:05.343 65944 INFO tempest.lib.common.rest_client [req-fa130e7e-c779-4b79-8160-340440e4a350 req-fa130e7e-c779-4b79-8160-340440e4a350 ] Request (SecurityGroupsTestJSON:test_security_group_create_get_delete): 200 POST http://10.180.1.21/compute/v2.1/os-security-groups 4.153s
2025-12-10 13:27:05.497 65966 INFO tempest.lib.common.rest_client [req-cf0d95a7-e922-4248-9ffa-175da3afc989 req-cf0d95a7-e922-4248-9ffa-175da3afc989 ] Request (HostsAdminNegativeTestJSON:tearDownClass): 204 DELETE http://10.180.1.21/identity/v3/users/0f88851859fb490f89639189f33c392d 0.224s
2025-12-10 13:27:05.497 65966 INFO tempest.lib.common.dynamic_creds [-] Deleting project and security group for project: 096b969d85ed4873a22785bdd3dd55ca
2025-12-10 13:27:05.559 65966 INFO tempest.lib.common.rest_client [req-c5dab6ea-ec55-40ac-821e-5015d0251ca7 req-c5dab6ea-ec55-40ac-821e-5015d0251ca7 ] Request (HostsAdminNegativeTestJSON:tearDownClass): 201 POST http://10.180.1.21/identity/v3/auth/tokens 0.061s
2025-12-10 13:27:05.570 65975 INFO tempest.lib.common.rest_client [req-5fb18866-b277-4e23-9b46-651da1c9f340 req-5fb18866-b277-4e23-9b46-651da1c9f340 ] Request (MigrationsAdminTest:test_list_migrations_in_flavor_resize_situation): 200 GET http://10.180.1.21/compute/v2.1/servers/50c42a1a-8515-49cf-ae46-2b354191c914 3.408s
2025-12-10 13:27:05.581 65975 INFO tempest.common.waiters [-] State transition "RESIZE/resize_prep" ==> "RESIZE/resize_migrating" after 13 second wait
2025-12-10 13:27:05.588 65986 INFO tempest.lib.common.rest_client [req-41fe5c4c-604b-4495-b22e-a6622840708a req-41fe5c4c-604b-4495-b22e-a6622840708a ] Request (ServerShowV247Test:test_show_server): 200 GET http://10.180.1.21/compute/v2.1/servers/21504f64-3e77-46ed-adc3-219959d4c6ea 3.724s
2025-12-10 13:27:05.597 65962 INFO tempest.lib.common.rest_client [req-be521e24-cc9b-40d7-84eb-0f952e7c2c3a req-be521e24-cc9b-40d7-84eb-0f952e7c2c3a ] Request (ImagesNegativeTestJSON:test_create_image_from_deleted_server): 404 GET http://10.180.1.21/compute/v2.1/servers/ba68b85e-fd4c-4b6f-a422-9daa34a85f19 3.295s
2025-12-10 13:27:05.651 65991 INFO tempest.lib.common.rest_client [req-df130cdc-e000-445a-89b7-8e3949941795 req-df130cdc-e000-445a-89b7-8e3949941795 ] Request (FlavorsExtraSpecsTestJSON:tearDownClass): 204 DELETE http://10.180.1.21/identity/v3/users/7c919fd7bf1f42f7a940c42533bd4def 0.320s
2025-12-10 13:27:05.651 65991 INFO tempest.lib.common.dynamic_creds [-] Deleting project and security group for project: 518f6493599d4bf49d0e5142582d444f
2025-12-10 13:27:05.712 65986 INFO tempest.lib.common.rest_client [req-701c08de-c1b8-4d3a-9a5a-e301fa7f6cfe req-701c08de-c1b8-4d3a-9a5a-e301fa7f6cfe ] Request (ServerShowV247Test:test_update_rebuild_list_server): 201 POST http://10.180.1.21/identity/v3/auth/tokens 0.102s
2025-12-10 13:27:05.712 65986 INFO tempest.lib.common.fixed_network [-] (ServerShowV247Test:test_update_rebuild_list_server) Found network None available for tenant
2025-12-10 13:27:05.772 65991 INFO tempest.lib.common.rest_client [req-17d3c228-202e-40eb-913d-759476e16c1f req-17d3c228-202e-40eb-913d-759476e16c1f ] Request (FlavorsExtraSpecsTestJSON:tearDownClass): 201 POST http://10.180.1.21/identity/v3/auth/tokens 0.121s
2025-12-10 13:27:05.884 65966 INFO tempest.lib.common.rest_client [req-51934182-f8da-4156-8e51-9c76e3625bda req-51934182-f8da-4156-8e51-9c76e3625bda ] Request (HostsAdminNegativeTestJSON:tearDownClass): 200 GET http://10.180.1.21/networking/v2.0/security-groups?tenant_id=096b969d85ed4873a22785bdd3dd55ca&name=default 0.325s
2025-12-10 13:27:06.142 65991 INFO tempest.lib.common.rest_client [req-a434c2cc-46cf-4244-8b71-888f00e71768 req-a434c2cc-46cf-4244-8b71-888f00e71768 ] Request (FlavorsExtraSpecsTestJSON:tearDownClass): 200 GET http://10.180.1.21/networking/v2.0/security-groups?tenant_id=518f6493599d4bf49d0e5142582d444f&name=default 0.369s
2025-12-10 13:27:06.213 65970 INFO tempest.lib.common.rest_client [req-658e1205-0c2f-40a9-8685-9d212b6dc5ce req-658e1205-0c2f-40a9-8685-9d212b6dc5ce ] Request (AttachInterfacesTestJSON:setUpClass): 200 PUT http://10.180.1.21/networking/v2.0/routers/9fa084f0-5f57-4ec2-aa0c-2a38af5e8d83/add_router_interface 1.000s
2025-12-10 13:27:06.215 65970 INFO tempest.lib.common.dynamic_creds [-] Created isolated network resources for: credentials: Credentials: {'domain_id': 'default', 'domain_name': 'Default', 'username': 'tempest-AttachInterfacesTestJSON-86376519-project-member', 'project_domain_id': 'default', 'project_domain_name': 'Default', 'project_id': 'b09a43b7ee6248b58400cee02115eee8', 'project_name': 'tempest-AttachInterfacesTestJSON-86376519', 'tenant_id': 'b09a43b7ee6248b58400cee02115eee8', 'tenant_name': 'tempest-AttachInterfacesTestJSON-86376519', 'user_domain_id': 'default', 'user_domain_name': 'Default', 'user_id': 'fefa041e6f11466192d7562d46d5d734', 'system': None}, Network: {'id': 'd47cd33a-be50-418f-9589-fb98ef11cc3d', 'name': 'tempest-AttachInterfacesTestJSON-726033667-network', 'tenant_id': 'b09a43b7ee6248b58400cee02115eee8', 'project_id': 'b09a43b7ee6248b58400cee02115eee8', 'admin_state_up': True, 'mtu': 8950, 'status': 'ACTIVE', 'subnets': [], 'shared': False, 'port_security_enabled': True, 'router:external': False, 'provider:network_type': 'vlan', 'provider:physical_network': 'default', 'provider:segmentation_id': 741, 'availability_zone_hints': [], 'availability_zones': [], 'ipv4_address_scope': None, 'ipv6_address_scope': None, 'description': '', 'tags': [], 'created_at': '2025-12-10T13:27:03Z', 'updated_at': '2025-12-10T13:27:03Z', 'revision_number': 1}, Subnet: {'id': '7c14a734-00fb-45cc-87d4-fdb0cb47471a', 'name': 'tempest-AttachInterfacesTestJSON-726033667-subnet', 'tenant_id': 'b09a43b7ee6248b58400cee02115eee8', 'network_id': 'd47cd33a-be50-418f-9589-fb98ef11cc3d', 'ip_version': 4, 'subnetpool_id': None, 'enable_dhcp': True, 'ipv6_ra_mode': None, 'ipv6_address_mode': None, 'gateway_ip': '192.168.128.1', 'cidr': '192.168.128.0/28', 'allocation_pools': [{'start': '192.168.128.2', 'end': '192.168.128.14'}], 'host_routes': [], 'dns_nameservers': [], 'description': '', 'router:external': False, 'service_types': [], 'tags': [], 'created_at': '2025-12-10T13:27:04Z', 'updated_at': '2025-12-10T13:27:04Z', 'revision_number': 0, 'project_id': 'b09a43b7ee6248b58400cee02115eee8'}, Router: {'id': '9fa084f0-5f57-4ec2-aa0c-2a38af5e8d83', 'name': 'tempest-AttachInterfacesTestJSON-726033667-router', 'tenant_id': 'b09a43b7ee6248b58400cee02115eee8', 'admin_state_up': True, 'status': 'ACTIVE', 'external_gateway_info': {'network_id': '56529eb0-626d-40e2-810c-7d981938bb61', 'external_fixed_ips': [{'subnet_id': '363afc98-f9da-47a9-9f2e-5d56938a7e6e', 'ip_address': '10.180.180.215'}], 'enable_snat': True}, 'description': '', 'availability_zones': [], 'distributed': False, 'ha': False, 'availability_zone_hints': [], 'routes': [], 'flavor_id': None, 'tags': [], 'created_at': '2025-12-10T13:27:04Z', 'updated_at': '2025-12-10T13:27:04Z', 'revision_number': 2, 'project_id': 'b09a43b7ee6248b58400cee02115eee8'}
2025-12-10 13:27:06.226 65966 INFO tempest.lib.common.rest_client [req-ea12d8f2-abb8-4963-a06e-624de78a5c7a req-ea12d8f2-abb8-4963-a06e-624de78a5c7a ] Request (HostsAdminNegativeTestJSON:tearDownClass): 204 DELETE http://10.180.1.21/networking/v2.0/security-groups/00f008bb-fd9c-4e97-a7b5-0ea28ebe3b3c 0.342s
2025-12-10 13:27:06.260 65936 INFO tempest.lib.common.rest_client [req-5718d51a-aaae-47f3-b25c-86d6820c7ac0 req-5718d51a-aaae-47f3-b25c-86d6820c7ac0 ] Request (TenantUsagesTestJSON:setUpClass): 200 GET http://10.180.1.21/compute/v2.1/servers/457b79ac-403f-4132-aa05-f57e5bb6254c 3.746s
2025-12-10 13:27:06.273 65936 INFO tempest.common.waiters [-] State transition "BUILD/spawning" ==> "ACTIVE/None" after 20 second wait
2025-12-10 13:27:06.303 65946 INFO tempest.lib.common.rest_client [req-a13690b4-efb5-4548-9f68-bff084143bcf req-a13690b4-efb5-4548-9f68-bff084143bcf ] Request (ServersWithSpecificFlavorTestJSON:test_verify_created_server_ephemeral_disk): 200 GET http://10.180.1.21/compute/v2.1/servers/619268f7-1cf8-4c91-9cbd-fe3ed29fc74d 3.831s
2025-12-10 13:27:06.387 65970 INFO tempest.lib.common.rest_client [req-d8e43e5f-60bf-45be-ab2b-29dfe8a6c24d req-d8e43e5f-60bf-45be-ab2b-29dfe8a6c24d ] Request (AttachInterfacesTestJSON:setUpClass): 201 POST http://10.180.1.21/identity/v3/auth/tokens 0.167s
2025-12-10 13:27:06.397 65966 INFO tempest.lib.common.rest_client [req-6acfab79-215f-454f-bde0-d18518854872 req-6acfab79-215f-454f-bde0-d18518854872 ] Request (HostsAdminNegativeTestJSON:tearDownClass): 204 DELETE http://10.180.1.21/identity/v3/projects/096b969d85ed4873a22785bdd3dd55ca 0.170s
2025-12-10 13:27:06.397 65966 INFO tempest.lib.common.dynamic_creds [-] Deleting project and security group for project: effc9c5f6b6445f585ff1e3fc9fab1ec
2025-12-10 13:27:06.448 65991 INFO tempest.lib.common.rest_client [req-d8b54736-89b7-423d-805a-d710bc3a5c74 req-d8b54736-89b7-423d-805a-d710bc3a5c74 ] Request (FlavorsExtraSpecsTestJSON:tearDownClass): 204 DELETE http://10.180.1.21/networking/v2.0/security-groups/82fafc8c-9ffc-44b5-b300-a5ed9653dbb0 0.305s
2025-12-10 13:27:06.531 65980 INFO tempest.lib.common.rest_client [req-3d0de954-1469-4298-8e97-202ce79315c9 req-3d0de954-1469-4298-8e97-202ce79315c9 ] Request (ListServersNegativeTestJSON:setUpClass): 200 GET http://10.180.1.21/compute/v2.1/servers/33754484-7924-4048-8f0a-f4197f2f1c3f 3.319s
2025-12-10 13:27:06.560 65940 INFO tempest.lib.common.rest_client [req-bed01554-33a2-42c5-951a-632ee6e97295 req-bed01554-33a2-42c5-951a-632ee6e97295 ] Request (KeyPairsV2TestJSON:_run_cleanups): 202 DELETE http://10.180.1.21/compute/v2.1/os-keypairs/tempest-KeyPairsV2TestJSON-keypair-149978307 3.337s
2025-12-10 13:27:06.577 65991 INFO tempest.lib.common.rest_client [req-7b30ee67-de2f-4b58-a0e1-ade96349d436 req-7b30ee67-de2f-4b58-a0e1-ade96349d436 ] Request (FlavorsExtraSpecsTestJSON:tearDownClass): 204 DELETE http://10.180.1.21/identity/v3/projects/518f6493599d4bf49d0e5142582d444f 0.128s
2025-12-10 13:27:06.578 65991 INFO tempest.lib.common.dynamic_creds [-] Deleting project and security group for project: ce17460aa68d4e9fb6acb635181d0e6a
2025-12-10 13:27:06.580 65993 INFO tempest.lib.common.rest_client [req-1e43154b-4d23-405b-aa98-90e12f70ff91 req-1e43154b-4d23-405b-aa98-90e12f70ff91 ] Request (FlavorsAdminTestJSON:_run_cleanups): 202 DELETE http://10.180.1.21/compute/v2.1/flavors/b1cbab99-3bd5-4d46-b4d1-a0057d7cdb12 3.330s
2025-12-10 13:27:06.583 65984 INFO tempest.lib.common.rest_client [req-c0fd4860-c04f-481d-b431-eea9911ba35b req-c0fd4860-c04f-481d-b431-eea9911ba35b ] Request (InstanceActionsV221TestJSON:test_get_list_deleted_instance_actions): 200 GET http://10.180.1.21/compute/v2.1/servers/4ce1b5eb-3e9d-407c-98ce-3f806eaed7ee 3.584s
2025-12-10 13:27:06.657 65966 INFO tempest.lib.common.rest_client [req-e0fe9084-a737-4162-812e-3e6f66b9ee7d req-e0fe9084-a737-4162-812e-3e6f66b9ee7d ] Request (HostsAdminNegativeTestJSON:tearDownClass): 200 GET http://10.180.1.21/networking/v2.0/security-groups?tenant_id=effc9c5f6b6445f585ff1e3fc9fab1ec&name=default 0.259s
2025-12-10 13:27:06.694 65958 INFO tempest.lib.common.rest_client [req-fc9422a2-4b72-475f-895d-ff52b09d16c2 req-fc9422a2-4b72-475f-895d-ff52b09d16c2 ] Request (ServerDiagnosticsV248Test:tearDownClass): 204 DELETE http://10.180.1.21/compute/v2.1/servers/b30b9170-d270-4059-b6eb-d41a7467550b 2.894s
2025-12-10 13:27:06.812 65991 INFO tempest.lib.common.rest_client [req-9bd9535f-20a9-4164-a521-c063e314453d req-9bd9535f-20a9-4164-a521-c063e314453d ] Request (FlavorsExtraSpecsTestJSON:tearDownClass): 200 GET http://10.180.1.21/networking/v2.0/security-groups?tenant_id=ce17460aa68d4e9fb6acb635181d0e6a&name=default 0.233s
2025-12-10 13:27:06.837 65952 INFO tempest.lib.common.rest_client [req-2467b629-a181-46ac-a141-1f082b64d4b1 req-2467b629-a181-46ac-a141-1f082b64d4b1 ] Request (ListImageFiltersTestJSON:setUpClass): 200 GET http://10.180.1.21/compute/v2.1/servers/fb7a5eb6-862d-4885-b1a0-cc9c882e386c 3.588s
2025-12-10 13:27:06.955 65966 INFO tempest.lib.common.rest_client [req-6afb0228-024c-4f37-8b41-49870bd17de0 req-6afb0228-024c-4f37-8b41-49870bd17de0 ] Request (HostsAdminNegativeTestJSON:tearDownClass): 204 DELETE http://10.180.1.21/networking/v2.0/security-groups/2390390b-4aeb-4e69-9ab6-f0ab1004ad25 0.297s
2025-12-10 13:27:07.065 65948 INFO tempest.lib.common.rest_client [req-08313747-c56f-41b3-908b-ad8e2359a77c req-08313747-c56f-41b3-908b-ad8e2359a77c ] Request (ServerAddressesNegativeTestJSON:setUpClass): 200 GET http://10.180.1.21/compute/v2.1/servers/d9c1efcf-5ef0-4f42-9b84-f1cae17ad69a 2.979s
2025-12-10 13:27:07.131 65950 INFO tempest.lib.common.rest_client [req-956b12cc-b055-4933-9b10-1749a91e7290 req-956b12cc-b055-4933-9b10-1749a91e7290 ] Request (ImagesMetadataTestJSON:test_set_image_metadata_item): 200 GET http://10.180.1.21/compute/v2.1/images/03a449ef-21d8-4e8e-88e3-ba1e16b017a3/metadata 2.876s
2025-12-10 13:27:07.144 65991 INFO tempest.lib.common.rest_client [req-920a3e50-df03-4a6b-91f6-e7e1f8e25d2e req-920a3e50-df03-4a6b-91f6-e7e1f8e25d2e ] Request (FlavorsExtraSpecsTestJSON:tearDownClass): 204 DELETE http://10.180.1.21/networking/v2.0/security-groups/19ead6bd-1838-499b-9725-76bf840a2800 0.331s
2025-12-10 13:27:07.145 65966 INFO tempest.lib.common.rest_client [req-ca91b122-8a1f-4b32-abfd-e05bc94e27af req-ca91b122-8a1f-4b32-abfd-e05bc94e27af ] Request (HostsAdminNegativeTestJSON:tearDownClass): 204 DELETE http://10.180.1.21/identity/v3/projects/effc9c5f6b6445f585ff1e3fc9fab1ec 0.190s
2025-12-10 13:27:07.146 65966 INFO tempest.test [-] raised in ServersOnMultiNodesTest.setUpClass. Invoking tearDownClass.
2025-12-10 13:27:07.150 65942 INFO tempest.lib.common.rest_client [req-110a5ab3-b24f-4721-b897-1812c55fcc8a req-110a5ab3-b24f-4721-b897-1812c55fcc8a ] Request (FlavorsV2TestJSON:test_list_flavors_detailed_filter_by_min_disk): 200 GET http://10.180.1.21/compute/v2.1/flavors/42 2.843s
2025-12-10 13:27:07.271 65966 INFO tempest.lib.common.rest_client [req-6c8b079d-fcc8-47d5-99f9-a69ca8f697fc req-6c8b079d-fcc8-47d5-99f9-a69ca8f697fc ] Request (AbsoluteLimitsNegativeTestJSON:setUpClass): 201 POST http://10.180.1.21/identity/v3/auth/tokens 0.121s
2025-12-10 13:27:07.386 65978 WARNING tempest.lib.common.ssh [-] Failed to establish authenticated ssh connection to cirros@10.180.180.183 ([Errno None] Unable to connect to port 22 on 10.180.180.183). Number attempts: 2. Retry after 3 seconds.: paramiko.ssh_exception.NoValidConnectionsError: [Errno None] Unable to connect to port 22 on 10.180.180.183
2025-12-10 13:27:07.393 65994 INFO tempest.lib.common.rest_client [req-02351e6f-eb1b-4de9-b271-2f723a5899f1 req-02351e6f-eb1b-4de9-b271-2f723a5899f1 ] Request (ServersAaction247Test:tearDownClass): 200 GET http://10.180.1.21/compute/v2.1/servers/502fbfec-e7d3-4dfa-a744-3c3aceacecc2 2.936s
2025-12-10 13:27:07.412 65991 INFO tempest.lib.common.rest_client [req-765dc9fe-babb-4e4d-8584-e6e4dddc022d req-765dc9fe-babb-4e4d-8584-e6e4dddc022d ] Request (FlavorsExtraSpecsTestJSON:tearDownClass): 204 DELETE http://10.180.1.21/identity/v3/projects/ce17460aa68d4e9fb6acb635181d0e6a 0.267s
2025-12-10 13:27:07.532 65991 INFO tempest.lib.common.rest_client [req-1155f784-dd06-49c4-9b2e-0a1dee41406e req-1155f784-dd06-49c4-9b2e-0a1dee41406e ] Request (FlavorsExtraSpecsNegativeTestJSON:setUpClass): 201 POST http://10.180.1.21/identity/v3/auth/tokens 0.118s
2025-12-10 13:27:07.542 65966 INFO tempest.lib.common.rest_client [req-a8d0c70a-1772-4552-a5fb-8a46ef615b6c req-a8d0c70a-1772-4552-a5fb-8a46ef615b6c ] Request (AbsoluteLimitsNegativeTestJSON:setUpClass): 201 POST http://10.180.1.21/identity/v3/auth/tokens 0.264s
2025-12-10 13:27:07.661 65991 INFO tempest.lib.common.rest_client [req-644afcef-a161-4eb5-8eb8-65e31ba5b95c req-644afcef-a161-4eb5-8eb8-65e31ba5b95c ] Request (FlavorsExtraSpecsNegativeTestJSON:setUpClass): 201 POST http://10.180.1.21/identity/v3/auth/tokens 0.123s
2025-12-10 13:27:07.684 65968 INFO tempest.lib.common.rest_client [req-ab689726-4a8a-4069-aed4-f94450cf3273 req-ab689726-4a8a-4069-aed4-f94450cf3273 ] Request (QuotasAdminNegativeTest:test_create_server_when_instances_quota_is_full): 200 GET http://10.180.1.21/compute/v2.1/os-quota-sets/e0c6e2c9ba7348f7928c0b9652b8a012 3.131s
2025-12-10 13:27:07.685 65966 INFO tempest.lib.common.rest_client [req-db51c51a-f9fa-434e-bd42-bf32c061e612 req-db51c51a-f9fa-434e-bd42-bf32c061e612 ] Request (AbsoluteLimitsNegativeTestJSON:setUpClass): 200 GET http://10.180.1.21/identity/v3/domains?name=Default 0.142s
2025-12-10 13:27:07.719 65991 INFO tempest.lib.common.rest_client [req-ed48d7ca-baa5-4a61-9974-6465129797f9 req-ed48d7ca-baa5-4a61-9974-6465129797f9 ] Request (FlavorsExtraSpecsNegativeTestJSON:setUpClass): 200 GET http://10.180.1.21/identity/v3/domains?name=Default 0.058s
2025-12-10 13:27:07.763 65991 INFO tempest.lib.common.rest_client [req-a32bfd6b-ab3b-4b8a-87fd-41d70c346561 req-a32bfd6b-ab3b-4b8a-87fd-41d70c346561 ] Request (FlavorsExtraSpecsNegativeTestJSON:setUpClass): 201 POST http://10.180.1.21/identity/v3/projects 0.043s
2025-12-10 13:27:07.775 65966 INFO tempest.lib.common.rest_client [req-852e5e20-f918-4b9f-9f10-dce1aac9b99e req-852e5e20-f918-4b9f-9f10-dce1aac9b99e ] Request (AbsoluteLimitsNegativeTestJSON:setUpClass): 201 POST http://10.180.1.21/identity/v3/projects 0.089s
2025-12-10 13:27:07.801 65954 INFO tempest.lib.common.rest_client [req-7d76e69f-39e4-4409-8d22-f334592ed517 req-7d76e69f-39e4-4409-8d22-f334592ed517 ] Request (ServersAdmin275Test:tearDownClass): 204 DELETE http://10.180.1.21/compute/v2.1/servers/5443c301-11ca-495e-b7c2-444692b53dbe 3.005s
2025-12-10 13:27:07.861 65991 INFO tempest.lib.common.rest_client [req-b88c4a80-46e6-4e35-a275-013873e6df69 req-b88c4a80-46e6-4e35-a275-013873e6df69 ] Request (FlavorsExtraSpecsNegativeTestJSON:setUpClass): 201 POST http://10.180.1.21/identity/v3/users 0.098s
2025-12-10 13:27:07.865 65966 INFO tempest.lib.common.rest_client [req-8677a1af-c995-4844-9549-5301f08086fd req-8677a1af-c995-4844-9549-5301f08086fd ] Request (AbsoluteLimitsNegativeTestJSON:setUpClass): 201 POST http://10.180.1.21/identity/v3/users 0.089s
2025-12-10 13:27:07.888 65991 INFO tempest.lib.common.rest_client [req-53685635-19a1-40c4-9458-5a1e1b839460 req-53685635-19a1-40c4-9458-5a1e1b839460 ] Request (FlavorsExtraSpecsNegativeTestJSON:setUpClass): 200 GET http://10.180.1.21/identity/v3/roles 0.026s
2025-12-10 13:27:07.908 65966 INFO tempest.lib.common.rest_client [req-a987c352-3b83-4d79-b89a-7761c7d8f387 req-a987c352-3b83-4d79-b89a-7761c7d8f387 ] Request (AbsoluteLimitsNegativeTestJSON:setUpClass): 200 GET http://10.180.1.21/identity/v3/roles 0.042s
