2025-12-10 13:29:18.434 65986 INFO tempest.lib.common.rest_client [req-e8e555a0-d453-40ee-ab16-c24caaeda78b req-e8e555a0-d453-40ee-ab16-c24caaeda78b ] Request (ServerShowV247Test:tearDownClass): 200 GET http://10.180.1.21/compute/v2.1/servers/21504f64-3e77-46ed-adc3-219959d4c6ea 0.101s
2025-12-10 13:29:18.442 65975 INFO tempest.lib.common.rest_client [req-38265175-62e1-4f7a-849c-5843eb349f05 req-38265175-62e1-4f7a-849c-5843eb349f05 ] Request (MigrationsAdminTest:test_resize_server_revert_deleted_flavor): 200 GET http://10.180.1.21/compute/v2.1/servers/36404b93-6e44-478a-bdfd-4d23fbbae77f 0.073s
2025-12-10 13:29:18.448 65958 WARNING tempest.lib.common.ssh [-] Failed to establish authenticated ssh connection to cirros@10.180.180.142 ([Errno None] Unable to connect to port 22 on 10.180.180.142). Number attempts: 6. Retry after 7 seconds.: paramiko.ssh_exception.NoValidConnectionsError: [Errno None] Unable to connect to port 22 on 10.180.180.142
2025-12-10 13:29:18.495 65968 INFO tempest.lib.common.rest_client [req-3fa19776-dae5-4a72-893e-aa644f08ac17 req-3fa19776-dae5-4a72-893e-aa644f08ac17 ] Request (DeleteServersTestJSON:test_delete_active_server): 200 GET http://10.180.1.21/compute/v2.1/servers/bd70d299-72f7-4304-8529-fc258915a32f 0.115s
2025-12-10 13:29:18.513 65980 INFO tempest.lib.common.rest_client [req-b62f1eec-7258-493d-805f-f5adfcc8c211 req-b62f1eec-7258-493d-805f-f5adfcc8c211 ] Request (ListServersNegativeTestJSON:tearDownClass): 200 GET http://10.180.1.21/compute/v2.1/servers/33754484-7924-4048-8f0a-f4197f2f1c3f 0.068s
2025-12-10 13:29:18.586 65940 INFO tempest.lib.common.rest_client [req-fc8b40e1-4f83-447f-9c9f-01e1202ee380 req-fc8b40e1-4f83-447f-9c9f-01e1202ee380 ] Request (AttachInterfacesUnderV243Test:_run_cleanups): 200 GET http://10.180.1.21/compute/v2.1/servers/23d85b72-129a-49c3-95c5-aab0905bf9d0 0.054s
2025-12-10 13:29:18.660 65991 INFO tempest.lib.common.rest_client [req-c06ce570-8c26-45ba-a8d7-876ec42d0e66 req-c06ce570-8c26-45ba-a8d7-876ec42d0e66 ] Request (ServerShowV257Test:tearDownClass): 200 GET http://10.180.1.21/compute/v2.1/servers/7e413443-baea-4fe0-b517-35b62e9f82ff 0.067s
2025-12-10 13:29:18.674 65962 INFO tempest.lib.common.rest_client [req-2fa71d5e-9f4b-4b55-be73-736ad07ca6f2 req-2fa71d5e-9f4b-4b55-be73-736ad07ca6f2 ] Request (ServerDiskConfigTestJSON:test_rebuild_server_with_auto_disk_config): 200 GET http://10.180.1.21/compute/v2.1/servers/b0a20455-9ad7-44c5-afed-ce90f4a16c9e 0.149s
2025-12-10 13:29:18.715 65978 INFO tempest.lib.common.rest_client [req-a5e3dcc0-3c28-4c6d-bb87-36ca66039a5a req-a5e3dcc0-3c28-4c6d-bb87-36ca66039a5a ] Request (ServerDiagnosticsTest:test_get_server_diagnostics): 200 GET http://10.180.1.21/compute/v2.1/servers/02878fe6-8dba-4c41-8422-6c0f88c6730e 0.121s
2025-12-10 13:29:18.723 65982 INFO tempest.lib.common.rest_client [req-a7cef97a-a30e-4596-93cb-479f43334918 req-a7cef97a-a30e-4596-93cb-479f43334918 ] Request (MultipleCreateTestJSON:test_multiple_create_with_reservation_return): 200 GET http://10.180.1.21/compute/v2.1/servers/3ebc75a1-41e5-4767-8a7d-ce229ffef164 0.086s
2025-12-10 13:29:18.781 65964 INFO tempest.lib.common.rest_client [req-501d32e2-3b4b-4c90-976d-66d6a551c0ca req-501d32e2-3b4b-4c90-976d-66d6a551c0ca ] Request (ServersAdminNegativeTestJSON:tearDownClass): 200 GET http://10.180.1.21/compute/v2.1/servers/b24f5a1a-0f77-4380-9f7c-941a35e80fd5 0.059s
2025-12-10 13:29:18.855 65994 INFO tempest.lib.common.rest_client [req-7b8205b4-7036-47ac-8335-b56a04bef51e req-7b8205b4-7036-47ac-8335-b56a04bef51e ] Request (ServerShowV254Test:tearDownClass): 200 GET http://10.180.1.21/compute/v2.1/servers/6f3b15f8-2672-45ec-901c-2bf2942f90b2 0.060s
2025-12-10 13:29:18.894 65993 INFO tempest.lib.common.rest_client [req-32c4cc18-3b07-46ac-a1f7-34828305de3a req-32c4cc18-3b07-46ac-a1f7-34828305de3a ] Request (ServerExternalEventsTest:test_create_server_external_events): 200 GET http://10.180.1.21/compute/v2.1/servers/b50a0c69-855b-41bd-a260-992064ec7ece 0.050s
2025-12-10 13:29:18.942 65972 INFO tempest.lib.common.rest_client [req-0d682d69-ce1f-4696-90b7-eba5ace0ca24 req-0d682d69-ce1f-4696-90b7-eba5ace0ca24 ] Request (ServerMetadataTestJSON:setUpClass): 200 GET http://10.180.1.21/compute/v2.1/servers/dc70dc8e-f34a-4056-997f-329a9642764d 0.052s
2025-12-10 13:29:19.033 65944 INFO tempest.lib.common.rest_client [req-d0b47703-b236-454c-a6b0-efa9e74fb528 req-d0b47703-b236-454c-a6b0-efa9e74fb528 ] Request (SecurityGroupsTestJSON:test_server_security_groups): 200 GET http://10.180.1.21/compute/v2.1/servers/3b4cd16f-23c8-49cd-b708-a7f33491faf0 0.060s
2025-12-10 13:29:19.072 65961 INFO tempest.lib.common.rest_client [req-9a5fcde6-c334-4aff-b3f6-8554aafed801 req-9a5fcde6-c334-4aff-b3f6-8554aafed801 ] Request (ServersNegativeTestMultiTenantJSON:tearDownClass): 200 GET http://10.180.1.21/compute/v2.1/servers/719ad584-1347-457b-b1ef-183610964f0f 0.063s
2025-12-10 13:29:19.086 65934 INFO tempest.lib.common.rest_client [req-b1f598be-cd2b-4e23-97eb-d65b78952b41 req-b1f598be-cd2b-4e23-97eb-d65b78952b41 ] Request (ServersAdminTestJSON:test_inject_network_info): 200 GET http://10.180.1.21/compute/v2.1/servers/07d69478-5d98-4142-b234-1648dffeebe2 0.064s
2025-12-10 13:29:19.124 65956 INFO tempest.lib.common.rest_client [req-0cffd438-7085-46e1-b05f-f6f5f2fd0211 req-0cffd438-7085-46e1-b05f-f6f5f2fd0211 ] Request (FloatingIPsAssociationNegativeTestJSON:setUpClass): 200 GET http://10.180.1.21/compute/v2.1/servers/95520ed3-380a-4afe-afbc-d47ea6c132c3 0.066s
2025-12-10 13:29:19.170 65984 INFO tempest.lib.common.rest_client [req-98c15004-08dd-431b-8921-c489b80ac7bf req-98c15004-08dd-431b-8921-c489b80ac7bf ] Request (ServerMetadataNegativeTestJSON:tearDownClass): 200 GET http://10.180.1.21/compute/v2.1/servers/799226c3-eed9-4f92-8fda-4a417b67062b 0.062s
2025-12-10 13:29:19.208 65942 INFO tempest.lib.common.rest_client [req-0840a6bc-ae7c-479f-a4a0-6982f1f7064e req-0840a6bc-ae7c-479f-a4a0-6982f1f7064e ] Request (ImagesOneServerTestJSON:test_create_image_specify_multibyte_character_image_name): 200 GET http://10.180.1.21/compute/v2.1/images/2c09a020-cc26-435d-8bb7-3fc7902bceec 0.059s
2025-12-10 13:29:19.211 65954 INFO tempest.lib.common.rest_client [req-e8bff398-5eb7-4b37-9fbe-7d772a54a48b req-e8bff398-5eb7-4b37-9fbe-7d772a54a48b ] Request (ServerAddressesTestJSON:tearDownClass): 200 GET http://10.180.1.21/compute/v2.1/servers/40eb1258-6176-4bcb-a2d1-39db6003419d 0.065s
2025-12-10 13:29:19.260 65948 INFO tempest.lib.common.rest_client [req-40dd1fe8-0fda-4e9f-b49b-aeed491a531b req-40dd1fe8-0fda-4e9f-b49b-aeed491a531b ] Request (ServerTagsTestJSON:setUpClass): 200 GET http://10.180.1.21/compute/v2.1/servers/1fd9f938-b136-412e-8fed-8c0db3b69d52 0.054s
2025-12-10 13:29:19.269 65976 INFO tempest.lib.common.rest_client [req-29926c1b-cc4f-4d06-a311-979c6b0e9dc0 req-29926c1b-cc4f-4d06-a311-979c6b0e9dc0 ] Request (ServerRescueTestJSONUnderV235:setUpClass): 200 GET http://10.180.1.21/compute/v2.1/servers/e0e75615-d870-4142-ad36-b6d1bca917d8 0.055s
2025-12-10 13:29:19.310 65996 INFO tempest.lib.common.rest_client [req-0021ecd3-8493-4c09-a9ba-63d14585b58e req-0021ecd3-8493-4c09-a9ba-63d14585b58e ] Request (ImagesTestJSON:test_create_server_from_snapshot): 200 GET http://10.180.1.21/compute/v2.1/servers/895e99c3-c1d5-4504-884c-ca4c6ea3de0f 0.057s
2025-12-10 13:29:19.360 65952 INFO tempest.lib.common.rest_client [req-f95975de-a17e-461d-88c9-4b3a1bd9b6b0 req-f95975de-a17e-461d-88c9-4b3a1bd9b6b0 ] Request (ListImageFiltersTestJSON:tearDownClass): 200 GET http://10.180.1.21/compute/v2.1/servers/fb7a5eb6-862d-4885-b1a0-cc9c882e386c 0.061s
2025-12-10 13:29:19.371 65970 WARNING tempest.lib.common.ssh [-] Failed to establish authenticated ssh connection to cirros@10.180.180.252 ([Errno None] Unable to connect to port 22 on 10.180.180.252). Number attempts: 9. Retry after 10 seconds.: paramiko.ssh_exception.NoValidConnectionsError: [Errno None] Unable to connect to port 22 on 10.180.180.252
2025-12-10 13:29:19.394 65950 INFO tempest.lib.common.rest_client [req-e104735d-f95f-4a87-9a50-86b132ae575d req-e104735d-f95f-4a87-9a50-86b132ae575d ] Request (ImagesOneServerNegativeTestJSON:_run_cleanups): 200 GET http://10.180.1.21/compute/v2.1/servers/f806ef9b-3792-4080-9a4b-d27ffc5d5f6b 0.052s
2025-12-10 13:29:19.474 65936 INFO tempest.lib.common.rest_client [req-693f04f8-912d-41ca-972e-cc4c05c28d81 req-693f04f8-912d-41ca-972e-cc4c05c28d81 ] Request (InstanceActionsTestJSON:tearDownClass): 200 GET http://10.180.1.21/compute/v2.1/servers/a0c71a40-e29b-4a9d-b016-72a15aee9db4 0.072s
2025-12-10 13:29:19.510 65938 INFO tempest.lib.common.rest_client [req-43263d32-6d76-48c9-ba10-015a1d814b8f req-43263d32-6d76-48c9-ba10-015a1d814b8f ] Request (ServerGroupTestJSON:test_create_server_with_scheduler_hint_group): 200 GET http://10.180.1.21/compute/v2.1/servers/d479035f-cefb-4c60-a0f9-f95412d325ad 0.128s
2025-12-10 13:29:19.542 65986 INFO tempest.lib.common.rest_client [req-a1f01c78-ea8c-45fb-88b5-5ed0ef925609 req-a1f01c78-ea8c-45fb-88b5-5ed0ef925609 ] Request (ServerShowV247Test:tearDownClass): 200 GET http://10.180.1.21/compute/v2.1/servers/21504f64-3e77-46ed-adc3-219959d4c6ea 0.098s
2025-12-10 13:29:19.562 65975 INFO tempest.lib.common.rest_client [req-e15ecc62-6665-4c7a-9d9f-5aefaca30353 req-e15ecc62-6665-4c7a-9d9f-5aefaca30353 ] Request (MigrationsAdminTest:test_resize_server_revert_deleted_flavor): 200 GET http://10.180.1.21/compute/v2.1/servers/36404b93-6e44-478a-bdfd-4d23fbbae77f 0.111s
2025-12-10 13:29:19.580 65980 INFO tempest.lib.common.rest_client [req-2d396a9f-17f8-4b62-a7ef-58aec0bfc268 req-2d396a9f-17f8-4b62-a7ef-58aec0bfc268 ] Request (ListServersNegativeTestJSON:tearDownClass): 404 GET http://10.180.1.21/compute/v2.1/servers/33754484-7924-4048-8f0a-f4197f2f1c3f 0.059s
2025-12-10 13:29:19.592 65968 INFO tempest.lib.common.rest_client [req-2af10f8a-c4ae-4d6e-bc82-6facd9d68200 req-2af10f8a-c4ae-4d6e-bc82-6facd9d68200 ] Request (DeleteServersTestJSON:test_delete_active_server): 200 GET http://10.180.1.21/compute/v2.1/servers/bd70d299-72f7-4304-8529-fc258915a32f 0.089s
2025-12-10 13:29:19.653 65940 INFO tempest.lib.common.rest_client [req-c27cafa7-3dc8-416e-852d-966a3186cfca req-c27cafa7-3dc8-416e-852d-966a3186cfca ] Request (AttachInterfacesUnderV243Test:_run_cleanups): 200 GET http://10.180.1.21/compute/v2.1/servers/23d85b72-129a-49c3-95c5-aab0905bf9d0 0.059s
2025-12-10 13:29:19.736 65991 INFO tempest.lib.common.rest_client [req-50b699c4-c26d-4c03-a057-58b4e967b467 req-50b699c4-c26d-4c03-a057-58b4e967b467 ] Request (ServerShowV257Test:tearDownClass): 200 GET http://10.180.1.21/compute/v2.1/servers/7e413443-baea-4fe0-b517-35b62e9f82ff 0.065s
2025-12-10 13:29:19.798 65962 INFO tempest.lib.common.rest_client [req-4eb65e60-acab-47e9-999e-e60de5c0dbaa req-4eb65e60-acab-47e9-999e-e60de5c0dbaa ] Request (ServerDiskConfigTestJSON:test_rebuild_server_with_auto_disk_config): 200 GET http://10.180.1.21/compute/v2.1/servers/b0a20455-9ad7-44c5-afed-ce90f4a16c9e 0.116s
2025-12-10 13:29:19.807 65962 INFO tempest.common.waiters [-] State transition "BUILD/spawning" ==> "ACTIVE/None" after 74 second wait
2025-12-10 13:29:19.817 65978 INFO tempest.lib.common.rest_client [req-78c34fde-5867-4c0a-8717-9555840c736a req-78c34fde-5867-4c0a-8717-9555840c736a ] Request (ServerDiagnosticsTest:test_get_server_diagnostics): 200 GET http://10.180.1.21/compute/v2.1/servers/02878fe6-8dba-4c41-8422-6c0f88c6730e 0.092s
2025-12-10 13:29:19.867 65982 INFO tempest.lib.common.rest_client [req-63c64949-b81e-44d3-97a0-0934d1328380 req-63c64949-b81e-44d3-97a0-0934d1328380 ] Request (MultipleCreateTestJSON:test_multiple_create_with_reservation_return): 200 GET http://10.180.1.21/compute/v2.1/servers/3ebc75a1-41e5-4767-8a7d-ce229ffef164 0.135s
2025-12-10 13:29:19.878 65964 INFO tempest.lib.common.rest_client [req-4207e8dd-e40c-42fa-b0a5-c64a47e92fa0 req-4207e8dd-e40c-42fa-b0a5-c64a47e92fa0 ] Request (ServersAdminNegativeTestJSON:tearDownClass): 200 GET http://10.180.1.21/compute/v2.1/servers/b24f5a1a-0f77-4380-9f7c-941a35e80fd5 0.089s
2025-12-10 13:29:19.962 65994 INFO tempest.lib.common.rest_client [req-cb06c4f9-1de2-4bb2-ba89-d8925965d2fc req-cb06c4f9-1de2-4bb2-ba89-d8925965d2fc ] Request (ServerShowV254Test:tearDownClass): 200 GET http://10.180.1.21/compute/v2.1/servers/6f3b15f8-2672-45ec-901c-2bf2942f90b2 0.097s
2025-12-10 13:29:19.983 65962 INFO tempest.lib.common.rest_client [req-7e8c42f4-ce85-425c-a626-86aa7be89794 req-7e8c42f4-ce85-425c-a626-86aa7be89794 ] Request (ServerDiskConfigTestJSON:test_rebuild_server_with_auto_disk_config): 200 GET http://10.180.1.21/compute/v2.1/servers/b0a20455-9ad7-44c5-afed-ce90f4a16c9e 0.175s
2025-12-10 13:29:20.019 65993 INFO tempest.lib.common.rest_client [req-fa6f45eb-3e80-4176-aa38-367685ba79a3 req-fa6f45eb-3e80-4176-aa38-367685ba79a3 ] Request (ServerExternalEventsTest:test_create_server_external_events): 200 GET http://10.180.1.21/compute/v2.1/servers/b50a0c69-855b-41bd-a260-992064ec7ece 0.117s
2025-12-10 13:29:20.046 65972 INFO tempest.lib.common.rest_client [req-42264c70-e8b0-46eb-9b9c-70e1f5e1d516 req-42264c70-e8b0-46eb-9b9c-70e1f5e1d516 ] Request (ServerMetadataTestJSON:setUpClass): 200 GET http://10.180.1.21/compute/v2.1/servers/dc70dc8e-f34a-4056-997f-329a9642764d 0.096s
2025-12-10 13:29:20.110 65944 INFO tempest.lib.common.rest_client [req-12d43b74-102c-4ad8-a6f2-c0b55cac17eb req-12d43b74-102c-4ad8-a6f2-c0b55cac17eb ] Request (SecurityGroupsTestJSON:test_server_security_groups): 200 GET http://10.180.1.21/compute/v2.1/servers/3b4cd16f-23c8-49cd-b708-a7f33491faf0 0.069s
2025-12-10 13:29:20.170 65961 INFO tempest.lib.common.rest_client [req-94cf3825-e5fa-4e4f-9f79-38c7097f28f0 req-94cf3825-e5fa-4e4f-9f79-38c7097f28f0 ] Request (ServersNegativeTestMultiTenantJSON:tearDownClass): 200 GET http://10.180.1.21/compute/v2.1/servers/719ad584-1347-457b-b1ef-183610964f0f 0.090s
2025-12-10 13:29:20.183 65962 INFO tempest.lib.common.rest_client [req-97aad679-bd67-4239-b6c8-f35e5a10be0d req-97aad679-bd67-4239-b6c8-f35e5a10be0d ] Request (ServerDiskConfigTestJSON:test_rebuild_server_with_auto_disk_config): 202 POST http://10.180.1.21/compute/v2.1/servers/b0a20455-9ad7-44c5-afed-ce90f4a16c9e/action 0.191s
2025-12-10 13:29:20.227 65934 INFO tempest.lib.common.rest_client [req-c3d4a979-a36d-4054-8c48-6a8a901e010f req-c3d4a979-a36d-4054-8c48-6a8a901e010f ] Request (ServersAdminTestJSON:test_inject_network_info): 200 GET http://10.180.1.21/compute/v2.1/servers/07d69478-5d98-4142-b234-1648dffeebe2 0.132s
2025-12-10 13:29:20.244 65956 INFO tempest.lib.common.rest_client [req-95b1f61b-ef01-4261-ad21-fa9940e8e86d req-95b1f61b-ef01-4261-ad21-fa9940e8e86d ] Request (FloatingIPsAssociationNegativeTestJSON:setUpClass): 200 GET http://10.180.1.21/compute/v2.1/servers/95520ed3-380a-4afe-afbc-d47ea6c132c3 0.112s
2025-12-10 13:29:20.288 65984 INFO tempest.lib.common.rest_client [req-d7704404-d6ec-464d-b0ef-384196e968da req-d7704404-d6ec-464d-b0ef-384196e968da ] Request (ServerMetadataNegativeTestJSON:tearDownClass): 200 GET http://10.180.1.21/compute/v2.1/servers/799226c3-eed9-4f92-8fda-4a417b67062b 0.109s
2025-12-10 13:29:20.321 65942 INFO tempest.lib.common.rest_client [req-b581d562-188d-4424-b4c5-555c77108fde req-b581d562-188d-4424-b4c5-555c77108fde ] Request (ImagesOneServerTestJSON:test_create_image_specify_multibyte_character_image_name): 200 GET http://10.180.1.21/compute/v2.1/images/2c09a020-cc26-435d-8bb7-3fc7902bceec 0.108s
2025-12-10 13:29:20.343 65962 INFO tempest.lib.common.rest_client [req-b918b3fa-39d8-40d1-96f2-63b3310c3f53 req-b918b3fa-39d8-40d1-96f2-63b3310c3f53 ] Request (ServerDiskConfigTestJSON:test_rebuild_server_with_auto_disk_config): 200 GET http://10.180.1.21/compute/v2.1/servers/b0a20455-9ad7-44c5-afed-ce90f4a16c9e 0.153s
2025-12-10 13:29:20.352 65980 INFO tempest.lib.common.rest_client [req-2aea8e39-df45-4d82-bc83-7933b72faeea req-2aea8e39-df45-4d82-bc83-7933b72faeea ] Request (ListServersNegativeTestJSON:tearDownClass): 200 PUT http://10.180.1.21/networking/v2.0/routers/201293a8-1705-4b41-8f2f-65ac1a91e73b/remove_router_interface 0.771s
2025-12-10 13:29:20.376 65954 INFO tempest.lib.common.rest_client [req-22ee261c-33f2-41ec-84f7-ea7551c5ecdd req-22ee261c-33f2-41ec-84f7-ea7551c5ecdd ] Request (ServerAddressesTestJSON:tearDownClass): 200 GET http://10.180.1.21/compute/v2.1/servers/40eb1258-6176-4bcb-a2d1-39db6003419d 0.157s
2025-12-10 13:29:20.399 65948 INFO tempest.lib.common.rest_client [req-6c5a2911-dcaf-4511-b759-b4993f9d3b55 req-6c5a2911-dcaf-4511-b759-b4993f9d3b55 ] Request (ServerTagsTestJSON:setUpClass): 200 GET http://10.180.1.21/compute/v2.1/servers/1fd9f938-b136-412e-8fed-8c0db3b69d52 0.129s
2025-12-10 13:29:20.432 65976 INFO tempest.lib.common.rest_client [req-fdd1165d-05c7-444f-b883-fea2294f6ab1 req-fdd1165d-05c7-444f-b883-fea2294f6ab1 ] Request (ServerRescueTestJSONUnderV235:setUpClass): 200 GET http://10.180.1.21/compute/v2.1/servers/e0e75615-d870-4142-ad36-b6d1bca917d8 0.154s
2025-12-10 13:29:20.472 65996 INFO tempest.lib.common.rest_client [req-7a5e8af8-11b8-4e5c-a1cf-7d4e541685f8 req-7a5e8af8-11b8-4e5c-a1cf-7d4e541685f8 ] Request (ImagesTestJSON:test_create_server_from_snapshot): 200 GET http://10.180.1.21/compute/v2.1/servers/895e99c3-c1d5-4504-884c-ca4c6ea3de0f 0.154s
2025-12-10 13:29:20.480 65996 INFO tempest.common.waiters [-] State transition "BUILD/scheduling" ==> "BUILD/None" after 24 second wait
2025-12-10 13:29:20.506 65952 INFO tempest.lib.common.rest_client [req-8fe8acc6-1d2a-4dca-a5bc-a967bf688778 req-8fe8acc6-1d2a-4dca-a5bc-a967bf688778 ] Request (ListImageFiltersTestJSON:tearDownClass): 200 GET http://10.180.1.21/compute/v2.1/servers/fb7a5eb6-862d-4885-b1a0-cc9c882e386c 0.138s
2025-12-10 13:29:20.526 65950 INFO tempest.lib.common.rest_client [req-2bfdb63f-04f1-472d-8a0b-e64895963b21 req-2bfdb63f-04f1-472d-8a0b-e64895963b21 ] Request (ImagesOneServerNegativeTestJSON:_run_cleanups): 200 GET http://10.180.1.21/compute/v2.1/servers/f806ef9b-3792-4080-9a4b-d27ffc5d5f6b 0.122s
2025-12-10 13:29:20.581 65936 INFO tempest.lib.common.rest_client [req-df26da49-5147-485c-967e-43a35e4f1041 req-df26da49-5147-485c-967e-43a35e4f1041 ] Request (InstanceActionsTestJSON:tearDownClass): 200 GET http://10.180.1.21/compute/v2.1/servers/a0c71a40-e29b-4a9d-b016-72a15aee9db4 0.097s
2025-12-10 13:29:20.649 65938 INFO tempest.lib.common.rest_client [req-cf02ca47-1a9b-4571-89a4-83e59e38dd6f req-cf02ca47-1a9b-4571-89a4-83e59e38dd6f ] Request (ServerGroupTestJSON:test_create_server_with_scheduler_hint_group): 200 GET http://10.180.1.21/compute/v2.1/servers/d479035f-cefb-4c60-a0f9-f95412d325ad 0.131s
2025-12-10 13:29:20.664 65986 INFO tempest.lib.common.rest_client [req-f4244770-ba4c-4998-98d0-a937cd0a48c4 req-f4244770-ba4c-4998-98d0-a937cd0a48c4 ] Request (ServerShowV247Test:tearDownClass): 200 GET http://10.180.1.21/compute/v2.1/servers/21504f64-3e77-46ed-adc3-219959d4c6ea 0.112s
2025-12-10 13:29:20.712 65975 INFO tempest.lib.common.rest_client [req-a228de6b-7e87-42a7-9323-0aacca9ae5d6 req-a228de6b-7e87-42a7-9323-0aacca9ae5d6 ] Request (MigrationsAdminTest:test_resize_server_revert_deleted_flavor): 200 GET http://10.180.1.21/compute/v2.1/servers/36404b93-6e44-478a-bdfd-4d23fbbae77f 0.141s
2025-12-10 13:29:20.726 65968 INFO tempest.lib.common.rest_client [req-c5a8b04f-078b-469a-91ab-6e1b8908f6ed req-c5a8b04f-078b-469a-91ab-6e1b8908f6ed ] Request (DeleteServersTestJSON:test_delete_active_server): 200 GET http://10.180.1.21/compute/v2.1/servers/bd70d299-72f7-4304-8529-fc258915a32f 0.126s
2025-12-10 13:29:20.775 65980 INFO tempest.lib.common.rest_client [req-e4def3c3-d43f-43a0-81e7-aa07a9041420 req-e4def3c3-d43f-43a0-81e7-aa07a9041420 ] Request (ListServersNegativeTestJSON:tearDownClass): 204 DELETE http://10.180.1.21/networking/v2.0/routers/201293a8-1705-4b41-8f2f-65ac1a91e73b 0.422s
2025-12-10 13:29:20.787 65940 INFO tempest.lib.common.rest_client [req-e0dfd9c2-0cd3-4ee1-99c2-c9c0487a96a5 req-e0dfd9c2-0cd3-4ee1-99c2-c9c0487a96a5 ] Request (AttachInterfacesUnderV243Test:_run_cleanups): 200 GET http://10.180.1.21/compute/v2.1/servers/23d85b72-129a-49c3-95c5-aab0905bf9d0 0.125s
2025-12-10 13:29:20.820 65991 INFO tempest.lib.common.rest_client [req-fc9a4e77-243c-49e2-9671-fefa4441b30e req-fc9a4e77-243c-49e2-9671-fefa4441b30e ] Request (ServerShowV257Test:tearDownClass): 200 GET http://10.180.1.21/compute/v2.1/servers/7e413443-baea-4fe0-b517-35b62e9f82ff 0.074s
2025-12-10 13:29:20.878 65978 INFO tempest.lib.common.rest_client [req-1fab4017-6eaf-4ebf-b3e9-f35376d37ed6 req-1fab4017-6eaf-4ebf-b3e9-f35376d37ed6 ] Request (ServerDiagnosticsTest:test_get_server_diagnostics): 200 GET http://10.180.1.21/compute/v2.1/servers/02878fe6-8dba-4c41-8422-6c0f88c6730e 0.053s
2025-12-10 13:29:20.894 65980 INFO tempest.lib.common.rest_client [req-4a57abbd-a4a7-43ae-976a-b55cba3d9b14 req-4a57abbd-a4a7-43ae-976a-b55cba3d9b14 ] Request (ListServersNegativeTestJSON:tearDownClass): 204 DELETE http://10.180.1.21/networking/v2.0/subnets/8406eb7c-5265-499f-8238-eec3cc5cd371 0.118s
2025-12-10 13:29:20.932 65982 INFO tempest.lib.common.rest_client [req-925b4dea-1286-4be9-802f-b87ba9766c7d req-925b4dea-1286-4be9-802f-b87ba9766c7d ] Request (MultipleCreateTestJSON:test_multiple_create_with_reservation_return): 200 GET http://10.180.1.21/compute/v2.1/servers/3ebc75a1-41e5-4767-8a7d-ce229ffef164 0.057s
2025-12-10 13:29:20.957 65964 INFO tempest.lib.common.rest_client [req-8769179d-5504-45ca-822c-d347bf89ddb5 req-8769179d-5504-45ca-822c-d347bf89ddb5 ] Request (ServersAdminNegativeTestJSON:tearDownClass): 200 GET http://10.180.1.21/compute/v2.1/servers/b24f5a1a-0f77-4380-9f7c-941a35e80fd5 0.065s
2025-12-10 13:29:21.036 65994 INFO tempest.lib.common.rest_client [req-65e07e19-ea1c-4f11-b620-dfefd9aef9aa req-65e07e19-ea1c-4f11-b620-dfefd9aef9aa ] Request (ServerShowV254Test:tearDownClass): 200 GET http://10.180.1.21/compute/v2.1/servers/6f3b15f8-2672-45ec-901c-2bf2942f90b2 0.064s
2025-12-10 13:29:21.084 65993 INFO tempest.lib.common.rest_client [req-60d1f012-90ea-45a9-bd94-f55f89a7cd1c req-60d1f012-90ea-45a9-bd94-f55f89a7cd1c ] Request (ServerExternalEventsTest:test_create_server_external_events): 200 GET http://10.180.1.21/compute/v2.1/servers/b50a0c69-855b-41bd-a260-992064ec7ece 0.056s
2025-12-10 13:29:21.111 65972 INFO tempest.lib.common.rest_client [req-77566a68-7a5b-4dfe-b2dc-64d8131a7c96 req-77566a68-7a5b-4dfe-b2dc-64d8131a7c96 ] Request (ServerMetadataTestJSON:setUpClass): 200 GET http://10.180.1.21/compute/v2.1/servers/dc70dc8e-f34a-4056-997f-329a9642764d 0.055s
2025-12-10 13:29:21.133 65980 INFO tempest.lib.common.rest_client [req-2a77cef4-5572-4fb8-984b-687e7f57db0b req-2a77cef4-5572-4fb8-984b-687e7f57db0b ] Request (ListServersNegativeTestJSON:tearDownClass): 204 DELETE http://10.180.1.21/networking/v2.0/networks/f7e61509-aac8-4ac8-ad28-e98acfc41baf 0.239s
2025-12-10 13:29:21.193 65944 INFO tempest.lib.common.rest_client [req-6477d7b8-e3e2-4bbb-9a23-2250cf66637a req-6477d7b8-e3e2-4bbb-9a23-2250cf66637a ] Request (SecurityGroupsTestJSON:test_server_security_groups): 200 GET http://10.180.1.21/compute/v2.1/servers/3b4cd16f-23c8-49cd-b708-a7f33491faf0 0.072s
2025-12-10 13:29:21.234 65980 INFO tempest.lib.common.rest_client [req-c0eef72b-6581-4c71-9539-63bef072a94d req-c0eef72b-6581-4c71-9539-63bef072a94d ] Request (ListServersNegativeTestJSON:tearDownClass): 204 DELETE http://10.180.1.21/identity/v3/users/22b9c51aee4c4e3fa573328b3d5c6483 0.099s
2025-12-10 13:29:21.234 65980 INFO tempest.lib.common.dynamic_creds [-] Deleting project and security group for project: 02210a890f0448929c85259fe31812c3
2025-12-10 13:29:21.242 65961 INFO tempest.lib.common.rest_client [req-7f554351-f9ca-4f16-b67b-5e5b3bcde6e7 req-7f554351-f9ca-4f16-b67b-5e5b3bcde6e7 ] Request (ServersNegativeTestMultiTenantJSON:tearDownClass): 200 GET http://10.180.1.21/compute/v2.1/servers/719ad584-1347-457b-b1ef-183610964f0f 0.064s
2025-12-10 13:29:21.270 65980 INFO tempest.lib.common.rest_client [req-b60a7fba-97bd-4aed-876f-a8c60e263a75 req-b60a7fba-97bd-4aed-876f-a8c60e263a75 ] Request (ListServersNegativeTestJSON:tearDownClass): 200 GET http://10.180.1.21/networking/v2.0/security-groups?tenant_id=02210a890f0448929c85259fe31812c3&name=default 0.035s
2025-12-10 13:29:21.287 65934 INFO tempest.lib.common.rest_client [req-87a4c7f1-c411-470f-b1b4-69a0550ed05d req-87a4c7f1-c411-470f-b1b4-69a0550ed05d ] Request (ServersAdminTestJSON:test_inject_network_info): 200 GET http://10.180.1.21/compute/v2.1/servers/07d69478-5d98-4142-b234-1648dffeebe2 0.050s
2025-12-10 13:29:21.311 65956 INFO tempest.lib.common.rest_client [req-5d8e9e40-70a6-489c-b7f3-ba1a30093133 req-5d8e9e40-70a6-489c-b7f3-ba1a30093133 ] Request (FloatingIPsAssociationNegativeTestJSON:setUpClass): 200 GET http://10.180.1.21/compute/v2.1/servers/95520ed3-380a-4afe-afbc-d47ea6c132c3 0.058s
2025-12-10 13:29:21.368 65980 INFO tempest.lib.common.rest_client [req-5ae6ce0d-c0a6-4d16-9f3d-6dd19906973d req-5ae6ce0d-c0a6-4d16-9f3d-6dd19906973d ] Request (ListServersNegativeTestJSON:tearDownClass): 204 DELETE http://10.180.1.21/networking/v2.0/security-groups/1b38cafb-9e9d-4c8a-bf83-3a6d48c7ad12 0.098s
2025-12-10 13:29:21.372 65942 INFO tempest.lib.common.rest_client [req-4e799921-22ce-48d1-ace1-74aaea82a327 req-4e799921-22ce-48d1-ace1-74aaea82a327 ] Request (ImagesOneServerTestJSON:test_create_image_specify_multibyte_character_image_name): 200 GET http://10.180.1.21/compute/v2.1/images/2c09a020-cc26-435d-8bb7-3fc7902bceec 0.047s
2025-12-10 13:29:21.376 65984 INFO tempest.lib.common.rest_client [req-79413209-0e4c-4e1c-8e18-72e6f5e89f24 req-79413209-0e4c-4e1c-8e18-72e6f5e89f24 ] Request (ServerMetadataNegativeTestJSON:tearDownClass): 200 GET http://10.180.1.21/compute/v2.1/servers/799226c3-eed9-4f92-8fda-4a417b67062b 0.079s
2025-12-10 13:29:21.470 65954 INFO tempest.lib.common.rest_client [req-0cb89f54-ff66-49f7-a60f-abb8d7313b2c req-0cb89f54-ff66-49f7-a60f-abb8d7313b2c ] Request (ServerAddressesTestJSON:tearDownClass): 200 GET http://10.180.1.21/compute/v2.1/servers/40eb1258-6176-4bcb-a2d1-39db6003419d 0.086s
2025-12-10 13:29:21.513 65980 INFO tempest.lib.common.rest_client [req-8313acf6-29b5-4037-9ab0-b9cbb6e57666 req-8313acf6-29b5-4037-9ab0-b9cbb6e57666 ] Request (ListServersNegativeTestJSON:tearDownClass): 204 DELETE http://10.180.1.21/identity/v3/projects/02210a890f0448929c85259fe31812c3 0.145s
2025-12-10 13:29:21.540 65948 INFO tempest.lib.common.rest_client [req-12700fcb-ee0c-4526-a979-2799915211c6 req-12700fcb-ee0c-4526-a979-2799915211c6 ] Request (ServerTagsTestJSON:setUpClass): 200 GET http://10.180.1.21/compute/v2.1/servers/1fd9f938-b136-412e-8fed-8c0db3b69d52 0.126s
2025-12-10 13:29:21.548 65962 INFO tempest.lib.common.rest_client [req-1c689f39-7568-42b4-9bcb-e900470d7354 req-1c689f39-7568-42b4-9bcb-e900470d7354 ] Request (ServerDiskConfigTestJSON:test_rebuild_server_with_auto_disk_config): 200 GET http://10.180.1.21/compute/v2.1/servers/b0a20455-9ad7-44c5-afed-ce90f4a16c9e 0.197s
2025-12-10 13:29:21.588 65976 INFO tempest.lib.common.rest_client [req-2a968ee2-4eb5-4193-bfaa-018d5783cfc2 req-2a968ee2-4eb5-4193-bfaa-018d5783cfc2 ] Request (ServerRescueTestJSONUnderV235:setUpClass): 200 GET http://10.180.1.21/compute/v2.1/servers/e0e75615-d870-4142-ad36-b6d1bca917d8 0.147s
2025-12-10 13:29:21.589 65980 INFO tempest.lib.common.rest_client [req-9b3d7ff1-73a8-47f8-9c14-cc2e83e83db4 req-9b3d7ff1-73a8-47f8-9c14-cc2e83e83db4 ] Request (ServerPasswordTestJSON:setUpClass): 201 POST http://10.180.1.21/identity/v3/auth/tokens 0.074s
2025-12-10 13:29:21.596 65996 INFO tempest.lib.common.rest_client [req-c9337594-f04d-4026-95fb-46265d24def4 req-c9337594-f04d-4026-95fb-46265d24def4 ] Request (ImagesTestJSON:test_create_server_from_snapshot): 200 GET http://10.180.1.21/compute/v2.1/servers/895e99c3-c1d5-4504-884c-ca4c6ea3de0f 0.115s
2025-12-10 13:29:21.627 65980 INFO tempest.lib.common.rest_client [req-cce0937a-72ff-46ed-bcce-a455eddb7753 req-cce0937a-72ff-46ed-bcce-a455eddb7753 ] Request (ServerPasswordTestJSON:setUpClass): 201 POST http://10.180.1.21/identity/v3/auth/tokens 0.035s
2025-12-10 13:29:21.651 65980 INFO tempest.lib.common.rest_client [req-ec70b7b1-8847-44ac-835e-26b6f1f4f117 req-ec70b7b1-8847-44ac-835e-26b6f1f4f117 ] Request (ServerPasswordTestJSON:setUpClass): 200 GET http://10.180.1.21/identity/v3/domains?name=Default 0.023s
2025-12-10 13:29:21.658 65950 INFO tempest.lib.common.rest_client [req-acdf7de3-024b-4ebd-bc3f-606029e9a8f4 req-acdf7de3-024b-4ebd-bc3f-606029e9a8f4 ] Request (ImagesOneServerNegativeTestJSON:_run_cleanups): 200 GET http://10.180.1.21/compute/v2.1/servers/f806ef9b-3792-4080-9a4b-d27ffc5d5f6b 0.120s
2025-12-10 13:29:21.671 65952 INFO tempest.lib.common.rest_client [req-fc6f0a90-406d-430c-8fed-6f515c6bd606 req-fc6f0a90-406d-430c-8fed-6f515c6bd606 ] Request (ListImageFiltersTestJSON:tearDownClass): 200 GET http://10.180.1.21/compute/v2.1/servers/fb7a5eb6-862d-4885-b1a0-cc9c882e386c 0.157s
2025-12-10 13:29:21.684 65980 INFO tempest.lib.common.rest_client [req-50442b4b-c099-4022-9bcf-9200597ba744 req-50442b4b-c099-4022-9bcf-9200597ba744 ] Request (ServerPasswordTestJSON:setUpClass): 201 POST http://10.180.1.21/identity/v3/projects 0.033s
2025-12-10 13:29:21.734 65936 INFO tempest.lib.common.rest_client [req-02eda94d-260e-4b8b-9212-3b8585375265 req-02eda94d-260e-4b8b-9212-3b8585375265 ] Request (InstanceActionsTestJSON:tearDownClass): 200 GET http://10.180.1.21/compute/v2.1/servers/a0c71a40-e29b-4a9d-b016-72a15aee9db4 0.145s
2025-12-10 13:29:21.756 65980 INFO tempest.lib.common.rest_client [req-0f0eba16-4551-4c7c-8f86-225d576b540b req-0f0eba16-4551-4c7c-8f86-225d576b540b ] Request (ServerPasswordTestJSON:setUpClass): 201 POST http://10.180.1.21/identity/v3/users 0.071s
2025-12-10 13:29:21.781 65980 INFO tempest.lib.common.rest_client [req-f0750bcb-6a19-4ec5-8340-a023a186e34a req-f0750bcb-6a19-4ec5-8340-a023a186e34a ] Request (ServerPasswordTestJSON:setUpClass): 200 GET http://10.180.1.21/identity/v3/roles 0.024s
2025-12-10 13:29:21.791 65938 INFO tempest.lib.common.rest_client [req-c35c1299-ce1b-401d-a931-250a7337809a req-c35c1299-ce1b-401d-a931-250a7337809a ] Request (ServerGroupTestJSON:test_create_server_with_scheduler_hint_group): 200 GET http://10.180.1.21/compute/v2.1/servers/d479035f-cefb-4c60-a0f9-f95412d325ad 0.133s
2025-12-10 13:29:21.805 65938 INFO tempest.common.waiters [-] State transition "BUILD/spawning" ==> "ACTIVE/None" after 71 second wait
2025-12-10 13:29:21.811 65986 INFO tempest.lib.common.rest_client [req-0e26bdca-f067-4000-a7ee-2c53838ce29c req-0e26bdca-f067-4000-a7ee-2c53838ce29c ] Request (ServerShowV247Test:tearDownClass): 200 GET http://10.180.1.21/compute/v2.1/servers/21504f64-3e77-46ed-adc3-219959d4c6ea 0.135s
2025-12-10 13:29:21.827 65980 INFO tempest.lib.common.rest_client [req-c05bacac-5f21-4814-9f56-f7b7e3be21da req-c05bacac-5f21-4814-9f56-f7b7e3be21da ] Request (ServerPasswordTestJSON:setUpClass): 204 PUT http://10.180.1.21/identity/v3/projects/fdd9559067b64159828116fc59ece431/users/0c17e184b3144c60aa856233c8c2f0f0/roles/25932b77468e4e9b993fc4568fa57241 0.045s
2025-12-10 13:29:21.827 65980 INFO tempest.lib.common.dynamic_creds [-] Dynamic test user 0c17e184b3144c60aa856233c8c2f0f0 is created with scope project and roles: ['member']
2025-12-10 13:29:21.827 65980 INFO tempest.lib.common.dynamic_creds [-] Acquired dynamic creds: credentials: Credentials: {'domain_id': 'default', 'domain_name': 'Default', 'username': 'tempest-ServerPasswordTestJSON-1867571884-project-member', 'project_domain_id': 'default', 'project_domain_name': 'Default', 'project_id': 'fdd9559067b64159828116fc59ece431', 'project_name': 'tempest-ServerPasswordTestJSON-1867571884', 'tenant_id': 'fdd9559067b64159828116fc59ece431', 'tenant_name': 'tempest-ServerPasswordTestJSON-1867571884', 'user_domain_id': 'default', 'user_domain_name': 'Default', 'user_id': '0c17e184b3144c60aa856233c8c2f0f0', 'system': None}, Network: None, Subnet: None, Router: None
2025-12-10 13:29:21.859 65975 INFO tempest.lib.common.rest_client [req-a5b6e346-a19e-4be1-a88f-c8915d89c9f7 req-a5b6e346-a19e-4be1-a88f-c8915d89c9f7 ] Request (MigrationsAdminTest:test_resize_server_revert_deleted_flavor): 200 GET http://10.180.1.21/compute/v2.1/servers/36404b93-6e44-478a-bdfd-4d23fbbae77f 0.136s
2025-12-10 13:29:21.872 65975 INFO tempest.common.waiters [-] State transition "BUILD/None" ==> "BUILD/networking" after 69 second wait
2025-12-10 13:29:21.878 65968 INFO tempest.lib.common.rest_client [req-905cac2e-449b-428c-b5eb-1acaedc1ced8 req-905cac2e-449b-428c-b5eb-1acaedc1ced8 ] Request (DeleteServersTestJSON:test_delete_active_server): 200 GET http://10.180.1.21/compute/v2.1/servers/bd70d299-72f7-4304-8529-fc258915a32f 0.144s
2025-12-10 13:29:21.920 65980 INFO tempest.lib.common.rest_client [req-d0fd6dc0-c48d-4e00-84b5-2676d6b4db50 req-d0fd6dc0-c48d-4e00-84b5-2676d6b4db50 ] Request (ServerPasswordTestJSON:setUpClass): 201 POST http://10.180.1.21/identity/v3/auth/tokens 0.092s
2025-12-10 13:29:21.929 65938 INFO tempest.lib.common.rest_client [req-7bfd4324-e833-4c8a-bd54-362c1ef7c03a req-7bfd4324-e833-4c8a-bd54-362c1ef7c03a ] Request (ServerGroupTestJSON:test_create_server_with_scheduler_hint_group): 200 GET http://10.180.1.21/compute/v2.1/os-server-groups/c8c60749-bda0-4ecd-93cf-45f3c2d064d4 0.123s
2025-12-10 13:29:21.944 65940 INFO tempest.lib.common.rest_client [req-10bb4658-85e0-4c28-b0f9-06c36a3207a8 req-10bb4658-85e0-4c28-b0f9-06c36a3207a8 ] Request (AttachInterfacesUnderV243Test:_run_cleanups): 200 GET http://10.180.1.21/compute/v2.1/servers/23d85b72-129a-49c3-95c5-aab0905bf9d0 0.149s
2025-12-10 13:29:22.101 65978 INFO tempest.lib.common.rest_client [req-755b0dff-98fa-4fb6-8dda-430d616a6481 req-755b0dff-98fa-4fb6-8dda-430d616a6481 ] Request (ServerDiagnosticsTest:test_get_server_diagnostics): 200 GET http://10.180.1.21/compute/v2.1/servers/02878fe6-8dba-4c41-8422-6c0f88c6730e 0.214s
2025-12-10 13:29:22.126 65991 INFO tempest.lib.common.rest_client [req-e482da28-8988-4b1f-96a8-9b8d5bf8323a req-e482da28-8988-4b1f-96a8-9b8d5bf8323a ] Request (ServerShowV257Test:tearDownClass): 200 GET http://10.180.1.21/compute/v2.1/servers/7e413443-baea-4fe0-b517-35b62e9f82ff 0.295s
2025-12-10 13:29:22.221 65938 INFO tempest.lib.common.rest_client [req-bae47286-2745-47b6-9d03-6a854bec786b req-bae47286-2745-47b6-9d03-6a854bec786b ] Request (ServerGroupTestJSON:_run_cleanups): 204 DELETE http://10.180.1.21/compute/v2.1/servers/d479035f-cefb-4c60-a0f9-f95412d325ad 0.291s
2025-12-10 13:29:22.249 65980 INFO tempest.lib.common.rest_client [req-23927b49-8d3b-485c-9971-2a60dbb724b1 req-23927b49-8d3b-485c-9971-2a60dbb724b1 ] Request (ServerPasswordTestJSON:setUpClass): 201 POST http://10.180.1.21/networking/v2.0/networks 0.328s
2025-12-10 13:29:22.279 65982 INFO tempest.lib.common.rest_client [req-e9e6c9b8-3bd3-43b1-a3ce-f0c600e0345f req-e9e6c9b8-3bd3-43b1-a3ce-f0c600e0345f ] Request (MultipleCreateTestJSON:test_multiple_create_with_reservation_return): 200 GET http://10.180.1.21/compute/v2.1/servers/3ebc75a1-41e5-4767-8a7d-ce229ffef164 0.339s
2025-12-10 13:29:22.457 65980 INFO tempest.lib.common.rest_client [req-072860f0-fac4-4c26-a417-7cf8bc77d391 req-072860f0-fac4-4c26-a417-7cf8bc77d391 ] Request (ServerPasswordTestJSON:setUpClass): 201 POST http://10.180.1.21/networking/v2.0/subnets 0.206s
2025-12-10 13:29:22.485 65964 INFO tempest.lib.common.rest_client [req-846e75d5-e09f-4eb6-a760-6faad9eb36d1 req-846e75d5-e09f-4eb6-a760-6faad9eb36d1 ] Request (ServersAdminNegativeTestJSON:tearDownClass): 200 GET http://10.180.1.21/compute/v2.1/servers/b24f5a1a-0f77-4380-9f7c-941a35e80fd5 0.519s
2025-12-10 13:29:22.503 65994 INFO tempest.lib.common.rest_client [req-7547068e-3f14-4b71-a7b9-3b2acb245e61 req-7547068e-3f14-4b71-a7b9-3b2acb245e61 ] Request (ServerShowV254Test:tearDownClass): 200 GET http://10.180.1.21/compute/v2.1/servers/6f3b15f8-2672-45ec-901c-2bf2942f90b2 0.456s
2025-12-10 13:29:23.181 65980 INFO tempest.lib.common.rest_client [req-8c2a9aac-7cdb-4e90-86a1-9a2ca817c793 req-8c2a9aac-7cdb-4e90-86a1-9a2ca817c793 ] Request (ServerPasswordTestJSON:setUpClass): 201 POST http://10.180.1.21/networking/v2.0/routers 0.724s
2025-12-10 13:29:23.202 65993 INFO tempest.lib.common.rest_client [req-eef641ec-d17c-4915-bef3-aadd423bb74e req-eef641ec-d17c-4915-bef3-aadd423bb74e ] Request (ServerExternalEventsTest:test_create_server_external_events): 200 GET http://10.180.1.21/compute/v2.1/servers/b50a0c69-855b-41bd-a260-992064ec7ece 1.110s
2025-12-10 13:29:23.220 65972 INFO tempest.lib.common.rest_client [req-bb4d054c-45db-4834-9b6a-683a8e375f55 req-bb4d054c-45db-4834-9b6a-683a8e375f55 ] Request (ServerMetadataTestJSON:setUpClass): 200 GET http://10.180.1.21/compute/v2.1/servers/dc70dc8e-f34a-4056-997f-329a9642764d 1.098s
2025-12-10 13:29:23.841 65944 INFO tempest.lib.common.rest_client [req-3ea6907c-0873-48d5-a488-26a6c552c003 req-3ea6907c-0873-48d5-a488-26a6c552c003 ] Request (SecurityGroupsTestJSON:test_server_security_groups): 200 GET http://10.180.1.21/compute/v2.1/servers/3b4cd16f-23c8-49cd-b708-a7f33491faf0 1.637s
2025-12-10 13:29:23.867 65938 INFO tempest.lib.common.rest_client [req-b6fb27ec-b561-4cb5-aa46-821cfb728854 req-b6fb27ec-b561-4cb5-aa46-821cfb728854 ] Request (ServerGroupTestJSON:_run_cleanups): 200 GET http://10.180.1.21/compute/v2.1/servers/d479035f-cefb-4c60-a0f9-f95412d325ad 1.645s
2025-12-10 13:29:23.922 65934 INFO tempest.lib.common.rest_client [req-b1c7e570-c536-4e72-85f9-4b285b8d7b4a req-b1c7e570-c536-4e72-85f9-4b285b8d7b4a ] Request (ServersAdminTestJSON:test_inject_network_info): 200 GET http://10.180.1.21/compute/v2.1/servers/07d69478-5d98-4142-b234-1648dffeebe2 1.627s
2025-12-10 13:29:23.944 65961 INFO tempest.lib.common.rest_client [req-3de7feac-c376-40aa-9e9c-4e6cb955da88 req-3de7feac-c376-40aa-9e9c-4e6cb955da88 ] Request (ServersNegativeTestMultiTenantJSON:tearDownClass): 200 GET http://10.180.1.21/compute/v2.1/servers/719ad584-1347-457b-b1ef-183610964f0f 1.694s
2025-12-10 13:29:23.978 65956 INFO tempest.lib.common.rest_client [req-624795e7-7f4f-4ae9-9ebf-d4e741692341 req-624795e7-7f4f-4ae9-9ebf-d4e741692341 ] Request (FloatingIPsAssociationNegativeTestJSON:setUpClass): 200 GET http://10.180.1.21/compute/v2.1/servers/95520ed3-380a-4afe-afbc-d47ea6c132c3 1.659s
2025-12-10 13:29:24.009 65942 INFO tempest.lib.common.rest_client [req-a3f03a78-bbe4-4f1c-8910-a6849e3d3830 req-a3f03a78-bbe4-4f1c-8910-a6849e3d3830 ] Request (ImagesOneServerTestJSON:test_create_image_specify_multibyte_character_image_name): 200 GET http://10.180.1.21/compute/v2.1/images/2c09a020-cc26-435d-8bb7-3fc7902bceec 1.632s
2025-12-10 13:29:24.054 65984 INFO tempest.lib.common.rest_client [req-836f2a91-dd9e-4455-944e-ff093e4e9565 req-836f2a91-dd9e-4455-944e-ff093e4e9565 ] Request (ServerMetadataNegativeTestJSON:tearDownClass): 200 GET http://10.180.1.21/compute/v2.1/servers/799226c3-eed9-4f92-8fda-4a417b67062b 1.669s
2025-12-10 13:29:24.081 65954 INFO tempest.lib.common.rest_client [req-905cc889-3396-4f6e-a791-f0780a0fbab2 req-905cc889-3396-4f6e-a791-f0780a0fbab2 ] Request (ServerAddressesTestJSON:tearDownClass): 200 GET http://10.180.1.21/compute/v2.1/servers/40eb1258-6176-4bcb-a2d1-39db6003419d 1.601s
2025-12-10 13:29:24.110 65980 INFO tempest.lib.common.rest_client [req-b3fdff0b-11e6-4907-a074-ea7f595ab7aa req-b3fdff0b-11e6-4907-a074-ea7f595ab7aa ] Request (ServerPasswordTestJSON:setUpClass): 200 PUT http://10.180.1.21/networking/v2.0/routers/afac46ac-7e5d-4d05-98a4-a6cd3f842600/add_router_interface 0.929s
2025-12-10 13:29:24.110 65980 INFO tempest.lib.common.dynamic_creds [-] Created isolated network resources for: credentials: Credentials: {'domain_id': 'default', 'domain_name': 'Default', 'username': 'tempest-ServerPasswordTestJSON-1867571884-project-member', 'project_domain_id': 'default', 'project_domain_name': 'Default', 'project_id': 'fdd9559067b64159828116fc59ece431', 'project_name': 'tempest-ServerPasswordTestJSON-1867571884', 'tenant_id': 'fdd9559067b64159828116fc59ece431', 'tenant_name': 'tempest-ServerPasswordTestJSON-1867571884', 'user_domain_id': 'default', 'user_domain_name': 'Default', 'user_id': '0c17e184b3144c60aa856233c8c2f0f0', 'system': None}, Network: {'id': '36881962-b2e9-449a-8b88-ec9f931a9d29', 'name': 'tempest-ServerPasswordTestJSON-334027963-network', 'tenant_id': 'fdd9559067b64159828116fc59ece431', 'project_id': 'fdd9559067b64159828116fc59ece431', 'admin_state_up': True, 'mtu': 8950, 'status': 'ACTIVE', 'subnets': [], 'shared': False, 'port_security_enabled': True, 'router:external': False, 'provider:network_type': 'vlan', 'provider:physical_network': 'default', 'provider:segmentation_id': 476, 'availability_zone_hints': [], 'availability_zones': [], 'ipv4_address_scope': None, 'ipv6_address_scope': None, 'description': '', 'tags': [], 'created_at': '2025-12-10T13:29:22Z', 'updated_at': '2025-12-10T13:29:22Z', 'revision_number': 1}, Subnet: {'id': '7f3dd816-0006-4d58-90f6-36d9cf8e309b', 'name': 'tempest-ServerPasswordTestJSON-334027963-subnet', 'tenant_id': 'fdd9559067b64159828116fc59ece431', 'network_id': '36881962-b2e9-449a-8b88-ec9f931a9d29', 'ip_version': 4, 'subnetpool_id': None, 'enable_dhcp': True, 'ipv6_ra_mode': None, 'ipv6_address_mode': None, 'gateway_ip': '192.168.128.1', 'cidr': '192.168.128.0/28', 'allocation_pools': [{'start': '192.168.128.2', 'end': '192.168.128.14'}], 'host_routes': [], 'dns_nameservers': [], 'description': '', 'router:external': False, 'service_types': [], 'tags': [], 'created_at': '2025-12-10T13:29:22Z', 'updated_at': '2025-12-10T13:29:22Z', 'revision_number': 0, 'project_id': 'fdd9559067b64159828116fc59ece431'}, Router: {'id': 'afac46ac-7e5d-4d05-98a4-a6cd3f842600', 'name': 'tempest-ServerPasswordTestJSON-334027963-router', 'tenant_id': 'fdd9559067b64159828116fc59ece431', 'admin_state_up': True, 'status': 'ACTIVE', 'external_gateway_info': {'network_id': '56529eb0-626d-40e2-810c-7d981938bb61', 'external_fixed_ips': [{'subnet_id': '363afc98-f9da-47a9-9f2e-5d56938a7e6e', 'ip_address': '10.180.180.144'}], 'enable_snat': True}, 'description': '', 'availability_zones': [], 'distributed': False, 'ha': False, 'availability_zone_hints': [], 'routes': [], 'flavor_id': None, 'tags': [], 'created_at': '2025-12-10T13:29:22Z', 'updated_at': '2025-12-10T13:29:22Z', 'revision_number': 2, 'project_id': 'fdd9559067b64159828116fc59ece431'}
2025-12-10 13:29:24.129 65948 INFO tempest.lib.common.rest_client [req-81994c19-acb5-4162-9385-be7c29849a2f req-81994c19-acb5-4162-9385-be7c29849a2f ] Request (ServerTagsTestJSON:setUpClass): 200 GET http://10.180.1.21/compute/v2.1/servers/1fd9f938-b136-412e-8fed-8c0db3b69d52 1.576s
2025-12-10 13:29:24.204 65962 INFO tempest.lib.common.rest_client [req-7881d4ef-95cf-4a26-ba5f-120681816bfd req-7881d4ef-95cf-4a26-ba5f-120681816bfd ] Request (ServerDiskConfigTestJSON:test_rebuild_server_with_auto_disk_config): 200 GET http://10.180.1.21/compute/v2.1/servers/b0a20455-9ad7-44c5-afed-ce90f4a16c9e 1.645s
2025-12-10 13:29:24.214 65962 INFO tempest.common.waiters [-] State transition "REBUILD/rebuilding" ==> "REBUILD/rebuild_spawning" after 4 second wait
2025-12-10 13:29:24.217 65980 INFO tempest.lib.common.rest_client [req-7a1ab4e0-20e2-486f-9909-a9740907a400 req-7a1ab4e0-20e2-486f-9909-a9740907a400 ] Request (ServerPasswordTestJSON:setUpClass): 201 POST http://10.180.1.21/identity/v3/auth/tokens 0.104s
2025-12-10 13:29:24.221 65976 INFO tempest.lib.common.rest_client [req-62484a0b-8f60-483b-9d57-ed48f78eb7d6 req-62484a0b-8f60-483b-9d57-ed48f78eb7d6 ] Request (ServerRescueTestJSONUnderV235:setUpClass): 200 GET http://10.180.1.21/compute/v2.1/servers/e0e75615-d870-4142-ad36-b6d1bca917d8 1.625s
2025-12-10 13:29:24.253 65980 INFO tempest.lib.common.rest_client [req-5bc6bf83-0447-4d24-954d-fe361a820b73 req-5bc6bf83-0447-4d24-954d-fe361a820b73 ] Request (ServerPasswordTestJSON:setUpClass): 201 POST http://10.180.1.21/identity/v3/auth/tokens 0.031s
2025-12-10 13:29:24.253 65980 INFO tempest.lib.common.fixed_network [-] (ServerPasswordTestJSON:setUpClass) Found network {'id': '36881962-b2e9-449a-8b88-ec9f931a9d29', 'name': 'tempest-ServerPasswordTestJSON-334027963-network', 'tenant_id': 'fdd9559067b64159828116fc59ece431', 'project_id': 'fdd9559067b64159828116fc59ece431', 'admin_state_up': True, 'mtu': 8950, 'status': 'ACTIVE', 'subnets': [], 'shared': False, 'port_security_enabled': True, 'router:external': False, 'provider:network_type': 'vlan', 'provider:physical_network': 'default', 'provider:segmentation_id': 476, 'availability_zone_hints': [], 'availability_zones': [], 'ipv4_address_scope': None, 'ipv6_address_scope': None, 'description': '', 'tags': [], 'created_at': '2025-12-10T13:29:22Z', 'updated_at': '2025-12-10T13:29:22Z', 'revision_number': 1} available for tenant
2025-12-10 13:29:24.279 65996 INFO tempest.lib.common.rest_client [req-62ea119e-2ea4-42c4-83a1-c4dc73a4e8be req-62ea119e-2ea4-42c4-83a1-c4dc73a4e8be ] Request (ImagesTestJSON:test_create_server_from_snapshot): 200 GET http://10.180.1.21/compute/v2.1/servers/895e99c3-c1d5-4504-884c-ca4c6ea3de0f 1.674s
2025-12-10 13:29:24.289 65950 INFO tempest.lib.common.rest_client [req-9ac675e9-f842-42f3-b0a0-f669df754b41 req-9ac675e9-f842-42f3-b0a0-f669df754b41 ] Request (ImagesOneServerNegativeTestJSON:_run_cleanups): 200 GET http://10.180.1.21/compute/v2.1/servers/f806ef9b-3792-4080-9a4b-d27ffc5d5f6b 1.617s
2025-12-10 13:29:24.351 65952 INFO tempest.lib.common.rest_client [req-8714ff6e-33c5-485d-8433-2cfc982e8081 req-8714ff6e-33c5-485d-8433-2cfc982e8081 ] Request (ListImageFiltersTestJSON:tearDownClass): 200 GET http://10.180.1.21/compute/v2.1/servers/fb7a5eb6-862d-4885-b1a0-cc9c882e386c 1.671s
2025-12-10 13:29:24.364 65936 INFO tempest.lib.common.rest_client [req-f1361588-6edf-4e2b-9a01-f414bd7bf3b8 req-f1361588-6edf-4e2b-9a01-f414bd7bf3b8 ] Request (InstanceActionsTestJSON:tearDownClass): 200 GET http://10.180.1.21/compute/v2.1/servers/a0c71a40-e29b-4a9d-b016-72a15aee9db4 1.620s
2025-12-10 13:29:24.443 65986 INFO tempest.lib.common.rest_client [req-32ee2fd3-b7ba-4b7b-acaa-9a0528556d3d req-32ee2fd3-b7ba-4b7b-acaa-9a0528556d3d ] Request (ServerShowV247Test:tearDownClass): 200 GET http://10.180.1.21/compute/v2.1/servers/21504f64-3e77-46ed-adc3-219959d4c6ea 1.622s
2025-12-10 13:29:24.541 65975 INFO tempest.lib.common.rest_client [req-418bbed2-67aa-4ad3-8c1c-1376c6e89a84 req-418bbed2-67aa-4ad3-8c1c-1376c6e89a84 ] Request (MigrationsAdminTest:test_resize_server_revert_deleted_flavor): 200 GET http://10.180.1.21/compute/v2.1/servers/36404b93-6e44-478a-bdfd-4d23fbbae77f 1.668s
2025-12-10 13:29:24.550 65975 INFO tempest.common.waiters [-] State transition "BUILD/networking" ==> "BUILD/spawning" after 72 second wait
2025-12-10 13:29:24.555 65968 INFO tempest.lib.common.rest_client [req-b46422a0-fc1a-4a8b-8e4d-c66084cbc66d req-b46422a0-fc1a-4a8b-8e4d-c66084cbc66d ] Request (DeleteServersTestJSON:test_delete_active_server): 200 GET http://10.180.1.21/compute/v2.1/servers/bd70d299-72f7-4304-8529-fc258915a32f 1.665s
2025-12-10 13:29:24.619 65940 INFO tempest.lib.common.rest_client [req-66e7a4e1-9a16-4872-ac2e-f0456ca03420 req-66e7a4e1-9a16-4872-ac2e-f0456ca03420 ] Request (AttachInterfacesUnderV243Test:_run_cleanups): 200 GET http://10.180.1.21/compute/v2.1/servers/23d85b72-129a-49c3-95c5-aab0905bf9d0 1.659s
2025-12-10 13:29:24.694 65991 INFO tempest.lib.common.rest_client [req-4af4b77e-7c5d-43b3-9ecb-18d9dab4a5b0 req-4af4b77e-7c5d-43b3-9ecb-18d9dab4a5b0 ] Request (ServerShowV257Test:tearDownClass): 200 GET http://10.180.1.21/compute/v2.1/servers/7e413443-baea-4fe0-b517-35b62e9f82ff 1.556s
2025-12-10 13:29:24.777 65982 INFO tempest.lib.common.rest_client [req-6faea856-da12-4cb4-9d95-3cb1b4620454 req-6faea856-da12-4cb4-9d95-3cb1b4620454 ] Request (MultipleCreateTestJSON:test_multiple_create_with_reservation_return): 200 GET http://10.180.1.21/compute/v2.1/servers/3ebc75a1-41e5-4767-8a7d-ce229ffef164 1.489s
2025-12-10 13:29:24.860 65964 INFO tempest.lib.common.rest_client [req-bbabc4ee-f58f-494d-a8e1-57147d85bfb7 req-bbabc4ee-f58f-494d-a8e1-57147d85bfb7 ] Request (ServersAdminNegativeTestJSON:tearDownClass): 200 GET http://10.180.1.21/compute/v2.1/servers/b24f5a1a-0f77-4380-9f7c-941a35e80fd5 1.362s
2025-12-10 13:29:24.875 65978 INFO tempest.lib.common.rest_client [req-6d50876c-2be7-4d4e-a335-cde442a634d5 req-6d50876c-2be7-4d4e-a335-cde442a634d5 ] Request (ServerDiagnosticsTest:test_get_server_diagnostics): 200 GET http://10.180.1.21/compute/v2.1/servers/02878fe6-8dba-4c41-8422-6c0f88c6730e 1.766s
2025-12-10 13:29:24.886 65994 INFO tempest.lib.common.rest_client [req-4f97fc98-fb7f-4f9f-b427-a4587d1c9dc9 req-4f97fc98-fb7f-4f9f-b427-a4587d1c9dc9 ] Request (ServerShowV254Test:tearDownClass): 404 GET http://10.180.1.21/compute/v2.1/servers/6f3b15f8-2672-45ec-901c-2bf2942f90b2 1.371s
2025-12-10 13:29:24.949 65993 INFO tempest.lib.common.rest_client [req-6928c193-b030-4e3a-aa45-c61d449a0474 req-6928c193-b030-4e3a-aa45-c61d449a0474 ] Request (ServerExternalEventsTest:test_create_server_external_events): 200 GET http://10.180.1.21/compute/v2.1/servers/b50a0c69-855b-41bd-a260-992064ec7ece 0.737s
2025-12-10 13:29:24.974 65972 INFO tempest.lib.common.rest_client [req-3c4de95b-aaca-433d-9451-1a46f2471b6a req-3c4de95b-aaca-433d-9451-1a46f2471b6a ] Request (ServerMetadataTestJSON:setUpClass): 200 GET http://10.180.1.21/compute/v2.1/servers/dc70dc8e-f34a-4056-997f-329a9642764d 0.739s
2025-12-10 13:29:24.981 65972 INFO tempest.common.waiters [-] State transition "BUILD/scheduling" ==> "BUILD/None" after 25 second wait
2025-12-10 13:29:24.981 65994 INFO tempest.lib.common.rest_client [req-ea30e1f5-70b0-4de6-a668-f8b2ffc6d0e7 req-ea30e1f5-70b0-4de6-a668-f8b2ffc6d0e7 ] Request (ServerShowV254Test:tearDownClass): 204 DELETE http://10.180.1.21/identity/v3/users/2da3bcace3ac4d3592e55e1a16f9827e 0.094s
2025-12-10 13:29:24.982 65994 INFO tempest.lib.common.dynamic_creds [-] Deleting project and security group for project: 56fc1351dd674a95b481a82611d88903
