2025-12-10 13:28:27.171 65993 INFO tempest.lib.common.rest_client [req-bf87cb44-5cc7-4d97-a798-c98c16de1044 req-bf87cb44-5cc7-4d97-a798-c98c16de1044 ] Request (ServerExternalEventsTest:test_create_server_external_events): 200 GET http://10.180.1.21/compute/v2.1/servers/b50a0c69-855b-41bd-a260-992064ec7ece 0.455s
2025-12-10 13:28:27.180 65982 INFO tempest.lib.common.rest_client [req-42865655-b87d-48b3-8465-4f9f6264d4d8 req-42865655-b87d-48b3-8465-4f9f6264d4d8 ] Request (MultipleCreateTestJSON:_run_cleanups): 200 GET http://10.180.1.21/compute/v2.1/servers/781ebce1-162a-4ab5-bbab-1ce94129901d 0.521s
2025-12-10 13:28:27.193 65956 INFO tempest.lib.common.rest_client [req-39d0d93a-b70b-464f-8670-73ad1859da4b req-39d0d93a-b70b-464f-8670-73ad1859da4b ] Request (FlavorsAccessTestJSON:tearDownClass): 204 DELETE http://10.180.1.21/identity/v3/projects/7a123b6135d54794a8a1110d9857d205 0.124s
2025-12-10 13:28:27.194 65956 INFO tempest.lib.common.dynamic_creds [-] Deleting project and security group for project: 112386278a994a96a7e5029b2f4c2419
2025-12-10 13:28:27.215 65966 INFO tempest.lib.common.rest_client [req-73e0c074-5eb6-43e0-b45e-cc8303df0881 req-73e0c074-5eb6-43e0-b45e-cc8303df0881 ] Request (ServerShowV263Test:tearDownClass): 204 DELETE http://10.180.1.21/identity/v3/users/2d0d5642be0643d3af90b8e2bd402bca 0.109s
2025-12-10 13:28:27.297 65956 INFO tempest.lib.common.rest_client [req-ec47d87b-72fb-4c14-a778-d40c522ada11 req-ec47d87b-72fb-4c14-a778-d40c522ada11 ] Request (FlavorsAccessTestJSON:tearDownClass): 200 GET http://10.180.1.21/networking/v2.0/security-groups?tenant_id=112386278a994a96a7e5029b2f4c2419&name=default 0.103s
2025-12-10 13:28:27.353 65942 INFO tempest.lib.common.rest_client [req-e0aa1937-7e4b-46af-831b-69536112cbc5 req-e0aa1937-7e4b-46af-831b-69536112cbc5 ] Request (ImagesOneServerTestJSON:setUpClass): 200 GET http://10.180.1.21/compute/v2.1/servers/aa0d2e89-c4ab-4637-b707-ead4b53065f1 0.458s
2025-12-10 13:28:27.368 65966 INFO tempest.lib.common.rest_client [req-d52144da-88dc-4f99-a2b7-3af5510a6601 req-d52144da-88dc-4f99-a2b7-3af5510a6601 ] Request (ServerShowV263Test:tearDownClass): 204 DELETE http://10.180.1.21/identity/v3/users/2783aa7f482f4dfca2c678a347fcb59c 0.153s
2025-12-10 13:28:27.369 65966 INFO tempest.lib.common.dynamic_creds [-] Deleting project and security group for project: 8b3a0c46fd374f3aa7ed714fdbee01a3
2025-12-10 13:28:27.378 65980 INFO tempest.lib.common.rest_client [req-d15bcbec-fa34-4a15-9578-72c8f540808a req-d15bcbec-fa34-4a15-9578-72c8f540808a ] Request (ListServersNegativeTestJSON:setUpClass): 404 GET http://10.180.1.21/compute/v2.1/servers/3caf3398-1416-45df-8749-359ad337bddf 0.481s
2025-12-10 13:28:27.458 65966 INFO tempest.lib.common.rest_client [req-fcda8fbe-3f3c-4bc5-9cdd-7af4a78bb832 req-fcda8fbe-3f3c-4bc5-9cdd-7af4a78bb832 ] Request (ServerShowV263Test:tearDownClass): 201 POST http://10.180.1.21/identity/v3/auth/tokens 0.089s
2025-12-10 13:28:27.499 65956 INFO tempest.lib.common.rest_client [req-2b48a449-b041-4fbd-a204-8af75af073b1 req-2b48a449-b041-4fbd-a204-8af75af073b1 ] Request (FlavorsAccessTestJSON:tearDownClass): 204 DELETE http://10.180.1.21/networking/v2.0/security-groups/e3be486c-5067-40e2-97b9-8da731bc0c52 0.201s
2025-12-10 13:28:27.539 65996 INFO tempest.lib.common.rest_client [req-864a9c6d-ffb2-42e1-bbf0-7165eb543364 req-864a9c6d-ffb2-42e1-bbf0-7165eb543364 ] Request (ImagesTestJSON:test_create_image_from_suspended_server): 200 GET http://10.180.1.21/compute/v2.1/servers/c1c30061-ce36-44e1-9d17-049de027bfe7 0.713s
2025-12-10 13:28:27.547 65948 INFO tempest.lib.common.rest_client [req-b41471cd-2d36-40d6-9fd1-e593ac2bf5f0 req-b41471cd-2d36-40d6-9fd1-e593ac2bf5f0 ] Request (ServerTagsTestJSON:setUpClass): 200 GET http://10.180.1.21/compute/v2.1/servers/1fd9f938-b136-412e-8fed-8c0db3b69d52 0.553s
2025-12-10 13:28:27.587 65956 INFO tempest.lib.common.rest_client [req-efcef957-0bb3-45e8-85f2-a0b8f5d52383 req-efcef957-0bb3-45e8-85f2-a0b8f5d52383 ] Request (FlavorsAccessTestJSON:tearDownClass): 204 DELETE http://10.180.1.21/identity/v3/projects/112386278a994a96a7e5029b2f4c2419 0.088s
2025-12-10 13:28:27.599 65952 INFO tempest.lib.common.rest_client [req-b560f788-6cfd-43a4-906f-fd8c5406cb6c req-b560f788-6cfd-43a4-906f-fd8c5406cb6c ] Request (ListImageFiltersTestJSON:setUpClass): 200 GET http://10.180.1.21/compute/v2.1/images/71dc1bf3-1647-4190-b48a-6b4a4132214f 0.573s
2025-12-10 13:28:27.648 65956 INFO tempest.lib.common.rest_client [req-ddaa3698-cb57-4334-a26c-98a6fdf2b5bb req-ddaa3698-cb57-4334-a26c-98a6fdf2b5bb ] Request (QuotaClassesAdmin257Test:setUpClass): 201 POST http://10.180.1.21/identity/v3/auth/tokens 0.059s
2025-12-10 13:28:27.680 65956 INFO tempest.lib.common.rest_client [req-68d07fb7-b78b-4782-b52f-f22c6c202390 req-68d07fb7-b78b-4782-b52f-f22c6c202390 ] Request (QuotaClassesAdmin257Test:setUpClass): 201 POST http://10.180.1.21/identity/v3/auth/tokens 0.028s
2025-12-10 13:28:27.707 65956 INFO tempest.lib.common.rest_client [req-a8926c70-21d1-4a2b-bbbd-de50f306bc47 req-a8926c70-21d1-4a2b-bbbd-de50f306bc47 ] Request (QuotaClassesAdmin257Test:setUpClass): 200 GET http://10.180.1.21/identity/v3/domains?name=Default 0.026s
2025-12-10 13:28:27.741 65956 INFO tempest.lib.common.rest_client [req-7ef369f2-57af-4c5e-b053-dbe5f1fe822f req-7ef369f2-57af-4c5e-b053-dbe5f1fe822f ] Request (QuotaClassesAdmin257Test:setUpClass): 201 POST http://10.180.1.21/identity/v3/projects 0.033s
2025-12-10 13:28:27.771 65966 INFO tempest.lib.common.rest_client [req-beb63fea-1ade-481a-9bb7-5c76fd31e1d5 req-beb63fea-1ade-481a-9bb7-5c76fd31e1d5 ] Request (ServerShowV263Test:tearDownClass): 200 GET http://10.180.1.21/networking/v2.0/security-groups?tenant_id=8b3a0c46fd374f3aa7ed714fdbee01a3&name=default 0.312s
2025-12-10 13:28:27.794 65944 INFO tempest.lib.common.rest_client [req-79199519-de0d-4a4d-9732-2bdbb45d3691 req-79199519-de0d-4a4d-9732-2bdbb45d3691 ] Request (SecurityGroupsTestJSON:test_server_security_groups): 200 GET http://10.180.1.21/compute/v2.1/servers/3b4cd16f-23c8-49cd-b708-a7f33491faf0 0.793s
2025-12-10 13:28:27.806 65956 INFO tempest.lib.common.rest_client [req-8ddc4512-123f-4053-9711-7fc8252d652a req-8ddc4512-123f-4053-9711-7fc8252d652a ] Request (QuotaClassesAdmin257Test:setUpClass): 201 POST http://10.180.1.21/identity/v3/users 0.065s
2025-12-10 13:28:27.815 65938 INFO tempest.lib.common.rest_client [req-141ffa8c-ac77-4708-aa7a-71bcd22fa5f7 req-141ffa8c-ac77-4708-aa7a-71bcd22fa5f7 ] Request (ServerGroupTestJSON:test_create_server_with_scheduler_hint_group): 200 GET http://10.180.1.21/compute/v2.1/servers/d479035f-cefb-4c60-a0f9-f95412d325ad 0.755s
2025-12-10 13:28:27.840 65956 INFO tempest.lib.common.rest_client [req-418bca78-d613-4fc9-a045-82c821cca73e req-418bca78-d613-4fc9-a045-82c821cca73e ] Request (QuotaClassesAdmin257Test:setUpClass): 200 GET http://10.180.1.21/identity/v3/roles 0.034s
2025-12-10 13:28:27.873 65956 INFO tempest.lib.common.rest_client [req-90e72684-cab0-4c2b-a092-fb9f0c33981a req-90e72684-cab0-4c2b-a092-fb9f0c33981a ] Request (QuotaClassesAdmin257Test:setUpClass): 204 PUT http://10.180.1.21/identity/v3/projects/29ea10e3f3a743438c616ae26ce88255/users/cf7aab3d0bfa4ee0851564f433b84d7b/roles/25932b77468e4e9b993fc4568fa57241 0.032s
2025-12-10 13:28:27.873 65956 INFO tempest.lib.common.dynamic_creds [-] Dynamic test user cf7aab3d0bfa4ee0851564f433b84d7b is created with scope project and roles: ['member']
2025-12-10 13:28:27.873 65956 INFO tempest.lib.common.dynamic_creds [-] Acquired dynamic creds: credentials: Credentials: {'domain_id': 'default', 'domain_name': 'Default', 'username': 'tempest-QuotaClassesAdmin257Test-1617125079-project-member', 'project_domain_id': 'default', 'project_domain_name': 'Default', 'project_id': '29ea10e3f3a743438c616ae26ce88255', 'project_name': 'tempest-QuotaClassesAdmin257Test-1617125079', 'tenant_id': '29ea10e3f3a743438c616ae26ce88255', 'tenant_name': 'tempest-QuotaClassesAdmin257Test-1617125079', 'user_domain_id': 'default', 'user_domain_name': 'Default', 'user_id': 'cf7aab3d0bfa4ee0851564f433b84d7b', 'system': None}, Network: None, Subnet: None, Router: None
2025-12-10 13:28:27.873 65956 INFO tempest.lib.common.dynamic_creds [-] Created isolated network resources for: credentials: Credentials: {'domain_id': 'default', 'domain_name': 'Default', 'username': 'tempest-QuotaClassesAdmin257Test-1617125079-project-member', 'project_domain_id': 'default', 'project_domain_name': 'Default', 'project_id': '29ea10e3f3a743438c616ae26ce88255', 'project_name': 'tempest-QuotaClassesAdmin257Test-1617125079', 'tenant_id': '29ea10e3f3a743438c616ae26ce88255', 'tenant_name': 'tempest-QuotaClassesAdmin257Test-1617125079', 'user_domain_id': 'default', 'user_domain_name': 'Default', 'user_id': 'cf7aab3d0bfa4ee0851564f433b84d7b', 'system': None}, Network: None, Subnet: None, Router: None
2025-12-10 13:28:27.906 65966 INFO tempest.lib.common.rest_client [req-9a45ed7e-6e7a-49ac-9b55-ceaf9946b520 req-9a45ed7e-6e7a-49ac-9b55-ceaf9946b520 ] Request (ServerShowV263Test:tearDownClass): 204 DELETE http://10.180.1.21/networking/v2.0/security-groups/036fdf63-b46c-426c-8bea-7e937c70fa82 0.135s
2025-12-10 13:28:27.929 65964 INFO tempest.lib.common.rest_client [req-9e85eb77-6b4b-4a0f-bb33-a3b5581b5422 req-9e85eb77-6b4b-4a0f-bb33-a3b5581b5422 ] Request (ServersAdminNegativeTestJSON:tearDownClass): 200 GET http://10.180.1.21/compute/v2.1/servers/81753bd1-d785-460c-9da1-6fb6d5587c37 0.866s
2025-12-10 13:28:27.961 65956 INFO tempest.lib.common.rest_client [req-401d07f1-9faa-4651-99a0-bada089cc863 req-401d07f1-9faa-4651-99a0-bada089cc863 ] Request (QuotaClassesAdmin257Test:setUpClass): 201 POST http://10.180.1.21/identity/v3/auth/tokens 0.082s
2025-12-10 13:28:27.970 65976 INFO tempest.lib.common.rest_client [req-78b14579-f6e0-4873-93f8-fb21fc3abef9 req-78b14579-f6e0-4873-93f8-fb21fc3abef9 ] Request (TenantUsagesNegativeTestJSON:test_get_usage_tenant_with_empty_tenant_id): 404 GET http://10.180.1.21/compute/v2.1/os-simple-tenant-usage/?start=2025-12-09T13%3A28%3A27.094082&end=2025-12-11T13%3A28%3A27.094082 0.875s
2025-12-10 13:28:27.981 65962 INFO tempest.lib.common.rest_client [req-f423e34e-704b-4a2d-895c-35edc2917f64 req-f423e34e-704b-4a2d-895c-35edc2917f64 ] Request (ServerDiskConfigTestJSON:test_rebuild_server_with_auto_disk_config): 200 GET http://10.180.1.21/compute/v2.1/servers/b0a20455-9ad7-44c5-afed-ce90f4a16c9e 0.838s
2025-12-10 13:28:28.022 65956 INFO tempest.lib.common.rest_client [req-a22a14b4-b4d5-41d4-be0f-f602a0a0de43 req-a22a14b4-b4d5-41d4-be0f-f602a0a0de43 ] Request (QuotaClassesAdmin257Test:setUpClass): 201 POST http://10.180.1.21/identity/v3/projects 0.061s
2025-12-10 13:28:28.052 65966 INFO tempest.lib.common.rest_client [req-391db932-ad25-4a5a-9a2e-4e0c2ad15fa1 req-391db932-ad25-4a5a-9a2e-4e0c2ad15fa1 ] Request (ServerShowV263Test:tearDownClass): 204 DELETE http://10.180.1.21/identity/v3/projects/8b3a0c46fd374f3aa7ed714fdbee01a3 0.145s
2025-12-10 13:28:28.092 65991 INFO tempest.lib.common.rest_client [req-197cffe8-b591-45d9-9d9e-c384a558f0d6 req-197cffe8-b591-45d9-9d9e-c384a558f0d6 ] Request (ServerShowV257Test:test_rebuild_server): 200 GET http://10.180.1.21/compute/v2.1/servers/7e413443-baea-4fe0-b517-35b62e9f82ff 0.801s
2025-12-10 13:28:28.127 65934 INFO tempest.lib.common.rest_client [req-e165ba4a-510f-4494-a352-3e5583cfbfa3 req-e165ba4a-510f-4494-a352-3e5583cfbfa3 ] Request (ServersAdminTestJSON:test_create_server_with_scheduling_hint): 200 GET http://10.180.1.21/compute/v2.1/servers/e8b8689a-2839-4388-ae32-b8b2701d9378 0.892s
2025-12-10 13:28:28.134 65934 INFO tempest.common.waiters [-] State transition "BUILD/None" ==> "BUILD/spawning" after 43 second wait
2025-12-10 13:28:28.135 65956 INFO tempest.lib.common.rest_client [req-52f157ba-739e-4a1d-9018-8a851fe3a9aa req-52f157ba-739e-4a1d-9018-8a851fe3a9aa ] Request (QuotaClassesAdmin257Test:setUpClass): 201 POST http://10.180.1.21/identity/v3/users 0.112s
2025-12-10 13:28:28.171 65956 INFO tempest.lib.common.rest_client [req-2a77d779-d13f-4d82-a910-39f8c3144bc5 req-2a77d779-d13f-4d82-a910-39f8c3144bc5 ] Request (QuotaClassesAdmin257Test:setUpClass): 200 GET http://10.180.1.21/identity/v3/roles 0.035s
2025-12-10 13:28:28.184 65972 INFO tempest.lib.common.rest_client [req-54fbb4b5-5707-4bed-849a-3c92e8f5147c req-54fbb4b5-5707-4bed-849a-3c92e8f5147c ] Request (VolumesAdminNegativeTest:tearDownClass): 200 GET http://10.180.1.21/compute/v2.1/servers/308f8f7e-52ff-4e14-9e12-96280606192e 0.812s
2025-12-10 13:28:28.184 65980 INFO tempest.lib.common.rest_client [req-4cae6fb5-2db7-44ef-a59b-2edf58122038 req-4cae6fb5-2db7-44ef-a59b-2edf58122038 ] Request (ListServersNegativeTestJSON:test_list_servers_by_changes_since_future_date): 200 GET http://10.180.1.21/compute/v2.1/servers?changes-since=2051-01-01T12%3A34%3A00Z&status=ACTIVE 0.805s
2025-12-10 13:28:28.210 65956 INFO tempest.lib.common.rest_client [req-40ff2061-dcec-4f49-9094-0ed8d0af0e5c req-40ff2061-dcec-4f49-9094-0ed8d0af0e5c ] Request (QuotaClassesAdmin257Test:setUpClass): 204 PUT http://10.180.1.21/identity/v3/projects/0bf718f9fe9846559d22c31f0fb65965/users/285cda15da044eadb6a7ca1e48b8b5d0/roles/638f4a5f713541ebbcbfc20f87a63575 0.038s
2025-12-10 13:28:28.273 65956 INFO tempest.lib.common.rest_client [req-c5efc1db-c966-4e77-82e7-73c28f2dc685 req-c5efc1db-c966-4e77-82e7-73c28f2dc685 ] Request (QuotaClassesAdmin257Test:setUpClass): 200 GET http://10.180.1.21/identity/v3/roles 0.063s
2025-12-10 13:28:28.291 65956 INFO tempest.lib.common.rest_client [req-24bcf0ce-df22-4cb6-b3b6-9c6fc3ffea00 req-24bcf0ce-df22-4cb6-b3b6-9c6fc3ffea00 ] Request (QuotaClassesAdmin257Test:setUpClass): 204 PUT http://10.180.1.21/identity/v3/projects/0bf718f9fe9846559d22c31f0fb65965/users/285cda15da044eadb6a7ca1e48b8b5d0/roles/638f4a5f713541ebbcbfc20f87a63575 0.018s
2025-12-10 13:28:28.292 65956 INFO tempest.lib.common.dynamic_creds [-] Dynamic test user 285cda15da044eadb6a7ca1e48b8b5d0 is created with scope project and roles: ['admin']
2025-12-10 13:28:28.292 65956 INFO tempest.lib.common.dynamic_creds [-] Acquired dynamic creds: credentials: Credentials: {'domain_id': 'default', 'domain_name': 'Default', 'username': 'tempest-QuotaClassesAdmin257Test-1839376163-project-admin', 'project_domain_id': 'default', 'project_domain_name': 'Default', 'project_id': '0bf718f9fe9846559d22c31f0fb65965', 'project_name': 'tempest-QuotaClassesAdmin257Test-1839376163', 'tenant_id': '0bf718f9fe9846559d22c31f0fb65965', 'tenant_name': 'tempest-QuotaClassesAdmin257Test-1839376163', 'user_domain_id': 'default', 'user_domain_name': 'Default', 'user_id': '285cda15da044eadb6a7ca1e48b8b5d0', 'system': None}, Network: None, Subnet: None, Router: None
2025-12-10 13:28:28.292 65956 INFO tempest.lib.common.dynamic_creds [-] Created isolated network resources for: credentials: Credentials: {'domain_id': 'default', 'domain_name': 'Default', 'username': 'tempest-QuotaClassesAdmin257Test-1839376163-project-admin', 'project_domain_id': 'default', 'project_domain_name': 'Default', 'project_id': '0bf718f9fe9846559d22c31f0fb65965', 'project_name': 'tempest-QuotaClassesAdmin257Test-1839376163', 'tenant_id': '0bf718f9fe9846559d22c31f0fb65965', 'tenant_name': 'tempest-QuotaClassesAdmin257Test-1839376163', 'user_domain_id': 'default', 'user_domain_name': 'Default', 'user_id': '285cda15da044eadb6a7ca1e48b8b5d0', 'system': None}, Network: None, Subnet: None, Router: None
2025-12-10 13:28:28.330 65958 INFO tempest.lib.common.rest_client [req-f7f58db9-fa17-4488-b054-e451f1ffa86b req-f7f58db9-fa17-4488-b054-e451f1ffa86b ] Request (ServerActionsTestJSON:setUpClass): 200 GET http://10.180.1.21/compute/v2.1/servers/49b19c0e-f9fe-4237-900e-24ec1c0c83af 0.752s
2025-12-10 13:28:28.359 65950 INFO tempest.lib.common.rest_client [req-fdbfacb8-c5ec-4521-a98c-1bd66341fffb req-fdbfacb8-c5ec-4521-a98c-1bd66341fffb ] Request (ImagesOneServerNegativeTestJSON:tearDown): 200 GET http://10.180.1.21/compute/v2.1/servers/f5bcf146-6334-41bf-a5b7-3807a8256268 0.844s
2025-12-10 13:28:28.367 65950 INFO tempest.common.waiters [-] State transition "ACTIVE/image_pending_upload" ==> "ACTIVE/image_uploading" after 2 second wait
2025-12-10 13:28:28.382 65956 INFO tempest.lib.common.rest_client [req-9f3d9bf1-3a5c-46a0-8885-c301621b6c3e req-9f3d9bf1-3a5c-46a0-8885-c301621b6c3e ] Request (QuotaClassesAdmin257Test:setUpClass): 201 POST http://10.180.1.21/identity/v3/auth/tokens 0.087s
2025-12-10 13:28:28.392 65968 INFO tempest.lib.common.rest_client [req-bf2b16d5-dc67-4d1a-a477-a71159aa002e req-bf2b16d5-dc67-4d1a-a477-a71159aa002e ] Request (DeleteServersTestJSON:test_delete_active_server): 200 GET http://10.180.1.21/compute/v2.1/servers/bd70d299-72f7-4304-8529-fc258915a32f 0.750s
2025-12-10 13:28:28.433 65984 INFO tempest.lib.common.rest_client [req-639184ff-127a-46e8-98e6-018e1f140679 req-639184ff-127a-46e8-98e6-018e1f140679 ] Request (ServerMetadataNegativeTestJSON:setUpClass): 200 GET http://10.180.1.21/compute/v2.1/servers/799226c3-eed9-4f92-8fda-4a417b67062b 0.728s
2025-12-10 13:28:28.469 65994 INFO tempest.lib.common.rest_client [req-d7f42c2a-9acb-40c3-ad5c-5bfd02b53267 req-d7f42c2a-9acb-40c3-ad5c-5bfd02b53267 ] Request (ServerShowV254Test:test_rebuild_server): 200 GET http://10.180.1.21/compute/v2.1/servers/6f3b15f8-2672-45ec-901c-2bf2942f90b2 0.717s
2025-12-10 13:28:28.488 65936 INFO tempest.lib.common.rest_client [req-76001d78-420a-4380-8504-26a17b79a2f8 req-76001d78-420a-4380-8504-26a17b79a2f8 ] Request (InstanceActionsTestJSON:setUpClass): 200 GET http://10.180.1.21/compute/v2.1/servers/a0c71a40-e29b-4a9d-b016-72a15aee9db4 0.683s
2025-12-10 13:28:28.523 65954 INFO tempest.lib.common.rest_client [req-e73e6917-5d11-40fd-9523-f945b52902af req-e73e6917-5d11-40fd-9523-f945b52902af ] Request (ServerAddressesTestJSON:setUpClass): 200 GET http://10.180.1.21/compute/v2.1/servers/40eb1258-6176-4bcb-a2d1-39db6003419d 0.658s
2025-12-10 13:28:28.531 65976 INFO tempest.lib.common.rest_client [req-63480d06-3beb-4ca7-aa55-900b5c1c2bf8 req-63480d06-3beb-4ca7-aa55-900b5c1c2bf8 ] Request (TenantUsagesNegativeTestJSON:test_get_usage_tenant_with_invalid_date): 400 GET http://10.180.1.21/compute/v2.1/os-simple-tenant-usage/9463afc789fe4b55bdae35ceb6a3a8b9?start=2025-12-11T13%3A28%3A27.094082&end=2025-12-09T13%3A28%3A27.094082 0.559s
2025-12-10 13:28:28.546 65975 INFO tempest.lib.common.rest_client [req-5c507d01-a066-4fed-a5b9-15cdcea31f38 req-5c507d01-a066-4fed-a5b9-15cdcea31f38 ] Request (MigrationsAdminTest:test_resize_server_revert_deleted_flavor): 200 GET http://10.180.1.21/compute/v2.1/servers/36404b93-6e44-478a-bdfd-4d23fbbae77f 0.618s
2025-12-10 13:28:28.602 65961 INFO tempest.lib.common.rest_client [req-e61d2a1a-a3b3-4fc6-9778-1d971db5a2ae req-e61d2a1a-a3b3-4fc6-9778-1d971db5a2ae ] Request (ServersNegativeTestMultiTenantJSON:setUpClass): 200 GET http://10.180.1.21/compute/v2.1/servers/719ad584-1347-457b-b1ef-183610964f0f 0.488s
2025-12-10 13:28:28.619 65986 INFO tempest.lib.common.rest_client [req-ee1cbb5b-d0e3-459c-a1d0-36d83ebd0e9c req-ee1cbb5b-d0e3-459c-a1d0-36d83ebd0e9c ] Request (ServerShowV247Test:tearDownClass): 200 GET http://10.180.1.21/compute/v2.1/servers/5f726e23-55a9-41b1-96ad-5b2128ac82db 0.584s
2025-12-10 13:28:28.672 65978 INFO tempest.lib.common.rest_client [req-5cf67402-abe7-4408-8952-f8cab2d20adf req-5cf67402-abe7-4408-8952-f8cab2d20adf ] Request (VolumesAssistedSnapshotsTest:tearDownClass): 200 GET http://10.180.1.21/compute/v2.1/servers/a7457675-f4fa-4c0e-8672-b4b23f2b235d 0.556s
2025-12-10 13:28:28.679 65980 INFO tempest.lib.common.rest_client [req-6dbecb33-1030-4e3b-957f-6ed4b354a42a req-6dbecb33-1030-4e3b-957f-6ed4b354a42a ] Request (ListServersNegativeTestJSON:test_list_servers_by_changes_since_invalid_date): 400 GET http://10.180.1.21/compute/v2.1/servers?changes-since=2011%2F01%2F01 0.488s
2025-12-10 13:28:28.686 65993 INFO tempest.lib.common.rest_client [req-41d89444-39ca-4ff7-8713-9bca6ed5332f req-41d89444-39ca-4ff7-8713-9bca6ed5332f ] Request (ServerExternalEventsTest:test_create_server_external_events): 200 GET http://10.180.1.21/compute/v2.1/servers/b50a0c69-855b-41bd-a260-992064ec7ece 0.500s
2025-12-10 13:28:28.741 65942 INFO tempest.lib.common.rest_client [req-2153810a-ae35-4ec6-982d-1a87c235deda req-2153810a-ae35-4ec6-982d-1a87c235deda ] Request (ImagesOneServerTestJSON:setUpClass): 200 GET http://10.180.1.21/compute/v2.1/servers/aa0d2e89-c4ab-4637-b707-ead4b53065f1 0.378s
2025-12-10 13:28:28.757 65982 INFO tempest.lib.common.rest_client [req-e3f67bbc-4da8-4153-8b17-532e65e37eee req-e3f67bbc-4da8-4153-8b17-532e65e37eee ] Request (MultipleCreateTestJSON:_run_cleanups): 200 GET http://10.180.1.21/compute/v2.1/servers/781ebce1-162a-4ab5-bbab-1ce94129901d 0.565s
2025-12-10 13:28:28.845 65956 INFO tempest.lib.common.rest_client [req-40b6f4e9-9965-4334-8001-65f3b98922b8 req-40b6f4e9-9965-4334-8001-65f3b98922b8 ] Request (QuotaClassesAdmin257Test:test_update_default_quotas): 200 GET http://10.180.1.21/compute/v2.1/os-quota-class-sets/default 0.461s
2025-12-10 13:28:28.892 65976 INFO tempest.lib.common.rest_client [req-e2d0848a-0e61-419c-9e03-d25d2346bab8 req-e2d0848a-0e61-419c-9e03-d25d2346bab8 ] Request (TenantUsagesNegativeTestJSON:test_list_usage_all_tenants_with_non_admin_user): 403 GET http://10.180.1.21/compute/v2.1/os-simple-tenant-usage?start=2025-12-09T13%3A28%3A27.094082&end=2025-12-11T13%3A28%3A27.094082&detailed=1 0.357s
2025-12-10 13:28:28.958 65948 INFO tempest.lib.common.rest_client [req-94f3970f-158c-4e38-b253-a9a474378031 req-94f3970f-158c-4e38-b253-a9a474378031 ] Request (ServerTagsTestJSON:setUpClass): 200 GET http://10.180.1.21/compute/v2.1/servers/1fd9f938-b136-412e-8fed-8c0db3b69d52 0.398s
2025-12-10 13:28:28.978 65996 INFO tempest.lib.common.rest_client [req-b1cded22-1b33-4a6c-a07b-49e8411af36c req-b1cded22-1b33-4a6c-a07b-49e8411af36c ] Request (ImagesTestJSON:test_create_image_from_suspended_server): 200 GET http://10.180.1.21/compute/v2.1/servers/c1c30061-ce36-44e1-9d17-049de027bfe7 0.431s
2025-12-10 13:28:28.987 65996 INFO tempest.common.waiters [-] State transition "BUILD/spawning" ==> "ACTIVE/None" after 45 second wait
2025-12-10 13:28:29.002 65952 INFO tempest.lib.common.rest_client [req-48d58089-4548-4da7-9538-865abfeed941 req-48d58089-4548-4da7-9538-865abfeed941 ] Request (ListImageFiltersTestJSON:setUpClass): 200 GET http://10.180.1.21/compute/v2.1/images/71dc1bf3-1647-4190-b48a-6b4a4132214f 0.399s
2025-12-10 13:28:29.026 65980 INFO tempest.lib.common.rest_client [req-154d7aab-e5f1-4288-ad30-443954000835 req-154d7aab-e5f1-4288-ad30-443954000835 ] Request (ListServersNegativeTestJSON:test_list_servers_by_limits_greater_than_actual_count): 200 GET http://10.180.1.21/compute/v2.1/servers 0.346s
2025-12-10 13:28:29.028 65976 INFO tempest.lib.common.rest_client [req-1685fdcb-4634-4272-b2b4-452629e2a1c5 req-1685fdcb-4634-4272-b2b4-452629e2a1c5 ] Request (TenantUsagesNegativeTestJSON:tearDownClass): 204 DELETE http://10.180.1.21/identity/v3/users/5e5f9cbd9a90479c9f2ea417bed15fa4 0.133s
2025-12-10 13:28:29.028 65970 WARNING tempest.lib.common.ssh [-] Failed to establish authenticated ssh connection to cirros@10.180.180.252 ([Errno None] Unable to connect to port 22 on 10.180.180.252). Number attempts: 4. Retry after 5 seconds.: paramiko.ssh_exception.NoValidConnectionsError: [Errno None] Unable to connect to port 22 on 10.180.180.252
2025-12-10 13:28:29.059 65944 INFO tempest.lib.common.rest_client [req-56a955bd-2394-46c6-aad9-1f712c259ff8 req-56a955bd-2394-46c6-aad9-1f712c259ff8 ] Request (SecurityGroupsTestJSON:test_server_security_groups): 200 GET http://10.180.1.21/compute/v2.1/servers/3b4cd16f-23c8-49cd-b708-a7f33491faf0 0.257s
2025-12-10 13:28:29.078 65938 INFO tempest.lib.common.rest_client [req-bc2c9e75-0e9a-4933-8dc8-f899a6bf927a req-bc2c9e75-0e9a-4933-8dc8-f899a6bf927a ] Request (ServerGroupTestJSON:test_create_server_with_scheduler_hint_group): 200 GET http://10.180.1.21/compute/v2.1/servers/d479035f-cefb-4c60-a0f9-f95412d325ad 0.249s
2025-12-10 13:28:29.144 65956 INFO tempest.lib.common.rest_client [req-8deb6062-2cf5-44c7-b356-376d022dcb7d req-8deb6062-2cf5-44c7-b356-376d022dcb7d ] Request (QuotaClassesAdmin257Test:test_update_default_quotas): 200 PUT http://10.180.1.21/compute/v2.1/os-quota-class-sets/default 0.297s
2025-12-10 13:28:29.157 65976 INFO tempest.lib.common.rest_client [req-e35e88e7-c4c2-4c83-bae1-578d5701fc35 req-e35e88e7-c4c2-4c83-bae1-578d5701fc35 ] Request (TenantUsagesNegativeTestJSON:tearDownClass): 204 DELETE http://10.180.1.21/identity/v3/users/bcfd6d710a7348f1afbf6e0f6cf6012d 0.128s
2025-12-10 13:28:29.158 65976 INFO tempest.lib.common.dynamic_creds [-] Deleting project and security group for project: 9463afc789fe4b55bdae35ceb6a3a8b9
2025-12-10 13:28:29.167 65964 INFO tempest.lib.common.rest_client [req-7d9aa67a-b7a6-4367-99e2-d18fd06cc1bc req-7d9aa67a-b7a6-4367-99e2-d18fd06cc1bc ] Request (ServersAdminNegativeTestJSON:tearDownClass): 200 GET http://10.180.1.21/compute/v2.1/servers/81753bd1-d785-460c-9da1-6fb6d5587c37 0.229s
2025-12-10 13:28:29.237 65962 INFO tempest.lib.common.rest_client [req-6719baa9-2713-4ad4-8cd6-faaf2ed2d32b req-6719baa9-2713-4ad4-8cd6-faaf2ed2d32b ] Request (ServerDiskConfigTestJSON:test_rebuild_server_with_auto_disk_config): 200 GET http://10.180.1.21/compute/v2.1/servers/b0a20455-9ad7-44c5-afed-ce90f4a16c9e 0.245s
2025-12-10 13:28:29.254 65976 INFO tempest.lib.common.rest_client [req-addc000d-5d70-4b11-bf56-89d37810f9dc req-addc000d-5d70-4b11-bf56-89d37810f9dc ] Request (TenantUsagesNegativeTestJSON:tearDownClass): 201 POST http://10.180.1.21/identity/v3/auth/tokens 0.096s
2025-12-10 13:28:29.264 65996 INFO tempest.lib.common.rest_client [req-38b0fea5-9a7c-4c77-a31a-7eb02501f62e req-38b0fea5-9a7c-4c77-a31a-7eb02501f62e ] Request (ImagesTestJSON:test_create_image_from_suspended_server): 202 POST http://10.180.1.21/compute/v2.1/servers/c1c30061-ce36-44e1-9d17-049de027bfe7/action 0.276s
2025-12-10 13:28:29.298 65980 INFO tempest.lib.common.rest_client [req-77877008-881b-41e6-8cd6-57135487b507 req-77877008-881b-41e6-8cd6-57135487b507 ] Request (ListServersNegativeTestJSON:test_list_servers_by_limits_greater_than_actual_count): 200 GET http://10.180.1.21/compute/v2.1/servers?limit=102 0.269s
2025-12-10 13:28:29.465 65991 INFO tempest.lib.common.rest_client [req-c2f45900-5002-4a32-ba86-624e43589e98 req-c2f45900-5002-4a32-ba86-624e43589e98 ] Request (ServerShowV257Test:test_rebuild_server): 200 GET http://10.180.1.21/compute/v2.1/servers/7e413443-baea-4fe0-b517-35b62e9f82ff 0.363s
2025-12-10 13:28:29.481 65956 INFO tempest.lib.common.rest_client [req-0d6bf812-13b8-4079-a5a0-9fab1a30cc73 req-0d6bf812-13b8-4079-a5a0-9fab1a30cc73 ] Request (QuotaClassesAdmin257Test:test_update_default_quotas): 200 GET http://10.180.1.21/compute/v2.1/os-quota-class-sets/default 0.335s
2025-12-10 13:28:29.534 65934 INFO tempest.lib.common.rest_client [req-f5cd10ee-de3a-4799-b5ba-1625d4ea2fa0 req-f5cd10ee-de3a-4799-b5ba-1625d4ea2fa0 ] Request (ServersAdminTestJSON:test_create_server_with_scheduling_hint): 200 GET http://10.180.1.21/compute/v2.1/servers/e8b8689a-2839-4388-ae32-b8b2701d9378 0.398s
2025-12-10 13:28:29.550 65972 INFO tempest.lib.common.rest_client [req-54f173a1-40f2-4d7b-b7a6-1c62f9693f7d req-54f173a1-40f2-4d7b-b7a6-1c62f9693f7d ] Request (VolumesAdminNegativeTest:tearDownClass): 200 GET http://10.180.1.21/compute/v2.1/servers/308f8f7e-52ff-4e14-9e12-96280606192e 0.356s
2025-12-10 13:28:29.554 65976 INFO tempest.lib.common.rest_client [req-803d85e8-3d18-4b56-81cd-cd9967ebe626 req-803d85e8-3d18-4b56-81cd-cd9967ebe626 ] Request (TenantUsagesNegativeTestJSON:tearDownClass): 200 GET http://10.180.1.21/networking/v2.0/security-groups?tenant_id=9463afc789fe4b55bdae35ceb6a3a8b9&name=default 0.299s
2025-12-10 13:28:29.555 65980 INFO tempest.lib.common.rest_client [req-8d750d84-5f8a-433e-9677-a716b2bd8261 req-8d750d84-5f8a-433e-9677-a716b2bd8261 ] Request (ListServersNegativeTestJSON:test_list_servers_by_limits_pass_negative_value): 400 GET http://10.180.1.21/compute/v2.1/servers?limit=-1 0.253s
2025-12-10 13:28:29.653 65976 INFO tempest.lib.common.rest_client [req-0790a097-c6c9-4ca4-ba9b-d4608f71932c req-0790a097-c6c9-4ca4-ba9b-d4608f71932c ] Request (TenantUsagesNegativeTestJSON:tearDownClass): 204 DELETE http://10.180.1.21/networking/v2.0/security-groups/6641ccd4-952b-419f-b174-dd8b081bf62e 0.099s
2025-12-10 13:28:29.675 65958 INFO tempest.lib.common.rest_client [req-f1f808b2-f8ac-4297-b253-e511841a395f req-f1f808b2-f8ac-4297-b253-e511841a395f ] Request (ServerActionsTestJSON:setUpClass): 200 GET http://10.180.1.21/compute/v2.1/servers/49b19c0e-f9fe-4237-900e-24ec1c0c83af 0.336s
2025-12-10 13:28:29.682 65958 INFO tempest.common.waiters [-] State transition "BUILD/None" ==> "BUILD/networking" after 43 second wait
2025-12-10 13:28:29.702 65996 INFO tempest.lib.common.rest_client [req-18425fea-57b8-4c20-abe5-499d5e25592e req-18425fea-57b8-4c20-abe5-499d5e25592e ] Request (ImagesTestJSON:test_create_image_from_suspended_server): 200 GET http://10.180.1.21/compute/v2.1/servers/c1c30061-ce36-44e1-9d17-049de027bfe7 0.438s
2025-12-10 13:28:29.723 65976 INFO tempest.lib.common.rest_client [req-b89e0b59-3de5-4b6d-afff-2e1eb07c876b req-b89e0b59-3de5-4b6d-afff-2e1eb07c876b ] Request (TenantUsagesNegativeTestJSON:tearDownClass): 204 DELETE http://10.180.1.21/identity/v3/projects/9463afc789fe4b55bdae35ceb6a3a8b9 0.069s
2025-12-10 13:28:29.723 65976 INFO tempest.lib.common.dynamic_creds [-] Deleting project and security group for project: 3b19fdc05e4c4586b78123db6e0996fa
2025-12-10 13:28:29.782 65968 INFO tempest.lib.common.rest_client [req-a142fc36-bbc1-4be0-8f8f-5a143f7cfc2c req-a142fc36-bbc1-4be0-8f8f-5a143f7cfc2c ] Request (DeleteServersTestJSON:test_delete_active_server): 200 GET http://10.180.1.21/compute/v2.1/servers/bd70d299-72f7-4304-8529-fc258915a32f 0.383s
2025-12-10 13:28:29.834 65976 INFO tempest.lib.common.rest_client [req-0c81100d-5d0b-4243-884e-cc1aa9ef9021 req-0c81100d-5d0b-4243-884e-cc1aa9ef9021 ] Request (TenantUsagesNegativeTestJSON:tearDownClass): 200 GET http://10.180.1.21/networking/v2.0/security-groups?tenant_id=3b19fdc05e4c4586b78123db6e0996fa&name=default 0.111s
2025-12-10 13:28:29.866 65950 INFO tempest.lib.common.rest_client [req-0d9b42f5-440b-40f5-aa81-355be914d9aa req-0d9b42f5-440b-40f5-aa81-355be914d9aa ] Request (ImagesOneServerNegativeTestJSON:tearDown): 200 GET http://10.180.1.21/compute/v2.1/servers/f5bcf146-6334-41bf-a5b7-3807a8256268 0.498s
2025-12-10 13:28:29.885 65984 INFO tempest.lib.common.rest_client [req-afebf05b-7f68-4c93-92b0-048f1336fb83 req-afebf05b-7f68-4c93-92b0-048f1336fb83 ] Request (ServerMetadataNegativeTestJSON:setUpClass): 200 GET http://10.180.1.21/compute/v2.1/servers/799226c3-eed9-4f92-8fda-4a417b67062b 0.444s
2025-12-10 13:28:29.933 65956 INFO tempest.lib.common.rest_client [req-5396f2ab-298e-4579-bab2-3fecdc4fba5d req-5396f2ab-298e-4579-bab2-3fecdc4fba5d ] Request (QuotaClassesAdmin257Test:_run_cleanups): 200 PUT http://10.180.1.21/compute/v2.1/os-quota-class-sets/default 0.450s
2025-12-10 13:28:29.968 65976 INFO tempest.lib.common.rest_client [req-1cc7b85f-92eb-4b4d-b109-e3f4eb0f1658 req-1cc7b85f-92eb-4b4d-b109-e3f4eb0f1658 ] Request (TenantUsagesNegativeTestJSON:tearDownClass): 204 DELETE http://10.180.1.21/networking/v2.0/security-groups/6f7de37d-4f59-4d55-9577-c4974190a336 0.133s
2025-12-10 13:28:29.993 65994 INFO tempest.lib.common.rest_client [req-90d491b1-4aad-4f9b-a34d-6ea7bc3dff3d req-90d491b1-4aad-4f9b-a34d-6ea7bc3dff3d ] Request (ServerShowV254Test:test_rebuild_server): 200 GET http://10.180.1.21/compute/v2.1/servers/6f3b15f8-2672-45ec-901c-2bf2942f90b2 0.514s
2025-12-10 13:28:30.010 65936 INFO tempest.lib.common.rest_client [req-5ca010d3-a134-4bd7-98ea-d85c43781787 req-5ca010d3-a134-4bd7-98ea-d85c43781787 ] Request (InstanceActionsTestJSON:setUpClass): 200 GET http://10.180.1.21/compute/v2.1/servers/a0c71a40-e29b-4a9d-b016-72a15aee9db4 0.513s
2025-12-10 13:28:30.067 65954 INFO tempest.lib.common.rest_client [req-85c297a0-3677-4edd-9ea6-a506c8f287c5 req-85c297a0-3677-4edd-9ea6-a506c8f287c5 ] Request (ServerAddressesTestJSON:setUpClass): 200 GET http://10.180.1.21/compute/v2.1/servers/40eb1258-6176-4bcb-a2d1-39db6003419d 0.535s
2025-12-10 13:28:30.074 65980 INFO tempest.lib.common.rest_client [req-e96d39f3-9f95-4771-89d1-e55e8c0acd33 req-e96d39f3-9f95-4771-89d1-e55e8c0acd33 ] Request (ListServersNegativeTestJSON:test_list_servers_by_limits_pass_string): 400 GET http://10.180.1.21/compute/v2.1/servers?limit=testing 0.518s
2025-12-10 13:28:30.085 65975 INFO tempest.lib.common.rest_client [req-e524ad8e-ba30-49f8-bd16-a46a8247c8fd req-e524ad8e-ba30-49f8-bd16-a46a8247c8fd ] Request (MigrationsAdminTest:test_resize_server_revert_deleted_flavor): 200 GET http://10.180.1.21/compute/v2.1/servers/36404b93-6e44-478a-bdfd-4d23fbbae77f 0.531s
2025-12-10 13:28:30.098 65956 INFO tempest.lib.common.rest_client [req-80bb99a0-86d1-4bf8-8224-d116c9d8acbe req-80bb99a0-86d1-4bf8-8224-d116c9d8acbe ] Request (QuotaClassesAdmin257Test:tearDownClass): 204 DELETE http://10.180.1.21/identity/v3/users/cf7aab3d0bfa4ee0851564f433b84d7b 0.162s
2025-12-10 13:28:30.103 65976 INFO tempest.lib.common.rest_client [req-77f9cdcb-29d0-4247-885e-4ba03d04dfd2 req-77f9cdcb-29d0-4247-885e-4ba03d04dfd2 ] Request (TenantUsagesNegativeTestJSON:tearDownClass): 204 DELETE http://10.180.1.21/identity/v3/projects/3b19fdc05e4c4586b78123db6e0996fa 0.134s
2025-12-10 13:28:30.158 65961 INFO tempest.lib.common.rest_client [req-0e0457dd-28b9-4b76-ab16-31dd9b66f4f1 req-0e0457dd-28b9-4b76-ab16-31dd9b66f4f1 ] Request (ServersNegativeTestMultiTenantJSON:setUpClass): 200 GET http://10.180.1.21/compute/v2.1/servers/719ad584-1347-457b-b1ef-183610964f0f 0.546s
2025-12-10 13:28:30.169 65976 INFO tempest.lib.common.rest_client [req-a7873821-7c37-4c4f-b65c-2dbfea17d670 req-a7873821-7c37-4c4f-b65c-2dbfea17d670 ] Request (ServerRescueTestJSONUnderV235:setUpClass): 201 POST http://10.180.1.21/identity/v3/auth/tokens 0.064s
2025-12-10 13:28:30.190 65986 INFO tempest.lib.common.rest_client [req-c20b8ffe-4bb6-4933-b315-1825addeed22 req-c20b8ffe-4bb6-4933-b315-1825addeed22 ] Request (ServerShowV247Test:tearDownClass): 200 GET http://10.180.1.21/compute/v2.1/servers/5f726e23-55a9-41b1-96ad-5b2128ac82db 0.563s
2025-12-10 13:28:30.200 65940 WARNING tempest.lib.common.ssh [-] Failed to establish authenticated ssh connection to cirros@10.180.180.203 ([Errno None] Unable to connect to port 22 on 10.180.180.203). Number attempts: 5. Retry after 6 seconds.: paramiko.ssh_exception.NoValidConnectionsError: [Errno None] Unable to connect to port 22 on 10.180.180.203
2025-12-10 13:28:30.244 65978 INFO tempest.lib.common.rest_client [req-a067e029-2673-41d6-8be8-3752f76717be req-a067e029-2673-41d6-8be8-3752f76717be ] Request (VolumesAssistedSnapshotsTest:tearDownClass): 200 GET http://10.180.1.21/compute/v2.1/servers/a7457675-f4fa-4c0e-8672-b4b23f2b235d 0.561s
2025-12-10 13:28:30.252 65956 INFO tempest.lib.common.rest_client [req-ee0c4fb1-073a-406c-8c92-a86b380e302d req-ee0c4fb1-073a-406c-8c92-a86b380e302d ] Request (QuotaClassesAdmin257Test:tearDownClass): 204 DELETE http://10.180.1.21/identity/v3/users/285cda15da044eadb6a7ca1e48b8b5d0 0.153s
2025-12-10 13:28:30.253 65956 INFO tempest.lib.common.dynamic_creds [-] Deleting project and security group for project: 29ea10e3f3a743438c616ae26ce88255
2025-12-10 13:28:30.268 65993 INFO tempest.lib.common.rest_client [req-d266a6be-a300-487e-b929-02f5aad0fae9 req-d266a6be-a300-487e-b929-02f5aad0fae9 ] Request (ServerExternalEventsTest:test_create_server_external_events): 200 GET http://10.180.1.21/compute/v2.1/servers/b50a0c69-855b-41bd-a260-992064ec7ece 0.571s
2025-12-10 13:28:30.284 65976 INFO tempest.lib.common.rest_client [req-1b7bb44d-6dae-4b62-8dbc-0cfc4c1146d1 req-1b7bb44d-6dae-4b62-8dbc-0cfc4c1146d1 ] Request (ServerRescueTestJSONUnderV235:setUpClass): 201 POST http://10.180.1.21/identity/v3/auth/tokens 0.110s
2025-12-10 13:28:30.337 65942 INFO tempest.lib.common.rest_client [req-173ea523-b947-4b51-a82f-1e902a109010 req-173ea523-b947-4b51-a82f-1e902a109010 ] Request (ImagesOneServerTestJSON:setUpClass): 200 GET http://10.180.1.21/compute/v2.1/servers/aa0d2e89-c4ab-4637-b707-ead4b53065f1 0.587s
2025-12-10 13:28:30.342 65956 INFO tempest.lib.common.rest_client [req-bc61efbf-7433-4927-99ce-32b64ffc13e1 req-bc61efbf-7433-4927-99ce-32b64ffc13e1 ] Request (QuotaClassesAdmin257Test:tearDownClass): 201 POST http://10.180.1.21/identity/v3/auth/tokens 0.089s
2025-12-10 13:28:30.366 65976 INFO tempest.lib.common.rest_client [req-5fc220af-d2ef-46a1-8871-64b798e8ac3f req-5fc220af-d2ef-46a1-8871-64b798e8ac3f ] Request (ServerRescueTestJSONUnderV235:setUpClass): 200 GET http://10.180.1.21/identity/v3/domains?name=Default 0.081s
2025-12-10 13:28:30.369 65982 INFO tempest.lib.common.rest_client [req-2d558318-7f02-4359-8aa7-7c48b376313f req-2d558318-7f02-4359-8aa7-7c48b376313f ] Request (MultipleCreateTestJSON:_run_cleanups): 200 GET http://10.180.1.21/compute/v2.1/servers/781ebce1-162a-4ab5-bbab-1ce94129901d 0.604s
2025-12-10 13:28:30.418 65976 INFO tempest.lib.common.rest_client [req-ac6d203e-6c74-46be-b95e-c844c0f104da req-ac6d203e-6c74-46be-b95e-c844c0f104da ] Request (ServerRescueTestJSONUnderV235:setUpClass): 201 POST http://10.180.1.21/identity/v3/projects 0.051s
2025-12-10 13:28:30.428 65952 INFO tempest.lib.common.rest_client [req-da132a41-7c1a-42cc-8e87-212877040f61 req-da132a41-7c1a-42cc-8e87-212877040f61 ] Request (ListImageFiltersTestJSON:setUpClass): 200 GET http://10.180.1.21/compute/v2.1/images/71dc1bf3-1647-4190-b48a-6b4a4132214f 0.422s
2025-12-10 13:28:30.507 65976 INFO tempest.lib.common.rest_client [req-80635cb2-bc5c-4f35-9ca9-16cf0d2c8289 req-80635cb2-bc5c-4f35-9ca9-16cf0d2c8289 ] Request (ServerRescueTestJSONUnderV235:setUpClass): 201 POST http://10.180.1.21/identity/v3/users 0.089s
2025-12-10 13:28:30.530 65976 INFO tempest.lib.common.rest_client [req-4d6acf32-7b89-4371-b331-622377218ce6 req-4d6acf32-7b89-4371-b331-622377218ce6 ] Request (ServerRescueTestJSONUnderV235:setUpClass): 200 GET http://10.180.1.21/identity/v3/roles 0.023s
2025-12-10 13:28:30.555 65976 INFO tempest.lib.common.rest_client [req-08005ddb-2ee8-42e6-a98a-05d77452cd97 req-08005ddb-2ee8-42e6-a98a-05d77452cd97 ] Request (ServerRescueTestJSONUnderV235:setUpClass): 204 PUT http://10.180.1.21/identity/v3/projects/bbdbd582a22f4091902dd7b984198dbe/users/5ee54abd40ed48af9254ce4077054561/roles/25932b77468e4e9b993fc4568fa57241 0.024s
2025-12-10 13:28:30.555 65976 INFO tempest.lib.common.dynamic_creds [-] Dynamic test user 5ee54abd40ed48af9254ce4077054561 is created with scope project and roles: ['member']
2025-12-10 13:28:30.556 65976 INFO tempest.lib.common.dynamic_creds [-] Acquired dynamic creds: credentials: Credentials: {'domain_id': 'default', 'domain_name': 'Default', 'username': 'tempest-ServerRescueTestJSONUnderV235-1540845571-project-member', 'project_domain_id': 'default', 'project_domain_name': 'Default', 'project_id': 'bbdbd582a22f4091902dd7b984198dbe', 'project_name': 'tempest-ServerRescueTestJSONUnderV235-1540845571', 'tenant_id': 'bbdbd582a22f4091902dd7b984198dbe', 'tenant_name': 'tempest-ServerRescueTestJSONUnderV235-1540845571', 'user_domain_id': 'default', 'user_domain_name': 'Default', 'user_id': '5ee54abd40ed48af9254ce4077054561', 'system': None}, Network: None, Subnet: None, Router: None
2025-12-10 13:28:30.617 65976 INFO tempest.lib.common.rest_client [req-cb256271-56d8-45f5-80d7-501aaaf0c6f0 req-cb256271-56d8-45f5-80d7-501aaaf0c6f0 ] Request (ServerRescueTestJSONUnderV235:setUpClass): 201 POST http://10.180.1.21/identity/v3/auth/tokens 0.061s
2025-12-10 13:28:30.642 65956 INFO tempest.lib.common.rest_client [req-fe42f463-b0f2-42c2-84fd-88ae062af0ef req-fe42f463-b0f2-42c2-84fd-88ae062af0ef ] Request (QuotaClassesAdmin257Test:tearDownClass): 200 GET http://10.180.1.21/networking/v2.0/security-groups?tenant_id=29ea10e3f3a743438c616ae26ce88255&name=default 0.300s
2025-12-10 13:28:30.667 65948 INFO tempest.lib.common.rest_client [req-56f12e8c-d434-4f51-af4d-9a250ef04b31 req-56f12e8c-d434-4f51-af4d-9a250ef04b31 ] Request (ServerTagsTestJSON:setUpClass): 200 GET http://10.180.1.21/compute/v2.1/servers/1fd9f938-b136-412e-8fed-8c0db3b69d52 0.699s
2025-12-10 13:28:30.682 65980 INFO tempest.lib.common.rest_client [req-2baec1bf-410a-4553-88e0-f0b3586ff600 req-2baec1bf-410a-4553-88e0-f0b3586ff600 ] Request (ListServersNegativeTestJSON:test_list_servers_by_non_existing_flavor): 200 GET http://10.180.1.21/compute/v2.1/servers?flavor=non_existing_flavor 0.605s
2025-12-10 13:28:30.717 65944 INFO tempest.lib.common.rest_client [req-b65665d7-7001-46ca-910b-67352b6c28dc req-b65665d7-7001-46ca-910b-67352b6c28dc ] Request (SecurityGroupsTestJSON:test_server_security_groups): 200 GET http://10.180.1.21/compute/v2.1/servers/3b4cd16f-23c8-49cd-b708-a7f33491faf0 0.648s
2025-12-10 13:28:30.957 65976 INFO tempest.lib.common.rest_client [req-fc479cd5-8236-4324-9eeb-6da25f03fe42 req-fc479cd5-8236-4324-9eeb-6da25f03fe42 ] Request (ServerRescueTestJSONUnderV235:setUpClass): 201 POST http://10.180.1.21/networking/v2.0/networks 0.340s
2025-12-10 13:28:31.046 65956 INFO tempest.lib.common.rest_client [req-454d1480-b5b6-4786-bdb4-9e078a002121 req-454d1480-b5b6-4786-bdb4-9e078a002121 ] Request (QuotaClassesAdmin257Test:tearDownClass): 204 DELETE http://10.180.1.21/networking/v2.0/security-groups/bb07d032-b68d-4eb1-a0f9-10697702daf5 0.404s
2025-12-10 13:28:31.113 65938 INFO tempest.lib.common.rest_client [req-84dd5645-249e-40fd-84af-f554fe6197ff req-84dd5645-249e-40fd-84af-f554fe6197ff ] Request (ServerGroupTestJSON:test_create_server_with_scheduler_hint_group): 200 GET http://10.180.1.21/compute/v2.1/servers/d479035f-cefb-4c60-a0f9-f95412d325ad 1.027s
2025-12-10 13:28:31.122 65956 INFO tempest.lib.common.rest_client [req-213c73f0-3df8-4849-b7ea-182d9aebbee6 req-213c73f0-3df8-4849-b7ea-182d9aebbee6 ] Request (QuotaClassesAdmin257Test:tearDownClass): 204 DELETE http://10.180.1.21/identity/v3/projects/29ea10e3f3a743438c616ae26ce88255 0.075s
2025-12-10 13:28:31.122 65956 INFO tempest.lib.common.dynamic_creds [-] Deleting project and security group for project: 0bf718f9fe9846559d22c31f0fb65965
2025-12-10 13:28:31.125 65964 INFO tempest.lib.common.rest_client [req-aa640801-407c-40b8-8083-785a2402a87c req-aa640801-407c-40b8-8083-785a2402a87c ] Request (ServersAdminNegativeTestJSON:tearDownClass): 200 GET http://10.180.1.21/compute/v2.1/servers/81753bd1-d785-460c-9da1-6fb6d5587c37 0.947s
2025-12-10 13:28:31.303 65976 INFO tempest.lib.common.rest_client [req-57cd4b28-1fa8-429e-829b-ec5214d29757 req-57cd4b28-1fa8-429e-829b-ec5214d29757 ] Request (ServerRescueTestJSONUnderV235:setUpClass): 201 POST http://10.180.1.21/networking/v2.0/subnets 0.345s
2025-12-10 13:28:31.464 65956 INFO tempest.lib.common.rest_client [req-266e6cb2-5afd-4b11-aff5-05f9fe497b91 req-266e6cb2-5afd-4b11-aff5-05f9fe497b91 ] Request (QuotaClassesAdmin257Test:tearDownClass): 200 GET http://10.180.1.21/networking/v2.0/security-groups?tenant_id=0bf718f9fe9846559d22c31f0fb65965&name=default 0.342s
2025-12-10 13:28:31.490 65962 INFO tempest.lib.common.rest_client [req-ae64d213-d2a6-4439-aa07-1512b0af1047 req-ae64d213-d2a6-4439-aa07-1512b0af1047 ] Request (ServerDiskConfigTestJSON:test_rebuild_server_with_auto_disk_config): 200 GET http://10.180.1.21/compute/v2.1/servers/b0a20455-9ad7-44c5-afed-ce90f4a16c9e 1.241s
2025-12-10 13:28:31.497 65962 INFO tempest.common.waiters [-] State transition "BUILD/scheduling" ==> "BUILD/None" after 26 second wait
2025-12-10 13:28:31.504 65991 INFO tempest.lib.common.rest_client [req-a46da1e3-8d08-44ce-944a-7cf65be69550 req-a46da1e3-8d08-44ce-944a-7cf65be69550 ] Request (ServerShowV257Test:test_rebuild_server): 200 GET http://10.180.1.21/compute/v2.1/servers/7e413443-baea-4fe0-b517-35b62e9f82ff 1.028s
2025-12-10 13:28:31.968 65956 INFO tempest.lib.common.rest_client [req-4eaa4356-113f-4d11-90e7-a70cb45224bb req-4eaa4356-113f-4d11-90e7-a70cb45224bb ] Request (QuotaClassesAdmin257Test:tearDownClass): 204 DELETE http://10.180.1.21/networking/v2.0/security-groups/df54b921-f84a-4eb6-b864-8475681cb29a 0.503s
2025-12-10 13:28:32.031 65972 INFO tempest.lib.common.rest_client [req-c5c58d3e-498c-4af4-92b9-e950eed4d7f3 req-c5c58d3e-498c-4af4-92b9-e950eed4d7f3 ] Request (VolumesAdminNegativeTest:tearDownClass): 200 GET http://10.180.1.21/compute/v2.1/servers/308f8f7e-52ff-4e14-9e12-96280606192e 1.473s
2025-12-10 13:28:32.061 65934 INFO tempest.lib.common.rest_client [req-28642d47-2319-4ffe-8e96-a38bb0f3bfb0 req-28642d47-2319-4ffe-8e96-a38bb0f3bfb0 ] Request (ServersAdminTestJSON:test_create_server_with_scheduling_hint): 200 GET http://10.180.1.21/compute/v2.1/servers/e8b8689a-2839-4388-ae32-b8b2701d9378 1.518s
2025-12-10 13:28:32.091 65956 INFO tempest.lib.common.rest_client [req-e78675d7-59c0-42c1-944d-d2c5e6c869be req-e78675d7-59c0-42c1-944d-d2c5e6c869be ] Request (QuotaClassesAdmin257Test:tearDownClass): 204 DELETE http://10.180.1.21/identity/v3/projects/0bf718f9fe9846559d22c31f0fb65965 0.121s
2025-12-10 13:28:32.130 65980 INFO tempest.lib.common.rest_client [req-b9b0af67-d4a5-44b5-a0ef-6859e6d2ef68 req-b9b0af67-d4a5-44b5-a0ef-6859e6d2ef68 ] Request (ListServersNegativeTestJSON:test_list_servers_by_non_existing_image): 200 GET http://10.180.1.21/compute/v2.1/servers?image=non_existing_image 1.445s
2025-12-10 13:28:32.195 65956 INFO tempest.lib.common.rest_client [req-bb7427e3-ae29-465a-ae4b-a12444c70804 req-bb7427e3-ae29-465a-ae4b-a12444c70804 ] Request (FloatingIPsAssociationNegativeTestJSON:setUpClass): 201 POST http://10.180.1.21/identity/v3/auth/tokens 0.102s
2025-12-10 13:28:32.200 65958 INFO tempest.lib.common.rest_client [req-1753433f-4498-4f6b-95d4-bed5d9daf752 req-1753433f-4498-4f6b-95d4-bed5d9daf752 ] Request (ServerActionsTestJSON:setUpClass): 200 GET http://10.180.1.21/compute/v2.1/servers/49b19c0e-f9fe-4237-900e-24ec1c0c83af 1.516s
2025-12-10 13:28:32.206 65958 INFO tempest.common.waiters [-] State transition "BUILD/networking" ==> "BUILD/spawning" after 46 second wait
2025-12-10 13:28:32.226 65956 INFO tempest.lib.common.rest_client [req-804c56e1-2d0d-49fe-9df7-2d9220ed6755 req-804c56e1-2d0d-49fe-9df7-2d9220ed6755 ] Request (FloatingIPsAssociationNegativeTestJSON:setUpClass): 201 POST http://10.180.1.21/identity/v3/auth/tokens 0.029s
2025-12-10 13:28:32.253 65956 INFO tempest.lib.common.rest_client [req-bdf21ca6-8f9d-4af8-a477-36773aa9b2ae req-bdf21ca6-8f9d-4af8-a477-36773aa9b2ae ] Request (FloatingIPsAssociationNegativeTestJSON:setUpClass): 200 GET http://10.180.1.21/identity/v3/domains?name=Default 0.026s
2025-12-10 13:28:32.269 65968 INFO tempest.lib.common.rest_client [req-8ef9272a-06bc-4ac2-b073-82822082819a req-8ef9272a-06bc-4ac2-b073-82822082819a ] Request (DeleteServersTestJSON:test_delete_active_server): 200 GET http://10.180.1.21/compute/v2.1/servers/bd70d299-72f7-4304-8529-fc258915a32f 1.475s
2025-12-10 13:28:32.276 65976 INFO tempest.lib.common.rest_client [req-97eab05d-c963-442e-b787-7360d0134645 req-97eab05d-c963-442e-b787-7360d0134645 ] Request (ServerRescueTestJSONUnderV235:setUpClass): 201 POST http://10.180.1.21/networking/v2.0/routers 0.972s
2025-12-10 13:28:32.289 65956 INFO tempest.lib.common.rest_client [req-20b0a66d-c185-4f9f-ab59-46241f9607f0 req-20b0a66d-c185-4f9f-ab59-46241f9607f0 ] Request (FloatingIPsAssociationNegativeTestJSON:setUpClass): 201 POST http://10.180.1.21/identity/v3/projects 0.035s
2025-12-10 13:28:32.296 65996 INFO tempest.lib.common.rest_client [req-d8e1de7a-03da-4f57-b435-fc41b43778de req-d8e1de7a-03da-4f57-b435-fc41b43778de ] Request (ImagesTestJSON:test_create_image_from_suspended_server): 200 GET http://10.180.1.21/compute/v2.1/servers/c1c30061-ce36-44e1-9d17-049de027bfe7 1.583s
2025-12-10 13:28:32.306 65996 INFO tempest.common.waiters [-] State transition "ACTIVE/suspending" ==> "SUSPENDED/None" after 3 second wait
2025-12-10 13:28:32.357 65984 INFO tempest.lib.common.rest_client [req-0ec84ecc-87a6-48d6-89fa-0259c5c108d1 req-0ec84ecc-87a6-48d6-89fa-0259c5c108d1 ] Request (ServerMetadataNegativeTestJSON:setUpClass): 200 GET http://10.180.1.21/compute/v2.1/servers/799226c3-eed9-4f92-8fda-4a417b67062b 1.459s
2025-12-10 13:28:32.358 65956 INFO tempest.lib.common.rest_client [req-250150d1-3002-4b44-928f-0f987795ca0f req-250150d1-3002-4b44-928f-0f987795ca0f ] Request (FloatingIPsAssociationNegativeTestJSON:setUpClass): 201 POST http://10.180.1.21/identity/v3/users 0.068s
2025-12-10 13:28:32.390 65950 INFO tempest.lib.common.rest_client [req-74cdc29a-3f79-409c-9196-4465c8c265d6 req-74cdc29a-3f79-409c-9196-4465c8c265d6 ] Request (ImagesOneServerNegativeTestJSON:tearDown): 200 GET http://10.180.1.21/compute/v2.1/servers/f5bcf146-6334-41bf-a5b7-3807a8256268 1.514s
2025-12-10 13:28:32.392 65956 INFO tempest.lib.common.rest_client [req-98a91503-2efd-4928-a1f7-8f952dd00c94 req-98a91503-2efd-4928-a1f7-8f952dd00c94 ] Request (FloatingIPsAssociationNegativeTestJSON:setUpClass): 200 GET http://10.180.1.21/identity/v3/roles 0.033s
2025-12-10 13:28:32.430 65994 INFO tempest.lib.common.rest_client [req-98039cd4-0759-40e5-a9d9-a7f292e4a8b8 req-98039cd4-0759-40e5-a9d9-a7f292e4a8b8 ] Request (ServerShowV254Test:test_rebuild_server): 200 GET http://10.180.1.21/compute/v2.1/servers/6f3b15f8-2672-45ec-901c-2bf2942f90b2 1.420s
2025-12-10 13:28:32.449 65956 INFO tempest.lib.common.rest_client [req-2d797bdd-4fc6-4be7-b9c7-a75688bf2939 req-2d797bdd-4fc6-4be7-b9c7-a75688bf2939 ] Request (FloatingIPsAssociationNegativeTestJSON:setUpClass): 204 PUT http://10.180.1.21/identity/v3/projects/36dd39e839944519b4bba63bf51ab686/users/488cc3afe9f9451db299828176585bf8/roles/25932b77468e4e9b993fc4568fa57241 0.056s
2025-12-10 13:28:32.449 65956 INFO tempest.lib.common.dynamic_creds [-] Dynamic test user 488cc3afe9f9451db299828176585bf8 is created with scope project and roles: ['member']
