2025-12-10 13:28:11.198 65956 INFO tempest.lib.common.rest_client [req-a8ec3344-ea12-4264-bc3c-645ec6471159 req-a8ec3344-ea12-4264-bc3c-645ec6471159 ] Request (DeleteServersAdminTestJSON:tearDownClass): 204 DELETE http://10.180.1.21/identity/v3/users/7c1ea5a846114f3b9c26042efa434bb1 0.145s
2025-12-10 13:28:11.198 65956 INFO tempest.lib.common.dynamic_creds [-] Deleting project and security group for project: 0346ad9c75af41cdb006fd458c24d570
2025-12-10 13:28:11.206 65944 INFO tempest.lib.common.rest_client [req-eb8c4dc8-d555-4a4b-97f8-c3d3a8813b08 req-eb8c4dc8-d555-4a4b-97f8-c3d3a8813b08 ] Request (SecurityGroupsTestJSON:test_server_security_groups): 200 GET http://10.180.1.21/compute/v2.1/servers/3b4cd16f-23c8-49cd-b708-a7f33491faf0 0.597s
2025-12-10 13:28:11.256 65964 INFO tempest.lib.common.rest_client [req-36257ab3-0d0c-4ec2-9c69-75b5d5512094 req-36257ab3-0d0c-4ec2-9c69-75b5d5512094 ] Request (ServersAdminNegativeTestJSON:tearDownClass): 200 GET http://10.180.1.21/compute/v2.1/servers/81753bd1-d785-460c-9da1-6fb6d5587c37 0.499s
2025-12-10 13:28:11.273 65956 INFO tempest.lib.common.rest_client [req-c5deeb6a-f343-4103-b127-4ce20c6a7c6a req-c5deeb6a-f343-4103-b127-4ce20c6a7c6a ] Request (DeleteServersAdminTestJSON:tearDownClass): 201 POST http://10.180.1.21/identity/v3/auth/tokens 0.074s
2025-12-10 13:28:11.315 65962 INFO tempest.lib.common.rest_client [req-3609ccc1-160c-4fb4-bafe-e483346fdb08 req-3609ccc1-160c-4fb4-bafe-e483346fdb08 ] Request (ServerDiskConfigTestJSON:test_rebuild_server_with_auto_disk_config): 200 GET http://10.180.1.21/compute/v2.1/servers/b0a20455-9ad7-44c5-afed-ce90f4a16c9e 0.384s
2025-12-10 13:28:11.343 65976 INFO tempest.lib.common.rest_client [req-0f750d68-60e1-4223-90eb-b223a8aeb721 req-0f750d68-60e1-4223-90eb-b223a8aeb721 ] Request (HypervisorAdminNegativeTestJSON:test_get_hypervisor_uptime_with_non_admin_user): 200 GET http://10.180.1.21/compute/v2.1/os-hypervisors 0.485s
2025-12-10 13:28:11.482 65956 INFO tempest.lib.common.rest_client [req-6b86ca76-3c16-45cd-a34a-17371fb408f9 req-6b86ca76-3c16-45cd-a34a-17371fb408f9 ] Request (DeleteServersAdminTestJSON:tearDownClass): 200 GET http://10.180.1.21/networking/v2.0/security-groups?tenant_id=0346ad9c75af41cdb006fd458c24d570&name=default 0.208s
2025-12-10 13:28:11.521 65966 INFO tempest.lib.common.rest_client [req-ee7c3a5b-8121-44d0-b73d-450195a33f13 req-ee7c3a5b-8121-44d0-b73d-450195a33f13 ] Request (SecurityGroupRulesTestJSON:test_security_group_rules_list): 200 POST http://10.180.1.21/compute/v2.1/os-security-group-rules 0.443s
2025-12-10 13:28:11.611 65956 INFO tempest.lib.common.rest_client [req-4d22e051-a4c6-46c5-bbba-fe073ecba8f9 req-4d22e051-a4c6-46c5-bbba-fe073ecba8f9 ] Request (DeleteServersAdminTestJSON:tearDownClass): 204 DELETE http://10.180.1.21/networking/v2.0/security-groups/e33496ea-712b-4fba-8c0d-8c7764f32af0 0.129s
2025-12-10 13:28:11.689 65982 INFO tempest.lib.common.rest_client [req-f6d36ed6-d376-4c22-b54c-3b9622978d77 req-f6d36ed6-d376-4c22-b54c-3b9622978d77 ] Request (MultipleCreateTestJSON:test_multiple_create): 200 GET http://10.180.1.21/compute/v2.1/servers/006f7f97-4f7c-4d8d-9c9d-fff390d540ce 0.604s
2025-12-10 13:28:11.699 65950 INFO tempest.lib.common.rest_client [req-5c45c62f-c0fb-49b9-84dd-114f244325d1 req-5c45c62f-c0fb-49b9-84dd-114f244325d1 ] Request (ImagesOneServerNegativeTestJSON:test_create_image_specify_invalid_metadata): 400 POST http://10.180.1.21/compute/v2.1/servers/f5bcf146-6334-41bf-a5b7-3807a8256268/action 0.607s
2025-12-10 13:28:11.713 65975 INFO tempest.lib.common.rest_client [req-1bc397db-f331-4bc5-a617-1d64c59dd06c req-1bc397db-f331-4bc5-a617-1d64c59dd06c ] Request (MigrationsAdminTest:test_resize_server_revert_deleted_flavor): 202 POST http://10.180.1.21/compute/v2.1/servers 0.754s
2025-12-10 13:28:11.720 65956 INFO tempest.lib.common.rest_client [req-319dac72-3600-4472-887a-e3538a97d590 req-319dac72-3600-4472-887a-e3538a97d590 ] Request (DeleteServersAdminTestJSON:tearDownClass): 204 DELETE http://10.180.1.21/identity/v3/projects/0346ad9c75af41cdb006fd458c24d570 0.108s
2025-12-10 13:28:11.720 65956 INFO tempest.lib.common.dynamic_creds [-] Deleting project and security group for project: a5e7fb16925a4c83b4d850d6256d1d56
2025-12-10 13:28:11.721 65968 INFO tempest.lib.common.rest_client [req-39bdba53-7e63-4cf3-a7b0-785ff2e8ce5f req-39bdba53-7e63-4cf3-a7b0-785ff2e8ce5f ] Request (SecurityGroupRulesNegativeTestJSON:test_delete_security_group_rule_with_non_existent_id): 404 DELETE http://10.180.1.21/compute/v2.1/os-security-group-rules/9adf83fa-7b54-4a41-a683-f5f0065de6a8 0.615s
2025-12-10 13:28:11.749 65970 WARNING tempest.lib.common.ssh [-] Failed to establish authenticated ssh connection to cirros@10.180.180.252 ([Errno None] Unable to connect to port 22 on 10.180.180.252). Number attempts: 1. Retry after 2 seconds.: paramiko.ssh_exception.NoValidConnectionsError: [Errno None] Unable to connect to port 22 on 10.180.180.252
2025-12-10 13:28:11.755 65956 INFO tempest.lib.common.rest_client [req-7747f7c4-b650-484c-a309-b4e4b2457344 req-7747f7c4-b650-484c-a309-b4e4b2457344 ] Request (DeleteServersAdminTestJSON:tearDownClass): 200 GET http://10.180.1.21/networking/v2.0/security-groups?tenant_id=a5e7fb16925a4c83b4d850d6256d1d56&name=default 0.035s
2025-12-10 13:28:11.793 65938 INFO tempest.lib.common.rest_client [req-5e6454cd-b910-437a-a727-e65a97872150 req-5e6454cd-b910-437a-a727-e65a97872150 ] Request (ServerGroupTestJSON:test_create_server_with_scheduler_hint_group): 200 GET http://10.180.1.21/compute/v2.1/servers/d479035f-cefb-4c60-a0f9-f95412d325ad 0.628s
2025-12-10 13:28:11.812 65991 INFO tempest.lib.common.rest_client [req-39447c3a-cfce-4d21-93b6-adec87b6c5ad req-39447c3a-cfce-4d21-93b6-adec87b6c5ad ] Request (ServerShowV257Test:test_rebuild_server): 200 GET http://10.180.1.21/compute/v2.1/servers/7e413443-baea-4fe0-b517-35b62e9f82ff 0.689s
2025-12-10 13:28:11.821 65993 INFO tempest.lib.common.rest_client [req-9405cbe0-1fa7-4e74-828c-9f8082321007 req-9405cbe0-1fa7-4e74-828c-9f8082321007 ] Request (FlavorsAdminTestJSON:test_list_non_public_flavor): 200 GET http://10.180.1.21/compute/v2.1/flavors/detail 0.642s
2025-12-10 13:28:11.880 65956 INFO tempest.lib.common.rest_client [req-ca1d90ef-af07-4da1-9d5d-f82a7a2dbe27 req-ca1d90ef-af07-4da1-9d5d-f82a7a2dbe27 ] Request (DeleteServersAdminTestJSON:tearDownClass): 204 DELETE http://10.180.1.21/networking/v2.0/security-groups/b242efed-2c72-4f37-95b3-ed3526ef50fd 0.124s
2025-12-10 13:28:11.901 65934 INFO tempest.lib.common.rest_client [req-79db136c-105a-48e6-936a-39f41c4897f8 req-79db136c-105a-48e6-936a-39f41c4897f8 ] Request (ServersAdminTestJSON:test_create_server_with_scheduling_hint): 200 GET http://10.180.1.21/compute/v2.1/servers/e8b8689a-2839-4388-ae32-b8b2701d9378 0.701s
2025-12-10 13:28:11.907 65972 INFO tempest.lib.common.rest_client [req-05d8b93d-d56d-41e1-a536-154afc78d8ed req-05d8b93d-d56d-41e1-a536-154afc78d8ed ] Request (VolumesAdminNegativeTest:tearDownClass): 200 GET http://10.180.1.21/compute/v2.1/servers/308f8f7e-52ff-4e14-9e12-96280606192e 0.666s
2025-12-10 13:28:11.982 65958 INFO tempest.lib.common.rest_client [req-3208949c-b112-4a26-b503-7cb20a363825 req-3208949c-b112-4a26-b503-7cb20a363825 ] Request (ServerActionsTestJSON:setUpClass): 200 GET http://10.180.1.21/compute/v2.1/servers/49b19c0e-f9fe-4237-900e-24ec1c0c83af 0.673s
2025-12-10 13:28:11.991 65976 INFO tempest.lib.common.rest_client [req-c2453c43-a52f-472c-b416-455b0db699af req-c2453c43-a52f-472c-b416-455b0db699af ] Request (HypervisorAdminNegativeTestJSON:test_get_hypervisor_uptime_with_non_admin_user): 403 GET http://10.180.1.21/compute/v2.1/os-hypervisors/1/uptime 0.644s
2025-12-10 13:28:11.998 65994 INFO tempest.lib.common.rest_client [req-afa52259-79b8-4551-be6c-3864d5b89f9c req-afa52259-79b8-4551-be6c-3864d5b89f9c ] Request (ServerShowV254Test:test_rebuild_server): 200 GET http://10.180.1.21/compute/v2.1/servers/6f3b15f8-2672-45ec-901c-2bf2942f90b2 0.723s
2025-12-10 13:28:12.056 65956 INFO tempest.lib.common.rest_client [req-6c2c1828-8977-4bbf-afeb-2dd95290f2c1 req-6c2c1828-8977-4bbf-afeb-2dd95290f2c1 ] Request (DeleteServersAdminTestJSON:tearDownClass): 204 DELETE http://10.180.1.21/identity/v3/projects/a5e7fb16925a4c83b4d850d6256d1d56 0.176s
2025-12-10 13:28:12.078 65966 INFO tempest.lib.common.rest_client [req-81f0c161-eb49-44a8-8b4c-98469f146d18 req-81f0c161-eb49-44a8-8b4c-98469f146d18 ] Request (SecurityGroupRulesTestJSON:test_security_group_rules_list): 200 GET http://10.180.1.21/compute/v2.1/os-security-groups/6d216ae0-dc09-441c-a51f-360a3fc24d46 0.555s
2025-12-10 13:28:12.101 65948 INFO tempest.lib.common.rest_client [req-343557e0-859b-412d-80fd-74b2f6b255bd req-343557e0-859b-412d-80fd-74b2f6b255bd ] Request (ServerAddressesNegativeTestJSON:tearDownClass): 200 GET http://10.180.1.21/compute/v2.1/servers/d9c1efcf-5ef0-4f42-9b84-f1cae17ad69a 0.747s
2025-12-10 13:28:12.141 65956 INFO tempest.lib.common.rest_client [req-d321dbf0-5595-4dc4-83d9-0f4ddf025b0e req-d321dbf0-5595-4dc4-83d9-0f4ddf025b0e ] Request (FlavorsAccessTestJSON:setUpClass): 201 POST http://10.180.1.21/identity/v3/auth/tokens 0.083s
2025-12-10 13:28:12.146 65984 INFO tempest.lib.common.rest_client [req-015799d6-ed1e-4a15-9025-7f7ce5d04836 req-015799d6-ed1e-4a15-9025-7f7ce5d04836 ] Request (ServerMetadataNegativeTestJSON:setUpClass): 200 GET http://10.180.1.21/compute/v2.1/servers/799226c3-eed9-4f92-8fda-4a417b67062b 0.553s
2025-12-10 13:28:12.152 65936 INFO tempest.lib.common.rest_client [req-bc76d689-9d65-4178-8a30-ce0170ea9e03 req-bc76d689-9d65-4178-8a30-ce0170ea9e03 ] Request (InstanceActionsTestJSON:setUpClass): 200 GET http://10.180.1.21/compute/v2.1/servers/a0c71a40-e29b-4a9d-b016-72a15aee9db4 0.537s
2025-12-10 13:28:12.153 65984 INFO tempest.common.waiters [-] State transition "BUILD/scheduling" ==> "BUILD/None" after 8 second wait
2025-12-10 13:28:12.170 65956 INFO tempest.lib.common.rest_client [req-fd6f1b98-4b5d-4f97-9896-a3860e961956 req-fd6f1b98-4b5d-4f97-9896-a3860e961956 ] Request (FlavorsAccessTestJSON:setUpClass): 201 POST http://10.180.1.21/identity/v3/auth/tokens 0.027s
2025-12-10 13:28:12.196 65956 INFO tempest.lib.common.rest_client [req-21c7458d-9dfb-4643-a27e-1303d9b80845 req-21c7458d-9dfb-4643-a27e-1303d9b80845 ] Request (FlavorsAccessTestJSON:setUpClass): 200 GET http://10.180.1.21/identity/v3/domains?name=Default 0.026s
2025-12-10 13:28:12.200 65954 INFO tempest.lib.common.rest_client [req-a741ee42-8eb9-4816-ba83-3fa45ee02b07 req-a741ee42-8eb9-4816-ba83-3fa45ee02b07 ] Request (ServerAddressesTestJSON:setUpClass): 200 GET http://10.180.1.21/compute/v2.1/servers/40eb1258-6176-4bcb-a2d1-39db6003419d 0.528s
2025-12-10 13:28:12.206 65986 INFO tempest.lib.common.rest_client [req-5b7c3955-4c8f-48ce-83cc-12b2226d719a req-5b7c3955-4c8f-48ce-83cc-12b2226d719a ] Request (ServerShowV247Test:test_update_rebuild_list_server): 200 GET http://10.180.1.21/compute/v2.1/servers/5f726e23-55a9-41b1-96ad-5b2128ac82db 0.518s
2025-12-10 13:28:12.215 65986 INFO tempest.common.waiters [-] State transition "REBUILD/rebuild_spawning" ==> "ACTIVE/None" after 8 second wait
2025-12-10 13:28:12.228 65956 INFO tempest.lib.common.rest_client [req-32e777da-255e-4d17-9bd6-c9daf0bfe763 req-32e777da-255e-4d17-9bd6-c9daf0bfe763 ] Request (FlavorsAccessTestJSON:setUpClass): 201 POST http://10.180.1.21/identity/v3/projects 0.030s
2025-12-10 13:28:12.254 65975 INFO tempest.lib.common.rest_client [req-ce824d91-7c99-4c15-82d8-fe14586f8621 req-ce824d91-7c99-4c15-82d8-fe14586f8621 ] Request (MigrationsAdminTest:test_resize_server_revert_deleted_flavor): 200 GET http://10.180.1.21/compute/v2.1/servers/36404b93-6e44-478a-bdfd-4d23fbbae77f 0.537s
2025-12-10 13:28:12.289 65956 INFO tempest.lib.common.rest_client [req-2cbf503b-d80a-4a82-86de-f4d72473c699 req-2cbf503b-d80a-4a82-86de-f4d72473c699 ] Request (FlavorsAccessTestJSON:setUpClass): 201 POST http://10.180.1.21/identity/v3/users 0.060s
2025-12-10 13:28:12.307 65950 INFO tempest.lib.common.rest_client [req-2b27a8a0-ea4c-4d6b-a994-e2dce350c94e req-2b27a8a0-ea4c-4d6b-a994-e2dce350c94e ] Request (ImagesOneServerNegativeTestJSON:tearDown): 200 GET http://10.180.1.21/compute/v2.1/servers/f5bcf146-6334-41bf-a5b7-3807a8256268 0.607s
2025-12-10 13:28:12.315 65956 INFO tempest.lib.common.rest_client [req-01f1658e-b25f-4384-b39b-34e8a5bfeb21 req-01f1658e-b25f-4384-b39b-34e8a5bfeb21 ] Request (FlavorsAccessTestJSON:setUpClass): 200 GET http://10.180.1.21/identity/v3/roles 0.026s
2025-12-10 13:28:12.361 65956 INFO tempest.lib.common.rest_client [req-fda3ee33-f44b-47d9-9468-000d2b145b30 req-fda3ee33-f44b-47d9-9468-000d2b145b30 ] Request (FlavorsAccessTestJSON:setUpClass): 204 PUT http://10.180.1.21/identity/v3/projects/112386278a994a96a7e5029b2f4c2419/users/573e1601e97f46db885c8fb1d73154fb/roles/25932b77468e4e9b993fc4568fa57241 0.046s
2025-12-10 13:28:12.361 65956 INFO tempest.lib.common.dynamic_creds [-] Dynamic test user 573e1601e97f46db885c8fb1d73154fb is created with scope project and roles: ['member']
2025-12-10 13:28:12.362 65956 INFO tempest.lib.common.dynamic_creds [-] Acquired dynamic creds: credentials: Credentials: {'domain_id': 'default', 'domain_name': 'Default', 'username': 'tempest-FlavorsAccessTestJSON-1155713175-project-member', 'project_domain_id': 'default', 'project_domain_name': 'Default', 'project_id': '112386278a994a96a7e5029b2f4c2419', 'project_name': 'tempest-FlavorsAccessTestJSON-1155713175', 'tenant_id': '112386278a994a96a7e5029b2f4c2419', 'tenant_name': 'tempest-FlavorsAccessTestJSON-1155713175', 'user_domain_id': 'default', 'user_domain_name': 'Default', 'user_id': '573e1601e97f46db885c8fb1d73154fb', 'system': None}, Network: None, Subnet: None, Router: None
2025-12-10 13:28:12.362 65956 INFO tempest.lib.common.dynamic_creds [-] Created isolated network resources for: credentials: Credentials: {'domain_id': 'default', 'domain_name': 'Default', 'username': 'tempest-FlavorsAccessTestJSON-1155713175-project-member', 'project_domain_id': 'default', 'project_domain_name': 'Default', 'project_id': '112386278a994a96a7e5029b2f4c2419', 'project_name': 'tempest-FlavorsAccessTestJSON-1155713175', 'tenant_id': '112386278a994a96a7e5029b2f4c2419', 'tenant_name': 'tempest-FlavorsAccessTestJSON-1155713175', 'user_domain_id': 'default', 'user_domain_name': 'Default', 'user_id': '573e1601e97f46db885c8fb1d73154fb', 'system': None}, Network: None, Subnet: None, Router: None
2025-12-10 13:28:12.377 65961 INFO tempest.lib.common.rest_client [req-60343c83-dd8f-448c-94c3-68bd73a01131 req-60343c83-dd8f-448c-94c3-68bd73a01131 ] Request (ServersNegativeTestMultiTenantJSON:setUpClass): 200 GET http://10.180.1.21/compute/v2.1/servers/719ad584-1347-457b-b1ef-183610964f0f 0.629s
2025-12-10 13:28:12.446 65968 INFO tempest.lib.common.rest_client [req-71cbf814-9568-4a79-8cb4-82769cebda33 req-71cbf814-9568-4a79-8cb4-82769cebda33 ] Request (SecurityGroupRulesNegativeTestJSON:tearDownClass): 202 DELETE http://10.180.1.21/compute/v2.1/os-security-groups/15f8f6c7-d8a7-47e9-8b30-1ff00302bacf 0.723s
2025-12-10 13:28:12.459 65978 INFO tempest.lib.common.rest_client [req-3f4ebc35-e378-4c4f-990c-ae9b1c8e622a req-3f4ebc35-e378-4c4f-990c-ae9b1c8e622a ] Request (VolumesAssistedSnapshotsTest:tearDownClass): 200 GET http://10.180.1.21/compute/v2.1/servers/a7457675-f4fa-4c0e-8672-b4b23f2b235d 0.696s
2025-12-10 13:28:12.476 65993 INFO tempest.lib.common.rest_client [req-3aacc068-e780-469d-88e0-ea59d35a857d req-3aacc068-e780-469d-88e0-ea59d35a857d ] Request (FlavorsAdminTestJSON:_run_cleanups): 202 DELETE http://10.180.1.21/compute/v2.1/flavors/537114503 0.650s
2025-12-10 13:28:12.486 65952 INFO tempest.lib.common.rest_client [req-67a40817-1e1c-44ee-9d50-d5c30a2784d4 req-67a40817-1e1c-44ee-9d50-d5c30a2784d4 ] Request (ListImageFiltersTestJSON:setUpClass): 200 GET http://10.180.1.21/compute/v2.1/images/7ed78f98-783b-4836-bd80-43b0e0aab530 0.659s
2025-12-10 13:28:12.491 65956 INFO tempest.lib.common.rest_client [req-e5623d9b-ffe7-4982-856c-c62e8cf62a00 req-e5623d9b-ffe7-4982-856c-c62e8cf62a00 ] Request (FlavorsAccessTestJSON:setUpClass): 201 POST http://10.180.1.21/identity/v3/auth/tokens 0.125s
2025-12-10 13:28:12.548 65996 INFO tempest.lib.common.rest_client [req-d33ddb21-7ee0-41ab-b328-67661314af25 req-d33ddb21-7ee0-41ab-b328-67661314af25 ] Request (ImagesTestJSON:test_create_image_from_suspended_server): 200 GET http://10.180.1.21/compute/v2.1/servers/c1c30061-ce36-44e1-9d17-049de027bfe7 0.595s
2025-12-10 13:28:12.549 65980 INFO tempest.lib.common.rest_client [req-90bc7886-8940-43c4-8aff-bfffc8db4782 req-90bc7886-8940-43c4-8aff-bfffc8db4782 ] Request (ListServersNegativeTestJSON:setUpClass): 200 GET http://10.180.1.21/compute/v2.1/servers/3caf3398-1416-45df-8749-359ad337bddf 0.707s
2025-12-10 13:28:12.558 65976 INFO tempest.lib.common.rest_client [req-1cf23689-7f8c-436c-b2aa-c9febe0f2c20 req-1cf23689-7f8c-436c-b2aa-c9febe0f2c20 ] Request (HypervisorAdminNegativeTestJSON:test_get_nonexistent_hypervisor_uptime): 404 GET http://10.180.1.21/compute/v2.1/os-hypervisors/d3dba265-1c9f-46b3-878b-c6c35702881c/uptime 0.565s
2025-12-10 13:28:12.561 65956 INFO tempest.lib.common.rest_client [req-5d406997-f161-45b6-bd42-6e31a542e208 req-5d406997-f161-45b6-bd42-6e31a542e208 ] Request (FlavorsAccessTestJSON:setUpClass): 201 POST http://10.180.1.21/identity/v3/projects 0.069s
2025-12-10 13:28:12.626 65942 INFO tempest.lib.common.rest_client [req-98942fce-29d2-4001-bda1-26b69ba295a0 req-98942fce-29d2-4001-bda1-26b69ba295a0 ] Request (ImagesOneServerTestJSON:setUpClass): 200 GET http://10.180.1.21/compute/v2.1/servers/aa0d2e89-c4ab-4637-b707-ead4b53065f1 0.468s
2025-12-10 13:28:12.654 65956 INFO tempest.lib.common.rest_client [req-f5e8673d-5069-413f-94ac-4c32234adf99 req-f5e8673d-5069-413f-94ac-4c32234adf99 ] Request (FlavorsAccessTestJSON:setUpClass): 201 POST http://10.180.1.21/identity/v3/users 0.092s
2025-12-10 13:28:12.678 65956 INFO tempest.lib.common.rest_client [req-6a26f733-0ea8-4900-9813-3d626d00ecce req-6a26f733-0ea8-4900-9813-3d626d00ecce ] Request (FlavorsAccessTestJSON:setUpClass): 200 GET http://10.180.1.21/identity/v3/roles 0.024s
2025-12-10 13:28:12.697 65944 INFO tempest.lib.common.rest_client [req-05aeef41-eb36-4c83-83e7-2b20abe8c7f2 req-05aeef41-eb36-4c83-83e7-2b20abe8c7f2 ] Request (SecurityGroupsTestJSON:test_server_security_groups): 200 GET http://10.180.1.21/compute/v2.1/servers/3b4cd16f-23c8-49cd-b708-a7f33491faf0 0.482s
2025-12-10 13:28:12.720 65966 INFO tempest.lib.common.rest_client [req-d590be36-3ffd-47ad-b04e-979e6188f44c req-d590be36-3ffd-47ad-b04e-979e6188f44c ] Request (SecurityGroupRulesTestJSON:_run_cleanups): 202 DELETE http://10.180.1.21/compute/v2.1/os-security-group-rules/b6e9c81a-48d0-443f-a0aa-eed2451f48b2 0.636s
2025-12-10 13:28:12.731 65956 INFO tempest.lib.common.rest_client [req-f5941fad-e47d-4fc4-80f8-8f9d8cfdb7cd req-f5941fad-e47d-4fc4-80f8-8f9d8cfdb7cd ] Request (FlavorsAccessTestJSON:setUpClass): 204 PUT http://10.180.1.21/identity/v3/projects/7a123b6135d54794a8a1110d9857d205/users/efead204aab74e2ca9abb02126fa6181/roles/638f4a5f713541ebbcbfc20f87a63575 0.052s
2025-12-10 13:28:12.791 65964 INFO tempest.lib.common.rest_client [req-78fb7d03-838b-4f8d-8dc9-6e3a9f46e862 req-78fb7d03-838b-4f8d-8dc9-6e3a9f46e862 ] Request (ServersAdminNegativeTestJSON:tearDownClass): 200 GET http://10.180.1.21/compute/v2.1/servers/81753bd1-d785-460c-9da1-6fb6d5587c37 0.526s
2025-12-10 13:28:12.792 65956 INFO tempest.lib.common.rest_client [req-29494c40-590b-4af4-a49a-99b501d4d8c9 req-29494c40-590b-4af4-a49a-99b501d4d8c9 ] Request (FlavorsAccessTestJSON:setUpClass): 200 GET http://10.180.1.21/identity/v3/roles 0.060s
2025-12-10 13:28:12.811 65956 INFO tempest.lib.common.rest_client [req-03001fa5-7d7c-4ce6-833a-fa60d5aa43bf req-03001fa5-7d7c-4ce6-833a-fa60d5aa43bf ] Request (FlavorsAccessTestJSON:setUpClass): 204 PUT http://10.180.1.21/identity/v3/projects/7a123b6135d54794a8a1110d9857d205/users/efead204aab74e2ca9abb02126fa6181/roles/638f4a5f713541ebbcbfc20f87a63575 0.019s
2025-12-10 13:28:12.811 65956 INFO tempest.lib.common.dynamic_creds [-] Dynamic test user efead204aab74e2ca9abb02126fa6181 is created with scope project and roles: ['admin']
2025-12-10 13:28:12.811 65956 INFO tempest.lib.common.dynamic_creds [-] Acquired dynamic creds: credentials: Credentials: {'domain_id': 'default', 'domain_name': 'Default', 'username': 'tempest-FlavorsAccessTestJSON-135589192-project-admin', 'project_domain_id': 'default', 'project_domain_name': 'Default', 'project_id': '7a123b6135d54794a8a1110d9857d205', 'project_name': 'tempest-FlavorsAccessTestJSON-135589192', 'tenant_id': '7a123b6135d54794a8a1110d9857d205', 'tenant_name': 'tempest-FlavorsAccessTestJSON-135589192', 'user_domain_id': 'default', 'user_domain_name': 'Default', 'user_id': 'efead204aab74e2ca9abb02126fa6181', 'system': None}, Network: None, Subnet: None, Router: None
2025-12-10 13:28:12.811 65956 INFO tempest.lib.common.dynamic_creds [-] Created isolated network resources for: credentials: Credentials: {'domain_id': 'default', 'domain_name': 'Default', 'username': 'tempest-FlavorsAccessTestJSON-135589192-project-admin', 'project_domain_id': 'default', 'project_domain_name': 'Default', 'project_id': '7a123b6135d54794a8a1110d9857d205', 'project_name': 'tempest-FlavorsAccessTestJSON-135589192', 'tenant_id': '7a123b6135d54794a8a1110d9857d205', 'tenant_name': 'tempest-FlavorsAccessTestJSON-135589192', 'user_domain_id': 'default', 'user_domain_name': 'Default', 'user_id': 'efead204aab74e2ca9abb02126fa6181', 'system': None}, Network: None, Subnet: None, Router: None
2025-12-10 13:28:12.864 65986 INFO tempest.lib.common.rest_client [req-3a51087f-560c-416e-b394-4ca858ad68de req-3a51087f-560c-416e-b394-4ca858ad68de ] Request (ServerShowV247Test:test_update_rebuild_list_server): 200 GET http://10.180.1.21/compute/v2.1/servers/detail 0.648s
2025-12-10 13:28:12.903 65956 INFO tempest.lib.common.rest_client [req-f0041fa7-9a40-46ba-92d1-b1c54c060e2e req-f0041fa7-9a40-46ba-92d1-b1c54c060e2e ] Request (FlavorsAccessTestJSON:setUpClass): 201 POST http://10.180.1.21/identity/v3/auth/tokens 0.089s
2025-12-10 13:28:12.904 65956 WARNING tempest.lib.common.rest_client [-] Deprecated: "tenant_id" property is deprecated for removal, use "project_id" instead
2025-12-10 13:28:12.926 65962 INFO tempest.lib.common.rest_client [req-cde456b7-da86-40df-8c83-1a6edb3fa213 req-cde456b7-da86-40df-8c83-1a6edb3fa213 ] Request (ServerDiskConfigTestJSON:test_rebuild_server_with_auto_disk_config): 200 GET http://10.180.1.21/compute/v2.1/servers/b0a20455-9ad7-44c5-afed-ce90f4a16c9e 0.602s
2025-12-10 13:28:12.974 65950 INFO tempest.lib.common.rest_client [req-149bbc31-f68e-414b-96af-79fcba8b4942 req-149bbc31-f68e-414b-96af-79fcba8b4942 ] Request (ImagesOneServerNegativeTestJSON:setUp): 200 GET http://10.180.1.21/compute/v2.1/servers/f5bcf146-6334-41bf-a5b7-3807a8256268 0.658s
2025-12-10 13:28:13.003 65993 INFO tempest.lib.common.rest_client [req-3e9caa46-8bfc-4902-9de9-f81232d579e0 req-3e9caa46-8bfc-4902-9de9-f81232d579e0 ] Request (FlavorsAdminTestJSON:_run_cleanups): 200 GET http://10.180.1.21/compute/v2.1/flavors/detail 0.526s
2025-12-10 13:28:13.031 65976 INFO tempest.lib.common.rest_client [req-99c51356-0149-490e-b887-5e9a7641c822 req-99c51356-0149-490e-b887-5e9a7641c822 ] Request (HypervisorAdminNegativeTestJSON:test_show_hypervisor_with_non_admin_user): 200 GET http://10.180.1.21/compute/v2.1/os-hypervisors 0.468s
2025-12-10 13:28:13.048 65968 INFO tempest.lib.common.rest_client [req-652029dc-29fc-4953-be8b-320ab4d083ec req-652029dc-29fc-4953-be8b-320ab4d083ec ] Request (SecurityGroupRulesNegativeTestJSON:tearDownClass): 202 DELETE http://10.180.1.21/compute/v2.1/os-security-groups/7ce54d0e-1ca9-45ba-88dc-89b3994fa71c 0.602s
2025-12-10 13:28:13.183 65982 INFO tempest.lib.common.rest_client [req-78d045bf-5968-4648-b4bd-544f1453d8f3 req-78d045bf-5968-4648-b4bd-544f1453d8f3 ] Request (MultipleCreateTestJSON:test_multiple_create): 200 GET http://10.180.1.21/compute/v2.1/servers/006f7f97-4f7c-4d8d-9c9d-fff390d540ce 0.483s
2025-12-10 13:28:13.190 65966 INFO tempest.lib.common.rest_client [req-5c8fe230-ea24-4c66-bea2-c4ee583ef19c req-5c8fe230-ea24-4c66-bea2-c4ee583ef19c ] Request (SecurityGroupRulesTestJSON:tearDownClass): 202 DELETE http://10.180.1.21/compute/v2.1/os-security-groups/6d216ae0-dc09-441c-a51f-360a3fc24d46 0.468s
2025-12-10 13:28:13.255 65938 INFO tempest.lib.common.rest_client [req-c443e790-ec8d-4ad9-9a35-0065d82d4cec req-c443e790-ec8d-4ad9-9a35-0065d82d4cec ] Request (ServerGroupTestJSON:test_create_server_with_scheduler_hint_group): 200 GET http://10.180.1.21/compute/v2.1/servers/d479035f-cefb-4c60-a0f9-f95412d325ad 0.455s
2025-12-10 13:28:13.268 65991 INFO tempest.lib.common.rest_client [req-f06e1192-217b-4949-840b-06e6973403d3 req-f06e1192-217b-4949-840b-06e6973403d3 ] Request (ServerShowV257Test:test_rebuild_server): 200 GET http://10.180.1.21/compute/v2.1/servers/7e413443-baea-4fe0-b517-35b62e9f82ff 0.445s
2025-12-10 13:28:13.353 65986 INFO tempest.lib.common.rest_client [req-e7af0dd0-83ca-4882-a0c8-7d3406e4ef0d req-e7af0dd0-83ca-4882-a0c8-7d3406e4ef0d ] Request (ServerShowV247Test:tearDownClass): 204 DELETE http://10.180.1.21/compute/v2.1/servers/5f726e23-55a9-41b1-96ad-5b2128ac82db 0.469s
2025-12-10 13:28:13.374 65956 INFO tempest.lib.common.rest_client [req-28e2a255-05b3-4de5-887e-9e94d088ec46 req-28e2a255-05b3-4de5-887e-9e94d088ec46 ] Request (FlavorsAccessTestJSON:test_flavor_access_add_remove): 200 POST http://10.180.1.21/compute/v2.1/flavors 0.469s
2025-12-10 13:28:13.460 65934 INFO tempest.lib.common.rest_client [req-c650cd3a-b180-4aec-8c4f-563be4a61be3 req-c650cd3a-b180-4aec-8c4f-563be4a61be3 ] Request (ServersAdminTestJSON:test_create_server_with_scheduling_hint): 200 GET http://10.180.1.21/compute/v2.1/servers/e8b8689a-2839-4388-ae32-b8b2701d9378 0.551s
2025-12-10 13:28:13.469 65950 INFO tempest.lib.common.rest_client [req-fe4c442b-f32b-4b08-bc12-efe2f7b2c052 req-fe4c442b-f32b-4b08-bc12-efe2f7b2c052 ] Request (ImagesOneServerNegativeTestJSON:test_create_image_specify_metadata_over_limits): 400 POST http://10.180.1.21/compute/v2.1/servers/f5bcf146-6334-41bf-a5b7-3807a8256268/action 0.486s
2025-12-10 13:28:13.475 65972 INFO tempest.lib.common.rest_client [req-5e8e1bf0-1f1a-4039-bdac-264fb453e29b req-5e8e1bf0-1f1a-4039-bdac-264fb453e29b ] Request (VolumesAdminNegativeTest:tearDownClass): 200 GET http://10.180.1.21/compute/v2.1/servers/308f8f7e-52ff-4e14-9e12-96280606192e 0.556s
2025-12-10 13:28:13.544 65958 INFO tempest.lib.common.rest_client [req-8fcfe933-9b40-4ad7-a38e-b200923b9040 req-8fcfe933-9b40-4ad7-a38e-b200923b9040 ] Request (ServerActionsTestJSON:setUpClass): 200 GET http://10.180.1.21/compute/v2.1/servers/49b19c0e-f9fe-4237-900e-24ec1c0c83af 0.554s
2025-12-10 13:28:13.560 65994 INFO tempest.lib.common.rest_client [req-befd368c-3530-4228-89a3-5e430b014102 req-befd368c-3530-4228-89a3-5e430b014102 ] Request (ServerShowV254Test:test_rebuild_server): 200 GET http://10.180.1.21/compute/v2.1/servers/6f3b15f8-2672-45ec-901c-2bf2942f90b2 0.549s
2025-12-10 13:28:13.562 65993 INFO tempest.lib.common.rest_client [req-5eb863d0-76a7-4f74-a088-9c7458e9eb94 req-5eb863d0-76a7-4f74-a088-9c7458e9eb94 ] Request (FlavorsAdminTestJSON:test_list_public_flavor_with_other_user): 200 POST http://10.180.1.21/compute/v2.1/flavors 0.546s
2025-12-10 13:28:13.569 65976 INFO tempest.lib.common.rest_client [req-2a10f496-aee4-47a3-8d67-650bca5a68bb req-2a10f496-aee4-47a3-8d67-650bca5a68bb ] Request (HypervisorAdminNegativeTestJSON:test_show_hypervisor_with_non_admin_user): 403 GET http://10.180.1.21/compute/v2.1/os-hypervisors/1 0.536s
2025-12-10 13:28:13.590 65948 INFO tempest.lib.common.rest_client [req-bb6fe471-a912-4e4d-8173-45c6ceb6a0bb req-bb6fe471-a912-4e4d-8173-45c6ceb6a0bb ] Request (ServerAddressesNegativeTestJSON:tearDownClass): 404 GET http://10.180.1.21/compute/v2.1/servers/d9c1efcf-5ef0-4f42-9b84-f1cae17ad69a 0.477s
2025-12-10 13:28:13.604 65940 WARNING tempest.lib.common.ssh [-] Failed to establish authenticated ssh connection to cirros@10.180.180.203 ([Errno None] Unable to connect to port 22 on 10.180.180.203). Number attempts: 1. Retry after 2 seconds.: paramiko.ssh_exception.NoValidConnectionsError: [Errno None] Unable to connect to port 22 on 10.180.180.203
2025-12-10 13:28:13.713 65968 INFO tempest.lib.common.rest_client [req-f72dd309-4f4b-4ed7-8387-c9913ee2694a req-f72dd309-4f4b-4ed7-8387-c9913ee2694a ] Request (SecurityGroupRulesNegativeTestJSON:tearDownClass): 202 DELETE http://10.180.1.21/compute/v2.1/os-security-groups/a51f3aef-6b8d-46a2-bf3f-b2c16cd6cbe0 0.664s
2025-12-10 13:28:13.738 65984 INFO tempest.lib.common.rest_client [req-00a0d8c9-1aa1-4035-adce-84179744b956 req-00a0d8c9-1aa1-4035-adce-84179744b956 ] Request (ServerMetadataNegativeTestJSON:setUpClass): 200 GET http://10.180.1.21/compute/v2.1/servers/799226c3-eed9-4f92-8fda-4a417b67062b 0.582s
2025-12-10 13:28:13.765 65966 INFO tempest.lib.common.rest_client [req-8dc5e4cc-e0f1-47bb-b6bc-b049229afae1 req-8dc5e4cc-e0f1-47bb-b6bc-b049229afae1 ] Request (SecurityGroupRulesTestJSON:tearDownClass): 404 DELETE http://10.180.1.21/compute/v2.1/os-security-groups/ce0524b9-ec4a-472c-b9d1-bde0eedcbd06 0.574s
2025-12-10 13:28:13.786 65936 INFO tempest.lib.common.rest_client [req-0b8324e6-3b3f-4980-9595-279613fd9090 req-0b8324e6-3b3f-4980-9595-279613fd9090 ] Request (InstanceActionsTestJSON:setUpClass): 200 GET http://10.180.1.21/compute/v2.1/servers/a0c71a40-e29b-4a9d-b016-72a15aee9db4 0.624s
2025-12-10 13:28:13.839 65954 INFO tempest.lib.common.rest_client [req-33204ffb-acff-46f1-8944-e9fc6310f456 req-33204ffb-acff-46f1-8944-e9fc6310f456 ] Request (ServerAddressesTestJSON:setUpClass): 200 GET http://10.180.1.21/compute/v2.1/servers/40eb1258-6176-4bcb-a2d1-39db6003419d 0.631s
2025-12-10 13:28:13.866 65975 INFO tempest.lib.common.rest_client [req-4ccf5058-ad28-48d2-9b08-cb5f220770ed req-4ccf5058-ad28-48d2-9b08-cb5f220770ed ] Request (MigrationsAdminTest:test_resize_server_revert_deleted_flavor): 200 GET http://10.180.1.21/compute/v2.1/servers/36404b93-6e44-478a-bdfd-4d23fbbae77f 0.602s
2025-12-10 13:28:13.917 65986 INFO tempest.lib.common.rest_client [req-56f7fb55-b1b2-4f02-8648-deaf2cbb4214 req-56f7fb55-b1b2-4f02-8648-deaf2cbb4214 ] Request (ServerShowV247Test:tearDownClass): 200 GET http://10.180.1.21/compute/v2.1/servers/5f726e23-55a9-41b1-96ad-5b2128ac82db 0.564s
2025-12-10 13:28:13.930 65956 INFO tempest.lib.common.rest_client [req-151b18d4-cf81-41f3-83bb-70a83470a240 req-151b18d4-cf81-41f3-83bb-70a83470a240 ] Request (FlavorsAccessTestJSON:test_flavor_access_add_remove): 200 POST http://10.180.1.21/compute/v2.1/flavors/1680823073/action 0.553s
2025-12-10 13:28:13.988 65961 INFO tempest.lib.common.rest_client [req-6bf0467a-b683-424e-8ac8-37fd8cb1b6a1 req-6bf0467a-b683-424e-8ac8-37fd8cb1b6a1 ] Request (ServersNegativeTestMultiTenantJSON:setUpClass): 200 GET http://10.180.1.21/compute/v2.1/servers/719ad584-1347-457b-b1ef-183610964f0f 0.601s
2025-12-10 13:28:14.012 65978 INFO tempest.lib.common.rest_client [req-9af7f921-a4f8-4939-be7b-b0fd3541b6b1 req-9af7f921-a4f8-4939-be7b-b0fd3541b6b1 ] Request (VolumesAssistedSnapshotsTest:tearDownClass): 200 GET http://10.180.1.21/compute/v2.1/servers/a7457675-f4fa-4c0e-8672-b4b23f2b235d 0.545s
2025-12-10 13:28:14.063 65952 INFO tempest.lib.common.rest_client [req-dd6cf4dc-1939-4f25-b7d2-bfa83610cc03 req-dd6cf4dc-1939-4f25-b7d2-bfa83610cc03 ] Request (ListImageFiltersTestJSON:setUpClass): 200 GET http://10.180.1.21/compute/v2.1/images/7ed78f98-783b-4836-bd80-43b0e0aab530 0.570s
2025-12-10 13:28:14.106 65950 INFO tempest.lib.common.rest_client [req-2fbd5913-6afd-45ea-bb1b-15b002db667c req-2fbd5913-6afd-45ea-bb1b-15b002db667c ] Request (ImagesOneServerNegativeTestJSON:tearDown): 200 GET http://10.180.1.21/compute/v2.1/servers/f5bcf146-6334-41bf-a5b7-3807a8256268 0.637s
2025-12-10 13:28:14.125 65996 INFO tempest.lib.common.rest_client [req-b32a4e3a-f468-4712-8ea3-64a19c15a133 req-b32a4e3a-f468-4712-8ea3-64a19c15a133 ] Request (ImagesTestJSON:test_create_image_from_suspended_server): 200 GET http://10.180.1.21/compute/v2.1/servers/c1c30061-ce36-44e1-9d17-049de027bfe7 0.567s
2025-12-10 13:28:14.157 65993 INFO tempest.lib.common.rest_client [req-12e41e94-2feb-485b-a521-e0087a26dd77 req-12e41e94-2feb-485b-a521-e0087a26dd77 ] Request (FlavorsAdminTestJSON:test_list_public_flavor_with_other_user): 200 GET http://10.180.1.21/compute/v2.1/flavors/detail 0.592s
2025-12-10 13:28:14.163 65976 INFO tempest.lib.common.rest_client [req-c71dc6a0-63a2-4285-9966-ee8850e4929f req-c71dc6a0-63a2-4285-9966-ee8850e4929f ] Request (HypervisorAdminNegativeTestJSON:test_show_nonexistent_hypervisor): 404 GET http://10.180.1.21/compute/v2.1/os-hypervisors/011efe64-5c70-4625-92d1-17957d94db9a 0.592s
2025-12-10 13:28:14.184 65980 INFO tempest.lib.common.rest_client [req-dfb054d7-813c-40a9-9661-c067b0bf6062 req-dfb054d7-813c-40a9-9661-c067b0bf6062 ] Request (ListServersNegativeTestJSON:setUpClass): 200 GET http://10.180.1.21/compute/v2.1/servers/3caf3398-1416-45df-8749-359ad337bddf 0.624s
2025-12-10 13:28:14.222 65942 INFO tempest.lib.common.rest_client [req-a20c7203-c4ac-46ee-8068-38e83c83e1ed req-a20c7203-c4ac-46ee-8068-38e83c83e1ed ] Request (ImagesOneServerTestJSON:setUpClass): 200 GET http://10.180.1.21/compute/v2.1/servers/aa0d2e89-c4ab-4637-b707-ead4b53065f1 0.581s
2025-12-10 13:28:14.249 65944 INFO tempest.lib.common.rest_client [req-adca841d-1b55-43f2-842d-d067fbcd8a34 req-adca841d-1b55-43f2-842d-d067fbcd8a34 ] Request (SecurityGroupsTestJSON:test_server_security_groups): 200 GET http://10.180.1.21/compute/v2.1/servers/3b4cd16f-23c8-49cd-b708-a7f33491faf0 0.544s
2025-12-10 13:28:14.322 65976 INFO tempest.lib.common.rest_client [req-ec7dc5d6-19ca-49cc-b66c-db25367dce4d req-ec7dc5d6-19ca-49cc-b66c-db25367dce4d ] Request (HypervisorAdminNegativeTestJSON:tearDownClass): 204 DELETE http://10.180.1.21/identity/v3/users/38515eefea8c4857a03c819253be0d02 0.157s
2025-12-10 13:28:14.412 65968 INFO tempest.lib.common.rest_client [req-bd86a623-296a-49da-95f1-e92e6c0e917b req-bd86a623-296a-49da-95f1-e92e6c0e917b ] Request (SecurityGroupRulesNegativeTestJSON:tearDownClass): 202 DELETE http://10.180.1.21/compute/v2.1/os-security-groups/e68d1395-cb6c-47e3-b6b9-024373e6ea9f 0.698s
2025-12-10 13:28:14.501 65976 INFO tempest.lib.common.rest_client [req-4f47d8b9-ca0d-4cf0-a702-ef4d14132d2c req-4f47d8b9-ca0d-4cf0-a702-ef4d14132d2c ] Request (HypervisorAdminNegativeTestJSON:tearDownClass): 204 DELETE http://10.180.1.21/identity/v3/users/5233e487908e40c898533f9bde863fce 0.179s
2025-12-10 13:28:14.503 65976 INFO tempest.lib.common.dynamic_creds [-] Deleting project and security group for project: aaec21ba921945e9b50b62caf7c92cc0
2025-12-10 13:28:14.514 65966 INFO tempest.lib.common.rest_client [req-5a9d696c-a4d0-4a07-87da-ab34601bfa2b req-5a9d696c-a4d0-4a07-87da-ab34601bfa2b ] Request (SecurityGroupRulesTestJSON:tearDownClass): 202 DELETE http://10.180.1.21/compute/v2.1/os-security-groups/6f414395-51e4-49e0-a693-bcfe67bf322c 0.748s
2025-12-10 13:28:14.545 65964 INFO tempest.lib.common.rest_client [req-c3c20ca9-8eb3-4e99-a2f1-401e07eef810 req-c3c20ca9-8eb3-4e99-a2f1-401e07eef810 ] Request (ServersAdminNegativeTestJSON:tearDownClass): 200 GET http://10.180.1.21/compute/v2.1/servers/81753bd1-d785-460c-9da1-6fb6d5587c37 0.746s
2025-12-10 13:28:14.588 65976 INFO tempest.lib.common.rest_client [req-997df362-b9e1-4a44-871e-bbebe2e304f6 req-997df362-b9e1-4a44-871e-bbebe2e304f6 ] Request (HypervisorAdminNegativeTestJSON:tearDownClass): 201 POST http://10.180.1.21/identity/v3/auth/tokens 0.085s
2025-12-10 13:28:14.613 65962 INFO tempest.lib.common.rest_client [req-c3e146a1-6f53-478b-a9f1-9874be22012e req-c3e146a1-6f53-478b-a9f1-9874be22012e ] Request (ServerDiskConfigTestJSON:test_rebuild_server_with_auto_disk_config): 200 GET http://10.180.1.21/compute/v2.1/servers/b0a20455-9ad7-44c5-afed-ce90f4a16c9e 0.677s
2025-12-10 13:28:14.681 65956 INFO tempest.lib.common.rest_client [req-a916cce1-a7ae-44c3-9558-2baa00ec7360 req-a916cce1-a7ae-44c3-9558-2baa00ec7360 ] Request (FlavorsAccessTestJSON:test_flavor_access_add_remove): 200 GET http://10.180.1.21/compute/v2.1/flavors/detail 0.750s
2025-12-10 13:28:14.699 65993 INFO tempest.lib.common.rest_client [req-0aefdc7a-e37d-4bee-8d44-03dedf5abfcd req-0aefdc7a-e37d-4bee-8d44-03dedf5abfcd ] Request (FlavorsAdminTestJSON:_run_cleanups): 202 DELETE http://10.180.1.21/compute/v2.1/flavors/282918098 0.537s
2025-12-10 13:28:14.806 65976 INFO tempest.lib.common.rest_client [req-7a4c22fc-2a66-4d27-a16f-c3582687bd55 req-7a4c22fc-2a66-4d27-a16f-c3582687bd55 ] Request (HypervisorAdminNegativeTestJSON:tearDownClass): 200 GET http://10.180.1.21/networking/v2.0/security-groups?tenant_id=aaec21ba921945e9b50b62caf7c92cc0&name=default 0.217s
2025-12-10 13:28:14.820 65970 WARNING tempest.lib.common.ssh [-] Failed to establish authenticated ssh connection to cirros@10.180.180.252 ([Errno None] Unable to connect to port 22 on 10.180.180.252). Number attempts: 2. Retry after 3 seconds.: paramiko.ssh_exception.NoValidConnectionsError: [Errno None] Unable to connect to port 22 on 10.180.180.252
2025-12-10 13:28:14.991 65976 INFO tempest.lib.common.rest_client [req-927977e6-45d0-48f6-949a-d06f8b39caaa req-927977e6-45d0-48f6-949a-d06f8b39caaa ] Request (HypervisorAdminNegativeTestJSON:tearDownClass): 204 DELETE http://10.180.1.21/networking/v2.0/security-groups/7091fdc5-4bec-474f-8b15-b567eca9345f 0.185s
2025-12-10 13:28:15.032 65950 INFO tempest.lib.common.rest_client [req-b37475b6-0761-4a63-a562-69fec004705b req-b37475b6-0761-4a63-a562-69fec004705b ] Request (ImagesOneServerNegativeTestJSON:setUp): 200 GET http://10.180.1.21/compute/v2.1/servers/f5bcf146-6334-41bf-a5b7-3807a8256268 0.915s
2025-12-10 13:28:15.053 65948 INFO tempest.lib.common.rest_client [req-5433021a-0445-42d6-bb93-0a47b6a85f98 req-5433021a-0445-42d6-bb93-0a47b6a85f98 ] Request (ServerAddressesNegativeTestJSON:tearDownClass): 200 PUT http://10.180.1.21/networking/v2.0/routers/59508c10-87cb-46e0-b1c6-69519a3c3502/remove_router_interface 1.463s
2025-12-10 13:28:15.076 65982 INFO tempest.lib.common.rest_client [req-d97b0be1-e28a-4a7a-9e84-38aec7298baf req-d97b0be1-e28a-4a7a-9e84-38aec7298baf ] Request (MultipleCreateTestJSON:test_multiple_create): 200 GET http://10.180.1.21/compute/v2.1/servers/006f7f97-4f7c-4d8d-9c9d-fff390d540ce 0.881s
2025-12-10 13:28:15.083 65982 INFO tempest.common.waiters [-] State transition "BUILD/spawning" ==> "ACTIVE/None" after 35 second wait
2025-12-10 13:28:15.088 65976 INFO tempest.lib.common.rest_client [req-42da238b-5e55-48ca-bbd0-ab165e5a649b req-42da238b-5e55-48ca-bbd0-ab165e5a649b ] Request (HypervisorAdminNegativeTestJSON:tearDownClass): 204 DELETE http://10.180.1.21/identity/v3/projects/aaec21ba921945e9b50b62caf7c92cc0 0.096s
2025-12-10 13:28:15.088 65976 INFO tempest.lib.common.dynamic_creds [-] Deleting project and security group for project: 1ba61c0c53284eb3bd8a5782dec1e486
2025-12-10 13:28:15.160 65938 INFO tempest.lib.common.rest_client [req-d8eef7ea-d688-4b76-a62b-32fff7368e2b req-d8eef7ea-d688-4b76-a62b-32fff7368e2b ] Request (ServerGroupTestJSON:test_create_server_with_scheduler_hint_group): 200 GET http://10.180.1.21/compute/v2.1/servers/d479035f-cefb-4c60-a0f9-f95412d325ad 0.894s
2025-12-10 13:28:15.274 65976 INFO tempest.lib.common.rest_client [req-6b43e28a-00ad-4a5b-958d-ef3c4b22f8b0 req-6b43e28a-00ad-4a5b-958d-ef3c4b22f8b0 ] Request (HypervisorAdminNegativeTestJSON:tearDownClass): 200 GET http://10.180.1.21/networking/v2.0/security-groups?tenant_id=1ba61c0c53284eb3bd8a5782dec1e486&name=default 0.186s
2025-12-10 13:28:15.311 65991 INFO tempest.lib.common.rest_client [req-2ee11c85-8fe5-46ac-810e-09a299f9544f req-2ee11c85-8fe5-46ac-810e-09a299f9544f ] Request (ServerShowV257Test:test_rebuild_server): 200 GET http://10.180.1.21/compute/v2.1/servers/7e413443-baea-4fe0-b517-35b62e9f82ff 1.026s
2025-12-10 13:28:15.493 65976 INFO tempest.lib.common.rest_client [req-e1828ee1-90fe-446a-9ffd-92eab4945c20 req-e1828ee1-90fe-446a-9ffd-92eab4945c20 ] Request (HypervisorAdminNegativeTestJSON:tearDownClass): 204 DELETE http://10.180.1.21/networking/v2.0/security-groups/91474e59-ed97-48fd-94cd-8cbd9f8cafdc 0.218s
2025-12-10 13:28:15.558 65948 INFO tempest.lib.common.rest_client [req-41f8314b-deb9-4298-911b-e81ad00ded5c req-41f8314b-deb9-4298-911b-e81ad00ded5c ] Request (ServerAddressesNegativeTestJSON:tearDownClass): 204 DELETE http://10.180.1.21/networking/v2.0/routers/59508c10-87cb-46e0-b1c6-69519a3c3502 0.504s
2025-12-10 13:28:15.569 65968 INFO tempest.lib.common.rest_client [req-022dc2a3-ff98-4063-be5c-601b9d5cacf3 req-022dc2a3-ff98-4063-be5c-601b9d5cacf3 ] Request (SecurityGroupRulesNegativeTestJSON:tearDownClass): 202 DELETE http://10.180.1.21/compute/v2.1/os-security-groups/d95341e6-64b7-47f3-9b02-b55894dc035d 1.156s
2025-12-10 13:28:15.586 65934 INFO tempest.lib.common.rest_client [req-94082ca6-34f8-4b89-a35d-c400898143a8 req-94082ca6-34f8-4b89-a35d-c400898143a8 ] Request (ServersAdminTestJSON:test_create_server_with_scheduling_hint): 200 GET http://10.180.1.21/compute/v2.1/servers/e8b8689a-2839-4388-ae32-b8b2701d9378 1.111s
2025-12-10 13:28:15.602 65976 INFO tempest.lib.common.rest_client [req-dad76ffc-78b3-446d-a9b3-12b51c6dc141 req-dad76ffc-78b3-446d-a9b3-12b51c6dc141 ] Request (HypervisorAdminNegativeTestJSON:tearDownClass): 204 DELETE http://10.180.1.21/identity/v3/projects/1ba61c0c53284eb3bd8a5782dec1e486 0.108s
2025-12-10 13:28:15.678 65976 INFO tempest.lib.common.rest_client [req-a0e0b16a-2cfd-4256-bd8b-5633a74f1dd1 req-a0e0b16a-2cfd-4256-bd8b-5633a74f1dd1 ] Request (QuotasAdminTestV257:setUpClass): 201 POST http://10.180.1.21/identity/v3/auth/tokens 0.074s
2025-12-10 13:28:15.714 65976 INFO tempest.lib.common.rest_client [req-66e5d687-bb47-4d22-8f2b-b4eeac830dd0 req-66e5d687-bb47-4d22-8f2b-b4eeac830dd0 ] Request (QuotasAdminTestV257:setUpClass): 201 POST http://10.180.1.21/identity/v3/auth/tokens 0.032s
2025-12-10 13:28:15.746 65976 INFO tempest.lib.common.rest_client [req-575fbdfe-9e4e-4056-95ef-9b0069a387cd req-575fbdfe-9e4e-4056-95ef-9b0069a387cd ] Request (QuotasAdminTestV257:setUpClass): 200 GET http://10.180.1.21/identity/v3/domains?name=Default 0.032s
2025-12-10 13:28:15.758 65948 INFO tempest.lib.common.rest_client [req-fce3f2c2-3f0f-4705-9665-614dcbc7166d req-fce3f2c2-3f0f-4705-9665-614dcbc7166d ] Request (ServerAddressesNegativeTestJSON:tearDownClass): 204 DELETE http://10.180.1.21/networking/v2.0/subnets/2bea9826-e9d2-4609-b90f-2ea1c746c6ec 0.200s
2025-12-10 13:28:15.790 65976 INFO tempest.lib.common.rest_client [req-415d5958-b931-4892-9478-f36d63bc9370 req-415d5958-b931-4892-9478-f36d63bc9370 ] Request (QuotasAdminTestV257:setUpClass): 201 POST http://10.180.1.21/identity/v3/projects 0.043s
2025-12-10 13:28:15.906 65976 INFO tempest.lib.common.rest_client [req-86454ca4-8ec7-4d39-8576-842394ccb9dc req-86454ca4-8ec7-4d39-8576-842394ccb9dc ] Request (QuotasAdminTestV257:setUpClass): 201 POST http://10.180.1.21/identity/v3/users 0.116s
2025-12-10 13:28:15.945 65976 INFO tempest.lib.common.rest_client [req-74ef3a16-d445-41b5-b976-66e341f5245a req-74ef3a16-d445-41b5-b976-66e341f5245a ] Request (QuotasAdminTestV257:setUpClass): 200 GET http://10.180.1.21/identity/v3/roles 0.038s
2025-12-10 13:28:15.982 65976 INFO tempest.lib.common.rest_client [req-e04bb28e-d6fc-4bb8-9766-5e330289eafd req-e04bb28e-d6fc-4bb8-9766-5e330289eafd ] Request (QuotasAdminTestV257:setUpClass): 204 PUT http://10.180.1.21/identity/v3/projects/3f23f440af6b4537b9b1915b54544957/users/742070ea8f084d9fa1ef2d7474d2a145/roles/25932b77468e4e9b993fc4568fa57241 0.036s
2025-12-10 13:28:15.982 65976 INFO tempest.lib.common.dynamic_creds [-] Dynamic test user 742070ea8f084d9fa1ef2d7474d2a145 is created with scope project and roles: ['member']
2025-12-10 13:28:15.983 65976 INFO tempest.lib.common.dynamic_creds [-] Acquired dynamic creds: credentials: Credentials: {'domain_id': 'default', 'domain_name': 'Default', 'username': 'tempest-QuotasAdminTestV257-1925355389-project-member', 'project_domain_id': 'default', 'project_domain_name': 'Default', 'project_id': '3f23f440af6b4537b9b1915b54544957', 'project_name': 'tempest-QuotasAdminTestV257-1925355389', 'tenant_id': '3f23f440af6b4537b9b1915b54544957', 'tenant_name': 'tempest-QuotasAdminTestV257-1925355389', 'user_domain_id': 'default', 'user_domain_name': 'Default', 'user_id': '742070ea8f084d9fa1ef2d7474d2a145', 'system': None}, Network: None, Subnet: None, Router: None
2025-12-10 13:28:15.983 65976 INFO tempest.lib.common.dynamic_creds [-] Created isolated network resources for: credentials: Credentials: {'domain_id': 'default', 'domain_name': 'Default', 'username': 'tempest-QuotasAdminTestV257-1925355389-project-member', 'project_domain_id': 'default', 'project_domain_name': 'Default', 'project_id': '3f23f440af6b4537b9b1915b54544957', 'project_name': 'tempest-QuotasAdminTestV257-1925355389', 'tenant_id': '3f23f440af6b4537b9b1915b54544957', 'tenant_name': 'tempest-QuotasAdminTestV257-1925355389', 'user_domain_id': 'default', 'user_domain_name': 'Default', 'user_id': '742070ea8f084d9fa1ef2d7474d2a145', 'system': None}, Network: None, Subnet: None, Router: None
2025-12-10 13:28:16.022 65972 INFO tempest.lib.common.rest_client [req-67999b1d-304a-48ca-b940-958bc4481a8a req-67999b1d-304a-48ca-b940-958bc4481a8a ] Request (VolumesAdminNegativeTest:tearDownClass): 200 GET http://10.180.1.21/compute/v2.1/servers/308f8f7e-52ff-4e14-9e12-96280606192e 1.534s
2025-12-10 13:28:16.086 65976 INFO tempest.lib.common.rest_client [req-5b49c2f7-9e6a-4485-8783-97ff66dddeda req-5b49c2f7-9e6a-4485-8783-97ff66dddeda ] Request (QuotasAdminTestV257:setUpClass): 201 POST http://10.180.1.21/identity/v3/auth/tokens 0.098s
2025-12-10 13:28:16.158 65976 INFO tempest.lib.common.rest_client [req-a8ad404b-51dd-49fe-9cfb-e2137ad6152a req-a8ad404b-51dd-49fe-9cfb-e2137ad6152a ] Request (QuotasAdminTestV257:setUpClass): 201 POST http://10.180.1.21/identity/v3/projects 0.071s
2025-12-10 13:28:16.243 65976 INFO tempest.lib.common.rest_client [req-958d73dc-5627-4cb5-9daa-5da7a83e90a5 req-958d73dc-5627-4cb5-9daa-5da7a83e90a5 ] Request (QuotasAdminTestV257:setUpClass): 201 POST http://10.180.1.21/identity/v3/users 0.085s
2025-12-10 13:28:16.278 65976 INFO tempest.lib.common.rest_client [req-ff55acd0-6235-4f50-a83e-1b2bb2e289fe req-ff55acd0-6235-4f50-a83e-1b2bb2e289fe ] Request (QuotasAdminTestV257:setUpClass): 200 GET http://10.180.1.21/identity/v3/roles 0.034s
2025-12-10 13:28:16.316 65976 INFO tempest.lib.common.rest_client [req-340568bc-bf32-40a9-951a-21cbf579bf9e req-340568bc-bf32-40a9-951a-21cbf579bf9e ] Request (QuotasAdminTestV257:setUpClass): 204 PUT http://10.180.1.21/identity/v3/projects/5b3d89480a2a4e36849842a88a386347/users/9dd28f6a78644f84885278db2cdb1145/roles/638f4a5f713541ebbcbfc20f87a63575 0.038s
2025-12-10 13:28:16.322 65948 INFO tempest.lib.common.rest_client [req-0d400e05-49f0-44b4-95d7-f5e79d1cfc97 req-0d400e05-49f0-44b4-95d7-f5e79d1cfc97 ] Request (ServerAddressesNegativeTestJSON:tearDownClass): 204 DELETE http://10.180.1.21/networking/v2.0/networks/3c61c267-318b-4d90-8bac-c34060b163bf 0.563s
2025-12-10 13:28:16.399 65976 INFO tempest.lib.common.rest_client [req-0faf39cf-76f0-43fd-a139-80e37c033b93 req-0faf39cf-76f0-43fd-a139-80e37c033b93 ] Request (QuotasAdminTestV257:setUpClass): 200 GET http://10.180.1.21/identity/v3/roles 0.082s
2025-12-10 13:28:16.427 65976 INFO tempest.lib.common.rest_client [req-191fbf5a-aa22-4c4a-9ee2-688c10d64ca2 req-191fbf5a-aa22-4c4a-9ee2-688c10d64ca2 ] Request (QuotasAdminTestV257:setUpClass): 204 PUT http://10.180.1.21/identity/v3/projects/5b3d89480a2a4e36849842a88a386347/users/9dd28f6a78644f84885278db2cdb1145/roles/638f4a5f713541ebbcbfc20f87a63575 0.028s
2025-12-10 13:28:16.428 65976 INFO tempest.lib.common.dynamic_creds [-] Dynamic test user 9dd28f6a78644f84885278db2cdb1145 is created with scope project and roles: ['admin']
2025-12-10 13:28:16.428 65976 INFO tempest.lib.common.dynamic_creds [-] Acquired dynamic creds: credentials: Credentials: {'domain_id': 'default', 'domain_name': 'Default', 'username': 'tempest-QuotasAdminTestV257-21318756-project-admin', 'project_domain_id': 'default', 'project_domain_name': 'Default', 'project_id': '5b3d89480a2a4e36849842a88a386347', 'project_name': 'tempest-QuotasAdminTestV257-21318756', 'tenant_id': '5b3d89480a2a4e36849842a88a386347', 'tenant_name': 'tempest-QuotasAdminTestV257-21318756', 'user_domain_id': 'default', 'user_domain_name': 'Default', 'user_id': '9dd28f6a78644f84885278db2cdb1145', 'system': None}, Network: None, Subnet: None, Router: None
2025-12-10 13:28:16.428 65976 INFO tempest.lib.common.dynamic_creds [-] Created isolated network resources for: credentials: Credentials: {'domain_id': 'default', 'domain_name': 'Default', 'username': 'tempest-QuotasAdminTestV257-21318756-project-admin', 'project_domain_id': 'default', 'project_domain_name': 'Default', 'project_id': '5b3d89480a2a4e36849842a88a386347', 'project_name': 'tempest-QuotasAdminTestV257-21318756', 'tenant_id': '5b3d89480a2a4e36849842a88a386347', 'tenant_name': 'tempest-QuotasAdminTestV257-21318756', 'user_domain_id': 'default', 'user_domain_name': 'Default', 'user_id': '9dd28f6a78644f84885278db2cdb1145', 'system': None}, Network: None, Subnet: None, Router: None
2025-12-10 13:28:16.489 65948 INFO tempest.lib.common.rest_client [req-8f1a3d06-1f22-4c03-a4a2-842d83421e20 req-8f1a3d06-1f22-4c03-a4a2-842d83421e20 ] Request (ServerAddressesNegativeTestJSON:tearDownClass): 204 DELETE http://10.180.1.21/identity/v3/users/8b9679d9b393421a95c974bb0b93ddc4 0.167s
2025-12-10 13:28:16.490 65948 INFO tempest.lib.common.dynamic_creds [-] Deleting project and security group for project: 1d35aff027e2444caed1a44a056e752f
2025-12-10 13:28:16.529 65976 INFO tempest.lib.common.rest_client [req-4762337a-d4a1-4145-9c3b-5e9855fb3d73 req-4762337a-d4a1-4145-9c3b-5e9855fb3d73 ] Request (QuotasAdminTestV257:setUpClass): 201 POST http://10.180.1.21/identity/v3/auth/tokens 0.096s
