2025-12-10 13:26:50.167 65980 INFO tempest.lib.common.rest_client [req-5483c53b-7b07-4d26-9048-db5a9646b4f4 req-5483c53b-7b07-4d26-9048-db5a9646b4f4 ] Request (ListServersNegativeTestJSON:setUpClass): 201 POST http://10.180.1.21/networking/v2.0/routers 1.191s
2025-12-10 13:26:50.400 65948 INFO tempest.lib.common.rest_client [req-f9640364-77cc-4e8b-a359-a6e64f58b1a7 req-f9640364-77cc-4e8b-a359-a6e64f58b1a7 ] Request (ServerAddressesNegativeTestJSON:setUpClass): 200 PUT http://10.180.1.21/networking/v2.0/routers/59508c10-87cb-46e0-b1c6-69519a3c3502/add_router_interface 0.983s
2025-12-10 13:26:50.400 65948 INFO tempest.lib.common.dynamic_creds [-] Created isolated network resources for: credentials: Credentials: {'domain_id': 'default', 'domain_name': 'Default', 'username': 'tempest-ServerAddressesNegativeTestJSON-1381835907-project-member', 'project_domain_id': 'default', 'project_domain_name': 'Default', 'project_id': '1d35aff027e2444caed1a44a056e752f', 'project_name': 'tempest-ServerAddressesNegativeTestJSON-1381835907', 'tenant_id': '1d35aff027e2444caed1a44a056e752f', 'tenant_name': 'tempest-ServerAddressesNegativeTestJSON-1381835907', 'user_domain_id': 'default', 'user_domain_name': 'Default', 'user_id': '8b9679d9b393421a95c974bb0b93ddc4', 'system': None}, Network: {'id': '3c61c267-318b-4d90-8bac-c34060b163bf', 'name': 'tempest-ServerAddressesNegativeTestJSON-1896353449-network', 'tenant_id': '1d35aff027e2444caed1a44a056e752f', 'project_id': '1d35aff027e2444caed1a44a056e752f', 'admin_state_up': True, 'mtu': 8950, 'status': 'ACTIVE', 'subnets': [], 'shared': False, 'port_security_enabled': True, 'router:external': False, 'provider:network_type': 'vlan', 'provider:physical_network': 'default', 'provider:segmentation_id': 831, 'availability_zone_hints': [], 'availability_zones': [], 'ipv4_address_scope': None, 'ipv6_address_scope': None, 'description': '', 'tags': [], 'created_at': '2025-12-10T13:26:47Z', 'updated_at': '2025-12-10T13:26:47Z', 'revision_number': 1}, Subnet: {'id': '2bea9826-e9d2-4609-b90f-2ea1c746c6ec', 'name': 'tempest-ServerAddressesNegativeTestJSON-1896353449-subnet', 'tenant_id': '1d35aff027e2444caed1a44a056e752f', 'network_id': '3c61c267-318b-4d90-8bac-c34060b163bf', 'ip_version': 4, 'subnetpool_id': None, 'enable_dhcp': True, 'ipv6_ra_mode': None, 'ipv6_address_mode': None, 'gateway_ip': '192.168.128.1', 'cidr': '192.168.128.0/28', 'allocation_pools': [{'start': '192.168.128.2', 'end': '192.168.128.14'}], 'host_routes': [], 'dns_nameservers': [], 'description': '', 'router:external': False, 'service_types': [], 'tags': [], 'created_at': '2025-12-10T13:26:48Z', 'updated_at': '2025-12-10T13:26:48Z', 'revision_number': 0, 'project_id': '1d35aff027e2444caed1a44a056e752f'}, Router: {'id': '59508c10-87cb-46e0-b1c6-69519a3c3502', 'name': 'tempest-ServerAddressesNegativeTestJSON-1896353449-router', 'tenant_id': '1d35aff027e2444caed1a44a056e752f', 'admin_state_up': True, 'status': 'ACTIVE', 'external_gateway_info': {'network_id': '56529eb0-626d-40e2-810c-7d981938bb61', 'external_fixed_ips': [{'subnet_id': '363afc98-f9da-47a9-9f2e-5d56938a7e6e', 'ip_address': '10.180.180.242'}], 'enable_snat': True}, 'description': '', 'availability_zones': [], 'distributed': False, 'ha': False, 'availability_zone_hints': [], 'routes': [], 'flavor_id': None, 'tags': [], 'created_at': '2025-12-10T13:26:48Z', 'updated_at': '2025-12-10T13:26:49Z', 'revision_number': 2, 'project_id': '1d35aff027e2444caed1a44a056e752f'}
2025-12-10 13:26:50.447 65988 INFO tempest.lib.common.rest_client [req-7c2cab83-aa4d-490e-9793-cc2ffca4eebc req-7c2cab83-aa4d-490e-9793-cc2ffca4eebc ] Request (FloatingIPDetailsTestJSON:test_get_floating_ip_details): 200 GET http://10.180.1.21/compute/v2.1/os-floating-ips/408fcea3-d0b5-4da9-9a0b-5cec3ddc4456 5.858s
2025-12-10 13:26:50.534 65948 INFO tempest.lib.common.rest_client [req-59c35692-e977-4090-a80c-e1cb37b2883d req-59c35692-e977-4090-a80c-e1cb37b2883d ] Request (ServerAddressesNegativeTestJSON:setUpClass): 201 POST http://10.180.1.21/identity/v3/auth/tokens 0.129s
2025-12-10 13:26:50.569 65948 INFO tempest.lib.common.rest_client [req-cc063aa2-d9da-4569-b454-b1c1ea072c74 req-cc063aa2-d9da-4569-b454-b1c1ea072c74 ] Request (ServerAddressesNegativeTestJSON:setUpClass): 201 POST http://10.180.1.21/identity/v3/auth/tokens 0.031s
2025-12-10 13:26:50.569 65948 INFO tempest.lib.common.fixed_network [-] (ServerAddressesNegativeTestJSON:setUpClass) Found network {'id': '3c61c267-318b-4d90-8bac-c34060b163bf', 'name': 'tempest-ServerAddressesNegativeTestJSON-1896353449-network', 'tenant_id': '1d35aff027e2444caed1a44a056e752f', 'project_id': '1d35aff027e2444caed1a44a056e752f', 'admin_state_up': True, 'mtu': 8950, 'status': 'ACTIVE', 'subnets': [], 'shared': False, 'port_security_enabled': True, 'router:external': False, 'provider:network_type': 'vlan', 'provider:physical_network': 'default', 'provider:segmentation_id': 831, 'availability_zone_hints': [], 'availability_zones': [], 'ipv4_address_scope': None, 'ipv6_address_scope': None, 'description': '', 'tags': [], 'created_at': '2025-12-10T13:26:47Z', 'updated_at': '2025-12-10T13:26:47Z', 'revision_number': 1} available for tenant
2025-12-10 13:26:51.422 65980 INFO tempest.lib.common.rest_client [req-6035c7a6-5b57-4441-a6d7-ebc4a2f46bb9 req-6035c7a6-5b57-4441-a6d7-ebc4a2f46bb9 ] Request (ListServersNegativeTestJSON:setUpClass): 200 PUT http://10.180.1.21/networking/v2.0/routers/201293a8-1705-4b41-8f2f-65ac1a91e73b/add_router_interface 1.254s
2025-12-10 13:26:51.422 65980 INFO tempest.lib.common.dynamic_creds [-] Created isolated network resources for: credentials: Credentials: {'domain_id': 'default', 'domain_name': 'Default', 'username': 'tempest-ListServersNegativeTestJSON-206560479-project-member', 'project_domain_id': 'default', 'project_domain_name': 'Default', 'project_id': '02210a890f0448929c85259fe31812c3', 'project_name': 'tempest-ListServersNegativeTestJSON-206560479', 'tenant_id': '02210a890f0448929c85259fe31812c3', 'tenant_name': 'tempest-ListServersNegativeTestJSON-206560479', 'user_domain_id': 'default', 'user_domain_name': 'Default', 'user_id': '22b9c51aee4c4e3fa573328b3d5c6483', 'system': None}, Network: {'id': 'f7e61509-aac8-4ac8-ad28-e98acfc41baf', 'name': 'tempest-ListServersNegativeTestJSON-1389597362-network', 'tenant_id': '02210a890f0448929c85259fe31812c3', 'project_id': '02210a890f0448929c85259fe31812c3', 'admin_state_up': True, 'mtu': 8950, 'status': 'ACTIVE', 'subnets': [], 'shared': False, 'port_security_enabled': True, 'router:external': False, 'provider:network_type': 'vlan', 'provider:physical_network': 'default', 'provider:segmentation_id': 124, 'availability_zone_hints': [], 'availability_zones': [], 'ipv4_address_scope': None, 'ipv6_address_scope': None, 'description': '', 'tags': [], 'created_at': '2025-12-10T13:26:48Z', 'updated_at': '2025-12-10T13:26:48Z', 'revision_number': 1}, Subnet: {'id': '8406eb7c-5265-499f-8238-eec3cc5cd371', 'name': 'tempest-ListServersNegativeTestJSON-1389597362-subnet', 'tenant_id': '02210a890f0448929c85259fe31812c3', 'network_id': 'f7e61509-aac8-4ac8-ad28-e98acfc41baf', 'ip_version': 4, 'subnetpool_id': None, 'enable_dhcp': True, 'ipv6_ra_mode': None, 'ipv6_address_mode': None, 'gateway_ip': '192.168.128.1', 'cidr': '192.168.128.0/28', 'allocation_pools': [{'start': '192.168.128.2', 'end': '192.168.128.14'}], 'host_routes': [], 'dns_nameservers': [], 'description': '', 'router:external': False, 'service_types': [], 'tags': [], 'created_at': '2025-12-10T13:26:48Z', 'updated_at': '2025-12-10T13:26:48Z', 'revision_number': 0, 'project_id': '02210a890f0448929c85259fe31812c3'}, Router: {'id': '201293a8-1705-4b41-8f2f-65ac1a91e73b', 'name': 'tempest-ListServersNegativeTestJSON-1389597362-router', 'tenant_id': '02210a890f0448929c85259fe31812c3', 'admin_state_up': True, 'status': 'ACTIVE', 'external_gateway_info': {'network_id': '56529eb0-626d-40e2-810c-7d981938bb61', 'external_fixed_ips': [{'subnet_id': '363afc98-f9da-47a9-9f2e-5d56938a7e6e', 'ip_address': '10.180.180.224'}], 'enable_snat': True}, 'description': '', 'availability_zones': [], 'distributed': False, 'ha': False, 'availability_zone_hints': [], 'routes': [], 'flavor_id': None, 'tags': [], 'created_at': '2025-12-10T13:26:49Z', 'updated_at': '2025-12-10T13:26:49Z', 'revision_number': 2, 'project_id': '02210a890f0448929c85259fe31812c3'}
2025-12-10 13:26:51.564 65980 INFO tempest.lib.common.rest_client [req-8650a039-5447-4e51-b893-c7b59568ede6 req-8650a039-5447-4e51-b893-c7b59568ede6 ] Request (ListServersNegativeTestJSON:setUpClass): 201 POST http://10.180.1.21/identity/v3/auth/tokens 0.138s
2025-12-10 13:26:51.637 65980 INFO tempest.lib.common.rest_client [req-b0a4e6fd-84c0-4a36-a838-05417e3754fe req-b0a4e6fd-84c0-4a36-a838-05417e3754fe ] Request (ListServersNegativeTestJSON:setUpClass): 201 POST http://10.180.1.21/identity/v3/auth/tokens 0.070s
2025-12-10 13:26:51.638 65980 INFO tempest.lib.common.fixed_network [-] (ListServersNegativeTestJSON:setUpClass) Found network {'id': 'f7e61509-aac8-4ac8-ad28-e98acfc41baf', 'name': 'tempest-ListServersNegativeTestJSON-1389597362-network', 'tenant_id': '02210a890f0448929c85259fe31812c3', 'project_id': '02210a890f0448929c85259fe31812c3', 'admin_state_up': True, 'mtu': 8950, 'status': 'ACTIVE', 'subnets': [], 'shared': False, 'port_security_enabled': True, 'router:external': False, 'provider:network_type': 'vlan', 'provider:physical_network': 'default', 'provider:segmentation_id': 124, 'availability_zone_hints': [], 'availability_zones': [], 'ipv4_address_scope': None, 'ipv6_address_scope': None, 'description': '', 'tags': [], 'created_at': '2025-12-10T13:26:48Z', 'updated_at': '2025-12-10T13:26:48Z', 'revision_number': 1} available for tenant
2025-12-10 13:26:51.856 65964 INFO tempest.lib.common.rest_client [req-e53e3032-bb4f-4737-b346-f2afadbe2223 req-e53e3032-bb4f-4737-b346-f2afadbe2223 ] Request (ServersAdminNegativeTestJSON:test_migrate_server_invalid_state): 200 GET http://10.180.1.21/compute/v2.1/servers/81753bd1-d785-460c-9da1-6fb6d5587c37 6.316s
2025-12-10 13:26:51.863 65964 INFO tempest.common.waiters [-] State transition "BUILD/None" ==> "BUILD/spawning" after 7 second wait
2025-12-10 13:26:52.166 65934 INFO tempest.lib.common.rest_client [req-e8295720-e140-4cd6-882b-fbded2f6738d req-e8295720-e140-4cd6-882b-fbded2f6738d ] Request (ServersAdminTestJSON:setUpClass): 202 POST http://10.180.1.21/compute/v2.1/servers 6.459s
2025-12-10 13:26:52.231 65934 INFO tempest.lib.common.rest_client [req-7c313610-f0d2-470c-99b7-97b480385756 req-7c313610-f0d2-470c-99b7-97b480385756 ] Request (ServersAdminTestJSON:setUpClass): 201 POST http://10.180.1.21/identity/v3/auth/tokens 0.054s
2025-12-10 13:26:52.232 65934 INFO tempest.lib.common.fixed_network [-] (ServersAdminTestJSON:setUpClass) Found network {'id': 'be61b9c3-5c86-45dc-801e-c2c2bfeb312b', 'name': 'tempest-ServersAdminTestJSON-1495029991-network', 'tenant_id': '7fc5ad39ed67412d8e8fb236dbe8c3ae', 'project_id': '7fc5ad39ed67412d8e8fb236dbe8c3ae', 'admin_state_up': True, 'mtu': 8950, 'status': 'ACTIVE', 'subnets': [], 'shared': False, 'port_security_enabled': True, 'router:external': False, 'provider:network_type': 'vlan', 'provider:physical_network': 'default', 'provider:segmentation_id': 591, 'availability_zone_hints': [], 'availability_zones': [], 'ipv4_address_scope': None, 'ipv6_address_scope': None, 'description': '', 'tags': [], 'created_at': '2025-12-10T13:26:39Z', 'updated_at': '2025-12-10T13:26:39Z', 'revision_number': 1} available for tenant
2025-12-10 13:26:52.338 65954 INFO tempest.lib.common.rest_client [req-840b033c-ce82-47f5-aaad-313c9188f8b7 req-840b033c-ce82-47f5-aaad-313c9188f8b7 ] Request (ServersAdmin275Test:test_rebuild_update_server_275): 202 POST http://10.180.1.21/compute/v2.1/servers/5443c301-11ca-495e-b7c2-444692b53dbe/action 6.618s
2025-12-10 13:26:52.355 65968 INFO tempest.lib.common.rest_client [req-2d409513-1f16-41d4-977b-27e8f1345705 req-2d409513-1f16-41d4-977b-27e8f1345705 ] Request (QuotasAdminNegativeTest:test_create_server_when_cpu_quota_is_full): 200 PUT http://10.180.1.21/compute/v2.1/os-quota-sets/e0c6e2c9ba7348f7928c0b9652b8a012 6.498s
2025-12-10 13:26:52.384 65940 INFO tempest.lib.common.rest_client [req-367152e0-64ea-4fc4-a283-95db76e13036 req-367152e0-64ea-4fc4-a283-95db76e13036 ] Request (KeyPairsV2TestJSON:test_keypairs_create_list_delete): 200 POST http://10.180.1.21/compute/v2.1/os-keypairs 6.272s
2025-12-10 13:26:52.408 65993 INFO tempest.lib.common.rest_client [req-32270102-cfdf-41ed-a9c9-d3f22b3e23a4 req-32270102-cfdf-41ed-a9c9-d3f22b3e23a4 ] Request (FlavorsAdminTestJSON:_run_cleanups): 202 DELETE http://10.180.1.21/compute/v2.1/flavors/b7b5b6a0-1449-4a53-a19a-5169977306ef 6.216s
2025-12-10 13:26:52.449 65950 INFO tempest.lib.common.rest_client [req-de4cfabe-0551-4d18-8c58-18bd87d77852 req-de4cfabe-0551-4d18-8c58-18bd87d77852 ] Request (ImagesMetadataTestJSON:test_set_image_metadata): 200 GET http://10.180.1.21/compute/v2.1/images/03a449ef-21d8-4e8e-88e3-ba1e16b017a3/metadata 6.105s
2025-12-10 13:26:52.449 65968 INFO tempest.lib.common.rest_client [req-e1d508dc-222c-4b3c-9c0d-9a14d68fe790 req-e1d508dc-222c-4b3c-9c0d-9a14d68fe790 ] Request (QuotasAdminNegativeTest:test_create_server_when_cpu_quota_is_full): 201 POST http://10.180.1.21/identity/v3/auth/tokens 0.084s
2025-12-10 13:26:52.450 65968 INFO tempest.lib.common.fixed_network [-] (QuotasAdminNegativeTest:test_create_server_when_cpu_quota_is_full) Found network None available for tenant
2025-12-10 13:26:52.453 65986 INFO tempest.lib.common.rest_client [req-fc9a540c-b9bb-4f33-b69e-fc99ca904300 req-fc9a540c-b9bb-4f33-b69e-fc99ca904300 ] Request (ServicesAdminNegativeTestJSON:test_list_services_with_non_admin_user): 403 GET http://10.180.1.21/compute/v2.1/os-services 6.315s
2025-12-10 13:26:52.478 65972 INFO tempest.lib.common.rest_client [req-331e2926-6407-40c5-8080-07e7f3a07aee req-331e2926-6407-40c5-8080-07e7f3a07aee ] Request (ServerDiagnosticsNegativeTest:tearDownClass): 404 GET http://10.180.1.21/compute/v2.1/servers/9287eb56-c02f-4f3f-8425-58a07dc05e69 6.028s
2025-12-10 13:26:52.529 65986 INFO tempest.lib.common.rest_client [req-7b4a1300-82a5-4112-b005-2059d4332a92 req-7b4a1300-82a5-4112-b005-2059d4332a92 ] Request (ServicesAdminNegativeTestJSON:tearDownClass): 204 DELETE http://10.180.1.21/identity/v3/users/d61a9af748154ef4812438957435bd78 0.074s
2025-12-10 13:26:52.565 65972 INFO tempest.lib.common.rest_client [req-e3fa942a-6eb2-4c7c-91d9-f3cb2aed2fa0 req-e3fa942a-6eb2-4c7c-91d9-f3cb2aed2fa0 ] Request (ServerDiagnosticsNegativeTest:tearDownClass): 204 DELETE http://10.180.1.21/identity/v3/users/7848c1027ba34851aa57d5189b2d695e 0.086s
2025-12-10 13:26:52.605 65975 INFO tempest.lib.common.rest_client [req-5ec8719e-4a6d-41ee-92ec-3c0569c39db7 req-5ec8719e-4a6d-41ee-92ec-3c0569c39db7 ] Request (MigrationsAdminTest:test_list_migrations_in_flavor_resize_situation): 200 GET http://10.180.1.21/compute/v2.1/servers/50c42a1a-8515-49cf-ae46-2b354191c914 5.986s
2025-12-10 13:26:52.669 65972 INFO tempest.lib.common.rest_client [req-72cbe013-2149-4785-bc13-688a2e8bcde8 req-72cbe013-2149-4785-bc13-688a2e8bcde8 ] Request (ServerDiagnosticsNegativeTest:tearDownClass): 204 DELETE http://10.180.1.21/identity/v3/users/5170b07934b444838215db59e9a9877b 0.103s
2025-12-10 13:26:52.669 65972 INFO tempest.lib.common.dynamic_creds [-] Deleting project and security group for project: 1bf700729e3742c898a760ee88bbee26
2025-12-10 13:26:52.684 65986 INFO tempest.lib.common.rest_client [req-f861001f-4df2-4fe5-8748-e959c50430e5 req-f861001f-4df2-4fe5-8748-e959c50430e5 ] Request (ServicesAdminNegativeTestJSON:tearDownClass): 204 DELETE http://10.180.1.21/identity/v3/users/7b63c7f731c54f3f9d0c83c6e1b5df4f 0.153s
2025-12-10 13:26:52.685 65986 INFO tempest.lib.common.dynamic_creds [-] Deleting project and security group for project: 9e4643e4fafe485680981e00414f87c6
2025-12-10 13:26:52.743 65994 INFO tempest.lib.common.rest_client [req-2a4da695-11f8-4afd-9036-220453c43c33 req-2a4da695-11f8-4afd-9036-220453c43c33 ] Request (ServersAaction247Test:test_create_backup): 200 GET http://10.180.1.21/compute/v2.1/servers/502fbfec-e7d3-4dfa-a744-3c3aceacecc2 6.299s
2025-12-10 13:26:52.760 65994 INFO tempest.common.waiters [-] State transition "BUILD/spawning" ==> "ACTIVE/None" after 18 second wait
2025-12-10 13:26:52.780 65972 INFO tempest.lib.common.rest_client [req-be4b4f32-0a71-4953-8ae1-ba775bc1e78f req-be4b4f32-0a71-4953-8ae1-ba775bc1e78f ] Request (ServerDiagnosticsNegativeTest:tearDownClass): 201 POST http://10.180.1.21/identity/v3/auth/tokens 0.111s
2025-12-10 13:26:52.811 65986 INFO tempest.lib.common.rest_client [req-33abe566-de5d-4b6a-888a-77f29796eb1a req-33abe566-de5d-4b6a-888a-77f29796eb1a ] Request (ServicesAdminNegativeTestJSON:tearDownClass): 201 POST http://10.180.1.21/identity/v3/auth/tokens 0.126s
2025-12-10 13:26:52.883 65942 INFO tempest.lib.common.rest_client [req-e9b2d19f-442f-4681-8e27-457b49cd591e req-e9b2d19f-442f-4681-8e27-457b49cd591e ] Request (FlavorsV2TestJSON:test_get_flavor): 200 GET http://10.180.1.21/compute/v2.1/flavors/42 6.233s
2025-12-10 13:26:53.002 65972 INFO tempest.lib.common.rest_client [req-ef0ed3f1-076d-42dd-8733-6f4b498be4c6 req-ef0ed3f1-076d-42dd-8733-6f4b498be4c6 ] Request (ServerDiagnosticsNegativeTest:tearDownClass): 200 GET http://10.180.1.21/networking/v2.0/security-groups?tenant_id=1bf700729e3742c898a760ee88bbee26&name=default 0.221s
2025-12-10 13:26:53.035 65986 INFO tempest.lib.common.rest_client [req-9812862f-f909-49f8-b9c6-cbd640fd46ec req-9812862f-f909-49f8-b9c6-cbd640fd46ec ] Request (ServicesAdminNegativeTestJSON:tearDownClass): 200 GET http://10.180.1.21/networking/v2.0/security-groups?tenant_id=9e4643e4fafe485680981e00414f87c6&name=default 0.223s
2025-12-10 13:26:53.042 65996 INFO tempest.lib.common.rest_client [req-c5f2cd59-aa30-42b3-944f-cbcac03932c0 req-c5f2cd59-aa30-42b3-944f-cbcac03932c0 ] Request (ImagesTestJSON:test_create_image_from_stopped_server): 200 GET http://10.180.1.21/compute/v2.1/servers/bdcb5b8d-9f98-41a3-aa53-a3e15c2d8407 6.223s
2025-12-10 13:26:53.052 65996 INFO tempest.common.waiters [-] State transition "BUILD/spawning" ==> "ACTIVE/None" after 27 second wait
2025-12-10 13:26:53.056 65938 INFO tempest.lib.common.rest_client [req-b46e4259-b37c-4071-b65f-52bcdff8f8fc req-b46e4259-b37c-4071-b65f-52bcdff8f8fc ] Request (QuotasAdminTestJSON:test_delete_quota): 202 DELETE http://10.180.1.21/compute/v2.1/os-quota-sets/62e3484d43494e5481ff5cd950a70d87 6.017s
2025-12-10 13:26:53.180 65972 INFO tempest.lib.common.rest_client [req-a5ba2309-b37d-42f8-b3d0-980ae3d2feb3 req-a5ba2309-b37d-42f8-b3d0-980ae3d2feb3 ] Request (ServerDiagnosticsNegativeTest:tearDownClass): 204 DELETE http://10.180.1.21/networking/v2.0/security-groups/ac722568-6ac1-4d55-8561-03b438b8fde9 0.177s
2025-12-10 13:26:53.214 65986 INFO tempest.lib.common.rest_client [req-26bd1739-7953-4b90-9967-ac09201169cc req-26bd1739-7953-4b90-9967-ac09201169cc ] Request (ServicesAdminNegativeTestJSON:tearDownClass): 204 DELETE http://10.180.1.21/networking/v2.0/security-groups/dedc1a8c-3e3c-43a1-adba-dde9c11a5261 0.179s
2025-12-10 13:26:53.237 65978 INFO tempest.lib.common.rest_client [req-eaec4cd8-bbe6-40a5-9ed9-a9bc802e62e4 req-eaec4cd8-bbe6-40a5-9ed9-a9bc802e62e4 ] Request (VolumesAssistedSnapshotsTest:test_volume_assisted_snapshot_create_delete): 200 GET http://10.180.1.21/compute/v2.1/servers/a7457675-f4fa-4c0e-8672-b4b23f2b235d 6.247s
2025-12-10 13:26:53.246 65978 INFO tempest.common.waiters [-] State transition "BUILD/spawning" ==> "ACTIVE/None" after 21 second wait
2025-12-10 13:26:53.274 65972 INFO tempest.lib.common.rest_client [req-f6c95476-becd-4e9f-b4fc-894595660f0b req-f6c95476-becd-4e9f-b4fc-894595660f0b ] Request (ServerDiagnosticsNegativeTest:tearDownClass): 204 DELETE http://10.180.1.21/identity/v3/projects/1bf700729e3742c898a760ee88bbee26 0.093s
2025-12-10 13:26:53.274 65972 INFO tempest.lib.common.dynamic_creds [-] Deleting project and security group for project: 68928cdf5f844d05bf5fe38186f77b19
2025-12-10 13:26:53.315 65986 INFO tempest.lib.common.rest_client [req-93dab887-e0fd-46e6-8e5c-1c0e512ec0df req-93dab887-e0fd-46e6-8e5c-1c0e512ec0df ] Request (ServicesAdminNegativeTestJSON:tearDownClass): 204 DELETE http://10.180.1.21/identity/v3/projects/9e4643e4fafe485680981e00414f87c6 0.098s
2025-12-10 13:26:53.315 65986 INFO tempest.lib.common.dynamic_creds [-] Deleting project and security group for project: 9e29f9f2054e404e9c7e045aff025278
2025-12-10 13:26:53.324 65972 INFO tempest.lib.common.rest_client [req-494fd53b-42fa-41b9-a52f-673419e2f1c6 req-494fd53b-42fa-41b9-a52f-673419e2f1c6 ] Request (ServerDiagnosticsNegativeTest:tearDownClass): 200 GET http://10.180.1.21/networking/v2.0/security-groups?tenant_id=68928cdf5f844d05bf5fe38186f77b19&name=default 0.050s
2025-12-10 13:26:53.355 65962 INFO tempest.lib.common.rest_client [req-1373f837-e970-4084-8ff6-e5fb50f29bfe req-1373f837-e970-4084-8ff6-e5fb50f29bfe ] Request (ImagesNegativeTestJSON:test_create_image_from_deleted_server): 200 GET http://10.180.1.21/compute/v2.1/servers/ba68b85e-fd4c-4b6f-a422-9daa34a85f19 6.163s
2025-12-10 13:26:53.457 65972 INFO tempest.lib.common.rest_client [req-be490e0d-3847-49e3-9de0-d0b642f7e981 req-be490e0d-3847-49e3-9de0-d0b642f7e981 ] Request (ServerDiagnosticsNegativeTest:tearDownClass): 204 DELETE http://10.180.1.21/networking/v2.0/security-groups/1f7d0b0e-908d-4a00-adcc-892be98a92cc 0.132s
2025-12-10 13:26:53.466 65986 INFO tempest.lib.common.rest_client [req-3938a9ee-dc46-42b8-aa7d-a5c523444c55 req-3938a9ee-dc46-42b8-aa7d-a5c523444c55 ] Request (ServicesAdminNegativeTestJSON:tearDownClass): 200 GET http://10.180.1.21/networking/v2.0/security-groups?tenant_id=9e29f9f2054e404e9c7e045aff025278&name=default 0.151s
2025-12-10 13:26:53.521 65946 INFO tempest.lib.common.rest_client [req-3da22cf6-3c3f-4a14-856c-65fc089ae2ae req-3da22cf6-3c3f-4a14-856c-65fc089ae2ae ] Request (ServersWithSpecificFlavorTestJSON:test_verify_created_server_ephemeral_disk): 200 GET http://10.180.1.21/compute/v2.1/servers/619268f7-1cf8-4c91-9cbd-fe3ed29fc74d 5.869s
2025-12-10 13:26:53.595 65956 INFO tempest.lib.common.rest_client [req-77780f3e-bdb5-480f-8450-fe2e908fe9ae req-77780f3e-bdb5-480f-8450-fe2e908fe9ae ] Request (DeleteServersAdminTestJSON:test_delete_server_while_in_error_state): 202 POST http://10.180.1.21/compute/v2.1/servers 6.430s
2025-12-10 13:26:53.629 65986 INFO tempest.lib.common.rest_client [req-40d66f62-3732-4787-9a4e-a7f081c83554 req-40d66f62-3732-4787-9a4e-a7f081c83554 ] Request (ServicesAdminNegativeTestJSON:tearDownClass): 204 DELETE http://10.180.1.21/networking/v2.0/security-groups/5ba70910-51d1-4590-8e1f-689d40b0a462 0.162s
2025-12-10 13:26:53.679 65972 INFO tempest.lib.common.rest_client [req-bbe17aa3-60e7-4347-848d-8e12cb326447 req-bbe17aa3-60e7-4347-848d-8e12cb326447 ] Request (ServerDiagnosticsNegativeTest:tearDownClass): 204 DELETE http://10.180.1.21/identity/v3/projects/68928cdf5f844d05bf5fe38186f77b19 0.222s
2025-12-10 13:26:53.704 65936 INFO tempest.lib.common.rest_client [req-0d6f9ce6-1ffe-4c90-ba8c-d0746a3b6434 req-0d6f9ce6-1ffe-4c90-ba8c-d0746a3b6434 ] Request (TenantUsagesTestJSON:setUpClass): 200 GET http://10.180.1.21/compute/v2.1/servers/457b79ac-403f-4132-aa05-f57e5bb6254c 5.825s
2025-12-10 13:26:53.719 65936 INFO tempest.common.waiters [-] State transition "BUILD/None" ==> "BUILD/spawning" after 7 second wait
2025-12-10 13:26:53.726 65976 INFO tempest.lib.common.rest_client [req-6112a655-1258-41a4-98d7-7654fe24841d req-6112a655-1258-41a4-98d7-7654fe24841d ] Request (AggregatesAdminNegativeTestJSON:_run_cleanups): 200 DELETE http://10.180.1.21/compute/v2.1/os-aggregates/3 5.513s
2025-12-10 13:26:53.753 65972 INFO tempest.lib.common.rest_client [req-078ecdc4-cd1b-4de8-b645-cb6e04901afa req-078ecdc4-cd1b-4de8-b645-cb6e04901afa ] Request (VolumesAdminNegativeTest:setUpClass): 201 POST http://10.180.1.21/identity/v3/auth/tokens 0.072s
2025-12-10 13:26:53.793 65986 INFO tempest.lib.common.rest_client [req-c283e53b-aab9-4e34-97b1-0c1deeef515f req-c283e53b-aab9-4e34-97b1-0c1deeef515f ] Request (ServicesAdminNegativeTestJSON:tearDownClass): 204 DELETE http://10.180.1.21/identity/v3/projects/9e29f9f2054e404e9c7e045aff025278 0.164s
2025-12-10 13:26:53.794 65986 INFO tempest.test [-] raised in UpdateMultiattachVolumeNegativeTest.setUpClass. Invoking tearDownClass.
2025-12-10 13:26:53.851 65972 INFO tempest.lib.common.rest_client [req-af833496-2c51-419e-92b9-b2469057aeda req-af833496-2c51-419e-92b9-b2469057aeda ] Request (VolumesAdminNegativeTest:setUpClass): 201 POST http://10.180.1.21/identity/v3/auth/tokens 0.092s
2025-12-10 13:26:53.878 65986 INFO tempest.lib.common.rest_client [req-89ad2ece-3439-4163-ab41-3b2b321a16e1 req-89ad2ece-3439-4163-ab41-3b2b321a16e1 ] Request (ServerShowV247Test:setUpClass): 201 POST http://10.180.1.21/identity/v3/auth/tokens 0.079s
2025-12-10 13:26:53.895 65970 INFO tempest.lib.common.rest_client [req-8b432c92-8c49-4da1-ba1e-5ebafa5269f3 req-8b432c92-8c49-4da1-ba1e-5ebafa5269f3 ] Request (InstanceUsageAuditLogNegativeTestJSON:test_instance_usage_audit_logs_with_nonadmin_user): 403 GET http://10.180.1.21/compute/v2.1/os-instance_usage_audit_log 5.489s
2025-12-10 13:26:53.906 65972 INFO tempest.lib.common.rest_client [req-4f347db4-2ce1-4cab-a7a3-1afca0208ae0 req-4f347db4-2ce1-4cab-a7a3-1afca0208ae0 ] Request (VolumesAdminNegativeTest:setUpClass): 200 GET http://10.180.1.21/identity/v3/domains?name=Default 0.054s
2025-12-10 13:26:53.914 65986 INFO tempest.lib.common.rest_client [req-d7a6c0ad-e7c6-4679-aa51-45055a591379 req-d7a6c0ad-e7c6-4679-aa51-45055a591379 ] Request (ServerShowV247Test:setUpClass): 201 POST http://10.180.1.21/identity/v3/auth/tokens 0.032s
2025-12-10 13:26:53.939 65986 INFO tempest.lib.common.rest_client [req-8012fdb7-a2cc-4116-ab43-176328691687 req-8012fdb7-a2cc-4116-ab43-176328691687 ] Request (ServerShowV247Test:setUpClass): 200 GET http://10.180.1.21/identity/v3/domains?name=Default 0.025s
2025-12-10 13:26:53.941 65972 INFO tempest.lib.common.rest_client [req-986caa9e-fd72-44b8-9c40-aa2d60abc7b1 req-986caa9e-fd72-44b8-9c40-aa2d60abc7b1 ] Request (VolumesAdminNegativeTest:setUpClass): 201 POST http://10.180.1.21/identity/v3/projects 0.034s
2025-12-10 13:26:54.030 65986 INFO tempest.lib.common.rest_client [req-c712c1c6-c861-4faf-90bc-c6111d7c6a98 req-c712c1c6-c861-4faf-90bc-c6111d7c6a98 ] Request (ServerShowV247Test:setUpClass): 201 POST http://10.180.1.21/identity/v3/projects 0.090s
2025-12-10 13:26:54.031 65972 INFO tempest.lib.common.rest_client [req-4c03d849-3a35-47c8-afed-7517c47a1b3e req-4c03d849-3a35-47c8-afed-7517c47a1b3e ] Request (VolumesAdminNegativeTest:setUpClass): 201 POST http://10.180.1.21/identity/v3/users 0.089s
2025-12-10 13:26:54.099 65972 INFO tempest.lib.common.rest_client [req-81e9d6c2-c2d0-43ae-b47e-b545c33a6614 req-81e9d6c2-c2d0-43ae-b47e-b545c33a6614 ] Request (VolumesAdminNegativeTest:setUpClass): 200 GET http://10.180.1.21/identity/v3/roles 0.067s
2025-12-10 13:26:54.117 65986 INFO tempest.lib.common.rest_client [req-0ce875dc-a8b6-4ba5-a97f-107eb70ca918 req-0ce875dc-a8b6-4ba5-a97f-107eb70ca918 ] Request (ServerShowV247Test:setUpClass): 201 POST http://10.180.1.21/identity/v3/users 0.086s
2025-12-10 13:26:54.148 65986 INFO tempest.lib.common.rest_client [req-3c2d2308-94f1-40f2-867b-b328d2921c1f req-3c2d2308-94f1-40f2-867b-b328d2921c1f ] Request (ServerShowV247Test:setUpClass): 200 GET http://10.180.1.21/identity/v3/roles 0.030s
2025-12-10 13:26:54.149 65972 INFO tempest.lib.common.rest_client [req-c10ae56a-e102-4b53-8fc4-fdbceaad591e req-c10ae56a-e102-4b53-8fc4-fdbceaad591e ] Request (VolumesAdminNegativeTest:setUpClass): 204 PUT http://10.180.1.21/identity/v3/projects/3231e91d6e1246deac6f1e0d98c22d22/users/dac7cec7d80e4939a1d74adbac609bf5/roles/25932b77468e4e9b993fc4568fa57241 0.049s
2025-12-10 13:26:54.149 65972 INFO tempest.lib.common.dynamic_creds [-] Dynamic test user dac7cec7d80e4939a1d74adbac609bf5 is created with scope project and roles: ['member']
2025-12-10 13:26:54.149 65972 INFO tempest.lib.common.dynamic_creds [-] Acquired dynamic creds: credentials: Credentials: {'domain_id': 'default', 'domain_name': 'Default', 'username': 'tempest-VolumesAdminNegativeTest-762662889-project-member', 'project_domain_id': 'default', 'project_domain_name': 'Default', 'project_id': '3231e91d6e1246deac6f1e0d98c22d22', 'project_name': 'tempest-VolumesAdminNegativeTest-762662889', 'tenant_id': '3231e91d6e1246deac6f1e0d98c22d22', 'tenant_name': 'tempest-VolumesAdminNegativeTest-762662889', 'user_domain_id': 'default', 'user_domain_name': 'Default', 'user_id': 'dac7cec7d80e4939a1d74adbac609bf5', 'system': None}, Network: None, Subnet: None, Router: None
2025-12-10 13:26:54.223 65972 INFO tempest.lib.common.rest_client [req-8eb3897f-913d-43f2-b1d1-6c379bdbb3dc req-8eb3897f-913d-43f2-b1d1-6c379bdbb3dc ] Request (VolumesAdminNegativeTest:setUpClass): 201 POST http://10.180.1.21/identity/v3/auth/tokens 0.072s
2025-12-10 13:26:54.248 65944 INFO tempest.lib.common.rest_client [req-3fb5d4d7-97fe-46af-b8e7-82ea08b4c2c8 req-3fb5d4d7-97fe-46af-b8e7-82ea08b4c2c8 ] Request (SecurityGroupsTestJSON:test_list_security_groups_by_server): 202 POST http://10.180.1.21/compute/v2.1/servers/fcc19893-9d39-499a-8218-f346f7efcdcb/action 6.062s
2025-12-10 13:26:54.253 65966 INFO tempest.lib.common.rest_client [req-0c0d09dd-d9d5-4e48-ab89-214e70848965 req-0c0d09dd-d9d5-4e48-ab89-214e70848965 ] Request (HostsAdminNegativeTestJSON:test_update_host_with_non_admin_user): 403 PUT http://10.180.1.21/compute/v2.1/os-hosts/devstack 4.722s
2025-12-10 13:26:54.267 65984 INFO tempest.lib.common.rest_client [req-2857f224-9037-4752-8f43-c686ce27eeac req-2857f224-9037-4752-8f43-c686ce27eeac ] Request (InstanceActionsV221TestJSON:test_get_list_deleted_instance_actions): 200 GET http://10.180.1.21/compute/v2.1/servers/4ce1b5eb-3e9d-407c-98ce-3f806eaed7ee 5.008s
2025-12-10 13:26:54.274 65986 INFO tempest.lib.common.rest_client [req-dfeb885a-eb31-4a13-83f9-4fa5f92cd52b req-dfeb885a-eb31-4a13-83f9-4fa5f92cd52b ] Request (ServerShowV247Test:setUpClass): 204 PUT http://10.180.1.21/identity/v3/projects/dc2c6433969044ef9bf2545e4d0699c3/users/4f33833f7a5244c2996c807e59dd13cf/roles/25932b77468e4e9b993fc4568fa57241 0.126s
2025-12-10 13:26:54.275 65986 INFO tempest.lib.common.dynamic_creds [-] Dynamic test user 4f33833f7a5244c2996c807e59dd13cf is created with scope project and roles: ['member']
2025-12-10 13:26:54.275 65986 INFO tempest.lib.common.dynamic_creds [-] Acquired dynamic creds: credentials: Credentials: {'domain_id': 'default', 'domain_name': 'Default', 'username': 'tempest-ServerShowV247Test-1589235205-project-member', 'project_domain_id': 'default', 'project_domain_name': 'Default', 'project_id': 'dc2c6433969044ef9bf2545e4d0699c3', 'project_name': 'tempest-ServerShowV247Test-1589235205', 'tenant_id': 'dc2c6433969044ef9bf2545e4d0699c3', 'tenant_name': 'tempest-ServerShowV247Test-1589235205', 'user_domain_id': 'default', 'user_domain_name': 'Default', 'user_id': '4f33833f7a5244c2996c807e59dd13cf', 'system': None}, Network: None, Subnet: None, Router: None
2025-12-10 13:26:54.275 65986 INFO tempest.lib.common.dynamic_creds [-] Created isolated network resources for: credentials: Credentials: {'domain_id': 'default', 'domain_name': 'Default', 'username': 'tempest-ServerShowV247Test-1589235205-project-member', 'project_domain_id': 'default', 'project_domain_name': 'Default', 'project_id': 'dc2c6433969044ef9bf2545e4d0699c3', 'project_name': 'tempest-ServerShowV247Test-1589235205', 'tenant_id': 'dc2c6433969044ef9bf2545e4d0699c3', 'tenant_name': 'tempest-ServerShowV247Test-1589235205', 'user_domain_id': 'default', 'user_domain_name': 'Default', 'user_id': '4f33833f7a5244c2996c807e59dd13cf', 'system': None}, Network: None, Subnet: None, Router: None
2025-12-10 13:26:54.279 65984 INFO tempest.common.waiters [-] State transition "BUILD/None" ==> "BUILD/networking" after 6 second wait
2025-12-10 13:26:54.280 65991 INFO tempest.lib.common.rest_client [req-e9074420-caf9-4e38-9176-f996e669954f req-e9074420-caf9-4e38-9176-f996e669954f ] Request (FlavorsExtraSpecsTestJSON:test_flavor_set_get_update_show_unset_keys): 200 GET http://10.180.1.21/compute/v2.1/flavors/399421522/os-extra_specs 4.729s
2025-12-10 13:26:54.355 65982 INFO tempest.lib.common.rest_client [req-b94bc325-6c82-49ea-8f6f-3f26656dc3f7 req-b94bc325-6c82-49ea-8f6f-3f26656dc3f7 ] Request (KeyPairsV22TestJSON:_run_cleanups): 204 DELETE http://10.180.1.21/compute/v2.1/os-keypairs/tempest-KeyPairsV22TestJSON-keypair-2048525604 4.769s
2025-12-10 13:26:54.429 65986 INFO tempest.lib.common.rest_client [req-8df6963d-4578-449f-8420-b05a71ba2ae3 req-8df6963d-4578-449f-8420-b05a71ba2ae3 ] Request (ServerShowV247Test:setUpClass): 201 POST http://10.180.1.21/identity/v3/auth/tokens 0.147s
2025-12-10 13:26:54.514 65961 INFO tempest.lib.common.rest_client [req-45e67ddd-81b4-4332-b769-0c779a3e92ee req-45e67ddd-81b4-4332-b769-0c779a3e92ee ] Request (FlavorsAccessNegativeTestJSON:test_flavor_non_admin_add): 403 POST http://10.180.1.21/compute/v2.1/flavors/638575865/action 4.940s
2025-12-10 13:26:54.579 65986 INFO tempest.lib.common.rest_client [req-dd1f08c7-426f-460e-9eb3-3b5ca8ca8d63 req-dd1f08c7-426f-460e-9eb3-3b5ca8ca8d63 ] Request (ServerShowV247Test:setUpClass): 200 GET http://10.180.1.21/identity/v3/projects/dc2c6433969044ef9bf2545e4d0699c3 0.150s
2025-12-10 13:26:54.580 65986 INFO tempest.lib.common.dynamic_creds [-] Using the existing project dc2c6433969044ef9bf2545e4d0699c3 for scope project and roles: ['reader']
2025-12-10 13:26:54.617 65986 INFO tempest.lib.common.rest_client [req-d71389bc-3d57-4d5f-b698-a4e1c9500bf5 req-d71389bc-3d57-4d5f-b698-a4e1c9500bf5 ] Request (ServerShowV247Test:setUpClass): 201 POST http://10.180.1.21/identity/v3/users 0.036s
2025-12-10 13:26:54.641 65986 INFO tempest.lib.common.rest_client [req-6910076c-234f-4f5b-8adb-612c64027b9a req-6910076c-234f-4f5b-8adb-612c64027b9a ] Request (ServerShowV247Test:setUpClass): 200 GET http://10.180.1.21/identity/v3/roles 0.024s
2025-12-10 13:26:54.674 65986 INFO tempest.lib.common.rest_client [req-f91337a8-4d8e-4cd9-b85f-ec6b61b556af req-f91337a8-4d8e-4cd9-b85f-ec6b61b556af ] Request (ServerShowV247Test:setUpClass): 204 PUT http://10.180.1.21/identity/v3/projects/dc2c6433969044ef9bf2545e4d0699c3/users/db7452a96c6e4eae96d0f432ef0781ad/roles/eedc491d63c8429e89f0cad18e155b4a 0.032s
2025-12-10 13:26:54.674 65986 INFO tempest.lib.common.dynamic_creds [-] Dynamic test user db7452a96c6e4eae96d0f432ef0781ad is created with scope project and roles: ['reader']
2025-12-10 13:26:54.674 65986 INFO tempest.lib.common.dynamic_creds [-] Acquired dynamic creds: credentials: Credentials: {'domain_id': 'default', 'domain_name': 'Default', 'username': 'tempest-ServerShowV247Test-1589235205-project-reader', 'project_domain_id': 'default', 'project_domain_name': 'Default', 'project_id': 'dc2c6433969044ef9bf2545e4d0699c3', 'project_name': 'tempest-ServerShowV247Test-1589235205', 'tenant_id': 'dc2c6433969044ef9bf2545e4d0699c3', 'tenant_name': 'tempest-ServerShowV247Test-1589235205', 'user_domain_id': 'default', 'user_domain_name': 'Default', 'user_id': 'db7452a96c6e4eae96d0f432ef0781ad', 'system': None}, Network: None, Subnet: None, Router: None
2025-12-10 13:26:54.674 65986 INFO tempest.lib.common.dynamic_creds [-] Network resources are not created for requested scope: project and credentials: Credentials: {'domain_id': 'default', 'domain_name': 'Default', 'username': 'tempest-ServerShowV247Test-1589235205-project-reader', 'project_domain_id': 'default', 'project_domain_name': 'Default', 'project_id': 'dc2c6433969044ef9bf2545e4d0699c3', 'project_name': 'tempest-ServerShowV247Test-1589235205', 'tenant_id': 'dc2c6433969044ef9bf2545e4d0699c3', 'tenant_name': 'tempest-ServerShowV247Test-1589235205', 'user_domain_id': 'default', 'user_domain_name': 'Default', 'user_id': 'db7452a96c6e4eae96d0f432ef0781ad', 'system': None}, Network: None, Subnet: None, Router: None
2025-12-10 13:26:54.753 65986 INFO tempest.lib.common.rest_client [req-fb1353ba-a450-47ba-9cb6-bae94af68b7b req-fb1353ba-a450-47ba-9cb6-bae94af68b7b ] Request (ServerShowV247Test:setUpClass): 201 POST http://10.180.1.21/identity/v3/auth/tokens 0.075s
2025-12-10 13:26:54.785 65972 INFO tempest.lib.common.rest_client [req-0a6b3325-e923-49d9-b250-ba068b46ce70 req-0a6b3325-e923-49d9-b250-ba068b46ce70 ] Request (VolumesAdminNegativeTest:setUpClass): 201 POST http://10.180.1.21/networking/v2.0/networks 0.562s
2025-12-10 13:26:54.823 65986 INFO tempest.lib.common.rest_client [req-421848e5-e318-4c19-973c-5bdf36113ff8 req-421848e5-e318-4c19-973c-5bdf36113ff8 ] Request (ServerShowV247Test:test_show_server): 201 POST http://10.180.1.21/identity/v3/auth/tokens 0.064s
2025-12-10 13:26:54.824 65986 INFO tempest.lib.common.fixed_network [-] (ServerShowV247Test:test_show_server) Found network None available for tenant
2025-12-10 13:26:55.048 65972 INFO tempest.lib.common.rest_client [req-9583b6dc-4ada-4cb2-b1c4-47d419a646e5 req-9583b6dc-4ada-4cb2-b1c4-47d419a646e5 ] Request (VolumesAdminNegativeTest:setUpClass): 201 POST http://10.180.1.21/networking/v2.0/subnets 0.263s
2025-12-10 13:26:55.864 65972 INFO tempest.lib.common.rest_client [req-14c13c0e-31cc-4cba-b68d-5470bcafedc3 req-14c13c0e-31cc-4cba-b68d-5470bcafedc3 ] Request (VolumesAdminNegativeTest:setUpClass): 201 POST http://10.180.1.21/networking/v2.0/routers 0.815s
2025-12-10 13:26:56.014 65952 INFO tempest.lib.common.rest_client [req-2be67d49-3393-4a8e-a286-2323d49d4850 req-2be67d49-3393-4a8e-a286-2323d49d4850 ] Request (ListImageFiltersTestJSON:setUpClass): 202 POST http://10.180.1.21/compute/v2.1/servers 6.391s
2025-12-10 13:26:56.494 65988 INFO tempest.lib.common.rest_client [req-6c4b10b6-492a-4b6a-ab77-d18b6efaf961 req-6c4b10b6-492a-4b6a-ab77-d18b6efaf961 ] Request (FloatingIPDetailsTestJSON:_run_cleanups): 202 DELETE http://10.180.1.21/compute/v2.1/os-floating-ips/408fcea3-d0b5-4da9-9a0b-5cec3ddc4456 6.044s
2025-12-10 13:26:57.075 65972 INFO tempest.lib.common.rest_client [req-225fce3c-feb1-43e5-8a5d-0dba085ad0bb req-225fce3c-feb1-43e5-8a5d-0dba085ad0bb ] Request (VolumesAdminNegativeTest:setUpClass): 200 PUT http://10.180.1.21/networking/v2.0/routers/3a35e586-3f2a-4e76-a561-61a75e182b7b/add_router_interface 1.210s
2025-12-10 13:26:57.075 65972 INFO tempest.lib.common.dynamic_creds [-] Created isolated network resources for: credentials: Credentials: {'domain_id': 'default', 'domain_name': 'Default', 'username': 'tempest-VolumesAdminNegativeTest-762662889-project-member', 'project_domain_id': 'default', 'project_domain_name': 'Default', 'project_id': '3231e91d6e1246deac6f1e0d98c22d22', 'project_name': 'tempest-VolumesAdminNegativeTest-762662889', 'tenant_id': '3231e91d6e1246deac6f1e0d98c22d22', 'tenant_name': 'tempest-VolumesAdminNegativeTest-762662889', 'user_domain_id': 'default', 'user_domain_name': 'Default', 'user_id': 'dac7cec7d80e4939a1d74adbac609bf5', 'system': None}, Network: {'id': 'e92da775-ab9e-440c-8a5f-39e02d1b0ba1', 'name': 'tempest-VolumesAdminNegativeTest-159230855-network', 'tenant_id': '3231e91d6e1246deac6f1e0d98c22d22', 'project_id': '3231e91d6e1246deac6f1e0d98c22d22', 'admin_state_up': True, 'mtu': 8950, 'status': 'ACTIVE', 'subnets': [], 'shared': False, 'port_security_enabled': True, 'router:external': False, 'provider:network_type': 'vlan', 'provider:physical_network': 'default', 'provider:segmentation_id': 39, 'availability_zone_hints': [], 'availability_zones': [], 'ipv4_address_scope': None, 'ipv6_address_scope': None, 'description': '', 'tags': [], 'created_at': '2025-12-10T13:26:54Z', 'updated_at': '2025-12-10T13:26:54Z', 'revision_number': 1}, Subnet: {'id': 'b40650b7-f53e-4dfe-b08e-14d5ffa40026', 'name': 'tempest-VolumesAdminNegativeTest-159230855-subnet', 'tenant_id': '3231e91d6e1246deac6f1e0d98c22d22', 'network_id': 'e92da775-ab9e-440c-8a5f-39e02d1b0ba1', 'ip_version': 4, 'subnetpool_id': None, 'enable_dhcp': True, 'ipv6_ra_mode': None, 'ipv6_address_mode': None, 'gateway_ip': '192.168.128.1', 'cidr': '192.168.128.0/28', 'allocation_pools': [{'start': '192.168.128.2', 'end': '192.168.128.14'}], 'host_routes': [], 'dns_nameservers': [], 'description': '', 'router:external': False, 'service_types': [], 'tags': [], 'created_at': '2025-12-10T13:26:54Z', 'updated_at': '2025-12-10T13:26:54Z', 'revision_number': 0, 'project_id': '3231e91d6e1246deac6f1e0d98c22d22'}, Router: {'id': '3a35e586-3f2a-4e76-a561-61a75e182b7b', 'name': 'tempest-VolumesAdminNegativeTest-159230855-router', 'tenant_id': '3231e91d6e1246deac6f1e0d98c22d22', 'admin_state_up': True, 'status': 'ACTIVE', 'external_gateway_info': {'network_id': '56529eb0-626d-40e2-810c-7d981938bb61', 'external_fixed_ips': [{'subnet_id': '363afc98-f9da-47a9-9f2e-5d56938a7e6e', 'ip_address': '10.180.180.205'}], 'enable_snat': True}, 'description': '', 'availability_zones': [], 'distributed': False, 'ha': False, 'availability_zone_hints': [], 'routes': [], 'flavor_id': None, 'tags': [], 'created_at': '2025-12-10T13:26:55Z', 'updated_at': '2025-12-10T13:26:55Z', 'revision_number': 2, 'project_id': '3231e91d6e1246deac6f1e0d98c22d22'}
2025-12-10 13:26:57.184 65972 INFO tempest.lib.common.rest_client [req-4c5eda57-2381-4a65-b1fc-e23b4db3ec7b req-4c5eda57-2381-4a65-b1fc-e23b4db3ec7b ] Request (VolumesAdminNegativeTest:setUpClass): 201 POST http://10.180.1.21/identity/v3/auth/tokens 0.102s
2025-12-10 13:26:57.254 65972 INFO tempest.lib.common.rest_client [req-74d01052-2a36-4fb2-8716-eb3be5c0d18d req-74d01052-2a36-4fb2-8716-eb3be5c0d18d ] Request (VolumesAdminNegativeTest:setUpClass): 201 POST http://10.180.1.21/identity/v3/projects 0.069s
2025-12-10 13:26:57.309 65948 INFO tempest.lib.common.rest_client [req-1835180e-4872-442e-94b5-9390ec4d5702 req-1835180e-4872-442e-94b5-9390ec4d5702 ] Request (ServerAddressesNegativeTestJSON:setUpClass): 202 POST http://10.180.1.21/compute/v2.1/servers 6.739s
2025-12-10 13:26:57.355 65972 INFO tempest.lib.common.rest_client [req-b482d6c7-28c3-425c-8854-bf58a971e404 req-b482d6c7-28c3-425c-8854-bf58a971e404 ] Request (VolumesAdminNegativeTest:setUpClass): 201 POST http://10.180.1.21/identity/v3/users 0.100s
2025-12-10 13:26:57.381 65972 INFO tempest.lib.common.rest_client [req-ca58bba0-0bf1-4954-b4e2-cdc508e5c83e req-ca58bba0-0bf1-4954-b4e2-cdc508e5c83e ] Request (VolumesAdminNegativeTest:setUpClass): 200 GET http://10.180.1.21/identity/v3/roles 0.025s
2025-12-10 13:26:57.418 65972 INFO tempest.lib.common.rest_client [req-22ccc463-f1b8-4826-8c50-fe67c5595507 req-22ccc463-f1b8-4826-8c50-fe67c5595507 ] Request (VolumesAdminNegativeTest:setUpClass): 204 PUT http://10.180.1.21/identity/v3/projects/044158b0668c4a01b53704d14ad99153/users/40940736742d4b1483ddec0487dd78fa/roles/638f4a5f713541ebbcbfc20f87a63575 0.036s
2025-12-10 13:26:57.495 65972 INFO tempest.lib.common.rest_client [req-2c6a8a38-f6ba-4142-ad3b-bfae4b541a77 req-2c6a8a38-f6ba-4142-ad3b-bfae4b541a77 ] Request (VolumesAdminNegativeTest:setUpClass): 200 GET http://10.180.1.21/identity/v3/roles 0.077s
2025-12-10 13:26:57.528 65972 INFO tempest.lib.common.rest_client [req-44329dd0-2cc6-461e-98ff-493ca7f5b18f req-44329dd0-2cc6-461e-98ff-493ca7f5b18f ] Request (VolumesAdminNegativeTest:setUpClass): 204 PUT http://10.180.1.21/identity/v3/projects/044158b0668c4a01b53704d14ad99153/users/40940736742d4b1483ddec0487dd78fa/roles/638f4a5f713541ebbcbfc20f87a63575 0.032s
2025-12-10 13:26:57.528 65972 INFO tempest.lib.common.dynamic_creds [-] Dynamic test user 40940736742d4b1483ddec0487dd78fa is created with scope project and roles: ['admin']
2025-12-10 13:26:57.529 65972 INFO tempest.lib.common.dynamic_creds [-] Acquired dynamic creds: credentials: Credentials: {'domain_id': 'default', 'domain_name': 'Default', 'username': 'tempest-VolumesAdminNegativeTest-1329499170-project-admin', 'project_domain_id': 'default', 'project_domain_name': 'Default', 'project_id': '044158b0668c4a01b53704d14ad99153', 'project_name': 'tempest-VolumesAdminNegativeTest-1329499170', 'tenant_id': '044158b0668c4a01b53704d14ad99153', 'tenant_name': 'tempest-VolumesAdminNegativeTest-1329499170', 'user_domain_id': 'default', 'user_domain_name': 'Default', 'user_id': '40940736742d4b1483ddec0487dd78fa', 'system': None}, Network: None, Subnet: None, Router: None
2025-12-10 13:26:57.905 65972 INFO tempest.lib.common.rest_client [req-653a1dae-4c47-4921-989e-94d8619f7128 req-653a1dae-4c47-4921-989e-94d8619f7128 ] Request (VolumesAdminNegativeTest:setUpClass): 201 POST http://10.180.1.21/networking/v2.0/networks 0.376s
2025-12-10 13:26:58.246 65980 INFO tempest.lib.common.rest_client [req-e9b714ca-ac19-4dbb-ae1d-2123a5a4e6d5 req-e9b714ca-ac19-4dbb-ae1d-2123a5a4e6d5 ] Request (ListServersNegativeTestJSON:setUpClass): 202 POST http://10.180.1.21/compute/v2.1/servers 6.608s
2025-12-10 13:26:58.728 65972 INFO tempest.lib.common.rest_client [req-dc3fe353-6fb5-4fc6-8435-39337113b649 req-dc3fe353-6fb5-4fc6-8435-39337113b649 ] Request (VolumesAdminNegativeTest:setUpClass): 201 POST http://10.180.1.21/networking/v2.0/subnets 0.822s
2025-12-10 13:26:58.848 65954 INFO tempest.lib.common.rest_client [req-6b1d37b7-b175-4521-904a-fa2156b0d7fc req-6b1d37b7-b175-4521-904a-fa2156b0d7fc ] Request (ServersAdmin275Test:_run_cleanups): 200 GET http://10.180.1.21/compute/v2.1/servers/5443c301-11ca-495e-b7c2-444692b53dbe 6.498s
2025-12-10 13:26:58.889 65940 INFO tempest.lib.common.rest_client [req-8521446b-3c2f-4050-81d5-272da23c5f71 req-8521446b-3c2f-4050-81d5-272da23c5f71 ] Request (KeyPairsV2TestJSON:test_keypairs_create_list_delete): 200 POST http://10.180.1.21/compute/v2.1/os-keypairs 6.503s
2025-12-10 13:26:58.915 65993 INFO tempest.lib.common.rest_client [req-25afab74-3e32-47b8-9d95-42d127084a9e req-25afab74-3e32-47b8-9d95-42d127084a9e ] Request (FlavorsAdminTestJSON:_run_cleanups): 200 GET http://10.180.1.21/compute/v2.1/flavors/detail 6.502s
2025-12-10 13:26:59.166 65934 INFO tempest.lib.common.rest_client [req-e2dd26ba-3828-4728-a4e8-410bc2f5852c req-e2dd26ba-3828-4728-a4e8-410bc2f5852c ] Request (ServersAdminTestJSON:setUpClass): 202 POST http://10.180.1.21/compute/v2.1/servers 6.934s
2025-12-10 13:26:59.192 65950 INFO tempest.lib.common.rest_client [req-74546c7e-c31c-4400-856e-11b2637a2846 req-74546c7e-c31c-4400-856e-11b2637a2846 ] Request (ImagesMetadataTestJSON:setUp): 200 PUT http://10.180.1.21/compute/v2.1/images/03a449ef-21d8-4e8e-88e3-ba1e16b017a3/metadata 6.741s
2025-12-10 13:26:59.548 65968 INFO tempest.lib.common.rest_client [req-e9e7659a-d2cb-43a3-ade9-b72853588b47 req-e9e7659a-d2cb-43a3-ade9-b72853588b47 ] Request (QuotasAdminNegativeTest:test_create_server_when_cpu_quota_is_full): 403 POST http://10.180.1.21/compute/v2.1/servers 7.097s
2025-12-10 13:26:59.738 65964 INFO tempest.lib.common.rest_client [req-0bc50f51-a9c4-4651-bd5f-67bcbad46eb0 req-0bc50f51-a9c4-4651-bd5f-67bcbad46eb0 ] Request (ServersAdminNegativeTestJSON:test_migrate_server_invalid_state): 200 GET http://10.180.1.21/compute/v2.1/servers/81753bd1-d785-460c-9da1-6fb6d5587c37 6.873s
2025-12-10 13:26:59.740 65972 INFO tempest.lib.common.rest_client [req-ec500b6d-8f1d-4b5e-ae72-c1c298324bce req-ec500b6d-8f1d-4b5e-ae72-c1c298324bce ] Request (VolumesAdminNegativeTest:setUpClass): 201 POST http://10.180.1.21/networking/v2.0/routers 1.011s
2025-12-10 13:26:59.764 65942 INFO tempest.lib.common.rest_client [req-0c6e2df7-d8a8-446e-ab98-75fc6613aa05 req-0c6e2df7-d8a8-446e-ab98-75fc6613aa05 ] Request (FlavorsV2TestJSON:test_list_flavors): 200 GET http://10.180.1.21/compute/v2.1/flavors 6.876s
2025-12-10 13:26:59.795 65994 INFO tempest.lib.common.rest_client [req-8f918b8c-beae-4e2b-81f1-ab9f8c5fc32e req-8f918b8c-beae-4e2b-81f1-ab9f8c5fc32e ] Request (ServersAaction247Test:test_create_backup): 202 POST http://10.180.1.21/compute/v2.1/servers/502fbfec-e7d3-4dfa-a744-3c3aceacecc2/action 7.034s
2025-12-10 13:26:59.863 65996 INFO tempest.lib.common.rest_client [req-d6cc175e-0c68-4fcc-95db-06b4c14293c6 req-d6cc175e-0c68-4fcc-95db-06b4c14293c6 ] Request (ImagesTestJSON:test_create_image_from_stopped_server): 202 POST http://10.180.1.21/compute/v2.1/servers/bdcb5b8d-9f98-41a3-aa53-a3e15c2d8407/action 6.810s
2025-12-10 13:26:59.914 65938 INFO tempest.lib.common.rest_client [req-01068799-d792-4bed-b29e-0d3781f97f2a req-01068799-d792-4bed-b29e-0d3781f97f2a ] Request (QuotasAdminTestJSON:test_delete_quota): 200 GET http://10.180.1.21/compute/v2.1/os-quota-sets/62e3484d43494e5481ff5cd950a70d87 6.857s
2025-12-10 13:27:00.027 65978 INFO tempest.lib.common.rest_client [req-e87042d1-4098-419e-b579-81f24898e761 req-e87042d1-4098-419e-b579-81f24898e761 ] Request (VolumesAssistedSnapshotsTest:test_volume_assisted_snapshot_create_delete): 200 GET http://10.180.1.21/compute/v2.1/servers/a7457675-f4fa-4c0e-8672-b4b23f2b235d/os-interface 6.780s
2025-12-10 13:27:00.044 65938 INFO tempest.lib.common.rest_client [req-85da3c38-7cf9-4b2a-a745-dfc814c0a295 req-85da3c38-7cf9-4b2a-a745-dfc814c0a295 ] Request (QuotasAdminTestJSON:_run_cleanups): 204 DELETE http://10.180.1.21/identity/v3/projects/62e3484d43494e5481ff5cd950a70d87 0.126s
2025-12-10 13:27:00.066 65956 INFO tempest.lib.common.rest_client [req-ae36110d-24de-4b0e-808e-e446ba24e916 req-ae36110d-24de-4b0e-808e-e446ba24e916 ] Request (DeleteServersAdminTestJSON:test_delete_server_while_in_error_state): 200 GET http://10.180.1.21/compute/v2.1/servers/3394fd7d-55f5-453d-82f1-3f9347fff982 6.467s
2025-12-10 13:27:00.080 65976 INFO tempest.lib.common.rest_client [req-7658a51c-9713-4e14-92b2-980caaf41966 req-7658a51c-9713-4e14-92b2-980caaf41966 ] Request (AggregatesAdminNegativeTestJSON:test_aggregate_create_aggregate_name_length_exceeds_255): 400 POST http://10.180.1.21/compute/v2.1/os-aggregates 6.352s
