2025-12-10 13:27:07.930 65988 INFO tempest.lib.common.rest_client [req-233aa9b7-d3f5-47fa-a1a6-f845d720b26d req-233aa9b7-d3f5-47fa-a1a6-f845d720b26d ] Request (FloatingIPDetailsTestJSON:tearDownClass): 202 DELETE http://10.180.1.21/compute/v2.1/os-floating-ips/d03cf945-c0ff-4185-83b3-8251d309b331 3.954s
2025-12-10 13:27:07.933 65991 INFO tempest.lib.common.rest_client [req-133e6624-cf96-4e16-a7af-66d6d1e933e7 req-133e6624-cf96-4e16-a7af-66d6d1e933e7 ] Request (FlavorsExtraSpecsNegativeTestJSON:setUpClass): 204 PUT http://10.180.1.21/identity/v3/projects/01262adce5f6400fb388ad7aadf8efb5/users/5c15d0a1e7384494883b75cdd0437faf/roles/25932b77468e4e9b993fc4568fa57241 0.044s
2025-12-10 13:27:07.933 65991 INFO tempest.lib.common.dynamic_creds [-] Dynamic test user 5c15d0a1e7384494883b75cdd0437faf is created with scope project and roles: ['member']
2025-12-10 13:27:07.934 65991 INFO tempest.lib.common.dynamic_creds [-] Acquired dynamic creds: credentials: Credentials: {'domain_id': 'default', 'domain_name': 'Default', 'username': 'tempest-FlavorsExtraSpecsNegativeTestJSON-1661524606-project-member', 'project_domain_id': 'default', 'project_domain_name': 'Default', 'project_id': '01262adce5f6400fb388ad7aadf8efb5', 'project_name': 'tempest-FlavorsExtraSpecsNegativeTestJSON-1661524606', 'tenant_id': '01262adce5f6400fb388ad7aadf8efb5', 'tenant_name': 'tempest-FlavorsExtraSpecsNegativeTestJSON-1661524606', 'user_domain_id': 'default', 'user_domain_name': 'Default', 'user_id': '5c15d0a1e7384494883b75cdd0437faf', 'system': None}, Network: None, Subnet: None, Router: None
2025-12-10 13:27:07.934 65991 INFO tempest.lib.common.dynamic_creds [-] Created isolated network resources for: credentials: Credentials: {'domain_id': 'default', 'domain_name': 'Default', 'username': 'tempest-FlavorsExtraSpecsNegativeTestJSON-1661524606-project-member', 'project_domain_id': 'default', 'project_domain_name': 'Default', 'project_id': '01262adce5f6400fb388ad7aadf8efb5', 'project_name': 'tempest-FlavorsExtraSpecsNegativeTestJSON-1661524606', 'tenant_id': '01262adce5f6400fb388ad7aadf8efb5', 'tenant_name': 'tempest-FlavorsExtraSpecsNegativeTestJSON-1661524606', 'user_domain_id': 'default', 'user_domain_name': 'Default', 'user_id': '5c15d0a1e7384494883b75cdd0437faf', 'system': None}, Network: None, Subnet: None, Router: None
2025-12-10 13:27:08.000 65966 INFO tempest.lib.common.rest_client [req-7ec301f9-6818-4a10-9f4e-ff158ec1eb89 req-7ec301f9-6818-4a10-9f4e-ff158ec1eb89 ] Request (AbsoluteLimitsNegativeTestJSON:setUpClass): 204 PUT http://10.180.1.21/identity/v3/projects/2636612f30a14e298b9116a733d523c7/users/3e9318c40b614387b7ed99342d573628/roles/25932b77468e4e9b993fc4568fa57241 0.092s
2025-12-10 13:27:08.000 65966 INFO tempest.lib.common.dynamic_creds [-] Dynamic test user 3e9318c40b614387b7ed99342d573628 is created with scope project and roles: ['member']
2025-12-10 13:27:08.001 65966 INFO tempest.lib.common.dynamic_creds [-] Acquired dynamic creds: credentials: Credentials: {'domain_id': 'default', 'domain_name': 'Default', 'username': 'tempest-AbsoluteLimitsNegativeTestJSON-522071678-project-member', 'project_domain_id': 'default', 'project_domain_name': 'Default', 'project_id': '2636612f30a14e298b9116a733d523c7', 'project_name': 'tempest-AbsoluteLimitsNegativeTestJSON-522071678', 'tenant_id': '2636612f30a14e298b9116a733d523c7', 'tenant_name': 'tempest-AbsoluteLimitsNegativeTestJSON-522071678', 'user_domain_id': 'default', 'user_domain_name': 'Default', 'user_id': '3e9318c40b614387b7ed99342d573628', 'system': None}, Network: None, Subnet: None, Router: None
2025-12-10 13:27:08.001 65966 INFO tempest.lib.common.dynamic_creds [-] Created isolated network resources for: credentials: Credentials: {'domain_id': 'default', 'domain_name': 'Default', 'username': 'tempest-AbsoluteLimitsNegativeTestJSON-522071678-project-member', 'project_domain_id': 'default', 'project_domain_name': 'Default', 'project_id': '2636612f30a14e298b9116a733d523c7', 'project_name': 'tempest-AbsoluteLimitsNegativeTestJSON-522071678', 'tenant_id': '2636612f30a14e298b9116a733d523c7', 'tenant_name': 'tempest-AbsoluteLimitsNegativeTestJSON-522071678', 'user_domain_id': 'default', 'user_domain_name': 'Default', 'user_id': '3e9318c40b614387b7ed99342d573628', 'system': None}, Network: None, Subnet: None, Router: None
2025-12-10 13:27:08.102 65991 INFO tempest.lib.common.rest_client [req-80c72e4f-5bd2-485b-b8f4-372c7a5b9104 req-80c72e4f-5bd2-485b-b8f4-372c7a5b9104 ] Request (FlavorsExtraSpecsNegativeTestJSON:setUpClass): 201 POST http://10.180.1.21/identity/v3/auth/tokens 0.163s
2025-12-10 13:27:08.150 65966 INFO tempest.lib.common.rest_client [req-88d31af8-7139-4fe4-8700-21509eb4ba68 req-88d31af8-7139-4fe4-8700-21509eb4ba68 ] Request (AbsoluteLimitsNegativeTestJSON:setUpClass): 201 POST http://10.180.1.21/identity/v3/auth/tokens 0.143s
2025-12-10 13:27:08.234 65991 INFO tempest.lib.common.rest_client [req-4d73e8bc-9f6d-4d01-8270-39adba61e03a req-4d73e8bc-9f6d-4d01-8270-39adba61e03a ] Request (FlavorsExtraSpecsNegativeTestJSON:setUpClass): 201 POST http://10.180.1.21/identity/v3/projects 0.131s
2025-12-10 13:27:08.366 65991 INFO tempest.lib.common.rest_client [req-5b498044-91e1-43f8-8687-6a1225da6b6e req-5b498044-91e1-43f8-8687-6a1225da6b6e ] Request (FlavorsExtraSpecsNegativeTestJSON:setUpClass): 201 POST http://10.180.1.21/identity/v3/users 0.132s
2025-12-10 13:27:08.414 65991 INFO tempest.lib.common.rest_client [req-3c5d29ce-c92c-4fbb-a2e5-96578284e0bc req-3c5d29ce-c92c-4fbb-a2e5-96578284e0bc ] Request (FlavorsExtraSpecsNegativeTestJSON:setUpClass): 200 GET http://10.180.1.21/identity/v3/roles 0.047s
2025-12-10 13:27:08.479 65991 INFO tempest.lib.common.rest_client [req-4cbba31b-b2f8-46ce-b90a-f82467016bc5 req-4cbba31b-b2f8-46ce-b90a-f82467016bc5 ] Request (FlavorsExtraSpecsNegativeTestJSON:setUpClass): 204 PUT http://10.180.1.21/identity/v3/projects/53c86d28a72e4d55995317f698debdcb/users/ea51590094e441178e06340ae62a7a07/roles/638f4a5f713541ebbcbfc20f87a63575 0.064s
2025-12-10 13:27:08.577 65991 INFO tempest.lib.common.rest_client [req-9ed20373-08d6-4dff-b6cf-2fedb8fa5e63 req-9ed20373-08d6-4dff-b6cf-2fedb8fa5e63 ] Request (FlavorsExtraSpecsNegativeTestJSON:setUpClass): 200 GET http://10.180.1.21/identity/v3/roles 0.096s
2025-12-10 13:27:08.608 65991 INFO tempest.lib.common.rest_client [req-f915ffad-93e0-44e3-9afb-d1c31265e179 req-f915ffad-93e0-44e3-9afb-d1c31265e179 ] Request (FlavorsExtraSpecsNegativeTestJSON:setUpClass): 204 PUT http://10.180.1.21/identity/v3/projects/53c86d28a72e4d55995317f698debdcb/users/ea51590094e441178e06340ae62a7a07/roles/638f4a5f713541ebbcbfc20f87a63575 0.031s
2025-12-10 13:27:08.608 65991 INFO tempest.lib.common.dynamic_creds [-] Dynamic test user ea51590094e441178e06340ae62a7a07 is created with scope project and roles: ['admin']
2025-12-10 13:27:08.608 65991 INFO tempest.lib.common.dynamic_creds [-] Acquired dynamic creds: credentials: Credentials: {'domain_id': 'default', 'domain_name': 'Default', 'username': 'tempest-FlavorsExtraSpecsNegativeTestJSON-371941455-project-admin', 'project_domain_id': 'default', 'project_domain_name': 'Default', 'project_id': '53c86d28a72e4d55995317f698debdcb', 'project_name': 'tempest-FlavorsExtraSpecsNegativeTestJSON-371941455', 'tenant_id': '53c86d28a72e4d55995317f698debdcb', 'tenant_name': 'tempest-FlavorsExtraSpecsNegativeTestJSON-371941455', 'user_domain_id': 'default', 'user_domain_name': 'Default', 'user_id': 'ea51590094e441178e06340ae62a7a07', 'system': None}, Network: None, Subnet: None, Router: None
2025-12-10 13:27:08.609 65991 INFO tempest.lib.common.dynamic_creds [-] Created isolated network resources for: credentials: Credentials: {'domain_id': 'default', 'domain_name': 'Default', 'username': 'tempest-FlavorsExtraSpecsNegativeTestJSON-371941455-project-admin', 'project_domain_id': 'default', 'project_domain_name': 'Default', 'project_id': '53c86d28a72e4d55995317f698debdcb', 'project_name': 'tempest-FlavorsExtraSpecsNegativeTestJSON-371941455', 'tenant_id': '53c86d28a72e4d55995317f698debdcb', 'tenant_name': 'tempest-FlavorsExtraSpecsNegativeTestJSON-371941455', 'user_domain_id': 'default', 'user_domain_name': 'Default', 'user_id': 'ea51590094e441178e06340ae62a7a07', 'system': None}, Network: None, Subnet: None, Router: None
2025-12-10 13:27:08.642 65996 INFO tempest.lib.common.rest_client [req-f79df721-428b-4356-a99c-dfce65187be9 req-f79df721-428b-4356-a99c-dfce65187be9 ] Request (ImagesTestJSON:test_create_image_from_stopped_server): 202 POST http://10.180.1.21/compute/v2.1/servers/bdcb5b8d-9f98-41a3-aa53-a3e15c2d8407/action 3.758s
2025-12-10 13:27:08.651 65976 INFO tempest.lib.common.rest_client [req-9977f229-845a-40af-9d97-7887594491ce req-9977f229-845a-40af-9d97-7887594491ce ] Request (AggregatesAdminNegativeTestJSON:test_aggregate_create_as_user): 403 POST http://10.180.1.21/compute/v2.1/os-aggregates 3.767s
2025-12-10 13:27:08.724 65991 INFO tempest.lib.common.rest_client [req-14eb277f-f2e0-4b93-8e6b-900b29aa5af0 req-14eb277f-f2e0-4b93-8e6b-900b29aa5af0 ] Request (FlavorsExtraSpecsNegativeTestJSON:setUpClass): 201 POST http://10.180.1.21/identity/v3/auth/tokens 0.113s
2025-12-10 13:27:08.883 65938 INFO tempest.lib.common.rest_client [req-08bc8fed-50be-4cbc-b151-65414b84a8f1 req-08bc8fed-50be-4cbc-b151-65414b84a8f1 ] Request (QuotasAdminTestJSON:test_get_updated_quotas): 200 PUT http://10.180.1.21/compute/v2.1/os-quota-sets/29f5557dc28d4fecac208b0695ba3942 3.856s
2025-12-10 13:27:09.015 65964 INFO tempest.lib.common.rest_client [req-6b9bb63e-c455-4067-b3cd-d418121e842c req-6b9bb63e-c455-4067-b3cd-d418121e842c ] Request (ServersAdminNegativeTestJSON:test_migrate_server_invalid_state): 202 POST http://10.180.1.21/compute/v2.1/servers/81753bd1-d785-460c-9da1-6fb6d5587c37/action 3.909s
2025-12-10 13:27:09.021 65972 INFO tempest.lib.common.rest_client [req-fe582ee8-28c1-4f02-b1d7-b45af166e95e req-fe582ee8-28c1-4f02-b1d7-b45af166e95e ] Request (VolumesAdminNegativeTest:test_update_attached_volume_with_nonexistent_volume_in_uri): 202 POST http://10.180.1.21/compute/v2.1/servers 4.182s
2025-12-10 13:27:09.029 65982 INFO tempest.lib.common.rest_client [req-1357a7ce-6ba9-44d6-af6a-eb078d940172 req-1357a7ce-6ba9-44d6-af6a-eb078d940172 ] Request (KeyPairsV22TestJSON:test_keypairsv22_create_list_show): 200 GET http://10.180.1.21/compute/v2.1/os-keypairs 3.843s
2025-12-10 13:27:09.050 65961 INFO tempest.lib.common.rest_client [req-4be4999e-ff5a-4643-8b8f-360866a29a04 req-4be4999e-ff5a-4643-8b8f-360866a29a04 ] Request (FlavorsAccessNegativeTestJSON:test_flavor_non_admin_remove): 200 POST http://10.180.1.21/compute/v2.1/flavors 3.833s
2025-12-10 13:27:09.089 65944 INFO tempest.lib.common.rest_client [req-a2e41f5d-c19f-4b7c-98d6-277cc764e6b4 req-a2e41f5d-c19f-4b7c-98d6-277cc764e6b4 ] Request (SecurityGroupsTestJSON:test_security_group_create_get_delete): 200 GET http://10.180.1.21/compute/v2.1/os-security-groups/c30d0be5-1460-42da-a50f-0ec166da3672 3.739s
2025-12-10 13:27:09.114 65934 INFO tempest.lib.common.rest_client [req-96bbd1b8-f8a6-414e-936b-2e176f0f0c78 req-96bbd1b8-f8a6-414e-936b-2e176f0f0c78 ] Request (ServersAdminTestJSON:setUpClass): 200 GET http://10.180.1.21/compute/v2.1/servers/660b9545-2ad3-43bd-8c97-3c81a1af0724 3.819s
2025-12-10 13:27:09.115 65962 INFO tempest.lib.common.rest_client [req-4d16b1b1-d769-4f12-a139-718d55f16c8b req-4d16b1b1-d769-4f12-a139-718d55f16c8b ] Request (ImagesNegativeTestJSON:test_create_image_from_deleted_server): 404 POST http://10.180.1.21/compute/v2.1/servers/ba68b85e-fd4c-4b6f-a422-9daa34a85f19/action 3.517s
2025-12-10 13:27:09.127 65934 INFO tempest.common.waiters [-] State transition "BUILD/scheduling" ==> "BUILD/None" after 5 second wait
2025-12-10 13:27:09.189 65956 INFO tempest.lib.common.rest_client [req-b0e2ec39-51d2-413b-8d52-328a3979f853 req-b0e2ec39-51d2-413b-8d52-328a3979f853 ] Request (DeleteServersAdminTestJSON:test_delete_server_while_in_error_state): 200 GET http://10.180.1.21/compute/v2.1/servers/3394fd7d-55f5-453d-82f1-3f9347fff982 3.008s
2025-12-10 13:27:09.202 65956 INFO tempest.common.waiters [-] State transition "BUILD/None" ==> "BUILD/networking" after 9 second wait
2025-12-10 13:27:09.292 65986 INFO tempest.lib.common.rest_client [req-a5ac1f09-8d9f-4666-896b-7bd730106a26 req-a5ac1f09-8d9f-4666-896b-7bd730106a26 ] Request (ServerShowV247Test:test_update_rebuild_list_server): 202 POST http://10.180.1.21/compute/v2.1/servers 3.579s
2025-12-10 13:27:09.331 65936 INFO tempest.lib.common.rest_client [req-20d2366c-420a-4d54-b120-c751654bd5e5 req-20d2366c-420a-4d54-b120-c751654bd5e5 ] Request (TenantUsagesTestJSON:test_get_usage_tenant): 200 GET http://10.180.1.21/compute/v2.1/os-simple-tenant-usage/08579b9f3d904056bb865e4a63c0022c?start=2025-12-09T13%3A27%3A06.273536&end=2025-12-11T13%3A27%3A06.273536 3.057s
2025-12-10 13:27:09.357 65940 INFO tempest.lib.common.rest_client [req-8670ef2e-78b6-42ac-9feb-c46666dc6eb6 req-8670ef2e-78b6-42ac-9feb-c46666dc6eb6 ] Request (KeyPairsV2TestJSON:_run_cleanups): 202 DELETE http://10.180.1.21/compute/v2.1/os-keypairs/tempest-KeyPairsV2TestJSON-keypair-1103969267 2.796s
2025-12-10 13:27:09.386 65993 INFO tempest.lib.common.rest_client [req-bea45e79-fc3f-488d-88b8-5707ce5ce883 req-bea45e79-fc3f-488d-88b8-5707ce5ce883 ] Request (FlavorsAdminTestJSON:_run_cleanups): 200 GET http://10.180.1.21/compute/v2.1/flavors/detail 2.805s
2025-12-10 13:27:09.444 65970 INFO tempest.lib.common.rest_client [req-5d48e6ca-e423-419d-b7c8-19c0a75e0a77 req-5d48e6ca-e423-419d-b7c8-19c0a75e0a77 ] Request (ValidationResourcesFixture:setUp): 200 POST http://10.180.1.21/compute/v2.1/os-keypairs 3.053s
2025-12-10 13:27:09.717 65958 INFO tempest.lib.common.rest_client [req-a516b430-f2b7-4950-a75b-89a0cd9064a4 req-a516b430-f2b7-4950-a75b-89a0cd9064a4 ] Request (ServerDiagnosticsV248Test:tearDownClass): 200 GET http://10.180.1.21/compute/v2.1/servers/b30b9170-d270-4059-b6eb-d41a7467550b 3.023s
2025-12-10 13:27:09.743 65970 INFO tempest.lib.common.rest_client [req-4bf1f86e-fd12-4606-b3b6-d42fa4e77dab req-4bf1f86e-fd12-4606-b3b6-d42fa4e77dab ] Request (ValidationResourcesFixture:setUp): 201 POST http://10.180.1.21/networking/v2.0/security-groups 0.297s
2025-12-10 13:27:09.756 65975 INFO tempest.lib.common.rest_client [req-62134929-3634-4c20-b43f-f1db695c5dd0 req-62134929-3634-4c20-b43f-f1db695c5dd0 ] Request (MigrationsAdminTest:test_list_migrations_in_flavor_resize_situation): 200 GET http://10.180.1.21/compute/v2.1/servers/50c42a1a-8515-49cf-ae46-2b354191c914 3.174s
2025-12-10 13:27:09.765 65975 INFO tempest.common.waiters [-] State transition "RESIZE/resize_migrating" ==> "RESIZE/resize_migrated" after 17 second wait
2025-12-10 13:27:09.798 65942 INFO tempest.lib.common.rest_client [req-a53a87e0-5746-4700-9f64-e80c4beb0689 req-a53a87e0-5746-4700-9f64-e80c4beb0689 ] Request (FlavorsV2TestJSON:test_list_flavors_detailed_filter_by_min_disk): 200 GET http://10.180.1.21/compute/v2.1/flavors/detail?minDisk=2 2.642s
2025-12-10 13:27:09.939 65970 INFO tempest.lib.common.rest_client [req-de46fdee-6f54-4a5d-9473-f7b7426a8cc0 req-de46fdee-6f54-4a5d-9473-f7b7426a8cc0 ] Request (ValidationResourcesFixture:setUp): 201 POST http://10.180.1.21/networking/v2.0/security-group-rules 0.196s
2025-12-10 13:27:10.004 65950 INFO tempest.lib.common.rest_client [req-5442ad29-b015-4cac-998c-a3384b3ec676 req-5442ad29-b015-4cac-998c-a3384b3ec676 ] Request (ImagesMetadataTestJSON:setUp): 200 PUT http://10.180.1.21/compute/v2.1/images/03a449ef-21d8-4e8e-88e3-ba1e16b017a3/metadata 2.870s
2025-12-10 13:27:10.223 65970 INFO tempest.lib.common.rest_client [req-cdb925a5-480b-4601-b788-7d1f845c32b9 req-cdb925a5-480b-4601-b788-7d1f845c32b9 ] Request (ValidationResourcesFixture:setUp): 201 POST http://10.180.1.21/networking/v2.0/security-group-rules 0.283s
2025-12-10 13:27:10.289 65980 INFO tempest.lib.common.rest_client [req-c12d559f-f8ad-4f04-beb3-2b4971fad377 req-c12d559f-f8ad-4f04-beb3-2b4971fad377 ] Request (ListServersNegativeTestJSON:setUpClass): 200 GET http://10.180.1.21/compute/v2.1/servers/33754484-7924-4048-8f0a-f4197f2f1c3f 2.742s
2025-12-10 13:27:10.351 65946 INFO tempest.lib.common.rest_client [req-32f24cd2-e48b-4511-bae0-ee97bd0a29f4 req-32f24cd2-e48b-4511-bae0-ee97bd0a29f4 ] Request (ServersWithSpecificFlavorTestJSON:test_verify_created_server_ephemeral_disk): 200 GET http://10.180.1.21/compute/v2.1/servers/619268f7-1cf8-4c91-9cbd-fe3ed29fc74d 3.037s
2025-12-10 13:27:10.358 65946 INFO tempest.common.waiters [-] State transition "BUILD/spawning" ==> "ACTIVE/None" after 17 second wait
2025-12-10 13:27:10.493 65968 INFO tempest.lib.common.rest_client [req-558c4d6e-e6de-49eb-9537-d295cff67b43 req-558c4d6e-e6de-49eb-9537-d295cff67b43 ] Request (QuotasAdminNegativeTest:test_create_server_when_instances_quota_is_full): 200 PUT http://10.180.1.21/compute/v2.1/os-quota-sets/e0c6e2c9ba7348f7928c0b9652b8a012 2.807s
2025-12-10 13:27:10.562 65968 INFO tempest.lib.common.rest_client [req-579cf70c-74d3-456f-9b34-1088c83efb42 req-579cf70c-74d3-456f-9b34-1088c83efb42 ] Request (QuotasAdminNegativeTest:test_create_server_when_instances_quota_is_full): 201 POST http://10.180.1.21/identity/v3/auth/tokens 0.064s
2025-12-10 13:27:10.563 65968 INFO tempest.lib.common.fixed_network [-] (QuotasAdminNegativeTest:test_create_server_when_instances_quota_is_full) Found network None available for tenant
2025-12-10 13:27:10.769 65970 INFO tempest.lib.common.rest_client [req-fb7cedcb-22ea-4a7b-8f60-ee84d9d0c10e req-fb7cedcb-22ea-4a7b-8f60-ee84d9d0c10e ] Request (ValidationResourcesFixture:setUp): 201 POST http://10.180.1.21/networking/v2.0/floatingips 0.546s
2025-12-10 13:27:10.811 65970 INFO tempest.lib.common.rest_client [req-fa6e9e35-3ac7-4648-b886-ae96ddb03542 req-fa6e9e35-3ac7-4648-b886-ae96ddb03542 ] Request (AttachInterfacesTestJSON:test_create_list_show_delete_interfaces_by_fixed_ip): 201 POST http://10.180.1.21/identity/v3/auth/tokens 0.039s
2025-12-10 13:27:10.812 65970 INFO tempest.lib.common.fixed_network [-] (AttachInterfacesTestJSON:test_create_list_show_delete_interfaces_by_fixed_ip) Found network {'id': 'd47cd33a-be50-418f-9589-fb98ef11cc3d', 'name': 'tempest-AttachInterfacesTestJSON-726033667-network', 'tenant_id': 'b09a43b7ee6248b58400cee02115eee8', 'project_id': 'b09a43b7ee6248b58400cee02115eee8', 'admin_state_up': True, 'mtu': 8950, 'status': 'ACTIVE', 'subnets': [], 'shared': False, 'port_security_enabled': True, 'router:external': False, 'provider:network_type': 'vlan', 'provider:physical_network': 'default', 'provider:segmentation_id': 741, 'availability_zone_hints': [], 'availability_zones': [], 'ipv4_address_scope': None, 'ipv6_address_scope': None, 'description': '', 'tags': [], 'created_at': '2025-12-10T13:27:03Z', 'updated_at': '2025-12-10T13:27:03Z', 'revision_number': 1} available for tenant
2025-12-10 13:27:10.891 65978 WARNING tempest.lib.common.ssh [-] Failed to establish authenticated ssh connection to cirros@10.180.180.183 ([Errno None] Unable to connect to port 22 on 10.180.180.183). Number attempts: 3. Retry after 4 seconds.: paramiko.ssh_exception.NoValidConnectionsError: [Errno None] Unable to connect to port 22 on 10.180.180.183
2025-12-10 13:27:10.956 65954 INFO tempest.lib.common.rest_client [req-345f9d0d-5495-4924-ad8e-3633b958192e req-345f9d0d-5495-4924-ad8e-3633b958192e ] Request (ServersAdmin275Test:tearDownClass): 200 GET http://10.180.1.21/compute/v2.1/servers/5443c301-11ca-495e-b7c2-444692b53dbe 3.155s
2025-12-10 13:27:11.009 65984 INFO tempest.lib.common.rest_client [req-cf442c3d-022a-4f65-b8d6-8865b89bca8f req-cf442c3d-022a-4f65-b8d6-8865b89bca8f ] Request (InstanceActionsV221TestJSON:test_get_list_deleted_instance_actions): 200 GET http://10.180.1.21/compute/v2.1/servers/4ce1b5eb-3e9d-407c-98ce-3f806eaed7ee 3.408s
2025-12-10 13:27:11.019 65984 INFO tempest.common.waiters [-] State transition "BUILD/spawning" ==> "ACTIVE/None" after 23 second wait
2025-12-10 13:27:11.036 65952 INFO tempest.lib.common.rest_client [req-c96d9b96-d525-4e66-8324-6c03f22fc856 req-c96d9b96-d525-4e66-8324-6c03f22fc856 ] Request (ListImageFiltersTestJSON:setUpClass): 200 GET http://10.180.1.21/compute/v2.1/servers/fb7a5eb6-862d-4885-b1a0-cc9c882e386c 3.188s
2025-12-10 13:27:11.113 65948 INFO tempest.lib.common.rest_client [req-0bd39472-b7b3-474a-acc4-00766e95541b req-0bd39472-b7b3-474a-acc4-00766e95541b ] Request (ServerAddressesNegativeTestJSON:setUpClass): 200 GET http://10.180.1.21/compute/v2.1/servers/d9c1efcf-5ef0-4f42-9b84-f1cae17ad69a 3.035s
2025-12-10 13:27:11.217 65994 INFO tempest.lib.common.rest_client [req-5bd93935-b2d6-43ca-9466-20ba5cbf095f req-5bd93935-b2d6-43ca-9466-20ba5cbf095f ] Request (ServersAaction247Test:tearDownClass): 200 GET http://10.180.1.21/compute/v2.1/servers/502fbfec-e7d3-4dfa-a744-3c3aceacecc2 2.803s
2025-12-10 13:27:11.228 65994 INFO tempest.common.waiters [-] State transition "ACTIVE/deleting" ==> "DELETED/None" after 4 second wait
2025-12-10 13:27:11.265 65996 INFO tempest.lib.common.rest_client [req-3ac1432f-f88c-4aa6-8d73-1560c3bc1824 req-3ac1432f-f88c-4aa6-8d73-1560c3bc1824 ] Request (ImagesTestJSON:test_create_image_from_stopped_server): 200 GET http://10.180.1.21/compute/v2.1/images/a1065c9a-559c-4b57-bf9c-94a6fc554f6e 2.622s
2025-12-10 13:27:11.301 65976 INFO tempest.lib.common.rest_client [req-ff8ec529-3aba-4945-bdba-17ea0498191d req-ff8ec529-3aba-4945-bdba-17ea0498191d ] Request (AggregatesAdminNegativeTestJSON:test_aggregate_create_with_existent_aggregate_name): 200 POST http://10.180.1.21/compute/v2.1/os-aggregates 2.648s
2025-12-10 13:27:11.354 65991 INFO tempest.lib.common.rest_client [req-a07e4bcc-f810-46a0-8995-0bbf9532c461 req-a07e4bcc-f810-46a0-8995-0bbf9532c461 ] Request (FlavorsExtraSpecsNegativeTestJSON:setUpClass): 200 POST http://10.180.1.21/compute/v2.1/flavors 2.628s
2025-12-10 13:27:11.455 65938 INFO tempest.lib.common.rest_client [req-da77c387-0fd9-4b14-935d-99df909dbd99 req-da77c387-0fd9-4b14-935d-99df909dbd99 ] Request (QuotasAdminTestJSON:test_get_updated_quotas): 200 GET http://10.180.1.21/compute/v2.1/os-quota-sets/29f5557dc28d4fecac208b0695ba3942/detail 2.570s
2025-12-10 13:27:11.494 65938 INFO tempest.lib.common.rest_client [req-50e6c1b8-0257-4b08-a30b-4cddecf57378 req-50e6c1b8-0257-4b08-a30b-4cddecf57378 ] Request (QuotasAdminTestJSON:test_get_updated_quotas): 200 GET http://10.180.1.21/identity/v3/domains?name=Default 0.032s
2025-12-10 13:27:11.539 65938 INFO tempest.lib.common.rest_client [req-2a4c2f3b-b723-483a-b88c-5412f202570d req-2a4c2f3b-b723-483a-b88c-5412f202570d ] Request (QuotasAdminTestJSON:test_get_updated_quotas): 201 POST http://10.180.1.21/identity/v3/users 0.044s
2025-12-10 13:27:11.564 65988 INFO tempest.lib.common.rest_client [req-579c6ccc-e03c-40c3-88f0-1dad333d3693 req-579c6ccc-e03c-40c3-88f0-1dad333d3693 ] Request (FloatingIPDetailsTestJSON:tearDownClass): 202 DELETE http://10.180.1.21/compute/v2.1/os-floating-ips/d1c5f130-5db6-4e6d-a8bb-dab5c11350c3 3.632s
2025-12-10 13:27:11.568 65938 INFO tempest.lib.common.rest_client [req-7c2a9165-6954-4d1e-a55d-9296d2b78bc6 req-7c2a9165-6954-4d1e-a55d-9296d2b78bc6 ] Request (QuotasAdminTestJSON:test_get_updated_quotas): 200 GET http://10.180.1.21/identity/v3/domains?name=Default 0.028s
2025-12-10 13:27:11.646 65972 INFO tempest.lib.common.rest_client [req-fa334dd4-9c02-46ea-a1f8-63b19c09d769 req-fa334dd4-9c02-46ea-a1f8-63b19c09d769 ] Request (VolumesAdminNegativeTest:test_update_attached_volume_with_nonexistent_volume_in_uri): 200 GET http://10.180.1.21/compute/v2.1/servers/308f8f7e-52ff-4e14-9e12-96280606192e 2.623s
2025-12-10 13:27:11.663 65982 INFO tempest.lib.common.rest_client [req-3ca4586e-2076-4fe2-9cc8-6300de37025f req-3ca4586e-2076-4fe2-9cc8-6300de37025f ] Request (KeyPairsV22TestJSON:_run_cleanups): 204 DELETE http://10.180.1.21/compute/v2.1/os-keypairs/tempest-keypair-2114931876 2.632s
2025-12-10 13:27:11.698 65964 INFO tempest.lib.common.rest_client [req-d6045dd8-8997-49bf-8fa3-a59120cd4079 req-d6045dd8-8997-49bf-8fa3-a59120cd4079 ] Request (ServersAdminNegativeTestJSON:test_migrate_server_invalid_state): 200 GET http://10.180.1.21/compute/v2.1/servers/81753bd1-d785-460c-9da1-6fb6d5587c37 2.682s
2025-12-10 13:27:11.798 65961 INFO tempest.lib.common.rest_client [req-6072f609-a88c-499a-8b8d-aff0916571ad req-6072f609-a88c-499a-8b8d-aff0916571ad ] Request (FlavorsAccessNegativeTestJSON:test_flavor_non_admin_remove): 200 POST http://10.180.1.21/compute/v2.1/flavors/279284534/action 2.744s
2025-12-10 13:27:11.804 65962 INFO tempest.lib.common.rest_client [req-d4ec4d9f-bdab-4e74-824e-6d6f7493b08a req-d4ec4d9f-bdab-4e74-824e-6d6f7493b08a ] Request (ImagesNegativeTestJSON:test_create_image_from_invalid_server): 404 POST http://10.180.1.21/compute/v2.1/servers/tempest-invalid-118390752/action 2.686s
2025-12-10 13:27:11.846 65944 INFO tempest.lib.common.rest_client [req-b022e268-86e2-47d4-9644-eb1f6d815e34 req-b022e268-86e2-47d4-9644-eb1f6d815e34 ] Request (SecurityGroupsTestJSON:test_security_group_create_get_delete): 202 DELETE http://10.180.1.21/compute/v2.1/os-security-groups/c30d0be5-1460-42da-a50f-0ec166da3672 2.751s
2025-12-10 13:27:11.876 65936 INFO tempest.lib.common.rest_client [req-64ce5629-e376-4914-8ee0-0d366d715c34 req-64ce5629-e376-4914-8ee0-0d366d715c34 ] Request (TenantUsagesTestJSON:test_get_usage_tenant_with_non_admin_user): 200 GET http://10.180.1.21/compute/v2.1/os-simple-tenant-usage/08579b9f3d904056bb865e4a63c0022c?start=2025-12-09T13%3A27%3A06.273536&end=2025-12-11T13%3A27%3A06.273536 2.534s
2025-12-10 13:27:11.877 65986 INFO tempest.lib.common.rest_client [req-642df660-c707-4078-863d-8e02776b5528 req-642df660-c707-4078-863d-8e02776b5528 ] Request (ServerShowV247Test:test_update_rebuild_list_server): 200 PUT http://10.180.1.21/compute/v2.1/servers/5f726e23-55a9-41b1-96ad-5b2128ac82db 2.582s
2025-12-10 13:27:11.893 65993 INFO tempest.lib.common.rest_client [req-553791c9-bf1c-4e13-a561-fdbca71a2ec9 req-553791c9-bf1c-4e13-a561-fdbca71a2ec9 ] Request (FlavorsAdminTestJSON:test_create_list_flavor_without_extra_data): 200 POST http://10.180.1.21/compute/v2.1/flavors 2.495s
2025-12-10 13:27:11.893 65940 INFO tempest.lib.common.rest_client [req-4dbe6aae-cc39-4090-b41e-4a3289b09387 req-4dbe6aae-cc39-4090-b41e-4a3289b09387 ] Request (KeyPairsV2TestJSON:_run_cleanups): 202 DELETE http://10.180.1.21/compute/v2.1/os-keypairs/tempest-KeyPairsV2TestJSON-keypair-433653069 2.535s
2025-12-10 13:27:11.909 65942 INFO tempest.lib.common.rest_client [req-99ea3a12-8edc-4fed-bc95-0914ba4e6d8a req-99ea3a12-8edc-4fed-bc95-0914ba4e6d8a ] Request (FlavorsV2TestJSON:test_list_flavors_detailed_filter_by_min_ram): 200 GET http://10.180.1.21/compute/v2.1/flavors/42 2.100s
2025-12-10 13:27:11.994 65934 INFO tempest.lib.common.rest_client [req-f6c31524-c78d-4e39-8e9c-19dcd5298c84 req-f6c31524-c78d-4e39-8e9c-19dcd5298c84 ] Request (ServersAdminTestJSON:setUpClass): 200 GET http://10.180.1.21/compute/v2.1/servers/660b9545-2ad3-43bd-8c97-3c81a1af0724 1.866s
2025-12-10 13:27:12.043 65940 INFO tempest.lib.common.rest_client [req-63cb4e18-05f9-4f48-93a8-50fdba3cdcb3 req-63cb4e18-05f9-4f48-93a8-50fdba3cdcb3 ] Request (KeyPairsV2TestJSON:tearDownClass): 204 DELETE http://10.180.1.21/identity/v3/users/79a0839333c3481492503a05d7c67b01 0.149s
2025-12-10 13:27:12.044 65940 INFO tempest.lib.common.dynamic_creds [-] Deleting project and security group for project: 3d657ee237ed44e981fa37b049667c18
2025-12-10 13:27:12.115 65940 INFO tempest.lib.common.rest_client [req-da5e8dce-9f3f-4b81-85ce-f9c8efcec343 req-da5e8dce-9f3f-4b81-85ce-f9c8efcec343 ] Request (KeyPairsV2TestJSON:tearDownClass): 201 POST http://10.180.1.21/identity/v3/auth/tokens 0.071s
2025-12-10 13:27:12.142 65950 INFO tempest.lib.common.rest_client [req-8d0c2462-b93e-4d3e-ba46-0efbe238e993 req-8d0c2462-b93e-4d3e-ba46-0efbe238e993 ] Request (ImagesMetadataTestJSON:test_update_image_metadata): 200 POST http://10.180.1.21/compute/v2.1/images/03a449ef-21d8-4e8e-88e3-ba1e16b017a3/metadata 2.137s
2025-12-10 13:27:12.343 65940 INFO tempest.lib.common.rest_client [req-ad534acc-3b78-420e-b686-a3faeb86211c req-ad534acc-3b78-420e-b686-a3faeb86211c ] Request (KeyPairsV2TestJSON:tearDownClass): 200 GET http://10.180.1.21/networking/v2.0/security-groups?tenant_id=3d657ee237ed44e981fa37b049667c18&name=default 0.227s
2025-12-10 13:27:12.386 65956 INFO tempest.lib.common.rest_client [req-a5f8728e-a075-46bd-8a20-c7ea9e2904a5 req-a5f8728e-a075-46bd-8a20-c7ea9e2904a5 ] Request (DeleteServersAdminTestJSON:test_delete_server_while_in_error_state): 200 GET http://10.180.1.21/compute/v2.1/servers/3394fd7d-55f5-453d-82f1-3f9347fff982 2.183s
2025-12-10 13:27:12.393 65956 INFO tempest.common.waiters [-] State transition "BUILD/networking" ==> "BUILD/spawning" after 12 second wait
2025-12-10 13:27:12.427 65946 INFO tempest.lib.common.rest_client [req-3858acf1-24d4-4c06-94e6-6324c12d4498 req-3858acf1-24d4-4c06-94e6-6324c12d4498 ] Request (ServersWithSpecificFlavorTestJSON:test_verify_created_server_ephemeral_disk): 200 GET http://10.180.1.21/compute/v2.1/servers/619268f7-1cf8-4c91-9cbd-fe3ed29fc74d/os-interface 2.068s
2025-12-10 13:27:12.495 65940 INFO tempest.lib.common.rest_client [req-ac3bfd44-4673-4917-9209-3d4861c1add1 req-ac3bfd44-4673-4917-9209-3d4861c1add1 ] Request (KeyPairsV2TestJSON:tearDownClass): 204 DELETE http://10.180.1.21/networking/v2.0/security-groups/c89dc220-955e-4967-899a-3b4b0b343366 0.152s
2025-12-10 13:27:12.574 65940 INFO tempest.lib.common.rest_client [req-517cfa94-b01c-4e71-9015-b85926d3e879 req-517cfa94-b01c-4e71-9015-b85926d3e879 ] Request (KeyPairsV2TestJSON:tearDownClass): 204 DELETE http://10.180.1.21/identity/v3/projects/3d657ee237ed44e981fa37b049667c18 0.078s
2025-12-10 13:27:12.642 65940 INFO tempest.lib.common.rest_client [req-d360feb8-e5bd-4d58-8122-b202e58f6f0a req-d360feb8-e5bd-4d58-8122-b202e58f6f0a ] Request (AttachInterfacesUnderV243Test:setUpClass): 201 POST http://10.180.1.21/identity/v3/auth/tokens 0.066s
2025-12-10 13:27:12.675 65940 INFO tempest.lib.common.rest_client [req-5b7afc0e-6c2d-4557-84e5-a233924930b6 req-5b7afc0e-6c2d-4557-84e5-a233924930b6 ] Request (AttachInterfacesUnderV243Test:setUpClass): 201 POST http://10.180.1.21/identity/v3/auth/tokens 0.030s
2025-12-10 13:27:12.708 65940 INFO tempest.lib.common.rest_client [req-3d5588d6-8e76-44a1-9c73-2ca651c08f7b req-3d5588d6-8e76-44a1-9c73-2ca651c08f7b ] Request (AttachInterfacesUnderV243Test:setUpClass): 200 GET http://10.180.1.21/identity/v3/domains?name=Default 0.032s
2025-12-10 13:27:12.740 65940 INFO tempest.lib.common.rest_client [req-521b0e07-e3fd-4398-b349-3de0d7b6bdd7 req-521b0e07-e3fd-4398-b349-3de0d7b6bdd7 ] Request (AttachInterfacesUnderV243Test:setUpClass): 201 POST http://10.180.1.21/identity/v3/projects 0.031s
2025-12-10 13:27:12.811 65940 INFO tempest.lib.common.rest_client [req-699868c8-a351-4d09-9701-d34f4edb171a req-699868c8-a351-4d09-9701-d34f4edb171a ] Request (AttachInterfacesUnderV243Test:setUpClass): 201 POST http://10.180.1.21/identity/v3/users 0.071s
2025-12-10 13:27:12.835 65940 INFO tempest.lib.common.rest_client [req-11cc2c5d-9003-4b8c-a10d-ce2488f39c40 req-11cc2c5d-9003-4b8c-a10d-ce2488f39c40 ] Request (AttachInterfacesUnderV243Test:setUpClass): 200 GET http://10.180.1.21/identity/v3/roles 0.023s
2025-12-10 13:27:12.865 65940 INFO tempest.lib.common.rest_client [req-3b1c3de6-79cc-4558-94fd-a5cb067e87f1 req-3b1c3de6-79cc-4558-94fd-a5cb067e87f1 ] Request (AttachInterfacesUnderV243Test:setUpClass): 204 PUT http://10.180.1.21/identity/v3/projects/c64a713101404f868340ad0a7f236318/users/4fb23c1dc132496ab055760c1149024f/roles/25932b77468e4e9b993fc4568fa57241 0.029s
2025-12-10 13:27:12.865 65940 INFO tempest.lib.common.dynamic_creds [-] Dynamic test user 4fb23c1dc132496ab055760c1149024f is created with scope project and roles: ['member']
2025-12-10 13:27:12.866 65940 INFO tempest.lib.common.dynamic_creds [-] Acquired dynamic creds: credentials: Credentials: {'domain_id': 'default', 'domain_name': 'Default', 'username': 'tempest-AttachInterfacesUnderV243Test-1419607918-project-member', 'project_domain_id': 'default', 'project_domain_name': 'Default', 'project_id': 'c64a713101404f868340ad0a7f236318', 'project_name': 'tempest-AttachInterfacesUnderV243Test-1419607918', 'tenant_id': 'c64a713101404f868340ad0a7f236318', 'tenant_name': 'tempest-AttachInterfacesUnderV243Test-1419607918', 'user_domain_id': 'default', 'user_domain_name': 'Default', 'user_id': '4fb23c1dc132496ab055760c1149024f', 'system': None}, Network: None, Subnet: None, Router: None
2025-12-10 13:27:12.952 65940 INFO tempest.lib.common.rest_client [req-0271890b-d900-4176-af35-7cc23ff547b7 req-0271890b-d900-4176-af35-7cc23ff547b7 ] Request (AttachInterfacesUnderV243Test:setUpClass): 201 POST http://10.180.1.21/identity/v3/auth/tokens 0.086s
2025-12-10 13:27:12.982 65946 INFO tempest.lib.common.rest_client [req-c50527fa-d5f5-4e6d-b1c8-900ebd397969 req-c50527fa-d5f5-4e6d-b1c8-900ebd397969 ] Request (ServersWithSpecificFlavorTestJSON:test_verify_created_server_ephemeral_disk): 200 PUT http://10.180.1.21/networking/v2.0/floatingips/380ef0bc-efbf-49d1-8f71-fc097623577a 0.552s
2025-12-10 13:27:13.066 65958 INFO tempest.lib.common.rest_client [req-71923e2e-e409-42f3-84ac-7f2958f417c6 req-71923e2e-e409-42f3-84ac-7f2958f417c6 ] Request (ServerDiagnosticsV248Test:tearDownClass): 200 GET http://10.180.1.21/compute/v2.1/servers/b30b9170-d270-4059-b6eb-d41a7467550b 2.337s
2025-12-10 13:27:13.077 65958 INFO tempest.common.waiters [-] State transition "ACTIVE/deleting" ==> "DELETED/None" after 4 second wait
2025-12-10 13:27:13.350 65940 INFO tempest.lib.common.rest_client [req-8a03b178-7083-4e64-8fd9-3ae2828a02c0 req-8a03b178-7083-4e64-8fd9-3ae2828a02c0 ] Request (AttachInterfacesUnderV243Test:setUpClass): 201 POST http://10.180.1.21/networking/v2.0/networks 0.397s
2025-12-10 13:27:13.724 65940 INFO tempest.lib.common.rest_client [req-9d8b7207-5c47-4cdd-8997-e8a71baf6655 req-9d8b7207-5c47-4cdd-8997-e8a71baf6655 ] Request (AttachInterfacesUnderV243Test:setUpClass): 201 POST http://10.180.1.21/networking/v2.0/subnets 0.374s
2025-12-10 13:27:13.791 65975 INFO tempest.lib.common.rest_client [req-a0dcb0a4-97e6-4dae-b807-c16f72f1884f req-a0dcb0a4-97e6-4dae-b807-c16f72f1884f ] Request (MigrationsAdminTest:test_list_migrations_in_flavor_resize_situation): 200 GET http://10.180.1.21/compute/v2.1/servers/50c42a1a-8515-49cf-ae46-2b354191c914 3.024s
2025-12-10 13:27:13.799 65975 INFO tempest.common.waiters [-] State transition "RESIZE/resize_migrated" ==> "RESIZE/resize_finish" after 21 second wait
2025-12-10 13:27:14.115 65968 INFO tempest.lib.common.rest_client [req-2c32c80b-cc97-415c-a999-c12d9e30c1ad req-2c32c80b-cc97-415c-a999-c12d9e30c1ad ] Request (QuotasAdminNegativeTest:test_create_server_when_instances_quota_is_full): 403 POST http://10.180.1.21/compute/v2.1/servers 3.551s
2025-12-10 13:27:14.245 65984 INFO tempest.lib.common.rest_client [req-ed94f4a5-c1dd-4c90-aab4-c4995a3a53c9 req-ed94f4a5-c1dd-4c90-aab4-c4995a3a53c9 ] Request (InstanceActionsV221TestJSON:test_get_list_deleted_instance_actions): 204 DELETE http://10.180.1.21/compute/v2.1/servers/4ce1b5eb-3e9d-407c-98ce-3f806eaed7ee 3.224s
2025-12-10 13:27:14.287 65976 INFO tempest.lib.common.rest_client [req-d9617b5c-0d55-4ef8-a89e-0d2d117e0c04 req-d9617b5c-0d55-4ef8-a89e-0d2d117e0c04 ] Request (AggregatesAdminNegativeTestJSON:test_aggregate_create_with_existent_aggregate_name): 409 POST http://10.180.1.21/compute/v2.1/os-aggregates 2.984s
2025-12-10 13:27:14.641 65940 INFO tempest.lib.common.rest_client [req-99efdc34-ef94-4b7f-9608-36b063946500 req-99efdc34-ef94-4b7f-9608-36b063946500 ] Request (AttachInterfacesUnderV243Test:setUpClass): 201 POST http://10.180.1.21/networking/v2.0/routers 0.916s
2025-12-10 13:27:14.691 65980 INFO tempest.lib.common.rest_client [req-62de1217-501d-4e88-ac1a-26f019617449 req-62de1217-501d-4e88-ac1a-26f019617449 ] Request (ListServersNegativeTestJSON:setUpClass): 200 GET http://10.180.1.21/compute/v2.1/servers/33754484-7924-4048-8f0a-f4197f2f1c3f 3.387s
2025-12-10 13:27:14.858 65991 INFO tempest.lib.common.rest_client [req-50c899b7-63ab-4697-904c-8bcc251ee3c3 req-50c899b7-63ab-4697-904c-8bcc251ee3c3 ] Request (FlavorsExtraSpecsNegativeTestJSON:test_flavor_get_nonexistent_key): 404 GET http://10.180.1.21/compute/v2.1/flavors/1964769444/os-extra_specs/hw:cpu_thread_policy 3.500s
2025-12-10 13:27:15.396 65978 WARNING tempest.lib.common.ssh [-] Failed to establish authenticated ssh connection to cirros@10.180.180.183 ([Errno None] Unable to connect to port 22 on 10.180.180.183). Number attempts: 4. Retry after 5 seconds.: paramiko.ssh_exception.NoValidConnectionsError: [Errno None] Unable to connect to port 22 on 10.180.180.183
2025-12-10 13:27:15.550 65940 INFO tempest.lib.common.rest_client [req-ba1be3ab-8495-4a3b-b221-0458f64491ff req-ba1be3ab-8495-4a3b-b221-0458f64491ff ] Request (AttachInterfacesUnderV243Test:setUpClass): 200 PUT http://10.180.1.21/networking/v2.0/routers/12f2972d-4daa-4eae-a47d-2b55da54afb3/add_router_interface 0.908s
2025-12-10 13:27:15.550 65940 INFO tempest.lib.common.dynamic_creds [-] Created isolated network resources for: credentials: Credentials: {'domain_id': 'default', 'domain_name': 'Default', 'username': 'tempest-AttachInterfacesUnderV243Test-1419607918-project-member', 'project_domain_id': 'default', 'project_domain_name': 'Default', 'project_id': 'c64a713101404f868340ad0a7f236318', 'project_name': 'tempest-AttachInterfacesUnderV243Test-1419607918', 'tenant_id': 'c64a713101404f868340ad0a7f236318', 'tenant_name': 'tempest-AttachInterfacesUnderV243Test-1419607918', 'user_domain_id': 'default', 'user_domain_name': 'Default', 'user_id': '4fb23c1dc132496ab055760c1149024f', 'system': None}, Network: {'id': '5b2c17fe-3489-47ef-a5ff-b63324e7588e', 'name': 'tempest-AttachInterfacesUnderV243Test-1360314922-network', 'tenant_id': 'c64a713101404f868340ad0a7f236318', 'project_id': 'c64a713101404f868340ad0a7f236318', 'admin_state_up': True, 'mtu': 8950, 'status': 'ACTIVE', 'subnets': [], 'shared': False, 'port_security_enabled': True, 'router:external': False, 'provider:network_type': 'vlan', 'provider:physical_network': 'default', 'provider:segmentation_id': 850, 'availability_zone_hints': [], 'availability_zones': [], 'ipv4_address_scope': None, 'ipv6_address_scope': None, 'description': '', 'tags': [], 'created_at': '2025-12-10T13:27:13Z', 'updated_at': '2025-12-10T13:27:13Z', 'revision_number': 1}, Subnet: {'id': 'c4da4dd1-b199-4119-b0ef-3a70ec5272d4', 'name': 'tempest-AttachInterfacesUnderV243Test-1360314922-subnet', 'tenant_id': 'c64a713101404f868340ad0a7f236318', 'network_id': '5b2c17fe-3489-47ef-a5ff-b63324e7588e', 'ip_version': 4, 'subnetpool_id': None, 'enable_dhcp': True, 'ipv6_ra_mode': None, 'ipv6_address_mode': None, 'gateway_ip': '192.168.128.1', 'cidr': '192.168.128.0/28', 'allocation_pools': [{'start': '192.168.128.2', 'end': '192.168.128.14'}], 'host_routes': [], 'dns_nameservers': [], 'description': '', 'router:external': False, 'service_types': [], 'tags': [], 'created_at': '2025-12-10T13:27:13Z', 'updated_at': '2025-12-10T13:27:13Z', 'revision_number': 0, 'project_id': 'c64a713101404f868340ad0a7f236318'}, Router: {'id': '12f2972d-4daa-4eae-a47d-2b55da54afb3', 'name': 'tempest-AttachInterfacesUnderV243Test-1360314922-router', 'tenant_id': 'c64a713101404f868340ad0a7f236318', 'admin_state_up': True, 'status': 'ACTIVE', 'external_gateway_info': {'network_id': '56529eb0-626d-40e2-810c-7d981938bb61', 'external_fixed_ips': [{'subnet_id': '363afc98-f9da-47a9-9f2e-5d56938a7e6e', 'ip_address': '10.180.180.251'}], 'enable_snat': True}, 'description': '', 'availability_zones': [], 'distributed': False, 'ha': False, 'availability_zone_hints': [], 'routes': [], 'flavor_id': None, 'tags': [], 'created_at': '2025-12-10T13:27:13Z', 'updated_at': '2025-12-10T13:27:14Z', 'revision_number': 2, 'project_id': 'c64a713101404f868340ad0a7f236318'}
2025-12-10 13:27:15.653 65940 INFO tempest.lib.common.rest_client [req-c6f23f2f-2d7e-4105-bd32-d585a5f19a06 req-c6f23f2f-2d7e-4105-bd32-d585a5f19a06 ] Request (AttachInterfacesUnderV243Test:setUpClass): 201 POST http://10.180.1.21/identity/v3/auth/tokens 0.098s
2025-12-10 13:27:15.932 65970 INFO tempest.lib.common.rest_client [req-6ddfc90c-1964-4c62-afea-1775581242db req-6ddfc90c-1964-4c62-afea-1775581242db ] Request (AttachInterfacesTestJSON:test_create_list_show_delete_interfaces_by_fixed_ip): 202 POST http://10.180.1.21/compute/v2.1/servers 5.120s
2025-12-10 13:27:16.184 65938 INFO tempest.lib.common.rest_client [req-b6b4ab16-05b4-4c34-89d1-02c14a57c572 req-b6b4ab16-05b4-4c34-89d1-02c14a57c572 ] Request (QuotasAdminTestJSON:test_get_updated_quotas): 200 PUT http://10.180.1.21/compute/v2.1/os-quota-sets/29f5557dc28d4fecac208b0695ba3942?user_id=6a6cebd28b354a08abf789ffcd84531f 4.616s
2025-12-10 13:27:16.367 65988 INFO tempest.lib.common.rest_client [req-76f02522-a065-42fb-b785-12884195d552 req-76f02522-a065-42fb-b785-12884195d552 ] Request (FloatingIPDetailsTestJSON:tearDownClass): 202 DELETE http://10.180.1.21/compute/v2.1/os-floating-ips/e1d24719-6561-4a81-9ba9-063b42b3e424 4.803s
2025-12-10 13:27:16.604 65964 INFO tempest.lib.common.rest_client [req-347d8ca4-c0e9-4569-a01f-739e725c4dd7 req-347d8ca4-c0e9-4569-a01f-739e725c4dd7 ] Request (ServersAdminNegativeTestJSON:test_migrate_server_invalid_state): 409 POST http://10.180.1.21/compute/v2.1/servers/81753bd1-d785-460c-9da1-6fb6d5587c37/action 4.894s
2025-12-10 13:27:16.612 65961 INFO tempest.lib.common.rest_client [req-cdf66cb5-dae3-4883-84b1-f49deea024b8 req-cdf66cb5-dae3-4883-84b1-f49deea024b8 ] Request (FlavorsAccessNegativeTestJSON:test_flavor_non_admin_remove): 403 POST http://10.180.1.21/compute/v2.1/flavors/279284534/action 4.811s
2025-12-10 13:27:16.621 65962 INFO tempest.lib.common.rest_client [req-4df2db93-bcf6-4f74-904d-fc03d98a1519 req-4df2db93-bcf6-4f74-904d-fc03d98a1519 ] Request (ImagesNegativeTestJSON:test_create_image_specify_uuid_35_characters_or_less): 404 POST http://10.180.1.21/compute/v2.1/servers/aaaaaaaaaaaaaaaaaaaaaaaaaaaaaaaaaaa/action 4.814s
2025-12-10 13:27:16.695 65982 INFO tempest.lib.common.rest_client [req-d2bd7b0b-fb3d-4c57-a445-ee053b82d8ab req-d2bd7b0b-fb3d-4c57-a445-ee053b82d8ab ] Request (KeyPairsV22TestJSON:test_keypairsv22_create_list_show_with_type): 201 POST http://10.180.1.21/compute/v2.1/os-keypairs 5.030s
2025-12-10 13:27:16.754 65936 INFO tempest.lib.common.rest_client [req-cc576af0-ea3d-4f61-bebe-42cef64d2963 req-cc576af0-ea3d-4f61-bebe-42cef64d2963 ] Request (TenantUsagesTestJSON:test_list_usage_all_tenants): 200 GET http://10.180.1.21/compute/v2.1/os-simple-tenant-usage?start=2025-12-09T13%3A27%3A06.273536&end=2025-12-11T13%3A27%3A06.273536&detailed=1 4.873s
2025-12-10 13:27:16.919 65944 INFO tempest.lib.common.rest_client [req-83c1070f-f0d1-4dac-afae-e74796317a72 req-83c1070f-f0d1-4dac-afae-e74796317a72 ] Request (SecurityGroupsTestJSON:test_security_group_create_get_delete): 404 GET http://10.180.1.21/compute/v2.1/os-security-groups/c30d0be5-1460-42da-a50f-0ec166da3672 5.072s
2025-12-10 13:27:16.936 65993 INFO tempest.lib.common.rest_client [req-ba1f0da5-08a8-4064-95cb-a835ddf6fdc5 req-ba1f0da5-08a8-4064-95cb-a835ddf6fdc5 ] Request (FlavorsAdminTestJSON:test_create_list_flavor_without_extra_data): 200 GET http://10.180.1.21/compute/v2.1/flavors/1577958858 5.040s
2025-12-10 13:27:16.972 65942 INFO tempest.lib.common.rest_client [req-1b89294e-4e8d-4524-bb84-ccef585fc42a req-1b89294e-4e8d-4524-bb84-ccef585fc42a ] Request (FlavorsV2TestJSON:test_list_flavors_detailed_filter_by_min_ram): 200 GET http://10.180.1.21/compute/v2.1/flavors/detail?minRam=193 5.059s
2025-12-10 13:27:17.338 65988 INFO tempest.lib.common.rest_client [req-311f551b-8fef-4857-b367-670dd5562aab req-311f551b-8fef-4857-b367-670dd5562aab ] Request (FloatingIPDetailsTestJSON:tearDownClass): 200 PUT http://10.180.1.21/networking/v2.0/routers/5e9589eb-3468-401c-9ef4-64d334d2cca5/remove_router_interface 0.971s
2025-12-10 13:27:17.372 65986 INFO tempest.lib.common.rest_client [req-6b7981d5-6ae9-4e74-a58b-1f495527c3bc req-6b7981d5-6ae9-4e74-a58b-1f495527c3bc ] Request (ServerShowV247Test:test_update_rebuild_list_server): 200 GET http://10.180.1.21/compute/v2.1/servers/5f726e23-55a9-41b1-96ad-5b2128ac82db 5.489s
2025-12-10 13:27:17.374 65954 INFO tempest.lib.common.rest_client [req-724354e5-cd44-4a60-a0bd-90ca6ce207ac req-724354e5-cd44-4a60-a0bd-90ca6ce207ac ] Request (ServersAdmin275Test:tearDownClass): 200 GET http://10.180.1.21/compute/v2.1/servers/5443c301-11ca-495e-b7c2-444692b53dbe 5.406s
2025-12-10 13:27:17.387 65954 INFO tempest.common.waiters [-] State transition "ACTIVE/deleting" ==> "DELETED/None" after 7 second wait
2025-12-10 13:27:17.933 65988 INFO tempest.lib.common.rest_client [req-fe26de2f-568f-4602-9691-0d4a7099035e req-fe26de2f-568f-4602-9691-0d4a7099035e ] Request (FloatingIPDetailsTestJSON:tearDownClass): 204 DELETE http://10.180.1.21/networking/v2.0/routers/5e9589eb-3468-401c-9ef4-64d334d2cca5 0.594s
2025-12-10 13:27:18.190 65988 INFO tempest.lib.common.rest_client [req-5f5a8e94-0ffe-4920-9dea-68cdab5599df req-5f5a8e94-0ffe-4920-9dea-68cdab5599df ] Request (FloatingIPDetailsTestJSON:tearDownClass): 204 DELETE http://10.180.1.21/networking/v2.0/subnets/62ffc2eb-cb9e-4bfd-8169-c0139ed5c86c 0.256s
2025-12-10 13:27:18.231 65952 INFO tempest.lib.common.rest_client [req-c806a644-a9c9-4c7f-964b-4eb3bdf84193 req-c806a644-a9c9-4c7f-964b-4eb3bdf84193 ] Request (ListImageFiltersTestJSON:setUpClass): 200 GET http://10.180.1.21/compute/v2.1/servers/fb7a5eb6-862d-4885-b1a0-cc9c882e386c 6.185s
2025-12-10 13:27:18.240 65952 INFO tempest.common.waiters [-] State transition "BUILD/None" ==> "BUILD/spawning" after 16 second wait
2025-12-10 13:27:18.258 65948 INFO tempest.lib.common.rest_client [req-78a9afa0-9823-4a5e-b6c9-eb6ef8d66f8c req-78a9afa0-9823-4a5e-b6c9-eb6ef8d66f8c ] Request (ServerAddressesNegativeTestJSON:setUpClass): 200 GET http://10.180.1.21/compute/v2.1/servers/d9c1efcf-5ef0-4f42-9b84-f1cae17ad69a 6.132s
2025-12-10 13:27:18.267 65948 INFO tempest.common.waiters [-] State transition "BUILD/None" ==> "BUILD/spawning" after 15 second wait
2025-12-10 13:27:18.268 65950 INFO tempest.lib.common.rest_client [req-dc7684bf-7aaa-4b79-b52d-c5b0a7ad8755 req-dc7684bf-7aaa-4b79-b52d-c5b0a7ad8755 ] Request (ImagesMetadataTestJSON:test_update_image_metadata): 200 GET http://10.180.1.21/compute/v2.1/images/03a449ef-21d8-4e8e-88e3-ba1e16b017a3/metadata 6.125s
2025-12-10 13:27:18.360 65950 INFO tempest.lib.common.rest_client [req-ab802bc5-da29-4fe6-8ff4-3b22bd16bbe5 req-ab802bc5-da29-4fe6-8ff4-3b22bd16bbe5 ] Request (ImagesMetadataTestJSON:tearDownClass): 204 DELETE http://10.180.1.21/image/v2/images/03a449ef-21d8-4e8e-88e3-ba1e16b017a3 0.090s
2025-12-10 13:27:18.389 65996 INFO tempest.lib.common.rest_client [req-7d258197-8cac-4739-91f3-b2a127cf9428 req-7d258197-8cac-4739-91f3-b2a127cf9428 ] Request (ImagesTestJSON:test_create_image_from_stopped_server): 200 GET http://10.180.1.21/compute/v2.1/images/a1065c9a-559c-4b57-bf9c-94a6fc554f6e 6.118s
2025-12-10 13:27:18.460 65950 INFO tempest.lib.common.rest_client [req-a57f2b9e-723f-40f1-9baa-a0b24e873a26 req-a57f2b9e-723f-40f1-9baa-a0b24e873a26 ] Request (ImagesMetadataTestJSON:tearDownClass): 204 DELETE http://10.180.1.21/identity/v3/users/bf6e33e83e6144038c608c9caf519d69 0.099s
2025-12-10 13:27:18.460 65950 INFO tempest.lib.common.dynamic_creds [-] Deleting project and security group for project: f698f9c4450c4235a065229890fce4df
2025-12-10 13:27:18.526 65950 INFO tempest.lib.common.rest_client [req-447b1655-6875-49c6-aec0-ab22606495c9 req-447b1655-6875-49c6-aec0-ab22606495c9 ] Request (ImagesMetadataTestJSON:tearDownClass): 201 POST http://10.180.1.21/identity/v3/auth/tokens 0.065s
2025-12-10 13:27:18.585 65988 INFO tempest.lib.common.rest_client [req-d1d65383-b69c-4775-ae0c-29efdf7511c9 req-d1d65383-b69c-4775-ae0c-29efdf7511c9 ] Request (FloatingIPDetailsTestJSON:tearDownClass): 204 DELETE http://10.180.1.21/networking/v2.0/networks/9f2b950f-966d-43a6-826e-54d1cfbb69f6 0.394s
2025-12-10 13:27:18.652 65994 INFO tempest.lib.common.rest_client [req-199c8573-0f08-408d-ad8f-3f3331116f35 req-199c8573-0f08-408d-ad8f-3f3331116f35 ] Request (ServersAaction247Test:tearDownClass): 200 GET http://10.180.1.21/compute/v2.1/servers/502fbfec-e7d3-4dfa-a744-3c3aceacecc2 6.424s
2025-12-10 13:27:18.654 65972 INFO tempest.lib.common.rest_client [req-e698f147-fb22-4d43-b052-b34dd3aa4be8 req-e698f147-fb22-4d43-b052-b34dd3aa4be8 ] Request (VolumesAdminNegativeTest:test_update_attached_volume_with_nonexistent_volume_in_uri): 200 GET http://10.180.1.21/compute/v2.1/servers/308f8f7e-52ff-4e14-9e12-96280606192e 5.998s
2025-12-10 13:27:18.664 65972 INFO tempest.common.waiters [-] State transition "BUILD/scheduling" ==> "BUILD/None" after 7 second wait
2025-12-10 13:27:18.665 65988 INFO tempest.lib.common.rest_client [req-f934b4bb-92fe-4007-9132-77fca3fcd051 req-f934b4bb-92fe-4007-9132-77fca3fcd051 ] Request (FloatingIPDetailsTestJSON:tearDownClass): 204 DELETE http://10.180.1.21/identity/v3/users/e19405e5ccd54e7d8c80c8ad793f7bbf 0.078s
2025-12-10 13:27:18.665 65988 INFO tempest.lib.common.dynamic_creds [-] Deleting project and security group for project: a06ecd9748be4421952fb8d1aa5ace61
2025-12-10 13:27:18.866 65950 INFO tempest.lib.common.rest_client [req-083f3da0-7f02-4a37-8080-a4d9d80151cf req-083f3da0-7f02-4a37-8080-a4d9d80151cf ] Request (ImagesMetadataTestJSON:tearDownClass): 200 GET http://10.180.1.21/networking/v2.0/security-groups?tenant_id=f698f9c4450c4235a065229890fce4df&name=default 0.340s
2025-12-10 13:27:18.921 65988 INFO tempest.lib.common.rest_client [req-db03b27b-b1de-49a2-a35d-acf58946356d req-db03b27b-b1de-49a2-a35d-acf58946356d ] Request (FloatingIPDetailsTestJSON:tearDownClass): 200 GET http://10.180.1.21/networking/v2.0/security-groups?tenant_id=a06ecd9748be4421952fb8d1aa5ace61&name=default 0.256s
