2025-12-11 09:04:47.975 63565 INFO tempest.lib.common.dynamic_creds [-] Created isolated network resources for: credentials: Credentials: {'domain_id': 'default', 'domain_name': 'Default', 'username': 'tempest-DeleteServersTestJSON-1893240210-project-member', 'project_domain_id': 'default', 'project_domain_name': 'Default', 'project_id': '495ae26325184812a744fc95da67038b', 'project_name': 'tempest-DeleteServersTestJSON-1893240210', 'tenant_id': '495ae26325184812a744fc95da67038b', 'tenant_name': 'tempest-DeleteServersTestJSON-1893240210', 'user_domain_id': 'default', 'user_domain_name': 'Default', 'user_id': '7648b8a75224424f8226b574da373a87', 'system': None}, Network: {'id': 'ad015bd1-2b91-454e-a9e5-7e61253eb8bf', 'name': 'tempest-DeleteServersTestJSON-570249617-network', 'tenant_id': '495ae26325184812a744fc95da67038b', 'admin_state_up': True, 'mtu': 8950, 'status': 'ACTIVE', 'subnets': [], 'shared': False, 'project_id': '495ae26325184812a744fc95da67038b', 'port_security_enabled': True, 'router:external': False, 'provider:network_type': 'vlan', 'provider:physical_network': 'default', 'provider:segmentation_id': 740, 'is_default': False, 'availability_zone_hints': [], 'availability_zones': [], 'ipv4_address_scope': None, 'ipv6_address_scope': None, 'description': '', 'tags': [], 'created_at': '2025-12-11T09:04:35Z', 'updated_at': '2025-12-11T09:04:35Z', 'revision_number': 1}, Subnet: {'id': 'dae612f9-a701-4b1a-9d49-dc2819780080', 'name': 'tempest-DeleteServersTestJSON-570249617-subnet', 'tenant_id': '495ae26325184812a744fc95da67038b', 'network_id': 'ad015bd1-2b91-454e-a9e5-7e61253eb8bf', 'ip_version': 4, 'subnetpool_id': None, 'enable_dhcp': True, 'ipv6_ra_mode': None, 'ipv6_address_mode': None, 'gateway_ip': '192.168.128.1', 'cidr': '192.168.128.0/28', 'allocation_pools': [{'start': '192.168.128.2', 'end': '192.168.128.14'}], 'host_routes': [], 'dns_nameservers': [], 'description': '', 'service_types': [], 'tags': [], 'created_at': '2025-12-11T09:04:35Z', 'updated_at': '2025-12-11T09:04:35Z', 'revision_number': 0, 'project_id': '495ae26325184812a744fc95da67038b'}, Router: {'id': '390bf874-6ba6-44d3-b145-25255e9970d5', 'name': 'tempest-DeleteServersTestJSON-570249617-router', 'tenant_id': '495ae26325184812a744fc95da67038b', 'admin_state_up': True, 'status': 'ACTIVE', 'external_gateway_info': {'network_id': '568ed096-9d95-4a7a-b00a-a93767431789', 'external_fixed_ips': [{'subnet_id': '19fe9256-c1c0-494a-a140-b2239a8e3add', 'ip_address': '10.180.180.129'}], 'enable_snat': True}, 'description': '', 'availability_zones': [], 'distributed': False, 'ha': False, 'availability_zone_hints': [], 'routes': [], 'flavor_id': None, 'tags': [], 'created_at': '2025-12-11T09:04:36Z', 'updated_at': '2025-12-11T09:04:38Z', 'revision_number': 2, 'project_id': '495ae26325184812a744fc95da67038b'}
2025-12-11 09:04:48.018 63521 INFO tempest.lib.common.rest_client [req-d8534f74-e686-4f87-923d-97c0c6b0e58a req-d8534f74-e686-4f87-923d-97c0c6b0e58a ] Request (InstanceUsageAuditLogNegativeTestJSON:setUpClass): 201 POST http://10.180.1.21/identity/v3/auth/tokens 0.087s
2025-12-11 09:04:48.085 63521 INFO tempest.lib.common.rest_client [req-65cdfda7-f90c-457f-8ded-cf82eb0f0cf3 req-65cdfda7-f90c-457f-8ded-cf82eb0f0cf3 ] Request (InstanceUsageAuditLogNegativeTestJSON:setUpClass): 201 POST http://10.180.1.21/identity/v3/projects 0.066s
2025-12-11 09:04:48.094 63565 INFO tempest.lib.common.rest_client [req-e546e91d-6cfd-4677-8f27-1205ae00b3be req-e546e91d-6cfd-4677-8f27-1205ae00b3be ] Request (DeleteServersTestJSON:setUpClass): 201 POST http://10.180.1.21/identity/v3/auth/tokens 0.111s
2025-12-11 09:04:48.170 63521 INFO tempest.lib.common.rest_client [req-21c1226a-75aa-498b-8cc2-8360844659e5 req-21c1226a-75aa-498b-8cc2-8360844659e5 ] Request (InstanceUsageAuditLogNegativeTestJSON:setUpClass): 201 POST http://10.180.1.21/identity/v3/users 0.084s
2025-12-11 09:04:48.183 63505 INFO tempest.lib.common.rest_client [req-4c6f3c75-646c-4edd-a3d1-d0622c67f5a1 req-4c6f3c75-646c-4edd-a3d1-d0622c67f5a1 ] Request (NetworksTest:test_list_all_networks): 200 GET http://10.180.1.21/compute/v2.1/os-networks 3.837s
2025-12-11 09:04:48.198 63543 INFO tempest.lib.common.rest_client [req-9b8ef897-3d1b-426e-8f59-0bebf1e7c756 req-9b8ef897-3d1b-426e-8f59-0bebf1e7c756 ] Request (AZAdminV2TestJSON:tearDownClass): 204 DELETE http://10.180.1.21:9696/networking/v2.0/security-groups/bda38d77-7475-4e1b-9a79-af2569eda426 1.178s
2025-12-11 09:04:48.205 63521 INFO tempest.lib.common.rest_client [req-6565bbf4-33e2-4ccd-9d83-337f5c7e55da req-6565bbf4-33e2-4ccd-9d83-337f5c7e55da ] Request (InstanceUsageAuditLogNegativeTestJSON:setUpClass): 200 GET http://10.180.1.21/identity/v3/roles 0.035s
2025-12-11 09:04:48.233 63551 INFO tempest.lib.common.rest_client [req-f4312887-9e3e-4097-a24e-a49182ed2bf8 req-f4312887-9e3e-4097-a24e-a49182ed2bf8 ] Request (ImagesOneServerNegativeTestJSON:setUpClass): 202 POST http://10.180.1.21/compute/v2.1/servers 4.834s
2025-12-11 09:04:48.259 63565 INFO tempest.lib.common.rest_client [req-ac7aa400-ebad-4596-a241-0ed2f92e42d8 req-ac7aa400-ebad-4596-a241-0ed2f92e42d8 ] Request (DeleteServersTestJSON:test_delete_active_server): 201 POST http://10.180.1.21/identity/v3/auth/tokens 0.102s
2025-12-11 09:04:48.260 63565 INFO tempest.lib.common.fixed_network [-] (DeleteServersTestJSON:test_delete_active_server) Found network {'id': 'ad015bd1-2b91-454e-a9e5-7e61253eb8bf', 'name': 'tempest-DeleteServersTestJSON-570249617-network', 'tenant_id': '495ae26325184812a744fc95da67038b', 'admin_state_up': True, 'mtu': 8950, 'status': 'ACTIVE', 'subnets': [], 'shared': False, 'project_id': '495ae26325184812a744fc95da67038b', 'port_security_enabled': True, 'router:external': False, 'provider:network_type': 'vlan', 'provider:physical_network': 'default', 'provider:segmentation_id': 740, 'is_default': False, 'availability_zone_hints': [], 'availability_zones': [], 'ipv4_address_scope': None, 'ipv6_address_scope': None, 'description': '', 'tags': [], 'created_at': '2025-12-11T09:04:35Z', 'updated_at': '2025-12-11T09:04:35Z', 'revision_number': 1} available for tenant
2025-12-11 09:04:48.344 63531 INFO tempest.lib.common.rest_client [req-6d51a42b-6a9b-4187-a93b-12d36b90d04c req-6d51a42b-6a9b-4187-a93b-12d36b90d04c ] Request (FlavorsExtraSpecsTestJSON:test_flavor_non_admin_get_all_keys): 200 GET http://10.180.1.21/compute/v2.1/flavors/1542797716/os-extra_specs 3.995s
2025-12-11 09:04:48.359 63505 INFO tempest.lib.common.rest_client [req-74968a68-11af-4d0b-88df-829efb786bfc req-74968a68-11af-4d0b-88df-829efb786bfc ] Request (NetworksTest:tearDownClass): 204 DELETE http://10.180.1.21/identity/v3/users/cb1a595d01b949c9a7c7aa28edea9c9a 0.172s
2025-12-11 09:04:48.399 63533 INFO tempest.lib.common.rest_client [req-b11c5c5c-a276-48d3-9e8e-f6c081b971ac req-b11c5c5c-a276-48d3-9e8e-f6c081b971ac ] Request (QuotaClassesAdminTestJSON:tearDownClass): 204 DELETE http://10.180.1.21:9696/networking/v2.0/security-groups/7567de90-2e35-406c-b856-dc15c73a667c 1.044s
2025-12-11 09:04:48.432 63509 INFO tempest.lib.common.rest_client [req-582433dd-5177-4ae4-9a32-8bc325161907 req-582433dd-5177-4ae4-9a32-8bc325161907 ] Request (ImagesNegativeTestJSON:setUpClass): 201 POST http://10.180.1.21:9696/networking/v2.0/subnets 2.030s
2025-12-11 09:04:48.444 63521 INFO tempest.lib.common.rest_client [req-9a8af7ac-3bd0-4caf-9984-6ac019b9ec72 req-9a8af7ac-3bd0-4caf-9984-6ac019b9ec72 ] Request (InstanceUsageAuditLogNegativeTestJSON:setUpClass): 204 PUT http://10.180.1.21/identity/v3/projects/75dd6b017bbb4a24ac6df864c3468597/users/265c55a5e1de478c99fdb0e941f5d57e/roles/9bda7e81940b40c2b6479551ad574a8a 0.235s
2025-12-11 09:04:48.521 63543 INFO tempest.lib.common.rest_client [req-0c92d8ce-35e0-4671-a6b5-1550c3c17a1f req-0c92d8ce-35e0-4671-a6b5-1550c3c17a1f ] Request (AZAdminV2TestJSON:tearDownClass): 204 DELETE http://10.180.1.21/identity/v3/projects/5e192e1a163740ec99f06471fb5bc901 0.322s
2025-12-11 09:04:48.521 63543 INFO tempest.lib.common.dynamic_creds [-] Deleting project and security group for project: 5c35ce76861342768a9667bf3caf062d
2025-12-11 09:04:48.607 63537 INFO tempest.lib.common.rest_client [req-f72e7ece-f872-4057-bab6-832c8eb1a48c req-f72e7ece-f872-4057-bab6-832c8eb1a48c ] Request (FloatingIPsAssociationNegativeTestJSON:setUpClass): 200 PUT http://10.180.1.21:9696/networking/v2.0/routers/e4f29512-dc7d-44e7-bc21-dcd5ca988214/add_router_interface 8.531s
2025-12-11 09:04:48.607 63537 INFO tempest.lib.common.dynamic_creds [-] Created isolated network resources for: credentials: Credentials: {'domain_id': 'default', 'domain_name': 'Default', 'username': 'tempest-FloatingIPsAssociationNegativeTestJSON-767083702-project-member', 'project_domain_id': 'default', 'project_domain_name': 'Default', 'project_id': '4b844f0a784d4f20a5adbf7354c75cc7', 'project_name': 'tempest-FloatingIPsAssociationNegativeTestJSON-767083702', 'tenant_id': '4b844f0a784d4f20a5adbf7354c75cc7', 'tenant_name': 'tempest-FloatingIPsAssociationNegativeTestJSON-767083702', 'user_domain_id': 'default', 'user_domain_name': 'Default', 'user_id': 'f2c36e01c1a0431eb6c84dd372012c37', 'system': None}, Network: {'id': 'c652b419-7810-4332-96c9-8366a864b687', 'name': 'tempest-FloatingIPsAssociationNegativeTestJSON-443175318-network', 'tenant_id': '4b844f0a784d4f20a5adbf7354c75cc7', 'admin_state_up': True, 'mtu': 8950, 'status': 'ACTIVE', 'subnets': [], 'shared': False, 'project_id': '4b844f0a784d4f20a5adbf7354c75cc7', 'port_security_enabled': True, 'router:external': False, 'provider:network_type': 'vlan', 'provider:physical_network': 'default', 'provider:segmentation_id': 373, 'is_default': False, 'availability_zone_hints': [], 'availability_zones': [], 'ipv4_address_scope': None, 'ipv6_address_scope': None, 'description': '', 'tags': [], 'created_at': '2025-12-11T09:04:35Z', 'updated_at': '2025-12-11T09:04:35Z', 'revision_number': 1}, Subnet: {'id': 'b5d5b990-ac9f-41f0-9ce2-750b26fde0c2', 'name': 'tempest-FloatingIPsAssociationNegativeTestJSON-443175318-subnet', 'tenant_id': '4b844f0a784d4f20a5adbf7354c75cc7', 'network_id': 'c652b419-7810-4332-96c9-8366a864b687', 'ip_version': 4, 'subnetpool_id': None, 'enable_dhcp': True, 'ipv6_ra_mode': None, 'ipv6_address_mode': None, 'gateway_ip': '192.168.128.1', 'cidr': '192.168.128.0/28', 'allocation_pools': [{'start': '192.168.128.2', 'end': '192.168.128.14'}], 'host_routes': [], 'dns_nameservers': [], 'description': '', 'service_types': [], 'tags': [], 'created_at': '2025-12-11T09:04:35Z', 'updated_at': '2025-12-11T09:04:35Z', 'revision_number': 0, 'project_id': '4b844f0a784d4f20a5adbf7354c75cc7'}, Router: {'id': 'e4f29512-dc7d-44e7-bc21-dcd5ca988214', 'name': 'tempest-FloatingIPsAssociationNegativeTestJSON-443175318-router', 'tenant_id': '4b844f0a784d4f20a5adbf7354c75cc7', 'admin_state_up': True, 'status': 'ACTIVE', 'external_gateway_info': {'network_id': '568ed096-9d95-4a7a-b00a-a93767431789', 'external_fixed_ips': [{'subnet_id': '19fe9256-c1c0-494a-a140-b2239a8e3add', 'ip_address': '10.180.180.169'}], 'enable_snat': True}, 'description': '', 'availability_zones': [], 'distributed': False, 'ha': False, 'availability_zone_hints': [], 'routes': [], 'flavor_id': None, 'tags': [], 'created_at': '2025-12-11T09:04:36Z', 'updated_at': '2025-12-11T09:04:38Z', 'revision_number': 2, 'project_id': '4b844f0a784d4f20a5adbf7354c75cc7'}
2025-12-11 09:04:48.611 63505 INFO tempest.lib.common.rest_client [req-c6507270-aad9-4bdd-91e0-72cb24b79d45 req-c6507270-aad9-4bdd-91e0-72cb24b79d45 ] Request (NetworksTest:tearDownClass): 204 DELETE http://10.180.1.21/identity/v3/users/6b7021ede0e0429da33cd14665d4e2b2 0.252s
2025-12-11 09:04:48.612 63505 INFO tempest.lib.common.dynamic_creds [-] Deleting project and security group for project: aaa9f455e9044fed8af10a2bc3f2db95
2025-12-11 09:04:48.668 63533 INFO tempest.lib.common.rest_client [req-8734c159-56bc-4078-939d-6ef474662562 req-8734c159-56bc-4078-939d-6ef474662562 ] Request (QuotaClassesAdminTestJSON:tearDownClass): 204 DELETE http://10.180.1.21/identity/v3/projects/81ea7571182a4f91b8c9615bc4e6cfb8 0.269s
2025-12-11 09:04:48.668 63533 INFO tempest.lib.common.dynamic_creds [-] Deleting project and security group for project: da41ab6313d947e6896315b052d1c4cb
2025-12-11 09:04:48.701 63521 INFO tempest.lib.common.rest_client [req-925237de-82dd-4c3f-a0c9-d47a89dd1cd2 req-925237de-82dd-4c3f-a0c9-d47a89dd1cd2 ] Request (InstanceUsageAuditLogNegativeTestJSON:setUpClass): 200 GET http://10.180.1.21/identity/v3/roles 0.256s
2025-12-11 09:04:48.732 63505 INFO tempest.lib.common.rest_client [req-b6bccb4e-98e2-4afd-805e-cdb3e22290e6 req-b6bccb4e-98e2-4afd-805e-cdb3e22290e6 ] Request (NetworksTest:tearDownClass): 201 POST http://10.180.1.21/identity/v3/auth/tokens 0.120s
2025-12-11 09:04:48.810 63537 INFO tempest.lib.common.rest_client [req-8b1d59be-95a4-4002-93ff-aa5600d72884 req-8b1d59be-95a4-4002-93ff-aa5600d72884 ] Request (FloatingIPsAssociationNegativeTestJSON:setUpClass): 201 POST http://10.180.1.21/identity/v3/auth/tokens 0.197s
2025-12-11 09:04:48.854 63547 INFO tempest.lib.common.rest_client [req-3ebc6984-73c0-4a13-99b7-29f2a94c9617 req-3ebc6984-73c0-4a13-99b7-29f2a94c9617 ] Request (VolumesAssistedSnapshotsTest:setUpClass): 200 PUT http://10.180.1.21:9696/networking/v2.0/routers/804b099c-f104-4a8e-8678-e31f98ddbd14/add_router_interface 7.375s
2025-12-11 09:04:48.854 63547 INFO tempest.lib.common.dynamic_creds [-] Created isolated network resources for: credentials: Credentials: {'domain_id': 'default', 'domain_name': 'Default', 'username': 'tempest-VolumesAssistedSnapshotsTest-905484168-project-member', 'project_domain_id': 'default', 'project_domain_name': 'Default', 'project_id': '02a3ba79128347e1a4798731ef4d9c65', 'project_name': 'tempest-VolumesAssistedSnapshotsTest-905484168', 'tenant_id': '02a3ba79128347e1a4798731ef4d9c65', 'tenant_name': 'tempest-VolumesAssistedSnapshotsTest-905484168', 'user_domain_id': 'default', 'user_domain_name': 'Default', 'user_id': 'f37a08a7f5da4ebda61d7f76b8afe809', 'system': None}, Network: {'id': '3e6d327f-13a2-427f-b4e9-4f4d6bee1c05', 'name': 'tempest-VolumesAssistedSnapshotsTest-1880823094-network', 'tenant_id': '02a3ba79128347e1a4798731ef4d9c65', 'admin_state_up': True, 'mtu': 8950, 'status': 'ACTIVE', 'subnets': [], 'shared': False, 'project_id': '02a3ba79128347e1a4798731ef4d9c65', 'port_security_enabled': True, 'router:external': False, 'provider:network_type': 'vlan', 'provider:physical_network': 'default', 'provider:segmentation_id': 582, 'is_default': False, 'availability_zone_hints': [], 'availability_zones': [], 'ipv4_address_scope': None, 'ipv6_address_scope': None, 'description': '', 'tags': [], 'created_at': '2025-12-11T09:04:35Z', 'updated_at': '2025-12-11T09:04:36Z', 'revision_number': 1}, Subnet: {'id': '983536d3-b9ea-432c-9b42-dd03a4fd0e71', 'name': 'tempest-VolumesAssistedSnapshotsTest-1880823094-subnet', 'tenant_id': '02a3ba79128347e1a4798731ef4d9c65', 'network_id': '3e6d327f-13a2-427f-b4e9-4f4d6bee1c05', 'ip_version': 4, 'subnetpool_id': None, 'enable_dhcp': True, 'ipv6_ra_mode': None, 'ipv6_address_mode': None, 'gateway_ip': '192.168.128.1', 'cidr': '192.168.128.0/28', 'allocation_pools': [{'start': '192.168.128.2', 'end': '192.168.128.14'}], 'host_routes': [], 'dns_nameservers': [], 'description': '', 'service_types': [], 'tags': [], 'created_at': '2025-12-11T09:04:36Z', 'updated_at': '2025-12-11T09:04:36Z', 'revision_number': 0, 'project_id': '02a3ba79128347e1a4798731ef4d9c65'}, Router: {'id': '804b099c-f104-4a8e-8678-e31f98ddbd14', 'name': 'tempest-VolumesAssistedSnapshotsTest-1880823094-router', 'tenant_id': '02a3ba79128347e1a4798731ef4d9c65', 'admin_state_up': True, 'status': 'ACTIVE', 'external_gateway_info': {'network_id': '568ed096-9d95-4a7a-b00a-a93767431789', 'external_fixed_ips': [{'subnet_id': '19fe9256-c1c0-494a-a140-b2239a8e3add', 'ip_address': '10.180.180.171'}], 'enable_snat': True}, 'description': '', 'availability_zones': [], 'distributed': False, 'ha': False, 'availability_zone_hints': [], 'routes': [], 'flavor_id': None, 'tags': [], 'created_at': '2025-12-11T09:04:37Z', 'updated_at': '2025-12-11T09:04:38Z', 'revision_number': 2, 'project_id': '02a3ba79128347e1a4798731ef4d9c65'}
2025-12-11 09:04:48.854 63521 INFO tempest.lib.common.rest_client [req-3235148a-1719-4488-8e03-b784cd47a54c req-3235148a-1719-4488-8e03-b784cd47a54c ] Request (InstanceUsageAuditLogNegativeTestJSON:setUpClass): 204 PUT http://10.180.1.21/identity/v3/projects/75dd6b017bbb4a24ac6df864c3468597/users/265c55a5e1de478c99fdb0e941f5d57e/roles/9bda7e81940b40c2b6479551ad574a8a 0.153s
2025-12-11 09:04:48.854 63521 INFO tempest.lib.common.dynamic_creds [-] Dynamic test user 265c55a5e1de478c99fdb0e941f5d57e is created with scope project and roles: ['admin']
2025-12-11 09:04:48.854 63521 INFO tempest.lib.common.dynamic_creds [-] Acquired dynamic creds: credentials: Credentials: {'domain_id': 'default', 'domain_name': 'Default', 'username': 'tempest-InstanceUsageAuditLogNegativeTestJSON-823956514-project-admin', 'project_domain_id': 'default', 'project_domain_name': 'Default', 'project_id': '75dd6b017bbb4a24ac6df864c3468597', 'project_name': 'tempest-InstanceUsageAuditLogNegativeTestJSON-823956514', 'tenant_id': '75dd6b017bbb4a24ac6df864c3468597', 'tenant_name': 'tempest-InstanceUsageAuditLogNegativeTestJSON-823956514', 'user_domain_id': 'default', 'user_domain_name': 'Default', 'user_id': '265c55a5e1de478c99fdb0e941f5d57e', 'system': None}, Network: None, Subnet: None, Router: None
2025-12-11 09:04:48.854 63521 INFO tempest.lib.common.dynamic_creds [-] Created isolated network resources for: credentials: Credentials: {'domain_id': 'default', 'domain_name': 'Default', 'username': 'tempest-InstanceUsageAuditLogNegativeTestJSON-823956514-project-admin', 'project_domain_id': 'default', 'project_domain_name': 'Default', 'project_id': '75dd6b017bbb4a24ac6df864c3468597', 'project_name': 'tempest-InstanceUsageAuditLogNegativeTestJSON-823956514', 'tenant_id': '75dd6b017bbb4a24ac6df864c3468597', 'tenant_name': 'tempest-InstanceUsageAuditLogNegativeTestJSON-823956514', 'user_domain_id': 'default', 'user_domain_name': 'Default', 'user_id': '265c55a5e1de478c99fdb0e941f5d57e', 'system': None}, Network: None, Subnet: None, Router: None
2025-12-11 09:04:48.917 63519 INFO tempest.lib.common.rest_client [req-b75a5f82-1805-4246-ac67-8146aeec7494 req-b75a5f82-1805-4246-ac67-8146aeec7494 ] Request (QuotasAdminNegativeTest:test_create_server_when_instances_quota_is_full): 200 PUT http://10.180.1.21/compute/v2.1/os-quota-sets/29c4beaf91b94f83be9895fe50eb8553 4.438s
2025-12-11 09:04:48.917 63543 INFO tempest.lib.common.rest_client [req-419672a9-dce2-4e57-a012-2014e2819ad9 req-419672a9-dce2-4e57-a012-2014e2819ad9 ] Request (AZAdminV2TestJSON:tearDownClass): 200 GET http://10.180.1.21:9696/networking/v2.0/security-groups?tenant_id=5c35ce76861342768a9667bf3caf062d&name=default 0.396s
2025-12-11 09:04:48.952 63541 INFO tempest.lib.common.rest_client [req-8655b327-45a3-4d49-a97e-3cdbe8aaea33 req-8655b327-45a3-4d49-a97e-3cdbe8aaea33 ] Request (HypervisorAdminUnderV252Test:test_search_hypervisor): 200 GET http://10.180.1.21/compute/v2.1/os-hypervisors 4.278s
2025-12-11 09:04:49.096 63521 INFO tempest.lib.common.rest_client [req-2bea60f7-454b-4ad4-a92e-aa05578ba4f6 req-2bea60f7-454b-4ad4-a92e-aa05578ba4f6 ] Request (InstanceUsageAuditLogNegativeTestJSON:setUpClass): 201 POST http://10.180.1.21/identity/v3/auth/tokens 0.239s
2025-12-11 09:04:49.112 63547 INFO tempest.lib.common.rest_client [req-760583e4-7b7f-477a-ab53-11824dd2ac33 req-760583e4-7b7f-477a-ab53-11824dd2ac33 ] Request (VolumesAssistedSnapshotsTest:setUpClass): 201 POST http://10.180.1.21/identity/v3/auth/tokens 0.252s
2025-12-11 09:04:49.116 63533 INFO tempest.lib.common.rest_client [req-10904125-3e65-4976-8ae0-b2decfcfc3c2 req-10904125-3e65-4976-8ae0-b2decfcfc3c2 ] Request (QuotaClassesAdminTestJSON:tearDownClass): 200 GET http://10.180.1.21:9696/networking/v2.0/security-groups?tenant_id=da41ab6313d947e6896315b052d1c4cb&name=default 0.447s
2025-12-11 09:04:49.164 63523 INFO tempest.lib.common.rest_client [req-4f1b6d3f-8ac4-4bac-b273-3e362c06fa83 req-4f1b6d3f-8ac4-4bac-b273-3e362c06fa83 ] Request (HypervisorAdminV253TestBase:tearDownClass): 200 GET http://10.180.1.21:9696/networking/v2.0/security-groups?tenant_id=5afc6cee9ea843ab813caf5da24dfd92&name=default 1.331s
2025-12-11 09:04:49.181 63537 INFO tempest.lib.common.rest_client [req-59ffc88a-422b-4de9-9a8a-ac78f21596de req-59ffc88a-422b-4de9-9a8a-ac78f21596de ] Request (FloatingIPsAssociationNegativeTestJSON:setUpClass): 201 POST http://10.180.1.21/identity/v3/auth/tokens 0.299s
2025-12-11 09:04:49.182 63537 INFO tempest.lib.common.fixed_network [-] (FloatingIPsAssociationNegativeTestJSON:setUpClass) Found network {'id': 'c652b419-7810-4332-96c9-8366a864b687', 'name': 'tempest-FloatingIPsAssociationNegativeTestJSON-443175318-network', 'tenant_id': '4b844f0a784d4f20a5adbf7354c75cc7', 'admin_state_up': True, 'mtu': 8950, 'status': 'ACTIVE', 'subnets': [], 'shared': False, 'project_id': '4b844f0a784d4f20a5adbf7354c75cc7', 'port_security_enabled': True, 'router:external': False, 'provider:network_type': 'vlan', 'provider:physical_network': 'default', 'provider:segmentation_id': 373, 'is_default': False, 'availability_zone_hints': [], 'availability_zones': [], 'ipv4_address_scope': None, 'ipv6_address_scope': None, 'description': '', 'tags': [], 'created_at': '2025-12-11T09:04:35Z', 'updated_at': '2025-12-11T09:04:35Z', 'revision_number': 1} available for tenant
2025-12-11 09:04:49.184 63519 INFO tempest.lib.common.rest_client [req-268bbf4d-ddf0-4b8b-8cb9-b53fd8fc1078 req-268bbf4d-ddf0-4b8b-8cb9-b53fd8fc1078 ] Request (QuotasAdminNegativeTest:test_create_server_when_instances_quota_is_full): 201 POST http://10.180.1.21/identity/v3/auth/tokens 0.253s
2025-12-11 09:04:49.185 63519 INFO tempest.lib.common.fixed_network [-] (QuotasAdminNegativeTest:test_create_server_when_instances_quota_is_full) Found network None available for tenant
2025-12-11 09:04:49.228 63547 INFO tempest.lib.common.rest_client [req-ae477771-0c78-46b5-9fc9-d7fbc0b34b70 req-ae477771-0c78-46b5-9fc9-d7fbc0b34b70 ] Request (VolumesAssistedSnapshotsTest:setUpClass): 201 POST http://10.180.1.21/identity/v3/projects 0.115s
2025-12-11 09:04:49.299 63527 INFO tempest.lib.common.rest_client [req-71c81639-d0c9-43ea-b0a0-de5d002f4229 req-71c81639-d0c9-43ea-b0a0-de5d002f4229 ] Request (AggregatesAdminNegativeTestJSON:test_aggregate_add_existent_host): 200 POST http://10.180.1.21/compute/v2.1/os-aggregates/1/action 4.739s
2025-12-11 09:04:49.309 63545 INFO tempest.lib.common.rest_client [req-db8e43ca-55d5-4309-8f01-8d8afe578271 req-db8e43ca-55d5-4309-8f01-8d8afe578271 ] Request (HostsAdminNegativeTestJSON:test_reboot_host_with_non_admin_user): 403 GET http://10.180.1.21/compute/v2.1/os-hosts/devstack/reboot 4.428s
2025-12-11 09:04:49.321 63567 INFO tempest.lib.common.rest_client [req-8b6a8f1f-4b29-4f65-ba1e-eafb78f61e83 req-8b6a8f1f-4b29-4f65-ba1e-eafb78f61e83 ] Request (HypervisorAdminNegativeUnderV252Test:test_show_servers_with_non_admin_user): 403 GET http://10.180.1.21/compute/v2.1/os-hypervisors/1/servers 4.407s
2025-12-11 09:04:49.335 63547 INFO tempest.lib.common.rest_client [req-f11f9587-743c-4b68-9f19-212bf52c4918 req-f11f9587-743c-4b68-9f19-212bf52c4918 ] Request (VolumesAssistedSnapshotsTest:setUpClass): 201 POST http://10.180.1.21/identity/v3/users 0.107s
2025-12-11 09:04:49.343 63529 INFO tempest.lib.common.rest_client [req-d97ddf1f-889e-493d-9057-ff45aee12452 req-d97ddf1f-889e-493d-9057-ff45aee12452 ] Request (FlavorsAdminTestJSON:test_create_flavor_verify_entry_in_list_details): 200 POST http://10.180.1.21/compute/v2.1/flavors 4.403s
2025-12-11 09:04:49.365 63547 INFO tempest.lib.common.rest_client [req-ff3867a4-acd7-4384-ad11-9a5b14ddb901 req-ff3867a4-acd7-4384-ad11-9a5b14ddb901 ] Request (VolumesAssistedSnapshotsTest:setUpClass): 200 GET http://10.180.1.21/identity/v3/roles 0.029s
2025-12-11 09:04:49.391 63543 INFO tempest.lib.common.rest_client [req-012c5466-3434-48f9-8a73-3ed032eb17b1 req-012c5466-3434-48f9-8a73-3ed032eb17b1 ] Request (AZAdminV2TestJSON:tearDownClass): 204 DELETE http://10.180.1.21:9696/networking/v2.0/security-groups/89e2da4e-4e21-432a-8d2d-f77489ba3b61 0.473s
2025-12-11 09:04:49.410 63547 INFO tempest.lib.common.rest_client [req-0aa0925d-ce09-41de-9e9f-6914faee226f req-0aa0925d-ce09-41de-9e9f-6914faee226f ] Request (VolumesAssistedSnapshotsTest:setUpClass): 204 PUT http://10.180.1.21/identity/v3/projects/8d7ba71e293a4e4e963717599611c6d3/users/5150c1b1db0e49a4a6d270381da3100b/roles/9bda7e81940b40c2b6479551ad574a8a 0.044s
2025-12-11 09:04:49.458 63547 INFO tempest.lib.common.rest_client [req-4ed51377-2a38-4644-9f4c-6caca9edf6dc req-4ed51377-2a38-4644-9f4c-6caca9edf6dc ] Request (VolumesAssistedSnapshotsTest:setUpClass): 200 GET http://10.180.1.21/identity/v3/roles 0.048s
2025-12-11 09:04:49.487 63547 INFO tempest.lib.common.rest_client [req-78a8e2fc-f3ed-411f-8a03-bb162d946293 req-78a8e2fc-f3ed-411f-8a03-bb162d946293 ] Request (VolumesAssistedSnapshotsTest:setUpClass): 204 PUT http://10.180.1.21/identity/v3/projects/8d7ba71e293a4e4e963717599611c6d3/users/5150c1b1db0e49a4a6d270381da3100b/roles/9bda7e81940b40c2b6479551ad574a8a 0.028s
2025-12-11 09:04:49.487 63547 INFO tempest.lib.common.dynamic_creds [-] Dynamic test user 5150c1b1db0e49a4a6d270381da3100b is created with scope project and roles: ['admin']
2025-12-11 09:04:49.487 63547 INFO tempest.lib.common.dynamic_creds [-] Acquired dynamic creds: credentials: Credentials: {'domain_id': 'default', 'domain_name': 'Default', 'username': 'tempest-VolumesAssistedSnapshotsTest-235121717-project-admin', 'project_domain_id': 'default', 'project_domain_name': 'Default', 'project_id': '8d7ba71e293a4e4e963717599611c6d3', 'project_name': 'tempest-VolumesAssistedSnapshotsTest-235121717', 'tenant_id': '8d7ba71e293a4e4e963717599611c6d3', 'tenant_name': 'tempest-VolumesAssistedSnapshotsTest-235121717', 'user_domain_id': 'default', 'user_domain_name': 'Default', 'user_id': '5150c1b1db0e49a4a6d270381da3100b', 'system': None}, Network: None, Subnet: None, Router: None
2025-12-11 09:04:49.512 63543 INFO tempest.lib.common.rest_client [req-81cd3332-42b3-4446-b899-2da0c9c2a10d req-81cd3332-42b3-4446-b899-2da0c9c2a10d ] Request (AZAdminV2TestJSON:tearDownClass): 204 DELETE http://10.180.1.21/identity/v3/projects/5c35ce76861342768a9667bf3caf062d 0.120s
2025-12-11 09:04:49.525 63505 INFO tempest.lib.common.rest_client [req-7ccedf0d-56f6-4701-bca7-1b149fd20752 req-7ccedf0d-56f6-4701-bca7-1b149fd20752 ] Request (NetworksTest:tearDownClass): 200 GET http://10.180.1.21:9696/networking/v2.0/security-groups?tenant_id=aaa9f455e9044fed8af10a2bc3f2db95&name=default 0.793s
2025-12-11 09:04:49.582 63543 INFO tempest.lib.common.rest_client [req-d7a5ca61-19ad-4bce-9eb7-c125927f11e7 req-d7a5ca61-19ad-4bce-9eb7-c125927f11e7 ] Request (ServicesAdminNegativeTestJSON:setUpClass): 201 POST http://10.180.1.21/identity/v3/auth/tokens 0.068s
2025-12-11 09:04:49.613 63543 INFO tempest.lib.common.rest_client [req-5552568a-9f39-42a5-99c9-1e2c92cfb8cb req-5552568a-9f39-42a5-99c9-1e2c92cfb8cb ] Request (ServicesAdminNegativeTestJSON:setUpClass): 201 POST http://10.180.1.21/identity/v3/auth/tokens 0.028s
2025-12-11 09:04:49.644 63543 INFO tempest.lib.common.rest_client [req-3f5b492c-4de7-497b-aca4-752682b5f031 req-3f5b492c-4de7-497b-aca4-752682b5f031 ] Request (ServicesAdminNegativeTestJSON:setUpClass): 200 GET http://10.180.1.21/identity/v3/domains?name=Default 0.030s
2025-12-11 09:04:49.672 63543 INFO tempest.lib.common.rest_client [req-6f49b561-6f81-4fb7-b174-1c1f10f1a956 req-6f49b561-6f81-4fb7-b174-1c1f10f1a956 ] Request (ServicesAdminNegativeTestJSON:setUpClass): 201 POST http://10.180.1.21/identity/v3/projects 0.028s
2025-12-11 09:04:49.738 63543 INFO tempest.lib.common.rest_client [req-e99bddb6-b74d-42b6-b376-c707b6cd271b req-e99bddb6-b74d-42b6-b376-c707b6cd271b ] Request (ServicesAdminNegativeTestJSON:setUpClass): 201 POST http://10.180.1.21/identity/v3/users 0.063s
2025-12-11 09:04:49.765 63543 INFO tempest.lib.common.rest_client [req-f8126a67-adf2-472f-9ddc-c41313798f64 req-f8126a67-adf2-472f-9ddc-c41313798f64 ] Request (ServicesAdminNegativeTestJSON:setUpClass): 200 GET http://10.180.1.21/identity/v3/roles 0.026s
2025-12-11 09:04:49.796 63543 INFO tempest.lib.common.rest_client [req-df9d42b5-9e3d-438e-8622-5d2b862c1015 req-df9d42b5-9e3d-438e-8622-5d2b862c1015 ] Request (ServicesAdminNegativeTestJSON:setUpClass): 204 PUT http://10.180.1.21/identity/v3/projects/a12e8c096f9b4be5a7a6384776538f6d/users/17baa03acf434e5e9bc6221ff7a3b441/roles/99e8deb875bc45fcab6268be85f40cf0 0.031s
2025-12-11 09:04:49.796 63543 INFO tempest.lib.common.dynamic_creds [-] Dynamic test user 17baa03acf434e5e9bc6221ff7a3b441 is created with scope project and roles: ['member']
2025-12-11 09:04:49.797 63543 INFO tempest.lib.common.dynamic_creds [-] Acquired dynamic creds: credentials: Credentials: {'domain_id': 'default', 'domain_name': 'Default', 'username': 'tempest-ServicesAdminNegativeTestJSON-1919895387-project-member', 'project_domain_id': 'default', 'project_domain_name': 'Default', 'project_id': 'a12e8c096f9b4be5a7a6384776538f6d', 'project_name': 'tempest-ServicesAdminNegativeTestJSON-1919895387', 'tenant_id': 'a12e8c096f9b4be5a7a6384776538f6d', 'tenant_name': 'tempest-ServicesAdminNegativeTestJSON-1919895387', 'user_domain_id': 'default', 'user_domain_name': 'Default', 'user_id': '17baa03acf434e5e9bc6221ff7a3b441', 'system': None}, Network: None, Subnet: None, Router: None
2025-12-11 09:04:49.797 63543 INFO tempest.lib.common.dynamic_creds [-] Created isolated network resources for: credentials: Credentials: {'domain_id': 'default', 'domain_name': 'Default', 'username': 'tempest-ServicesAdminNegativeTestJSON-1919895387-project-member', 'project_domain_id': 'default', 'project_domain_name': 'Default', 'project_id': 'a12e8c096f9b4be5a7a6384776538f6d', 'project_name': 'tempest-ServicesAdminNegativeTestJSON-1919895387', 'tenant_id': 'a12e8c096f9b4be5a7a6384776538f6d', 'tenant_name': 'tempest-ServicesAdminNegativeTestJSON-1919895387', 'user_domain_id': 'default', 'user_domain_name': 'Default', 'user_id': '17baa03acf434e5e9bc6221ff7a3b441', 'system': None}, Network: None, Subnet: None, Router: None
2025-12-11 09:04:49.857 63533 INFO tempest.lib.common.rest_client [req-b9b969ad-4bc7-4b16-aa1d-efb0452c9183 req-b9b969ad-4bc7-4b16-aa1d-efb0452c9183 ] Request (QuotaClassesAdminTestJSON:tearDownClass): 204 DELETE http://10.180.1.21:9696/networking/v2.0/security-groups/d082c837-4aa6-44af-a83d-b23af2bc0612 0.741s
2025-12-11 09:04:49.880 63523 INFO tempest.lib.common.rest_client [req-f375ae1d-488d-4581-9344-2c2e7b0551fc req-f375ae1d-488d-4581-9344-2c2e7b0551fc ] Request (HypervisorAdminV253TestBase:tearDownClass): 204 DELETE http://10.180.1.21:9696/networking/v2.0/security-groups/7919d381-e555-400a-9596-9696af8b79ea 0.714s
2025-12-11 09:04:49.890 63543 INFO tempest.lib.common.rest_client [req-6bdf0fae-58a3-409b-a344-931c30516a5a req-6bdf0fae-58a3-409b-a344-931c30516a5a ] Request (ServicesAdminNegativeTestJSON:setUpClass): 201 POST http://10.180.1.21/identity/v3/auth/tokens 0.086s
2025-12-11 09:04:49.943 63557 INFO tempest.lib.common.rest_client [req-f8f5e3d2-95d4-4bab-afe3-305d7a955fc9 req-f8f5e3d2-95d4-4bab-afe3-305d7a955fc9 ] Request (ServersWithSpecificFlavorTestJSON:setUpClass): 201 POST http://10.180.1.21:9696/networking/v2.0/routers 5.997s
2025-12-11 09:04:50.027 63523 INFO tempest.lib.common.rest_client [req-181b3435-162d-4a32-8f57-328bc3c67c91 req-181b3435-162d-4a32-8f57-328bc3c67c91 ] Request (HypervisorAdminV253TestBase:tearDownClass): 204 DELETE http://10.180.1.21/identity/v3/projects/5afc6cee9ea843ab813caf5da24dfd92 0.147s
2025-12-11 09:04:50.027 63523 INFO tempest.lib.common.dynamic_creds [-] Deleting project and security group for project: 7c21c844bfb342f98697cecf8a23d749
2025-12-11 09:04:50.030 63533 INFO tempest.lib.common.rest_client [req-16a8a20e-88dd-485a-bfbe-a57ec25fb9bd req-16a8a20e-88dd-485a-bfbe-a57ec25fb9bd ] Request (QuotaClassesAdminTestJSON:tearDownClass): 204 DELETE http://10.180.1.21/identity/v3/projects/da41ab6313d947e6896315b052d1c4cb 0.172s
2025-12-11 09:04:50.114 63533 INFO tempest.lib.common.rest_client [req-8d6cbbba-9855-46ed-9afa-e2e28b2174ff req-8d6cbbba-9855-46ed-9afa-e2e28b2174ff ] Request (ListImageFiltersTestJSON:setUpClass): 201 POST http://10.180.1.21/identity/v3/auth/tokens 0.082s
2025-12-11 09:04:50.117 63543 INFO tempest.lib.common.rest_client [req-815cef98-d9b4-451f-b7d9-bbd224f8bf8e req-815cef98-d9b4-451f-b7d9-bbd224f8bf8e ] Request (ServicesAdminNegativeTestJSON:setUpClass): 201 POST http://10.180.1.21/identity/v3/projects 0.226s
2025-12-11 09:04:50.142 63507 INFO tempest.lib.common.rest_client [req-ac90316f-c283-466b-bdf9-2e7904e85b2d req-ac90316f-c283-466b-bdf9-2e7904e85b2d ] Request (DeleteServersAdminTestJSON:test_admin_delete_servers_of_others): 200 GET http://10.180.1.21/compute/v2.1/servers/4afbddcb-d9ac-412e-93d9-52b2de6fbdb5 5.360s
2025-12-11 09:04:50.199 63533 INFO tempest.lib.common.rest_client [req-9c8f96d8-0a86-4bd1-ae2b-97d0f9d9f611 req-9c8f96d8-0a86-4bd1-ae2b-97d0f9d9f611 ] Request (ListImageFiltersTestJSON:setUpClass): 201 POST http://10.180.1.21/identity/v3/auth/tokens 0.084s
2025-12-11 09:04:50.221 63533 INFO tempest.lib.common.rest_client [req-50cf9e4a-b9af-4abd-a808-4e9e914b3cb8 req-50cf9e4a-b9af-4abd-a808-4e9e914b3cb8 ] Request (ListImageFiltersTestJSON:setUpClass): 200 GET http://10.180.1.21/identity/v3/domains?name=Default 0.021s
2025-12-11 09:04:50.225 63543 INFO tempest.lib.common.rest_client [req-ab939d26-f3e1-4777-a2d3-a1759008dca5 req-ab939d26-f3e1-4777-a2d3-a1759008dca5 ] Request (ServicesAdminNegativeTestJSON:setUpClass): 201 POST http://10.180.1.21/identity/v3/users 0.107s
2025-12-11 09:04:50.243 63543 INFO tempest.lib.common.rest_client [req-d4ec6bcb-d459-4063-a608-78de0e638d95 req-d4ec6bcb-d459-4063-a608-78de0e638d95 ] Request (ServicesAdminNegativeTestJSON:setUpClass): 200 GET http://10.180.1.21/identity/v3/roles 0.017s
2025-12-11 09:04:50.248 63533 INFO tempest.lib.common.rest_client [req-a2c512f6-e5d0-46f1-96cd-14f422756acb req-a2c512f6-e5d0-46f1-96cd-14f422756acb ] Request (ListImageFiltersTestJSON:setUpClass): 201 POST http://10.180.1.21/identity/v3/projects 0.026s
2025-12-11 09:04:50.303 63533 INFO tempest.lib.common.rest_client [req-45e6cc0b-f9f6-405d-8091-b9c08ab1eae4 req-45e6cc0b-f9f6-405d-8091-b9c08ab1eae4 ] Request (ListImageFiltersTestJSON:setUpClass): 201 POST http://10.180.1.21/identity/v3/users 0.054s
2025-12-11 09:04:50.308 63543 INFO tempest.lib.common.rest_client [req-21bc28ab-951a-450a-a6e8-360b1bb947ff req-21bc28ab-951a-450a-a6e8-360b1bb947ff ] Request (ServicesAdminNegativeTestJSON:setUpClass): 204 PUT http://10.180.1.21/identity/v3/projects/8b677204872a4d1782052757da37f75a/users/b37531ed76574c70be1dcc6a5d8a55b1/roles/9bda7e81940b40c2b6479551ad574a8a 0.065s
2025-12-11 09:04:50.358 63533 INFO tempest.lib.common.rest_client [req-006ee84a-919a-4676-9efa-3d250ebab7a2 req-006ee84a-919a-4676-9efa-3d250ebab7a2 ] Request (ListImageFiltersTestJSON:setUpClass): 200 GET http://10.180.1.21/identity/v3/roles 0.055s
2025-12-11 09:04:50.362 63543 INFO tempest.lib.common.rest_client [req-cdd92750-5366-4a3a-82cd-5a429202ba8b req-cdd92750-5366-4a3a-82cd-5a429202ba8b ] Request (ServicesAdminNegativeTestJSON:setUpClass): 200 GET http://10.180.1.21/identity/v3/roles 0.053s
2025-12-11 09:04:50.414 63533 INFO tempest.lib.common.rest_client [req-1dfc7fad-c5cf-403d-bdf4-9481726a32a4 req-1dfc7fad-c5cf-403d-bdf4-9481726a32a4 ] Request (ListImageFiltersTestJSON:setUpClass): 204 PUT http://10.180.1.21/identity/v3/projects/1fff968ba7de46b8b8cd659d04c32713/users/a13b41e3e93e4245b20fee3d0c2a4c58/roles/99e8deb875bc45fcab6268be85f40cf0 0.055s
2025-12-11 09:04:50.414 63533 INFO tempest.lib.common.dynamic_creds [-] Dynamic test user a13b41e3e93e4245b20fee3d0c2a4c58 is created with scope project and roles: ['member']
2025-12-11 09:04:50.414 63533 INFO tempest.lib.common.dynamic_creds [-] Acquired dynamic creds: credentials: Credentials: {'domain_id': 'default', 'domain_name': 'Default', 'username': 'tempest-ListImageFiltersTestJSON-45654626-project-member', 'project_domain_id': 'default', 'project_domain_name': 'Default', 'project_id': '1fff968ba7de46b8b8cd659d04c32713', 'project_name': 'tempest-ListImageFiltersTestJSON-45654626', 'tenant_id': '1fff968ba7de46b8b8cd659d04c32713', 'tenant_name': 'tempest-ListImageFiltersTestJSON-45654626', 'user_domain_id': 'default', 'user_domain_name': 'Default', 'user_id': 'a13b41e3e93e4245b20fee3d0c2a4c58', 'system': None}, Network: None, Subnet: None, Router: None
2025-12-11 09:04:50.414 63533 INFO tempest.lib.common.dynamic_creds [-] Created isolated network resources for: credentials: Credentials: {'domain_id': 'default', 'domain_name': 'Default', 'username': 'tempest-ListImageFiltersTestJSON-45654626-project-member', 'project_domain_id': 'default', 'project_domain_name': 'Default', 'project_id': '1fff968ba7de46b8b8cd659d04c32713', 'project_name': 'tempest-ListImageFiltersTestJSON-45654626', 'tenant_id': '1fff968ba7de46b8b8cd659d04c32713', 'tenant_name': 'tempest-ListImageFiltersTestJSON-45654626', 'user_domain_id': 'default', 'user_domain_name': 'Default', 'user_id': 'a13b41e3e93e4245b20fee3d0c2a4c58', 'system': None}, Network: None, Subnet: None, Router: None
2025-12-11 09:04:50.469 63543 INFO tempest.lib.common.rest_client [req-17a86f36-f71c-4bad-99fb-d55cecd1e5a2 req-17a86f36-f71c-4bad-99fb-d55cecd1e5a2 ] Request (ServicesAdminNegativeTestJSON:setUpClass): 204 PUT http://10.180.1.21/identity/v3/projects/8b677204872a4d1782052757da37f75a/users/b37531ed76574c70be1dcc6a5d8a55b1/roles/9bda7e81940b40c2b6479551ad574a8a 0.107s
2025-12-11 09:04:50.469 63543 INFO tempest.lib.common.dynamic_creds [-] Dynamic test user b37531ed76574c70be1dcc6a5d8a55b1 is created with scope project and roles: ['admin']
2025-12-11 09:04:50.470 63543 INFO tempest.lib.common.dynamic_creds [-] Acquired dynamic creds: credentials: Credentials: {'domain_id': 'default', 'domain_name': 'Default', 'username': 'tempest-ServicesAdminNegativeTestJSON-2052209455-project-admin', 'project_domain_id': 'default', 'project_domain_name': 'Default', 'project_id': '8b677204872a4d1782052757da37f75a', 'project_name': 'tempest-ServicesAdminNegativeTestJSON-2052209455', 'tenant_id': '8b677204872a4d1782052757da37f75a', 'tenant_name': 'tempest-ServicesAdminNegativeTestJSON-2052209455', 'user_domain_id': 'default', 'user_domain_name': 'Default', 'user_id': 'b37531ed76574c70be1dcc6a5d8a55b1', 'system': None}, Network: None, Subnet: None, Router: None
2025-12-11 09:04:50.470 63543 INFO tempest.lib.common.dynamic_creds [-] Created isolated network resources for: credentials: Credentials: {'domain_id': 'default', 'domain_name': 'Default', 'username': 'tempest-ServicesAdminNegativeTestJSON-2052209455-project-admin', 'project_domain_id': 'default', 'project_domain_name': 'Default', 'project_id': '8b677204872a4d1782052757da37f75a', 'project_name': 'tempest-ServicesAdminNegativeTestJSON-2052209455', 'tenant_id': '8b677204872a4d1782052757da37f75a', 'tenant_name': 'tempest-ServicesAdminNegativeTestJSON-2052209455', 'user_domain_id': 'default', 'user_domain_name': 'Default', 'user_id': 'b37531ed76574c70be1dcc6a5d8a55b1', 'system': None}, Network: None, Subnet: None, Router: None
2025-12-11 09:04:50.519 63505 INFO tempest.lib.common.rest_client [req-3d3c9144-08df-488c-a7c2-c841c620ea24 req-3d3c9144-08df-488c-a7c2-c841c620ea24 ] Request (NetworksTest:tearDownClass): 204 DELETE http://10.180.1.21:9696/networking/v2.0/security-groups/3493481b-938a-492a-ad39-62260b319a4d 0.993s
2025-12-11 09:04:50.535 63533 INFO tempest.lib.common.rest_client [req-fbcf8779-66c4-49ae-8778-8529efeb7d57 req-fbcf8779-66c4-49ae-8778-8529efeb7d57 ] Request (ListImageFiltersTestJSON:setUpClass): 201 POST http://10.180.1.21/identity/v3/auth/tokens 0.115s
2025-12-11 09:04:50.558 63543 INFO tempest.lib.common.rest_client [req-d40b6834-e098-4609-b1f4-05007fc2c6ac req-d40b6834-e098-4609-b1f4-05007fc2c6ac ] Request (ServicesAdminNegativeTestJSON:setUpClass): 201 POST http://10.180.1.21/identity/v3/auth/tokens 0.085s
2025-12-11 09:04:50.573 63523 INFO tempest.lib.common.rest_client [req-0c50dc6f-918f-4f37-bbee-24647516e612 req-0c50dc6f-918f-4f37-bbee-24647516e612 ] Request (HypervisorAdminV253TestBase:tearDownClass): 200 GET http://10.180.1.21:9696/networking/v2.0/security-groups?tenant_id=7c21c844bfb342f98697cecf8a23d749&name=default 0.545s
2025-12-11 09:04:50.649 63547 INFO tempest.lib.common.rest_client [req-e7edee52-4f0e-4498-8835-4da2bb9f58fe req-e7edee52-4f0e-4498-8835-4da2bb9f58fe ] Request (VolumesAssistedSnapshotsTest:setUpClass): 201 POST http://10.180.1.21:9696/networking/v2.0/networks 1.162s
2025-12-11 09:04:50.662 63505 INFO tempest.lib.common.rest_client [req-361d4333-dd85-4e6e-8a50-ef473b35165c req-361d4333-dd85-4e6e-8a50-ef473b35165c ] Request (NetworksTest:tearDownClass): 204 DELETE http://10.180.1.21/identity/v3/projects/aaa9f455e9044fed8af10a2bc3f2db95 0.142s
2025-12-11 09:04:50.662 63505 INFO tempest.lib.common.dynamic_creds [-] Deleting project and security group for project: 5f86b351c4a7494498f7dc99f6e4bc84
2025-12-11 09:04:50.708 63535 INFO tempest.lib.common.rest_client [req-bdf08367-8202-4780-90df-7a614f418771 req-bdf08367-8202-4780-90df-7a614f418771 ] Request (InstanceActionsTestJSON:setUpClass): 201 POST http://10.180.1.21:9696/networking/v2.0/routers 7.032s
2025-12-11 09:04:50.760 63513 INFO tempest.lib.common.rest_client [req-e1730dde-099a-4d2e-b799-4697c88bf1d4 req-e1730dde-099a-4d2e-b799-4697c88bf1d4 ] Request (ServerDiagnosticsNegativeTest:test_get_server_diagnostics_by_non_admin): 200 GET http://10.180.1.21/compute/v2.1/servers/02ed8dca-f6ae-47b0-a047-f89f858f5ff2 4.941s
2025-12-11 09:04:50.935 63515 INFO tempest.lib.common.rest_client [req-5ae08751-6875-4dbc-b16d-74fdd44ea539 req-5ae08751-6875-4dbc-b16d-74fdd44ea539 ] Request (ServersTestBootFromVolume:setUpClass): 200 POST http://10.180.1.21/compute/v2.1/os-keypairs 5.033s
2025-12-11 09:04:51.106 63553 INFO tempest.lib.common.rest_client [req-964c6592-9aeb-40bf-8ae7-87872b83c7f0 req-964c6592-9aeb-40bf-8ae7-87872b83c7f0 ] Request (QuotasAdminTestJSON:test_delete_quota): 200 GET http://10.180.1.21/compute/v2.1/os-quota-sets/5a1528f1720c4328b49bba9253a71069 5.149s
2025-12-11 09:04:51.159 63533 INFO tempest.lib.common.rest_client [req-f7032f8d-dbaa-4223-b70a-f5f5b0e1cdda req-f7032f8d-dbaa-4223-b70a-f5f5b0e1cdda ] Request (ListImageFiltersTestJSON:setUpClass): 201 POST http://10.180.1.21/image/v2/images 0.623s
2025-12-11 09:04:51.343 63523 INFO tempest.lib.common.rest_client [req-f19b1264-cbc5-43fd-af5a-ec6005f5f316 req-f19b1264-cbc5-43fd-af5a-ec6005f5f316 ] Request (HypervisorAdminV253TestBase:tearDownClass): 204 DELETE http://10.180.1.21:9696/networking/v2.0/security-groups/6f7b3dd8-aa94-4216-9613-1e58a24d98f9 0.770s
2025-12-11 09:04:51.416 63556 INFO tempest.lib.common.rest_client [req-ffae3551-a132-4ae4-9133-a1681f6d0c8e req-ffae3551-a132-4ae4-9133-a1681f6d0c8e ] Request (FloatingIPsAssociationTestJSON:setUpClass): 202 POST http://10.180.1.21/compute/v2.1/servers 6.423s
2025-12-11 09:04:51.505 63523 INFO tempest.lib.common.rest_client [req-46bf6b1d-b3a0-412c-8d92-87f600824401 req-46bf6b1d-b3a0-412c-8d92-87f600824401 ] Request (HypervisorAdminV253TestBase:tearDownClass): 204 DELETE http://10.180.1.21/identity/v3/projects/7c21c844bfb342f98697cecf8a23d749 0.161s
2025-12-11 09:04:51.596 63511 INFO tempest.lib.common.rest_client [req-569ae243-235b-4cbb-bae5-6ce4b9f5ebd1 req-569ae243-235b-4cbb-bae5-6ce4b9f5ebd1 ] Request (MigrationsAdminTest:test_list_migrations_in_flavor_resize_situation): 200 GET http://10.180.1.21/compute/v2.1/servers/89da94ce-40ad-40e0-a4b9-15fd15d0ab9b 4.857s
2025-12-11 09:04:51.618 63523 INFO tempest.lib.common.rest_client [req-516a4022-9e12-4ae0-965e-c16362346a9e req-516a4022-9e12-4ae0-965e-c16362346a9e ] Request (ServersAdminNegativeTestJSON:setUpClass): 201 POST http://10.180.1.21/identity/v3/auth/tokens 0.111s
2025-12-11 09:04:51.659 63523 INFO tempest.lib.common.rest_client [req-4eabb01f-a2ab-4a4b-adf9-17a79697e9e0 req-4eabb01f-a2ab-4a4b-adf9-17a79697e9e0 ] Request (ServersAdminNegativeTestJSON:setUpClass): 201 POST http://10.180.1.21/identity/v3/auth/tokens 0.038s
2025-12-11 09:04:51.689 63561 INFO tempest.lib.common.rest_client [req-7e229433-dcf5-46be-b575-3c13c4df7ec2 req-7e229433-dcf5-46be-b575-3c13c4df7ec2 ] Request (ServerDiagnosticsV248Test:test_get_server_diagnostics): 200 GET http://10.180.1.21/compute/v2.1/servers/0952267f-c258-4575-be86-b2bc48e9863b 5.570s
2025-12-11 09:04:51.691 63523 INFO tempest.lib.common.rest_client [req-020c9548-5b35-4abe-9e2a-f6a9d017d9ec req-020c9548-5b35-4abe-9e2a-f6a9d017d9ec ] Request (ServersAdminNegativeTestJSON:setUpClass): 200 GET http://10.180.1.21/identity/v3/domains?name=Default 0.028s
2025-12-11 09:04:51.714 63525 INFO tempest.lib.common.rest_client [req-faa7669d-0d21-47f5-9763-0b889e329032 req-faa7669d-0d21-47f5-9763-0b889e329032 ] Request (FlavorMetadataValidation:_run_cleanups): 200 GET http://10.180.1.21/compute/v2.1/flavors/detail 4.319s
2025-12-11 09:04:51.732 63523 INFO tempest.lib.common.rest_client [req-f3dd53b6-9550-4038-bfaa-119cfbdc23eb req-f3dd53b6-9550-4038-bfaa-119cfbdc23eb ] Request (ServersAdminNegativeTestJSON:setUpClass): 201 POST http://10.180.1.21/identity/v3/projects 0.040s
2025-12-11 09:04:51.746 63549 INFO tempest.lib.common.rest_client [req-d48ad3de-8707-4d93-919d-fbe1385e97eb req-d48ad3de-8707-4d93-919d-fbe1385e97eb ] Request (FlavorsExtraSpecsNegativeTestJSON:test_flavor_non_admin_unset_keys): 200 POST http://10.180.1.21/compute/v2.1/flavors/151244010/os-extra_specs 4.344s
2025-12-11 09:04:51.827 63523 INFO tempest.lib.common.rest_client [req-8fe5e98f-679a-457e-820f-f01210b09c8d req-8fe5e98f-679a-457e-820f-f01210b09c8d ] Request (ServersAdminNegativeTestJSON:setUpClass): 201 POST http://10.180.1.21/identity/v3/users 0.094s
2025-12-11 09:04:51.873 63523 INFO tempest.lib.common.rest_client [req-e3142e15-e33d-467a-8464-0d02f25e07b2 req-e3142e15-e33d-467a-8464-0d02f25e07b2 ] Request (ServersAdminNegativeTestJSON:setUpClass): 200 GET http://10.180.1.21/identity/v3/roles 0.045s
2025-12-11 09:04:51.875 63563 INFO tempest.lib.common.rest_client [req-cbc5d449-576a-47c4-83e0-d9efaecff598 req-cbc5d449-576a-47c4-83e0-d9efaecff598 ] Request (FlavorsAccessNegativeTestJSON:test_add_flavor_access_duplicate): 409 POST http://10.180.1.21/compute/v2.1/flavors/1447585327/action 4.945s
2025-12-11 09:04:51.924 63525 INFO tempest.lib.common.rest_client [req-e36a76c6-8f8e-4213-895d-a869c72c40a1 req-e36a76c6-8f8e-4213-895d-a869c72c40a1 ] Request (FlavorMetadataValidation:tearDownClass): 204 DELETE http://10.180.1.21/identity/v3/users/1c677d46f4634c47aeb8af76b51b5f69 0.190s
2025-12-11 09:04:51.965 63523 INFO tempest.lib.common.rest_client [req-a91d30ba-fe02-4272-a1c6-4094f6d15455 req-a91d30ba-fe02-4272-a1c6-4094f6d15455 ] Request (ServersAdminNegativeTestJSON:setUpClass): 204 PUT http://10.180.1.21/identity/v3/projects/ad03061e544f4b17abb83d9596c461a0/users/e607fb95c602421699a05b9541652799/roles/99e8deb875bc45fcab6268be85f40cf0 0.091s
2025-12-11 09:04:51.966 63523 INFO tempest.lib.common.dynamic_creds [-] Dynamic test user e607fb95c602421699a05b9541652799 is created with scope project and roles: ['member']
2025-12-11 09:04:51.966 63523 INFO tempest.lib.common.dynamic_creds [-] Acquired dynamic creds: credentials: Credentials: {'domain_id': 'default', 'domain_name': 'Default', 'username': 'tempest-ServersAdminNegativeTestJSON-2023174960-project-member', 'project_domain_id': 'default', 'project_domain_name': 'Default', 'project_id': 'ad03061e544f4b17abb83d9596c461a0', 'project_name': 'tempest-ServersAdminNegativeTestJSON-2023174960', 'tenant_id': 'ad03061e544f4b17abb83d9596c461a0', 'tenant_name': 'tempest-ServersAdminNegativeTestJSON-2023174960', 'user_domain_id': 'default', 'user_domain_name': 'Default', 'user_id': 'e607fb95c602421699a05b9541652799', 'system': None}, Network: None, Subnet: None, Router: None
2025-12-11 09:04:51.966 63523 INFO tempest.lib.common.dynamic_creds [-] Created isolated network resources for: credentials: Credentials: {'domain_id': 'default', 'domain_name': 'Default', 'username': 'tempest-ServersAdminNegativeTestJSON-2023174960-project-member', 'project_domain_id': 'default', 'project_domain_name': 'Default', 'project_id': 'ad03061e544f4b17abb83d9596c461a0', 'project_name': 'tempest-ServersAdminNegativeTestJSON-2023174960', 'tenant_id': 'ad03061e544f4b17abb83d9596c461a0', 'tenant_name': 'tempest-ServersAdminNegativeTestJSON-2023174960', 'user_domain_id': 'default', 'user_domain_name': 'Default', 'user_id': 'e607fb95c602421699a05b9541652799', 'system': None}, Network: None, Subnet: None, Router: None
2025-12-11 09:04:52.004 63559 INFO tempest.lib.common.rest_client [req-e57c012e-9ba7-47d6-b5bf-e341c2b9cf92 req-e57c012e-9ba7-47d6-b5bf-e341c2b9cf92 ] Request (ServersAdmin275Test:test_rebuild_update_server_275): 200 GET http://10.180.1.21/compute/v2.1/servers/f948a055-fe10-4b55-b2e7-64f544c2d11a 3.766s
2025-12-11 09:04:52.104 63523 INFO tempest.lib.common.rest_client [req-21dbe08b-23ff-4249-bd87-329c8d19fb7a req-21dbe08b-23ff-4249-bd87-329c8d19fb7a ] Request (ServersAdminNegativeTestJSON:setUpClass): 201 POST http://10.180.1.21/identity/v3/auth/tokens 0.132s
2025-12-11 09:04:52.147 63505 INFO tempest.lib.common.rest_client [req-627fda83-ef01-4193-970f-dc547665b44e req-627fda83-ef01-4193-970f-dc547665b44e ] Request (NetworksTest:tearDownClass): 200 GET http://10.180.1.21:9696/networking/v2.0/security-groups?tenant_id=5f86b351c4a7494498f7dc99f6e4bc84&name=default 1.484s
2025-12-11 09:04:52.236 63525 INFO tempest.lib.common.rest_client [req-cdeef9e6-3a59-494a-81aa-c3962f5c548d req-cdeef9e6-3a59-494a-81aa-c3962f5c548d ] Request (FlavorMetadataValidation:tearDownClass): 204 DELETE http://10.180.1.21/identity/v3/users/9bc3f9f06348499a888961b7da8261c3 0.312s
