2025-12-11 09:05:57.655 63529 INFO tempest.lib.common.rest_client [req-d0a9bf31-9559-48cf-965f-d3445904da9c req-d0a9bf31-9559-48cf-965f-d3445904da9c ] Request (MultipleCreateTestJSON:setUpClass): 200 GET http://10.180.1.21/identity/v3/domains?name=Default 0.021s
2025-12-11 09:05:57.656 63551 INFO tempest.lib.common.rest_client [req-ff528c4f-6efb-4f3f-9320-698ddd709682 req-ff528c4f-6efb-4f3f-9320-698ddd709682 ] Request (ImagesOneServerNegativeTestJSON:setUpClass): 200 GET http://10.180.1.21/compute/v2.1/servers/11a32984-5548-4db4-8788-9b221ba381df 0.100s
2025-12-11 09:05:57.681 63529 INFO tempest.lib.common.rest_client [req-fa86a5ed-d465-4c46-9b2b-9340c5c88371 req-fa86a5ed-d465-4c46-9b2b-9340c5c88371 ] Request (MultipleCreateTestJSON:setUpClass): 201 POST http://10.180.1.21/identity/v3/projects 0.026s
2025-12-11 09:05:57.704 63535 INFO tempest.lib.common.rest_client [req-e3525951-597f-493d-90ce-30c36d3621b5 req-e3525951-597f-493d-90ce-30c36d3621b5 ] Request (InstanceActionsTestJSON:setUpClass): 200 GET http://10.180.1.21/compute/v2.1/servers/77493b32-817c-4be8-a42d-8d48e707d41f 0.059s
2025-12-11 09:05:57.716 63511 INFO tempest.lib.common.rest_client [req-5280bcce-ee48-4292-af26-4f19de092679 req-5280bcce-ee48-4292-af26-4f19de092679 ] Request (MigrationsAdminTest:test_list_migrations_in_flavor_resize_situation): 200 GET http://10.180.1.21/compute/v2.1/servers/89da94ce-40ad-40e0-a4b9-15fd15d0ab9b 0.096s
2025-12-11 09:05:57.737 63529 INFO tempest.lib.common.rest_client [req-a14617aa-7be2-440e-94cb-384d1799ee32 req-a14617aa-7be2-440e-94cb-384d1799ee32 ] Request (MultipleCreateTestJSON:setUpClass): 201 POST http://10.180.1.21/identity/v3/users 0.055s
2025-12-11 09:05:57.755 63529 INFO tempest.lib.common.rest_client [req-320655c4-e4ae-4cae-8409-d1e34c1ef91d req-320655c4-e4ae-4cae-8409-d1e34c1ef91d ] Request (MultipleCreateTestJSON:setUpClass): 200 GET http://10.180.1.21/identity/v3/roles 0.017s
2025-12-11 09:05:57.756 63505 INFO tempest.lib.common.rest_client [req-a67dc05d-ac29-45b5-8614-863a50c5d58b req-a67dc05d-ac29-45b5-8614-863a50c5d58b ] Request (AttachInterfacesV270Test:test_create_get_list_interfaces): 200 GET http://10.180.1.21/compute/v2.1/servers/3af8fe9a-643b-4650-a036-6f1b9c3c8d03 0.080s
2025-12-11 09:05:57.765 63531 INFO tempest.lib.common.rest_client [req-896fcbc8-c512-41c5-aeb4-32f82b9d1b70 req-896fcbc8-c512-41c5-aeb4-32f82b9d1b70 ] Request (ListServersNegativeTestJSON:setUpClass): 200 GET http://10.180.1.21/compute/v2.1/servers/164c1d04-3481-4aee-ba56-c80c8ed36e6a 0.066s
2025-12-11 09:05:57.779 63529 INFO tempest.lib.common.rest_client [req-c23599cb-b55b-45c6-a9b7-cb47b22a3d30 req-c23599cb-b55b-45c6-a9b7-cb47b22a3d30 ] Request (MultipleCreateTestJSON:setUpClass): 204 PUT http://10.180.1.21/identity/v3/projects/2032ccd516be48f4820bb51e09e3036c/users/ad94033f7ed748bb9e1ec3880420b781/roles/99e8deb875bc45fcab6268be85f40cf0 0.024s
2025-12-11 09:05:57.779 63529 INFO tempest.lib.common.dynamic_creds [-] Dynamic test user ad94033f7ed748bb9e1ec3880420b781 is created with scope project and roles: ['member']
2025-12-11 09:05:57.780 63529 INFO tempest.lib.common.dynamic_creds [-] Acquired dynamic creds: credentials: Credentials: {'domain_id': 'default', 'domain_name': 'Default', 'username': 'tempest-MultipleCreateTestJSON-2035323882-project-member', 'project_domain_id': 'default', 'project_domain_name': 'Default', 'project_id': '2032ccd516be48f4820bb51e09e3036c', 'project_name': 'tempest-MultipleCreateTestJSON-2035323882', 'tenant_id': '2032ccd516be48f4820bb51e09e3036c', 'tenant_name': 'tempest-MultipleCreateTestJSON-2035323882', 'user_domain_id': 'default', 'user_domain_name': 'Default', 'user_id': 'ad94033f7ed748bb9e1ec3880420b781', 'system': None}, Network: None, Subnet: None, Router: None
2025-12-11 09:05:57.816 63519 INFO tempest.lib.common.rest_client [req-7ad77dc6-1ffd-49f3-9d8f-fcfddb989fbd req-7ad77dc6-1ffd-49f3-9d8f-fcfddb989fbd ] Request (ServerActionsTestJSON:setUpClass): 200 GET http://10.180.1.21/compute/v2.1/servers/a4e56801-a8b8-448f-9b1a-d228ceeaaa46 0.069s
2025-12-11 09:05:57.839 63529 INFO tempest.lib.common.rest_client [req-64eaa399-777a-435a-91d7-34accf0e4f2c req-64eaa399-777a-435a-91d7-34accf0e4f2c ] Request (MultipleCreateTestJSON:setUpClass): 201 POST http://10.180.1.21/identity/v3/auth/tokens 0.059s
2025-12-11 09:05:57.863 63543 INFO tempest.lib.common.rest_client [req-946d3d42-90cd-4b2c-8930-3462e643df9d req-946d3d42-90cd-4b2c-8930-3462e643df9d ] Request (TenantUsagesTestJSON:setUpClass): 200 GET http://10.180.1.21/compute/v2.1/servers/7d000257-5fc1-43fa-9fc5-a07519a6feea 0.093s
2025-12-11 09:05:57.926 63541 INFO tempest.lib.common.rest_client [req-9cb8b298-7d10-4c3f-bb41-4874a70a50ce req-9cb8b298-7d10-4c3f-bb41-4874a70a50ce ] Request (InstanceActionsNegativeTestJSON:setUpClass): 200 GET http://10.180.1.21/compute/v2.1/servers/f889087d-5f22-4de6-8dff-819d2afb7240 0.128s
2025-12-11 09:05:57.967 63557 INFO tempest.lib.common.rest_client [req-fc96535a-1d7d-492b-b128-bc5eccbc58f3 req-fc96535a-1d7d-492b-b128-bc5eccbc58f3 ] Request (ServersWithSpecificFlavorTestJSON:test_verify_created_server_ephemeral_disk): 200 GET http://10.180.1.21/compute/v2.1/servers/8dd5ad91-d09a-41dd-a8d0-fd22e96fc279 0.244s
2025-12-11 09:05:58.064 63539 INFO tempest.lib.common.rest_client [req-24974bfc-d107-4d61-9297-de0bd4a7b177 req-24974bfc-d107-4d61-9297-de0bd4a7b177 ] Request (ServerDiagnosticsTest:test_get_server_diagnostics): 200 GET http://10.180.1.21/compute/v2.1/servers/f1dddee3-33d6-4f55-bd91-9ce2fe6be72b 0.131s
2025-12-11 09:05:58.128 63525 INFO tempest.lib.common.rest_client [req-6af61d0b-79b0-4969-8120-7dc680f94402 req-6af61d0b-79b0-4969-8120-7dc680f94402 ] Request (ServerShowV247Test:test_update_rebuild_list_server): 200 GET http://10.180.1.21/compute/v2.1/servers/11838596-1730-4c23-bbf2-3159d3c6d72d 0.195s
2025-12-11 09:05:58.151 63513 INFO tempest.lib.common.rest_client [req-216cf57f-eb16-4ad7-b226-f7c7df094ec3 req-216cf57f-eb16-4ad7-b226-f7c7df094ec3 ] Request (ServerDiagnosticsNegativeTest:test_get_server_diagnostics_by_non_admin): 200 GET http://10.180.1.21/compute/v2.1/servers/02ed8dca-f6ae-47b0-a047-f89f858f5ff2 0.269s
2025-12-11 09:05:58.155 63529 INFO tempest.lib.common.rest_client [req-c734b2b1-8cb5-4206-8662-6baf03b6e619 req-c734b2b1-8cb5-4206-8662-6baf03b6e619 ] Request (MultipleCreateTestJSON:setUpClass): 201 POST http://10.180.1.21:9696/networking/v2.0/networks 0.316s
2025-12-11 09:05:58.180 63533 INFO tempest.lib.common.rest_client [req-16db2666-780f-493f-8016-31a2dc472945 req-16db2666-780f-493f-8016-31a2dc472945 ] Request (ListImageFiltersTestJSON:setUpClass): 200 GET http://10.180.1.21/compute/v2.1/servers/8728833b-c3ac-49b2-9a33-ecfae9597e9e 0.192s
2025-12-11 09:05:58.237 63547 INFO tempest.lib.common.rest_client [req-f40192d8-ed9b-4ab0-b55a-a720bb996a8f req-f40192d8-ed9b-4ab0-b55a-a720bb996a8f ] Request (VolumesAssistedSnapshotsTest:test_volume_assisted_snapshot_create_delete): 200 GET http://10.180.1.21/compute/v2.1/servers/6699f6e7-203d-4d8a-bc9e-8c8d5427db36 0.106s
2025-12-11 09:05:58.312 63507 INFO tempest.lib.common.rest_client [req-1f7b7293-9063-437f-8a16-8dbe3606cc7d req-1f7b7293-9063-437f-8a16-8dbe3606cc7d ] Request (DeleteServersAdminTestJSON:test_admin_delete_servers_of_others): 200 GET http://10.180.1.21/compute/v2.1/servers/4afbddcb-d9ac-412e-93d9-52b2de6fbdb5 0.243s
2025-12-11 09:05:58.334 63537 INFO tempest.lib.common.rest_client [req-645df7f1-0413-4528-a293-c379a62ea004 req-645df7f1-0413-4528-a293-c379a62ea004 ] Request (FloatingIPsAssociationNegativeTestJSON:setUpClass): 200 GET http://10.180.1.21/compute/v2.1/servers/94d19d7f-8eb7-4c93-aff4-3b1404338240 0.165s
2025-12-11 09:05:58.373 63561 INFO tempest.lib.common.rest_client [req-ae584ed5-12cb-4298-9512-f79288148dba req-ae584ed5-12cb-4298-9512-f79288148dba ] Request (ServerDiagnosticsV248Test:test_get_server_diagnostics): 200 GET http://10.180.1.21/compute/v2.1/servers/0952267f-c258-4575-be86-b2bc48e9863b 0.186s
2025-12-11 09:05:58.384 63563 INFO tempest.lib.common.rest_client [req-1ba1d23c-f01d-4a8d-abc4-6fb66d17cf98 req-1ba1d23c-f01d-4a8d-abc4-6fb66d17cf98 ] Request (VolumesAdminNegativeTest:test_update_attached_volume_with_nonexistent_volume_in_uri): 200 GET http://10.180.1.21/compute/v2.1/servers/c936b733-7faa-4e73-99c5-2ac11d5421ff 0.155s
2025-12-11 09:05:58.414 63529 INFO tempest.lib.common.rest_client [req-fa3f61b4-8cac-4b17-8132-adc61bb6c0b5 req-fa3f61b4-8cac-4b17-8132-adc61bb6c0b5 ] Request (MultipleCreateTestJSON:setUpClass): 201 POST http://10.180.1.21:9696/networking/v2.0/subnets 0.258s
2025-12-11 09:05:58.422 63521 INFO tempest.lib.common.rest_client [req-fc2bbb3d-640b-4715-9094-02b464af4238 req-fc2bbb3d-640b-4715-9094-02b464af4238 ] Request (ListServerFiltersTestJSON:setUpClass): 200 GET http://10.180.1.21/compute/v2.1/servers/4846a37e-b175-4f23-b8c1-34a6b124513d 0.150s
2025-12-11 09:05:58.439 63549 INFO tempest.lib.common.rest_client [req-0e299805-931f-469f-8824-8a8af599c807 req-0e299805-931f-469f-8824-8a8af599c807 ] Request (ServerMetadataNegativeTestJSON:setUpClass): 200 GET http://10.180.1.21/compute/v2.1/servers/a12ff1bf-8cfa-4d03-828d-6b34727f61bf 0.122s
2025-12-11 09:05:58.489 63509 INFO tempest.lib.common.rest_client [req-0450ea92-c6c0-4fb2-8f9f-abc6722dda5b req-0450ea92-c6c0-4fb2-8f9f-abc6722dda5b ] Request (ImagesNegativeTestJSON:test_create_image_from_deleted_server): 200 GET http://10.180.1.21/compute/v2.1/servers/f4d86853-25c8-4568-9b3f-8f07bcc5f068 0.121s
2025-12-11 09:05:58.538 63559 INFO tempest.lib.common.rest_client [req-603102c4-3211-4081-972c-a643479fa619 req-603102c4-3211-4081-972c-a643479fa619 ] Request (AttachInterfacesTestJSON:test_create_list_show_delete_interfaces_by_fixed_ip): 200 GET http://10.180.1.21/compute/v2.1/servers/ff6cf180-c0fe-4b4f-9bac-08e9e3dc7c1d 0.152s
2025-12-11 09:05:58.585 63515 INFO tempest.lib.common.rest_client [req-e3730c49-42f4-42a1-8cce-1a92fc8a502b req-e3730c49-42f4-42a1-8cce-1a92fc8a502b ] Request (ServersTestBootFromVolume:setUpClass): 200 GET http://10.180.1.21/compute/v2.1/servers/362b7115-a270-407f-a53c-506c863c8fe1 0.154s
2025-12-11 09:05:58.597 63556 INFO tempest.lib.common.rest_client [req-d23f584e-2b7b-4ee0-89c0-d9e6d9a780d2 req-d23f584e-2b7b-4ee0-89c0-d9e6d9a780d2 ] Request (FloatingIPsAssociationTestJSON:setUpClass): 200 GET http://10.180.1.21/compute/v2.1/servers/a5c37718-0067-4f5e-ba7e-533f13529739 0.271s
2025-12-11 09:05:58.631 63545 INFO tempest.lib.common.rest_client [req-a15c2144-d196-4017-9276-8976ba3cb32f req-a15c2144-d196-4017-9276-8976ba3cb32f ] Request (ServerExternalEventsTest:test_create_server_external_events): 200 GET http://10.180.1.21/compute/v2.1/servers/717fd312-ac1d-42b6-9f93-13b9f235bd23 0.153s
2025-12-11 09:05:58.687 63517 INFO tempest.lib.common.rest_client [req-a66dfae0-6324-47a6-8651-4865188ae46c req-a66dfae0-6324-47a6-8651-4865188ae46c ] Request (ServersTestJSON:setUpClass): 200 GET http://10.180.1.21/compute/v2.1/servers/4ac5c733-988f-4428-ad6f-134d9f174e45 0.162s
2025-12-11 09:05:58.759 63523 INFO tempest.lib.common.rest_client [req-29ec2851-6465-45d9-a82b-47767dae31ad req-29ec2851-6465-45d9-a82b-47767dae31ad ] Request (ServersAdminNegativeTestJSON:setUpClass): 200 GET http://10.180.1.21/compute/v2.1/servers/5501c192-867b-40c0-9bea-c3c44865d2f4 0.263s
2025-12-11 09:05:58.805 63565 INFO tempest.lib.common.rest_client [req-99f9f2c8-42a9-440d-8f29-aa937b6fa8e9 req-99f9f2c8-42a9-440d-8f29-aa937b6fa8e9 ] Request (DeleteServersTestJSON:test_delete_active_server): 200 GET http://10.180.1.21/compute/v2.1/servers/ab9cf87a-b74f-4b2f-842d-26e16b7fdb92 0.212s
2025-12-11 09:05:58.857 63535 INFO tempest.lib.common.rest_client [req-fc067c91-9a42-4966-8c08-010f3c8a5151 req-fc067c91-9a42-4966-8c08-010f3c8a5151 ] Request (InstanceActionsTestJSON:setUpClass): 200 GET http://10.180.1.21/compute/v2.1/servers/77493b32-817c-4be8-a42d-8d48e707d41f 0.145s
2025-12-11 09:05:58.925 63551 INFO tempest.lib.common.rest_client [req-ba7e61d9-6e38-4a0d-a2a9-a8e09297b5c8 req-ba7e61d9-6e38-4a0d-a2a9-a8e09297b5c8 ] Request (ImagesOneServerNegativeTestJSON:setUpClass): 200 GET http://10.180.1.21/compute/v2.1/servers/11a32984-5548-4db4-8788-9b221ba381df 0.262s
2025-12-11 09:05:58.968 63511 INFO tempest.lib.common.rest_client [req-a281f4f5-f27d-4525-8494-5d8a064e230d req-a281f4f5-f27d-4525-8494-5d8a064e230d ] Request (MigrationsAdminTest:test_list_migrations_in_flavor_resize_situation): 200 GET http://10.180.1.21/compute/v2.1/servers/89da94ce-40ad-40e0-a4b9-15fd15d0ab9b 0.244s
2025-12-11 09:05:58.986 63505 INFO tempest.lib.common.rest_client [req-3cf59a65-5b12-4339-b8bd-bfc3662a8910 req-3cf59a65-5b12-4339-b8bd-bfc3662a8910 ] Request (AttachInterfacesV270Test:test_create_get_list_interfaces): 200 GET http://10.180.1.21/compute/v2.1/servers/3af8fe9a-643b-4650-a036-6f1b9c3c8d03 0.220s
2025-12-11 09:05:59.061 63519 INFO tempest.lib.common.rest_client [req-fed45ec6-1563-4cb4-8d99-7d299cd834cc req-fed45ec6-1563-4cb4-8d99-7d299cd834cc ] Request (ServerActionsTestJSON:setUpClass): 200 GET http://10.180.1.21/compute/v2.1/servers/a4e56801-a8b8-448f-9b1a-d228ceeaaa46 0.238s
2025-12-11 09:05:59.151 63543 INFO tempest.lib.common.rest_client [req-29a7e79c-23cd-47d3-8ab0-283b84fd472c req-29a7e79c-23cd-47d3-8ab0-283b84fd472c ] Request (TenantUsagesTestJSON:setUpClass): 200 GET http://10.180.1.21/compute/v2.1/servers/7d000257-5fc1-43fa-9fc5-a07519a6feea 0.277s
2025-12-11 09:05:59.226 63531 INFO tempest.lib.common.rest_client [req-9044bba8-f336-476c-9775-14f819d31c1b req-9044bba8-f336-476c-9775-14f819d31c1b ] Request (ListServersNegativeTestJSON:setUpClass): 200 GET http://10.180.1.21/compute/v2.1/servers/164c1d04-3481-4aee-ba56-c80c8ed36e6a 0.454s
2025-12-11 09:05:59.274 63557 INFO tempest.lib.common.rest_client [req-62187568-72cc-4d40-80de-d6e188140299 req-62187568-72cc-4d40-80de-d6e188140299 ] Request (ServersWithSpecificFlavorTestJSON:test_verify_created_server_ephemeral_disk): 200 GET http://10.180.1.21/compute/v2.1/servers/8dd5ad91-d09a-41dd-a8d0-fd22e96fc279 0.300s
2025-12-11 09:05:59.390 63541 INFO tempest.lib.common.rest_client [req-ece75439-1468-4833-b52e-62f31f5d881a req-ece75439-1468-4833-b52e-62f31f5d881a ] Request (InstanceActionsNegativeTestJSON:setUpClass): 200 GET http://10.180.1.21/compute/v2.1/servers/f889087d-5f22-4de6-8dff-819d2afb7240 0.452s
2025-12-11 09:05:59.390 63539 INFO tempest.lib.common.rest_client [req-be062b99-c76e-4602-8104-0100db536945 req-be062b99-c76e-4602-8104-0100db536945 ] Request (ServerDiagnosticsTest:test_get_server_diagnostics): 200 GET http://10.180.1.21/compute/v2.1/servers/f1dddee3-33d6-4f55-bd91-9ce2fe6be72b 0.318s
2025-12-11 09:05:59.447 63525 INFO tempest.lib.common.rest_client [req-77653501-ba6f-4de6-9f86-8f2ccd1e292e req-77653501-ba6f-4de6-9f86-8f2ccd1e292e ] Request (ServerShowV247Test:test_update_rebuild_list_server): 200 GET http://10.180.1.21/compute/v2.1/servers/11838596-1730-4c23-bbf2-3159d3c6d72d 0.310s
2025-12-11 09:05:59.501 63533 INFO tempest.lib.common.rest_client [req-0445f512-82c1-4f66-8e90-23223eeb2e01 req-0445f512-82c1-4f66-8e90-23223eeb2e01 ] Request (ListImageFiltersTestJSON:setUpClass): 200 GET http://10.180.1.21/compute/v2.1/servers/8728833b-c3ac-49b2-9a33-ecfae9597e9e 0.315s
2025-12-11 09:05:59.554 63547 INFO tempest.lib.common.rest_client [req-7d711c96-abb0-43f7-9502-21d5ce55dfa3 req-7d711c96-abb0-43f7-9502-21d5ce55dfa3 ] Request (VolumesAssistedSnapshotsTest:test_volume_assisted_snapshot_create_delete): 200 GET http://10.180.1.21/compute/v2.1/servers/6699f6e7-203d-4d8a-bc9e-8c8d5427db36 0.310s
2025-12-11 09:05:59.554 63513 INFO tempest.lib.common.rest_client [req-d7638f4d-474b-4aca-b78a-8e228619c183 req-d7638f4d-474b-4aca-b78a-8e228619c183 ] Request (ServerDiagnosticsNegativeTest:test_get_server_diagnostics_by_non_admin): 200 GET http://10.180.1.21/compute/v2.1/servers/02ed8dca-f6ae-47b0-a047-f89f858f5ff2 0.393s
2025-12-11 09:05:59.650 63537 INFO tempest.lib.common.rest_client [req-de154e09-a5b7-40cc-ba63-2f7e0edaed10 req-de154e09-a5b7-40cc-ba63-2f7e0edaed10 ] Request (FloatingIPsAssociationNegativeTestJSON:setUpClass): 200 GET http://10.180.1.21/compute/v2.1/servers/94d19d7f-8eb7-4c93-aff4-3b1404338240 0.308s
2025-12-11 09:05:59.686 63507 INFO tempest.lib.common.rest_client [req-709db18c-9434-48e8-8bfb-d2ef6d965072 req-709db18c-9434-48e8-8bfb-d2ef6d965072 ] Request (DeleteServersAdminTestJSON:test_admin_delete_servers_of_others): 200 GET http://10.180.1.21/compute/v2.1/servers/4afbddcb-d9ac-412e-93d9-52b2de6fbdb5 0.367s
2025-12-11 09:05:59.703 63529 INFO tempest.lib.common.rest_client [req-f895c6a6-f630-4740-a63d-1ae54271b542 req-f895c6a6-f630-4740-a63d-1ae54271b542 ] Request (MultipleCreateTestJSON:setUpClass): 201 POST http://10.180.1.21:9696/networking/v2.0/routers 1.288s
2025-12-11 09:05:59.705 63561 INFO tempest.lib.common.rest_client [req-5b54e6ef-fc7b-4bdf-849e-f3fcf1330e87 req-5b54e6ef-fc7b-4bdf-849e-f3fcf1330e87 ] Request (ServerDiagnosticsV248Test:test_get_server_diagnostics): 200 GET http://10.180.1.21/compute/v2.1/servers/0952267f-c258-4575-be86-b2bc48e9863b 0.322s
2025-12-11 09:05:59.750 63521 INFO tempest.lib.common.rest_client [req-f58456ac-33b7-42cb-9de4-34322428cf66 req-f58456ac-33b7-42cb-9de4-34322428cf66 ] Request (ListServerFiltersTestJSON:setUpClass): 200 GET http://10.180.1.21/compute/v2.1/servers/4846a37e-b175-4f23-b8c1-34a6b124513d 0.319s
2025-12-11 09:05:59.756 63563 INFO tempest.lib.common.rest_client [req-54ab9d6f-9b05-429a-a896-5152c966fc8d req-54ab9d6f-9b05-429a-a896-5152c966fc8d ] Request (VolumesAdminNegativeTest:test_update_attached_volume_with_nonexistent_volume_in_uri): 200 GET http://10.180.1.21/compute/v2.1/servers/c936b733-7faa-4e73-99c5-2ac11d5421ff 0.363s
2025-12-11 09:05:59.798 63549 INFO tempest.lib.common.rest_client [req-88841256-01b7-4f16-bfc4-4d5e1c7fcc1f req-88841256-01b7-4f16-bfc4-4d5e1c7fcc1f ] Request (ServerMetadataNegativeTestJSON:setUpClass): 200 GET http://10.180.1.21/compute/v2.1/servers/a12ff1bf-8cfa-4d03-828d-6b34727f61bf 0.352s
2025-12-11 09:05:59.819 63509 INFO tempest.lib.common.rest_client [req-f6f4b722-a199-46fe-afb8-faaacd1861ec req-f6f4b722-a199-46fe-afb8-faaacd1861ec ] Request (ImagesNegativeTestJSON:test_create_image_from_deleted_server): 200 GET http://10.180.1.21/compute/v2.1/servers/f4d86853-25c8-4568-9b3f-8f07bcc5f068 0.322s
2025-12-11 09:05:59.850 63559 INFO tempest.lib.common.rest_client [req-ce50ea7a-8a77-43b6-b3ce-2c2e2b0625e4 req-ce50ea7a-8a77-43b6-b3ce-2c2e2b0625e4 ] Request (AttachInterfacesTestJSON:test_create_list_show_delete_interfaces_by_fixed_ip): 200 GET http://10.180.1.21/compute/v2.1/servers/ff6cf180-c0fe-4b4f-9bac-08e9e3dc7c1d 0.302s
2025-12-11 09:05:59.895 63515 INFO tempest.lib.common.rest_client [req-9580af5e-0ff1-4c04-b6a0-5a2b8e9ab706 req-9580af5e-0ff1-4c04-b6a0-5a2b8e9ab706 ] Request (ServersTestBootFromVolume:setUpClass): 200 GET http://10.180.1.21/compute/v2.1/servers/362b7115-a270-407f-a53c-506c863c8fe1 0.302s
2025-12-11 09:05:59.947 63545 INFO tempest.lib.common.rest_client [req-13d105a7-eb4d-41f2-af33-d16d306c7f21 req-13d105a7-eb4d-41f2-af33-d16d306c7f21 ] Request (ServerExternalEventsTest:test_create_server_external_events): 200 GET http://10.180.1.21/compute/v2.1/servers/717fd312-ac1d-42b6-9f93-13b9f235bd23 0.304s
2025-12-11 09:06:00.009 63556 INFO tempest.lib.common.rest_client [req-051e59e2-b432-4525-9e83-d5327cd943ae req-051e59e2-b432-4525-9e83-d5327cd943ae ] Request (FloatingIPsAssociationTestJSON:setUpClass): 200 GET http://10.180.1.21/compute/v2.1/servers/a5c37718-0067-4f5e-ba7e-533f13529739 0.404s
2025-12-11 09:06:00.021 63517 INFO tempest.lib.common.rest_client [req-f584b4ae-17f0-4ef9-8a9f-09a18716c144 req-f584b4ae-17f0-4ef9-8a9f-09a18716c144 ] Request (ServersTestJSON:setUpClass): 200 GET http://10.180.1.21/compute/v2.1/servers/4ac5c733-988f-4428-ad6f-134d9f174e45 0.326s
2025-12-11 09:06:00.163 63523 INFO tempest.lib.common.rest_client [req-ffba641d-a19c-4d19-89d9-98af5dd424d6 req-ffba641d-a19c-4d19-89d9-98af5dd424d6 ] Request (ServersAdminNegativeTestJSON:setUpClass): 200 GET http://10.180.1.21/compute/v2.1/servers/5501c192-867b-40c0-9bea-c3c44865d2f4 0.397s
2025-12-11 09:06:00.165 63565 INFO tempest.lib.common.rest_client [req-60fb9061-8cd7-4765-a78e-1aa2e2515b56 req-60fb9061-8cd7-4765-a78e-1aa2e2515b56 ] Request (DeleteServersTestJSON:test_delete_active_server): 200 GET http://10.180.1.21/compute/v2.1/servers/ab9cf87a-b74f-4b2f-842d-26e16b7fdb92 0.353s
2025-12-11 09:06:00.231 63535 INFO tempest.lib.common.rest_client [req-548f5ea2-c1e6-46eb-bd28-6823a28d8337 req-548f5ea2-c1e6-46eb-bd28-6823a28d8337 ] Request (InstanceActionsTestJSON:setUpClass): 200 GET http://10.180.1.21/compute/v2.1/servers/77493b32-817c-4be8-a42d-8d48e707d41f 0.368s
2025-12-11 09:06:00.326 63551 INFO tempest.lib.common.rest_client [req-04c97fd8-ad22-49a3-b953-9f5db8ad9f9b req-04c97fd8-ad22-49a3-b953-9f5db8ad9f9b ] Request (ImagesOneServerNegativeTestJSON:setUpClass): 200 GET http://10.180.1.21/compute/v2.1/servers/11a32984-5548-4db4-8788-9b221ba381df 0.393s
2025-12-11 09:06:00.387 63505 INFO tempest.lib.common.rest_client [req-36320046-7ff6-4dc6-92fd-d5aa709f7c36 req-36320046-7ff6-4dc6-92fd-d5aa709f7c36 ] Request (AttachInterfacesV270Test:test_create_get_list_interfaces): 200 GET http://10.180.1.21/compute/v2.1/servers/3af8fe9a-643b-4650-a036-6f1b9c3c8d03 0.392s
2025-12-11 09:06:00.401 63511 INFO tempest.lib.common.rest_client [req-3e3f8149-e5cb-4b87-8f9d-8c63f730b015 req-3e3f8149-e5cb-4b87-8f9d-8c63f730b015 ] Request (MigrationsAdminTest:test_list_migrations_in_flavor_resize_situation): 200 GET http://10.180.1.21/compute/v2.1/servers/89da94ce-40ad-40e0-a4b9-15fd15d0ab9b 0.424s
2025-12-11 09:06:00.445 63519 INFO tempest.lib.common.rest_client [req-28ab68e1-ee27-4609-82a6-0d8910e58c94 req-28ab68e1-ee27-4609-82a6-0d8910e58c94 ] Request (ServerActionsTestJSON:setUpClass): 200 GET http://10.180.1.21/compute/v2.1/servers/a4e56801-a8b8-448f-9b1a-d228ceeaaa46 0.376s
2025-12-11 09:06:00.457 63543 INFO tempest.lib.common.rest_client [req-1b40228c-4b46-43d3-904f-e6d778fb327c req-1b40228c-4b46-43d3-904f-e6d778fb327c ] Request (TenantUsagesTestJSON:setUpClass): 200 GET http://10.180.1.21/compute/v2.1/servers/7d000257-5fc1-43fa-9fc5-a07519a6feea 0.298s
2025-12-11 09:06:00.491 63531 INFO tempest.lib.common.rest_client [req-ceb0b3a5-cbbd-48f6-afa6-afb531a73a41 req-ceb0b3a5-cbbd-48f6-afa6-afb531a73a41 ] Request (ListServersNegativeTestJSON:setUpClass): 200 GET http://10.180.1.21/compute/v2.1/servers/164c1d04-3481-4aee-ba56-c80c8ed36e6a 0.256s
2025-12-11 09:06:00.523 63557 INFO tempest.lib.common.rest_client [req-98660621-1cee-4200-8177-c4bfe8344382 req-98660621-1cee-4200-8177-c4bfe8344382 ] Request (ServersWithSpecificFlavorTestJSON:test_verify_created_server_ephemeral_disk): 200 GET http://10.180.1.21/compute/v2.1/servers/8dd5ad91-d09a-41dd-a8d0-fd22e96fc279 0.242s
2025-12-11 09:06:00.548 63541 INFO tempest.lib.common.rest_client [req-e28ab072-1487-4792-aaf1-7c4c2d485a07 req-e28ab072-1487-4792-aaf1-7c4c2d485a07 ] Request (InstanceActionsNegativeTestJSON:setUpClass): 200 GET http://10.180.1.21/compute/v2.1/servers/f889087d-5f22-4de6-8dff-819d2afb7240 0.148s
2025-12-11 09:06:00.603 63525 INFO tempest.lib.common.rest_client [req-3b2f6b25-7610-41d9-a474-ca24821d8e98 req-3b2f6b25-7610-41d9-a474-ca24821d8e98 ] Request (ServerShowV247Test:test_update_rebuild_list_server): 200 GET http://10.180.1.21/compute/v2.1/servers/11838596-1730-4c23-bbf2-3159d3c6d72d 0.143s
2025-12-11 09:06:00.657 63539 INFO tempest.lib.common.rest_client [req-31dcdb86-74c4-4988-ab91-2111fb8b184f req-31dcdb86-74c4-4988-ab91-2111fb8b184f ] Request (ServerDiagnosticsTest:test_get_server_diagnostics): 200 GET http://10.180.1.21/compute/v2.1/servers/f1dddee3-33d6-4f55-bd91-9ce2fe6be72b 0.256s
2025-12-11 09:06:00.661 63533 INFO tempest.lib.common.rest_client [req-5a62c650-11af-409e-8411-6e36a03004d1 req-5a62c650-11af-409e-8411-6e36a03004d1 ] Request (ListImageFiltersTestJSON:setUpClass): 200 GET http://10.180.1.21/compute/v2.1/servers/8728833b-c3ac-49b2-9a33-ecfae9597e9e 0.151s
2025-12-11 09:06:00.722 63547 INFO tempest.lib.common.rest_client [req-73da17f0-f449-4fcc-8de6-a469950a7a9a req-73da17f0-f449-4fcc-8de6-a469950a7a9a ] Request (VolumesAssistedSnapshotsTest:test_volume_assisted_snapshot_create_delete): 200 GET http://10.180.1.21/compute/v2.1/servers/6699f6e7-203d-4d8a-bc9e-8c8d5427db36 0.161s
2025-12-11 09:06:00.759 63513 INFO tempest.lib.common.rest_client [req-c8917967-8f1e-4f04-9893-34ad1f56fdef req-c8917967-8f1e-4f04-9893-34ad1f56fdef ] Request (ServerDiagnosticsNegativeTest:test_get_server_diagnostics_by_non_admin): 200 GET http://10.180.1.21/compute/v2.1/servers/02ed8dca-f6ae-47b0-a047-f89f858f5ff2 0.195s
2025-12-11 09:06:00.855 63507 INFO tempest.lib.common.rest_client [req-574e88be-eede-44b3-a793-11d9dfa03ebf req-574e88be-eede-44b3-a793-11d9dfa03ebf ] Request (DeleteServersAdminTestJSON:test_admin_delete_servers_of_others): 200 GET http://10.180.1.21/compute/v2.1/servers/4afbddcb-d9ac-412e-93d9-52b2de6fbdb5 0.160s
2025-12-11 09:06:00.878 63537 INFO tempest.lib.common.rest_client [req-3345a7cc-be12-466d-9d18-5ba72f354d3f req-3345a7cc-be12-466d-9d18-5ba72f354d3f ] Request (FloatingIPsAssociationNegativeTestJSON:setUpClass): 200 GET http://10.180.1.21/compute/v2.1/servers/94d19d7f-8eb7-4c93-aff4-3b1404338240 0.215s
2025-12-11 09:06:00.915 63561 INFO tempest.lib.common.rest_client [req-ae3aaec6-bf14-4386-99e0-92ee5eadfe6d req-ae3aaec6-bf14-4386-99e0-92ee5eadfe6d ] Request (ServerDiagnosticsV248Test:test_get_server_diagnostics): 200 GET http://10.180.1.21/compute/v2.1/servers/0952267f-c258-4575-be86-b2bc48e9863b 0.200s
2025-12-11 09:06:00.943 63521 INFO tempest.lib.common.rest_client [req-16165459-edac-4c69-9463-6fd95c02b322 req-16165459-edac-4c69-9463-6fd95c02b322 ] Request (ListServerFiltersTestJSON:setUpClass): 200 GET http://10.180.1.21/compute/v2.1/servers/4846a37e-b175-4f23-b8c1-34a6b124513d 0.185s
2025-12-11 09:06:00.971 63563 INFO tempest.lib.common.rest_client [req-030a88e9-5bdc-4429-8b77-51bedc594703 req-030a88e9-5bdc-4429-8b77-51bedc594703 ] Request (VolumesAdminNegativeTest:test_update_attached_volume_with_nonexistent_volume_in_uri): 200 GET http://10.180.1.21/compute/v2.1/servers/c936b733-7faa-4e73-99c5-2ac11d5421ff 0.206s
2025-12-11 09:06:00.991 63529 INFO tempest.lib.common.rest_client [req-4d46ce15-d7c4-46e9-b673-f4d8a42b20f2 req-4d46ce15-d7c4-46e9-b673-f4d8a42b20f2 ] Request (MultipleCreateTestJSON:setUpClass): 200 PUT http://10.180.1.21:9696/networking/v2.0/routers/951f4a93-817b-4af8-a058-d334971f4a41/add_router_interface 1.287s
2025-12-11 09:06:00.991 63529 INFO tempest.lib.common.dynamic_creds [-] Created isolated network resources for: credentials: Credentials: {'domain_id': 'default', 'domain_name': 'Default', 'username': 'tempest-MultipleCreateTestJSON-2035323882-project-member', 'project_domain_id': 'default', 'project_domain_name': 'Default', 'project_id': '2032ccd516be48f4820bb51e09e3036c', 'project_name': 'tempest-MultipleCreateTestJSON-2035323882', 'tenant_id': '2032ccd516be48f4820bb51e09e3036c', 'tenant_name': 'tempest-MultipleCreateTestJSON-2035323882', 'user_domain_id': 'default', 'user_domain_name': 'Default', 'user_id': 'ad94033f7ed748bb9e1ec3880420b781', 'system': None}, Network: {'id': '11d7e762-7ded-49cc-b9ef-297c8bef9543', 'name': 'tempest-MultipleCreateTestJSON-1022936076-network', 'tenant_id': '2032ccd516be48f4820bb51e09e3036c', 'admin_state_up': True, 'mtu': 8950, 'status': 'ACTIVE', 'subnets': [], 'shared': False, 'project_id': '2032ccd516be48f4820bb51e09e3036c', 'port_security_enabled': True, 'router:external': False, 'provider:network_type': 'vlan', 'provider:physical_network': 'default', 'provider:segmentation_id': 862, 'is_default': False, 'availability_zone_hints': [], 'availability_zones': [], 'ipv4_address_scope': None, 'ipv6_address_scope': None, 'description': '', 'tags': [], 'created_at': '2025-12-11T09:05:58Z', 'updated_at': '2025-12-11T09:05:58Z', 'revision_number': 1}, Subnet: {'id': '4b81dc00-3569-44de-9cb1-7578bb86d660', 'name': 'tempest-MultipleCreateTestJSON-1022936076-subnet', 'tenant_id': '2032ccd516be48f4820bb51e09e3036c', 'network_id': '11d7e762-7ded-49cc-b9ef-297c8bef9543', 'ip_version': 4, 'subnetpool_id': None, 'enable_dhcp': True, 'ipv6_ra_mode': None, 'ipv6_address_mode': None, 'gateway_ip': '192.168.128.1', 'cidr': '192.168.128.0/28', 'allocation_pools': [{'start': '192.168.128.2', 'end': '192.168.128.14'}], 'host_routes': [], 'dns_nameservers': [], 'description': '', 'service_types': [], 'tags': [], 'created_at': '2025-12-11T09:05:58Z', 'updated_at': '2025-12-11T09:05:58Z', 'revision_number': 0, 'project_id': '2032ccd516be48f4820bb51e09e3036c'}, Router: {'id': '951f4a93-817b-4af8-a058-d334971f4a41', 'name': 'tempest-MultipleCreateTestJSON-1022936076-router', 'tenant_id': '2032ccd516be48f4820bb51e09e3036c', 'admin_state_up': True, 'status': 'ACTIVE', 'external_gateway_info': {'network_id': '568ed096-9d95-4a7a-b00a-a93767431789', 'external_fixed_ips': [{'subnet_id': '19fe9256-c1c0-494a-a140-b2239a8e3add', 'ip_address': '10.180.180.137'}], 'enable_snat': True}, 'description': '', 'availability_zones': [], 'distributed': False, 'ha': False, 'availability_zone_hints': [], 'routes': [], 'flavor_id': None, 'tags': [], 'created_at': '2025-12-11T09:05:58Z', 'updated_at': '2025-12-11T09:05:59Z', 'revision_number': 2, 'project_id': '2032ccd516be48f4820bb51e09e3036c'}
2025-12-11 09:06:01.006 63549 INFO tempest.lib.common.rest_client [req-a9996e7d-d90d-43d1-9ea0-9ce2623c6d3b req-a9996e7d-d90d-43d1-9ea0-9ce2623c6d3b ] Request (ServerMetadataNegativeTestJSON:setUpClass): 200 GET http://10.180.1.21/compute/v2.1/servers/a12ff1bf-8cfa-4d03-828d-6b34727f61bf 0.200s
2025-12-11 09:06:01.035 63509 INFO tempest.lib.common.rest_client [req-72a3a889-27af-41d6-9508-1773aeb4fec7 req-72a3a889-27af-41d6-9508-1773aeb4fec7 ] Request (ImagesNegativeTestJSON:test_create_image_from_deleted_server): 200 GET http://10.180.1.21/compute/v2.1/servers/f4d86853-25c8-4568-9b3f-8f07bcc5f068 0.208s
2025-12-11 09:06:01.065 63559 INFO tempest.lib.common.rest_client [req-b04b70cd-8fd3-466e-9fd6-00c05e351117 req-b04b70cd-8fd3-466e-9fd6-00c05e351117 ] Request (AttachInterfacesTestJSON:test_create_list_show_delete_interfaces_by_fixed_ip): 200 GET http://10.180.1.21/compute/v2.1/servers/ff6cf180-c0fe-4b4f-9bac-08e9e3dc7c1d 0.203s
2025-12-11 09:06:01.088 63529 INFO tempest.lib.common.rest_client [req-09a18767-f5ae-443c-a153-9ded36df8a0e req-09a18767-f5ae-443c-a153-9ded36df8a0e ] Request (MultipleCreateTestJSON:setUpClass): 201 POST http://10.180.1.21/identity/v3/auth/tokens 0.094s
2025-12-11 09:06:01.105 63515 INFO tempest.lib.common.rest_client [req-b644d874-f984-439e-a854-8e62d5229520 req-b644d874-f984-439e-a854-8e62d5229520 ] Request (ServersTestBootFromVolume:setUpClass): 200 GET http://10.180.1.21/compute/v2.1/servers/362b7115-a270-407f-a53c-506c863c8fe1 0.203s
2025-12-11 09:06:01.115 63545 INFO tempest.lib.common.rest_client [req-c67c67b1-598e-4bb2-9a9f-67e5635d3ae8 req-c67c67b1-598e-4bb2-9a9f-67e5635d3ae8 ] Request (ServerExternalEventsTest:test_create_server_external_events): 200 GET http://10.180.1.21/compute/v2.1/servers/717fd312-ac1d-42b6-9f93-13b9f235bd23 0.156s
2025-12-11 09:06:01.118 63529 INFO tempest.lib.common.rest_client [req-47488aed-8fbc-442f-a4a5-def4a9e5d6df req-47488aed-8fbc-442f-a4a5-def4a9e5d6df ] Request (MultipleCreateTestJSON:test_multiple_create): 201 POST http://10.180.1.21/identity/v3/auth/tokens 0.026s
2025-12-11 09:06:01.118 63529 INFO tempest.lib.common.fixed_network [-] (MultipleCreateTestJSON:test_multiple_create) Found network {'id': '11d7e762-7ded-49cc-b9ef-297c8bef9543', 'name': 'tempest-MultipleCreateTestJSON-1022936076-network', 'tenant_id': '2032ccd516be48f4820bb51e09e3036c', 'admin_state_up': True, 'mtu': 8950, 'status': 'ACTIVE', 'subnets': [], 'shared': False, 'project_id': '2032ccd516be48f4820bb51e09e3036c', 'port_security_enabled': True, 'router:external': False, 'provider:network_type': 'vlan', 'provider:physical_network': 'default', 'provider:segmentation_id': 862, 'is_default': False, 'availability_zone_hints': [], 'availability_zones': [], 'ipv4_address_scope': None, 'ipv6_address_scope': None, 'description': '', 'tags': [], 'created_at': '2025-12-11T09:05:58Z', 'updated_at': '2025-12-11T09:05:58Z', 'revision_number': 1} available for tenant
2025-12-11 09:06:01.161 63517 INFO tempest.lib.common.rest_client [req-fa06a8af-0393-4c24-b114-94074672bddc req-fa06a8af-0393-4c24-b114-94074672bddc ] Request (ServersTestJSON:setUpClass): 200 GET http://10.180.1.21/compute/v2.1/servers/4ac5c733-988f-4428-ad6f-134d9f174e45 0.128s
2025-12-11 09:06:01.214 63556 INFO tempest.lib.common.rest_client [req-bf7db921-5dff-41db-a569-33497361ebb2 req-bf7db921-5dff-41db-a569-33497361ebb2 ] Request (FloatingIPsAssociationTestJSON:setUpClass): 200 GET http://10.180.1.21/compute/v2.1/servers/a5c37718-0067-4f5e-ba7e-533f13529739 0.194s
2025-12-11 09:06:01.317 63523 INFO tempest.lib.common.rest_client [req-595b330c-1a4a-4ea5-bd1d-07df8edc038e req-595b330c-1a4a-4ea5-bd1d-07df8edc038e ] Request (ServersAdminNegativeTestJSON:setUpClass): 200 GET http://10.180.1.21/compute/v2.1/servers/5501c192-867b-40c0-9bea-c3c44865d2f4 0.147s
2025-12-11 09:06:01.466 63565 INFO tempest.lib.common.rest_client [req-8caa8f83-7132-4cb4-b432-b36ba64811d0 req-8caa8f83-7132-4cb4-b432-b36ba64811d0 ] Request (DeleteServersTestJSON:test_delete_active_server): 200 GET http://10.180.1.21/compute/v2.1/servers/ab9cf87a-b74f-4b2f-842d-26e16b7fdb92 0.292s
2025-12-11 09:06:01.521 63535 INFO tempest.lib.common.rest_client [req-69f0e692-a0ac-422c-a53b-0c6de79ed029 req-69f0e692-a0ac-422c-a53b-0c6de79ed029 ] Request (InstanceActionsTestJSON:setUpClass): 200 GET http://10.180.1.21/compute/v2.1/servers/77493b32-817c-4be8-a42d-8d48e707d41f 0.282s
2025-12-11 09:06:01.616 63551 INFO tempest.lib.common.rest_client [req-4eb5a24a-3bc6-4203-aeaa-2180d3597ced req-4eb5a24a-3bc6-4203-aeaa-2180d3597ced ] Request (ImagesOneServerNegativeTestJSON:setUpClass): 200 GET http://10.180.1.21/compute/v2.1/servers/11a32984-5548-4db4-8788-9b221ba381df 0.282s
2025-12-11 09:06:01.630 63529 INFO tempest.lib.common.rest_client [req-92deb72e-507e-4804-9869-474be9cc2156 req-92deb72e-507e-4804-9869-474be9cc2156 ] Request (MultipleCreateTestJSON:test_multiple_create): 202 POST http://10.180.1.21/compute/v2.1/servers 0.510s
2025-12-11 09:06:01.667 63505 INFO tempest.lib.common.rest_client [req-5f30738f-944c-4301-979b-4f1dbacc592a req-5f30738f-944c-4301-979b-4f1dbacc592a ] Request (AttachInterfacesV270Test:test_create_get_list_interfaces): 200 GET http://10.180.1.21/compute/v2.1/servers/3af8fe9a-643b-4650-a036-6f1b9c3c8d03 0.269s
2025-12-11 09:06:01.719 63519 INFO tempest.lib.common.rest_client [req-f130e9dc-926a-48d3-90a4-edd08c3cbb76 req-f130e9dc-926a-48d3-90a4-edd08c3cbb76 ] Request (ServerActionsTestJSON:setUpClass): 200 GET http://10.180.1.21/compute/v2.1/servers/a4e56801-a8b8-448f-9b1a-d228ceeaaa46 0.267s
2025-12-11 09:06:01.735 63511 INFO tempest.lib.common.rest_client [req-104cabab-463a-4b5d-b051-c6db9aa92764 req-104cabab-463a-4b5d-b051-c6db9aa92764 ] Request (MigrationsAdminTest:test_list_migrations_in_flavor_resize_situation): 200 GET http://10.180.1.21/compute/v2.1/servers/89da94ce-40ad-40e0-a4b9-15fd15d0ab9b 0.326s
2025-12-11 09:06:01.766 63543 INFO tempest.lib.common.rest_client [req-36d7e6e4-77bc-4f75-8841-676b586b8b89 req-36d7e6e4-77bc-4f75-8841-676b586b8b89 ] Request (TenantUsagesTestJSON:setUpClass): 200 GET http://10.180.1.21/compute/v2.1/servers/7d000257-5fc1-43fa-9fc5-a07519a6feea 0.297s
2025-12-11 09:06:01.786 63531 INFO tempest.lib.common.rest_client [req-fcda5537-9637-4ead-a1b2-5730f3b8f57f req-fcda5537-9637-4ead-a1b2-5730f3b8f57f ] Request (ListServersNegativeTestJSON:setUpClass): 200 GET http://10.180.1.21/compute/v2.1/servers/164c1d04-3481-4aee-ba56-c80c8ed36e6a 0.288s
2025-12-11 09:06:01.815 63557 INFO tempest.lib.common.rest_client [req-51034827-f84c-4088-bae7-eb0d935dede4 req-51034827-f84c-4088-bae7-eb0d935dede4 ] Request (ServersWithSpecificFlavorTestJSON:test_verify_created_server_ephemeral_disk): 200 GET http://10.180.1.21/compute/v2.1/servers/8dd5ad91-d09a-41dd-a8d0-fd22e96fc279 0.285s
2025-12-11 09:06:01.834 63541 INFO tempest.lib.common.rest_client [req-738d075b-860a-4aa2-b5af-ac9005c50d83 req-738d075b-860a-4aa2-b5af-ac9005c50d83 ] Request (InstanceActionsNegativeTestJSON:setUpClass): 200 GET http://10.180.1.21/compute/v2.1/servers/f889087d-5f22-4de6-8dff-819d2afb7240 0.279s
2025-12-11 09:06:01.873 63525 INFO tempest.lib.common.rest_client [req-77fc563f-9734-4a36-89e9-630fe3875a1a req-77fc563f-9734-4a36-89e9-630fe3875a1a ] Request (ServerShowV247Test:test_update_rebuild_list_server): 200 GET http://10.180.1.21/compute/v2.1/servers/11838596-1730-4c23-bbf2-3159d3c6d72d 0.253s
2025-12-11 09:06:01.924 63533 INFO tempest.lib.common.rest_client [req-f125a537-4abe-445f-85fe-1122e540b7f3 req-f125a537-4abe-445f-85fe-1122e540b7f3 ] Request (ListImageFiltersTestJSON:setUpClass): 200 GET http://10.180.1.21/compute/v2.1/servers/8728833b-c3ac-49b2-9a33-ecfae9597e9e 0.255s
2025-12-11 09:06:01.967 63529 INFO tempest.lib.common.rest_client [req-4b81b631-4177-403f-85a5-ff704284fd11 req-4b81b631-4177-403f-85a5-ff704284fd11 ] Request (MultipleCreateTestJSON:test_multiple_create): 200 GET http://10.180.1.21/compute/v2.1/servers 0.336s
2025-12-11 09:06:02.019 63547 INFO tempest.lib.common.rest_client [req-287d9bb4-253f-4875-9f24-93dd481f1f1d req-287d9bb4-253f-4875-9f24-93dd481f1f1d ] Request (VolumesAssistedSnapshotsTest:test_volume_assisted_snapshot_create_delete): 200 GET http://10.180.1.21/compute/v2.1/servers/6699f6e7-203d-4d8a-bc9e-8c8d5427db36 0.289s
2025-12-11 09:06:02.037 63539 INFO tempest.lib.common.rest_client [req-f846ac80-d9c1-4cc0-bd0d-f94248f8d05f req-f846ac80-d9c1-4cc0-bd0d-f94248f8d05f ] Request (ServerDiagnosticsTest:test_get_server_diagnostics): 200 GET http://10.180.1.21/compute/v2.1/servers/f1dddee3-33d6-4f55-bd91-9ce2fe6be72b 0.364s
2025-12-11 09:06:02.136 63513 INFO tempest.lib.common.rest_client [req-b9859013-5861-4f36-9ea2-ba94fed701cd req-b9859013-5861-4f36-9ea2-ba94fed701cd ] Request (ServerDiagnosticsNegativeTest:test_get_server_diagnostics_by_non_admin): 200 GET http://10.180.1.21/compute/v2.1/servers/02ed8dca-f6ae-47b0-a047-f89f858f5ff2 0.369s
2025-12-11 09:06:02.138 63507 INFO tempest.lib.common.rest_client [req-5e189f50-612b-40b6-b07e-71711e680789 req-5e189f50-612b-40b6-b07e-71711e680789 ] Request (DeleteServersAdminTestJSON:test_admin_delete_servers_of_others): 200 GET http://10.180.1.21/compute/v2.1/servers/4afbddcb-d9ac-412e-93d9-52b2de6fbdb5 0.274s
2025-12-11 09:06:02.186 63561 INFO tempest.lib.common.rest_client [req-cac33a7c-08d7-4024-8bd9-44d5c3038b11 req-cac33a7c-08d7-4024-8bd9-44d5c3038b11 ] Request (ServerDiagnosticsV248Test:test_get_server_diagnostics): 200 GET http://10.180.1.21/compute/v2.1/servers/0952267f-c258-4575-be86-b2bc48e9863b 0.255s
2025-12-11 09:06:02.233 63521 INFO tempest.lib.common.rest_client [req-94252429-ca60-4286-ae44-4a25066f3b44 req-94252429-ca60-4286-ae44-4a25066f3b44 ] Request (ListServerFiltersTestJSON:setUpClass): 200 GET http://10.180.1.21/compute/v2.1/servers/4846a37e-b175-4f23-b8c1-34a6b124513d 0.278s
2025-12-11 09:06:02.277 63537 INFO tempest.lib.common.rest_client [req-c78d71fa-3c6d-4d34-9d05-6bbfc71d39d9 req-c78d71fa-3c6d-4d34-9d05-6bbfc71d39d9 ] Request (FloatingIPsAssociationNegativeTestJSON:setUpClass): 200 GET http://10.180.1.21/compute/v2.1/servers/94d19d7f-8eb7-4c93-aff4-3b1404338240 0.386s
2025-12-11 09:06:02.293 63529 INFO tempest.lib.common.rest_client [req-9bbd645f-7b91-49da-ba98-d19ce88d0570 req-9bbd645f-7b91-49da-ba98-d19ce88d0570 ] Request (MultipleCreateTestJSON:test_multiple_create): 200 GET http://10.180.1.21/compute/v2.1/servers/451c95b6-a407-4911-bc40-83f2e2e7a75f 0.324s
2025-12-11 09:06:02.322 63563 INFO tempest.lib.common.rest_client [req-539f7653-1475-4c9c-9a67-47f7e5c16be3 req-539f7653-1475-4c9c-9a67-47f7e5c16be3 ] Request (VolumesAdminNegativeTest:test_update_attached_volume_with_nonexistent_volume_in_uri): 200 GET http://10.180.1.21/compute/v2.1/servers/c936b733-7faa-4e73-99c5-2ac11d5421ff 0.339s
2025-12-11 09:06:02.340 63549 INFO tempest.lib.common.rest_client [req-653af236-d171-4751-b1c8-a51123488e41 req-653af236-d171-4751-b1c8-a51123488e41 ] Request (ServerMetadataNegativeTestJSON:setUpClass): 200 GET http://10.180.1.21/compute/v2.1/servers/a12ff1bf-8cfa-4d03-828d-6b34727f61bf 0.327s
2025-12-11 09:06:02.369 63509 INFO tempest.lib.common.rest_client [req-eb12b26e-0496-451a-83af-fb28d0d047dc req-eb12b26e-0496-451a-83af-fb28d0d047dc ] Request (ImagesNegativeTestJSON:test_create_image_from_deleted_server): 200 GET http://10.180.1.21/compute/v2.1/servers/f4d86853-25c8-4568-9b3f-8f07bcc5f068 0.327s
2025-12-11 09:06:02.385 63559 INFO tempest.lib.common.rest_client [req-16dde809-4340-452b-96cc-a461428c558e req-16dde809-4340-452b-96cc-a461428c558e ] Request (AttachInterfacesTestJSON:test_create_list_show_delete_interfaces_by_fixed_ip): 200 GET http://10.180.1.21/compute/v2.1/servers/ff6cf180-c0fe-4b4f-9bac-08e9e3dc7c1d 0.310s
2025-12-11 09:06:02.419 63515 INFO tempest.lib.common.rest_client [req-34726892-d9c1-41d9-a659-ee92194d971f req-34726892-d9c1-41d9-a659-ee92194d971f ] Request (ServersTestBootFromVolume:setUpClass): 200 GET http://10.180.1.21/compute/v2.1/servers/362b7115-a270-407f-a53c-506c863c8fe1 0.305s
2025-12-11 09:06:02.439 63545 INFO tempest.lib.common.rest_client [req-97f863db-00d7-4630-980b-d346fad96247 req-97f863db-00d7-4630-980b-d346fad96247 ] Request (ServerExternalEventsTest:test_create_server_external_events): 200 GET http://10.180.1.21/compute/v2.1/servers/717fd312-ac1d-42b6-9f93-13b9f235bd23 0.315s
2025-12-11 09:06:02.467 63517 INFO tempest.lib.common.rest_client [req-64764599-ebf4-4d88-b994-6f1444ca9f8b req-64764599-ebf4-4d88-b994-6f1444ca9f8b ] Request (ServersTestJSON:setUpClass): 200 GET http://10.180.1.21/compute/v2.1/servers/4ac5c733-988f-4428-ad6f-134d9f174e45 0.299s
2025-12-11 09:06:02.544 63556 INFO tempest.lib.common.rest_client [req-d494b75d-b0f0-4a90-b3e2-d39824e25ad2 req-d494b75d-b0f0-4a90-b3e2-d39824e25ad2 ] Request (FloatingIPsAssociationTestJSON:setUpClass): 200 GET http://10.180.1.21/compute/v2.1/servers/a5c37718-0067-4f5e-ba7e-533f13529739 0.323s
2025-12-11 09:06:02.647 63565 INFO tempest.lib.common.rest_client [req-e1924c16-325e-46c5-8845-6b5dcbe5f60d req-e1924c16-325e-46c5-8845-6b5dcbe5f60d ] Request (DeleteServersTestJSON:test_delete_active_server): 200 GET http://10.180.1.21/compute/v2.1/servers/ab9cf87a-b74f-4b2f-842d-26e16b7fdb92 0.174s
2025-12-11 09:06:02.695 63535 INFO tempest.lib.common.rest_client [req-70109e06-b909-4d77-9526-affa25ac018a req-70109e06-b909-4d77-9526-affa25ac018a ] Request (InstanceActionsTestJSON:setUpClass): 200 GET http://10.180.1.21/compute/v2.1/servers/77493b32-817c-4be8-a42d-8d48e707d41f 0.167s
2025-12-11 09:06:02.756 63523 INFO tempest.lib.common.rest_client [req-a438b11f-acee-4e62-a849-81bbddc2d0ec req-a438b11f-acee-4e62-a849-81bbddc2d0ec ] Request (ServersAdminNegativeTestJSON:setUpClass): 200 GET http://10.180.1.21/compute/v2.1/servers/5501c192-867b-40c0-9bea-c3c44865d2f4 0.429s
2025-12-11 09:06:02.793 63551 INFO tempest.lib.common.rest_client [req-02e2ea36-f783-46b2-ad6a-1be26c70b46b req-02e2ea36-f783-46b2-ad6a-1be26c70b46b ] Request (ImagesOneServerNegativeTestJSON:setUpClass): 200 GET http://10.180.1.21/compute/v2.1/servers/11a32984-5548-4db4-8788-9b221ba381df 0.170s
2025-12-11 09:06:02.800 63505 INFO tempest.lib.common.rest_client [req-51ba0b8e-47d3-4b58-9afb-58eee672e0f3 req-51ba0b8e-47d3-4b58-9afb-58eee672e0f3 ] Request (AttachInterfacesV270Test:test_create_get_list_interfaces): 200 GET http://10.180.1.21/compute/v2.1/servers/3af8fe9a-643b-4650-a036-6f1b9c3c8d03 0.124s
2025-12-11 09:06:02.843 63519 INFO tempest.lib.common.rest_client [req-1c3fc307-590b-4a79-986e-4d908bc2ebbf req-1c3fc307-590b-4a79-986e-4d908bc2ebbf ] Request (ServerActionsTestJSON:setUpClass): 200 GET http://10.180.1.21/compute/v2.1/servers/a4e56801-a8b8-448f-9b1a-d228ceeaaa46 0.116s
2025-12-11 09:06:02.892 63543 INFO tempest.lib.common.rest_client [req-9068480b-290d-45d5-a0ac-a9fd83825e78 req-9068480b-290d-45d5-a0ac-a9fd83825e78 ] Request (TenantUsagesTestJSON:setUpClass): 200 GET http://10.180.1.21/compute/v2.1/servers/7d000257-5fc1-43fa-9fc5-a07519a6feea 0.118s
2025-12-11 09:06:02.893 63511 INFO tempest.lib.common.rest_client [req-68efe3ec-ff10-43a6-ad28-4bfc11be9566 req-68efe3ec-ff10-43a6-ad28-4bfc11be9566 ] Request (MigrationsAdminTest:test_list_migrations_in_flavor_resize_situation): 200 GET http://10.180.1.21/compute/v2.1/servers/89da94ce-40ad-40e0-a4b9-15fd15d0ab9b 0.149s
2025-12-11 09:06:02.939 63531 INFO tempest.lib.common.rest_client [req-0497aed1-108a-4c12-a9bc-d0bd3ab5ed09 req-0497aed1-108a-4c12-a9bc-d0bd3ab5ed09 ] Request (ListServersNegativeTestJSON:setUpClass): 200 GET http://10.180.1.21/compute/v2.1/servers/164c1d04-3481-4aee-ba56-c80c8ed36e6a 0.145s
2025-12-11 09:06:02.943 63557 INFO tempest.lib.common.rest_client [req-87e6b2a0-0ebc-4330-a744-997ad4a43b0b req-87e6b2a0-0ebc-4330-a744-997ad4a43b0b ] Request (ServersWithSpecificFlavorTestJSON:test_verify_created_server_ephemeral_disk): 200 GET http://10.180.1.21/compute/v2.1/servers/8dd5ad91-d09a-41dd-a8d0-fd22e96fc279 0.118s
2025-12-11 09:06:02.984 63541 INFO tempest.lib.common.rest_client [req-ce0fa3d4-a3d1-4e54-9c31-0c3485e990bc req-ce0fa3d4-a3d1-4e54-9c31-0c3485e990bc ] Request (InstanceActionsNegativeTestJSON:setUpClass): 200 GET http://10.180.1.21/compute/v2.1/servers/f889087d-5f22-4de6-8dff-819d2afb7240 0.143s
2025-12-11 09:06:02.989 63525 INFO tempest.lib.common.rest_client [req-9e5052f9-d6af-463c-931d-9a117f13e5bf req-9e5052f9-d6af-463c-931d-9a117f13e5bf ] Request (ServerShowV247Test:test_update_rebuild_list_server): 200 GET http://10.180.1.21/compute/v2.1/servers/11838596-1730-4c23-bbf2-3159d3c6d72d 0.109s
2025-12-11 09:06:03.031 63533 INFO tempest.lib.common.rest_client [req-9041e8f3-aa0e-426e-90f9-10393a5de4eb req-9041e8f3-aa0e-426e-90f9-10393a5de4eb ] Request (ListImageFiltersTestJSON:setUpClass): 200 GET http://10.180.1.21/compute/v2.1/servers/8728833b-c3ac-49b2-9a33-ecfae9597e9e 0.100s
2025-12-11 09:06:03.085 63547 INFO tempest.lib.common.rest_client [req-e936b74e-f2f1-41c5-8842-4da7328423aa req-e936b74e-f2f1-41c5-8842-4da7328423aa ] Request (VolumesAssistedSnapshotsTest:test_volume_assisted_snapshot_create_delete): 200 GET http://10.180.1.21/compute/v2.1/servers/6699f6e7-203d-4d8a-bc9e-8c8d5427db36 0.059s
2025-12-11 09:06:03.163 63539 INFO tempest.lib.common.rest_client [req-d78cbd32-9182-4e0e-8d95-f17b238b90d8 req-d78cbd32-9182-4e0e-8d95-f17b238b90d8 ] Request (ServerDiagnosticsTest:test_get_server_diagnostics): 200 GET http://10.180.1.21/compute/v2.1/servers/f1dddee3-33d6-4f55-bd91-9ce2fe6be72b 0.117s
2025-12-11 09:06:03.258 63507 INFO tempest.lib.common.rest_client [req-1c52e6cb-b58d-422d-8766-1ddd5fdd54a5 req-1c52e6cb-b58d-422d-8766-1ddd5fdd54a5 ] Request (DeleteServersAdminTestJSON:test_admin_delete_servers_of_others): 200 GET http://10.180.1.21/compute/v2.1/servers/4afbddcb-d9ac-412e-93d9-52b2de6fbdb5 0.112s
2025-12-11 09:06:03.291 63513 INFO tempest.lib.common.rest_client [req-761da13c-fb97-46ac-ac9b-4802c3d305dc req-761da13c-fb97-46ac-ac9b-4802c3d305dc ] Request (ServerDiagnosticsNegativeTest:test_get_server_diagnostics_by_non_admin): 200 GET http://10.180.1.21/compute/v2.1/servers/02ed8dca-f6ae-47b0-a047-f89f858f5ff2 0.146s
2025-12-11 09:06:03.309 63561 INFO tempest.lib.common.rest_client [req-9ecebe9b-74f5-43c1-96d3-e8da4287584a req-9ecebe9b-74f5-43c1-96d3-e8da4287584a ] Request (ServerDiagnosticsV248Test:test_get_server_diagnostics): 200 GET http://10.180.1.21/compute/v2.1/servers/0952267f-c258-4575-be86-b2bc48e9863b 0.115s
2025-12-11 09:06:03.341 63521 INFO tempest.lib.common.rest_client [req-3bb8b5e6-729b-4dc4-9442-cd9d84a554b0 req-3bb8b5e6-729b-4dc4-9442-cd9d84a554b0 ] Request (ListServerFiltersTestJSON:setUpClass): 200 GET http://10.180.1.21/compute/v2.1/servers/4846a37e-b175-4f23-b8c1-34a6b124513d 0.096s
2025-12-11 09:06:03.387 63529 INFO tempest.lib.common.rest_client [req-da82a7d1-7ccb-4506-b553-ec1fc0c35b07 req-da82a7d1-7ccb-4506-b553-ec1fc0c35b07 ] Request (MultipleCreateTestJSON:test_multiple_create): 200 GET http://10.180.1.21/compute/v2.1/servers/451c95b6-a407-4911-bc40-83f2e2e7a75f 0.086s
2025-12-11 09:06:03.430 63563 INFO tempest.lib.common.rest_client [req-4d4f9ceb-eea3-486e-9c42-8c60c8f6d59f req-4d4f9ceb-eea3-486e-9c42-8c60c8f6d59f ] Request (VolumesAdminNegativeTest:test_update_attached_volume_with_nonexistent_volume_in_uri): 200 GET http://10.180.1.21/compute/v2.1/servers/c936b733-7faa-4e73-99c5-2ac11d5421ff 0.100s
2025-12-11 09:06:03.438 63537 INFO tempest.lib.common.rest_client [req-bbb5b271-aa92-446c-beb3-d9d84590025c req-bbb5b271-aa92-446c-beb3-d9d84590025c ] Request (FloatingIPsAssociationNegativeTestJSON:setUpClass): 200 GET http://10.180.1.21/compute/v2.1/servers/94d19d7f-8eb7-4c93-aff4-3b1404338240 0.153s
2025-12-11 09:06:03.474 63549 INFO tempest.lib.common.rest_client [req-42b56e60-4b1a-4645-9ec8-133f464b498f req-42b56e60-4b1a-4645-9ec8-133f464b498f ] Request (ServerMetadataNegativeTestJSON:setUpClass): 200 GET http://10.180.1.21/compute/v2.1/servers/a12ff1bf-8cfa-4d03-828d-6b34727f61bf 0.127s
2025-12-11 09:06:03.484 63509 INFO tempest.lib.common.rest_client [req-b39acd93-b242-4a06-88d9-fcb8af864f03 req-b39acd93-b242-4a06-88d9-fcb8af864f03 ] Request (ImagesNegativeTestJSON:test_create_image_from_deleted_server): 200 GET http://10.180.1.21/compute/v2.1/servers/f4d86853-25c8-4568-9b3f-8f07bcc5f068 0.108s
2025-12-11 09:06:03.521 63559 INFO tempest.lib.common.rest_client [req-bc722da0-983c-4043-9cdb-ab21f7a25807 req-bc722da0-983c-4043-9cdb-ab21f7a25807 ] Request (AttachInterfacesTestJSON:test_create_list_show_delete_interfaces_by_fixed_ip): 200 GET http://10.180.1.21/compute/v2.1/servers/ff6cf180-c0fe-4b4f-9bac-08e9e3dc7c1d 0.129s
