2025-12-11 09:05:53.200 63525 INFO tempest.lib.common.rest_client [req-db023937-b957-40e0-a814-c7d949a83882 req-db023937-b957-40e0-a814-c7d949a83882 ] Request (ServerShowV247Test:test_update_rebuild_list_server): 200 GET http://10.180.1.21/compute/v2.1/servers/11838596-1730-4c23-bbf2-3159d3c6d72d 0.245s
2025-12-11 09:05:53.254 63533 INFO tempest.lib.common.rest_client [req-ecb0c267-617c-4ae5-acf2-4cdb9604d187 req-ecb0c267-617c-4ae5-acf2-4cdb9604d187 ] Request (ListImageFiltersTestJSON:setUpClass): 200 GET http://10.180.1.21/compute/v2.1/servers/8728833b-c3ac-49b2-9a33-ecfae9597e9e 0.183s
2025-12-11 09:05:53.295 63507 INFO tempest.lib.common.rest_client [req-611e77e6-0f1f-47d2-af89-943545596fb3 req-611e77e6-0f1f-47d2-af89-943545596fb3 ] Request (DeleteServersAdminTestJSON:test_admin_delete_servers_of_others): 200 GET http://10.180.1.21/compute/v2.1/servers/4afbddcb-d9ac-412e-93d9-52b2de6fbdb5 0.279s
2025-12-11 09:05:53.392 63537 INFO tempest.lib.common.rest_client [req-33b0f269-9524-4013-9a84-176cd2299b40 req-33b0f269-9524-4013-9a84-176cd2299b40 ] Request (FloatingIPsAssociationNegativeTestJSON:setUpClass): 200 GET http://10.180.1.21/compute/v2.1/servers/94d19d7f-8eb7-4c93-aff4-3b1404338240 0.216s
2025-12-11 09:05:53.420 63529 INFO tempest.lib.common.rest_client [req-a817fa15-9ea5-4ca4-823f-4be21e6d895f req-a817fa15-9ea5-4ca4-823f-4be21e6d895f ] Request (HostsAdminTestJSON:test_list_hosts_with_zone): 200 GET http://10.180.1.21/compute/v2.1/os-hosts 0.233s
2025-12-11 09:05:53.467 63547 INFO tempest.lib.common.rest_client [req-4c5ea56b-b57d-4d5f-a5a8-0fce0b0fe390 req-4c5ea56b-b57d-4d5f-a5a8-0fce0b0fe390 ] Request (VolumesAssistedSnapshotsTest:test_volume_assisted_snapshot_create_delete): 200 GET http://10.180.1.21/compute/v2.1/servers/6699f6e7-203d-4d8a-bc9e-8c8d5427db36 0.236s
2025-12-11 09:05:53.486 63556 INFO tempest.lib.common.rest_client [req-1b0eeb39-1702-4cb8-a61e-ab2d9a64ab93 req-1b0eeb39-1702-4cb8-a61e-ab2d9a64ab93 ] Request (FloatingIPsAssociationTestJSON:setUpClass): 200 GET http://10.180.1.21/compute/v2.1/servers/a5c37718-0067-4f5e-ba7e-533f13529739 0.308s
2025-12-11 09:05:53.528 63561 INFO tempest.lib.common.rest_client [req-d4a9e8cd-8a11-4d0f-aaa4-81b2b4f62d85 req-d4a9e8cd-8a11-4d0f-aaa4-81b2b4f62d85 ] Request (ServerDiagnosticsV248Test:test_get_server_diagnostics): 200 GET http://10.180.1.21/compute/v2.1/servers/0952267f-c258-4575-be86-b2bc48e9863b 0.294s
2025-12-11 09:05:53.539 63563 INFO tempest.lib.common.rest_client [req-8514009d-70e4-4b9f-84c8-cb229d5a2d84 req-8514009d-70e4-4b9f-84c8-cb229d5a2d84 ] Request (VolumesAdminNegativeTest:test_update_attached_volume_with_nonexistent_volume_in_uri): 200 GET http://10.180.1.21/compute/v2.1/servers/c936b733-7faa-4e73-99c5-2ac11d5421ff 0.262s
2025-12-11 09:05:53.584 63521 INFO tempest.lib.common.rest_client [req-23623555-7cce-4e48-aa1e-5b83d65eb6e3 req-23623555-7cce-4e48-aa1e-5b83d65eb6e3 ] Request (ListServerFiltersTestJSON:setUpClass): 200 GET http://10.180.1.21/compute/v2.1/servers/4846a37e-b175-4f23-b8c1-34a6b124513d 0.261s
2025-12-11 09:05:53.631 63549 INFO tempest.lib.common.rest_client [req-3a6c4e59-e791-4bad-adbf-657bc111ae9d req-3a6c4e59-e791-4bad-adbf-657bc111ae9d ] Request (ServerMetadataNegativeTestJSON:setUpClass): 200 GET http://10.180.1.21/compute/v2.1/servers/a12ff1bf-8cfa-4d03-828d-6b34727f61bf 0.257s
2025-12-11 09:05:53.657 63529 INFO tempest.lib.common.rest_client [req-dde2d134-a4ac-43f7-ab40-292a469838d1 req-dde2d134-a4ac-43f7-ab40-292a469838d1 ] Request (HostsAdminTestJSON:test_list_hosts_with_zone): 200 GET http://10.180.1.21/compute/v2.1/os-hosts?zone=internal 0.236s
2025-12-11 09:05:53.672 63523 INFO tempest.lib.common.rest_client [req-0bb44d89-1272-4c15-85c3-b7ae5574d06a req-0bb44d89-1272-4c15-85c3-b7ae5574d06a ] Request (ServersAdminNegativeTestJSON:setUpClass): 200 GET http://10.180.1.21/compute/v2.1/servers/5501c192-867b-40c0-9bea-c3c44865d2f4 0.343s
2025-12-11 09:05:53.707 63509 INFO tempest.lib.common.rest_client [req-6a99a14b-0486-45fa-a0b7-a83b5a33c4b3 req-6a99a14b-0486-45fa-a0b7-a83b5a33c4b3 ] Request (ImagesNegativeTestJSON:test_create_image_from_deleted_server): 200 GET http://10.180.1.21/compute/v2.1/servers/f4d86853-25c8-4568-9b3f-8f07bcc5f068 0.238s
2025-12-11 09:05:53.751 63527 INFO tempest.lib.common.rest_client [req-e1e28b63-81ee-43ed-9454-c7e44098525b req-e1e28b63-81ee-43ed-9454-c7e44098525b ] Request (SecurityGroupRulesNegativeTestJSON:tearDownClass): 200 PUT http://10.180.1.21:9696/networking/v2.0/routers/47ec05fb-7082-4c46-bc40-41786fbbf23b/remove_router_interface 1.341s
2025-12-11 09:05:53.754 63559 INFO tempest.lib.common.rest_client [req-09516403-bc85-4785-902f-6c7c968c095b req-09516403-bc85-4785-902f-6c7c968c095b ] Request (AttachInterfacesTestJSON:test_create_list_show_delete_interfaces_by_fixed_ip): 200 GET http://10.180.1.21/compute/v2.1/servers/ff6cf180-c0fe-4b4f-9bac-08e9e3dc7c1d 0.230s
2025-12-11 09:05:53.821 63515 INFO tempest.lib.common.rest_client [req-8c891abc-b6eb-4623-af47-644863d638ed req-8c891abc-b6eb-4623-af47-644863d638ed ] Request (ServersTestBootFromVolume:setUpClass): 200 GET http://10.180.1.21/compute/v2.1/servers/362b7115-a270-407f-a53c-506c863c8fe1 0.293s
2025-12-11 09:05:53.825 63565 INFO tempest.lib.common.rest_client [req-94a036ac-2d6a-4b95-b048-d79748eb5327 req-94a036ac-2d6a-4b95-b048-d79748eb5327 ] Request (DeleteServersTestJSON:test_delete_active_server): 200 GET http://10.180.1.21/compute/v2.1/servers/ab9cf87a-b74f-4b2f-842d-26e16b7fdb92 0.350s
2025-12-11 09:05:53.882 63545 INFO tempest.lib.common.rest_client [req-20acfce9-d3df-4491-a5d2-71d097abc58d req-20acfce9-d3df-4491-a5d2-71d097abc58d ] Request (ServerExternalEventsTest:test_create_server_external_events): 200 GET http://10.180.1.21/compute/v2.1/servers/717fd312-ac1d-42b6-9f93-13b9f235bd23 0.298s
2025-12-11 09:05:53.934 63517 INFO tempest.lib.common.rest_client [req-151b1f2c-30c6-40b7-831d-105b57079f29 req-151b1f2c-30c6-40b7-831d-105b57079f29 ] Request (ServersTestJSON:setUpClass): 200 GET http://10.180.1.21/compute/v2.1/servers/4ac5c733-988f-4428-ad6f-134d9f174e45 0.283s
2025-12-11 09:05:53.955 63529 INFO tempest.lib.common.rest_client [req-69b598d4-b585-4e5f-9bf5-101bb43cf448 req-69b598d4-b585-4e5f-9bf5-101bb43cf448 ] Request (HostsAdminTestJSON:test_show_host_detail): 200 GET http://10.180.1.21/compute/v2.1/os-hosts 0.296s
2025-12-11 09:05:53.967 63551 INFO tempest.lib.common.rest_client [req-7df992a7-e8cd-41c9-8e12-78096e4b5d57 req-7df992a7-e8cd-41c9-8e12-78096e4b5d57 ] Request (ImagesOneServerNegativeTestJSON:setUpClass): 200 GET http://10.180.1.21/compute/v2.1/servers/11a32984-5548-4db4-8788-9b221ba381df 0.344s
2025-12-11 09:05:54.031 63505 INFO tempest.lib.common.rest_client [req-478129b5-f27f-4b40-91f5-933d8dd03ddb req-478129b5-f27f-4b40-91f5-933d8dd03ddb ] Request (AttachInterfacesV270Test:test_create_get_list_interfaces): 200 GET http://10.180.1.21/compute/v2.1/servers/3af8fe9a-643b-4650-a036-6f1b9c3c8d03 0.311s
2025-12-11 09:05:54.080 63511 INFO tempest.lib.common.rest_client [req-15fcee34-0334-4fa2-82cf-cd3e14092b27 req-15fcee34-0334-4fa2-82cf-cd3e14092b27 ] Request (MigrationsAdminTest:test_list_migrations_in_flavor_resize_situation): 200 GET http://10.180.1.21/compute/v2.1/servers/89da94ce-40ad-40e0-a4b9-15fd15d0ab9b 0.312s
2025-12-11 09:05:54.101 63535 INFO tempest.lib.common.rest_client [req-0a481b52-b2ed-468b-939c-41d5026b07c6 req-0a481b52-b2ed-468b-939c-41d5026b07c6 ] Request (InstanceActionsTestJSON:setUpClass): 200 GET http://10.180.1.21/compute/v2.1/servers/77493b32-817c-4be8-a42d-8d48e707d41f 0.322s
2025-12-11 09:05:54.131 63531 INFO tempest.lib.common.rest_client [req-d5d7923c-6fb9-408a-961e-68717c97265e req-d5d7923c-6fb9-408a-961e-68717c97265e ] Request (ListServersNegativeTestJSON:setUpClass): 200 GET http://10.180.1.21/compute/v2.1/servers/164c1d04-3481-4aee-ba56-c80c8ed36e6a 0.314s
2025-12-11 09:05:54.153 63557 INFO tempest.lib.common.rest_client [req-b3532561-0dc8-46e2-bb26-27e9acc3558a req-b3532561-0dc8-46e2-bb26-27e9acc3558a ] Request (ServersWithSpecificFlavorTestJSON:test_verify_created_server_ephemeral_disk): 200 GET http://10.180.1.21/compute/v2.1/servers/8dd5ad91-d09a-41dd-a8d0-fd22e96fc279 0.302s
2025-12-11 09:05:54.188 63519 INFO tempest.lib.common.rest_client [req-c57e5ddc-2a8d-42b5-bef5-7b7b2d0c4b23 req-c57e5ddc-2a8d-42b5-bef5-7b7b2d0c4b23 ] Request (ServerActionsTestJSON:setUpClass): 200 GET http://10.180.1.21/compute/v2.1/servers/a4e56801-a8b8-448f-9b1a-d228ceeaaa46 0.247s
2025-12-11 09:05:54.198 63529 INFO tempest.lib.common.rest_client [req-edb1ea9b-9598-4438-b4b9-4ff91e68816d req-edb1ea9b-9598-4438-b4b9-4ff91e68816d ] Request (HostsAdminTestJSON:test_show_host_detail): 200 GET http://10.180.1.21/compute/v2.1/os-hosts/cpu-1 0.242s
2025-12-11 09:05:54.264 63543 INFO tempest.lib.common.rest_client [req-d13e3401-22a5-43ec-b724-6d20fb4c388c req-d13e3401-22a5-43ec-b724-6d20fb4c388c ] Request (TenantUsagesTestJSON:setUpClass): 200 GET http://10.180.1.21/compute/v2.1/servers/7d000257-5fc1-43fa-9fc5-a07519a6feea 0.274s
2025-12-11 09:05:54.279 63541 INFO tempest.lib.common.rest_client [req-ba5821be-c9cc-4920-a14d-2c9f1b84d487 req-ba5821be-c9cc-4920-a14d-2c9f1b84d487 ] Request (InstanceActionsNegativeTestJSON:setUpClass): 200 GET http://10.180.1.21/compute/v2.1/servers/f889087d-5f22-4de6-8dff-819d2afb7240 0.211s
2025-12-11 09:05:54.319 63529 INFO tempest.lib.common.rest_client [req-5f879547-7dd0-40f0-b7d0-2cf5884ca135 req-5f879547-7dd0-40f0-b7d0-2cf5884ca135 ] Request (HostsAdminTestJSON:tearDownClass): 204 DELETE http://10.180.1.21/identity/v3/users/c69c806358a140a1a786df5dfd0635cd 0.119s
2025-12-11 09:05:54.364 63527 INFO tempest.lib.common.rest_client [req-b870ce53-84d9-439f-9fc2-c0999f317783 req-b870ce53-84d9-439f-9fc2-c0999f317783 ] Request (SecurityGroupRulesNegativeTestJSON:tearDownClass): 204 DELETE http://10.180.1.21:9696/networking/v2.0/routers/47ec05fb-7082-4c46-bc40-41786fbbf23b 0.612s
2025-12-11 09:05:54.437 63513 INFO tempest.lib.common.rest_client [req-8d6202b8-c2db-4023-8435-ea7c9c616d03 req-8d6202b8-c2db-4023-8435-ea7c9c616d03 ] Request (ServerDiagnosticsNegativeTest:test_get_server_diagnostics_by_non_admin): 200 GET http://10.180.1.21/compute/v2.1/servers/02ed8dca-f6ae-47b0-a047-f89f858f5ff2 0.264s
2025-12-11 09:05:54.447 63529 INFO tempest.lib.common.rest_client [req-dde2a929-b6b7-4254-89b1-6da9f25cb4a2 req-dde2a929-b6b7-4254-89b1-6da9f25cb4a2 ] Request (HostsAdminTestJSON:tearDownClass): 204 DELETE http://10.180.1.21/identity/v3/users/bd0ababd0aea40a49b1a37851feea170 0.128s
2025-12-11 09:05:54.448 63529 INFO tempest.lib.common.dynamic_creds [-] Deleting project and security group for project: f5ddd6b706d5413790d06aeaa9d76201
2025-12-11 09:05:54.484 63539 INFO tempest.lib.common.rest_client [req-beda0654-48d4-4682-bc28-2006b459b804 req-beda0654-48d4-4682-bc28-2006b459b804 ] Request (ServerDiagnosticsTest:test_get_server_diagnostics): 200 GET http://10.180.1.21/compute/v2.1/servers/f1dddee3-33d6-4f55-bd91-9ce2fe6be72b 0.347s
2025-12-11 09:05:54.527 63525 INFO tempest.lib.common.rest_client [req-3bc59cc9-b66f-4495-a9d8-66cf7d1eefcc req-3bc59cc9-b66f-4495-a9d8-66cf7d1eefcc ] Request (ServerShowV247Test:test_update_rebuild_list_server): 200 GET http://10.180.1.21/compute/v2.1/servers/11838596-1730-4c23-bbf2-3159d3c6d72d 0.318s
2025-12-11 09:05:54.553 63533 INFO tempest.lib.common.rest_client [req-f452880c-3706-4a82-98c4-c96ab8692692 req-f452880c-3706-4a82-98c4-c96ab8692692 ] Request (ListImageFiltersTestJSON:setUpClass): 200 GET http://10.180.1.21/compute/v2.1/servers/8728833b-c3ac-49b2-9a33-ecfae9597e9e 0.290s
2025-12-11 09:05:54.554 63527 INFO tempest.lib.common.rest_client [req-05ab2993-5f8a-4419-9275-c4f7516494dd req-05ab2993-5f8a-4419-9275-c4f7516494dd ] Request (SecurityGroupRulesNegativeTestJSON:tearDownClass): 204 DELETE http://10.180.1.21:9696/networking/v2.0/subnets/76e36328-d6df-46cf-b7ac-a477e033d3f2 0.189s
2025-12-11 09:05:54.559 63529 INFO tempest.lib.common.rest_client [req-cc78b909-4549-4151-be6f-4d7aca881901 req-cc78b909-4549-4151-be6f-4d7aca881901 ] Request (HostsAdminTestJSON:tearDownClass): 201 POST http://10.180.1.21/identity/v3/auth/tokens 0.111s
2025-12-11 09:05:54.708 63507 INFO tempest.lib.common.rest_client [req-9098096e-7efc-47f0-a85c-af4279899139 req-9098096e-7efc-47f0-a85c-af4279899139 ] Request (DeleteServersAdminTestJSON:test_admin_delete_servers_of_others): 200 GET http://10.180.1.21/compute/v2.1/servers/4afbddcb-d9ac-412e-93d9-52b2de6fbdb5 0.407s
2025-12-11 09:05:54.748 63537 INFO tempest.lib.common.rest_client [req-2d51d9a1-a884-4226-9dc5-adc5acbd423d req-2d51d9a1-a884-4226-9dc5-adc5acbd423d ] Request (FloatingIPsAssociationNegativeTestJSON:setUpClass): 200 GET http://10.180.1.21/compute/v2.1/servers/94d19d7f-8eb7-4c93-aff4-3b1404338240 0.349s
2025-12-11 09:05:54.765 63547 INFO tempest.lib.common.rest_client [req-7a4a3f3f-00a0-40b3-9e16-9ffa87de9796 req-7a4a3f3f-00a0-40b3-9e16-9ffa87de9796 ] Request (VolumesAssistedSnapshotsTest:test_volume_assisted_snapshot_create_delete): 200 GET http://10.180.1.21/compute/v2.1/servers/6699f6e7-203d-4d8a-bc9e-8c8d5427db36 0.291s
2025-12-11 09:05:54.782 63529 INFO tempest.lib.common.rest_client [req-634f31b6-28bd-47a1-931b-83a21a42ed0b req-634f31b6-28bd-47a1-931b-83a21a42ed0b ] Request (HostsAdminTestJSON:tearDownClass): 200 GET http://10.180.1.21:9696/networking/v2.0/security-groups?tenant_id=f5ddd6b706d5413790d06aeaa9d76201&name=default 0.223s
2025-12-11 09:05:54.830 63561 INFO tempest.lib.common.rest_client [req-e21e1025-5611-4489-981d-c03b80cbdf8f req-e21e1025-5611-4489-981d-c03b80cbdf8f ] Request (ServerDiagnosticsV248Test:test_get_server_diagnostics): 200 GET http://10.180.1.21/compute/v2.1/servers/0952267f-c258-4575-be86-b2bc48e9863b 0.293s
2025-12-11 09:05:54.877 63556 INFO tempest.lib.common.rest_client [req-f82dadd0-c066-4b40-9d10-5c266d93faec req-f82dadd0-c066-4b40-9d10-5c266d93faec ] Request (FloatingIPsAssociationTestJSON:setUpClass): 200 GET http://10.180.1.21/compute/v2.1/servers/a5c37718-0067-4f5e-ba7e-533f13529739 0.383s
2025-12-11 09:05:54.902 63563 INFO tempest.lib.common.rest_client [req-9a040d06-b603-4347-bdd3-ef05ef2c4bc0 req-9a040d06-b603-4347-bdd3-ef05ef2c4bc0 ] Request (VolumesAdminNegativeTest:test_update_attached_volume_with_nonexistent_volume_in_uri): 200 GET http://10.180.1.21/compute/v2.1/servers/c936b733-7faa-4e73-99c5-2ac11d5421ff 0.355s
2025-12-11 09:05:54.943 63521 INFO tempest.lib.common.rest_client [req-e71b2d6c-5615-4101-8ab4-bbd7e89155db req-e71b2d6c-5615-4101-8ab4-bbd7e89155db ] Request (ListServerFiltersTestJSON:setUpClass): 200 GET http://10.180.1.21/compute/v2.1/servers/4846a37e-b175-4f23-b8c1-34a6b124513d 0.351s
2025-12-11 09:05:54.965 63549 INFO tempest.lib.common.rest_client [req-16245b01-51d7-4d79-82f9-b9a66a6110af req-16245b01-51d7-4d79-82f9-b9a66a6110af ] Request (ServerMetadataNegativeTestJSON:setUpClass): 200 GET http://10.180.1.21/compute/v2.1/servers/a12ff1bf-8cfa-4d03-828d-6b34727f61bf 0.321s
2025-12-11 09:05:55.033 63509 INFO tempest.lib.common.rest_client [req-b3c25287-702d-4170-81d6-a3128d847f0a req-b3c25287-702d-4170-81d6-a3128d847f0a ] Request (ImagesNegativeTestJSON:test_create_image_from_deleted_server): 200 GET http://10.180.1.21/compute/v2.1/servers/f4d86853-25c8-4568-9b3f-8f07bcc5f068 0.319s
2025-12-11 09:05:55.043 63529 INFO tempest.lib.common.rest_client [req-ecc3da0a-544d-4c57-b66c-9784d27c4375 req-ecc3da0a-544d-4c57-b66c-9784d27c4375 ] Request (HostsAdminTestJSON:tearDownClass): 204 DELETE http://10.180.1.21:9696/networking/v2.0/security-groups/6611493b-fa5c-481d-8a21-20671d08a75e 0.260s
2025-12-11 09:05:55.080 63523 INFO tempest.lib.common.rest_client [req-8f198bb6-cacb-4950-82e8-f4752e776b27 req-8f198bb6-cacb-4950-82e8-f4752e776b27 ] Request (ServersAdminNegativeTestJSON:setUpClass): 200 GET http://10.180.1.21/compute/v2.1/servers/5501c192-867b-40c0-9bea-c3c44865d2f4 0.401s
2025-12-11 09:05:55.109 63559 INFO tempest.lib.common.rest_client [req-c2061cbe-81db-4868-9193-767a939bf4f6 req-c2061cbe-81db-4868-9193-767a939bf4f6 ] Request (AttachInterfacesTestJSON:test_create_list_show_delete_interfaces_by_fixed_ip): 200 GET http://10.180.1.21/compute/v2.1/servers/ff6cf180-c0fe-4b4f-9bac-08e9e3dc7c1d 0.347s
2025-12-11 09:05:55.125 63527 INFO tempest.lib.common.rest_client [req-ec256cae-e3ce-4de2-8980-63441eeada0f req-ec256cae-e3ce-4de2-8980-63441eeada0f ] Request (SecurityGroupRulesNegativeTestJSON:tearDownClass): 204 DELETE http://10.180.1.21:9696/networking/v2.0/networks/3e20e602-c72b-4e52-9107-986e4c7c7952 0.570s
2025-12-11 09:05:55.127 63529 INFO tempest.lib.common.rest_client [req-c1b43e94-919a-4c25-8381-db3c227c5e6a req-c1b43e94-919a-4c25-8381-db3c227c5e6a ] Request (HostsAdminTestJSON:tearDownClass): 204 DELETE http://10.180.1.21/identity/v3/projects/f5ddd6b706d5413790d06aeaa9d76201 0.084s
2025-12-11 09:05:55.127 63529 INFO tempest.lib.common.dynamic_creds [-] Deleting project and security group for project: cf4c006095cb4a5ebcf9d9498053c521
2025-12-11 09:05:55.139 63515 INFO tempest.lib.common.rest_client [req-7eb50da9-a1ea-4966-9b78-6dfd048d93be req-7eb50da9-a1ea-4966-9b78-6dfd048d93be ] Request (ServersTestBootFromVolume:setUpClass): 200 GET http://10.180.1.21/compute/v2.1/servers/362b7115-a270-407f-a53c-506c863c8fe1 0.311s
2025-12-11 09:05:55.190 63545 INFO tempest.lib.common.rest_client [req-75bafe64-f289-4ebc-aba8-064739c18a63 req-75bafe64-f289-4ebc-aba8-064739c18a63 ] Request (ServerExternalEventsTest:test_create_server_external_events): 200 GET http://10.180.1.21/compute/v2.1/servers/717fd312-ac1d-42b6-9f93-13b9f235bd23 0.299s
2025-12-11 09:05:55.237 63527 INFO tempest.lib.common.rest_client [req-bae3e594-878a-4613-a91a-3798b828c75b req-bae3e594-878a-4613-a91a-3798b828c75b ] Request (SecurityGroupRulesNegativeTestJSON:tearDownClass): 204 DELETE http://10.180.1.21/identity/v3/users/9c6f26e441594dddadaf7e02eee6f02f 0.112s
2025-12-11 09:05:55.237 63527 INFO tempest.lib.common.dynamic_creds [-] Deleting project and security group for project: 41faff52df7e40b7925a52fd9dc471cd
2025-12-11 09:05:55.240 63517 INFO tempest.lib.common.rest_client [req-ad025a94-12d1-4781-b647-1b17b345c13f req-ad025a94-12d1-4781-b647-1b17b345c13f ] Request (ServersTestJSON:setUpClass): 200 GET http://10.180.1.21/compute/v2.1/servers/4ac5c733-988f-4428-ad6f-134d9f174e45 0.299s
2025-12-11 09:05:55.281 63527 INFO tempest.lib.common.rest_client [req-847c2e3f-5b47-4419-a3d8-a2c6d6be3e54 req-847c2e3f-5b47-4419-a3d8-a2c6d6be3e54 ] Request (SecurityGroupRulesNegativeTestJSON:tearDownClass): 200 GET http://10.180.1.21:9696/networking/v2.0/security-groups?tenant_id=41faff52df7e40b7925a52fd9dc471cd&name=default 0.043s
2025-12-11 09:05:55.300 63529 INFO tempest.lib.common.rest_client [req-75bd99b9-6f27-4af7-96e4-ba91c54dda1a req-75bd99b9-6f27-4af7-96e4-ba91c54dda1a ] Request (HostsAdminTestJSON:tearDownClass): 200 GET http://10.180.1.21:9696/networking/v2.0/security-groups?tenant_id=cf4c006095cb4a5ebcf9d9498053c521&name=default 0.172s
2025-12-11 09:05:55.361 63565 INFO tempest.lib.common.rest_client [req-4257bac6-f470-46f6-bcee-81896f7690de req-4257bac6-f470-46f6-bcee-81896f7690de ] Request (DeleteServersTestJSON:test_delete_active_server): 200 GET http://10.180.1.21/compute/v2.1/servers/ab9cf87a-b74f-4b2f-842d-26e16b7fdb92 0.527s
2025-12-11 09:05:55.386 63551 INFO tempest.lib.common.rest_client [req-0945a5b8-15ee-4296-9f86-5f5b105df045 req-0945a5b8-15ee-4296-9f86-5f5b105df045 ] Request (ImagesOneServerNegativeTestJSON:setUpClass): 200 GET http://10.180.1.21/compute/v2.1/servers/11a32984-5548-4db4-8788-9b221ba381df 0.409s
2025-12-11 09:05:55.404 63527 INFO tempest.lib.common.rest_client [req-8a8e2d3f-e6d8-4fa0-98de-8742d3f57ab5 req-8a8e2d3f-e6d8-4fa0-98de-8742d3f57ab5 ] Request (SecurityGroupRulesNegativeTestJSON:tearDownClass): 204 DELETE http://10.180.1.21:9696/networking/v2.0/security-groups/835a375f-6a5f-4c96-a398-af8258188962 0.123s
2025-12-11 09:05:55.492 63511 INFO tempest.lib.common.rest_client [req-813fcaf4-43f9-472f-8214-2c687b1fa8b4 req-813fcaf4-43f9-472f-8214-2c687b1fa8b4 ] Request (MigrationsAdminTest:test_list_migrations_in_flavor_resize_situation): 200 GET http://10.180.1.21/compute/v2.1/servers/89da94ce-40ad-40e0-a4b9-15fd15d0ab9b 0.404s
2025-12-11 09:05:55.495 63527 INFO tempest.lib.common.rest_client [req-c8f07fee-2274-4f8d-911c-40ebbb4e998a req-c8f07fee-2274-4f8d-911c-40ebbb4e998a ] Request (SecurityGroupRulesNegativeTestJSON:tearDownClass): 204 DELETE http://10.180.1.21/identity/v3/projects/41faff52df7e40b7925a52fd9dc471cd 0.090s
2025-12-11 09:05:55.496 63527 INFO tempest.test [-] raised in ServerStableDeviceRescueTest.setUpClass. Invoking tearDownClass.
2025-12-11 09:05:55.552 63535 INFO tempest.lib.common.rest_client [req-103e54b1-7808-4648-813e-b1ea606bdad1 req-103e54b1-7808-4648-813e-b1ea606bdad1 ] Request (InstanceActionsTestJSON:setUpClass): 200 GET http://10.180.1.21/compute/v2.1/servers/77493b32-817c-4be8-a42d-8d48e707d41f 0.441s
2025-12-11 09:05:55.564 63505 INFO tempest.lib.common.rest_client [req-1a0efd36-1138-40fc-9594-880a11eab861 req-1a0efd36-1138-40fc-9594-880a11eab861 ] Request (AttachInterfacesV270Test:test_create_get_list_interfaces): 200 GET http://10.180.1.21/compute/v2.1/servers/3af8fe9a-643b-4650-a036-6f1b9c3c8d03 0.521s
2025-12-11 09:05:55.588 63529 INFO tempest.lib.common.rest_client [req-413c1cc0-fe34-4302-9025-4277c0aa58cb req-413c1cc0-fe34-4302-9025-4277c0aa58cb ] Request (HostsAdminTestJSON:tearDownClass): 204 DELETE http://10.180.1.21:9696/networking/v2.0/security-groups/623b0dc7-3957-4579-a59e-0d0cfd4e1a07 0.287s
2025-12-11 09:05:55.611 63531 INFO tempest.lib.common.rest_client [req-c88d376a-207e-401f-9507-8979aefcac24 req-c88d376a-207e-401f-9507-8979aefcac24 ] Request (ListServersNegativeTestJSON:setUpClass): 200 GET http://10.180.1.21/compute/v2.1/servers/164c1d04-3481-4aee-ba56-c80c8ed36e6a 0.473s
2025-12-11 09:05:55.616 63557 INFO tempest.lib.common.rest_client [req-f79c9c2d-5043-452e-a85a-48f7fe126582 req-f79c9c2d-5043-452e-a85a-48f7fe126582 ] Request (ServersWithSpecificFlavorTestJSON:test_verify_created_server_ephemeral_disk): 200 GET http://10.180.1.21/compute/v2.1/servers/8dd5ad91-d09a-41dd-a8d0-fd22e96fc279 0.456s
2025-12-11 09:05:55.663 63519 INFO tempest.lib.common.rest_client [req-85b29953-a52d-4a4f-949d-e5c5fd3f52d0 req-85b29953-a52d-4a4f-949d-e5c5fd3f52d0 ] Request (ServerActionsTestJSON:setUpClass): 200 GET http://10.180.1.21/compute/v2.1/servers/a4e56801-a8b8-448f-9b1a-d228ceeaaa46 0.467s
2025-12-11 09:05:55.668 63543 INFO tempest.lib.common.rest_client [req-3ed6a0d4-2073-4ce9-9730-8e302f44e0c3 req-3ed6a0d4-2073-4ce9-9730-8e302f44e0c3 ] Request (TenantUsagesTestJSON:setUpClass): 200 GET http://10.180.1.21/compute/v2.1/servers/7d000257-5fc1-43fa-9fc5-a07519a6feea 0.392s
2025-12-11 09:05:55.696 63529 INFO tempest.lib.common.rest_client [req-d1392580-8bc8-4be1-8d71-23d604f0ce5c req-d1392580-8bc8-4be1-8d71-23d604f0ce5c ] Request (HostsAdminTestJSON:tearDownClass): 204 DELETE http://10.180.1.21/identity/v3/projects/cf4c006095cb4a5ebcf9d9498053c521 0.108s
2025-12-11 09:05:55.713 63541 INFO tempest.lib.common.rest_client [req-a5002566-6b7a-492b-aa68-d4228aacacd5 req-a5002566-6b7a-492b-aa68-d4228aacacd5 ] Request (InstanceActionsNegativeTestJSON:setUpClass): 200 GET http://10.180.1.21/compute/v2.1/servers/f889087d-5f22-4de6-8dff-819d2afb7240 0.425s
2025-12-11 09:05:55.754 63529 INFO tempest.lib.common.rest_client [req-4a18280e-1c7b-405b-b62d-8a9a710ada3a req-4a18280e-1c7b-405b-b62d-8a9a710ada3a ] Request (HypervisorAdminTestJSON:setUpClass): 201 POST http://10.180.1.21/identity/v3/auth/tokens 0.057s
2025-12-11 09:05:55.766 63513 INFO tempest.lib.common.rest_client [req-6f1feef7-d5b8-44b0-b1e6-d7d71d2d1870 req-6f1feef7-d5b8-44b0-b1e6-d7d71d2d1870 ] Request (ServerDiagnosticsNegativeTest:test_get_server_diagnostics_by_non_admin): 200 GET http://10.180.1.21/compute/v2.1/servers/02ed8dca-f6ae-47b0-a047-f89f858f5ff2 0.318s
2025-12-11 09:05:55.783 63529 INFO tempest.lib.common.rest_client [req-00ba265d-081a-4d2c-932d-cefc03d86136 req-00ba265d-081a-4d2c-932d-cefc03d86136 ] Request (HypervisorAdminTestJSON:setUpClass): 201 POST http://10.180.1.21/identity/v3/auth/tokens 0.025s
2025-12-11 09:05:55.804 63529 INFO tempest.lib.common.rest_client [req-083215a0-4c34-4557-b394-8dd9c7a79d9c req-083215a0-4c34-4557-b394-8dd9c7a79d9c ] Request (HypervisorAdminTestJSON:setUpClass): 200 GET http://10.180.1.21/identity/v3/domains?name=Default 0.021s
2025-12-11 09:05:55.810 63539 INFO tempest.lib.common.rest_client [req-e66d931c-d1a4-4dca-bf9e-07bfa236e0ba req-e66d931c-d1a4-4dca-bf9e-07bfa236e0ba ] Request (ServerDiagnosticsTest:test_get_server_diagnostics): 200 GET http://10.180.1.21/compute/v2.1/servers/f1dddee3-33d6-4f55-bd91-9ce2fe6be72b 0.319s
2025-12-11 09:05:55.819 63525 INFO tempest.lib.common.rest_client [req-6459513c-7a59-45e9-a51d-140fb1282982 req-6459513c-7a59-45e9-a51d-140fb1282982 ] Request (ServerShowV247Test:test_update_rebuild_list_server): 200 GET http://10.180.1.21/compute/v2.1/servers/11838596-1730-4c23-bbf2-3159d3c6d72d 0.279s
2025-12-11 09:05:55.837 63529 INFO tempest.lib.common.rest_client [req-44c5cd5a-1c07-49ce-98ce-91cee8f21af9 req-44c5cd5a-1c07-49ce-98ce-91cee8f21af9 ] Request (HypervisorAdminTestJSON:setUpClass): 201 POST http://10.180.1.21/identity/v3/projects 0.032s
2025-12-11 09:05:55.858 63533 INFO tempest.lib.common.rest_client [req-435fa6a9-b561-428a-8022-c412fb023b26 req-435fa6a9-b561-428a-8022-c412fb023b26 ] Request (ListImageFiltersTestJSON:setUpClass): 200 GET http://10.180.1.21/compute/v2.1/servers/8728833b-c3ac-49b2-9a33-ecfae9597e9e 0.296s
2025-12-11 09:05:55.894 63529 INFO tempest.lib.common.rest_client [req-85fb0875-82dc-4f9e-aeaa-ccb835f0541c req-85fb0875-82dc-4f9e-aeaa-ccb835f0541c ] Request (HypervisorAdminTestJSON:setUpClass): 201 POST http://10.180.1.21/identity/v3/users 0.057s
2025-12-11 09:05:55.910 63529 INFO tempest.lib.common.rest_client [req-42c49617-89e4-43f5-8e12-e71da700ea86 req-42c49617-89e4-43f5-8e12-e71da700ea86 ] Request (HypervisorAdminTestJSON:setUpClass): 200 GET http://10.180.1.21/identity/v3/roles 0.016s
2025-12-11 09:05:55.921 63507 INFO tempest.lib.common.rest_client [req-4acf92f7-5bb1-4759-b469-c5f9e0c4f201 req-4acf92f7-5bb1-4759-b469-c5f9e0c4f201 ] Request (DeleteServersAdminTestJSON:test_admin_delete_servers_of_others): 200 GET http://10.180.1.21/compute/v2.1/servers/4afbddcb-d9ac-412e-93d9-52b2de6fbdb5 0.204s
2025-12-11 09:05:55.939 63529 INFO tempest.lib.common.rest_client [req-dd39a6e9-017e-4f61-93f6-180b9dfd4c79 req-dd39a6e9-017e-4f61-93f6-180b9dfd4c79 ] Request (HypervisorAdminTestJSON:setUpClass): 204 PUT http://10.180.1.21/identity/v3/projects/98eecd71cbc344ddb2e804756f6d0c2c/users/d55ab99072ef445fa56cee9936fb6785/roles/99e8deb875bc45fcab6268be85f40cf0 0.029s
2025-12-11 09:05:55.939 63529 INFO tempest.lib.common.dynamic_creds [-] Dynamic test user d55ab99072ef445fa56cee9936fb6785 is created with scope project and roles: ['member']
2025-12-11 09:05:55.940 63529 INFO tempest.lib.common.dynamic_creds [-] Acquired dynamic creds: credentials: Credentials: {'domain_id': 'default', 'domain_name': 'Default', 'username': 'tempest-HypervisorAdminTestJSON-333219509-project-member', 'project_domain_id': 'default', 'project_domain_name': 'Default', 'project_id': '98eecd71cbc344ddb2e804756f6d0c2c', 'project_name': 'tempest-HypervisorAdminTestJSON-333219509', 'tenant_id': '98eecd71cbc344ddb2e804756f6d0c2c', 'tenant_name': 'tempest-HypervisorAdminTestJSON-333219509', 'user_domain_id': 'default', 'user_domain_name': 'Default', 'user_id': 'd55ab99072ef445fa56cee9936fb6785', 'system': None}, Network: None, Subnet: None, Router: None
2025-12-11 09:05:55.940 63529 INFO tempest.lib.common.dynamic_creds [-] Created isolated network resources for: credentials: Credentials: {'domain_id': 'default', 'domain_name': 'Default', 'username': 'tempest-HypervisorAdminTestJSON-333219509-project-member', 'project_domain_id': 'default', 'project_domain_name': 'Default', 'project_id': '98eecd71cbc344ddb2e804756f6d0c2c', 'project_name': 'tempest-HypervisorAdminTestJSON-333219509', 'tenant_id': '98eecd71cbc344ddb2e804756f6d0c2c', 'tenant_name': 'tempest-HypervisorAdminTestJSON-333219509', 'user_domain_id': 'default', 'user_domain_name': 'Default', 'user_id': 'd55ab99072ef445fa56cee9936fb6785', 'system': None}, Network: None, Subnet: None, Router: None
2025-12-11 09:05:55.957 63537 INFO tempest.lib.common.rest_client [req-d29a0c2f-72a3-4a00-96a7-d3b2a76333ab req-d29a0c2f-72a3-4a00-96a7-d3b2a76333ab ] Request (FloatingIPsAssociationNegativeTestJSON:setUpClass): 200 GET http://10.180.1.21/compute/v2.1/servers/94d19d7f-8eb7-4c93-aff4-3b1404338240 0.199s
2025-12-11 09:05:55.968 63547 INFO tempest.lib.common.rest_client [req-bea4ebd6-f6eb-4367-b3c2-ce7125350da0 req-bea4ebd6-f6eb-4367-b3c2-ce7125350da0 ] Request (VolumesAssistedSnapshotsTest:test_volume_assisted_snapshot_create_delete): 200 GET http://10.180.1.21/compute/v2.1/servers/6699f6e7-203d-4d8a-bc9e-8c8d5427db36 0.195s
2025-12-11 09:05:56.011 63529 INFO tempest.lib.common.rest_client [req-4a07794b-7e47-4f99-bf85-0a5571b743a0 req-4a07794b-7e47-4f99-bf85-0a5571b743a0 ] Request (HypervisorAdminTestJSON:setUpClass): 201 POST http://10.180.1.21/identity/v3/auth/tokens 0.068s
2025-12-11 09:05:56.032 63561 INFO tempest.lib.common.rest_client [req-c3095b56-ed5c-47dd-ade7-4a88cec6c3e1 req-c3095b56-ed5c-47dd-ade7-4a88cec6c3e1 ] Request (ServerDiagnosticsV248Test:test_get_server_diagnostics): 200 GET http://10.180.1.21/compute/v2.1/servers/0952267f-c258-4575-be86-b2bc48e9863b 0.191s
2025-12-11 09:05:56.079 63529 INFO tempest.lib.common.rest_client [req-412408d1-1755-4a11-be01-17993aa8725a req-412408d1-1755-4a11-be01-17993aa8725a ] Request (HypervisorAdminTestJSON:setUpClass): 201 POST http://10.180.1.21/identity/v3/projects 0.067s
2025-12-11 09:05:56.098 63563 INFO tempest.lib.common.rest_client [req-d9eacb16-4636-4f02-a9e9-a5881dcaec53 req-d9eacb16-4636-4f02-a9e9-a5881dcaec53 ] Request (VolumesAdminNegativeTest:test_update_attached_volume_with_nonexistent_volume_in_uri): 200 GET http://10.180.1.21/compute/v2.1/servers/c936b733-7faa-4e73-99c5-2ac11d5421ff 0.188s
2025-12-11 09:05:56.131 63556 INFO tempest.lib.common.rest_client [req-a7555ea8-2e8b-47f4-8e9b-c66dd270c437 req-a7555ea8-2e8b-47f4-8e9b-c66dd270c437 ] Request (FloatingIPsAssociationTestJSON:setUpClass): 200 GET http://10.180.1.21/compute/v2.1/servers/a5c37718-0067-4f5e-ba7e-533f13529739 0.246s
2025-12-11 09:05:56.143 63529 INFO tempest.lib.common.rest_client [req-777e88d3-acae-4994-b563-f4da09dfa78f req-777e88d3-acae-4994-b563-f4da09dfa78f ] Request (HypervisorAdminTestJSON:setUpClass): 201 POST http://10.180.1.21/identity/v3/users 0.064s
2025-12-11 09:05:56.149 63521 INFO tempest.lib.common.rest_client [req-9a9159d8-7433-4e1c-99b5-2ea98e7e2a76 req-9a9159d8-7433-4e1c-99b5-2ea98e7e2a76 ] Request (ListServerFiltersTestJSON:setUpClass): 200 GET http://10.180.1.21/compute/v2.1/servers/4846a37e-b175-4f23-b8c1-34a6b124513d 0.199s
2025-12-11 09:05:56.162 63529 INFO tempest.lib.common.rest_client [req-bc263e3a-631a-4b54-8e91-4a2433032e3a req-bc263e3a-631a-4b54-8e91-4a2433032e3a ] Request (HypervisorAdminTestJSON:setUpClass): 200 GET http://10.180.1.21/identity/v3/roles 0.018s
2025-12-11 09:05:56.176 63549 INFO tempest.lib.common.rest_client [req-c0b09ddb-eea1-4889-93cc-a78dbf9d223a req-c0b09ddb-eea1-4889-93cc-a78dbf9d223a ] Request (ServerMetadataNegativeTestJSON:setUpClass): 200 GET http://10.180.1.21/compute/v2.1/servers/a12ff1bf-8cfa-4d03-828d-6b34727f61bf 0.203s
2025-12-11 09:05:56.186 63529 INFO tempest.lib.common.rest_client [req-03049b44-07ed-457b-8abd-b3ff1d78473f req-03049b44-07ed-457b-8abd-b3ff1d78473f ] Request (HypervisorAdminTestJSON:setUpClass): 204 PUT http://10.180.1.21/identity/v3/projects/0e786d1b34e24a7fb3b7e41c9c0694e7/users/4e08d07f6bd74116bf5cbf90f853c5e7/roles/9bda7e81940b40c2b6479551ad574a8a 0.024s
2025-12-11 09:05:56.195 63509 INFO tempest.lib.common.rest_client [req-9722c2d5-4dc5-4656-9418-2bb5d5cc7bab req-9722c2d5-4dc5-4656-9418-2bb5d5cc7bab ] Request (ImagesNegativeTestJSON:test_create_image_from_deleted_server): 200 GET http://10.180.1.21/compute/v2.1/servers/f4d86853-25c8-4568-9b3f-8f07bcc5f068 0.151s
2025-12-11 09:05:56.233 63529 INFO tempest.lib.common.rest_client [req-92035ac2-1849-4bd6-a787-846a7e9fa808 req-92035ac2-1849-4bd6-a787-846a7e9fa808 ] Request (HypervisorAdminTestJSON:setUpClass): 200 GET http://10.180.1.21/identity/v3/roles 0.047s
2025-12-11 09:05:56.241 63559 INFO tempest.lib.common.rest_client [req-6d661819-8de7-4467-9c53-13a959a19658 req-6d661819-8de7-4467-9c53-13a959a19658 ] Request (AttachInterfacesTestJSON:test_create_list_show_delete_interfaces_by_fixed_ip): 200 GET http://10.180.1.21/compute/v2.1/servers/ff6cf180-c0fe-4b4f-9bac-08e9e3dc7c1d 0.126s
2025-12-11 09:05:56.249 63529 INFO tempest.lib.common.rest_client [req-bf067f94-5f7a-473c-a972-c1081f3331fe req-bf067f94-5f7a-473c-a972-c1081f3331fe ] Request (HypervisorAdminTestJSON:setUpClass): 204 PUT http://10.180.1.21/identity/v3/projects/0e786d1b34e24a7fb3b7e41c9c0694e7/users/4e08d07f6bd74116bf5cbf90f853c5e7/roles/9bda7e81940b40c2b6479551ad574a8a 0.016s
2025-12-11 09:05:56.250 63529 INFO tempest.lib.common.dynamic_creds [-] Dynamic test user 4e08d07f6bd74116bf5cbf90f853c5e7 is created with scope project and roles: ['admin']
2025-12-11 09:05:56.250 63529 INFO tempest.lib.common.dynamic_creds [-] Acquired dynamic creds: credentials: Credentials: {'domain_id': 'default', 'domain_name': 'Default', 'username': 'tempest-HypervisorAdminTestJSON-1692357865-project-admin', 'project_domain_id': 'default', 'project_domain_name': 'Default', 'project_id': '0e786d1b34e24a7fb3b7e41c9c0694e7', 'project_name': 'tempest-HypervisorAdminTestJSON-1692357865', 'tenant_id': '0e786d1b34e24a7fb3b7e41c9c0694e7', 'tenant_name': 'tempest-HypervisorAdminTestJSON-1692357865', 'user_domain_id': 'default', 'user_domain_name': 'Default', 'user_id': '4e08d07f6bd74116bf5cbf90f853c5e7', 'system': None}, Network: None, Subnet: None, Router: None
2025-12-11 09:05:56.250 63529 INFO tempest.lib.common.dynamic_creds [-] Created isolated network resources for: credentials: Credentials: {'domain_id': 'default', 'domain_name': 'Default', 'username': 'tempest-HypervisorAdminTestJSON-1692357865-project-admin', 'project_domain_id': 'default', 'project_domain_name': 'Default', 'project_id': '0e786d1b34e24a7fb3b7e41c9c0694e7', 'project_name': 'tempest-HypervisorAdminTestJSON-1692357865', 'tenant_id': '0e786d1b34e24a7fb3b7e41c9c0694e7', 'tenant_name': 'tempest-HypervisorAdminTestJSON-1692357865', 'user_domain_id': 'default', 'user_domain_name': 'Default', 'user_id': '4e08d07f6bd74116bf5cbf90f853c5e7', 'system': None}, Network: None, Subnet: None, Router: None
2025-12-11 09:05:56.282 63523 INFO tempest.lib.common.rest_client [req-6a575fe8-f8be-4175-b4a4-fb35b7bb59c1 req-6a575fe8-f8be-4175-b4a4-fb35b7bb59c1 ] Request (ServersAdminNegativeTestJSON:setUpClass): 200 GET http://10.180.1.21/compute/v2.1/servers/5501c192-867b-40c0-9bea-c3c44865d2f4 0.195s
2025-12-11 09:05:56.289 63515 INFO tempest.lib.common.rest_client [req-7902bae8-bbf0-4302-b163-38f5cd2b916e req-7902bae8-bbf0-4302-b163-38f5cd2b916e ] Request (ServersTestBootFromVolume:setUpClass): 200 GET http://10.180.1.21/compute/v2.1/servers/362b7115-a270-407f-a53c-506c863c8fe1 0.141s
2025-12-11 09:05:56.323 63529 INFO tempest.lib.common.rest_client [req-9e5229f0-bdef-4833-89d8-fc19416f8715 req-9e5229f0-bdef-4833-89d8-fc19416f8715 ] Request (HypervisorAdminTestJSON:setUpClass): 201 POST http://10.180.1.21/identity/v3/auth/tokens 0.071s
2025-12-11 09:05:56.330 63545 INFO tempest.lib.common.rest_client [req-56b4c4a4-bacf-435d-ba3b-28d22396b10e req-56b4c4a4-bacf-435d-ba3b-28d22396b10e ] Request (ServerExternalEventsTest:test_create_server_external_events): 200 GET http://10.180.1.21/compute/v2.1/servers/717fd312-ac1d-42b6-9f93-13b9f235bd23 0.129s
2025-12-11 09:05:56.338 63517 INFO tempest.lib.common.rest_client [req-e0834b52-f870-4a53-9913-ffa03159274d req-e0834b52-f870-4a53-9913-ffa03159274d ] Request (ServersTestJSON:setUpClass): 200 GET http://10.180.1.21/compute/v2.1/servers/4ac5c733-988f-4428-ad6f-134d9f174e45 0.091s
2025-12-11 09:05:56.407 63529 INFO tempest.lib.common.rest_client [req-ed97cfa6-591f-4539-86fe-11932361c82b req-ed97cfa6-591f-4539-86fe-11932361c82b ] Request (HypervisorAdminTestJSON:test_get_hypervisor_list): 200 GET http://10.180.1.21/compute/v2.1/os-hypervisors 0.083s
2025-12-11 09:05:56.471 63565 INFO tempest.lib.common.rest_client [req-1028ac4e-5c61-4327-9294-1501daef08e4 req-1028ac4e-5c61-4327-9294-1501daef08e4 ] Request (DeleteServersTestJSON:test_delete_active_server): 200 GET http://10.180.1.21/compute/v2.1/servers/ab9cf87a-b74f-4b2f-842d-26e16b7fdb92 0.099s
2025-12-11 09:05:56.487 63529 INFO tempest.lib.common.rest_client [req-c1e7688c-f221-4397-977f-4e377e5699c1 req-c1e7688c-f221-4397-977f-4e377e5699c1 ] Request (HypervisorAdminTestJSON:test_get_hypervisor_list_details): 200 GET http://10.180.1.21/compute/v2.1/os-hypervisors/detail 0.077s
2025-12-11 09:05:56.511 63529 INFO tempest.lib.common.rest_client [req-d6d9765b-efd4-43f4-bcfe-02b0c2a18be0 req-d6d9765b-efd4-43f4-bcfe-02b0c2a18be0 ] Request (HypervisorAdminTestJSON:test_get_hypervisor_show_details): 200 GET http://10.180.1.21/compute/v2.1/os-hypervisors 0.019s
2025-12-11 09:05:56.549 63551 INFO tempest.lib.common.rest_client [req-31147157-241c-4e70-b274-542afea6e2d9 req-31147157-241c-4e70-b274-542afea6e2d9 ] Request (ImagesOneServerNegativeTestJSON:setUpClass): 200 GET http://10.180.1.21/compute/v2.1/servers/11a32984-5548-4db4-8788-9b221ba381df 0.155s
2025-12-11 09:05:56.565 63529 INFO tempest.lib.common.rest_client [req-3c1f1708-22cc-4ff0-95e4-13dc294d3157 req-3c1f1708-22cc-4ff0-95e4-13dc294d3157 ] Request (HypervisorAdminTestJSON:test_get_hypervisor_show_details): 200 GET http://10.180.1.21/compute/v2.1/os-hypervisors/1 0.053s
2025-12-11 09:05:56.584 63529 INFO tempest.lib.common.rest_client [req-60f43ac7-4bf7-4e04-b753-282053a4a8e4 req-60f43ac7-4bf7-4e04-b753-282053a4a8e4 ] Request (HypervisorAdminTestJSON:test_get_hypervisor_stats): 200 GET http://10.180.1.21/compute/v2.1/os-hypervisors/statistics 0.014s
2025-12-11 09:05:56.608 63511 INFO tempest.lib.common.rest_client [req-d8e9351f-6fc5-47ae-b167-7b859d00c3b4 req-d8e9351f-6fc5-47ae-b167-7b859d00c3b4 ] Request (MigrationsAdminTest:test_list_migrations_in_flavor_resize_situation): 200 GET http://10.180.1.21/compute/v2.1/servers/89da94ce-40ad-40e0-a4b9-15fd15d0ab9b 0.109s
2025-12-11 09:05:56.639 63535 INFO tempest.lib.common.rest_client [req-dd9bd8f7-4be6-484d-83cb-624a3fcd6397 req-dd9bd8f7-4be6-484d-83cb-624a3fcd6397 ] Request (InstanceActionsTestJSON:setUpClass): 200 GET http://10.180.1.21/compute/v2.1/servers/77493b32-817c-4be8-a42d-8d48e707d41f 0.070s
2025-12-11 09:05:56.666 63505 INFO tempest.lib.common.rest_client [req-6cdbcdcb-7d02-414a-a3b8-ee5a359438aa req-6cdbcdcb-7d02-414a-a3b8-ee5a359438aa ] Request (AttachInterfacesV270Test:test_create_get_list_interfaces): 200 GET http://10.180.1.21/compute/v2.1/servers/3af8fe9a-643b-4650-a036-6f1b9c3c8d03 0.094s
2025-12-11 09:05:56.687 63529 INFO tempest.lib.common.rest_client [req-f69083b1-39ab-4924-8e8b-73a996ac68f9 req-f69083b1-39ab-4924-8e8b-73a996ac68f9 ] Request (HypervisorAdminTestJSON:tearDownClass): 204 DELETE http://10.180.1.21/identity/v3/users/d55ab99072ef445fa56cee9936fb6785 0.099s
2025-12-11 09:05:56.692 63531 INFO tempest.lib.common.rest_client [req-20ba82b3-c5ca-4aca-bf25-8c15df0c7087 req-20ba82b3-c5ca-4aca-bf25-8c15df0c7087 ] Request (ListServersNegativeTestJSON:setUpClass): 200 GET http://10.180.1.21/compute/v2.1/servers/164c1d04-3481-4aee-ba56-c80c8ed36e6a 0.070s
2025-12-11 09:05:56.715 63557 INFO tempest.lib.common.rest_client [req-6b4f13b9-bf71-4e26-ba7e-a2ca85becba8 req-6b4f13b9-bf71-4e26-ba7e-a2ca85becba8 ] Request (ServersWithSpecificFlavorTestJSON:test_verify_created_server_ephemeral_disk): 200 GET http://10.180.1.21/compute/v2.1/servers/8dd5ad91-d09a-41dd-a8d0-fd22e96fc279 0.090s
2025-12-11 09:05:56.740 63519 INFO tempest.lib.common.rest_client [req-3c29da03-5ac2-4245-b097-3c389b6fd2a5 req-3c29da03-5ac2-4245-b097-3c389b6fd2a5 ] Request (ServerActionsTestJSON:setUpClass): 200 GET http://10.180.1.21/compute/v2.1/servers/a4e56801-a8b8-448f-9b1a-d228ceeaaa46 0.069s
2025-12-11 09:05:56.763 63543 INFO tempest.lib.common.rest_client [req-db3b5d7d-948b-4f79-91f7-68b4f48a4885 req-db3b5d7d-948b-4f79-91f7-68b4f48a4885 ] Request (TenantUsagesTestJSON:setUpClass): 200 GET http://10.180.1.21/compute/v2.1/servers/7d000257-5fc1-43fa-9fc5-a07519a6feea 0.089s
2025-12-11 09:05:56.774 63529 INFO tempest.lib.common.rest_client [req-1d7c8a9d-23a7-498d-bdd2-36f80fd1b5d7 req-1d7c8a9d-23a7-498d-bdd2-36f80fd1b5d7 ] Request (HypervisorAdminTestJSON:tearDownClass): 204 DELETE http://10.180.1.21/identity/v3/users/4e08d07f6bd74116bf5cbf90f853c5e7 0.087s
2025-12-11 09:05:56.775 63529 INFO tempest.lib.common.dynamic_creds [-] Deleting project and security group for project: 0e786d1b34e24a7fb3b7e41c9c0694e7
2025-12-11 09:05:56.790 63541 INFO tempest.lib.common.rest_client [req-32073939-864c-4d31-bda6-69fb1480aaff req-32073939-864c-4d31-bda6-69fb1480aaff ] Request (InstanceActionsNegativeTestJSON:setUpClass): 200 GET http://10.180.1.21/compute/v2.1/servers/f889087d-5f22-4de6-8dff-819d2afb7240 0.070s
2025-12-11 09:05:56.837 63529 INFO tempest.lib.common.rest_client [req-36bbfd08-1fae-43dd-937b-16ef4e4d924f req-36bbfd08-1fae-43dd-937b-16ef4e4d924f ] Request (HypervisorAdminTestJSON:tearDownClass): 201 POST http://10.180.1.21/identity/v3/auth/tokens 0.062s
2025-12-11 09:05:56.874 63513 INFO tempest.lib.common.rest_client [req-1fb74d54-de80-42f5-a351-d0a2d2893e4e req-1fb74d54-de80-42f5-a351-d0a2d2893e4e ] Request (ServerDiagnosticsNegativeTest:test_get_server_diagnostics_by_non_admin): 200 GET http://10.180.1.21/compute/v2.1/servers/02ed8dca-f6ae-47b0-a047-f89f858f5ff2 0.101s
2025-12-11 09:05:56.924 63539 INFO tempest.lib.common.rest_client [req-92248d05-c0db-4f32-aae8-d8c8ef13fd6f req-92248d05-c0db-4f32-aae8-d8c8ef13fd6f ] Request (ServerDiagnosticsTest:test_get_server_diagnostics): 200 GET http://10.180.1.21/compute/v2.1/servers/f1dddee3-33d6-4f55-bd91-9ce2fe6be72b 0.107s
2025-12-11 09:05:56.925 63525 INFO tempest.lib.common.rest_client [req-7be952bf-ff1f-46ed-9292-2a77bc4976ed req-7be952bf-ff1f-46ed-9292-2a77bc4976ed ] Request (ServerShowV247Test:test_update_rebuild_list_server): 200 GET http://10.180.1.21/compute/v2.1/servers/11838596-1730-4c23-bbf2-3159d3c6d72d 0.094s
2025-12-11 09:05:56.980 63533 INFO tempest.lib.common.rest_client [req-19772314-a9f7-401e-aed7-addf23c9b43d req-19772314-a9f7-401e-aed7-addf23c9b43d ] Request (ListImageFiltersTestJSON:setUpClass): 200 GET http://10.180.1.21/compute/v2.1/servers/8728833b-c3ac-49b2-9a33-ecfae9597e9e 0.115s
2025-12-11 09:05:57.017 63529 INFO tempest.lib.common.rest_client [req-8c0fb63e-f2f6-4274-aec2-0beaf377485f req-8c0fb63e-f2f6-4274-aec2-0beaf377485f ] Request (HypervisorAdminTestJSON:tearDownClass): 200 GET http://10.180.1.21:9696/networking/v2.0/security-groups?tenant_id=0e786d1b34e24a7fb3b7e41c9c0694e7&name=default 0.180s
2025-12-11 09:05:57.061 63507 INFO tempest.lib.common.rest_client [req-8038cee6-4b4c-4374-b527-6a1c6730bd9c req-8038cee6-4b4c-4374-b527-6a1c6730bd9c ] Request (DeleteServersAdminTestJSON:test_admin_delete_servers_of_others): 200 GET http://10.180.1.21/compute/v2.1/servers/4afbddcb-d9ac-412e-93d9-52b2de6fbdb5 0.133s
2025-12-11 09:05:57.124 63547 INFO tempest.lib.common.rest_client [req-cf482115-9589-4db2-932a-b32743946c9c req-cf482115-9589-4db2-932a-b32743946c9c ] Request (VolumesAssistedSnapshotsTest:test_volume_assisted_snapshot_create_delete): 200 GET http://10.180.1.21/compute/v2.1/servers/6699f6e7-203d-4d8a-bc9e-8c8d5427db36 0.148s
2025-12-11 09:05:57.142 63529 INFO tempest.lib.common.rest_client [req-d4f27504-61d9-4d58-b6d2-1fa4c309b5b1 req-d4f27504-61d9-4d58-b6d2-1fa4c309b5b1 ] Request (HypervisorAdminTestJSON:tearDownClass): 204 DELETE http://10.180.1.21:9696/networking/v2.0/security-groups/ada014bb-940a-4efe-87f6-89b02d2de070 0.125s
2025-12-11 09:05:57.160 63537 INFO tempest.lib.common.rest_client [req-3f6ed8e5-bc1d-49b3-a607-d65c6347cb3f req-3f6ed8e5-bc1d-49b3-a607-d65c6347cb3f ] Request (FloatingIPsAssociationNegativeTestJSON:setUpClass): 200 GET http://10.180.1.21/compute/v2.1/servers/94d19d7f-8eb7-4c93-aff4-3b1404338240 0.195s
2025-12-11 09:05:57.179 63561 INFO tempest.lib.common.rest_client [req-fdcce8e3-f75f-493c-bff0-82cf92592748 req-fdcce8e3-f75f-493c-bff0-82cf92592748 ] Request (ServerDiagnosticsV248Test:test_get_server_diagnostics): 200 GET http://10.180.1.21/compute/v2.1/servers/0952267f-c258-4575-be86-b2bc48e9863b 0.138s
2025-12-11 09:05:57.215 63529 INFO tempest.lib.common.rest_client [req-4fcddfcb-b97a-4716-86fa-4085ea57590e req-4fcddfcb-b97a-4716-86fa-4085ea57590e ] Request (HypervisorAdminTestJSON:tearDownClass): 204 DELETE http://10.180.1.21/identity/v3/projects/0e786d1b34e24a7fb3b7e41c9c0694e7 0.073s
2025-12-11 09:05:57.216 63529 INFO tempest.lib.common.dynamic_creds [-] Deleting project and security group for project: 98eecd71cbc344ddb2e804756f6d0c2c
2025-12-11 09:05:57.219 63563 INFO tempest.lib.common.rest_client [req-6850990f-3748-44f2-b1e6-a4e79c7023ed req-6850990f-3748-44f2-b1e6-a4e79c7023ed ] Request (VolumesAdminNegativeTest:test_update_attached_volume_with_nonexistent_volume_in_uri): 200 GET http://10.180.1.21/compute/v2.1/servers/c936b733-7faa-4e73-99c5-2ac11d5421ff 0.114s
2025-12-11 09:05:57.266 63521 INFO tempest.lib.common.rest_client [req-f492504d-a43f-49df-9588-e2588bca8ed0 req-f492504d-a43f-49df-9588-e2588bca8ed0 ] Request (ListServerFiltersTestJSON:setUpClass): 200 GET http://10.180.1.21/compute/v2.1/servers/4846a37e-b175-4f23-b8c1-34a6b124513d 0.108s
2025-12-11 09:05:57.311 63549 INFO tempest.lib.common.rest_client [req-84b51226-5db0-4747-bd40-a91f82190107 req-84b51226-5db0-4747-bd40-a91f82190107 ] Request (ServerMetadataNegativeTestJSON:setUpClass): 200 GET http://10.180.1.21/compute/v2.1/servers/a12ff1bf-8cfa-4d03-828d-6b34727f61bf 0.127s
2025-12-11 09:05:57.318 63556 INFO tempest.lib.common.rest_client [req-31753ff4-3d0e-4275-b82f-ae5fe45d1c28 req-31753ff4-3d0e-4275-b82f-ae5fe45d1c28 ] Request (FloatingIPsAssociationTestJSON:setUpClass): 200 GET http://10.180.1.21/compute/v2.1/servers/a5c37718-0067-4f5e-ba7e-533f13529739 0.180s
2025-12-11 09:05:57.348 63529 INFO tempest.lib.common.rest_client [req-f218ae5c-29b2-4d06-b835-b1e193271542 req-f218ae5c-29b2-4d06-b835-b1e193271542 ] Request (HypervisorAdminTestJSON:tearDownClass): 200 GET http://10.180.1.21:9696/networking/v2.0/security-groups?tenant_id=98eecd71cbc344ddb2e804756f6d0c2c&name=default 0.132s
2025-12-11 09:05:57.361 63509 INFO tempest.lib.common.rest_client [req-dacd8708-1a78-4258-9a41-4c3f1c5b465e req-dacd8708-1a78-4258-9a41-4c3f1c5b465e ] Request (ImagesNegativeTestJSON:test_create_image_from_deleted_server): 200 GET http://10.180.1.21/compute/v2.1/servers/f4d86853-25c8-4568-9b3f-8f07bcc5f068 0.158s
2025-12-11 09:05:57.378 63559 INFO tempest.lib.common.rest_client [req-f73367fe-727f-403f-a7f3-1e3aa789834b req-f73367fe-727f-403f-a7f3-1e3aa789834b ] Request (AttachInterfacesTestJSON:test_create_list_show_delete_interfaces_by_fixed_ip): 200 GET http://10.180.1.21/compute/v2.1/servers/ff6cf180-c0fe-4b4f-9bac-08e9e3dc7c1d 0.130s
2025-12-11 09:05:57.424 63515 INFO tempest.lib.common.rest_client [req-33d71ea9-8d93-4ab8-a501-ba53be9ab150 req-33d71ea9-8d93-4ab8-a501-ba53be9ab150 ] Request (ServersTestBootFromVolume:setUpClass): 200 GET http://10.180.1.21/compute/v2.1/servers/362b7115-a270-407f-a53c-506c863c8fe1 0.127s
2025-12-11 09:05:57.446 63529 INFO tempest.lib.common.rest_client [req-ea6633fd-3c21-4167-a418-d1912b3ca5f7 req-ea6633fd-3c21-4167-a418-d1912b3ca5f7 ] Request (HypervisorAdminTestJSON:tearDownClass): 204 DELETE http://10.180.1.21:9696/networking/v2.0/security-groups/5eb32d75-a240-41e3-a714-f77b2362b55b 0.097s
2025-12-11 09:05:57.471 63545 INFO tempest.lib.common.rest_client [req-bc4dd7ff-62ba-4af9-b41c-1428cf6b487c req-bc4dd7ff-62ba-4af9-b41c-1428cf6b487c ] Request (ServerExternalEventsTest:test_create_server_external_events): 200 GET http://10.180.1.21/compute/v2.1/servers/717fd312-ac1d-42b6-9f93-13b9f235bd23 0.134s
2025-12-11 09:05:57.488 63523 INFO tempest.lib.common.rest_client [req-55f40566-92b1-4399-a025-cf41631ff078 req-55f40566-92b1-4399-a025-cf41631ff078 ] Request (ServersAdminNegativeTestJSON:setUpClass): 200 GET http://10.180.1.21/compute/v2.1/servers/5501c192-867b-40c0-9bea-c3c44865d2f4 0.199s
2025-12-11 09:05:57.517 63517 INFO tempest.lib.common.rest_client [req-a1e67710-4b65-465e-83d8-141189c7c486 req-a1e67710-4b65-465e-83d8-141189c7c486 ] Request (ServersTestJSON:setUpClass): 200 GET http://10.180.1.21/compute/v2.1/servers/4ac5c733-988f-4428-ad6f-134d9f174e45 0.172s
2025-12-11 09:05:57.540 63529 INFO tempest.lib.common.rest_client [req-02aa432d-f262-40dd-a57f-5795bd1dc4a7 req-02aa432d-f262-40dd-a57f-5795bd1dc4a7 ] Request (HypervisorAdminTestJSON:tearDownClass): 204 DELETE http://10.180.1.21/identity/v3/projects/98eecd71cbc344ddb2e804756f6d0c2c 0.094s
2025-12-11 09:05:57.583 63565 INFO tempest.lib.common.rest_client [req-165dc314-e174-431a-b741-c3ee033b524b req-165dc314-e174-431a-b741-c3ee033b524b ] Request (DeleteServersTestJSON:test_delete_active_server): 200 GET http://10.180.1.21/compute/v2.1/servers/ab9cf87a-b74f-4b2f-842d-26e16b7fdb92 0.103s
2025-12-11 09:05:57.602 63529 INFO tempest.lib.common.rest_client [req-9806a3ec-2a74-4c6a-961c-f4f66f7aa26f req-9806a3ec-2a74-4c6a-961c-f4f66f7aa26f ] Request (MultipleCreateTestJSON:setUpClass): 201 POST http://10.180.1.21/identity/v3/auth/tokens 0.059s
2025-12-11 09:05:57.634 63529 INFO tempest.lib.common.rest_client [req-58100299-c7cf-4e33-abbf-e673e7322fdd req-58100299-c7cf-4e33-abbf-e673e7322fdd ] Request (MultipleCreateTestJSON:setUpClass): 201 POST http://10.180.1.21/identity/v3/auth/tokens 0.029s
