2025-12-11 09:06:35.535 63543 INFO tempest.lib.common.rest_client [req-bd8f4ae9-b009-442b-8bb6-6d0c84897803 req-bd8f4ae9-b009-442b-8bb6-6d0c84897803 ] Request (TenantUsagesTestJSON:setUpClass): 200 GET http://10.180.1.21/compute/v2.1/servers/7d000257-5fc1-43fa-9fc5-a07519a6feea 0.433s
2025-12-11 09:06:35.626 63507 INFO tempest.lib.common.rest_client [req-f4b8b81b-d738-4e04-a13d-59d3c457653c req-f4b8b81b-d738-4e04-a13d-59d3c457653c ] Request (DeleteServersAdminTestJSON:test_admin_delete_servers_of_others): 200 GET http://10.180.1.21/compute/v2.1/servers/4afbddcb-d9ac-412e-93d9-52b2de6fbdb5 0.416s
2025-12-11 09:06:35.670 63531 INFO tempest.lib.common.rest_client [req-6b623483-c61e-44c1-a52f-d4d0d40dd0ab req-6b623483-c61e-44c1-a52f-d4d0d40dd0ab ] Request (ListServersNegativeTestJSON:setUpClass): 200 GET http://10.180.1.21/compute/v2.1/servers/164c1d04-3481-4aee-ba56-c80c8ed36e6a 0.446s
2025-12-11 09:06:35.714 63557 INFO tempest.lib.common.rest_client [req-8d32d30f-422f-480e-b576-1ae1cfbc0048 req-8d32d30f-422f-480e-b576-1ae1cfbc0048 ] Request (ServersWithSpecificFlavorTestJSON:test_verify_created_server_ephemeral_disk): 200 GET http://10.180.1.21/compute/v2.1/servers/8dd5ad91-d09a-41dd-a8d0-fd22e96fc279 0.439s
2025-12-11 09:06:35.812 63513 INFO tempest.lib.common.rest_client [req-3936fd05-b309-470f-a32f-40c98a3fd1b7 req-3936fd05-b309-470f-a32f-40c98a3fd1b7 ] Request (ServerDiagnosticsNegativeTest:test_get_server_diagnostics_by_non_admin): 200 GET http://10.180.1.21/compute/v2.1/servers/02ed8dca-f6ae-47b0-a047-f89f858f5ff2 0.507s
2025-12-11 09:06:35.842 63561 INFO tempest.lib.common.rest_client [req-2cae471a-525d-48a1-a8c1-3645bf6b22ea req-2cae471a-525d-48a1-a8c1-3645bf6b22ea ] Request (FloatingIPsTestJSON:test_delete_floating_ip): 202 DELETE http://10.180.1.21/compute/v2.1/os-floating-ips/8da276a1-d258-4533-bd4b-dd116ef4d957 0.774s
2025-12-11 09:06:35.866 63541 INFO tempest.lib.common.rest_client [req-8bd1cdf5-22ec-4416-aeb8-a1230ac5d196 req-8bd1cdf5-22ec-4416-aeb8-a1230ac5d196 ] Request (InstanceActionsNegativeTestJSON:setUpClass): 200 GET http://10.180.1.21/compute/v2.1/servers/f889087d-5f22-4de6-8dff-819d2afb7240 0.548s
2025-12-11 09:06:35.894 63505 INFO tempest.lib.common.rest_client [req-8fc0d079-e96e-4b04-9484-f6f91def0e96 req-8fc0d079-e96e-4b04-9484-f6f91def0e96 ] Request (AttachInterfacesV270Test:test_create_get_list_interfaces): 200 GET http://10.180.1.21/compute/v2.1/servers/3af8fe9a-643b-4650-a036-6f1b9c3c8d03 0.540s
2025-12-11 09:06:35.913 63533 INFO tempest.lib.common.rest_client [req-8a0a36d0-08cc-4a87-a0d7-a326d32958f1 req-8a0a36d0-08cc-4a87-a0d7-a326d32958f1 ] Request (ListImageFiltersTestJSON:setUpClass): 200 GET http://10.180.1.21/compute/v2.1/servers/8728833b-c3ac-49b2-9a33-ecfae9597e9e 0.550s
2025-12-11 09:06:35.940 63547 INFO tempest.lib.common.rest_client [req-3250550c-ce06-471e-a7d9-e8154bd9f45c req-3250550c-ce06-471e-a7d9-e8154bd9f45c ] Request (VolumesAssistedSnapshotsTest:test_volume_assisted_snapshot_create_delete): 200 GET http://10.180.1.21/compute/v2.1/servers/6699f6e7-203d-4d8a-bc9e-8c8d5427db36 0.532s
2025-12-11 09:06:35.963 63525 INFO tempest.lib.common.rest_client [req-27802529-65ef-440b-9202-7d8216252f6a req-27802529-65ef-440b-9202-7d8216252f6a ] Request (ServerShowV247Test:test_update_rebuild_list_server): 200 GET http://10.180.1.21/compute/v2.1/servers/11838596-1730-4c23-bbf2-3159d3c6d72d 0.387s
2025-12-11 09:06:36.082 63537 INFO tempest.lib.common.rest_client [req-c6f7997c-29e5-4ee7-90e4-fd7d6f110e52 req-c6f7997c-29e5-4ee7-90e4-fd7d6f110e52 ] Request (FloatingIPsAssociationNegativeTestJSON:setUpClass): 200 GET http://10.180.1.21/compute/v2.1/servers/94d19d7f-8eb7-4c93-aff4-3b1404338240 0.274s
2025-12-11 09:06:36.115 63535 INFO tempest.lib.common.rest_client [req-bcfbf5dd-0cda-4977-bb09-d851fa6d7e21 req-bcfbf5dd-0cda-4977-bb09-d851fa6d7e21 ] Request (InstanceActionsTestJSON:setUpClass): 200 GET http://10.180.1.21/compute/v2.1/servers/77493b32-817c-4be8-a42d-8d48e707d41f 0.445s
2025-12-11 09:06:36.133 63561 INFO tempest.lib.common.rest_client [req-eba8b54f-4a0d-4b98-8578-67cc5271de84 req-eba8b54f-4a0d-4b98-8578-67cc5271de84 ] Request (FloatingIPsTestJSON:test_delete_floating_ip): 404 GET http://10.180.1.21/compute/v2.1/os-floating-ips/8da276a1-d258-4533-bd4b-dd116ef4d957 0.291s
2025-12-11 09:06:36.177 63529 INFO tempest.lib.common.rest_client [req-ea0412fa-7580-44b2-910c-e45be80fefa7 req-ea0412fa-7580-44b2-910c-e45be80fefa7 ] Request (MultipleCreateTestJSON:test_multiple_create): 200 GET http://10.180.1.21/compute/v2.1/servers/451c95b6-a407-4911-bc40-83f2e2e7a75f 0.322s
2025-12-11 09:06:36.248 63551 INFO tempest.lib.common.rest_client [req-a79f5d14-bb9e-433f-ba8e-fe19e8ad9d8f req-a79f5d14-bb9e-433f-ba8e-fe19e8ad9d8f ] Request (ImagesOneServerNegativeTestJSON:setUpClass): 200 GET http://10.180.1.21/compute/v2.1/servers/11a32984-5548-4db4-8788-9b221ba381df 0.261s
2025-12-11 09:06:36.293 63563 INFO tempest.lib.common.rest_client [req-d1826efe-db94-4d63-b311-443713ac5c3d req-d1826efe-db94-4d63-b311-443713ac5c3d ] Request (VolumesAdminNegativeTest:test_update_attached_volume_with_nonexistent_volume_in_uri): 200 GET http://10.180.1.21/compute/v2.1/servers/c936b733-7faa-4e73-99c5-2ac11d5421ff 0.166s
2025-12-11 09:06:36.318 63561 INFO tempest.lib.common.rest_client [req-ef5d5bc1-5136-4a28-85e4-89f94b65800a req-ef5d5bc1-5136-4a28-85e4-89f94b65800a ] Request (FloatingIPsTestJSON:_run_cleanups): 404 DELETE http://10.180.1.21/compute/v2.1/os-floating-ips/8da276a1-d258-4533-bd4b-dd116ef4d957 0.184s
2025-12-11 09:06:36.318 63556 INFO tempest.lib.common.rest_client [req-56c13cfd-8fb8-4a2e-a2b8-94be22efee42 req-56c13cfd-8fb8-4a2e-a2b8-94be22efee42 ] Request (FloatingIPsAssociationTestJSON:setUpClass): 200 GET http://10.180.1.21/compute/v2.1/servers/a5c37718-0067-4f5e-ba7e-533f13529739 0.230s
2025-12-11 09:06:36.362 63521 INFO tempest.lib.common.rest_client [req-b5720c0d-098f-4b70-b08e-2771490791e6 req-b5720c0d-098f-4b70-b08e-2771490791e6 ] Request (ListServerFiltersTestJSON:setUpClass): 200 GET http://10.180.1.21/compute/v2.1/servers/4846a37e-b175-4f23-b8c1-34a6b124513d 0.183s
2025-12-11 09:06:36.368 63549 INFO tempest.lib.common.rest_client [req-1ce25e1b-15be-42bf-ad72-61dec99b98f9 req-1ce25e1b-15be-42bf-ad72-61dec99b98f9 ] Request (ServerMetadataNegativeTestJSON:setUpClass): 200 GET http://10.180.1.21/compute/v2.1/servers/a12ff1bf-8cfa-4d03-828d-6b34727f61bf 0.232s
2025-12-11 09:06:36.455 63511 INFO tempest.lib.common.rest_client [req-4a69449a-e5ed-4a95-b2f3-5fdae280a3a5 req-4a69449a-e5ed-4a95-b2f3-5fdae280a3a5 ] Request (MigrationsAdminTest:test_list_migrations_in_flavor_resize_situation): 200 GET http://10.180.1.21/compute/v2.1/servers/89da94ce-40ad-40e0-a4b9-15fd15d0ab9b 0.226s
2025-12-11 09:06:36.499 63559 INFO tempest.lib.common.rest_client [req-cf07acad-45d6-4fde-bb5d-a77ecb9a9ff6 req-cf07acad-45d6-4fde-bb5d-a77ecb9a9ff6 ] Request (AttachInterfacesTestJSON:test_create_list_show_delete_interfaces_by_fixed_ip): 200 GET http://10.180.1.21/compute/v2.1/servers/ff6cf180-c0fe-4b4f-9bac-08e9e3dc7c1d 0.226s
2025-12-11 09:06:36.543 63515 INFO tempest.lib.common.rest_client [req-74846bd3-2e84-4f56-9f50-e1efd894e712 req-74846bd3-2e84-4f56-9f50-e1efd894e712 ] Request (ServersTestBootFromVolume:setUpClass): 200 GET http://10.180.1.21/compute/v2.1/servers/362b7115-a270-407f-a53c-506c863c8fe1 0.228s
2025-12-11 09:06:36.567 63565 INFO tempest.lib.common.rest_client [req-98524264-5d9f-46c5-ba01-1f318ff77d8d req-98524264-5d9f-46c5-ba01-1f318ff77d8d ] Request (DeleteServersTestJSON:test_delete_active_server): 200 GET http://10.180.1.21/compute/v2.1/servers/ab9cf87a-b74f-4b2f-842d-26e16b7fdb92 0.297s
2025-12-11 09:06:36.586 63509 INFO tempest.lib.common.rest_client [req-c8724653-d395-42c6-9cc4-4dc1045839e4 req-c8724653-d395-42c6-9cc4-4dc1045839e4 ] Request (ImagesNegativeTestJSON:test_create_image_from_deleted_server): 200 GET http://10.180.1.21/compute/v2.1/servers/f4d86853-25c8-4568-9b3f-8f07bcc5f068 0.226s
2025-12-11 09:06:36.635 63545 INFO tempest.lib.common.rest_client [req-13818a4c-9c98-421d-bd34-492c681fdf78 req-13818a4c-9c98-421d-bd34-492c681fdf78 ] Request (ServerExternalEventsTest:test_create_server_external_events): 200 GET http://10.180.1.21/compute/v2.1/servers/717fd312-ac1d-42b6-9f93-13b9f235bd23 0.230s
2025-12-11 09:06:36.679 63517 INFO tempest.lib.common.rest_client [req-d0131b39-c385-4ae8-8adb-ccb47be4f8b6 req-d0131b39-c385-4ae8-8adb-ccb47be4f8b6 ] Request (ServersTestJSON:setUpClass): 200 GET http://10.180.1.21/compute/v2.1/servers/4ac5c733-988f-4428-ad6f-134d9f174e45 0.271s
2025-12-11 09:06:36.724 63519 INFO tempest.lib.common.rest_client [req-873f7cf1-aeee-4923-9f90-d8139fd9f50a req-873f7cf1-aeee-4923-9f90-d8139fd9f50a ] Request (ServerActionsTestJSON:setUpClass): 200 GET http://10.180.1.21/compute/v2.1/servers/a4e56801-a8b8-448f-9b1a-d228ceeaaa46 0.268s
2025-12-11 09:06:36.731 63523 INFO tempest.lib.common.rest_client [req-a08029d6-3507-4705-8cb6-ea9ace6eba3a req-a08029d6-3507-4705-8cb6-ea9ace6eba3a ] Request (ServersAdminNegativeTestJSON:setUpClass): 200 GET http://10.180.1.21/compute/v2.1/servers/5501c192-867b-40c0-9bea-c3c44865d2f4 0.369s
2025-12-11 09:06:36.784 63543 INFO tempest.lib.common.rest_client [req-e9deadca-c99a-4bbc-b623-fc21e975d93d req-e9deadca-c99a-4bbc-b623-fc21e975d93d ] Request (TenantUsagesTestJSON:setUpClass): 200 GET http://10.180.1.21/compute/v2.1/servers/7d000257-5fc1-43fa-9fc5-a07519a6feea 0.242s
2025-12-11 09:06:36.868 63539 INFO tempest.lib.common.rest_client [req-257dcffe-6376-4d89-b1be-18a31cd78877 req-257dcffe-6376-4d89-b1be-18a31cd78877 ] Request (ServerDiagnosticsTest:test_get_server_diagnostics): 200 GET http://10.180.1.21/compute/v2.1/servers/f1dddee3-33d6-4f55-bd91-9ce2fe6be72b 0.370s
2025-12-11 09:06:36.913 63531 INFO tempest.lib.common.rest_client [req-a906ad43-bc89-493c-b52b-8480967f7e7c req-a906ad43-bc89-493c-b52b-8480967f7e7c ] Request (ListServersNegativeTestJSON:setUpClass): 200 GET http://10.180.1.21/compute/v2.1/servers/164c1d04-3481-4aee-ba56-c80c8ed36e6a 0.236s
2025-12-11 09:06:36.913 63507 INFO tempest.lib.common.rest_client [req-2f897a44-4f07-46d1-8a11-dd3d9d290e32 req-2f897a44-4f07-46d1-8a11-dd3d9d290e32 ] Request (DeleteServersAdminTestJSON:test_admin_delete_servers_of_others): 200 GET http://10.180.1.21/compute/v2.1/servers/4afbddcb-d9ac-412e-93d9-52b2de6fbdb5 0.280s
2025-12-11 09:06:36.958 63557 INFO tempest.lib.common.rest_client [req-bb5a3a56-c8c3-40d5-8d62-d0d6ddec110e req-bb5a3a56-c8c3-40d5-8d62-d0d6ddec110e ] Request (ServersWithSpecificFlavorTestJSON:test_verify_created_server_ephemeral_disk): 200 GET http://10.180.1.21/compute/v2.1/servers/8dd5ad91-d09a-41dd-a8d0-fd22e96fc279 0.237s
2025-12-11 09:06:37.006 63541 INFO tempest.lib.common.rest_client [req-8a7d8dc5-fcf9-4db9-91fe-7b5266025d22 req-8a7d8dc5-fcf9-4db9-91fe-7b5266025d22 ] Request (InstanceActionsNegativeTestJSON:setUpClass): 200 GET http://10.180.1.21/compute/v2.1/servers/f889087d-5f22-4de6-8dff-819d2afb7240 0.132s
2025-12-11 09:06:37.035 63513 INFO tempest.lib.common.rest_client [req-f06da7b0-c71f-44bb-9b14-9f9b72e4b34a req-f06da7b0-c71f-44bb-9b14-9f9b72e4b34a ] Request (ServerDiagnosticsNegativeTest:test_get_server_diagnostics_by_non_admin): 200 GET http://10.180.1.21/compute/v2.1/servers/02ed8dca-f6ae-47b0-a047-f89f858f5ff2 0.215s
2025-12-11 09:06:37.069 63505 INFO tempest.lib.common.rest_client [req-dbb09dc6-6ace-4825-92f1-88db0a82d89c req-dbb09dc6-6ace-4825-92f1-88db0a82d89c ] Request (AttachInterfacesV270Test:test_create_get_list_interfaces): 200 GET http://10.180.1.21/compute/v2.1/servers/3af8fe9a-643b-4650-a036-6f1b9c3c8d03 0.166s
2025-12-11 09:06:37.087 63533 INFO tempest.lib.common.rest_client [req-663c0ec9-b35e-498f-a0cf-a6931b1ee405 req-663c0ec9-b35e-498f-a0cf-a6931b1ee405 ] Request (ListImageFiltersTestJSON:setUpClass): 200 GET http://10.180.1.21/compute/v2.1/servers/8728833b-c3ac-49b2-9a33-ecfae9597e9e 0.168s
2025-12-11 09:06:37.125 63547 INFO tempest.lib.common.rest_client [req-90403e67-ee5a-46d9-b774-d12f9663b00b req-90403e67-ee5a-46d9-b774-d12f9663b00b ] Request (VolumesAssistedSnapshotsTest:test_volume_assisted_snapshot_create_delete): 200 GET http://10.180.1.21/compute/v2.1/servers/6699f6e7-203d-4d8a-bc9e-8c8d5427db36 0.179s
2025-12-11 09:06:37.144 63525 INFO tempest.lib.common.rest_client [req-759c249f-9bc5-49df-8627-0a726aff2741 req-759c249f-9bc5-49df-8627-0a726aff2741 ] Request (ServerShowV247Test:test_update_rebuild_list_server): 200 GET http://10.180.1.21/compute/v2.1/servers/11838596-1730-4c23-bbf2-3159d3c6d72d 0.172s
2025-12-11 09:06:37.234 63537 INFO tempest.lib.common.rest_client [req-d76c8d8d-3a47-4641-a757-261e6d5acc69 req-d76c8d8d-3a47-4641-a757-261e6d5acc69 ] Request (FloatingIPsAssociationNegativeTestJSON:setUpClass): 200 GET http://10.180.1.21/compute/v2.1/servers/94d19d7f-8eb7-4c93-aff4-3b1404338240 0.145s
2025-12-11 09:06:37.289 63529 INFO tempest.lib.common.rest_client [req-8a48ae19-59d4-4f2d-bc0c-c96739eecf25 req-8a48ae19-59d4-4f2d-bc0c-c96739eecf25 ] Request (MultipleCreateTestJSON:test_multiple_create): 200 GET http://10.180.1.21/compute/v2.1/servers/451c95b6-a407-4911-bc40-83f2e2e7a75f 0.105s
2025-12-11 09:06:37.384 63551 INFO tempest.lib.common.rest_client [req-4621f608-8116-4a5d-9b26-a5c862b03fab req-4621f608-8116-4a5d-9b26-a5c862b03fab ] Request (ImagesOneServerNegativeTestJSON:setUpClass): 200 GET http://10.180.1.21/compute/v2.1/servers/11a32984-5548-4db4-8788-9b221ba381df 0.130s
2025-12-11 09:06:37.432 63563 INFO tempest.lib.common.rest_client [req-2a025fea-4d58-494d-b484-04b85be00847 req-2a025fea-4d58-494d-b484-04b85be00847 ] Request (VolumesAdminNegativeTest:test_update_attached_volume_with_nonexistent_volume_in_uri): 200 GET http://10.180.1.21/compute/v2.1/servers/c936b733-7faa-4e73-99c5-2ac11d5421ff 0.133s
2025-12-11 09:06:37.457 63535 INFO tempest.lib.common.rest_client [req-e0fbf261-c7f5-4fe9-acfa-c64967e7b7a1 req-e0fbf261-c7f5-4fe9-acfa-c64967e7b7a1 ] Request (InstanceActionsTestJSON:setUpClass): 200 GET http://10.180.1.21/compute/v2.1/servers/77493b32-817c-4be8-a42d-8d48e707d41f 0.334s
2025-12-11 09:06:37.508 63521 INFO tempest.lib.common.rest_client [req-69e159dd-753d-470c-8364-482dbc749d4d req-69e159dd-753d-470c-8364-482dbc749d4d ] Request (ListServerFiltersTestJSON:setUpClass): 200 GET http://10.180.1.21/compute/v2.1/servers/4846a37e-b175-4f23-b8c1-34a6b124513d 0.138s
2025-12-11 09:06:37.569 63549 INFO tempest.lib.common.rest_client [req-33d6400a-6e48-4086-8d79-71119b4d8373 req-33d6400a-6e48-4086-8d79-71119b4d8373 ] Request (ServerMetadataNegativeTestJSON:setUpClass): 200 GET http://10.180.1.21/compute/v2.1/servers/a12ff1bf-8cfa-4d03-828d-6b34727f61bf 0.194s
2025-12-11 09:06:37.577 63556 INFO tempest.lib.common.rest_client [req-0e52dc3f-743e-4562-91d4-7ae998245650 req-0e52dc3f-743e-4562-91d4-7ae998245650 ] Request (FloatingIPsAssociationTestJSON:setUpClass): 200 GET http://10.180.1.21/compute/v2.1/servers/a5c37718-0067-4f5e-ba7e-533f13529739 0.253s
2025-12-11 09:06:37.622 63559 INFO tempest.lib.common.rest_client [req-a3d4e376-f93d-4c9f-943c-d618c51abd21 req-a3d4e376-f93d-4c9f-943c-d618c51abd21 ] Request (AttachInterfacesTestJSON:test_create_list_show_delete_interfaces_by_fixed_ip): 200 GET http://10.180.1.21/compute/v2.1/servers/ff6cf180-c0fe-4b4f-9bac-08e9e3dc7c1d 0.116s
2025-12-11 09:06:37.682 63515 INFO tempest.lib.common.rest_client [req-04762358-104b-4690-887e-e7c417cd7116 req-04762358-104b-4690-887e-e7c417cd7116 ] Request (ServersTestBootFromVolume:setUpClass): 200 GET http://10.180.1.21/compute/v2.1/servers/362b7115-a270-407f-a53c-506c863c8fe1 0.132s
2025-12-11 09:06:37.688 63561 INFO tempest.lib.common.rest_client [req-31a2d08e-9dd5-4b2c-8b89-6a7367b5024a req-31a2d08e-9dd5-4b2c-8b89-6a7367b5024a ] Request (FloatingIPsTestJSON:tearDownClass): 200 PUT http://10.180.1.21:9696/networking/v2.0/routers/e35e63d3-4832-4db2-b33a-09892999e680/remove_router_interface 1.369s
2025-12-11 09:06:37.710 63511 INFO tempest.lib.common.rest_client [req-a2c96920-aea1-489c-b240-5fec7e94421a req-a2c96920-aea1-489c-b240-5fec7e94421a ] Request (MigrationsAdminTest:test_list_migrations_in_flavor_resize_situation): 200 GET http://10.180.1.21/compute/v2.1/servers/89da94ce-40ad-40e0-a4b9-15fd15d0ab9b 0.249s
2025-12-11 09:06:37.767 63509 INFO tempest.lib.common.rest_client [req-861a0bea-3b4b-4e66-af58-aa73b4685aa6 req-861a0bea-3b4b-4e66-af58-aa73b4685aa6 ] Request (ImagesNegativeTestJSON:test_create_image_from_deleted_server): 200 GET http://10.180.1.21/compute/v2.1/servers/f4d86853-25c8-4568-9b3f-8f07bcc5f068 0.174s
2025-12-11 09:06:37.813 63545 INFO tempest.lib.common.rest_client [req-97470ce3-1ab4-4ab5-9df9-f27f52b7305e req-97470ce3-1ab4-4ab5-9df9-f27f52b7305e ] Request (ServerExternalEventsTest:test_create_server_external_events): 200 GET http://10.180.1.21/compute/v2.1/servers/717fd312-ac1d-42b6-9f93-13b9f235bd23 0.172s
2025-12-11 09:06:37.860 63517 INFO tempest.lib.common.rest_client [req-f106adcb-f379-42df-afde-124ae7c708d3 req-f106adcb-f379-42df-afde-124ae7c708d3 ] Request (ServersTestJSON:setUpClass): 200 GET http://10.180.1.21/compute/v2.1/servers/4ac5c733-988f-4428-ad6f-134d9f174e45 0.174s
2025-12-11 09:06:37.901 63565 INFO tempest.lib.common.rest_client [req-64405cab-6bf1-47dd-bca9-08fa07e85861 req-64405cab-6bf1-47dd-bca9-08fa07e85861 ] Request (DeleteServersTestJSON:test_delete_active_server): 200 GET http://10.180.1.21/compute/v2.1/servers/ab9cf87a-b74f-4b2f-842d-26e16b7fdb92 0.325s
2025-12-11 09:06:37.916 63519 INFO tempest.lib.common.rest_client [req-4a89a5b9-c74a-4639-8a95-9a8c17914288 req-4a89a5b9-c74a-4639-8a95-9a8c17914288 ] Request (ServerActionsTestJSON:setUpClass): 200 GET http://10.180.1.21/compute/v2.1/servers/a4e56801-a8b8-448f-9b1a-d228ceeaaa46 0.185s
2025-12-11 09:06:37.964 63543 INFO tempest.lib.common.rest_client [req-f7e1415c-5458-495c-bb7a-13f00c72b9b9 req-f7e1415c-5458-495c-bb7a-13f00c72b9b9 ] Request (TenantUsagesTestJSON:setUpClass): 200 GET http://10.180.1.21/compute/v2.1/servers/7d000257-5fc1-43fa-9fc5-a07519a6feea 0.172s
2025-12-11 09:06:38.066 63523 INFO tempest.lib.common.rest_client [req-883d20dc-575e-454a-8541-8c7d5f611dcd req-883d20dc-575e-454a-8541-8c7d5f611dcd ] Request (ServersAdminNegativeTestJSON:setUpClass): 200 GET http://10.180.1.21/compute/v2.1/servers/5501c192-867b-40c0-9bea-c3c44865d2f4 0.328s
2025-12-11 09:06:38.155 63539 INFO tempest.lib.common.rest_client [req-ac768108-6d2a-4e47-96bc-3288514a6f05 req-ac768108-6d2a-4e47-96bc-3288514a6f05 ] Request (ServerDiagnosticsTest:test_get_server_diagnostics): 200 GET http://10.180.1.21/compute/v2.1/servers/f1dddee3-33d6-4f55-bd91-9ce2fe6be72b 0.279s
2025-12-11 09:06:38.230 63531 INFO tempest.lib.common.rest_client [req-1e22d863-f8c9-4917-94a9-355aaeace942 req-1e22d863-f8c9-4917-94a9-355aaeace942 ] Request (ListServersNegativeTestJSON:setUpClass): 200 GET http://10.180.1.21/compute/v2.1/servers/164c1d04-3481-4aee-ba56-c80c8ed36e6a 0.307s
2025-12-11 09:06:38.242 63507 INFO tempest.lib.common.rest_client [req-150c4f13-fd66-4aff-a5db-ddd02e69a87a req-150c4f13-fd66-4aff-a5db-ddd02e69a87a ] Request (DeleteServersAdminTestJSON:test_admin_delete_servers_of_others): 200 GET http://10.180.1.21/compute/v2.1/servers/4afbddcb-d9ac-412e-93d9-52b2de6fbdb5 0.322s
2025-12-11 09:06:38.295 63557 INFO tempest.lib.common.rest_client [req-9dfbca22-1c33-4c32-931e-d446888c7667 req-9dfbca22-1c33-4c32-931e-d446888c7667 ] Request (ServersWithSpecificFlavorTestJSON:test_verify_created_server_ephemeral_disk): 200 GET http://10.180.1.21/compute/v2.1/servers/8dd5ad91-d09a-41dd-a8d0-fd22e96fc279 0.329s
2025-12-11 09:06:38.304 63541 INFO tempest.lib.common.rest_client [req-57b475ef-f4dc-4dbe-93b9-dc27425c4b70 req-57b475ef-f4dc-4dbe-93b9-dc27425c4b70 ] Request (InstanceActionsNegativeTestJSON:setUpClass): 200 GET http://10.180.1.21/compute/v2.1/servers/f889087d-5f22-4de6-8dff-819d2afb7240 0.291s
2025-12-11 09:06:38.374 63505 INFO tempest.lib.common.rest_client [req-f6254f89-0195-4518-a8a5-22b176345a74 req-f6254f89-0195-4518-a8a5-22b176345a74 ] Request (AttachInterfacesV270Test:test_create_get_list_interfaces): 200 GET http://10.180.1.21/compute/v2.1/servers/3af8fe9a-643b-4650-a036-6f1b9c3c8d03 0.295s
2025-12-11 09:06:38.396 63561 INFO tempest.lib.common.rest_client [req-d0dd1e19-646b-4949-a0ad-b0357a0ef623 req-d0dd1e19-646b-4949-a0ad-b0357a0ef623 ] Request (FloatingIPsTestJSON:tearDownClass): 204 DELETE http://10.180.1.21:9696/networking/v2.0/routers/e35e63d3-4832-4db2-b33a-09892999e680 0.707s
2025-12-11 09:06:38.409 63513 INFO tempest.lib.common.rest_client [req-8d799da2-e085-467c-9009-ad26dcd4d612 req-8d799da2-e085-467c-9009-ad26dcd4d612 ] Request (ServerDiagnosticsNegativeTest:test_get_server_diagnostics_by_non_admin): 200 GET http://10.180.1.21/compute/v2.1/servers/02ed8dca-f6ae-47b0-a047-f89f858f5ff2 0.368s
2025-12-11 09:06:38.432 63533 INFO tempest.lib.common.rest_client [req-135390e0-372c-4656-bead-51f8ce6d6044 req-135390e0-372c-4656-bead-51f8ce6d6044 ] Request (ListImageFiltersTestJSON:setUpClass): 200 GET http://10.180.1.21/compute/v2.1/servers/8728833b-c3ac-49b2-9a33-ecfae9597e9e 0.336s
2025-12-11 09:06:38.461 63547 INFO tempest.lib.common.rest_client [req-f8ac6105-3cb9-4086-b5be-d756ce664522 req-f8ac6105-3cb9-4086-b5be-d756ce664522 ] Request (VolumesAssistedSnapshotsTest:test_volume_assisted_snapshot_create_delete): 200 GET http://10.180.1.21/compute/v2.1/servers/6699f6e7-203d-4d8a-bc9e-8c8d5427db36 0.327s
2025-12-11 09:06:38.494 63525 INFO tempest.lib.common.rest_client [req-98f8d27c-f968-4b3c-95e4-a39a4ea3a6f2 req-98f8d27c-f968-4b3c-95e4-a39a4ea3a6f2 ] Request (ServerShowV247Test:test_update_rebuild_list_server): 200 GET http://10.180.1.21/compute/v2.1/servers/11838596-1730-4c23-bbf2-3159d3c6d72d 0.341s
2025-12-11 09:06:38.559 63529 INFO tempest.lib.common.rest_client [req-ef74af2c-9d2a-4ee5-9c25-1aa00ff93401 req-ef74af2c-9d2a-4ee5-9c25-1aa00ff93401 ] Request (MultipleCreateTestJSON:test_multiple_create): 200 GET http://10.180.1.21/compute/v2.1/servers/451c95b6-a407-4911-bc40-83f2e2e7a75f 0.262s
2025-12-11 09:06:38.590 63561 INFO tempest.lib.common.rest_client [req-187ae1dc-4b9a-4737-8ebb-542171578544 req-187ae1dc-4b9a-4737-8ebb-542171578544 ] Request (FloatingIPsTestJSON:tearDownClass): 204 DELETE http://10.180.1.21:9696/networking/v2.0/subnets/c8c76a2c-59da-4f55-87e0-23e946df611e 0.193s
2025-12-11 09:06:38.617 63537 INFO tempest.lib.common.rest_client [req-0c89add8-b507-41df-b728-77816b4482ad req-0c89add8-b507-41df-b728-77816b4482ad ] Request (FloatingIPsAssociationNegativeTestJSON:setUpClass): 200 GET http://10.180.1.21/compute/v2.1/servers/94d19d7f-8eb7-4c93-aff4-3b1404338240 0.372s
2025-12-11 09:06:38.663 63563 INFO tempest.lib.common.rest_client [req-3593754c-d2ee-4737-83e4-307643fd7aee req-3593754c-d2ee-4737-83e4-307643fd7aee ] Request (VolumesAdminNegativeTest:test_update_attached_volume_with_nonexistent_volume_in_uri): 200 GET http://10.180.1.21/compute/v2.1/servers/c936b733-7faa-4e73-99c5-2ac11d5421ff 0.224s
2025-12-11 09:06:38.702 63551 INFO tempest.lib.common.rest_client [req-b77ad9c5-e363-4d13-9258-1d3c2cec8d33 req-b77ad9c5-e363-4d13-9258-1d3c2cec8d33 ] Request (ImagesOneServerNegativeTestJSON:setUpClass): 200 GET http://10.180.1.21/compute/v2.1/servers/11a32984-5548-4db4-8788-9b221ba381df 0.311s
2025-12-11 09:06:38.760 63535 INFO tempest.lib.common.rest_client [req-d6957946-f6d2-4864-8036-92b9380589ad req-d6957946-f6d2-4864-8036-92b9380589ad ] Request (InstanceActionsTestJSON:setUpClass): 200 GET http://10.180.1.21/compute/v2.1/servers/77493b32-817c-4be8-a42d-8d48e707d41f 0.296s
2025-12-11 09:06:38.768 63521 INFO tempest.lib.common.rest_client [req-c86e7890-172f-4cb4-8d95-dce1d8375078 req-c86e7890-172f-4cb4-8d95-dce1d8375078 ] Request (ListServerFiltersTestJSON:setUpClass): 200 GET http://10.180.1.21/compute/v2.1/servers/4846a37e-b175-4f23-b8c1-34a6b124513d 0.253s
2025-12-11 09:06:38.809 63549 INFO tempest.lib.common.rest_client [req-f762c121-0aa9-47fd-9c89-f4a17a76b9f9 req-f762c121-0aa9-47fd-9c89-f4a17a76b9f9 ] Request (ServerMetadataNegativeTestJSON:setUpClass): 200 GET http://10.180.1.21/compute/v2.1/servers/a12ff1bf-8cfa-4d03-828d-6b34727f61bf 0.233s
2025-12-11 09:06:38.859 63559 INFO tempest.lib.common.rest_client [req-4cc62743-5b4b-4e26-9562-68aaf2d50ae1 req-4cc62743-5b4b-4e26-9562-68aaf2d50ae1 ] Request (AttachInterfacesTestJSON:test_create_list_show_delete_interfaces_by_fixed_ip): 200 GET http://10.180.1.21/compute/v2.1/servers/ff6cf180-c0fe-4b4f-9bac-08e9e3dc7c1d 0.224s
2025-12-11 09:06:38.906 63515 INFO tempest.lib.common.rest_client [req-fd0de4fa-c633-465a-888b-003bc299d371 req-fd0de4fa-c633-465a-888b-003bc299d371 ] Request (ServersTestBootFromVolume:setUpClass): 200 GET http://10.180.1.21/compute/v2.1/servers/362b7115-a270-407f-a53c-506c863c8fe1 0.212s
2025-12-11 09:06:38.998 63511 INFO tempest.lib.common.rest_client [req-f9327b72-6638-48ba-989b-49e2725fc3bf req-f9327b72-6638-48ba-989b-49e2725fc3bf ] Request (MigrationsAdminTest:test_list_migrations_in_flavor_resize_situation): 200 GET http://10.180.1.21/compute/v2.1/servers/89da94ce-40ad-40e0-a4b9-15fd15d0ab9b 0.279s
2025-12-11 09:06:39.049 63509 INFO tempest.lib.common.rest_client [req-6e795d48-581d-47c2-9535-6d1199b2ab7b req-6e795d48-581d-47c2-9535-6d1199b2ab7b ] Request (ImagesNegativeTestJSON:test_create_image_from_deleted_server): 200 GET http://10.180.1.21/compute/v2.1/servers/f4d86853-25c8-4568-9b3f-8f07bcc5f068 0.275s
2025-12-11 09:06:39.088 63556 INFO tempest.lib.common.rest_client [req-05746508-8fff-4b82-9078-894e1a75483f req-05746508-8fff-4b82-9078-894e1a75483f ] Request (FloatingIPsAssociationTestJSON:setUpClass): 200 GET http://10.180.1.21/compute/v2.1/servers/a5c37718-0067-4f5e-ba7e-533f13529739 0.503s
2025-12-11 09:06:39.109 63545 INFO tempest.lib.common.rest_client [req-3caf1be8-4b0c-4ece-bc43-4eb1d17681d0 req-3caf1be8-4b0c-4ece-bc43-4eb1d17681d0 ] Request (ServerExternalEventsTest:test_create_server_external_events): 200 GET http://10.180.1.21/compute/v2.1/servers/717fd312-ac1d-42b6-9f93-13b9f235bd23 0.287s
2025-12-11 09:06:39.148 63517 INFO tempest.lib.common.rest_client [req-2950d223-4216-49cc-80a3-5c1815cfc0c9 req-2950d223-4216-49cc-80a3-5c1815cfc0c9 ] Request (ServersTestJSON:setUpClass): 200 GET http://10.180.1.21/compute/v2.1/servers/4ac5c733-988f-4428-ad6f-134d9f174e45 0.278s
2025-12-11 09:06:39.173 63561 INFO tempest.lib.common.rest_client [req-c72ad0d0-e225-4ad6-98ee-e09abdb7bee3 req-c72ad0d0-e225-4ad6-98ee-e09abdb7bee3 ] Request (FloatingIPsTestJSON:tearDownClass): 204 DELETE http://10.180.1.21:9696/networking/v2.0/networks/82e76b65-337b-4179-88c6-fb617ea36192 0.582s
2025-12-11 09:06:39.203 63519 INFO tempest.lib.common.rest_client [req-f3e18574-62f7-433a-a4c0-0242456818e8 req-f3e18574-62f7-433a-a4c0-0242456818e8 ] Request (ServerActionsTestJSON:setUpClass): 200 GET http://10.180.1.21/compute/v2.1/servers/a4e56801-a8b8-448f-9b1a-d228ceeaaa46 0.275s
2025-12-11 09:06:39.221 63565 INFO tempest.lib.common.rest_client [req-872bf526-4dac-4a39-89d8-678c63e5edf1 req-872bf526-4dac-4a39-89d8-678c63e5edf1 ] Request (DeleteServersTestJSON:test_delete_active_server): 200 GET http://10.180.1.21/compute/v2.1/servers/ab9cf87a-b74f-4b2f-842d-26e16b7fdb92 0.308s
2025-12-11 09:06:39.240 63561 INFO tempest.lib.common.rest_client [req-56bc4f8a-5038-4ad0-8289-51fa788126cc req-56bc4f8a-5038-4ad0-8289-51fa788126cc ] Request (FloatingIPsTestJSON:tearDownClass): 204 DELETE http://10.180.1.21/identity/v3/users/249ac97f8c554fe9bebf5771d419e2fa 0.067s
2025-12-11 09:06:39.241 63561 INFO tempest.lib.common.dynamic_creds [-] Deleting project and security group for project: eb93c88f4f684984859e033b3615af34
2025-12-11 09:06:39.255 63543 INFO tempest.lib.common.rest_client [req-cda5dc43-00ae-4235-8cce-48e56a664db3 req-cda5dc43-00ae-4235-8cce-48e56a664db3 ] Request (TenantUsagesTestJSON:setUpClass): 200 GET http://10.180.1.21/compute/v2.1/servers/7d000257-5fc1-43fa-9fc5-a07519a6feea 0.283s
2025-12-11 09:06:39.295 63561 INFO tempest.lib.common.rest_client [req-861f4d92-7dee-4d48-90d9-d68304b301e1 req-861f4d92-7dee-4d48-90d9-d68304b301e1 ] Request (FloatingIPsTestJSON:tearDownClass): 200 GET http://10.180.1.21:9696/networking/v2.0/security-groups?tenant_id=eb93c88f4f684984859e033b3615af34&name=default 0.054s
2025-12-11 09:06:39.336 63523 INFO tempest.lib.common.rest_client [req-29807d4f-e759-4d72-96d0-09183c340298 req-29807d4f-e759-4d72-96d0-09183c340298 ] Request (ServersAdminNegativeTestJSON:setUpClass): 200 GET http://10.180.1.21/compute/v2.1/servers/5501c192-867b-40c0-9bea-c3c44865d2f4 0.262s
2025-12-11 09:06:39.385 63539 INFO tempest.lib.common.rest_client [req-eb6d54b4-bab5-4d2d-a7a5-fa72f9ca3d76 req-eb6d54b4-bab5-4d2d-a7a5-fa72f9ca3d76 ] Request (ServerDiagnosticsTest:test_get_server_diagnostics): 200 GET http://10.180.1.21/compute/v2.1/servers/f1dddee3-33d6-4f55-bd91-9ce2fe6be72b 0.222s
2025-12-11 09:06:39.386 63531 INFO tempest.lib.common.rest_client [req-fb2d68b8-e4da-4548-bf09-50a3d1d0a0d1 req-fb2d68b8-e4da-4548-bf09-50a3d1d0a0d1 ] Request (ListServersNegativeTestJSON:setUpClass): 200 GET http://10.180.1.21/compute/v2.1/servers/164c1d04-3481-4aee-ba56-c80c8ed36e6a 0.147s
2025-12-11 09:06:39.422 63561 INFO tempest.lib.common.rest_client [req-10d5da56-131a-4a1d-84d5-3d3c696d779b req-10d5da56-131a-4a1d-84d5-3d3c696d779b ] Request (FloatingIPsTestJSON:tearDownClass): 204 DELETE http://10.180.1.21:9696/networking/v2.0/security-groups/64952443-178b-400f-97bf-c48d15ed8488 0.126s
2025-12-11 09:06:39.433 63557 INFO tempest.lib.common.rest_client [req-cd4362fe-83ac-4c9f-8654-36e1190f26da req-cd4362fe-83ac-4c9f-8654-36e1190f26da ] Request (ServersWithSpecificFlavorTestJSON:test_verify_created_server_ephemeral_disk): 200 GET http://10.180.1.21/compute/v2.1/servers/8dd5ad91-d09a-41dd-a8d0-fd22e96fc279 0.132s
2025-12-11 09:06:39.480 63541 INFO tempest.lib.common.rest_client [req-7acad04a-e969-419e-8516-939bf8c8a1bd req-7acad04a-e969-419e-8516-939bf8c8a1bd ] Request (InstanceActionsNegativeTestJSON:setUpClass): 200 GET http://10.180.1.21/compute/v2.1/servers/f889087d-5f22-4de6-8dff-819d2afb7240 0.168s
2025-12-11 09:06:39.495 63507 INFO tempest.lib.common.rest_client [req-00942d09-faac-4684-b546-8bb6b64f9f35 req-00942d09-faac-4684-b546-8bb6b64f9f35 ] Request (DeleteServersAdminTestJSON:test_admin_delete_servers_of_others): 200 GET http://10.180.1.21/compute/v2.1/servers/4afbddcb-d9ac-412e-93d9-52b2de6fbdb5 0.245s
2025-12-11 09:06:39.506 63561 INFO tempest.lib.common.rest_client [req-baa48b5c-0b92-413b-b528-0983097ca937 req-baa48b5c-0b92-413b-b528-0983097ca937 ] Request (FloatingIPsTestJSON:tearDownClass): 204 DELETE http://10.180.1.21/identity/v3/projects/eb93c88f4f684984859e033b3615af34 0.084s
2025-12-11 09:06:39.532 63505 INFO tempest.lib.common.rest_client [req-20e9c00b-68f1-43c1-98fa-427f8f1a3ec5 req-20e9c00b-68f1-43c1-98fa-427f8f1a3ec5 ] Request (AttachInterfacesV270Test:test_create_get_list_interfaces): 200 GET http://10.180.1.21/compute/v2.1/servers/3af8fe9a-643b-4650-a036-6f1b9c3c8d03 0.147s
2025-12-11 09:06:39.562 63561 INFO tempest.lib.common.rest_client [req-a5a2da1e-4a36-4ebc-84a7-7361fadf8c8d req-a5a2da1e-4a36-4ebc-84a7-7361fadf8c8d ] Request (FloatingIPsNegativeTestJSON:setUpClass): 201 POST http://10.180.1.21/identity/v3/auth/tokens 0.054s
2025-12-11 09:06:39.576 63533 INFO tempest.lib.common.rest_client [req-37113a97-2d8d-40f3-aff6-97f8b39bbfa1 req-37113a97-2d8d-40f3-aff6-97f8b39bbfa1 ] Request (ListImageFiltersTestJSON:setUpClass): 200 GET http://10.180.1.21/compute/v2.1/servers/8728833b-c3ac-49b2-9a33-ecfae9597e9e 0.136s
2025-12-11 09:06:39.585 63513 INFO tempest.lib.common.rest_client [req-1dc24c46-68a9-428d-9858-17abfe166a24 req-1dc24c46-68a9-428d-9858-17abfe166a24 ] Request (ServerDiagnosticsNegativeTest:test_get_server_diagnostics_by_non_admin): 200 GET http://10.180.1.21/compute/v2.1/servers/02ed8dca-f6ae-47b0-a047-f89f858f5ff2 0.166s
2025-12-11 09:06:39.592 63561 INFO tempest.lib.common.rest_client [req-be36fadb-2921-4fd4-94f1-997f678cf8c7 req-be36fadb-2921-4fd4-94f1-997f678cf8c7 ] Request (FloatingIPsNegativeTestJSON:setUpClass): 201 POST http://10.180.1.21/identity/v3/auth/tokens 0.026s
2025-12-11 09:06:39.611 63561 INFO tempest.lib.common.rest_client [req-f3b146f0-efb8-4b75-9a49-491c82bfab9b req-f3b146f0-efb8-4b75-9a49-491c82bfab9b ] Request (FloatingIPsNegativeTestJSON:setUpClass): 200 GET http://10.180.1.21/identity/v3/domains?name=Default 0.019s
2025-12-11 09:06:39.622 63547 INFO tempest.lib.common.rest_client [req-f7fe4f03-6c56-497c-ba96-0240b47e9bd8 req-f7fe4f03-6c56-497c-ba96-0240b47e9bd8 ] Request (VolumesAssistedSnapshotsTest:test_volume_assisted_snapshot_create_delete): 200 GET http://10.180.1.21/compute/v2.1/servers/6699f6e7-203d-4d8a-bc9e-8c8d5427db36 0.153s
2025-12-11 09:06:39.634 63525 INFO tempest.lib.common.rest_client [req-f63fbce6-dd70-4460-b5ae-be03b389299f req-f63fbce6-dd70-4460-b5ae-be03b389299f ] Request (ServerShowV247Test:test_update_rebuild_list_server): 200 GET http://10.180.1.21/compute/v2.1/servers/11838596-1730-4c23-bbf2-3159d3c6d72d 0.132s
2025-12-11 09:06:39.636 63561 INFO tempest.lib.common.rest_client [req-262e05b1-5aaf-4eb5-9145-ad2f7e4c0630 req-262e05b1-5aaf-4eb5-9145-ad2f7e4c0630 ] Request (FloatingIPsNegativeTestJSON:setUpClass): 201 POST http://10.180.1.21/identity/v3/projects 0.024s
2025-12-11 09:06:39.670 63529 INFO tempest.lib.common.rest_client [req-50b72c73-ec25-4926-99ff-6406978fb30d req-50b72c73-ec25-4926-99ff-6406978fb30d ] Request (MultipleCreateTestJSON:test_multiple_create): 200 GET http://10.180.1.21/compute/v2.1/servers/451c95b6-a407-4911-bc40-83f2e2e7a75f 0.101s
2025-12-11 09:06:39.692 63561 INFO tempest.lib.common.rest_client [req-847be2ed-3b3a-4f94-84f2-275b69258e08 req-847be2ed-3b3a-4f94-84f2-275b69258e08 ] Request (FloatingIPsNegativeTestJSON:setUpClass): 201 POST http://10.180.1.21/identity/v3/users 0.056s
2025-12-11 09:06:39.717 63561 INFO tempest.lib.common.rest_client [req-d9eafb46-a611-4e16-92dc-e658265bf5c8 req-d9eafb46-a611-4e16-92dc-e658265bf5c8 ] Request (FloatingIPsNegativeTestJSON:setUpClass): 200 GET http://10.180.1.21/identity/v3/roles 0.024s
2025-12-11 09:06:39.722 63563 INFO tempest.lib.common.rest_client [req-3f0ff5d9-f045-42ef-8fc4-067d4b75018d req-3f0ff5d9-f045-42ef-8fc4-067d4b75018d ] Request (VolumesAdminNegativeTest:test_update_attached_volume_with_nonexistent_volume_in_uri): 200 GET http://10.180.1.21/compute/v2.1/servers/c936b733-7faa-4e73-99c5-2ac11d5421ff 0.051s
2025-12-11 09:06:39.742 63561 INFO tempest.lib.common.rest_client [req-c289bd99-7fe7-4378-8d8b-375a7e3762da req-c289bd99-7fe7-4378-8d8b-375a7e3762da ] Request (FloatingIPsNegativeTestJSON:setUpClass): 204 PUT http://10.180.1.21/identity/v3/projects/b6d4fada65104abd8058290bd2d1d63a/users/09b5d91ed84947869264305896025927/roles/99e8deb875bc45fcab6268be85f40cf0 0.024s
2025-12-11 09:06:39.742 63561 INFO tempest.lib.common.dynamic_creds [-] Dynamic test user 09b5d91ed84947869264305896025927 is created with scope project and roles: ['member']
2025-12-11 09:06:39.743 63561 INFO tempest.lib.common.dynamic_creds [-] Acquired dynamic creds: credentials: Credentials: {'domain_id': 'default', 'domain_name': 'Default', 'username': 'tempest-FloatingIPsNegativeTestJSON-1442580735-project-member', 'project_domain_id': 'default', 'project_domain_name': 'Default', 'project_id': 'b6d4fada65104abd8058290bd2d1d63a', 'project_name': 'tempest-FloatingIPsNegativeTestJSON-1442580735', 'tenant_id': 'b6d4fada65104abd8058290bd2d1d63a', 'tenant_name': 'tempest-FloatingIPsNegativeTestJSON-1442580735', 'user_domain_id': 'default', 'user_domain_name': 'Default', 'user_id': '09b5d91ed84947869264305896025927', 'system': None}, Network: None, Subnet: None, Router: None
2025-12-11 09:06:39.743 63537 INFO tempest.lib.common.rest_client [req-3a6a1a00-82e0-4db6-aacb-edbff0973b40 req-3a6a1a00-82e0-4db6-aacb-edbff0973b40 ] Request (FloatingIPsAssociationNegativeTestJSON:setUpClass): 200 GET http://10.180.1.21/compute/v2.1/servers/94d19d7f-8eb7-4c93-aff4-3b1404338240 0.116s
2025-12-11 09:06:39.798 63561 INFO tempest.lib.common.rest_client [req-e6056504-51dd-4ddf-944c-2def30c8f70c req-e6056504-51dd-4ddf-944c-2def30c8f70c ] Request (FloatingIPsNegativeTestJSON:setUpClass): 201 POST http://10.180.1.21/identity/v3/auth/tokens 0.055s
2025-12-11 09:06:39.867 63551 INFO tempest.lib.common.rest_client [req-84d35d97-e566-4c91-8269-3409b78447a8 req-84d35d97-e566-4c91-8269-3409b78447a8 ] Request (ImagesOneServerNegativeTestJSON:setUpClass): 200 GET http://10.180.1.21/compute/v2.1/servers/11a32984-5548-4db4-8788-9b221ba381df 0.159s
2025-12-11 09:06:39.903 63535 INFO tempest.lib.common.rest_client [req-16cb6013-e611-409b-9498-ca9c43b78cfa req-16cb6013-e611-409b-9498-ca9c43b78cfa ] Request (InstanceActionsTestJSON:setUpClass): 200 GET http://10.180.1.21/compute/v2.1/servers/77493b32-817c-4be8-a42d-8d48e707d41f 0.136s
2025-12-11 09:06:39.926 63521 INFO tempest.lib.common.rest_client [req-3266c9e8-7e8f-4059-9d74-adc6436f120d req-3266c9e8-7e8f-4059-9d74-adc6436f120d ] Request (ListServerFiltersTestJSON:setUpClass): 200 GET http://10.180.1.21/compute/v2.1/servers/4846a37e-b175-4f23-b8c1-34a6b124513d 0.147s
2025-12-11 09:06:39.949 63549 INFO tempest.lib.common.rest_client [req-a0968368-c159-4fb1-9b19-fc1e1b69c24b req-a0968368-c159-4fb1-9b19-fc1e1b69c24b ] Request (ServerMetadataNegativeTestJSON:setUpClass): 200 GET http://10.180.1.21/compute/v2.1/servers/a12ff1bf-8cfa-4d03-828d-6b34727f61bf 0.130s
2025-12-11 09:06:39.981 63559 INFO tempest.lib.common.rest_client [req-47f2ef44-a6b1-4975-8ce3-7e96e6016765 req-47f2ef44-a6b1-4975-8ce3-7e96e6016765 ] Request (AttachInterfacesTestJSON:test_create_list_show_delete_interfaces_by_fixed_ip): 200 GET http://10.180.1.21/compute/v2.1/servers/ff6cf180-c0fe-4b4f-9bac-08e9e3dc7c1d 0.113s
2025-12-11 09:06:39.998 63515 INFO tempest.lib.common.rest_client [req-87c83366-c8ef-496b-8ea7-ae8901680d89 req-87c83366-c8ef-496b-8ea7-ae8901680d89 ] Request (ServersTestBootFromVolume:setUpClass): 200 GET http://10.180.1.21/compute/v2.1/servers/362b7115-a270-407f-a53c-506c863c8fe1 0.085s
2025-12-11 09:06:40.047 63561 INFO tempest.lib.common.rest_client [req-47a33507-0360-4373-adbc-6acd401e4c79 req-47a33507-0360-4373-adbc-6acd401e4c79 ] Request (FloatingIPsNegativeTestJSON:setUpClass): 201 POST http://10.180.1.21:9696/networking/v2.0/networks 0.248s
2025-12-11 09:06:40.126 63509 INFO tempest.lib.common.rest_client [req-8350e33f-8a36-40cf-a069-ae09096d8a4f req-8350e33f-8a36-40cf-a069-ae09096d8a4f ] Request (ImagesNegativeTestJSON:test_create_image_from_deleted_server): 200 GET http://10.180.1.21/compute/v2.1/servers/f4d86853-25c8-4568-9b3f-8f07bcc5f068 0.068s
2025-12-11 09:06:40.153 63511 INFO tempest.lib.common.rest_client [req-b7ef064a-b657-4fb5-8ac6-a9c191489be5 req-b7ef064a-b657-4fb5-8ac6-a9c191489be5 ] Request (MigrationsAdminTest:test_list_migrations_in_flavor_resize_situation): 200 GET http://10.180.1.21/compute/v2.1/servers/89da94ce-40ad-40e0-a4b9-15fd15d0ab9b 0.149s
2025-12-11 09:06:40.202 63545 INFO tempest.lib.common.rest_client [req-a5be01eb-866f-4fc8-800f-00db3423d601 req-a5be01eb-866f-4fc8-800f-00db3423d601 ] Request (ServerExternalEventsTest:test_create_server_external_events): 200 GET http://10.180.1.21/compute/v2.1/servers/717fd312-ac1d-42b6-9f93-13b9f235bd23 0.084s
2025-12-11 09:06:40.254 63517 INFO tempest.lib.common.rest_client [req-4ed0f3e8-a2fe-43c4-aa6e-71aca0c00b30 req-4ed0f3e8-a2fe-43c4-aa6e-71aca0c00b30 ] Request (ServersTestJSON:setUpClass): 200 GET http://10.180.1.21/compute/v2.1/servers/4ac5c733-988f-4428-ad6f-134d9f174e45 0.098s
2025-12-11 09:06:40.276 63556 INFO tempest.lib.common.rest_client [req-1782edfe-b972-4763-b7e3-d24da0784464 req-1782edfe-b972-4763-b7e3-d24da0784464 ] Request (FloatingIPsAssociationTestJSON:setUpClass): 200 GET http://10.180.1.21/compute/v2.1/servers/a5c37718-0067-4f5e-ba7e-533f13529739 0.180s
2025-12-11 09:06:40.295 63561 INFO tempest.lib.common.rest_client [req-7ede7986-6168-4598-89f2-258bbec3b073 req-7ede7986-6168-4598-89f2-258bbec3b073 ] Request (FloatingIPsNegativeTestJSON:setUpClass): 201 POST http://10.180.1.21:9696/networking/v2.0/subnets 0.247s
2025-12-11 09:06:40.302 63519 INFO tempest.lib.common.rest_client [req-c321f6b4-5418-4814-a0f6-886e561180bf req-c321f6b4-5418-4814-a0f6-886e561180bf ] Request (ServerActionsTestJSON:setUpClass): 200 GET http://10.180.1.21/compute/v2.1/servers/a4e56801-a8b8-448f-9b1a-d228ceeaaa46 0.091s
2025-12-11 09:06:40.355 63543 INFO tempest.lib.common.rest_client [req-6b46bb55-ca58-4afa-ba44-73229511875e req-6b46bb55-ca58-4afa-ba44-73229511875e ] Request (TenantUsagesTestJSON:setUpClass): 200 GET http://10.180.1.21/compute/v2.1/servers/7d000257-5fc1-43fa-9fc5-a07519a6feea 0.094s
2025-12-11 09:06:40.373 63565 INFO tempest.lib.common.rest_client [req-8db43793-7d96-46da-a5ac-2fc452dc79d6 req-8db43793-7d96-46da-a5ac-2fc452dc79d6 ] Request (DeleteServersTestJSON:test_delete_active_server): 200 GET http://10.180.1.21/compute/v2.1/servers/ab9cf87a-b74f-4b2f-842d-26e16b7fdb92 0.145s
2025-12-11 09:06:40.491 63539 INFO tempest.lib.common.rest_client [req-8c19e7c9-609c-472b-ba67-4e66282c347f req-8c19e7c9-609c-472b-ba67-4e66282c347f ] Request (ServerDiagnosticsTest:test_get_server_diagnostics): 200 GET http://10.180.1.21/compute/v2.1/servers/f1dddee3-33d6-4f55-bd91-9ce2fe6be72b 0.099s
2025-12-11 09:06:40.520 63523 INFO tempest.lib.common.rest_client [req-a2ac9c46-ca00-42bd-a863-90c2fa459cc8 req-a2ac9c46-ca00-42bd-a863-90c2fa459cc8 ] Request (ServersAdminNegativeTestJSON:setUpClass): 200 GET http://10.180.1.21/compute/v2.1/servers/5501c192-867b-40c0-9bea-c3c44865d2f4 0.177s
2025-12-11 09:06:40.547 63531 INFO tempest.lib.common.rest_client [req-c126b4cb-f7d1-4d46-8574-3ac784559a8b req-c126b4cb-f7d1-4d46-8574-3ac784559a8b ] Request (ListServersNegativeTestJSON:setUpClass): 200 GET http://10.180.1.21/compute/v2.1/servers/164c1d04-3481-4aee-ba56-c80c8ed36e6a 0.153s
2025-12-11 09:06:40.577 63557 INFO tempest.lib.common.rest_client [req-b6f84de5-d9d5-4bcb-bba0-31bc2c694d97 req-b6f84de5-d9d5-4bcb-bba0-31bc2c694d97 ] Request (ServersWithSpecificFlavorTestJSON:test_verify_created_server_ephemeral_disk): 200 GET http://10.180.1.21/compute/v2.1/servers/8dd5ad91-d09a-41dd-a8d0-fd22e96fc279 0.137s
2025-12-11 09:06:40.598 63541 INFO tempest.lib.common.rest_client [req-0e6256eb-5861-4357-9ae3-7c607030c266 req-0e6256eb-5861-4357-9ae3-7c607030c266 ] Request (InstanceActionsNegativeTestJSON:setUpClass): 200 GET http://10.180.1.21/compute/v2.1/servers/f889087d-5f22-4de6-8dff-819d2afb7240 0.110s
2025-12-11 09:06:40.660 63505 INFO tempest.lib.common.rest_client [req-12456f12-e03c-4c0a-96f7-216082570e12 req-12456f12-e03c-4c0a-96f7-216082570e12 ] Request (AttachInterfacesV270Test:test_create_get_list_interfaces): 200 GET http://10.180.1.21/compute/v2.1/servers/3af8fe9a-643b-4650-a036-6f1b9c3c8d03 0.119s
2025-12-11 09:06:40.716 63533 INFO tempest.lib.common.rest_client [req-2dbeacb9-01ee-4cd1-b8db-c861e25da386 req-2dbeacb9-01ee-4cd1-b8db-c861e25da386 ] Request (ListImageFiltersTestJSON:setUpClass): 200 GET http://10.180.1.21/compute/v2.1/servers/8728833b-c3ac-49b2-9a33-ecfae9597e9e 0.134s
2025-12-11 09:06:40.735 63507 INFO tempest.lib.common.rest_client [req-16fa67ca-14d8-464b-8368-227faae1cbb6 req-16fa67ca-14d8-464b-8368-227faae1cbb6 ] Request (DeleteServersAdminTestJSON:test_admin_delete_servers_of_others): 200 GET http://10.180.1.21/compute/v2.1/servers/4afbddcb-d9ac-412e-93d9-52b2de6fbdb5 0.232s
2025-12-11 09:06:40.786 63547 INFO tempest.lib.common.rest_client [req-ebe90a62-2555-4dfb-a172-b26077636ba7 req-ebe90a62-2555-4dfb-a172-b26077636ba7 ] Request (VolumesAssistedSnapshotsTest:test_volume_assisted_snapshot_create_delete): 200 GET http://10.180.1.21/compute/v2.1/servers/6699f6e7-203d-4d8a-bc9e-8c8d5427db36 0.156s
2025-12-11 09:06:40.812 63513 INFO tempest.lib.common.rest_client [req-20c6872f-4284-4f5b-9100-aafcc7863f58 req-20c6872f-4284-4f5b-9100-aafcc7863f58 ] Request (ServerDiagnosticsNegativeTest:test_get_server_diagnostics_by_non_admin): 200 GET http://10.180.1.21/compute/v2.1/servers/02ed8dca-f6ae-47b0-a047-f89f858f5ff2 0.220s
2025-12-11 09:06:40.853 63525 INFO tempest.lib.common.rest_client [req-cf2fb650-56bd-4d4a-ba8b-7c4cb5de62ec req-cf2fb650-56bd-4d4a-ba8b-7c4cb5de62ec ] Request (ServerShowV247Test:test_update_rebuild_list_server): 200 GET http://10.180.1.21/compute/v2.1/servers/11838596-1730-4c23-bbf2-3159d3c6d72d 0.210s
2025-12-11 09:06:40.860 63529 INFO tempest.lib.common.rest_client [req-1e1ee89c-d6ff-4f6a-aa66-bd7803122d70 req-1e1ee89c-d6ff-4f6a-aa66-bd7803122d70 ] Request (MultipleCreateTestJSON:test_multiple_create): 200 GET http://10.180.1.21/compute/v2.1/servers/451c95b6-a407-4911-bc40-83f2e2e7a75f 0.183s
2025-12-11 09:06:41.011 63537 INFO tempest.lib.common.rest_client [req-8ff691af-2c96-4a25-b1db-568b9ed66b0a req-8ff691af-2c96-4a25-b1db-568b9ed66b0a ] Request (FloatingIPsAssociationNegativeTestJSON:setUpClass): 200 GET http://10.180.1.21/compute/v2.1/servers/94d19d7f-8eb7-4c93-aff4-3b1404338240 0.261s
2025-12-11 09:06:41.111 63563 INFO tempest.lib.common.rest_client [req-3187f27d-bc99-4519-ae29-b3206ba67537 req-3187f27d-bc99-4519-ae29-b3206ba67537 ] Request (VolumesAdminNegativeTest:test_update_attached_volume_with_nonexistent_volume_in_uri): 200 GET http://10.180.1.21/compute/v2.1/servers/c936b733-7faa-4e73-99c5-2ac11d5421ff 0.380s
2025-12-11 09:06:41.191 63551 INFO tempest.lib.common.rest_client [req-c4094b8b-c79b-454a-905c-f40949f7753b req-c4094b8b-c79b-454a-905c-f40949f7753b ] Request (ImagesOneServerNegativeTestJSON:setUpClass): 200 GET http://10.180.1.21/compute/v2.1/servers/11a32984-5548-4db4-8788-9b221ba381df 0.317s
2025-12-11 09:06:41.244 63521 INFO tempest.lib.common.rest_client [req-1ae576c6-e00b-4482-8037-62d523b69937 req-1ae576c6-e00b-4482-8037-62d523b69937 ] Request (ListServerFiltersTestJSON:setUpClass): 200 GET http://10.180.1.21/compute/v2.1/servers/4846a37e-b175-4f23-b8c1-34a6b124513d 0.312s
2025-12-11 09:06:41.294 63549 INFO tempest.lib.common.rest_client [req-14715297-91ca-4930-b72f-3cb2ba9363fe req-14715297-91ca-4930-b72f-3cb2ba9363fe ] Request (ServerMetadataNegativeTestJSON:setUpClass): 200 GET http://10.180.1.21/compute/v2.1/servers/a12ff1bf-8cfa-4d03-828d-6b34727f61bf 0.338s
2025-12-11 09:06:41.347 63559 INFO tempest.lib.common.rest_client [req-f5976c7e-a174-4d3a-a6be-8436c7af3f56 req-f5976c7e-a174-4d3a-a6be-8436c7af3f56 ] Request (AttachInterfacesTestJSON:test_create_list_show_delete_interfaces_by_fixed_ip): 200 GET http://10.180.1.21/compute/v2.1/servers/ff6cf180-c0fe-4b4f-9bac-08e9e3dc7c1d 0.358s
2025-12-11 09:06:41.359 63535 INFO tempest.lib.common.rest_client [req-0e6bea55-43d5-46a8-9830-c815e214db24 req-0e6bea55-43d5-46a8-9830-c815e214db24 ] Request (InstanceActionsTestJSON:setUpClass): 200 GET http://10.180.1.21/compute/v2.1/servers/77493b32-817c-4be8-a42d-8d48e707d41f 0.450s
2025-12-11 09:06:41.397 63515 INFO tempest.lib.common.rest_client [req-37e799d6-f152-4d04-8003-5040728a0839 req-37e799d6-f152-4d04-8003-5040728a0839 ] Request (ServersTestBootFromVolume:setUpClass): 200 GET http://10.180.1.21/compute/v2.1/servers/362b7115-a270-407f-a53c-506c863c8fe1 0.391s
2025-12-11 09:06:41.412 63509 INFO tempest.lib.common.rest_client [req-f5cbe29a-e1b7-4d46-9dfb-4f17f4efe0a6 req-f5cbe29a-e1b7-4d46-9dfb-4f17f4efe0a6 ] Request (ImagesNegativeTestJSON:test_create_image_from_deleted_server): 200 GET http://10.180.1.21/compute/v2.1/servers/f4d86853-25c8-4568-9b3f-8f07bcc5f068 0.279s
2025-12-11 09:06:41.472 63545 INFO tempest.lib.common.rest_client [req-adae535f-5715-41b6-957d-9993c9535626 req-adae535f-5715-41b6-957d-9993c9535626 ] Request (ServerExternalEventsTest:test_create_server_external_events): 200 GET http://10.180.1.21/compute/v2.1/servers/717fd312-ac1d-42b6-9f93-13b9f235bd23 0.254s
2025-12-11 09:06:41.495 63511 INFO tempest.lib.common.rest_client [req-ba38b615-82a2-4dfc-b91c-5e5b1354defa req-ba38b615-82a2-4dfc-b91c-5e5b1354defa ] Request (MigrationsAdminTest:test_list_migrations_in_flavor_resize_situation): 200 GET http://10.180.1.21/compute/v2.1/servers/89da94ce-40ad-40e0-a4b9-15fd15d0ab9b 0.335s
2025-12-11 09:06:41.545 63517 INFO tempest.lib.common.rest_client [req-54cee879-c16e-4928-8b7d-e3d794943455 req-54cee879-c16e-4928-8b7d-e3d794943455 ] Request (ServersTestJSON:setUpClass): 200 GET http://10.180.1.21/compute/v2.1/servers/4ac5c733-988f-4428-ad6f-134d9f174e45 0.283s
2025-12-11 09:06:41.597 63556 INFO tempest.lib.common.rest_client [req-d0191add-31a4-4249-b333-8bd127aabcb0 req-d0191add-31a4-4249-b333-8bd127aabcb0 ] Request (FloatingIPsAssociationTestJSON:setUpClass): 200 GET http://10.180.1.21/compute/v2.1/servers/a5c37718-0067-4f5e-ba7e-533f13529739 0.314s
2025-12-11 09:06:41.598 63519 INFO tempest.lib.common.rest_client [req-8247a27c-9379-4598-a6df-5e65e9017f02 req-8247a27c-9379-4598-a6df-5e65e9017f02 ] Request (ServerActionsTestJSON:setUpClass): 200 GET http://10.180.1.21/compute/v2.1/servers/a4e56801-a8b8-448f-9b1a-d228ceeaaa46 0.287s
2025-12-11 09:06:41.607 63561 INFO tempest.lib.common.rest_client [req-c4c0dfd8-163d-4a63-85ea-3a8a0ba3ee57 req-c4c0dfd8-163d-4a63-85ea-3a8a0ba3ee57 ] Request (FloatingIPsNegativeTestJSON:setUpClass): 201 POST http://10.180.1.21:9696/networking/v2.0/routers 1.312s
2025-12-11 09:06:41.648 63543 INFO tempest.lib.common.rest_client [req-0fda33a0-fbeb-412b-a2c0-6a75cee408e6 req-0fda33a0-fbeb-412b-a2c0-6a75cee408e6 ] Request (TenantUsagesTestJSON:setUpClass): 200 GET http://10.180.1.21/compute/v2.1/servers/7d000257-5fc1-43fa-9fc5-a07519a6feea 0.283s
2025-12-11 09:06:41.744 63539 INFO tempest.lib.common.rest_client [req-d570c9e8-a91b-4961-b05e-de3597eadc40 req-d570c9e8-a91b-4961-b05e-de3597eadc40 ] Request (ServerDiagnosticsTest:test_get_server_diagnostics): 200 GET http://10.180.1.21/compute/v2.1/servers/f1dddee3-33d6-4f55-bd91-9ce2fe6be72b 0.245s
2025-12-11 09:06:41.842 63565 INFO tempest.lib.common.rest_client [req-9b1c103c-945c-487f-a210-9d3268058c91 req-9b1c103c-945c-487f-a210-9d3268058c91 ] Request (DeleteServersTestJSON:test_delete_active_server): 200 GET http://10.180.1.21/compute/v2.1/servers/ab9cf87a-b74f-4b2f-842d-26e16b7fdb92 0.461s
