2025-12-11 10:43:38.756 65481 INFO tempest.lib.common.rest_client [req-19dc940b-1954-4316-b539-7d6035b4f7c8 req-19dc940b-1954-4316-b539-7d6035b4f7c8 ] Request (ServersNegativeTestJSON:setUpClass): 201 POST http://10.180.1.21/identity/v3/users 0.119s
2025-12-11 10:43:38.783 65481 INFO tempest.lib.common.rest_client [req-1d295058-01d5-485a-a227-e973441be7b1 req-1d295058-01d5-485a-a227-e973441be7b1 ] Request (ServersNegativeTestJSON:setUpClass): 200 GET http://10.180.1.21/identity/v3/roles 0.026s
2025-12-11 10:43:38.824 65481 INFO tempest.lib.common.rest_client [req-afdc7a8e-4a46-4983-9a50-1c2b4391af09 req-afdc7a8e-4a46-4983-9a50-1c2b4391af09 ] Request (ServersNegativeTestJSON:setUpClass): 204 PUT http://10.180.1.21/identity/v3/projects/e45a80aa9c8f429889e45dc2cc2880a7/users/a5ccf90cb33c4cf591e3d37bf6c94caa/roles/c32f305414db485cb0d3ae6e926fe9bd 0.036s
2025-12-11 10:43:38.824 65481 INFO tempest.lib.common.dynamic_creds [-] Dynamic test user a5ccf90cb33c4cf591e3d37bf6c94caa is created with scope project and roles: ['member']
2025-12-11 10:43:38.824 65481 INFO tempest.lib.common.dynamic_creds [-] Acquired dynamic creds: credentials: Credentials: {'domain_id': 'default', 'domain_name': 'Default', 'username': 'tempest-ServersNegativeTestJSON-1863572029-project-member', 'project_domain_id': 'default', 'project_domain_name': 'Default', 'project_id': 'e45a80aa9c8f429889e45dc2cc2880a7', 'project_name': 'tempest-ServersNegativeTestJSON-1863572029', 'tenant_id': 'e45a80aa9c8f429889e45dc2cc2880a7', 'tenant_name': 'tempest-ServersNegativeTestJSON-1863572029', 'user_domain_id': 'default', 'user_domain_name': 'Default', 'user_id': 'a5ccf90cb33c4cf591e3d37bf6c94caa', 'system': None}, Network: None, Subnet: None, Router: None
2025-12-11 10:43:38.850 65460 INFO tempest.lib.common.rest_client [req-b4d11145-b9c9-4b1f-ab8f-5257c8bad5f7 req-b4d11145-b9c9-4b1f-ab8f-5257c8bad5f7 ] Request (VolumesAdminNegativeTest:setUpClass): 200 PUT http://10.180.1.21/networking/v2.0/routers/48f08552-517d-4593-8baa-0bd66fb2eacc/add_router_interface 1.206s
2025-12-11 10:43:38.850 65460 INFO tempest.lib.common.dynamic_creds [-] Created isolated network resources for: credentials: Credentials: {'domain_id': 'default', 'domain_name': 'Default', 'username': 'tempest-VolumesAdminNegativeTest-1276364567-project-member', 'project_domain_id': 'default', 'project_domain_name': 'Default', 'project_id': '7bd3d31739b348de87cebcbf436e05cb', 'project_name': 'tempest-VolumesAdminNegativeTest-1276364567', 'tenant_id': '7bd3d31739b348de87cebcbf436e05cb', 'tenant_name': 'tempest-VolumesAdminNegativeTest-1276364567', 'user_domain_id': 'default', 'user_domain_name': 'Default', 'user_id': '0739f7af11e945598426b1be68f062a8', 'system': None}, Network: {'id': '28ae19bf-9a51-4b84-a32e-fb0348a4de5e', 'name': 'tempest-VolumesAdminNegativeTest-1139356083-network', 'tenant_id': '7bd3d31739b348de87cebcbf436e05cb', 'project_id': '7bd3d31739b348de87cebcbf436e05cb', 'admin_state_up': True, 'mtu': 8950, 'status': 'ACTIVE', 'subnets': [], 'shared': False, 'port_security_enabled': True, 'router:external': False, 'provider:network_type': 'vlan', 'provider:physical_network': 'default', 'provider:segmentation_id': 597, 'availability_zone_hints': [], 'availability_zones': [], 'ipv4_address_scope': None, 'ipv6_address_scope': None, 'description': '', 'tags': [], 'created_at': '2025-12-11T10:43:36Z', 'updated_at': '2025-12-11T10:43:36Z', 'revision_number': 1}, Subnet: {'id': '4d65a171-d5b8-407a-b36e-9051b357649f', 'name': 'tempest-VolumesAdminNegativeTest-1139356083-subnet', 'tenant_id': '7bd3d31739b348de87cebcbf436e05cb', 'network_id': '28ae19bf-9a51-4b84-a32e-fb0348a4de5e', 'ip_version': 4, 'subnetpool_id': None, 'enable_dhcp': True, 'ipv6_ra_mode': None, 'ipv6_address_mode': None, 'gateway_ip': '192.168.128.1', 'cidr': '192.168.128.0/28', 'allocation_pools': [{'start': '192.168.128.2', 'end': '192.168.128.14'}], 'host_routes': [], 'dns_nameservers': [], 'description': '', 'router:external': False, 'service_types': [], 'tags': [], 'created_at': '2025-12-11T10:43:36Z', 'updated_at': '2025-12-11T10:43:36Z', 'revision_number': 0, 'project_id': '7bd3d31739b348de87cebcbf436e05cb'}, Router: {'id': '48f08552-517d-4593-8baa-0bd66fb2eacc', 'name': 'tempest-VolumesAdminNegativeTest-1139356083-router', 'tenant_id': '7bd3d31739b348de87cebcbf436e05cb', 'admin_state_up': True, 'status': 'ACTIVE', 'external_gateway_info': {'network_id': 'efef8458-b17d-443e-8201-cda1826debf5', 'external_fixed_ips': [{'subnet_id': '958e99d4-69cc-4531-a9c5-d44da050a3b7', 'ip_address': '10.180.180.250'}], 'enable_snat': True}, 'description': '', 'availability_zones': [], 'distributed': False, 'ha': False, 'availability_zone_hints': [], 'routes': [], 'flavor_id': None, 'tags': [], 'created_at': '2025-12-11T10:43:36Z', 'updated_at': '2025-12-11T10:43:37Z', 'revision_number': 2, 'project_id': '7bd3d31739b348de87cebcbf436e05cb'}
2025-12-11 10:43:38.907 65481 INFO tempest.lib.common.rest_client [req-d4d8af1d-d89f-4d59-94ae-01e0115235da req-d4d8af1d-d89f-4d59-94ae-01e0115235da ] Request (ServersNegativeTestJSON:setUpClass): 201 POST http://10.180.1.21/identity/v3/auth/tokens 0.082s
2025-12-11 10:43:38.922 65496 INFO tempest.lib.common.rest_client [req-9144cf7d-538a-475e-8354-ce513639d637 req-9144cf7d-538a-475e-8354-ce513639d637 ] Request (ImagesNegativeTestJSON:test_create_image_from_deleted_server): 200 GET http://10.180.1.21/compute/v2.1/servers/ea633bff-9c88-45e4-bb7f-dce851fb5a39 3.842s
2025-12-11 10:43:38.965 65460 INFO tempest.lib.common.rest_client [req-54862a9f-c74c-4394-9e40-54eb474d3f36 req-54862a9f-c74c-4394-9e40-54eb474d3f36 ] Request (VolumesAdminNegativeTest:setUpClass): 201 POST http://10.180.1.21/identity/v3/auth/tokens 0.109s
2025-12-11 10:43:38.968 65498 INFO tempest.lib.common.rest_client [req-daa6122f-33b3-49aa-be80-9c2cd0df96bd req-daa6122f-33b3-49aa-be80-9c2cd0df96bd ] Request (AttachInterfacesV270Test:test_create_get_list_interfaces): 200 GET http://10.180.1.21/compute/v2.1/servers/eacc6afb-5d41-40c4-a763-ccdded40e142 3.850s
2025-12-11 10:43:38.989 65452 INFO tempest.lib.common.rest_client [req-a22ac912-c8e1-455c-87a2-8887b9ce8ed6 req-a22ac912-c8e1-455c-87a2-8887b9ce8ed6 ] Request (AggregatesAdminNegativeTestJSON:test_aggregate_delete_with_invalid_id): 404 DELETE http://10.180.1.21/compute/v2.1/os-aggregates/-1 3.668s
2025-12-11 10:43:39.023 65460 INFO tempest.lib.common.rest_client [req-51f78ea8-ccea-4b3c-8330-ed4488b37e4f req-51f78ea8-ccea-4b3c-8330-ed4488b37e4f ] Request (VolumesAdminNegativeTest:setUpClass): 201 POST http://10.180.1.21/identity/v3/projects 0.057s
2025-12-11 10:43:39.091 65460 INFO tempest.lib.common.rest_client [req-94061aa4-ac3b-40e9-9736-f09b4806a8c8 req-94061aa4-ac3b-40e9-9736-f09b4806a8c8 ] Request (VolumesAdminNegativeTest:setUpClass): 201 POST http://10.180.1.21/identity/v3/users 0.068s
2025-12-11 10:43:39.117 65460 INFO tempest.lib.common.rest_client [req-2cdc5483-88e8-43d7-9147-e5a95d5b8862 req-2cdc5483-88e8-43d7-9147-e5a95d5b8862 ] Request (VolumesAdminNegativeTest:setUpClass): 200 GET http://10.180.1.21/identity/v3/roles 0.026s
2025-12-11 10:43:39.147 65460 INFO tempest.lib.common.rest_client [req-d086c705-161e-41c6-bb53-5d969cd402de req-d086c705-161e-41c6-bb53-5d969cd402de ] Request (VolumesAdminNegativeTest:setUpClass): 204 PUT http://10.180.1.21/identity/v3/projects/4e7d2ffe0d7e430db59b62d870845bd8/users/d08f40fdc4be4167b994a6640f498a45/roles/162cb17accb6447986567b08fd6932d1 0.029s
2025-12-11 10:43:39.233 65460 INFO tempest.lib.common.rest_client [req-d242ab82-069e-4db9-9ee9-75b30a6fe9d4 req-d242ab82-069e-4db9-9ee9-75b30a6fe9d4 ] Request (VolumesAdminNegativeTest:setUpClass): 200 GET http://10.180.1.21/identity/v3/roles 0.086s
2025-12-11 10:43:39.253 65460 INFO tempest.lib.common.rest_client [req-72995b3a-b9fd-479b-88eb-b13a6fa9be8b req-72995b3a-b9fd-479b-88eb-b13a6fa9be8b ] Request (VolumesAdminNegativeTest:setUpClass): 204 PUT http://10.180.1.21/identity/v3/projects/4e7d2ffe0d7e430db59b62d870845bd8/users/d08f40fdc4be4167b994a6640f498a45/roles/162cb17accb6447986567b08fd6932d1 0.019s
2025-12-11 10:43:39.254 65460 INFO tempest.lib.common.dynamic_creds [-] Dynamic test user d08f40fdc4be4167b994a6640f498a45 is created with scope project and roles: ['admin']
2025-12-11 10:43:39.254 65460 INFO tempest.lib.common.dynamic_creds [-] Acquired dynamic creds: credentials: Credentials: {'domain_id': 'default', 'domain_name': 'Default', 'username': 'tempest-VolumesAdminNegativeTest-1715058257-project-admin', 'project_domain_id': 'default', 'project_domain_name': 'Default', 'project_id': '4e7d2ffe0d7e430db59b62d870845bd8', 'project_name': 'tempest-VolumesAdminNegativeTest-1715058257', 'tenant_id': '4e7d2ffe0d7e430db59b62d870845bd8', 'tenant_name': 'tempest-VolumesAdminNegativeTest-1715058257', 'user_domain_id': 'default', 'user_domain_name': 'Default', 'user_id': 'd08f40fdc4be4167b994a6640f498a45', 'system': None}, Network: None, Subnet: None, Router: None
2025-12-11 10:43:39.354 65478 WARNING tempest.lib.common.ssh [-] Failed to establish authenticated ssh connection to cirros@10.180.180.176 ([Errno None] Unable to connect to port 22 on 10.180.180.176). Number attempts: 5. Retry after 6 seconds.: paramiko.ssh_exception.NoValidConnectionsError: [Errno None] Unable to connect to port 22 on 10.180.180.176
2025-12-11 10:43:39.389 65481 INFO tempest.lib.common.rest_client [req-9afe716f-8bbd-406c-a79e-23b9fab11019 req-9afe716f-8bbd-406c-a79e-23b9fab11019 ] Request (ServersNegativeTestJSON:setUpClass): 201 POST http://10.180.1.21/networking/v2.0/networks 0.482s
2025-12-11 10:43:39.495 65489 WARNING tempest.lib.common.ssh [-] Failed to establish authenticated ssh connection to cirros@10.180.180.242 ([Errno None] Unable to connect to port 22 on 10.180.180.242). Number attempts: 7. Retry after 8 seconds.: paramiko.ssh_exception.NoValidConnectionsError: [Errno None] Unable to connect to port 22 on 10.180.180.242
2025-12-11 10:43:39.567 65444 INFO tempest.lib.common.rest_client [req-eda9af46-6719-4531-beb6-cf78bbd388ec req-eda9af46-6719-4531-beb6-cf78bbd388ec ] Request (SecurityGroupRulesTestJSON:test_security_group_rules_create_with_optional_group_id): 200 POST http://10.180.1.21/compute/v2.1/os-security-groups 3.999s
2025-12-11 10:43:39.738 65450 INFO tempest.lib.common.rest_client [req-2fc11483-4c2a-4893-96ea-410c9276c888 req-2fc11483-4c2a-4893-96ea-410c9276c888 ] Request (TenantUsagesNegativeTestJSON:test_list_usage_all_tenants_with_non_admin_user): 403 GET http://10.180.1.21/compute/v2.1/os-simple-tenant-usage?start=2025-12-10T10%3A43%3A28.121817&end=2025-12-12T10%3A43%3A28.121817&detailed=1 4.160s
2025-12-11 10:43:39.875 65460 INFO tempest.lib.common.rest_client [req-c2732a7a-f2ce-47da-aaea-27ce85df01e8 req-c2732a7a-f2ce-47da-aaea-27ce85df01e8 ] Request (VolumesAdminNegativeTest:setUpClass): 201 POST http://10.180.1.21/networking/v2.0/networks 0.620s
2025-12-11 10:43:39.880 65450 INFO tempest.lib.common.rest_client [req-d289c9b2-f411-4b3d-84c4-12de03426256 req-d289c9b2-f411-4b3d-84c4-12de03426256 ] Request (TenantUsagesNegativeTestJSON:tearDownClass): 204 DELETE http://10.180.1.21/identity/v3/users/5209d28ee91b43df9b8e93dfe52099e6 0.140s
2025-12-11 10:43:39.968 65486 WARNING tempest.lib.common.ssh [-] Failed to establish authenticated ssh connection to cirros@10.180.180.151 ([Errno None] Unable to connect to port 22 on 10.180.180.151). Number attempts: 2. Retry after 3 seconds.: paramiko.ssh_exception.NoValidConnectionsError: [Errno None] Unable to connect to port 22 on 10.180.180.151
2025-12-11 10:43:40.052 65450 INFO tempest.lib.common.rest_client [req-193edacf-319f-4d12-96d5-62a77b1b7d53 req-193edacf-319f-4d12-96d5-62a77b1b7d53 ] Request (TenantUsagesNegativeTestJSON:tearDownClass): 204 DELETE http://10.180.1.21/identity/v3/users/4e759499b88b431ab944b44e77a0e15d 0.171s
2025-12-11 10:43:40.052 65450 INFO tempest.lib.common.dynamic_creds [-] Deleting project and security group for project: d806f119cd404032ae870669fdd4d663
2025-12-11 10:43:40.095 65481 INFO tempest.lib.common.rest_client [req-e21dc0fb-ea1b-49f8-ba64-dc5f309cbcc9 req-e21dc0fb-ea1b-49f8-ba64-dc5f309cbcc9 ] Request (ServersNegativeTestJSON:setUpClass): 201 POST http://10.180.1.21/networking/v2.0/subnets 0.705s
2025-12-11 10:43:40.124 65468 INFO tempest.lib.common.rest_client [req-46868b4c-cb7e-4f6f-8f16-c0ca36d0e4fc req-46868b4c-cb7e-4f6f-8f16-c0ca36d0e4fc ] Request (InstanceActionsV221TestJSON:test_get_list_deleted_instance_actions): 200 GET http://10.180.1.21/compute/v2.1/servers/48ecb452-5ff4-4daf-8f97-091960c75f00 4.973s
2025-12-11 10:43:40.133 65454 INFO tempest.lib.common.rest_client [req-4d08e4b8-7e4e-46e2-b7be-3e15c7e6de85 req-4d08e4b8-7e4e-46e2-b7be-3e15c7e6de85 ] Request (ServerMetadataNegativeTestJSON:test_delete_metadata_non_existent_server): 404 DELETE http://10.180.1.21/compute/v2.1/servers/eb9aeed2-210f-415d-8b7f-af0f67bb67eb/metadata/d 4.441s
2025-12-11 10:43:40.140 65468 INFO tempest.common.waiters [-] State transition "BUILD/networking" ==> "BUILD/spawning" after 22 second wait
2025-12-11 10:43:40.148 65458 INFO tempest.lib.common.rest_client [req-fd09f332-800b-448f-9b0a-c12df5d64baf req-fd09f332-800b-448f-9b0a-c12df5d64baf ] Request (FlavorsAdminTestJSON:test_create_server_with_non_public_flavor): 400 POST http://10.180.1.21/compute/v2.1/servers 4.432s
2025-12-11 10:43:40.149 65450 INFO tempest.lib.common.rest_client [req-8fb3f38d-2f3f-4973-b4bc-9469f7a021f9 req-8fb3f38d-2f3f-4973-b4bc-9469f7a021f9 ] Request (TenantUsagesNegativeTestJSON:tearDownClass): 201 POST http://10.180.1.21/identity/v3/auth/tokens 0.096s
2025-12-11 10:43:40.172 65446 INFO tempest.lib.common.rest_client [req-4567834d-a150-489e-a042-3c93d6a29e50 req-4567834d-a150-489e-a042-3c93d6a29e50 ] Request (KeyPairsV22TestJSON:_run_cleanups): 204 DELETE http://10.180.1.21/compute/v2.1/os-keypairs/tempest-keypair-1898349257 4.437s
2025-12-11 10:43:40.266 65446 INFO tempest.lib.common.rest_client [req-70cd63fe-c5a7-4305-89f4-213cd106e81e req-70cd63fe-c5a7-4305-89f4-213cd106e81e ] Request (KeyPairsV22TestJSON:tearDownClass): 204 DELETE http://10.180.1.21/identity/v3/users/3117280dd5de4cfe917108179e7ca339 0.091s
2025-12-11 10:43:40.267 65446 INFO tempest.lib.common.dynamic_creds [-] Deleting project and security group for project: d391019220494857b2461a29c1295ca1
2025-12-11 10:43:40.335 65446 INFO tempest.lib.common.rest_client [req-a1306287-122d-46dc-871b-0038e2638084 req-a1306287-122d-46dc-871b-0038e2638084 ] Request (KeyPairsV22TestJSON:tearDownClass): 201 POST http://10.180.1.21/identity/v3/auth/tokens 0.068s
2025-12-11 10:43:40.351 65460 INFO tempest.lib.common.rest_client [req-bd8da568-fff8-49c4-a50b-4c5c97ede1db req-bd8da568-fff8-49c4-a50b-4c5c97ede1db ] Request (VolumesAdminNegativeTest:setUpClass): 201 POST http://10.180.1.21/networking/v2.0/subnets 0.476s
2025-12-11 10:43:40.623 65450 INFO tempest.lib.common.rest_client [req-cbb73958-1e45-46f1-b53a-eeea9be0bc81 req-cbb73958-1e45-46f1-b53a-eeea9be0bc81 ] Request (TenantUsagesNegativeTestJSON:tearDownClass): 200 GET http://10.180.1.21/networking/v2.0/security-groups?tenant_id=d806f119cd404032ae870669fdd4d663&name=default 0.473s
2025-12-11 10:43:40.731 65440 INFO tempest.lib.common.rest_client [req-abb91421-c291-4b86-8fb6-8dd46ad619b2 req-abb91421-c291-4b86-8fb6-8dd46ad619b2 ] Request (ImagesTestJSON:test_create_image_from_stopped_server): 200 GET http://10.180.1.21/compute/v2.1/servers/bf73cb05-39ad-4933-8cb3-9df3ea52821c 5.051s
2025-12-11 10:43:40.761 65470 INFO tempest.lib.common.rest_client [req-753e7efd-efe9-4e88-b3ee-9b5e04d0cb76 req-753e7efd-efe9-4e88-b3ee-9b5e04d0cb76 ] Request (ServersListShow2100Test:test_list_show_rebuild_update_server_2100): 200 GET http://10.180.1.21/compute/v2.1/servers/d668ed37-4f11-4ce5-b622-9e65cd71089f 4.989s
2025-12-11 10:43:40.938 65446 INFO tempest.lib.common.rest_client [req-8d491294-5427-4436-ae3a-3cdae0f0ce2d req-8d491294-5427-4436-ae3a-3cdae0f0ce2d ] Request (KeyPairsV22TestJSON:tearDownClass): 200 GET http://10.180.1.21/networking/v2.0/security-groups?tenant_id=d391019220494857b2461a29c1295ca1&name=default 0.602s
2025-12-11 10:43:41.169 65481 INFO tempest.lib.common.rest_client [req-4431ce63-d595-47a9-8a9d-dca19ce92c24 req-4431ce63-d595-47a9-8a9d-dca19ce92c24 ] Request (ServersNegativeTestJSON:setUpClass): 201 POST http://10.180.1.21/networking/v2.0/routers 1.073s
2025-12-11 10:43:41.362 65450 INFO tempest.lib.common.rest_client [req-999c8323-9312-46ab-8f8b-a29c11a9d423 req-999c8323-9312-46ab-8f8b-a29c11a9d423 ] Request (TenantUsagesNegativeTestJSON:tearDownClass): 204 DELETE http://10.180.1.21/networking/v2.0/security-groups/c79748a0-a871-4436-a509-9f4b789e7925 0.738s
2025-12-11 10:43:41.393 65462 INFO tempest.lib.common.rest_client [req-6824f12b-61eb-4eec-9507-965abdade413 req-6824f12b-61eb-4eec-9507-965abdade413 ] Request (SecurityGroupsTestJSON:test_list_security_groups_by_server): 200 GET http://10.180.1.21/compute/v2.1/servers/1f039631-087c-45b4-b4be-e8e595034f85 5.456s
2025-12-11 10:43:41.413 65482 INFO tempest.lib.common.rest_client [req-dd9c8ae2-fc2f-4a18-ad88-28f6c34f09d9 req-dd9c8ae2-fc2f-4a18-ad88-28f6c34f09d9 ] Request (AttachInterfacesTestJSON:test_create_list_show_delete_interfaces_by_fixed_ip): 200 GET http://10.180.1.21/compute/v2.1/servers/314fb53f-297a-42db-b196-47e859e6f70f 5.366s
2025-12-11 10:43:41.456 65450 INFO tempest.lib.common.rest_client [req-d735b45b-efba-413a-8bc7-a00b4e5650a3 req-d735b45b-efba-413a-8bc7-a00b4e5650a3 ] Request (TenantUsagesNegativeTestJSON:tearDownClass): 204 DELETE http://10.180.1.21/identity/v3/projects/d806f119cd404032ae870669fdd4d663 0.094s
2025-12-11 10:43:41.457 65450 INFO tempest.lib.common.dynamic_creds [-] Deleting project and security group for project: d894e741708b470abaa5d6ad65f38e13
2025-12-11 10:43:41.549 65446 INFO tempest.lib.common.rest_client [req-43db7256-8ad7-4c19-9ff4-dce24ee69434 req-43db7256-8ad7-4c19-9ff4-dce24ee69434 ] Request (KeyPairsV22TestJSON:tearDownClass): 204 DELETE http://10.180.1.21/networking/v2.0/security-groups/a6c1f7f2-5277-44cf-92e3-47a219206aa7 0.611s
2025-12-11 10:43:41.794 65446 INFO tempest.lib.common.rest_client [req-3b6b8872-2c2e-4d36-8119-c1839757ceb8 req-3b6b8872-2c2e-4d36-8119-c1839757ceb8 ] Request (KeyPairsV22TestJSON:tearDownClass): 204 DELETE http://10.180.1.21/identity/v3/projects/d391019220494857b2461a29c1295ca1 0.244s
2025-12-11 10:43:41.834 65472 WARNING tempest.lib.common.ssh [-] Failed to establish authenticated ssh connection to cirros@10.180.180.229 ([Errno None] Unable to connect to port 22 on 10.180.180.229). Number attempts: 5. Retry after 6 seconds.: paramiko.ssh_exception.NoValidConnectionsError: [Errno None] Unable to connect to port 22 on 10.180.180.229
2025-12-11 10:43:41.881 65446 INFO tempest.lib.common.rest_client [req-c177f53a-d227-43d4-8504-710badd76fe7 req-c177f53a-d227-43d4-8504-710badd76fe7 ] Request (ServersAaction247Test:setUpClass): 201 POST http://10.180.1.21/identity/v3/auth/tokens 0.084s
2025-12-11 10:43:41.938 65446 INFO tempest.lib.common.rest_client [req-d00f52ea-bb0a-4635-b810-0bde13840aa5 req-d00f52ea-bb0a-4635-b810-0bde13840aa5 ] Request (ServersAaction247Test:setUpClass): 201 POST http://10.180.1.21/identity/v3/auth/tokens 0.052s
2025-12-11 10:43:41.968 65446 INFO tempest.lib.common.rest_client [req-cacd88de-df83-498e-9220-c4b99df0d3eb req-cacd88de-df83-498e-9220-c4b99df0d3eb ] Request (ServersAaction247Test:setUpClass): 200 GET http://10.180.1.21/identity/v3/domains?name=Default 0.030s
2025-12-11 10:43:42.005 65446 INFO tempest.lib.common.rest_client [req-b3b4028d-261b-48fb-9bc5-d2292f5f48ce req-b3b4028d-261b-48fb-9bc5-d2292f5f48ce ] Request (ServersAaction247Test:setUpClass): 201 POST http://10.180.1.21/identity/v3/projects 0.036s
2025-12-11 10:43:42.094 65446 INFO tempest.lib.common.rest_client [req-9531e972-7241-4739-a3cb-89e33c20fec2 req-9531e972-7241-4739-a3cb-89e33c20fec2 ] Request (ServersAaction247Test:setUpClass): 201 POST http://10.180.1.21/identity/v3/users 0.088s
2025-12-11 10:43:42.120 65446 INFO tempest.lib.common.rest_client [req-ee4fc5b8-fcaa-4df2-8297-8828f1584937 req-ee4fc5b8-fcaa-4df2-8297-8828f1584937 ] Request (ServersAaction247Test:setUpClass): 200 GET http://10.180.1.21/identity/v3/roles 0.025s
2025-12-11 10:43:42.159 65446 INFO tempest.lib.common.rest_client [req-b2037919-a303-48cf-ab80-d9e1be488d31 req-b2037919-a303-48cf-ab80-d9e1be488d31 ] Request (ServersAaction247Test:setUpClass): 204 PUT http://10.180.1.21/identity/v3/projects/ae045c3a8d9a4eacbed43292f979dc8c/users/155c11de0f034a86ba29d41b88d37ca0/roles/c32f305414db485cb0d3ae6e926fe9bd 0.038s
2025-12-11 10:43:42.159 65446 INFO tempest.lib.common.dynamic_creds [-] Dynamic test user 155c11de0f034a86ba29d41b88d37ca0 is created with scope project and roles: ['member']
2025-12-11 10:43:42.160 65446 INFO tempest.lib.common.dynamic_creds [-] Acquired dynamic creds: credentials: Credentials: {'domain_id': 'default', 'domain_name': 'Default', 'username': 'tempest-ServersAaction247Test-42383596-project-member', 'project_domain_id': 'default', 'project_domain_name': 'Default', 'project_id': 'ae045c3a8d9a4eacbed43292f979dc8c', 'project_name': 'tempest-ServersAaction247Test-42383596', 'tenant_id': 'ae045c3a8d9a4eacbed43292f979dc8c', 'tenant_name': 'tempest-ServersAaction247Test-42383596', 'user_domain_id': 'default', 'user_domain_name': 'Default', 'user_id': '155c11de0f034a86ba29d41b88d37ca0', 'system': None}, Network: None, Subnet: None, Router: None
2025-12-11 10:43:42.160 65446 INFO tempest.lib.common.dynamic_creds [-] Created isolated network resources for: credentials: Credentials: {'domain_id': 'default', 'domain_name': 'Default', 'username': 'tempest-ServersAaction247Test-42383596-project-member', 'project_domain_id': 'default', 'project_domain_name': 'Default', 'project_id': 'ae045c3a8d9a4eacbed43292f979dc8c', 'project_name': 'tempest-ServersAaction247Test-42383596', 'tenant_id': 'ae045c3a8d9a4eacbed43292f979dc8c', 'tenant_name': 'tempest-ServersAaction247Test-42383596', 'user_domain_id': 'default', 'user_domain_name': 'Default', 'user_id': '155c11de0f034a86ba29d41b88d37ca0', 'system': None}, Network: None, Subnet: None, Router: None
2025-12-11 10:43:42.245 65446 INFO tempest.lib.common.rest_client [req-c6b9caf1-bf3d-42c0-9197-1d16916dc4db req-c6b9caf1-bf3d-42c0-9197-1d16916dc4db ] Request (ServersAaction247Test:setUpClass): 201 POST http://10.180.1.21/identity/v3/auth/tokens 0.082s
2025-12-11 10:43:42.286 65446 INFO tempest.lib.common.rest_client [req-83fbeaaa-69bd-4ea1-9801-fa722e6c4946 req-83fbeaaa-69bd-4ea1-9801-fa722e6c4946 ] Request (ServersAaction247Test:test_create_backup): 201 POST http://10.180.1.21/identity/v3/auth/tokens 0.035s
2025-12-11 10:43:42.286 65446 INFO tempest.lib.common.fixed_network [-] (ServersAaction247Test:test_create_backup) Found network None available for tenant
2025-12-11 10:43:42.306 65460 INFO tempest.lib.common.rest_client [req-ca59e86a-d4b1-4d00-891e-2001d07a5f22 req-ca59e86a-d4b1-4d00-891e-2001d07a5f22 ] Request (VolumesAdminNegativeTest:setUpClass): 201 POST http://10.180.1.21/networking/v2.0/routers 1.953s
2025-12-11 10:43:42.546 65481 INFO tempest.lib.common.rest_client [req-6c8eb458-f870-4fbb-953a-82f6e2c30e2c req-6c8eb458-f870-4fbb-953a-82f6e2c30e2c ] Request (ServersNegativeTestJSON:setUpClass): 200 PUT http://10.180.1.21/networking/v2.0/routers/f0adf350-9d3f-468b-8c62-c022389b6840/add_router_interface 1.376s
2025-12-11 10:43:42.547 65481 INFO tempest.lib.common.dynamic_creds [-] Created isolated network resources for: credentials: Credentials: {'domain_id': 'default', 'domain_name': 'Default', 'username': 'tempest-ServersNegativeTestJSON-1863572029-project-member', 'project_domain_id': 'default', 'project_domain_name': 'Default', 'project_id': 'e45a80aa9c8f429889e45dc2cc2880a7', 'project_name': 'tempest-ServersNegativeTestJSON-1863572029', 'tenant_id': 'e45a80aa9c8f429889e45dc2cc2880a7', 'tenant_name': 'tempest-ServersNegativeTestJSON-1863572029', 'user_domain_id': 'default', 'user_domain_name': 'Default', 'user_id': 'a5ccf90cb33c4cf591e3d37bf6c94caa', 'system': None}, Network: {'id': '753d3348-b467-4a83-8771-4ecb54dcaff4', 'name': 'tempest-ServersNegativeTestJSON-326827422-network', 'tenant_id': 'e45a80aa9c8f429889e45dc2cc2880a7', 'project_id': 'e45a80aa9c8f429889e45dc2cc2880a7', 'admin_state_up': True, 'mtu': 8950, 'status': 'ACTIVE', 'subnets': [], 'shared': False, 'port_security_enabled': True, 'router:external': False, 'provider:network_type': 'vlan', 'provider:physical_network': 'default', 'provider:segmentation_id': 180, 'availability_zone_hints': [], 'availability_zones': [], 'ipv4_address_scope': None, 'ipv6_address_scope': None, 'description': '', 'tags': [], 'created_at': '2025-12-11T10:43:39Z', 'updated_at': '2025-12-11T10:43:39Z', 'revision_number': 1}, Subnet: {'id': '95ee1bfb-95a8-4858-85e4-6586a67c6122', 'name': 'tempest-ServersNegativeTestJSON-326827422-subnet', 'tenant_id': 'e45a80aa9c8f429889e45dc2cc2880a7', 'network_id': '753d3348-b467-4a83-8771-4ecb54dcaff4', 'ip_version': 4, 'subnetpool_id': None, 'enable_dhcp': True, 'ipv6_ra_mode': None, 'ipv6_address_mode': None, 'gateway_ip': '192.168.128.1', 'cidr': '192.168.128.0/28', 'allocation_pools': [{'start': '192.168.128.2', 'end': '192.168.128.14'}], 'host_routes': [], 'dns_nameservers': [], 'description': '', 'router:external': False, 'service_types': [], 'tags': [], 'created_at': '2025-12-11T10:43:39Z', 'updated_at': '2025-12-11T10:43:39Z', 'revision_number': 0, 'project_id': 'e45a80aa9c8f429889e45dc2cc2880a7'}, Router: {'id': 'f0adf350-9d3f-468b-8c62-c022389b6840', 'name': 'tempest-ServersNegativeTestJSON-326827422-router', 'tenant_id': 'e45a80aa9c8f429889e45dc2cc2880a7', 'admin_state_up': True, 'status': 'ACTIVE', 'external_gateway_info': {'network_id': 'efef8458-b17d-443e-8201-cda1826debf5', 'external_fixed_ips': [{'subnet_id': '958e99d4-69cc-4531-a9c5-d44da050a3b7', 'ip_address': '10.180.180.221'}], 'enable_snat': True}, 'description': '', 'availability_zones': [], 'distributed': False, 'ha': False, 'availability_zone_hints': [], 'routes': [], 'flavor_id': None, 'tags': [], 'created_at': '2025-12-11T10:43:40Z', 'updated_at': '2025-12-11T10:43:40Z', 'revision_number': 2, 'project_id': 'e45a80aa9c8f429889e45dc2cc2880a7'}
2025-12-11 10:43:42.579 65464 INFO tempest.lib.common.rest_client [req-38e76e55-686b-4fdd-b8c3-09eae070cae4 req-38e76e55-686b-4fdd-b8c3-09eae070cae4 ] Request (ServerAddressesTestJSON:setUpClass): 200 GET http://10.180.1.21/compute/v2.1/servers/1a3ccee0-c9e6-4e55-b7ea-eebd121bb8e8 6.273s
2025-12-11 10:43:42.654 65481 INFO tempest.lib.common.rest_client [req-a0e09966-987f-407a-b0d5-a3249dfffb4f req-a0e09966-987f-407a-b0d5-a3249dfffb4f ] Request (ServersNegativeTestJSON:setUpClass): 201 POST http://10.180.1.21/identity/v3/auth/tokens 0.103s
2025-12-11 10:43:42.710 65481 INFO tempest.lib.common.rest_client [req-8a2b5a16-9bd4-4049-9c96-ba9410757f01 req-8a2b5a16-9bd4-4049-9c96-ba9410757f01 ] Request (ServersNegativeTestJSON:setUpClass): 201 POST http://10.180.1.21/identity/v3/auth/tokens 0.050s
2025-12-11 10:43:42.710 65481 INFO tempest.lib.common.fixed_network [-] (ServersNegativeTestJSON:setUpClass) Found network {'id': '753d3348-b467-4a83-8771-4ecb54dcaff4', 'name': 'tempest-ServersNegativeTestJSON-326827422-network', 'tenant_id': 'e45a80aa9c8f429889e45dc2cc2880a7', 'project_id': 'e45a80aa9c8f429889e45dc2cc2880a7', 'admin_state_up': True, 'mtu': 8950, 'status': 'ACTIVE', 'subnets': [], 'shared': False, 'port_security_enabled': True, 'router:external': False, 'provider:network_type': 'vlan', 'provider:physical_network': 'default', 'provider:segmentation_id': 180, 'availability_zone_hints': [], 'availability_zones': [], 'ipv4_address_scope': None, 'ipv6_address_scope': None, 'description': '', 'tags': [], 'created_at': '2025-12-11T10:43:39Z', 'updated_at': '2025-12-11T10:43:39Z', 'revision_number': 1} available for tenant
2025-12-11 10:43:42.739 65474 INFO tempest.lib.common.rest_client [req-b14bbabd-1824-42ad-85e8-a327a10f7dbd req-b14bbabd-1824-42ad-85e8-a327a10f7dbd ] Request (ServersTestManualDisk:test_list_servers): 200 GET http://10.180.1.21/compute/v2.1/servers 6.332s
2025-12-11 10:43:42.743 65450 INFO tempest.lib.common.rest_client [req-48fadad4-21b7-4689-b68e-3c9721bbad6c req-48fadad4-21b7-4689-b68e-3c9721bbad6c ] Request (TenantUsagesNegativeTestJSON:tearDownClass): 200 GET http://10.180.1.21/networking/v2.0/security-groups?tenant_id=d894e741708b470abaa5d6ad65f38e13&name=default 1.285s
2025-12-11 10:43:42.922 65494 INFO tempest.lib.common.rest_client [req-601e98d7-c962-4f11-a549-7ce121fd4c42 req-601e98d7-c962-4f11-a549-7ce121fd4c42 ] Request (ServicesAdminNegativeTestJSON:test_list_services_with_non_admin_user): 403 GET http://10.180.1.21/compute/v2.1/os-services 6.301s
2025-12-11 10:43:43.055 65456 INFO tempest.lib.common.rest_client [req-91ec2e0c-f0eb-4848-8451-8f8cfa021dca req-91ec2e0c-f0eb-4848-8451-8f8cfa021dca ] Request (ServersAdmin275Test:tearDownClass): 204 DELETE http://10.180.1.21/compute/v2.1/servers/99d2bd59-637d-4c24-989b-e431e69acf4f 6.331s
2025-12-11 10:43:43.072 65494 INFO tempest.lib.common.rest_client [req-8cb60499-7b27-4e14-9fe1-a5e816043a3e req-8cb60499-7b27-4e14-9fe1-a5e816043a3e ] Request (ServicesAdminNegativeTestJSON:tearDownClass): 204 DELETE http://10.180.1.21/identity/v3/users/983bc4570990479f8ccd5dc0fdfa5531 0.148s
2025-12-11 10:43:43.173 65494 INFO tempest.lib.common.rest_client [req-b7a62078-4456-4c17-a33f-2bbcfe0160af req-b7a62078-4456-4c17-a33f-2bbcfe0160af ] Request (ServicesAdminNegativeTestJSON:tearDownClass): 204 DELETE http://10.180.1.21/identity/v3/users/507cdb0fe6e14cd7ad7df1b2088443db 0.100s
2025-12-11 10:43:43.174 65494 INFO tempest.lib.common.dynamic_creds [-] Deleting project and security group for project: 61459177939a4913b305fdfc6020cf51
2025-12-11 10:43:43.240 65494 INFO tempest.lib.common.rest_client [req-caba6e2c-212b-4508-8071-5e1d17d9d152 req-caba6e2c-212b-4508-8071-5e1d17d9d152 ] Request (ServicesAdminNegativeTestJSON:tearDownClass): 201 POST http://10.180.1.21/identity/v3/auth/tokens 0.066s
2025-12-11 10:43:43.707 65460 INFO tempest.lib.common.rest_client [req-81a13499-c655-4b91-9922-7a9e60816b2a req-81a13499-c655-4b91-9922-7a9e60816b2a ] Request (VolumesAdminNegativeTest:setUpClass): 200 PUT http://10.180.1.21/networking/v2.0/routers/6b426320-0b8b-45ad-a288-b99aed579bdf/add_router_interface 1.401s
2025-12-11 10:43:43.707 65460 INFO tempest.lib.common.dynamic_creds [-] Created isolated network resources for: credentials: Credentials: {'domain_id': 'default', 'domain_name': 'Default', 'username': 'tempest-VolumesAdminNegativeTest-1715058257-project-admin', 'project_domain_id': 'default', 'project_domain_name': 'Default', 'project_id': '4e7d2ffe0d7e430db59b62d870845bd8', 'project_name': 'tempest-VolumesAdminNegativeTest-1715058257', 'tenant_id': '4e7d2ffe0d7e430db59b62d870845bd8', 'tenant_name': 'tempest-VolumesAdminNegativeTest-1715058257', 'user_domain_id': 'default', 'user_domain_name': 'Default', 'user_id': 'd08f40fdc4be4167b994a6640f498a45', 'system': None}, Network: {'id': '811ad7bb-d3d0-415b-800e-328a668b5822', 'name': 'tempest-VolumesAdminNegativeTest-387704773-network', 'tenant_id': '4e7d2ffe0d7e430db59b62d870845bd8', 'project_id': '4e7d2ffe0d7e430db59b62d870845bd8', 'admin_state_up': True, 'mtu': 8950, 'status': 'ACTIVE', 'subnets': [], 'shared': False, 'port_security_enabled': True, 'router:external': False, 'provider:network_type': 'vlan', 'provider:physical_network': 'default', 'provider:segmentation_id': 320, 'availability_zone_hints': [], 'availability_zones': [], 'ipv4_address_scope': None, 'ipv6_address_scope': None, 'description': '', 'tags': [], 'created_at': '2025-12-11T10:43:39Z', 'updated_at': '2025-12-11T10:43:39Z', 'revision_number': 1}, Subnet: {'id': 'add556a7-c4ed-4053-beee-1c93300473c6', 'name': 'tempest-VolumesAdminNegativeTest-387704773-subnet', 'tenant_id': '4e7d2ffe0d7e430db59b62d870845bd8', 'network_id': '811ad7bb-d3d0-415b-800e-328a668b5822', 'ip_version': 4, 'subnetpool_id': None, 'enable_dhcp': True, 'ipv6_ra_mode': None, 'ipv6_address_mode': None, 'gateway_ip': '192.168.128.1', 'cidr': '192.168.128.0/28', 'allocation_pools': [{'start': '192.168.128.2', 'end': '192.168.128.14'}], 'host_routes': [], 'dns_nameservers': [], 'description': '', 'router:external': False, 'service_types': [], 'tags': [], 'created_at': '2025-12-11T10:43:40Z', 'updated_at': '2025-12-11T10:43:40Z', 'revision_number': 0, 'project_id': '4e7d2ffe0d7e430db59b62d870845bd8'}, Router: {'id': '6b426320-0b8b-45ad-a288-b99aed579bdf', 'name': 'tempest-VolumesAdminNegativeTest-387704773-router', 'tenant_id': '4e7d2ffe0d7e430db59b62d870845bd8', 'admin_state_up': True, 'status': 'ACTIVE', 'external_gateway_info': {'network_id': 'efef8458-b17d-443e-8201-cda1826debf5', 'external_fixed_ips': [{'subnet_id': '958e99d4-69cc-4531-a9c5-d44da050a3b7', 'ip_address': '10.180.180.238'}], 'enable_snat': True}, 'description': '', 'availability_zones': [], 'distributed': False, 'ha': False, 'availability_zone_hints': [], 'routes': [], 'flavor_id': None, 'tags': [], 'created_at': '2025-12-11T10:43:40Z', 'updated_at': '2025-12-11T10:43:41Z', 'revision_number': 2, 'project_id': '4e7d2ffe0d7e430db59b62d870845bd8'}
2025-12-11 10:43:43.768 65448 INFO tempest.lib.common.rest_client [req-c0a81b60-6aff-4e5f-b022-96a7f63458c4 req-c0a81b60-6aff-4e5f-b022-96a7f63458c4 ] Request (DeleteServersAdminTestJSON:test_delete_server_while_in_error_state): 200 GET http://10.180.1.21/compute/v2.1/servers/5ed90406-7907-4332-aff3-71999c78ff82 7.396s
2025-12-11 10:43:43.831 65460 INFO tempest.lib.common.rest_client [req-3004d7ef-5a20-453d-9990-3d661ddde577 req-3004d7ef-5a20-453d-9990-3d661ddde577 ] Request (VolumesAdminNegativeTest:setUpClass): 201 POST http://10.180.1.21/identity/v3/auth/tokens 0.120s
2025-12-11 10:43:43.874 65450 INFO tempest.lib.common.rest_client [req-da13db03-1e26-495b-aafc-0f806a298987 req-da13db03-1e26-495b-aafc-0f806a298987 ] Request (TenantUsagesNegativeTestJSON:tearDownClass): 204 DELETE http://10.180.1.21/networking/v2.0/security-groups/255fa75a-891a-4736-8a67-c1e4bcd4a984 1.131s
2025-12-11 10:43:43.881 65460 INFO tempest.lib.common.rest_client [req-9e20a7a5-1cc8-44fe-85a0-57c4aa00e907 req-9e20a7a5-1cc8-44fe-85a0-57c4aa00e907 ] Request (VolumesAdminNegativeTest:setUpClass): 201 POST http://10.180.1.21/identity/v3/projects 0.049s
2025-12-11 10:43:43.947 65460 INFO tempest.lib.common.rest_client [req-69b0fbad-e40d-4e62-9a2a-20a8a0c12129 req-69b0fbad-e40d-4e62-9a2a-20a8a0c12129 ] Request (VolumesAdminNegativeTest:setUpClass): 201 POST http://10.180.1.21/identity/v3/users 0.066s
2025-12-11 10:43:43.971 65460 INFO tempest.lib.common.rest_client [req-24093fe1-7a53-4fda-afe1-bf6be0e945a9 req-24093fe1-7a53-4fda-afe1-bf6be0e945a9 ] Request (VolumesAdminNegativeTest:setUpClass): 200 GET http://10.180.1.21/identity/v3/roles 0.023s
2025-12-11 10:43:43.978 65466 INFO tempest.lib.common.rest_client [req-5c4670ca-6d1e-424e-9653-e17957a4c5d1 req-5c4670ca-6d1e-424e-9653-e17957a4c5d1 ] Request (SecurityGroupRulesNegativeTestJSON:test_create_security_group_rule_with_non_existent_id): 404 POST http://10.180.1.21/compute/v2.1/os-security-group-rules 7.063s
2025-12-11 10:43:44.012 65450 INFO tempest.lib.common.rest_client [req-d037ccec-229e-4539-9b7b-c0b4b2f13d74 req-d037ccec-229e-4539-9b7b-c0b4b2f13d74 ] Request (TenantUsagesNegativeTestJSON:tearDownClass): 204 DELETE http://10.180.1.21/identity/v3/projects/d894e741708b470abaa5d6ad65f38e13 0.138s
2025-12-11 10:43:44.048 65460 INFO tempest.lib.common.rest_client [req-dc0f2298-bcf3-4c61-9101-6f439025b7a0 req-dc0f2298-bcf3-4c61-9101-6f439025b7a0 ] Request (VolumesAdminNegativeTest:setUpClass): 204 PUT http://10.180.1.21/identity/v3/projects/4539ac47d8f0440b9e0460660cc1c79e/users/32362ea64aa749598f7210fbac94afc9/roles/af0ae4907ea94a6c88e89c3e4f108f89 0.076s
2025-12-11 10:43:44.108 65450 INFO tempest.lib.common.rest_client [req-20e7d7eb-2131-4264-a47c-5d6ef4f49d2a req-20e7d7eb-2131-4264-a47c-5d6ef4f49d2a ] Request (ImagesMetadataNegativeTestJSON:setUpClass): 201 POST http://10.180.1.21/identity/v3/auth/tokens 0.094s
2025-12-11 10:43:44.143 65460 INFO tempest.lib.common.rest_client [req-972c93ac-76bd-4636-9427-f43e5ade53c2 req-972c93ac-76bd-4636-9427-f43e5ade53c2 ] Request (VolumesAdminNegativeTest:setUpClass): 200 GET http://10.180.1.21/identity/v3/roles 0.094s
2025-12-11 10:43:44.163 65450 INFO tempest.lib.common.rest_client [req-6ed59c69-5d6e-4bf2-9620-6ceece35f242 req-6ed59c69-5d6e-4bf2-9620-6ceece35f242 ] Request (ImagesMetadataNegativeTestJSON:setUpClass): 201 POST http://10.180.1.21/identity/v3/auth/tokens 0.051s
2025-12-11 10:43:44.173 65460 INFO tempest.lib.common.rest_client [req-6f194bf7-9d9c-4588-ab3c-d39d02264770 req-6f194bf7-9d9c-4588-ab3c-d39d02264770 ] Request (VolumesAdminNegativeTest:setUpClass): 204 PUT http://10.180.1.21/identity/v3/projects/4539ac47d8f0440b9e0460660cc1c79e/users/32362ea64aa749598f7210fbac94afc9/roles/162cb17accb6447986567b08fd6932d1 0.029s
2025-12-11 10:43:44.174 65460 INFO tempest.lib.common.dynamic_creds [-] Dynamic test user 32362ea64aa749598f7210fbac94afc9 is created with scope project and roles: ['service', 'admin']
2025-12-11 10:43:44.174 65460 INFO tempest.lib.common.dynamic_creds [-] Acquired dynamic creds: credentials: Credentials: {'domain_id': 'default', 'domain_name': 'Default', 'username': 'tempest-VolumesAdminNegativeTest-1976407257-project', 'project_domain_id': 'default', 'project_domain_name': 'Default', 'project_id': '4539ac47d8f0440b9e0460660cc1c79e', 'project_name': 'tempest-VolumesAdminNegativeTest-1976407257', 'tenant_id': '4539ac47d8f0440b9e0460660cc1c79e', 'tenant_name': 'tempest-VolumesAdminNegativeTest-1976407257', 'user_domain_id': 'default', 'user_domain_name': 'Default', 'user_id': '32362ea64aa749598f7210fbac94afc9', 'system': None}, Network: None, Subnet: None, Router: None
2025-12-11 10:43:44.251 65450 INFO tempest.lib.common.rest_client [req-08484884-13d8-4b63-ba53-37a4c01e1c24 req-08484884-13d8-4b63-ba53-37a4c01e1c24 ] Request (ImagesMetadataNegativeTestJSON:setUpClass): 200 GET http://10.180.1.21/identity/v3/domains?name=Default 0.087s
2025-12-11 10:43:44.291 65450 INFO tempest.lib.common.rest_client [req-bb8d4aa8-c92f-4d9c-9477-1a75bc4c4c41 req-bb8d4aa8-c92f-4d9c-9477-1a75bc4c4c41 ] Request (ImagesMetadataNegativeTestJSON:setUpClass): 201 POST http://10.180.1.21/identity/v3/projects 0.039s
2025-12-11 10:43:44.295 65494 INFO tempest.lib.common.rest_client [req-72a6b3f6-2934-462d-a50d-d6c652caeba7 req-72a6b3f6-2934-462d-a50d-d6c652caeba7 ] Request (ServicesAdminNegativeTestJSON:tearDownClass): 200 GET http://10.180.1.21/networking/v2.0/security-groups?tenant_id=61459177939a4913b305fdfc6020cf51&name=default 1.054s
2025-12-11 10:43:44.359 65450 INFO tempest.lib.common.rest_client [req-d304128d-c3c2-458c-babe-8b425d4cee8c req-d304128d-c3c2-458c-babe-8b425d4cee8c ] Request (ImagesMetadataNegativeTestJSON:setUpClass): 201 POST http://10.180.1.21/identity/v3/users 0.068s
2025-12-11 10:43:44.386 65450 INFO tempest.lib.common.rest_client [req-127864be-ed69-4ddf-b8cb-63f87b5ff195 req-127864be-ed69-4ddf-b8cb-63f87b5ff195 ] Request (ImagesMetadataNegativeTestJSON:setUpClass): 200 GET http://10.180.1.21/identity/v3/roles 0.027s
2025-12-11 10:43:44.419 65450 INFO tempest.lib.common.rest_client [req-bd271a46-e183-4df3-aabb-8a4dd144ce10 req-bd271a46-e183-4df3-aabb-8a4dd144ce10 ] Request (ImagesMetadataNegativeTestJSON:setUpClass): 204 PUT http://10.180.1.21/identity/v3/projects/67767f99930b4711ab4f0dcf516afdbf/users/29bfc3b331bc4646a53f4ceba00621a1/roles/c32f305414db485cb0d3ae6e926fe9bd 0.032s
2025-12-11 10:43:44.419 65450 INFO tempest.lib.common.dynamic_creds [-] Dynamic test user 29bfc3b331bc4646a53f4ceba00621a1 is created with scope project and roles: ['member']
2025-12-11 10:43:44.419 65450 INFO tempest.lib.common.dynamic_creds [-] Acquired dynamic creds: credentials: Credentials: {'domain_id': 'default', 'domain_name': 'Default', 'username': 'tempest-ImagesMetadataNegativeTestJSON-1532316289-project-member', 'project_domain_id': 'default', 'project_domain_name': 'Default', 'project_id': '67767f99930b4711ab4f0dcf516afdbf', 'project_name': 'tempest-ImagesMetadataNegativeTestJSON-1532316289', 'tenant_id': '67767f99930b4711ab4f0dcf516afdbf', 'tenant_name': 'tempest-ImagesMetadataNegativeTestJSON-1532316289', 'user_domain_id': 'default', 'user_domain_name': 'Default', 'user_id': '29bfc3b331bc4646a53f4ceba00621a1', 'system': None}, Network: None, Subnet: None, Router: None
2025-12-11 10:43:44.420 65450 INFO tempest.lib.common.dynamic_creds [-] Created isolated network resources for: credentials: Credentials: {'domain_id': 'default', 'domain_name': 'Default', 'username': 'tempest-ImagesMetadataNegativeTestJSON-1532316289-project-member', 'project_domain_id': 'default', 'project_domain_name': 'Default', 'project_id': '67767f99930b4711ab4f0dcf516afdbf', 'project_name': 'tempest-ImagesMetadataNegativeTestJSON-1532316289', 'tenant_id': '67767f99930b4711ab4f0dcf516afdbf', 'tenant_name': 'tempest-ImagesMetadataNegativeTestJSON-1532316289', 'user_domain_id': 'default', 'user_domain_name': 'Default', 'user_id': '29bfc3b331bc4646a53f4ceba00621a1', 'system': None}, Network: None, Subnet: None, Router: None
2025-12-11 10:43:44.524 65450 INFO tempest.lib.common.rest_client [req-4eba8ee0-ce63-402e-9fac-429b6beadcd7 req-4eba8ee0-ce63-402e-9fac-429b6beadcd7 ] Request (ImagesMetadataNegativeTestJSON:setUpClass): 201 POST http://10.180.1.21/identity/v3/auth/tokens 0.101s
2025-12-11 10:43:44.600 65494 INFO tempest.lib.common.rest_client [req-d2b6bccf-2a9a-4506-84f7-d3ea99275457 req-d2b6bccf-2a9a-4506-84f7-d3ea99275457 ] Request (ServicesAdminNegativeTestJSON:tearDownClass): 204 DELETE http://10.180.1.21/networking/v2.0/security-groups/1cb85ee0-459c-4b10-88c0-821a8aebe79a 0.305s
2025-12-11 10:43:44.656 65500 INFO tempest.lib.common.rest_client [req-4af8fe02-1849-4ab2-b264-1660fe18b1c3 req-4af8fe02-1849-4ab2-b264-1660fe18b1c3 ] Request (ImagesOneServerTestJSON:setUpClass): 200 GET http://10.180.1.21/compute/v2.1/servers/17b8d396-a6e2-4e76-9c9e-99afe5a955d2 7.256s
2025-12-11 10:43:44.663 65500 INFO tempest.common.waiters [-] State transition "BUILD/None" ==> "BUILD/spawning" after 24 second wait
2025-12-11 10:43:44.713 65502 INFO tempest.lib.common.rest_client [req-ec10df6b-5ecf-4bb4-8e7c-afe967c70888 req-ec10df6b-5ecf-4bb4-8e7c-afe967c70888 ] Request (ListImageFiltersTestJSON:setUpClass): 200 GET http://10.180.1.21/compute/v2.1/images/9d931902-089d-4c49-916d-9fdb210753bc 7.040s
2025-12-11 10:43:44.820 65492 INFO tempest.lib.common.rest_client [req-d515ed3c-8d95-4b16-b679-7f218dd05d5b req-d515ed3c-8d95-4b16-b679-7f218dd05d5b ] Request (ListServerFiltersTestJSON:setUpClass): 200 GET http://10.180.1.21/compute/v2.1/servers/ca2597c1-0e23-4042-b156-8cd5eae946ad 7.159s
2025-12-11 10:43:44.825 65460 INFO tempest.lib.common.rest_client [req-afd7684e-4d90-48d5-a517-cae7dfc88440 req-afd7684e-4d90-48d5-a517-cae7dfc88440 ] Request (VolumesAdminNegativeTest:setUpClass): 201 POST http://10.180.1.21/networking/v2.0/networks 0.651s
2025-12-11 10:43:44.849 65494 INFO tempest.lib.common.rest_client [req-57769efb-8be2-44dc-b3d1-87e557f2d2b9 req-57769efb-8be2-44dc-b3d1-87e557f2d2b9 ] Request (ServicesAdminNegativeTestJSON:tearDownClass): 204 DELETE http://10.180.1.21/identity/v3/projects/61459177939a4913b305fdfc6020cf51 0.248s
2025-12-11 10:43:44.850 65494 INFO tempest.lib.common.dynamic_creds [-] Deleting project and security group for project: 94afed7c385f40d49738b2a146bde729
2025-12-11 10:43:44.934 65442 INFO tempest.lib.common.rest_client [req-327f7e53-178b-4255-9586-668d73d4caae req-327f7e53-178b-4255-9586-668d73d4caae ] Request (FlavorsAccessNegativeTestJSON:test_remove_flavor_access_not_found): 404 POST http://10.180.1.21/compute/v2.1/flavors/760485461/action 7.255s
2025-12-11 10:43:45.120 65460 INFO tempest.lib.common.rest_client [req-0623bcc0-b305-4091-810e-d75c51ba4261 req-0623bcc0-b305-4091-810e-d75c51ba4261 ] Request (VolumesAdminNegativeTest:setUpClass): 201 POST http://10.180.1.21/networking/v2.0/subnets 0.294s
2025-12-11 10:43:45.199 65484 INFO tempest.lib.common.rest_client [req-33aaa78f-47d7-44c9-bff1-f1eb76c6316d req-33aaa78f-47d7-44c9-bff1-f1eb76c6316d ] Request (InstanceActionsNegativeTestJSON:setUpClass): 200 GET http://10.180.1.21/compute/v2.1/servers/f805a353-ad6e-4747-935b-5a9e781e07bc 6.995s
2025-12-11 10:43:45.235 65452 INFO tempest.lib.common.rest_client [req-5eda29e9-d942-4553-bce2-3f1f4631d184 req-5eda29e9-d942-4553-bce2-3f1f4631d184 ] Request (AggregatesAdminNegativeTestJSON:test_aggregate_get_details_as_user): 200 POST http://10.180.1.21/compute/v2.1/os-aggregates 6.245s
2025-12-11 10:43:45.238 65494 INFO tempest.lib.common.rest_client [req-a55e992f-f8ed-4f86-a7f1-29d3024c9e95 req-a55e992f-f8ed-4f86-a7f1-29d3024c9e95 ] Request (ServicesAdminNegativeTestJSON:tearDownClass): 200 GET http://10.180.1.21/networking/v2.0/security-groups?tenant_id=94afed7c385f40d49738b2a146bde729&name=default 0.388s
2025-12-11 10:43:45.861 65478 WARNING tempest.lib.common.ssh [-] Failed to establish authenticated ssh connection to cirros@10.180.180.176 ([Errno None] Unable to connect to port 22 on 10.180.180.176). Number attempts: 6. Retry after 7 seconds.: paramiko.ssh_exception.NoValidConnectionsError: [Errno None] Unable to connect to port 22 on 10.180.180.176
2025-12-11 10:43:46.341 65460 INFO tempest.lib.common.rest_client [req-bbae6ef2-094f-488a-aa81-f155ce8d0776 req-bbae6ef2-094f-488a-aa81-f155ce8d0776 ] Request (VolumesAdminNegativeTest:setUpClass): 201 POST http://10.180.1.21/networking/v2.0/routers 1.220s
2025-12-11 10:43:46.507 65494 INFO tempest.lib.common.rest_client [req-def36854-8aae-4ca9-b08a-01435ed20d21 req-def36854-8aae-4ca9-b08a-01435ed20d21 ] Request (ServicesAdminNegativeTestJSON:tearDownClass): 204 DELETE http://10.180.1.21/networking/v2.0/security-groups/5b2e1d26-64cd-4d5e-86a8-0668f468adb8 1.269s
2025-12-11 10:43:46.533 65490 INFO tempest.lib.common.rest_client [req-9a7601dc-64cf-42cd-bff0-82d277a668d1 req-9a7601dc-64cf-42cd-bff0-82d277a668d1 ] Request (AttachVolumeNegativeTest:test_attach_attached_volume_to_different_server): 200 GET http://10.180.1.21/compute/v2.1/servers/1e6053f3-cc3b-46df-a5c4-bf6196be2978 7.141s
2025-12-11 10:43:46.546 65490 INFO tempest.common.waiters [-] State transition "BUILD/scheduling" ==> "BUILD/None" after 8 second wait
2025-12-11 10:43:46.552 65476 INFO tempest.lib.common.rest_client [req-1b9f9ccb-2b6b-435a-8736-4af52a0557aa req-1b9f9ccb-2b6b-435a-8736-4af52a0557aa ] Request (ServersTestFqdnHostnames:test_create_server_with_fqdn_name): 200 GET http://10.180.1.21/compute/v2.1/servers/103006ad-3732-4e06-85b3-bd3306865d2f 7.605s
2025-12-11 10:43:46.560 65486 WARNING tempest.lib.common.ssh [-] Failed to establish authenticated ssh connection to cirros@10.180.180.151 ([Errno None] Unable to connect to port 22 on 10.180.180.151). Number attempts: 3. Retry after 4 seconds.: paramiko.ssh_exception.NoValidConnectionsError: [Errno None] Unable to connect to port 22 on 10.180.180.151
2025-12-11 10:43:46.666 65494 INFO tempest.lib.common.rest_client [req-af512b09-503b-46b7-95ce-3cc8af363005 req-af512b09-503b-46b7-95ce-3cc8af363005 ] Request (ServicesAdminNegativeTestJSON:tearDownClass): 204 DELETE http://10.180.1.21/identity/v3/projects/94afed7c385f40d49738b2a146bde729 0.158s
2025-12-11 10:43:46.667 65494 INFO tempest.test [-] raised in ServerStableDeviceRescueTest.setUpClass. Invoking tearDownClass.
2025-12-11 10:43:46.669 65494 INFO tempest.test [-] raised in ComputeNetworksTest.setUpClass. Invoking tearDownClass.
2025-12-11 10:43:47.184 65496 INFO tempest.lib.common.rest_client [req-f01c0c93-7c6b-4599-9e78-859e9d74242a req-f01c0c93-7c6b-4599-9e78-859e9d74242a ] Request (ImagesNegativeTestJSON:test_create_image_from_deleted_server): 200 GET http://10.180.1.21/compute/v2.1/servers/ea633bff-9c88-45e4-bb7f-dce851fb5a39 7.253s
2025-12-11 10:43:47.192 65496 INFO tempest.common.waiters [-] State transition "BUILD/spawning" ==> "ACTIVE/None" after 40 second wait
2025-12-11 10:43:47.439 65460 INFO tempest.lib.common.rest_client [req-ef242b0b-456a-48f3-b77e-1097894db44e req-ef242b0b-456a-48f3-b77e-1097894db44e ] Request (VolumesAdminNegativeTest:setUpClass): 200 PUT http://10.180.1.21/networking/v2.0/routers/94a5f38f-2ba2-4005-a3c2-09466394512d/add_router_interface 1.097s
