2025-12-11 10:42:47.552 65440 INFO tempest.lib.common.rest_client [req-04ada895-90cf-4cf6-9ee3-b43e1eccf231 req-04ada895-90cf-4cf6-9ee3-b43e1eccf231 ] Request (FloatingIPDetailsTestJSON:tearDownClass): 204 DELETE http://10.180.1.21/networking/v2.0/networks/0a6d5d08-b145-432d-974f-5e0ccdf19330 0.398s
2025-12-11 10:42:47.557 65460 INFO tempest.lib.common.rest_client [req-b322cb71-c400-4359-b17e-1c1aae5a1055 req-b322cb71-c400-4359-b17e-1c1aae5a1055 ] Request (QuotasAdminTestV236:setUpClass): 201 POST http://10.180.1.21/identity/v3/projects 0.081s
2025-12-11 10:42:47.597 65498 INFO tempest.lib.common.rest_client [req-b71d1850-638e-45b0-9f00-428811564594 req-b71d1850-638e-45b0-9f00-428811564594 ] Request (SecurityGroupsNegativeTestJSON:test_delete_the_default_security_group): 200 GET http://10.180.1.21/compute/v2.1/os-security-groups 3.439s
2025-12-11 10:42:47.634 65476 INFO tempest.lib.common.rest_client [req-1e1e80b9-70be-4176-9011-3edf35c56c57 req-1e1e80b9-70be-4176-9011-3edf35c56c57 ] Request (ServersTestFqdnHostnames:setUpClass): 201 POST http://10.180.1.21/identity/v3/auth/tokens 0.089s
2025-12-11 10:42:47.668 65460 INFO tempest.lib.common.rest_client [req-3faea176-1316-418c-8b2f-784a8fe1aef7 req-3faea176-1316-418c-8b2f-784a8fe1aef7 ] Request (QuotasAdminTestV236:setUpClass): 201 POST http://10.180.1.21/identity/v3/users 0.110s
2025-12-11 10:42:47.699 65440 INFO tempest.lib.common.rest_client [req-e33d38ed-b172-408d-8cba-b8f5d6dfffbe req-e33d38ed-b172-408d-8cba-b8f5d6dfffbe ] Request (FloatingIPDetailsTestJSON:tearDownClass): 204 DELETE http://10.180.1.21/identity/v3/users/282fe17c04d44c92bd1098c3f8a2f5ec 0.146s
2025-12-11 10:42:47.699 65440 INFO tempest.lib.common.dynamic_creds [-] Deleting project and security group for project: d02d22b4168748f986b0e2c8a793952e
2025-12-11 10:42:47.728 65476 INFO tempest.lib.common.rest_client [req-523987ab-09e5-4ac0-a0dd-e8f24ee32894 req-523987ab-09e5-4ac0-a0dd-e8f24ee32894 ] Request (ServersTestFqdnHostnames:setUpClass): 200 GET http://10.180.1.21/identity/v3/domains?name=Default 0.094s
2025-12-11 10:42:47.734 65462 INFO tempest.lib.common.rest_client [req-f023493a-48bb-4410-8583-d3bbdf07fa59 req-f023493a-48bb-4410-8583-d3bbdf07fa59 ] Request (ServerExternalEventsTest:tearDownClass): 204 DELETE http://10.180.1.21/compute/v2.1/servers/a00ab02c-c99b-40bc-a296-83797b9c3b20 3.456s
2025-12-11 10:42:47.753 65460 INFO tempest.lib.common.rest_client [req-fbe0628a-cb3e-4b3e-83c5-dd98c5823b86 req-fbe0628a-cb3e-4b3e-83c5-dd98c5823b86 ] Request (QuotasAdminTestV236:setUpClass): 200 GET http://10.180.1.21/identity/v3/roles 0.085s
2025-12-11 10:42:47.779 65476 INFO tempest.lib.common.rest_client [req-3492968b-40a1-4870-b975-67c108e072bf req-3492968b-40a1-4870-b975-67c108e072bf ] Request (ServersTestFqdnHostnames:setUpClass): 201 POST http://10.180.1.21/identity/v3/projects 0.050s
2025-12-11 10:42:47.789 65460 INFO tempest.lib.common.rest_client [req-501525df-46a4-414c-a313-bd4f3e773820 req-501525df-46a4-414c-a313-bd4f3e773820 ] Request (QuotasAdminTestV236:setUpClass): 204 PUT http://10.180.1.21/identity/v3/projects/e92bbfeebc2c4f26bfedac547d3fbcc9/users/17a7f22d5b934d67a6506c825be838ca/roles/c32f305414db485cb0d3ae6e926fe9bd 0.034s
2025-12-11 10:42:47.789 65460 INFO tempest.lib.common.dynamic_creds [-] Dynamic test user 17a7f22d5b934d67a6506c825be838ca is created with scope project and roles: ['member']
2025-12-11 10:42:47.789 65460 INFO tempest.lib.common.dynamic_creds [-] Acquired dynamic creds: credentials: Credentials: {'domain_id': 'default', 'domain_name': 'Default', 'username': 'tempest-QuotasAdminTestV236-460417971-project-member', 'project_domain_id': 'default', 'project_domain_name': 'Default', 'project_id': 'e92bbfeebc2c4f26bfedac547d3fbcc9', 'project_name': 'tempest-QuotasAdminTestV236-460417971', 'tenant_id': 'e92bbfeebc2c4f26bfedac547d3fbcc9', 'tenant_name': 'tempest-QuotasAdminTestV236-460417971', 'user_domain_id': 'default', 'user_domain_name': 'Default', 'user_id': '17a7f22d5b934d67a6506c825be838ca', 'system': None}, Network: None, Subnet: None, Router: None
2025-12-11 10:42:47.789 65460 INFO tempest.lib.common.dynamic_creds [-] Created isolated network resources for: credentials: Credentials: {'domain_id': 'default', 'domain_name': 'Default', 'username': 'tempest-QuotasAdminTestV236-460417971-project-member', 'project_domain_id': 'default', 'project_domain_name': 'Default', 'project_id': 'e92bbfeebc2c4f26bfedac547d3fbcc9', 'project_name': 'tempest-QuotasAdminTestV236-460417971', 'tenant_id': 'e92bbfeebc2c4f26bfedac547d3fbcc9', 'tenant_name': 'tempest-QuotasAdminTestV236-460417971', 'user_domain_id': 'default', 'user_domain_name': 'Default', 'user_id': '17a7f22d5b934d67a6506c825be838ca', 'system': None}, Network: None, Subnet: None, Router: None
2025-12-11 10:42:47.837 65470 INFO tempest.lib.common.rest_client [req-f5d23592-c305-4f69-bcf1-a3531578d9fa req-f5d23592-c305-4f69-bcf1-a3531578d9fa ] Request (FloatingIPsTestJSON:tearDownClass): 204 DELETE http://10.180.1.21/networking/v2.0/networks/93c95a76-151d-4791-b5db-8a6da8b90627 0.589s
2025-12-11 10:42:47.855 65476 INFO tempest.lib.common.rest_client [req-0907c085-12f4-482e-8b52-40f73691aee7 req-0907c085-12f4-482e-8b52-40f73691aee7 ] Request (ServersTestFqdnHostnames:setUpClass): 201 POST http://10.180.1.21/identity/v3/users 0.075s
2025-12-11 10:42:47.904 65440 INFO tempest.lib.common.rest_client [req-6636fabe-5ff3-4f64-99b1-7b6cfec08146 req-6636fabe-5ff3-4f64-99b1-7b6cfec08146 ] Request (FloatingIPDetailsTestJSON:tearDownClass): 200 GET http://10.180.1.21/networking/v2.0/security-groups?tenant_id=d02d22b4168748f986b0e2c8a793952e&name=default 0.205s
2025-12-11 10:42:47.922 65454 INFO tempest.lib.common.rest_client [req-dc96e796-1aa8-420a-aac7-fedeb89689ee req-dc96e796-1aa8-420a-aac7-fedeb89689ee ] Request (FlavorsV2NegativeTest:test_boot_with_low_ram): 400 POST http://10.180.1.21/compute/v2.1/servers 3.736s
2025-12-11 10:42:47.933 65460 INFO tempest.lib.common.rest_client [req-62a1b82f-e89f-4043-b1e7-c6808fe6a909 req-62a1b82f-e89f-4043-b1e7-c6808fe6a909 ] Request (QuotasAdminTestV236:setUpClass): 201 POST http://10.180.1.21/identity/v3/auth/tokens 0.140s
2025-12-11 10:42:47.955 65476 INFO tempest.lib.common.rest_client [req-5b004dca-0d5a-40e3-8c53-a411a869331c req-5b004dca-0d5a-40e3-8c53-a411a869331c ] Request (ServersTestFqdnHostnames:setUpClass): 200 GET http://10.180.1.21/identity/v3/roles 0.099s
2025-12-11 10:42:47.959 65496 INFO tempest.lib.common.rest_client [req-d72aeffd-78b8-4167-9379-cbe070bde561 req-d72aeffd-78b8-4167-9379-cbe070bde561 ] Request (QuotasAdminTestV257:test_get_updated_quotas): 200 GET http://10.180.1.21/compute/v2.1/os-quota-sets/5f29e1a9a25c4081af315bf19201b622?user_id=4b944408619943b2ae80d6d5815cc11a 3.505s
2025-12-11 10:42:47.961 65486 INFO tempest.lib.common.rest_client [req-bf4b5f84-9e08-444c-8c49-1cc6b50ad2a3 req-bf4b5f84-9e08-444c-8c49-1cc6b50ad2a3 ] Request (ServerActionsV293TestJSON:setUpClass): 200 GET http://10.180.1.21/volume/v3/volumes/8c1ef265-3677-4050-9fc3-56866dc2f7aa 0.048s
2025-12-11 10:42:48.013 65454 INFO tempest.lib.common.rest_client [req-cf18d084-af19-4e0d-96f3-15550fa86f98 req-cf18d084-af19-4e0d-96f3-15550fa86f98 ] Request (FlavorsV2NegativeTest:_run_cleanups): 204 DELETE http://10.180.1.21/image/v2/images/361f8398-12e0-4508-bb7d-68ee7ef90e9f 0.091s
2025-12-11 10:42:48.019 65470 INFO tempest.lib.common.rest_client [req-ac00eb91-3934-432e-8d4f-9a34380d61bb req-ac00eb91-3934-432e-8d4f-9a34380d61bb ] Request (FloatingIPsTestJSON:tearDownClass): 204 DELETE http://10.180.1.21/identity/v3/users/07414557297b4d8185e02bdf0db36f61 0.181s
2025-12-11 10:42:48.019 65470 INFO tempest.lib.common.dynamic_creds [-] Deleting project and security group for project: 9d1dc68a7a4748a6bdc3e1a4ec7060a5
2025-12-11 10:42:48.084 65478 INFO tempest.lib.common.rest_client [req-fe8402a0-d3ab-419c-95de-77967668d754 req-fe8402a0-d3ab-419c-95de-77967668d754 ] Request (ServersWithSpecificFlavorTestJSON:test_verify_created_server_ephemeral_disk): 200 GET http://10.180.1.21/compute/v2.1/servers/209b46f6-1da6-497a-a733-2cae2300116d 3.493s
2025-12-11 10:42:48.087 65440 INFO tempest.lib.common.rest_client [req-7d7cf8ab-f392-40da-8ca7-757d8c557753 req-7d7cf8ab-f392-40da-8ca7-757d8c557753 ] Request (FloatingIPDetailsTestJSON:tearDownClass): 204 DELETE http://10.180.1.21/networking/v2.0/security-groups/eaa056af-4dde-4e4d-ab11-5b68acbafcb1 0.182s
2025-12-11 10:42:48.106 65470 INFO tempest.lib.common.rest_client [req-9cb41f5a-6107-48aa-9b57-86ad6c2ec566 req-9cb41f5a-6107-48aa-9b57-86ad6c2ec566 ] Request (FloatingIPsTestJSON:tearDownClass): 200 GET http://10.180.1.21/networking/v2.0/security-groups?tenant_id=9d1dc68a7a4748a6bdc3e1a4ec7060a5&name=default 0.086s
2025-12-11 10:42:48.111 65442 INFO tempest.lib.common.rest_client [req-d044a4d2-92f4-412f-8055-8ace3f8ced0a req-d044a4d2-92f4-412f-8055-8ace3f8ced0a ] Request (FlavorsAccessNegativeTestJSON:test_flavor_non_admin_add): 200 POST http://10.180.1.21/compute/v2.1/flavors 3.339s
2025-12-11 10:42:48.173 65460 INFO tempest.lib.common.rest_client [req-e37ad924-3781-4fa8-922b-3cafaee7001d req-e37ad924-3781-4fa8-922b-3cafaee7001d ] Request (QuotasAdminTestV236:setUpClass): 201 POST http://10.180.1.21/identity/v3/projects 0.239s
2025-12-11 10:42:48.176 65444 INFO tempest.lib.common.rest_client [req-aa4a33a6-bf58-4dda-bbcb-02c9a5cc61ad req-aa4a33a6-bf58-4dda-bbcb-02c9a5cc61ad ] Request (ServerDiagnosticsTest:tearDownClass): 200 GET http://10.180.1.21/compute/v2.1/servers/b3da122a-bb4b-47ad-96d1-88c035e44011 3.276s
2025-12-11 10:42:48.190 65476 INFO tempest.lib.common.rest_client [req-ec12bcab-8178-4a6c-bb7d-da7fdf93bdc9 req-ec12bcab-8178-4a6c-bb7d-da7fdf93bdc9 ] Request (ServersTestFqdnHostnames:setUpClass): 204 PUT http://10.180.1.21/identity/v3/projects/85a96bbc10d94f179c9a0aa0397e565c/users/ceb23d69988447e18ffa6130a45e64a3/roles/c32f305414db485cb0d3ae6e926fe9bd 0.235s
2025-12-11 10:42:48.191 65476 INFO tempest.lib.common.dynamic_creds [-] Dynamic test user ceb23d69988447e18ffa6130a45e64a3 is created with scope project and roles: ['member']
2025-12-11 10:42:48.191 65476 INFO tempest.lib.common.dynamic_creds [-] Acquired dynamic creds: credentials: Credentials: {'domain_id': 'default', 'domain_name': 'Default', 'username': 'tempest-ServersTestFqdnHostnames-872778182-project-member', 'project_domain_id': 'default', 'project_domain_name': 'Default', 'project_id': '85a96bbc10d94f179c9a0aa0397e565c', 'project_name': 'tempest-ServersTestFqdnHostnames-872778182', 'tenant_id': '85a96bbc10d94f179c9a0aa0397e565c', 'tenant_name': 'tempest-ServersTestFqdnHostnames-872778182', 'user_domain_id': 'default', 'user_domain_name': 'Default', 'user_id': 'ceb23d69988447e18ffa6130a45e64a3', 'system': None}, Network: None, Subnet: None, Router: None
2025-12-11 10:42:48.201 65470 INFO tempest.lib.common.rest_client [req-34abd76f-5e67-4a73-ac05-7dff1f1364d1 req-34abd76f-5e67-4a73-ac05-7dff1f1364d1 ] Request (FloatingIPsTestJSON:tearDownClass): 204 DELETE http://10.180.1.21/networking/v2.0/security-groups/1f41315b-a96b-420d-8590-b7956f69822a 0.094s
2025-12-11 10:42:48.308 65454 INFO tempest.lib.common.rest_client [req-3a7d9793-e46d-4cca-b949-9e9ca38e211f req-3a7d9793-e46d-4cca-b949-9e9ca38e211f ] Request (FlavorsV2NegativeTest:tearDownClass): 204 DELETE http://10.180.1.21/identity/v3/users/d5f1bcf4b81f458d9fa7bbc96f02a409 0.293s
2025-12-11 10:42:48.309 65454 INFO tempest.lib.common.dynamic_creds [-] Deleting project and security group for project: 0ddd85a2b394405780aa6344f10ebcd2
2025-12-11 10:42:48.329 65496 INFO tempest.lib.common.rest_client [req-9a6829b8-e877-4c61-8cd3-27716d0927f5 req-9a6829b8-e877-4c61-8cd3-27716d0927f5 ] Request (QuotasAdminTestV257:_run_cleanups): 204 DELETE http://10.180.1.21/identity/v3/users/4b944408619943b2ae80d6d5815cc11a 0.368s
2025-12-11 10:42:48.410 65502 INFO tempest.lib.common.rest_client [req-a61d600b-cb93-4bce-aab0-2780e4dc5ed6 req-a61d600b-cb93-4bce-aab0-2780e4dc5ed6 ] Request (ListImageFiltersTestJSON:setUpClass): 202 POST http://10.180.1.21/compute/v2.1/servers 3.323s
2025-12-11 10:42:48.438 65460 INFO tempest.lib.common.rest_client [req-dac7489f-f88d-42da-bb42-9a5a7f8e12fa req-dac7489f-f88d-42da-bb42-9a5a7f8e12fa ] Request (QuotasAdminTestV236:setUpClass): 201 POST http://10.180.1.21/identity/v3/users 0.265s
2025-12-11 10:42:48.450 65440 INFO tempest.lib.common.rest_client [req-0e13986f-b520-484e-a303-61d415a184fc req-0e13986f-b520-484e-a303-61d415a184fc ] Request (FloatingIPDetailsTestJSON:tearDownClass): 204 DELETE http://10.180.1.21/identity/v3/projects/d02d22b4168748f986b0e2c8a793952e 0.362s
2025-12-11 10:42:48.455 65450 INFO tempest.lib.common.rest_client [req-9034592c-23a3-475c-91fe-018e7829168f req-9034592c-23a3-475c-91fe-018e7829168f ] Request (TenantUsagesTestJSON:test_get_usage_tenant_with_non_admin_user): 200 GET http://10.180.1.21/compute/v2.1/os-simple-tenant-usage/f90f00952b20451ba8a721d4eb265d68?start=2025-12-10T10%3A42%3A43.453906&end=2025-12-12T10%3A42%3A43.453906 3.304s
2025-12-11 10:42:48.494 65492 INFO tempest.lib.common.rest_client [req-ba5319ac-2d5d-444d-8a1a-7b8878310a19 req-ba5319ac-2d5d-444d-8a1a-7b8878310a19 ] Request (ListServerFiltersTestJSON:setUpClass): 202 POST http://10.180.1.21/compute/v2.1/servers 4.019s
2025-12-11 10:42:48.507 65476 INFO tempest.lib.common.rest_client [req-33f09970-36d2-4288-b9aa-5867377a9f54 req-33f09970-36d2-4288-b9aa-5867377a9f54 ] Request (ServersTestFqdnHostnames:setUpClass): 201 POST http://10.180.1.21/identity/v3/auth/tokens 0.315s
2025-12-11 10:42:48.523 65452 INFO tempest.lib.common.rest_client [req-e920f849-2ad1-469f-a00c-2ec6657cf713 req-e920f849-2ad1-469f-a00c-2ec6657cf713 ] Request (AggregatesAdminNegativeTestJSON:_run_cleanups): 200 DELETE http://10.180.1.21/compute/v2.1/os-aggregates/3 3.326s
2025-12-11 10:42:48.529 65494 INFO tempest.lib.common.rest_client [req-c2f17877-e231-4974-a078-d8f24c3acc54 req-c2f17877-e231-4974-a078-d8f24c3acc54 ] Request (HostsAdminNegativeTestJSON:test_update_host_with_invalid_status): 400 PUT http://10.180.1.21/compute/v2.1/os-hosts/devstack 3.327s
2025-12-11 10:42:48.540 65456 INFO tempest.lib.common.rest_client [req-b07212e9-9ad3-46a0-acb4-819d62b4aee3 req-b07212e9-9ad3-46a0-acb4-819d62b4aee3 ] Request (ServersAdmin275Test:test_rebuild_update_server_275): 200 GET http://10.180.1.21/compute/v2.1/servers/99d2bd59-637d-4c24-989b-e431e69acf4f 3.352s
2025-12-11 10:42:48.569 65470 INFO tempest.lib.common.rest_client [req-0bf10d1e-860e-4f99-8c28-343bbb3419ce req-0bf10d1e-860e-4f99-8c28-343bbb3419ce ] Request (FloatingIPsTestJSON:tearDownClass): 204 DELETE http://10.180.1.21/identity/v3/projects/9d1dc68a7a4748a6bdc3e1a4ec7060a5 0.367s
2025-12-11 10:42:48.586 65454 INFO tempest.lib.common.rest_client [req-e785731d-132e-4e84-8164-62b250725116 req-e785731d-132e-4e84-8164-62b250725116 ] Request (FlavorsV2NegativeTest:tearDownClass): 201 POST http://10.180.1.21/identity/v3/auth/tokens 0.277s
2025-12-11 10:42:48.621 65460 INFO tempest.lib.common.rest_client [req-d18ca0f6-1a2e-4994-9f4a-589647678d32 req-d18ca0f6-1a2e-4994-9f4a-589647678d32 ] Request (QuotasAdminTestV236:setUpClass): 200 GET http://10.180.1.21/identity/v3/roles 0.182s
2025-12-11 10:42:48.651 65440 INFO tempest.lib.common.rest_client [req-dc0de86d-3208-4912-9ff5-3fff0b67b81b req-dc0de86d-3208-4912-9ff5-3fff0b67b81b ] Request (ImagesTestJSON:setUpClass): 201 POST http://10.180.1.21/identity/v3/auth/tokens 0.200s
2025-12-11 10:42:48.735 65492 INFO tempest.lib.common.rest_client [req-e8a28988-d2c2-4293-b77f-85b4b658c8df req-e8a28988-d2c2-4293-b77f-85b4b658c8df ] Request (ListServerFiltersTestJSON:setUpClass): 201 POST http://10.180.1.21/identity/v3/auth/tokens 0.235s
2025-12-11 10:42:48.735 65492 INFO tempest.lib.common.fixed_network [-] (ListServerFiltersTestJSON:setUpClass) Found network {'id': '9e2c40e9-0326-4f34-a571-6b54591c78ad', 'name': 'tempest-ListServerFiltersTestJSON-47015584-network', 'tenant_id': '09bd7eea17d04ab2a09b775e1cac5b3b', 'project_id': '09bd7eea17d04ab2a09b775e1cac5b3b', 'admin_state_up': True, 'mtu': 8950, 'status': 'ACTIVE', 'subnets': [], 'shared': False, 'port_security_enabled': True, 'router:external': False, 'provider:network_type': 'vlan', 'provider:physical_network': 'default', 'provider:segmentation_id': 791, 'availability_zone_hints': [], 'availability_zones': [], 'ipv4_address_scope': None, 'ipv6_address_scope': None, 'description': '', 'tags': [], 'created_at': '2025-12-11T10:42:43Z', 'updated_at': '2025-12-11T10:42:43Z', 'revision_number': 1} available for tenant
2025-12-11 10:42:48.745 65496 INFO tempest.lib.common.rest_client [req-8b0ea66d-1025-45a4-a3f1-37da4591f95e req-8b0ea66d-1025-45a4-a3f1-37da4591f95e ] Request (QuotasAdminTestV257:_run_cleanups): 204 DELETE http://10.180.1.21/identity/v3/projects/5f29e1a9a25c4081af315bf19201b622 0.416s
2025-12-11 10:42:48.894 65470 INFO tempest.lib.common.rest_client [req-375e0c19-7ccf-4be3-9283-4912309307da req-375e0c19-7ccf-4be3-9283-4912309307da ] Request (ServersListShow2100Test:setUpClass): 201 POST http://10.180.1.21/identity/v3/auth/tokens 0.321s
2025-12-11 10:42:48.902 65490 INFO tempest.lib.common.rest_client [req-da69fb54-2292-4139-9225-1b3eb188961c req-da69fb54-2292-4139-9225-1b3eb188961c ] Request (ImagesDeleteNegativeTestJSON:test_delete_image_blank_id): 404 DELETE http://10.180.1.21/compute/v2.1/images/ 3.491s
2025-12-11 10:42:48.928 65440 INFO tempest.lib.common.rest_client [req-d4c95e79-fc56-4156-bb73-503bb1c34cab req-d4c95e79-fc56-4156-bb73-503bb1c34cab ] Request (ImagesTestJSON:setUpClass): 201 POST http://10.180.1.21/identity/v3/auth/tokens 0.274s
2025-12-11 10:42:48.930 65460 INFO tempest.lib.common.rest_client [req-cf72c453-b204-473c-b59c-66a0a42df09e req-cf72c453-b204-473c-b59c-66a0a42df09e ] Request (QuotasAdminTestV236:setUpClass): 204 PUT http://10.180.1.21/identity/v3/projects/0aaed847f7e344c1a8be01d091828e3f/users/25cb16e0e054453d8d7dc9a38be5c750/roles/162cb17accb6447986567b08fd6932d1 0.309s
2025-12-11 10:42:49.015 65486 INFO tempest.lib.common.rest_client [req-06aadd5d-fbb3-418c-b907-67c308dc8d70 req-06aadd5d-fbb3-418c-b907-67c308dc8d70 ] Request (ServerActionsV293TestJSON:setUpClass): 200 GET http://10.180.1.21/volume/v3/volumes/8c1ef265-3677-4050-9fc3-56866dc2f7aa 0.037s
2025-12-11 10:42:49.023 65486 INFO tempest.common.waiters [-] volume 8c1ef265-3677-4050-9fc3-56866dc2f7aa reached available after waiting for 22.023800 seconds
2025-12-11 10:42:49.074 65470 INFO tempest.lib.common.rest_client [req-5ce84d63-53fd-4b59-8b12-62b39b0652eb req-5ce84d63-53fd-4b59-8b12-62b39b0652eb ] Request (ServersListShow2100Test:setUpClass): 201 POST http://10.180.1.21/identity/v3/auth/tokens 0.176s
2025-12-11 10:42:49.100 65440 INFO tempest.lib.common.rest_client [req-b2e0b8e8-85e0-4a15-b174-026431997435 req-b2e0b8e8-85e0-4a15-b174-026431997435 ] Request (ImagesTestJSON:setUpClass): 200 GET http://10.180.1.21/identity/v3/domains?name=Default 0.171s
2025-12-11 10:42:49.106 65496 INFO tempest.lib.common.rest_client [req-c01687da-14c5-419d-8c47-6fb966886c44 req-c01687da-14c5-419d-8c47-6fb966886c44 ] Request (QuotasAdminTestV257:tearDownClass): 204 DELETE http://10.180.1.21/identity/v3/users/ca3f890af4e84e3d8720cc41faaddc09 0.359s
2025-12-11 10:42:49.163 65454 INFO tempest.lib.common.rest_client [req-700fc4dd-d527-4e66-a8a0-2fc822d2ab5a req-700fc4dd-d527-4e66-a8a0-2fc822d2ab5a ] Request (FlavorsV2NegativeTest:tearDownClass): 200 GET http://10.180.1.21/networking/v2.0/security-groups?tenant_id=0ddd85a2b394405780aa6344f10ebcd2&name=default 0.576s
2025-12-11 10:42:49.171 65476 INFO tempest.lib.common.rest_client [req-789d90ea-7e86-4a8c-a2fd-5dc367085d64 req-789d90ea-7e86-4a8c-a2fd-5dc367085d64 ] Request (ServersTestFqdnHostnames:setUpClass): 201 POST http://10.180.1.21/networking/v2.0/networks 0.664s
2025-12-11 10:42:49.175 65460 INFO tempest.lib.common.rest_client [req-971b1f0d-07b9-410e-a6c9-eacec2efe293 req-971b1f0d-07b9-410e-a6c9-eacec2efe293 ] Request (QuotasAdminTestV236:setUpClass): 200 GET http://10.180.1.21/identity/v3/roles 0.244s
2025-12-11 10:42:49.181 65470 INFO tempest.lib.common.rest_client [req-f1cbd034-2342-4a38-8072-433eb592aea8 req-f1cbd034-2342-4a38-8072-433eb592aea8 ] Request (ServersListShow2100Test:setUpClass): 200 GET http://10.180.1.21/identity/v3/domains?name=Default 0.106s
2025-12-11 10:42:49.204 65440 INFO tempest.lib.common.rest_client [req-bd4bece1-94b7-4865-9e1e-3dc7c3baec3d req-bd4bece1-94b7-4865-9e1e-3dc7c3baec3d ] Request (ImagesTestJSON:setUpClass): 201 POST http://10.180.1.21/identity/v3/projects 0.103s
2025-12-11 10:42:49.206 65489 INFO tempest.lib.common.rest_client [req-0596a838-5b1d-4acb-b43a-1f3454efe04f req-0596a838-5b1d-4acb-b43a-1f3454efe04f ] Request (VolumesAssistedSnapshotsTest:test_volume_assisted_snapshot_create_delete): 200 GET http://10.180.1.21/compute/v2.1/servers/cec7dc4f-799e-4013-a322-a93223d303c3 3.600s
2025-12-11 10:42:49.222 65472 INFO tempest.lib.common.rest_client [req-d7950dda-5e44-4f66-b2da-babf9f6c0274 req-d7950dda-5e44-4f66-b2da-babf9f6c0274 ] Request (AttachInterfacesUnderV243Test:test_add_remove_fixed_ip): 200 GET http://10.180.1.21/compute/v2.1/servers/309fd4d4-8ee5-4325-8c6d-0313252e2af7 3.512s
2025-12-11 10:42:49.230 65472 INFO tempest.common.waiters [-] State transition "BUILD/None" ==> "BUILD/networking" after 5 second wait
2025-12-11 10:42:49.296 65496 INFO tempest.lib.common.rest_client [req-256ba9a7-e6e8-424d-af01-6ccaa9ef80fa req-256ba9a7-e6e8-424d-af01-6ccaa9ef80fa ] Request (QuotasAdminTestV257:tearDownClass): 204 DELETE http://10.180.1.21/identity/v3/users/dfe37f68169b41b1b2ad25a3d05f5a6b 0.190s
2025-12-11 10:42:49.297 65496 INFO tempest.lib.common.dynamic_creds [-] Deleting project and security group for project: 1f4e0258dba04d00869209fc689da109
2025-12-11 10:42:49.310 65454 INFO tempest.lib.common.rest_client [req-aa96bbec-88e6-4312-8be6-b28952efc457 req-aa96bbec-88e6-4312-8be6-b28952efc457 ] Request (FlavorsV2NegativeTest:tearDownClass): 204 DELETE http://10.180.1.21/networking/v2.0/security-groups/e1160724-94c5-407d-aae8-ca2debe7da86 0.147s
2025-12-11 10:42:49.316 65460 INFO tempest.lib.common.rest_client [req-95608b57-bd37-4444-be3e-f2c818520c93 req-95608b57-bd37-4444-be3e-f2c818520c93 ] Request (QuotasAdminTestV236:setUpClass): 204 PUT http://10.180.1.21/identity/v3/projects/0aaed847f7e344c1a8be01d091828e3f/users/25cb16e0e054453d8d7dc9a38be5c750/roles/162cb17accb6447986567b08fd6932d1 0.141s
2025-12-11 10:42:49.316 65460 INFO tempest.lib.common.dynamic_creds [-] Dynamic test user 25cb16e0e054453d8d7dc9a38be5c750 is created with scope project and roles: ['admin']
2025-12-11 10:42:49.316 65460 INFO tempest.lib.common.dynamic_creds [-] Acquired dynamic creds: credentials: Credentials: {'domain_id': 'default', 'domain_name': 'Default', 'username': 'tempest-QuotasAdminTestV236-1210116329-project-admin', 'project_domain_id': 'default', 'project_domain_name': 'Default', 'project_id': '0aaed847f7e344c1a8be01d091828e3f', 'project_name': 'tempest-QuotasAdminTestV236-1210116329', 'tenant_id': '0aaed847f7e344c1a8be01d091828e3f', 'tenant_name': 'tempest-QuotasAdminTestV236-1210116329', 'user_domain_id': 'default', 'user_domain_name': 'Default', 'user_id': '25cb16e0e054453d8d7dc9a38be5c750', 'system': None}, Network: None, Subnet: None, Router: None
2025-12-11 10:42:49.316 65460 INFO tempest.lib.common.dynamic_creds [-] Created isolated network resources for: credentials: Credentials: {'domain_id': 'default', 'domain_name': 'Default', 'username': 'tempest-QuotasAdminTestV236-1210116329-project-admin', 'project_domain_id': 'default', 'project_domain_name': 'Default', 'project_id': '0aaed847f7e344c1a8be01d091828e3f', 'project_name': 'tempest-QuotasAdminTestV236-1210116329', 'tenant_id': '0aaed847f7e344c1a8be01d091828e3f', 'tenant_name': 'tempest-QuotasAdminTestV236-1210116329', 'user_domain_id': 'default', 'user_domain_name': 'Default', 'user_id': '25cb16e0e054453d8d7dc9a38be5c750', 'system': None}, Network: None, Subnet: None, Router: None
2025-12-11 10:42:49.385 65440 INFO tempest.lib.common.rest_client [req-3fffb61e-5b9e-4242-a228-e1524b443b4e req-3fffb61e-5b9e-4242-a228-e1524b443b4e ] Request (ImagesTestJSON:setUpClass): 201 POST http://10.180.1.21/identity/v3/users 0.180s
2025-12-11 10:42:49.400 65470 INFO tempest.lib.common.rest_client [req-f8d0775a-47a5-49a3-bbd6-40ad4ee82eb1 req-f8d0775a-47a5-49a3-bbd6-40ad4ee82eb1 ] Request (ServersListShow2100Test:setUpClass): 201 POST http://10.180.1.21/identity/v3/projects 0.218s
2025-12-11 10:42:49.402 65476 INFO tempest.lib.common.rest_client [req-c3f10262-0966-4e48-94a7-5eccec6db8d4 req-c3f10262-0966-4e48-94a7-5eccec6db8d4 ] Request (ServersTestFqdnHostnames:setUpClass): 201 POST http://10.180.1.21/networking/v2.0/subnets 0.230s
2025-12-11 10:42:49.453 65496 INFO tempest.lib.common.rest_client [req-7b7dc82a-f66e-489e-aa64-41ce67f29dc5 req-7b7dc82a-f66e-489e-aa64-41ce67f29dc5 ] Request (QuotasAdminTestV257:tearDownClass): 201 POST http://10.180.1.21/identity/v3/auth/tokens 0.156s
2025-12-11 10:42:49.504 65454 INFO tempest.lib.common.rest_client [req-250506ca-73e5-4d0a-ac9c-70599601b6cb req-250506ca-73e5-4d0a-ac9c-70599601b6cb ] Request (FlavorsV2NegativeTest:tearDownClass): 204 DELETE http://10.180.1.21/identity/v3/projects/0ddd85a2b394405780aa6344f10ebcd2 0.193s
2025-12-11 10:42:49.515 65460 INFO tempest.lib.common.rest_client [req-4b8ea5a8-0a75-48b1-abf0-e7ed19db7f98 req-4b8ea5a8-0a75-48b1-abf0-e7ed19db7f98 ] Request (QuotasAdminTestV236:setUpClass): 201 POST http://10.180.1.21/identity/v3/auth/tokens 0.196s
2025-12-11 10:42:49.564 65440 INFO tempest.lib.common.rest_client [req-79a0489b-f345-4a1c-8fb8-bafd8b14b49f req-79a0489b-f345-4a1c-8fb8-bafd8b14b49f ] Request (ImagesTestJSON:setUpClass): 200 GET http://10.180.1.21/identity/v3/roles 0.179s
2025-12-11 10:42:49.574 65470 INFO tempest.lib.common.rest_client [req-84a8d3db-4f3b-4384-9f16-0569b75650d6 req-84a8d3db-4f3b-4384-9f16-0569b75650d6 ] Request (ServersListShow2100Test:setUpClass): 201 POST http://10.180.1.21/identity/v3/users 0.173s
2025-12-11 10:42:49.598 65454 INFO tempest.lib.common.rest_client [req-2ea0887a-cb7e-4261-9e24-1d472d975cae req-2ea0887a-cb7e-4261-9e24-1d472d975cae ] Request (ServerMetadataNegativeTestJSON:setUpClass): 201 POST http://10.180.1.21/identity/v3/auth/tokens 0.092s
2025-12-11 10:42:49.620 65470 INFO tempest.lib.common.rest_client [req-fc1e11f2-1017-4092-9052-d0dfc623e173 req-fc1e11f2-1017-4092-9052-d0dfc623e173 ] Request (ServersListShow2100Test:setUpClass): 200 GET http://10.180.1.21/identity/v3/roles 0.044s
2025-12-11 10:42:49.634 65440 INFO tempest.lib.common.rest_client [req-bebd6ec2-90e6-4027-bca4-859fba9012ce req-bebd6ec2-90e6-4027-bca4-859fba9012ce ] Request (ImagesTestJSON:setUpClass): 204 PUT http://10.180.1.21/identity/v3/projects/c003eabd5e3548e199fc25ad0c7f95d0/users/ec36e1e245bc4a2f881e844d54270e4d/roles/c32f305414db485cb0d3ae6e926fe9bd 0.069s
2025-12-11 10:42:49.634 65440 INFO tempest.lib.common.dynamic_creds [-] Dynamic test user ec36e1e245bc4a2f881e844d54270e4d is created with scope project and roles: ['member']
2025-12-11 10:42:49.634 65440 INFO tempest.lib.common.dynamic_creds [-] Acquired dynamic creds: credentials: Credentials: {'domain_id': 'default', 'domain_name': 'Default', 'username': 'tempest-ImagesTestJSON-248791707-project-member', 'project_domain_id': 'default', 'project_domain_name': 'Default', 'project_id': 'c003eabd5e3548e199fc25ad0c7f95d0', 'project_name': 'tempest-ImagesTestJSON-248791707', 'tenant_id': 'c003eabd5e3548e199fc25ad0c7f95d0', 'tenant_name': 'tempest-ImagesTestJSON-248791707', 'user_domain_id': 'default', 'user_domain_name': 'Default', 'user_id': 'ec36e1e245bc4a2f881e844d54270e4d', 'system': None}, Network: None, Subnet: None, Router: None
2025-12-11 10:42:49.692 65454 INFO tempest.lib.common.rest_client [req-9827e654-5b7d-4452-a021-a6e608a45829 req-9827e654-5b7d-4452-a021-a6e608a45829 ] Request (ServerMetadataNegativeTestJSON:setUpClass): 201 POST http://10.180.1.21/identity/v3/auth/tokens 0.091s
2025-12-11 10:42:49.716 65470 INFO tempest.lib.common.rest_client [req-7b74f741-cb8e-4926-afa3-260c56be3f83 req-7b74f741-cb8e-4926-afa3-260c56be3f83 ] Request (ServersListShow2100Test:setUpClass): 204 PUT http://10.180.1.21/identity/v3/projects/da1083ea442b49c1849af8196b2b0978/users/dccd2ac4520a4228aa53a8121aa63ae7/roles/c32f305414db485cb0d3ae6e926fe9bd 0.096s
2025-12-11 10:42:49.716 65470 INFO tempest.lib.common.dynamic_creds [-] Dynamic test user dccd2ac4520a4228aa53a8121aa63ae7 is created with scope project and roles: ['member']
2025-12-11 10:42:49.716 65470 INFO tempest.lib.common.dynamic_creds [-] Acquired dynamic creds: credentials: Credentials: {'domain_id': 'default', 'domain_name': 'Default', 'username': 'tempest-ServersListShow2100Test-962906836-project-member', 'project_domain_id': 'default', 'project_domain_name': 'Default', 'project_id': 'da1083ea442b49c1849af8196b2b0978', 'project_name': 'tempest-ServersListShow2100Test-962906836', 'tenant_id': 'da1083ea442b49c1849af8196b2b0978', 'tenant_name': 'tempest-ServersListShow2100Test-962906836', 'user_domain_id': 'default', 'user_domain_name': 'Default', 'user_id': 'dccd2ac4520a4228aa53a8121aa63ae7', 'system': None}, Network: None, Subnet: None, Router: None
2025-12-11 10:42:49.716 65470 INFO tempest.lib.common.dynamic_creds [-] Created isolated network resources for: credentials: Credentials: {'domain_id': 'default', 'domain_name': 'Default', 'username': 'tempest-ServersListShow2100Test-962906836-project-member', 'project_domain_id': 'default', 'project_domain_name': 'Default', 'project_id': 'da1083ea442b49c1849af8196b2b0978', 'project_name': 'tempest-ServersListShow2100Test-962906836', 'tenant_id': 'da1083ea442b49c1849af8196b2b0978', 'tenant_name': 'tempest-ServersListShow2100Test-962906836', 'user_domain_id': 'default', 'user_domain_name': 'Default', 'user_id': 'dccd2ac4520a4228aa53a8121aa63ae7', 'system': None}, Network: None, Subnet: None, Router: None
2025-12-11 10:42:49.767 65440 INFO tempest.lib.common.rest_client [req-92078856-095c-449c-8a3a-8ead801a0bce req-92078856-095c-449c-8a3a-8ead801a0bce ] Request (ImagesTestJSON:setUpClass): 201 POST http://10.180.1.21/identity/v3/auth/tokens 0.133s
2025-12-11 10:42:49.791 65454 INFO tempest.lib.common.rest_client [req-d4a0c13f-cd3a-4faa-906e-136f4e0fc627 req-d4a0c13f-cd3a-4faa-906e-136f4e0fc627 ] Request (ServerMetadataNegativeTestJSON:setUpClass): 200 GET http://10.180.1.21/identity/v3/domains?name=Default 0.098s
2025-12-11 10:42:49.838 65454 INFO tempest.lib.common.rest_client [req-47690d82-1764-4387-bd32-06b5bfe9a895 req-47690d82-1764-4387-bd32-06b5bfe9a895 ] Request (ServerMetadataNegativeTestJSON:setUpClass): 201 POST http://10.180.1.21/identity/v3/projects 0.046s
2025-12-11 10:42:49.877 65470 INFO tempest.lib.common.rest_client [req-8de33ab2-501d-4a53-8efa-613f26680a6e req-8de33ab2-501d-4a53-8efa-613f26680a6e ] Request (ServersListShow2100Test:setUpClass): 201 POST http://10.180.1.21/identity/v3/auth/tokens 0.156s
2025-12-11 10:42:49.902 65454 INFO tempest.lib.common.rest_client [req-8b97c22a-eb45-4732-8d06-d10a30d54756 req-8b97c22a-eb45-4732-8d06-d10a30d54756 ] Request (ServerMetadataNegativeTestJSON:setUpClass): 201 POST http://10.180.1.21/identity/v3/users 0.064s
2025-12-11 10:42:49.920 65496 INFO tempest.lib.common.rest_client [req-f0e41d2f-cca9-49eb-8e85-96ff1398a3da req-f0e41d2f-cca9-49eb-8e85-96ff1398a3da ] Request (QuotasAdminTestV257:tearDownClass): 200 GET http://10.180.1.21/networking/v2.0/security-groups?tenant_id=1f4e0258dba04d00869209fc689da109&name=default 0.466s
2025-12-11 10:42:49.923 65454 INFO tempest.lib.common.rest_client [req-5cc5c927-a2e0-491a-94d6-957fb381e2b5 req-5cc5c927-a2e0-491a-94d6-957fb381e2b5 ] Request (ServerMetadataNegativeTestJSON:setUpClass): 200 GET http://10.180.1.21/identity/v3/roles 0.020s
2025-12-11 10:42:49.944 65470 INFO tempest.lib.common.rest_client [req-d19ca8b7-5170-493c-945b-e57d32f7272d req-d19ca8b7-5170-493c-945b-e57d32f7272d ] Request (ServersListShow2100Test:test_list_show_rebuild_update_server_2100): 201 POST http://10.180.1.21/identity/v3/auth/tokens 0.063s
2025-12-11 10:42:49.944 65470 INFO tempest.lib.common.fixed_network [-] (ServersListShow2100Test:test_list_show_rebuild_update_server_2100) Found network None available for tenant
2025-12-11 10:42:49.950 65454 INFO tempest.lib.common.rest_client [req-800c132c-c470-4a82-807b-fc10bcaa7b05 req-800c132c-c470-4a82-807b-fc10bcaa7b05 ] Request (ServerMetadataNegativeTestJSON:setUpClass): 204 PUT http://10.180.1.21/identity/v3/projects/ab3d420b1ff54c3e82b0cede12e515b8/users/e862527f3f694a3d85c45108c1b781d6/roles/c32f305414db485cb0d3ae6e926fe9bd 0.026s
2025-12-11 10:42:49.950 65454 INFO tempest.lib.common.dynamic_creds [-] Dynamic test user e862527f3f694a3d85c45108c1b781d6 is created with scope project and roles: ['member']
2025-12-11 10:42:49.951 65454 INFO tempest.lib.common.dynamic_creds [-] Acquired dynamic creds: credentials: Credentials: {'domain_id': 'default', 'domain_name': 'Default', 'username': 'tempest-ServerMetadataNegativeTestJSON-1973104987-project-member', 'project_domain_id': 'default', 'project_domain_name': 'Default', 'project_id': 'ab3d420b1ff54c3e82b0cede12e515b8', 'project_name': 'tempest-ServerMetadataNegativeTestJSON-1973104987', 'tenant_id': 'ab3d420b1ff54c3e82b0cede12e515b8', 'tenant_name': 'tempest-ServerMetadataNegativeTestJSON-1973104987', 'user_domain_id': 'default', 'user_domain_name': 'Default', 'user_id': 'e862527f3f694a3d85c45108c1b781d6', 'system': None}, Network: None, Subnet: None, Router: None
2025-12-11 10:42:49.956 65474 INFO tempest.lib.common.rest_client [req-b858baa8-59f2-498c-921c-43b6cffd73c2 req-b858baa8-59f2-498c-921c-43b6cffd73c2 ] Request (ServersTestManualDisk:setUpClass): 200 GET http://10.180.1.21/compute/v2.1/servers/b7547650-8057-4fdd-96d6-eef784f30886 4.216s
2025-12-11 10:42:49.987 65500 INFO tempest.lib.common.rest_client [req-56574b12-0133-439c-89d6-52e547fe049a req-56574b12-0133-439c-89d6-52e547fe049a ] Request (FlavorsV2TestJSON:test_list_flavors_using_marker): 200 GET http://10.180.1.21/compute/v2.1/flavors?marker=42 3.736s
2025-12-11 10:42:50.005 65446 INFO tempest.lib.common.rest_client [req-b3644099-1aa4-4ec5-a9e0-bc1d430c5bf9 req-b3644099-1aa4-4ec5-a9e0-bc1d430c5bf9 ] Request (KeyPairsV22TestJSON:_run_cleanups): 204 DELETE http://10.180.1.21/compute/v2.1/os-keypairs/tempest-KeyPairsV22TestJSON-keypair-52940054 3.741s
2025-12-11 10:42:50.008 65454 INFO tempest.lib.common.rest_client [req-dcc00778-e5aa-4d8d-ac27-3f9938b76ed0 req-dcc00778-e5aa-4d8d-ac27-3f9938b76ed0 ] Request (ServerMetadataNegativeTestJSON:setUpClass): 201 POST http://10.180.1.21/identity/v3/auth/tokens 0.057s
2025-12-11 10:42:50.026 65458 INFO tempest.lib.common.rest_client [req-736a4627-26dd-40ad-b0d8-a63e72f3b43c req-736a4627-26dd-40ad-b0d8-a63e72f3b43c ] Request (FlavorsAdminTestJSON:_run_cleanups): 200 GET http://10.180.1.21/compute/v2.1/flavors/detail 3.588s
2025-12-11 10:42:50.031 65481 INFO tempest.lib.common.rest_client [req-e900066b-fc8b-40cd-8596-208a856ca63f req-e900066b-fc8b-40cd-8596-208a856ca63f ] Request (FlavorsExtraSpecsNegativeTestJSON:test_flavor_non_admin_update_specific_key): 403 PUT http://10.180.1.21/compute/v2.1/flavors/106808191/os-extra_specs/hw:numa_nodes 3.559s
2025-12-11 10:42:50.048 65468 INFO tempest.lib.common.rest_client [req-04b6df95-684e-4bf7-ba7f-7958f7b194d7 req-04b6df95-684e-4bf7-ba7f-7958f7b194d7 ] Request (FlavorsExtraSpecsTestJSON:tearDownClass): 202 DELETE http://10.180.1.21/compute/v2.1/flavors/301622500 3.567s
2025-12-11 10:42:50.080 65484 INFO tempest.lib.common.rest_client [req-1023ad5b-5d8a-431f-a644-6d21eeda5556 req-1023ad5b-5d8a-431f-a644-6d21eeda5556 ] Request (ImagesMetadataTestJSON:test_set_image_metadata): 200 GET http://10.180.1.21/compute/v2.1/images/dccc2b48-41fa-4c8c-8d21-fcc41ce5191a/metadata 3.590s
2025-12-11 10:42:50.273 65476 INFO tempest.lib.common.rest_client [req-55e4f441-e553-4519-8db0-793b263b9b28 req-55e4f441-e553-4519-8db0-793b263b9b28 ] Request (ServersTestFqdnHostnames:setUpClass): 201 POST http://10.180.1.21/networking/v2.0/routers 0.871s
2025-12-11 10:42:50.556 65440 INFO tempest.lib.common.rest_client [req-43cf2cdf-9fd6-4403-910e-218835a6af6d req-43cf2cdf-9fd6-4403-910e-218835a6af6d ] Request (ImagesTestJSON:setUpClass): 201 POST http://10.180.1.21/networking/v2.0/networks 0.788s
2025-12-11 10:42:50.645 65496 INFO tempest.lib.common.rest_client [req-f22c9409-a7c0-4799-bb9e-d96a6c915544 req-f22c9409-a7c0-4799-bb9e-d96a6c915544 ] Request (QuotasAdminTestV257:tearDownClass): 204 DELETE http://10.180.1.21/networking/v2.0/security-groups/098fcaf0-cbdb-4514-b07c-c8a72ea1f8c6 0.725s
2025-12-11 10:42:50.715 65496 INFO tempest.lib.common.rest_client [req-92c5e625-e6fc-4e4a-b5c8-4b7f6380d8cc req-92c5e625-e6fc-4e4a-b5c8-4b7f6380d8cc ] Request (QuotasAdminTestV257:tearDownClass): 204 DELETE http://10.180.1.21/identity/v3/projects/1f4e0258dba04d00869209fc689da109 0.070s
2025-12-11 10:42:50.716 65496 INFO tempest.lib.common.dynamic_creds [-] Deleting project and security group for project: 54f556d19f104c2d84dd2bdd40e41d87
2025-12-11 10:42:50.740 65466 INFO tempest.lib.common.rest_client [req-f779354d-c502-478f-b180-2e40ef3e8b50 req-f779354d-c502-478f-b180-2e40ef3e8b50 ] Request (SecurityGroupRulesNegativeTestJSON:_run_cleanups): 202 DELETE http://10.180.1.21/compute/v2.1/os-security-group-rules/c23a32c8-fd54-4130-9294-6c50d42e451e 4.558s
2025-12-11 10:42:51.025 65454 INFO tempest.lib.common.rest_client [req-985eca78-3bb1-4ec0-827c-0bd75105eabb req-985eca78-3bb1-4ec0-827c-0bd75105eabb ] Request (ServerMetadataNegativeTestJSON:setUpClass): 201 POST http://10.180.1.21/networking/v2.0/networks 1.016s
2025-12-11 10:42:51.870 65440 INFO tempest.lib.common.rest_client [req-c6dfe81a-a068-4f0a-b41d-9889e888e2f2 req-c6dfe81a-a068-4f0a-b41d-9889e888e2f2 ] Request (ImagesTestJSON:setUpClass): 201 POST http://10.180.1.21/networking/v2.0/subnets 1.313s
2025-12-11 10:42:51.926 65476 INFO tempest.lib.common.rest_client [req-63c56896-90ff-4a06-b4c8-059be006d60a req-63c56896-90ff-4a06-b4c8-059be006d60a ] Request (ServersTestFqdnHostnames:setUpClass): 200 PUT http://10.180.1.21/networking/v2.0/routers/5c29312b-7959-4aae-aab2-8269a45d4c68/add_router_interface 1.652s
2025-12-11 10:42:51.927 65476 INFO tempest.lib.common.dynamic_creds [-] Created isolated network resources for: credentials: Credentials: {'domain_id': 'default', 'domain_name': 'Default', 'username': 'tempest-ServersTestFqdnHostnames-872778182-project-member', 'project_domain_id': 'default', 'project_domain_name': 'Default', 'project_id': '85a96bbc10d94f179c9a0aa0397e565c', 'project_name': 'tempest-ServersTestFqdnHostnames-872778182', 'tenant_id': '85a96bbc10d94f179c9a0aa0397e565c', 'tenant_name': 'tempest-ServersTestFqdnHostnames-872778182', 'user_domain_id': 'default', 'user_domain_name': 'Default', 'user_id': 'ceb23d69988447e18ffa6130a45e64a3', 'system': None}, Network: {'id': '8ad274e4-57a5-4aed-aa4d-77ab7b3383fe', 'name': 'tempest-ServersTestFqdnHostnames-2045780880-network', 'tenant_id': '85a96bbc10d94f179c9a0aa0397e565c', 'project_id': '85a96bbc10d94f179c9a0aa0397e565c', 'admin_state_up': True, 'mtu': 8950, 'status': 'ACTIVE', 'subnets': [], 'shared': False, 'port_security_enabled': True, 'router:external': False, 'provider:network_type': 'vlan', 'provider:physical_network': 'default', 'provider:segmentation_id': 364, 'availability_zone_hints': [], 'availability_zones': [], 'ipv4_address_scope': None, 'ipv6_address_scope': None, 'description': '', 'tags': [], 'created_at': '2025-12-11T10:42:49Z', 'updated_at': '2025-12-11T10:42:49Z', 'revision_number': 1}, Subnet: {'id': 'cbe9fb8f-2ca6-4e5e-bda6-8ac97702256b', 'name': 'tempest-ServersTestFqdnHostnames-2045780880-subnet', 'tenant_id': '85a96bbc10d94f179c9a0aa0397e565c', 'network_id': '8ad274e4-57a5-4aed-aa4d-77ab7b3383fe', 'ip_version': 4, 'subnetpool_id': None, 'enable_dhcp': True, 'ipv6_ra_mode': None, 'ipv6_address_mode': None, 'gateway_ip': '192.168.128.1', 'cidr': '192.168.128.0/28', 'allocation_pools': [{'start': '192.168.128.2', 'end': '192.168.128.14'}], 'host_routes': [], 'dns_nameservers': [], 'description': '', 'router:external': False, 'service_types': [], 'tags': [], 'created_at': '2025-12-11T10:42:49Z', 'updated_at': '2025-12-11T10:42:49Z', 'revision_number': 0, 'project_id': '85a96bbc10d94f179c9a0aa0397e565c'}, Router: {'id': '5c29312b-7959-4aae-aab2-8269a45d4c68', 'name': 'tempest-ServersTestFqdnHostnames-2045780880-router', 'tenant_id': '85a96bbc10d94f179c9a0aa0397e565c', 'admin_state_up': True, 'status': 'ACTIVE', 'external_gateway_info': {'network_id': 'efef8458-b17d-443e-8201-cda1826debf5', 'external_fixed_ips': [{'subnet_id': '958e99d4-69cc-4531-a9c5-d44da050a3b7', 'ip_address': '10.180.180.140'}], 'enable_snat': True}, 'description': '', 'availability_zones': [], 'distributed': False, 'ha': False, 'availability_zone_hints': [], 'routes': [], 'flavor_id': None, 'tags': [], 'created_at': '2025-12-11T10:42:49Z', 'updated_at': '2025-12-11T10:42:49Z', 'revision_number': 2, 'project_id': '85a96bbc10d94f179c9a0aa0397e565c'}
2025-12-11 10:42:52.039 65476 INFO tempest.lib.common.rest_client [req-ef425cda-e93c-4997-ba13-81f44cf08b79 req-ef425cda-e93c-4997-ba13-81f44cf08b79 ] Request (ServersTestFqdnHostnames:setUpClass): 201 POST http://10.180.1.21/identity/v3/auth/tokens 0.109s
2025-12-11 10:42:52.051 65496 INFO tempest.lib.common.rest_client [req-705781fb-0cef-4353-857f-5b393d428acd req-705781fb-0cef-4353-857f-5b393d428acd ] Request (QuotasAdminTestV257:tearDownClass): 200 GET http://10.180.1.21/networking/v2.0/security-groups?tenant_id=54f556d19f104c2d84dd2bdd40e41d87&name=default 1.335s
2025-12-11 10:42:52.091 65448 INFO tempest.lib.common.rest_client [req-4329a75c-9cbf-40f2-869f-27628587f3be req-4329a75c-9cbf-40f2-869f-27628587f3be ] Request (DeleteServersAdminTestJSON:test_admin_delete_servers_of_others): 200 GET http://10.180.1.21/compute/v2.1/servers/c8e95337-802e-4031-ac40-0ac35ebdcfc9 4.858s
2025-12-11 10:42:52.100 65448 INFO tempest.common.waiters [-] State transition "ACTIVE/deleting" ==> "DELETED/None" after 6 second wait
2025-12-11 10:42:52.249 65454 INFO tempest.lib.common.rest_client [req-03d4c71e-dcb2-4052-bd93-650e85ac2bbc req-03d4c71e-dcb2-4052-bd93-650e85ac2bbc ] Request (ServerMetadataNegativeTestJSON:setUpClass): 201 POST http://10.180.1.21/networking/v2.0/subnets 1.223s
2025-12-11 10:42:52.343 65496 INFO tempest.lib.common.rest_client [req-2cbde153-424a-4195-b6d7-e69edb1db789 req-2cbde153-424a-4195-b6d7-e69edb1db789 ] Request (QuotasAdminTestV257:tearDownClass): 204 DELETE http://10.180.1.21/networking/v2.0/security-groups/9ae1406f-e7f2-4b4d-a295-0e1061090fbf 0.291s
2025-12-11 10:42:52.432 65496 INFO tempest.lib.common.rest_client [req-3c2fc38b-7ed4-4cfe-9639-f14d7bcd0635 req-3c2fc38b-7ed4-4cfe-9639-f14d7bcd0635 ] Request (QuotasAdminTestV257:tearDownClass): 204 DELETE http://10.180.1.21/identity/v3/projects/54f556d19f104c2d84dd2bdd40e41d87 0.088s
2025-12-11 10:42:52.532 65496 INFO tempest.lib.common.rest_client [req-dca1dcdc-387c-465f-a116-1f125fa60d26 req-dca1dcdc-387c-465f-a116-1f125fa60d26 ] Request (ImagesNegativeTestJSON:setUpClass): 201 POST http://10.180.1.21/identity/v3/auth/tokens 0.097s
2025-12-11 10:42:52.563 65496 INFO tempest.lib.common.rest_client [req-463b8cd9-41d6-4d2d-85ec-a55dfd6b8298 req-463b8cd9-41d6-4d2d-85ec-a55dfd6b8298 ] Request (ImagesNegativeTestJSON:setUpClass): 201 POST http://10.180.1.21/identity/v3/auth/tokens 0.028s
2025-12-11 10:42:52.605 65496 INFO tempest.lib.common.rest_client [req-7106d263-0ebc-46e2-90a7-8f59dd32bb06 req-7106d263-0ebc-46e2-90a7-8f59dd32bb06 ] Request (ImagesNegativeTestJSON:setUpClass): 200 GET http://10.180.1.21/identity/v3/domains?name=Default 0.042s
2025-12-11 10:42:52.650 65496 INFO tempest.lib.common.rest_client [req-609c2ac7-a7bb-493f-b2c7-1236671d2f59 req-609c2ac7-a7bb-493f-b2c7-1236671d2f59 ] Request (ImagesNegativeTestJSON:setUpClass): 201 POST http://10.180.1.21/identity/v3/projects 0.044s
2025-12-11 10:42:52.732 65496 INFO tempest.lib.common.rest_client [req-bccc92cb-ecd3-442b-9da5-bf8b4fccae37 req-bccc92cb-ecd3-442b-9da5-bf8b4fccae37 ] Request (ImagesNegativeTestJSON:setUpClass): 201 POST http://10.180.1.21/identity/v3/users 0.082s
2025-12-11 10:42:52.753 65496 INFO tempest.lib.common.rest_client [req-f33940b5-8197-4fbf-88db-8557c6cba8e5 req-f33940b5-8197-4fbf-88db-8557c6cba8e5 ] Request (ImagesNegativeTestJSON:setUpClass): 200 GET http://10.180.1.21/identity/v3/roles 0.021s
2025-12-11 10:42:52.779 65496 INFO tempest.lib.common.rest_client [req-6f0bca44-8c51-426d-a13a-e0544979c1b4 req-6f0bca44-8c51-426d-a13a-e0544979c1b4 ] Request (ImagesNegativeTestJSON:setUpClass): 204 PUT http://10.180.1.21/identity/v3/projects/1ae9df796eb8426ca503b108504c464c/users/d7c1cd28a9c7498fbe9378d3b0134909/roles/c32f305414db485cb0d3ae6e926fe9bd 0.025s
2025-12-11 10:42:52.779 65496 INFO tempest.lib.common.dynamic_creds [-] Dynamic test user d7c1cd28a9c7498fbe9378d3b0134909 is created with scope project and roles: ['member']
2025-12-11 10:42:52.779 65496 INFO tempest.lib.common.dynamic_creds [-] Acquired dynamic creds: credentials: Credentials: {'domain_id': 'default', 'domain_name': 'Default', 'username': 'tempest-ImagesNegativeTestJSON-1128363570-project-member', 'project_domain_id': 'default', 'project_domain_name': 'Default', 'project_id': '1ae9df796eb8426ca503b108504c464c', 'project_name': 'tempest-ImagesNegativeTestJSON-1128363570', 'tenant_id': '1ae9df796eb8426ca503b108504c464c', 'tenant_name': 'tempest-ImagesNegativeTestJSON-1128363570', 'user_domain_id': 'default', 'user_domain_name': 'Default', 'user_id': 'd7c1cd28a9c7498fbe9378d3b0134909', 'system': None}, Network: None, Subnet: None, Router: None
2025-12-11 10:42:52.841 65496 INFO tempest.lib.common.rest_client [req-952eeb90-5f28-4ddf-85a0-c3f361ade1df req-952eeb90-5f28-4ddf-85a0-c3f361ade1df ] Request (ImagesNegativeTestJSON:setUpClass): 201 POST http://10.180.1.21/identity/v3/auth/tokens 0.062s
2025-12-11 10:42:52.917 65440 INFO tempest.lib.common.rest_client [req-0599c667-4718-4f56-966a-d418877cde6e req-0599c667-4718-4f56-966a-d418877cde6e ] Request (ImagesTestJSON:setUpClass): 201 POST http://10.180.1.21/networking/v2.0/routers 1.047s
2025-12-11 10:42:52.975 65498 INFO tempest.lib.common.rest_client [req-f4031fad-0e52-4747-8e35-0e5abcc13d05 req-f4031fad-0e52-4747-8e35-0e5abcc13d05 ] Request (SecurityGroupsNegativeTestJSON:test_delete_the_default_security_group): 400 DELETE http://10.180.1.21/compute/v2.1/os-security-groups/970cbdd8-999c-44c7-a246-5fc46188691d 5.373s
2025-12-11 10:42:53.193 65454 INFO tempest.lib.common.rest_client [req-4650c171-a6f9-437e-8bae-8445e3981b68 req-4650c171-a6f9-437e-8bae-8445e3981b68 ] Request (ServerMetadataNegativeTestJSON:setUpClass): 201 POST http://10.180.1.21/networking/v2.0/routers 0.944s
2025-12-11 10:42:53.253 65482 INFO tempest.lib.common.rest_client [req-02a65805-9a88-496f-9ac8-4eae88f49df9 req-02a65805-9a88-496f-9ac8-4eae88f49df9 ] Request (QuotasAdminNegativeTest:test_create_server_when_memory_quota_is_full): 403 POST http://10.180.1.21/compute/v2.1/servers 6.357s
2025-12-11 10:42:53.383 65442 INFO tempest.lib.common.rest_client [req-d12bb369-4c5d-412d-a44b-b335c9f3c898 req-d12bb369-4c5d-412d-a44b-b335c9f3c898 ] Request (FlavorsAccessNegativeTestJSON:test_flavor_non_admin_add): 403 POST http://10.180.1.21/compute/v2.1/flavors/2071562655/action 5.270s
2025-12-11 10:42:53.554 65496 INFO tempest.lib.common.rest_client [req-bfd9e546-4ee6-49f3-b65d-ee1c545853c9 req-bfd9e546-4ee6-49f3-b65d-ee1c545853c9 ] Request (ImagesNegativeTestJSON:setUpClass): 201 POST http://10.180.1.21/networking/v2.0/networks 0.712s
2025-12-11 10:42:53.600 65462 INFO tempest.lib.common.rest_client [req-eda93503-781e-4510-a248-d445a55b23e5 req-eda93503-781e-4510-a248-d445a55b23e5 ] Request (ServerExternalEventsTest:tearDownClass): 200 GET http://10.180.1.21/compute/v2.1/servers/a00ab02c-c99b-40bc-a296-83797b9c3b20 5.865s
2025-12-11 10:42:53.649 65450 INFO tempest.lib.common.rest_client [req-a2e55bb3-a661-4e7f-b50a-8a9fd594fce1 req-a2e55bb3-a661-4e7f-b50a-8a9fd594fce1 ] Request (TenantUsagesTestJSON:test_list_usage_all_tenants): 200 GET http://10.180.1.21/compute/v2.1/os-simple-tenant-usage?start=2025-12-10T10%3A42%3A43.453906&end=2025-12-12T10%3A42%3A43.453906&detailed=1 5.190s
2025-12-11 10:42:53.656 65452 INFO tempest.lib.common.rest_client [req-09b39da0-4176-4874-ae6c-0107760cf3ad req-09b39da0-4176-4874-ae6c-0107760cf3ad ] Request (AggregatesAdminNegativeTestJSON:test_aggregate_create_aggregate_name_length_exceeds_255): 400 POST http://10.180.1.21/compute/v2.1/os-aggregates 5.132s
2025-12-11 10:42:53.662 65494 INFO tempest.lib.common.rest_client [req-8232ba9c-beb7-4992-98db-c4f682d5adc4 req-8232ba9c-beb7-4992-98db-c4f682d5adc4 ] Request (HostsAdminNegativeTestJSON:test_update_host_with_non_admin_user): 403 PUT http://10.180.1.21/compute/v2.1/os-hosts/devstack 5.131s
2025-12-11 10:42:54.177 65440 INFO tempest.lib.common.rest_client [req-05301347-2e0e-4dcd-8106-bed506e0d117 req-05301347-2e0e-4dcd-8106-bed506e0d117 ] Request (ImagesTestJSON:setUpClass): 200 PUT http://10.180.1.21/networking/v2.0/routers/6a377873-59bd-4b94-ac63-87099cb372cf/add_router_interface 1.259s
