2025-12-11 10:45:09.958 65472 INFO tempest.lib.common.dynamic_creds [-] Created isolated network resources for: credentials: Credentials: {'domain_id': 'default', 'domain_name': 'Default', 'username': 'tempest-ServersTestBootFromVolume-713779798-project-member', 'project_domain_id': 'default', 'project_domain_name': 'Default', 'project_id': 'f36d2dfa038a4f9fa0263dc4e104c962', 'project_name': 'tempest-ServersTestBootFromVolume-713779798', 'tenant_id': 'f36d2dfa038a4f9fa0263dc4e104c962', 'tenant_name': 'tempest-ServersTestBootFromVolume-713779798', 'user_domain_id': 'default', 'user_domain_name': 'Default', 'user_id': 'cc82e6f9f84645e08d74602c77b23b60', 'system': None}, Network: {'id': 'b003ac97-7522-4542-818c-aed80633667b', 'name': 'tempest-ServersTestBootFromVolume-201529613-network', 'tenant_id': 'f36d2dfa038a4f9fa0263dc4e104c962', 'project_id': 'f36d2dfa038a4f9fa0263dc4e104c962', 'admin_state_up': True, 'mtu': 8950, 'status': 'ACTIVE', 'subnets': [], 'shared': False, 'port_security_enabled': True, 'router:external': False, 'provider:network_type': 'vlan', 'provider:physical_network': 'default', 'provider:segmentation_id': 260, 'availability_zone_hints': [], 'availability_zones': [], 'ipv4_address_scope': None, 'ipv6_address_scope': None, 'description': '', 'tags': [], 'created_at': '2025-12-11T10:45:07Z', 'updated_at': '2025-12-11T10:45:07Z', 'revision_number': 1}, Subnet: {'id': 'd1ded0d4-f854-49d9-8ef7-b0d8d9c0c098', 'name': 'tempest-ServersTestBootFromVolume-201529613-subnet', 'tenant_id': 'f36d2dfa038a4f9fa0263dc4e104c962', 'network_id': 'b003ac97-7522-4542-818c-aed80633667b', 'ip_version': 4, 'subnetpool_id': None, 'enable_dhcp': True, 'ipv6_ra_mode': None, 'ipv6_address_mode': None, 'gateway_ip': '192.168.128.1', 'cidr': '192.168.128.0/28', 'allocation_pools': [{'start': '192.168.128.2', 'end': '192.168.128.14'}], 'host_routes': [], 'dns_nameservers': [], 'description': '', 'router:external': False, 'service_types': [], 'tags': [], 'created_at': '2025-12-11T10:45:08Z', 'updated_at': '2025-12-11T10:45:08Z', 'revision_number': 0, 'project_id': 'f36d2dfa038a4f9fa0263dc4e104c962'}, Router: {'id': '22774e17-506a-4c56-8bff-e0632918c007', 'name': 'tempest-ServersTestBootFromVolume-201529613-router', 'tenant_id': 'f36d2dfa038a4f9fa0263dc4e104c962', 'admin_state_up': True, 'status': 'ACTIVE', 'external_gateway_info': {'network_id': 'efef8458-b17d-443e-8201-cda1826debf5', 'external_fixed_ips': [{'subnet_id': '958e99d4-69cc-4531-a9c5-d44da050a3b7', 'ip_address': '10.180.180.181'}], 'enable_snat': True}, 'description': '', 'availability_zones': [], 'distributed': False, 'ha': False, 'availability_zone_hints': [], 'routes': [], 'flavor_id': None, 'tags': [], 'created_at': '2025-12-11T10:45:08Z', 'updated_at': '2025-12-11T10:45:08Z', 'revision_number': 2, 'project_id': 'f36d2dfa038a4f9fa0263dc4e104c962'}
2025-12-11 10:45:09.981 65470 INFO tempest.lib.common.rest_client [req-90171daa-6448-4c2a-84ff-ad67267cb227 req-90171daa-6448-4c2a-84ff-ad67267cb227 ] Request (ServerShowV257Test:test_rebuild_server): 200 GET http://10.180.1.21/compute/v2.1/servers/03204b14-e84f-4a22-8a99-53625d647323 1.858s
2025-12-11 10:45:09.990 65470 INFO tempest.common.waiters [-] State transition "BUILD/None" ==> "BUILD/networking" after 33 second wait
2025-12-11 10:45:09.999 65484 INFO tempest.lib.common.rest_client [req-5344c8b0-c1b4-4e39-8262-e1929c3ee1c6 req-5344c8b0-c1b4-4e39-8262-e1929c3ee1c6 ] Request (ServerPasswordTestJSON:setUpClass): 200 GET http://10.180.1.21/compute/v2.1/servers/c4d60ba6-f72d-460c-a5ef-e355af5628ea 1.837s
2025-12-11 10:45:10.071 65472 INFO tempest.lib.common.rest_client [req-1f5b496e-13f6-4c77-b04e-bac577033903 req-1f5b496e-13f6-4c77-b04e-bac577033903 ] Request (ServersTestBootFromVolume:setUpClass): 201 POST http://10.180.1.21/identity/v3/auth/tokens 0.111s
2025-12-11 10:45:10.076 65481 INFO tempest.lib.common.rest_client [req-ecc6f88e-8dc9-480b-b5b8-c04dfbbb5bd7 req-ecc6f88e-8dc9-480b-b5b8-c04dfbbb5bd7 ] Request (ServersNegativeTestJSON:setUpClass): 200 GET http://10.180.1.21/compute/v2.1/servers/944d06be-83a4-4b89-aa3b-f50d91fa91db 1.666s
2025-12-11 10:45:10.086 65481 INFO tempest.common.waiters [-] State transition "ACTIVE/deleting" ==> "DELETED/None" after 5 second wait
2025-12-11 10:45:10.098 65450 INFO tempest.lib.common.rest_client [req-962f4057-9d38-40e3-8ccb-ffa9e32abc65 req-962f4057-9d38-40e3-8ccb-ffa9e32abc65 ] Request (InstanceActionsTestJSON:tearDownClass): 200 GET http://10.180.1.21/compute/v2.1/servers/f4c06d03-2036-4148-b83c-1309533a6a2c 1.675s
2025-12-11 10:45:10.132 65460 INFO tempest.lib.common.rest_client [req-824d6bd7-2447-4f34-a4b8-c54ba9f5544c req-824d6bd7-2447-4f34-a4b8-c54ba9f5544c ] Request (VolumesAdminNegativeTest:tearDownClass): 200 PUT http://10.180.1.21/networking/v2.0/routers/6b426320-0b8b-45ad-a288-b99aed579bdf/remove_router_interface 1.228s
2025-12-11 10:45:10.158 65496 INFO tempest.lib.common.rest_client [req-56e9d39e-063a-476d-a987-d5df4a080a84 req-56e9d39e-063a-476d-a987-d5df4a080a84 ] Request (ServerActionsTestOtherB:setUpClass): 200 GET http://10.180.1.21/compute/v2.1/servers/14b8aba6-3293-43fa-8133-85b028cc14e5 1.675s
2025-12-11 10:45:10.346 65464 INFO tempest.lib.common.rest_client [req-bb804fca-2faf-4f0e-9d26-33c83c5824e7 req-bb804fca-2faf-4f0e-9d26-33c83c5824e7 ] Request (ServerShowV247Test:test_update_rebuild_list_server): 200 GET http://10.180.1.21/compute/v2.1/servers/4f243f3b-d655-406a-9aeb-35d847568527 1.846s
2025-12-11 10:45:10.360 65446 INFO tempest.lib.common.rest_client [req-8f7474a0-8359-493b-930b-b28fdd659806 req-8f7474a0-8359-493b-930b-b28fdd659806 ] Request (ServerRescueTestJSONUnderV235:setUpClass): 200 GET http://10.180.1.21/compute/v2.1/servers/8efc1134-b5e2-440d-83bf-bb1a492c5404 1.747s
2025-12-11 10:45:10.412 65502 INFO tempest.lib.common.rest_client [req-d0a35d24-839d-43a0-84ba-5b5261191c18 req-d0a35d24-839d-43a0-84ba-5b5261191c18 ] Request (ListImageFiltersTestJSON:tearDownClass): 200 GET http://10.180.1.21/compute/v2.1/servers/a234c9a6-70ef-4445-a6bf-ac913ae6c624 1.761s
2025-12-11 10:45:10.432 65492 INFO tempest.lib.common.rest_client [req-362f242e-4beb-4fc9-9ada-f9fecaec529e req-362f242e-4beb-4fc9-9ada-f9fecaec529e ] Request (ListServerFiltersTestJSON:tearDownClass): 200 GET http://10.180.1.21/compute/v2.1/servers/dc4a2b5a-f9d5-438f-a8da-72e381e229f9 1.461s
2025-12-11 10:45:10.476 65489 INFO tempest.lib.common.rest_client [req-de8bacbc-8d33-47e8-aee9-eecd1ecb9715 req-de8bacbc-8d33-47e8-aee9-eecd1ecb9715 ] Request (VolumesAssistedSnapshotsTest:tearDownClass): 200 GET http://10.180.1.21/compute/v2.1/servers/cec7dc4f-799e-4013-a322-a93223d303c3 1.492s
2025-12-11 10:45:10.494 65458 INFO tempest.lib.common.rest_client [req-3541db97-7a1a-4c1d-8a88-6a9e03a09b62 req-3541db97-7a1a-4c1d-8a88-6a9e03a09b62 ] Request (ServerDiagnosticsV248Test:test_get_server_diagnostics): 200 GET http://10.180.1.21/compute/v2.1/servers/5d6d2d54-1792-4f15-ba37-0b884070925e 1.274s
2025-12-11 10:45:10.522 65460 INFO tempest.lib.common.rest_client [req-bc369bbd-9be4-4d46-a58c-4b97cd1007fb req-bc369bbd-9be4-4d46-a58c-4b97cd1007fb ] Request (VolumesAdminNegativeTest:tearDownClass): 204 DELETE http://10.180.1.21/networking/v2.0/routers/6b426320-0b8b-45ad-a288-b99aed579bdf 0.390s
2025-12-11 10:45:10.582 65444 INFO tempest.lib.common.rest_client [req-c90ae296-38cc-40ec-886b-1a13ea861f0b req-c90ae296-38cc-40ec-886b-1a13ea861f0b ] Request (ServerActionsTestOtherA:setUpClass): 200 GET http://10.180.1.21/compute/v2.1/servers/5d05644c-9c56-4b76-bbdb-90a0facc1418 1.114s
2025-12-11 10:45:10.620 65452 INFO tempest.lib.common.rest_client [req-2722fa04-d42d-4e50-b169-3a1849a87790 req-2722fa04-d42d-4e50-b169-3a1849a87790 ] Request (MigrationsAdminTest:test_list_migrations_in_flavor_resize_situation): 200 GET http://10.180.1.21/compute/v2.1/servers/ed3cd639-818c-47b5-a5a0-14fc65359d1b 1.173s
2025-12-11 10:45:10.628 65440 INFO tempest.lib.common.rest_client [req-17752214-e4f6-4999-8e01-7b6cd6f38983 req-17752214-e4f6-4999-8e01-7b6cd6f38983 ] Request (ImagesTestJSON:test_create_image_from_suspended_server): 200 GET http://10.180.1.21/compute/v2.1/images/7f60e3ca-cc1a-4970-b3d0-5025fa43d2f3 1.130s
2025-12-11 10:45:10.630 65452 INFO tempest.common.waiters [-] State transition "BUILD/spawning" ==> "ACTIVE/None" after 39 second wait
2025-12-11 10:45:10.665 65460 INFO tempest.lib.common.rest_client [req-08c135bd-d628-4e9b-bdd4-2b6055574d52 req-08c135bd-d628-4e9b-bdd4-2b6055574d52 ] Request (VolumesAdminNegativeTest:tearDownClass): 204 DELETE http://10.180.1.21/networking/v2.0/subnets/add556a7-c4ed-4053-beee-1c93300473c6 0.143s
2025-12-11 10:45:10.709 65500 INFO tempest.lib.common.rest_client [req-a6b3b8f2-a586-4e8d-b2a7-e8288174049c req-a6b3b8f2-a586-4e8d-b2a7-e8288174049c ] Request (ImagesOneServerTestJSON:tearDownClass): 200 GET http://10.180.1.21/compute/v2.1/servers/17b8d396-a6e2-4e76-9c9e-99afe5a955d2 1.101s
2025-12-11 10:45:10.722 65462 INFO tempest.lib.common.rest_client [req-fe64980c-8f74-469c-9699-0b6fe54f257d req-fe64980c-8f74-469c-9699-0b6fe54f257d ] Request (SecurityGroupsTestJSON:test_server_security_groups): 200 GET http://10.180.1.21/compute/v2.1/servers/14faf779-dd1f-4a2b-9356-bd8925458975 1.098s
2025-12-11 10:45:10.798 65448 INFO tempest.lib.common.rest_client [req-cac8e03d-742e-4d32-846e-b57bc8de00cf req-cac8e03d-742e-4d32-846e-b57bc8de00cf ] Request (ServersV294TestFqdnHostnames:setUpClass): 200 GET http://10.180.1.21/compute/v2.1/servers/ce62e66a-bb31-410a-8e47-bf138ce8acd3 0.844s
2025-12-11 10:45:10.804 65474 INFO tempest.lib.common.rest_client [req-aafaf0fc-853a-4049-8f73-d56cf2c5128c req-aafaf0fc-853a-4049-8f73-d56cf2c5128c ] Request (ServerShowV254Test:test_rebuild_server): 200 GET http://10.180.1.21/compute/v2.1/servers/a59dd6fe-822b-49a9-88e6-1036d3167559 0.848s
2025-12-11 10:45:10.895 65442 INFO tempest.lib.common.rest_client [req-77c3dd4d-2358-4724-a9d0-4c32bfd8e097 req-77c3dd4d-2358-4724-a9d0-4c32bfd8e097 ] Request (ServersAdminTestJSON:setUpClass): 200 GET http://10.180.1.21/compute/v2.1/servers/abdb2a00-e72c-4b90-88b4-0223dd8d808f 0.854s
2025-12-11 10:45:10.901 65466 INFO tempest.lib.common.rest_client [req-d9998896-1ea4-4a64-aeaa-7d1433593933 req-d9998896-1ea4-4a64-aeaa-7d1433593933 ] Request (ServersNegativeTestMultiTenantJSON:tearDownClass): 200 GET http://10.180.1.21/compute/v2.1/servers/8819621a-2126-40a1-a6f3-b437a502be30 0.843s
2025-12-11 10:45:11.034 65460 INFO tempest.lib.common.rest_client [req-3147ce85-a774-4d67-85b3-36bfbb274714 req-3147ce85-a774-4d67-85b3-36bfbb274714 ] Request (VolumesAdminNegativeTest:tearDownClass): 204 DELETE http://10.180.1.21/networking/v2.0/networks/811ad7bb-d3d0-415b-800e-328a668b5822 0.368s
2025-12-11 10:45:11.041 65472 INFO tempest.lib.common.rest_client [req-829f1380-1ca4-4caf-82b3-2523c2d72081 req-829f1380-1ca4-4caf-82b3-2523c2d72081 ] Request (ServersTestBootFromVolume:setUpClass): 200 POST http://10.180.1.21/compute/v2.1/os-keypairs 0.968s
2025-12-11 10:45:11.189 65472 INFO tempest.lib.common.rest_client [req-34085365-4a82-4498-99b1-75fab2fc4f92 req-34085365-4a82-4498-99b1-75fab2fc4f92 ] Request (ServersTestBootFromVolume:setUpClass): 201 POST http://10.180.1.21/networking/v2.0/security-groups 0.147s
2025-12-11 10:45:11.219 65452 INFO tempest.lib.common.rest_client [req-f554348b-ba4f-4a69-bf0b-a5f7cb243a16 req-f554348b-ba4f-4a69-bf0b-a5f7cb243a16 ] Request (MigrationsAdminTest:test_list_migrations_in_flavor_resize_situation): 202 POST http://10.180.1.21/compute/v2.1/servers/ed3cd639-818c-47b5-a5a0-14fc65359d1b/action 0.589s
2025-12-11 10:45:11.231 65470 INFO tempest.lib.common.rest_client [req-6ab002d5-9a59-4dc7-8514-ef0c8d2b35b9 req-6ab002d5-9a59-4dc7-8514-ef0c8d2b35b9 ] Request (ServerShowV257Test:test_rebuild_server): 200 GET http://10.180.1.21/compute/v2.1/servers/03204b14-e84f-4a22-8a99-53625d647323 0.240s
2025-12-11 10:45:11.240 65470 INFO tempest.common.waiters [-] State transition "BUILD/networking" ==> "BUILD/spawning" after 35 second wait
2025-12-11 10:45:11.338 65490 WARNING tempest.lib.common.ssh [-] Failed to establish authenticated ssh connection to cirros@10.180.180.204 ([Errno None] Unable to connect to port 22 on 10.180.180.204). Number attempts: 8. Retry after 9 seconds.: paramiko.ssh_exception.NoValidConnectionsError: [Errno None] Unable to connect to port 22 on 10.180.180.204
2025-12-11 10:45:11.396 65472 INFO tempest.lib.common.rest_client [req-911aa308-8f9c-43e4-b4a4-2a9f1eb0907b req-911aa308-8f9c-43e4-b4a4-2a9f1eb0907b ] Request (ServersTestBootFromVolume:setUpClass): 201 POST http://10.180.1.21/networking/v2.0/security-group-rules 0.207s
2025-12-11 10:45:11.489 65481 INFO tempest.lib.common.rest_client [req-0a10bc65-b2f8-4934-b99a-e2736c0b70d3 req-0a10bc65-b2f8-4934-b99a-e2736c0b70d3 ] Request (ServersNegativeTestJSON:setUpClass): 200 GET http://10.180.1.21/compute/v2.1/servers/944d06be-83a4-4b89-aa3b-f50d91fa91db 0.402s
2025-12-11 10:45:11.507 65484 INFO tempest.lib.common.rest_client [req-1b08f064-4b0a-45ef-8581-e8a92f7946cc req-1b08f064-4b0a-45ef-8581-e8a92f7946cc ] Request (ServerPasswordTestJSON:setUpClass): 200 GET http://10.180.1.21/compute/v2.1/servers/c4d60ba6-f72d-460c-a5ef-e355af5628ea 0.500s
2025-12-11 10:45:11.644 65472 INFO tempest.lib.common.rest_client [req-d446a530-d5c9-4958-a318-cec4483289e5 req-d446a530-d5c9-4958-a318-cec4483289e5 ] Request (ServersTestBootFromVolume:setUpClass): 201 POST http://10.180.1.21/networking/v2.0/security-group-rules 0.245s
2025-12-11 10:45:11.817 65450 INFO tempest.lib.common.rest_client [req-70c5c117-564b-4d2d-927e-cc14fcea8444 req-70c5c117-564b-4d2d-927e-cc14fcea8444 ] Request (InstanceActionsTestJSON:tearDownClass): 200 GET http://10.180.1.21/compute/v2.1/servers/f4c06d03-2036-4148-b83c-1309533a6a2c 0.706s
2025-12-11 10:45:11.884 65496 INFO tempest.lib.common.rest_client [req-294941d4-61eb-4b62-bf43-eb07e5f29d23 req-294941d4-61eb-4b62-bf43-eb07e5f29d23 ] Request (ServerActionsTestOtherB:setUpClass): 200 GET http://10.180.1.21/compute/v2.1/servers/14b8aba6-3293-43fa-8133-85b028cc14e5 0.711s
2025-12-11 10:45:11.895 65496 INFO tempest.common.waiters [-] State transition "BUILD/None" ==> "BUILD/networking" after 34 second wait
2025-12-11 10:45:12.144 65460 INFO tempest.lib.common.rest_client [req-c88ee717-b26e-4e20-817f-ca53d3177665 req-c88ee717-b26e-4e20-817f-ca53d3177665 ] Request (VolumesAdminNegativeTest:tearDownClass): 200 PUT http://10.180.1.21/networking/v2.0/routers/94a5f38f-2ba2-4005-a3c2-09466394512d/remove_router_interface 1.109s
2025-12-11 10:45:12.312 65472 INFO tempest.lib.common.rest_client [req-a13114d5-075d-4f59-86b5-991ddf460a97 req-a13114d5-075d-4f59-86b5-991ddf460a97 ] Request (ServersTestBootFromVolume:setUpClass): 201 POST http://10.180.1.21/networking/v2.0/floatingips 0.667s
2025-12-11 10:45:12.368 65472 INFO tempest.lib.common.rest_client [req-e8956088-d3fa-47af-a839-0e439f4663a6 req-e8956088-d3fa-47af-a839-0e439f4663a6 ] Request (ServersTestBootFromVolume:setUpClass): 201 POST http://10.180.1.21/identity/v3/auth/tokens 0.051s
2025-12-11 10:45:12.369 65472 INFO tempest.lib.common.fixed_network [-] (ServersTestBootFromVolume:setUpClass) Found network {'id': 'b003ac97-7522-4542-818c-aed80633667b', 'name': 'tempest-ServersTestBootFromVolume-201529613-network', 'tenant_id': 'f36d2dfa038a4f9fa0263dc4e104c962', 'project_id': 'f36d2dfa038a4f9fa0263dc4e104c962', 'admin_state_up': True, 'mtu': 8950, 'status': 'ACTIVE', 'subnets': [], 'shared': False, 'port_security_enabled': True, 'router:external': False, 'provider:network_type': 'vlan', 'provider:physical_network': 'default', 'provider:segmentation_id': 260, 'availability_zone_hints': [], 'availability_zones': [], 'ipv4_address_scope': None, 'ipv6_address_scope': None, 'description': '', 'tags': [], 'created_at': '2025-12-11T10:45:07Z', 'updated_at': '2025-12-11T10:45:07Z', 'revision_number': 1} available for tenant
2025-12-11 10:45:12.381 65464 INFO tempest.lib.common.rest_client [req-6f7fc980-e8ce-4149-a474-f68ee2c9e856 req-6f7fc980-e8ce-4149-a474-f68ee2c9e856 ] Request (ServerShowV247Test:test_update_rebuild_list_server): 200 GET http://10.180.1.21/compute/v2.1/servers/4f243f3b-d655-406a-9aeb-35d847568527 1.024s
2025-12-11 10:45:12.504 65452 INFO tempest.lib.common.rest_client [req-c6ed6ebb-3f51-42aa-b242-df9ff6272dba req-c6ed6ebb-3f51-42aa-b242-df9ff6272dba ] Request (MigrationsAdminTest:test_list_migrations_in_flavor_resize_situation): 200 GET http://10.180.1.21/compute/v2.1/servers/ed3cd639-818c-47b5-a5a0-14fc65359d1b 1.284s
2025-12-11 10:45:12.521 65446 INFO tempest.lib.common.rest_client [req-645ae427-9737-4327-b9de-64d64d82de1a req-645ae427-9737-4327-b9de-64d64d82de1a ] Request (ServerRescueTestJSONUnderV235:setUpClass): 200 GET http://10.180.1.21/compute/v2.1/servers/8efc1134-b5e2-440d-83bf-bb1a492c5404 1.153s
2025-12-11 10:45:12.825 65460 INFO tempest.lib.common.rest_client [req-ae125775-3f24-43dc-9e38-6436cc7177ac req-ae125775-3f24-43dc-9e38-6436cc7177ac ] Request (VolumesAdminNegativeTest:tearDownClass): 204 DELETE http://10.180.1.21/networking/v2.0/routers/94a5f38f-2ba2-4005-a3c2-09466394512d 0.680s
2025-12-11 10:45:12.894 65472 INFO tempest.lib.common.rest_client [req-a118baec-e2ad-4c56-b9c5-658c709e286b req-a118baec-e2ad-4c56-b9c5-658c709e286b ] Request (ServersTestBootFromVolume:setUpClass): 202 POST http://10.180.1.21/volume/v3/volumes 0.524s
2025-12-11 10:45:12.937 65472 INFO tempest.lib.common.rest_client [req-46d627b6-ebcd-4e32-ade4-ceb5385ce5a2 req-46d627b6-ebcd-4e32-ade4-ceb5385ce5a2 ] Request (ServersTestBootFromVolume:setUpClass): 200 GET http://10.180.1.21/volume/v3/volumes/5521f9b9-b464-4887-8602-a5a095b0bc9b 0.034s
2025-12-11 10:45:12.970 65502 INFO tempest.lib.common.rest_client [req-cb431eb1-cf40-4923-b2d3-c4e7ff2adb5d req-cb431eb1-cf40-4923-b2d3-c4e7ff2adb5d ] Request (ListImageFiltersTestJSON:tearDownClass): 200 GET http://10.180.1.21/compute/v2.1/servers/a234c9a6-70ef-4445-a6bf-ac913ae6c624 1.548s
2025-12-11 10:45:12.984 65492 INFO tempest.lib.common.rest_client [req-ab847cbd-1b8a-4a18-aa6c-b044e8abf207 req-ab847cbd-1b8a-4a18-aa6c-b044e8abf207 ] Request (ListServerFiltersTestJSON:tearDownClass): 200 GET http://10.180.1.21/compute/v2.1/servers/dc4a2b5a-f9d5-438f-a8da-72e381e229f9 1.543s
2025-12-11 10:45:12.988 65502 INFO tempest.common.waiters [-] State transition "ACTIVE/deleting" ==> "DELETED/None" after 5 second wait
2025-12-11 10:45:13.132 65460 INFO tempest.lib.common.rest_client [req-136f7d7c-799a-4708-965f-1b0cb5fb1fe5 req-136f7d7c-799a-4708-965f-1b0cb5fb1fe5 ] Request (VolumesAdminNegativeTest:tearDownClass): 204 DELETE http://10.180.1.21/networking/v2.0/subnets/d52a8f02-4822-4fd1-a3e5-73c3016a4ef2 0.307s
2025-12-11 10:45:13.168 65458 INFO tempest.lib.common.rest_client [req-9541138f-b198-4d19-aeb5-92023bc5768c req-9541138f-b198-4d19-aeb5-92023bc5768c ] Request (ServerDiagnosticsV248Test:test_get_server_diagnostics): 200 GET http://10.180.1.21/compute/v2.1/servers/5d6d2d54-1792-4f15-ba37-0b884070925e 1.663s
2025-12-11 10:45:13.175 65489 INFO tempest.lib.common.rest_client [req-d0631175-5a3b-4aae-9345-5fe444a04276 req-d0631175-5a3b-4aae-9345-5fe444a04276 ] Request (VolumesAssistedSnapshotsTest:tearDownClass): 200 GET http://10.180.1.21/compute/v2.1/servers/cec7dc4f-799e-4013-a322-a93223d303c3 1.685s
2025-12-11 10:45:13.178 65458 INFO tempest.common.waiters [-] State transition "BUILD/scheduling" ==> "BUILD/None" after 16 second wait
2025-12-11 10:45:13.208 65440 INFO tempest.lib.common.rest_client [req-33982b9e-556d-4eca-9901-181e2a5dfe40 req-33982b9e-556d-4eca-9901-181e2a5dfe40 ] Request (ImagesTestJSON:test_create_image_from_suspended_server): 200 GET http://10.180.1.21/compute/v2.1/images/7f60e3ca-cc1a-4970-b3d0-5025fa43d2f3 1.575s
2025-12-11 10:45:13.466 65460 INFO tempest.lib.common.rest_client [req-f622be54-2d0a-4c63-8f1e-60b03f85b3c2 req-f622be54-2d0a-4c63-8f1e-60b03f85b3c2 ] Request (VolumesAdminNegativeTest:tearDownClass): 204 DELETE http://10.180.1.21/networking/v2.0/networks/d80be228-6173-47fc-ae18-16670133384f 0.334s
2025-12-11 10:45:13.495 65444 INFO tempest.lib.common.rest_client [req-cb811ee4-21de-4ab7-a4b4-63b6247d59f8 req-cb811ee4-21de-4ab7-a4b4-63b6247d59f8 ] Request (ServerActionsTestOtherA:setUpClass): 200 GET http://10.180.1.21/compute/v2.1/servers/5d05644c-9c56-4b76-bbdb-90a0facc1418 1.901s
2025-12-11 10:45:13.507 65500 INFO tempest.lib.common.rest_client [req-38bb0f95-b478-4d39-8162-0b0bda02f286 req-38bb0f95-b478-4d39-8162-0b0bda02f286 ] Request (ImagesOneServerTestJSON:tearDownClass): 200 GET http://10.180.1.21/compute/v2.1/servers/17b8d396-a6e2-4e76-9c9e-99afe5a955d2 1.788s
2025-12-11 10:45:13.575 65460 INFO tempest.lib.common.rest_client [req-73d63a5a-81bf-4b25-8146-a05d7f145488 req-73d63a5a-81bf-4b25-8146-a05d7f145488 ] Request (VolumesAdminNegativeTest:tearDownClass): 204 DELETE http://10.180.1.21/identity/v3/users/0739f7af11e945598426b1be68f062a8 0.108s
2025-12-11 10:45:13.576 65462 INFO tempest.lib.common.rest_client [req-f211a34b-cc90-4913-89c7-bfde3f5b34b7 req-f211a34b-cc90-4913-89c7-bfde3f5b34b7 ] Request (SecurityGroupsTestJSON:test_server_security_groups): 200 GET http://10.180.1.21/compute/v2.1/servers/14faf779-dd1f-4a2b-9356-bd8925458975 1.844s
2025-12-11 10:45:13.597 65448 INFO tempest.lib.common.rest_client [req-d923936b-8359-4322-b600-1171e537e897 req-d923936b-8359-4322-b600-1171e537e897 ] Request (ServersV294TestFqdnHostnames:setUpClass): 200 GET http://10.180.1.21/compute/v2.1/servers/ce62e66a-bb31-410a-8e47-bf138ce8acd3 1.777s
2025-12-11 10:45:13.644 65474 INFO tempest.lib.common.rest_client [req-6670abea-3c01-4c83-ace6-9830fb1b7a42 req-6670abea-3c01-4c83-ace6-9830fb1b7a42 ] Request (ServerShowV254Test:test_rebuild_server): 200 GET http://10.180.1.21/compute/v2.1/servers/a59dd6fe-822b-49a9-88e6-1036d3167559 1.814s
2025-12-11 10:45:13.654 65474 INFO tempest.common.waiters [-] State transition "BUILD/spawning" ==> "ACTIVE/None" after 41 second wait
2025-12-11 10:45:13.660 65442 INFO tempest.lib.common.rest_client [req-4acee183-405d-4a2c-988f-69b828e1e7a1 req-4acee183-405d-4a2c-988f-69b828e1e7a1 ] Request (ServersAdminTestJSON:setUpClass): 200 GET http://10.180.1.21/compute/v2.1/servers/abdb2a00-e72c-4b90-88b4-0223dd8d808f 1.756s
2025-12-11 10:45:13.695 65460 INFO tempest.lib.common.rest_client [req-094e5d7a-9b60-4ba1-a10e-20914b40c3b7 req-094e5d7a-9b60-4ba1-a10e-20914b40c3b7 ] Request (VolumesAdminNegativeTest:tearDownClass): 204 DELETE http://10.180.1.21/identity/v3/users/d08f40fdc4be4167b994a6640f498a45 0.118s
2025-12-11 10:45:13.710 65466 INFO tempest.lib.common.rest_client [req-be57adbd-2ec0-4b12-857d-b848907012e5 req-be57adbd-2ec0-4b12-857d-b848907012e5 ] Request (ServersNegativeTestMultiTenantJSON:tearDownClass): 200 GET http://10.180.1.21/compute/v2.1/servers/8819621a-2126-40a1-a6f3-b437a502be30 1.796s
2025-12-11 10:45:13.732 65470 INFO tempest.lib.common.rest_client [req-4591a5d1-cdba-4214-9647-98960f9ae185 req-4591a5d1-cdba-4214-9647-98960f9ae185 ] Request (ServerShowV257Test:test_rebuild_server): 200 GET http://10.180.1.21/compute/v2.1/servers/03204b14-e84f-4a22-8a99-53625d647323 1.490s
2025-12-11 10:45:13.789 65481 INFO tempest.lib.common.rest_client [req-e71169ad-a473-454f-90ec-60e16987316a req-e71169ad-a473-454f-90ec-60e16987316a ] Request (ServersNegativeTestJSON:setUpClass): 200 GET http://10.180.1.21/compute/v2.1/servers/944d06be-83a4-4b89-aa3b-f50d91fa91db 1.290s
2025-12-11 10:45:13.803 65484 INFO tempest.lib.common.rest_client [req-6e04cc62-fd79-4b2b-a090-c41c7b865923 req-6e04cc62-fd79-4b2b-a090-c41c7b865923 ] Request (ServerPasswordTestJSON:setUpClass): 200 GET http://10.180.1.21/compute/v2.1/servers/c4d60ba6-f72d-460c-a5ef-e355af5628ea 1.275s
2025-12-11 10:45:13.812 65484 INFO tempest.common.waiters [-] State transition "BUILD/scheduling" ==> "BUILD/None" after 15 second wait
2025-12-11 10:45:13.847 65460 INFO tempest.lib.common.rest_client [req-8c8beab3-4b0a-43c3-9794-cd92cf2500f0 req-8c8beab3-4b0a-43c3-9794-cd92cf2500f0 ] Request (VolumesAdminNegativeTest:tearDownClass): 204 DELETE http://10.180.1.21/identity/v3/users/32362ea64aa749598f7210fbac94afc9 0.152s
2025-12-11 10:45:13.847 65460 INFO tempest.lib.common.dynamic_creds [-] Deleting project and security group for project: 7bd3d31739b348de87cebcbf436e05cb
2025-12-11 10:45:13.937 65450 INFO tempest.lib.common.rest_client [req-5ff81d3b-35b7-44b9-b61c-fa5edfaecf53 req-5ff81d3b-35b7-44b9-b61c-fa5edfaecf53 ] Request (InstanceActionsTestJSON:tearDownClass): 200 GET http://10.180.1.21/compute/v2.1/servers/f4c06d03-2036-4148-b83c-1309533a6a2c 1.109s
2025-12-11 10:45:13.962 65460 INFO tempest.lib.common.rest_client [req-b10c3cef-351f-41da-bda9-c03e57298ae0 req-b10c3cef-351f-41da-bda9-c03e57298ae0 ] Request (VolumesAdminNegativeTest:tearDownClass): 200 GET http://10.180.1.21/networking/v2.0/security-groups?tenant_id=7bd3d31739b348de87cebcbf436e05cb&name=default 0.114s
2025-12-11 10:45:13.984 65472 INFO tempest.lib.common.rest_client [req-a189886d-5bc7-4c3a-a313-5ecdee27e77d req-a189886d-5bc7-4c3a-a313-5ecdee27e77d ] Request (ServersTestBootFromVolume:setUpClass): 200 GET http://10.180.1.21/volume/v3/volumes/5521f9b9-b464-4887-8602-a5a095b0bc9b 0.041s
2025-12-11 10:45:14.001 65496 INFO tempest.lib.common.rest_client [req-c000ac78-954d-43ad-bd6d-7b99ba1cac67 req-c000ac78-954d-43ad-bd6d-7b99ba1cac67 ] Request (ServerActionsTestOtherB:setUpClass): 200 GET http://10.180.1.21/compute/v2.1/servers/14b8aba6-3293-43fa-8133-85b028cc14e5 1.104s
2025-12-11 10:45:14.013 65496 INFO tempest.common.waiters [-] State transition "BUILD/networking" ==> "BUILD/spawning" after 37 second wait
2025-12-11 10:45:14.118 65460 INFO tempest.lib.common.rest_client [req-7430935a-507d-4ee2-9c9a-f37e0a3b7731 req-7430935a-507d-4ee2-9c9a-f37e0a3b7731 ] Request (VolumesAdminNegativeTest:tearDownClass): 204 DELETE http://10.180.1.21/networking/v2.0/security-groups/cdc4df4f-1494-4be5-9f4c-02d2b0808e83 0.156s
2025-12-11 10:45:14.144 65464 INFO tempest.lib.common.rest_client [req-696f2df3-31e9-4f5c-9234-11792a214dab req-696f2df3-31e9-4f5c-9234-11792a214dab ] Request (ServerShowV247Test:test_update_rebuild_list_server): 200 GET http://10.180.1.21/compute/v2.1/servers/4f243f3b-d655-406a-9aeb-35d847568527 0.752s
2025-12-11 10:45:14.220 65446 INFO tempest.lib.common.rest_client [req-bad539e3-a5f7-49b6-ade2-ced2500735e2 req-bad539e3-a5f7-49b6-ade2-ced2500735e2 ] Request (ServerRescueTestJSONUnderV235:setUpClass): 200 GET http://10.180.1.21/compute/v2.1/servers/8efc1134-b5e2-440d-83bf-bb1a492c5404 0.689s
2025-12-11 10:45:14.247 65460 INFO tempest.lib.common.rest_client [req-264b2917-3734-4ccf-8a14-67443861ee50 req-264b2917-3734-4ccf-8a14-67443861ee50 ] Request (VolumesAdminNegativeTest:tearDownClass): 204 DELETE http://10.180.1.21/identity/v3/projects/7bd3d31739b348de87cebcbf436e05cb 0.128s
2025-12-11 10:45:14.247 65460 INFO tempest.lib.common.dynamic_creds [-] Deleting project and security group for project: 4e7d2ffe0d7e430db59b62d870845bd8
2025-12-11 10:45:14.266 65474 INFO tempest.lib.common.rest_client [req-2426d957-b97f-4d03-8a86-d5bf72fbeac5 req-2426d957-b97f-4d03-8a86-d5bf72fbeac5 ] Request (ServerShowV254Test:test_rebuild_server): 201 POST http://10.180.1.21/compute/v2.1/os-keypairs 0.609s
2025-12-11 10:45:14.285 65460 INFO tempest.lib.common.rest_client [req-503b40ab-98e8-49f9-bff4-20417668c7e9 req-503b40ab-98e8-49f9-bff4-20417668c7e9 ] Request (VolumesAdminNegativeTest:tearDownClass): 200 GET http://10.180.1.21/networking/v2.0/security-groups?tenant_id=4e7d2ffe0d7e430db59b62d870845bd8&name=default 0.038s
2025-12-11 10:45:14.290 65452 INFO tempest.lib.common.rest_client [req-c8d14bad-ff7f-4181-b46f-17eb91fb0711 req-c8d14bad-ff7f-4181-b46f-17eb91fb0711 ] Request (MigrationsAdminTest:test_list_migrations_in_flavor_resize_situation): 200 GET http://10.180.1.21/compute/v2.1/servers/ed3cd639-818c-47b5-a5a0-14fc65359d1b 0.778s
2025-12-11 10:45:14.333 65502 INFO tempest.lib.common.rest_client [req-37c9761d-271f-412e-9a7a-cbc959d528fd req-37c9761d-271f-412e-9a7a-cbc959d528fd ] Request (ListImageFiltersTestJSON:tearDownClass): 200 GET http://10.180.1.21/compute/v2.1/servers/a234c9a6-70ef-4445-a6bf-ac913ae6c624 0.343s
2025-12-11 10:45:14.365 65492 INFO tempest.lib.common.rest_client [req-69723b6c-2075-49e3-92a3-297606322c3e req-69723b6c-2075-49e3-92a3-297606322c3e ] Request (ListServerFiltersTestJSON:tearDownClass): 200 GET http://10.180.1.21/compute/v2.1/servers/dc4a2b5a-f9d5-438f-a8da-72e381e229f9 0.372s
2025-12-11 10:45:14.386 65489 INFO tempest.lib.common.rest_client [req-545b83ae-16e9-4c93-bb78-bf42fab7f1d6 req-545b83ae-16e9-4c93-bb78-bf42fab7f1d6 ] Request (VolumesAssistedSnapshotsTest:tearDownClass): 404 GET http://10.180.1.21/compute/v2.1/servers/cec7dc4f-799e-4013-a322-a93223d303c3 0.198s
2025-12-11 10:45:14.392 65460 INFO tempest.lib.common.rest_client [req-7b16e6a6-b60a-48d9-afa1-3592f0598fd8 req-7b16e6a6-b60a-48d9-afa1-3592f0598fd8 ] Request (VolumesAdminNegativeTest:tearDownClass): 204 DELETE http://10.180.1.21/networking/v2.0/security-groups/754280c6-cdf6-4cbb-8913-f274dd72538a 0.106s
2025-12-11 10:45:14.418 65458 INFO tempest.lib.common.rest_client [req-85140956-9672-4aea-8d4e-f3531276a1a4 req-85140956-9672-4aea-8d4e-f3531276a1a4 ] Request (ServerDiagnosticsV248Test:test_get_server_diagnostics): 200 GET http://10.180.1.21/compute/v2.1/servers/5d6d2d54-1792-4f15-ba37-0b884070925e 0.240s
2025-12-11 10:45:14.428 65440 INFO tempest.lib.common.rest_client [req-eb1bf70a-60c9-4672-b9bd-1550248d5858 req-eb1bf70a-60c9-4672-b9bd-1550248d5858 ] Request (ImagesTestJSON:test_create_image_from_suspended_server): 200 GET http://10.180.1.21/compute/v2.1/images/7f60e3ca-cc1a-4970-b3d0-5025fa43d2f3 0.213s
2025-12-11 10:45:14.446 65489 INFO tempest.lib.common.rest_client [req-b74e81af-90e6-47a6-a94d-3ba96a985069 req-b74e81af-90e6-47a6-a94d-3ba96a985069 ] Request (VolumesAssistedSnapshotsTest:tearDownClass): 202 DELETE http://10.180.1.21/compute/v2.1/os-keypairs/tempest-keypair-244815120 0.059s
2025-12-11 10:45:14.522 65460 INFO tempest.lib.common.rest_client [req-18057952-e26d-4cec-b5c9-35a2cd301b57 req-18057952-e26d-4cec-b5c9-35a2cd301b57 ] Request (VolumesAdminNegativeTest:tearDownClass): 204 DELETE http://10.180.1.21/identity/v3/projects/4e7d2ffe0d7e430db59b62d870845bd8 0.130s
2025-12-11 10:45:14.523 65460 INFO tempest.lib.common.dynamic_creds [-] Deleting project and security group for project: 4539ac47d8f0440b9e0460660cc1c79e
2025-12-11 10:45:14.548 65489 INFO tempest.lib.common.rest_client [req-d7d40d23-09b5-4ef0-ab05-5fa3c8f95612 req-d7d40d23-09b5-4ef0-ab05-5fa3c8f95612 ] Request (VolumesAssistedSnapshotsTest:tearDownClass): 204 DELETE http://10.180.1.21/networking/v2.0/security-groups/9e59560e-07cb-4010-9db4-01e08b7a2a6f 0.101s
2025-12-11 10:45:14.555 65460 INFO tempest.lib.common.rest_client [req-571b7dbf-1944-457b-9035-cc45150331f0 req-571b7dbf-1944-457b-9035-cc45150331f0 ] Request (VolumesAdminNegativeTest:tearDownClass): 200 GET http://10.180.1.21/networking/v2.0/security-groups?tenant_id=4539ac47d8f0440b9e0460660cc1c79e&name=default 0.032s
2025-12-11 10:45:14.563 65489 INFO tempest.lib.common.rest_client [req-b7fa5851-053c-4987-a807-4930000c7297 req-b7fa5851-053c-4987-a807-4930000c7297 ] Request (VolumesAssistedSnapshotsTest:tearDownClass): 404 GET http://10.180.1.21/networking/v2.0/security-groups/9e59560e-07cb-4010-9db4-01e08b7a2a6f 0.015s
2025-12-11 10:45:14.574 65444 INFO tempest.lib.common.rest_client [req-e8401c3f-55b0-45a4-8b51-54a13521d328 req-e8401c3f-55b0-45a4-8b51-54a13521d328 ] Request (ServerActionsTestOtherA:setUpClass): 200 GET http://10.180.1.21/compute/v2.1/servers/5d05644c-9c56-4b76-bbdb-90a0facc1418 0.069s
2025-12-11 10:45:14.654 65474 INFO tempest.lib.common.rest_client [req-93e5c61f-6761-4819-9621-5c5aa19b58e0 req-93e5c61f-6761-4819-9621-5c5aa19b58e0 ] Request (ServerShowV254Test:test_rebuild_server): 202 POST http://10.180.1.21/compute/v2.1/servers/a59dd6fe-822b-49a9-88e6-1036d3167559/action 0.386s
2025-12-11 10:45:14.671 65460 INFO tempest.lib.common.rest_client [req-0481a07e-2efa-47fd-a491-59dd7f4a1b68 req-0481a07e-2efa-47fd-a491-59dd7f4a1b68 ] Request (VolumesAdminNegativeTest:tearDownClass): 204 DELETE http://10.180.1.21/networking/v2.0/security-groups/29e4482b-e920-41b2-9a04-a10fd2799cdc 0.116s
2025-12-11 10:45:14.708 65500 INFO tempest.lib.common.rest_client [req-83eab30f-2355-41d6-8deb-e9e7ee4d4577 req-83eab30f-2355-41d6-8deb-e9e7ee4d4577 ] Request (ImagesOneServerTestJSON:tearDownClass): 200 GET http://10.180.1.21/compute/v2.1/servers/17b8d396-a6e2-4e76-9c9e-99afe5a955d2 0.191s
2025-12-11 10:45:14.720 65462 INFO tempest.lib.common.rest_client [req-d09a0390-3d0f-4280-ac8e-1546b7222d03 req-d09a0390-3d0f-4280-ac8e-1546b7222d03 ] Request (SecurityGroupsTestJSON:test_server_security_groups): 200 GET http://10.180.1.21/compute/v2.1/servers/14faf779-dd1f-4a2b-9356-bd8925458975 0.133s
2025-12-11 10:45:14.787 65474 INFO tempest.lib.common.rest_client [req-3d59f34c-594c-41b7-92b9-5cbb907bf813 req-3d59f34c-594c-41b7-92b9-5cbb907bf813 ] Request (ServerShowV254Test:test_rebuild_server): 200 GET http://10.180.1.21/compute/v2.1/servers/a59dd6fe-822b-49a9-88e6-1036d3167559 0.125s
2025-12-11 10:45:14.820 65448 INFO tempest.lib.common.rest_client [req-e427fb2e-c87e-4df0-990b-c45017116592 req-e427fb2e-c87e-4df0-990b-c45017116592 ] Request (ServersV294TestFqdnHostnames:setUpClass): 200 GET http://10.180.1.21/compute/v2.1/servers/ce62e66a-bb31-410a-8e47-bf138ce8acd3 0.212s
2025-12-11 10:45:14.867 65460 INFO tempest.lib.common.rest_client [req-7ec4b14d-af31-4126-8601-dffbd3a39eb8 req-7ec4b14d-af31-4126-8601-dffbd3a39eb8 ] Request (VolumesAdminNegativeTest:tearDownClass): 204 DELETE http://10.180.1.21/identity/v3/projects/4539ac47d8f0440b9e0460660cc1c79e 0.195s
2025-12-11 10:45:14.871 65442 INFO tempest.lib.common.rest_client [req-dde98987-6326-47b6-961b-4abd3453e585 req-dde98987-6326-47b6-961b-4abd3453e585 ] Request (ServersAdminTestJSON:setUpClass): 200 GET http://10.180.1.21/compute/v2.1/servers/abdb2a00-e72c-4b90-88b4-0223dd8d808f 0.199s
2025-12-11 10:45:14.919 65489 INFO tempest.lib.common.rest_client [req-f0b03a11-df78-418e-8856-2b4480dea459 req-f0b03a11-df78-418e-8856-2b4480dea459 ] Request (VolumesAssistedSnapshotsTest:tearDownClass): 204 DELETE http://10.180.1.21/networking/v2.0/floatingips/c6869afd-51bc-409a-809f-e0dfe6a58793 0.354s
2025-12-11 10:45:14.920 65466 INFO tempest.lib.common.rest_client [req-3a3054a0-8009-4eea-9da7-b08bace55807 req-3a3054a0-8009-4eea-9da7-b08bace55807 ] Request (ServersNegativeTestMultiTenantJSON:tearDownClass): 200 GET http://10.180.1.21/compute/v2.1/servers/8819621a-2126-40a1-a6f3-b437a502be30 0.200s
2025-12-11 10:45:14.936 65489 INFO tempest.lib.common.rest_client [req-9e05e4a0-7e0c-479e-8316-482e67e4c104 req-9e05e4a0-7e0c-479e-8316-482e67e4c104 ] Request (VolumesAssistedSnapshotsTest:tearDownClass): 404 DELETE http://10.180.1.21/volume/v3/volumes/12a803a5-a369-43b4-8919-d44d592c1fca 0.017s
2025-12-11 10:45:14.953 65489 INFO tempest.lib.common.rest_client [req-1a9040e9-9511-4819-b623-6cb618183863 req-1a9040e9-9511-4819-b623-6cb618183863 ] Request (VolumesAssistedSnapshotsTest:tearDownClass): 404 GET http://10.180.1.21/volume/v3/volumes/12a803a5-a369-43b4-8919-d44d592c1fca 0.016s
2025-12-11 10:45:14.956 65470 INFO tempest.lib.common.rest_client [req-bdfc233f-6d2d-4751-a9db-1b2055b3e2fe req-bdfc233f-6d2d-4751-a9db-1b2055b3e2fe ] Request (ServerShowV257Test:test_rebuild_server): 200 GET http://10.180.1.21/compute/v2.1/servers/03204b14-e84f-4a22-8a99-53625d647323 0.211s
2025-12-11 10:45:14.960 65460 INFO tempest.lib.common.rest_client [req-b0e97523-ce45-45c5-87d4-32ad1c333c7a req-b0e97523-ce45-45c5-87d4-32ad1c333c7a ] Request (ServersTestJSON:setUpClass): 201 POST http://10.180.1.21/identity/v3/auth/tokens 0.090s
2025-12-11 10:45:14.992 65460 INFO tempest.lib.common.rest_client [req-9bc35f5c-f347-46ce-9060-ab8bc1eac212 req-9bc35f5c-f347-46ce-9060-ab8bc1eac212 ] Request (ServersTestJSON:setUpClass): 201 POST http://10.180.1.21/identity/v3/auth/tokens 0.029s
2025-12-11 10:45:14.994 65481 INFO tempest.lib.common.rest_client [req-15de6828-49f2-4810-bab7-b019d42d3e46 req-15de6828-49f2-4810-bab7-b019d42d3e46 ] Request (ServersNegativeTestJSON:setUpClass): 200 GET http://10.180.1.21/compute/v2.1/servers/944d06be-83a4-4b89-aa3b-f50d91fa91db 0.195s
2025-12-11 10:45:15.006 65484 INFO tempest.lib.common.rest_client [req-3150d251-281c-412c-932f-2fa09583b066 req-3150d251-281c-412c-932f-2fa09583b066 ] Request (ServerPasswordTestJSON:setUpClass): 200 GET http://10.180.1.21/compute/v2.1/servers/c4d60ba6-f72d-460c-a5ef-e355af5628ea 0.189s
2025-12-11 10:45:15.020 65460 INFO tempest.lib.common.rest_client [req-9b42024b-9018-4bf5-8602-8479c6084a7b req-9b42024b-9018-4bf5-8602-8479c6084a7b ] Request (ServersTestJSON:setUpClass): 200 GET http://10.180.1.21/identity/v3/domains?name=Default 0.028s
2025-12-11 10:45:15.023 65472 INFO tempest.lib.common.rest_client [req-dc0c8c37-e8ce-4f98-bdc9-0fe0aaf581a1 req-dc0c8c37-e8ce-4f98-bdc9-0fe0aaf581a1 ] Request (ServersTestBootFromVolume:setUpClass): 200 GET http://10.180.1.21/volume/v3/volumes/5521f9b9-b464-4887-8602-a5a095b0bc9b 0.030s
2025-12-11 10:45:15.054 65460 INFO tempest.lib.common.rest_client [req-e0d008b6-79c2-4be8-89a5-dbd3659038e2 req-e0d008b6-79c2-4be8-89a5-dbd3659038e2 ] Request (ServersTestJSON:setUpClass): 201 POST http://10.180.1.21/identity/v3/projects 0.034s
2025-12-11 10:45:15.058 65450 INFO tempest.lib.common.rest_client [req-0be7ab60-82a6-4645-94c7-4fa9b910f723 req-0be7ab60-82a6-4645-94c7-4fa9b910f723 ] Request (InstanceActionsTestJSON:tearDownClass): 200 GET http://10.180.1.21/compute/v2.1/servers/f4c06d03-2036-4148-b83c-1309533a6a2c 0.111s
2025-12-11 10:45:15.120 65496 INFO tempest.lib.common.rest_client [req-6536f0fc-03aa-4e88-aef9-c752248df8b7 req-6536f0fc-03aa-4e88-aef9-c752248df8b7 ] Request (ServerActionsTestOtherB:setUpClass): 200 GET http://10.180.1.21/compute/v2.1/servers/14b8aba6-3293-43fa-8133-85b028cc14e5 0.107s
2025-12-11 10:45:15.123 65460 INFO tempest.lib.common.rest_client [req-3e0d9d7e-f320-4c74-90b6-90ed41f64658 req-3e0d9d7e-f320-4c74-90b6-90ed41f64658 ] Request (ServersTestJSON:setUpClass): 201 POST http://10.180.1.21/identity/v3/users 0.068s
2025-12-11 10:45:15.147 65460 INFO tempest.lib.common.rest_client [req-c8187720-f9b2-4813-b7e9-94e466baa34d req-c8187720-f9b2-4813-b7e9-94e466baa34d ] Request (ServersTestJSON:setUpClass): 200 GET http://10.180.1.21/identity/v3/roles 0.024s
2025-12-11 10:45:15.181 65460 INFO tempest.lib.common.rest_client [req-c5f248e5-1c1c-4145-a786-cecf1e7df99e req-c5f248e5-1c1c-4145-a786-cecf1e7df99e ] Request (ServersTestJSON:setUpClass): 204 PUT http://10.180.1.21/identity/v3/projects/e1a4fdaf3fc54137aa3555ba585188bd/users/bd1f21bfcb22499b8b49cb3f5a181423/roles/c32f305414db485cb0d3ae6e926fe9bd 0.033s
2025-12-11 10:45:15.182 65460 INFO tempest.lib.common.dynamic_creds [-] Dynamic test user bd1f21bfcb22499b8b49cb3f5a181423 is created with scope project and roles: ['member']
2025-12-11 10:45:15.182 65460 INFO tempest.lib.common.dynamic_creds [-] Acquired dynamic creds: credentials: Credentials: {'domain_id': 'default', 'domain_name': 'Default', 'username': 'tempest-ServersTestJSON-694710217-project-member', 'project_domain_id': 'default', 'project_domain_name': 'Default', 'project_id': 'e1a4fdaf3fc54137aa3555ba585188bd', 'project_name': 'tempest-ServersTestJSON-694710217', 'tenant_id': 'e1a4fdaf3fc54137aa3555ba585188bd', 'tenant_name': 'tempest-ServersTestJSON-694710217', 'user_domain_id': 'default', 'user_domain_name': 'Default', 'user_id': 'bd1f21bfcb22499b8b49cb3f5a181423', 'system': None}, Network: None, Subnet: None, Router: None
2025-12-11 10:45:15.227 65464 INFO tempest.lib.common.rest_client [req-8a2f27b3-bc0b-4af2-a022-52aea9a6f597 req-8a2f27b3-bc0b-4af2-a022-52aea9a6f597 ] Request (ServerShowV247Test:test_update_rebuild_list_server): 200 GET http://10.180.1.21/compute/v2.1/servers/4f243f3b-d655-406a-9aeb-35d847568527 0.069s
2025-12-11 10:45:15.263 65460 INFO tempest.lib.common.rest_client [req-1405ae66-017b-48e6-917c-25c0f21a84eb req-1405ae66-017b-48e6-917c-25c0f21a84eb ] Request (ServersTestJSON:setUpClass): 201 POST http://10.180.1.21/identity/v3/auth/tokens 0.080s
2025-12-11 10:45:15.529 65460 INFO tempest.lib.common.rest_client [req-d035aeaa-a965-422b-9627-fbf9d2a3282f req-d035aeaa-a965-422b-9627-fbf9d2a3282f ] Request (ServersTestJSON:setUpClass): 201 POST http://10.180.1.21/networking/v2.0/networks 0.266s
2025-12-11 10:45:15.556 65446 INFO tempest.lib.common.rest_client [req-df2d9d12-9cc2-4f13-89d9-2f7ded39fdfd req-df2d9d12-9cc2-4f13-89d9-2f7ded39fdfd ] Request (ServerRescueTestJSONUnderV235:setUpClass): 200 GET http://10.180.1.21/compute/v2.1/servers/8efc1134-b5e2-440d-83bf-bb1a492c5404 0.328s
2025-12-11 10:45:15.695 65489 INFO tempest.lib.common.rest_client [req-377f5357-0fe6-4809-bf1f-1074e1693b6e req-377f5357-0fe6-4809-bf1f-1074e1693b6e ] Request (VolumesAssistedSnapshotsTest:tearDownClass): 200 PUT http://10.180.1.21/networking/v2.0/routers/72e28064-cfcb-4be8-b40f-461fb657da3e/remove_router_interface 0.741s
2025-12-11 10:45:15.798 65460 INFO tempest.lib.common.rest_client [req-d1815c61-1f7e-436f-a919-220d74f2e636 req-d1815c61-1f7e-436f-a919-220d74f2e636 ] Request (ServersTestJSON:setUpClass): 201 POST http://10.180.1.21/networking/v2.0/subnets 0.269s
2025-12-11 10:45:15.813 65452 INFO tempest.lib.common.rest_client [req-fb49f6de-fa84-4205-9d74-751a5c2e0d2a req-fb49f6de-fa84-4205-9d74-751a5c2e0d2a ] Request (MigrationsAdminTest:test_list_migrations_in_flavor_resize_situation): 200 GET http://10.180.1.21/compute/v2.1/servers/ed3cd639-818c-47b5-a5a0-14fc65359d1b 0.513s
2025-12-11 10:45:15.828 65502 INFO tempest.lib.common.rest_client [req-442b1646-536a-42dc-ad63-1990aa4215fa req-442b1646-536a-42dc-ad63-1990aa4215fa ] Request (ListImageFiltersTestJSON:tearDownClass): 200 GET http://10.180.1.21/compute/v2.1/servers/a234c9a6-70ef-4445-a6bf-ac913ae6c624 0.483s
2025-12-11 10:45:16.061 65472 INFO tempest.lib.common.rest_client [req-e09b9baa-3e08-421f-8eee-22a488d70cd5 req-e09b9baa-3e08-421f-8eee-22a488d70cd5 ] Request (ServersTestBootFromVolume:setUpClass): 200 GET http://10.180.1.21/volume/v3/volumes/5521f9b9-b464-4887-8602-a5a095b0bc9b 0.031s
2025-12-11 10:45:16.276 65489 INFO tempest.lib.common.rest_client [req-4e421f46-1e6a-4e44-aab6-791fa7dd98f6 req-4e421f46-1e6a-4e44-aab6-791fa7dd98f6 ] Request (VolumesAssistedSnapshotsTest:tearDownClass): 204 DELETE http://10.180.1.21/networking/v2.0/routers/72e28064-cfcb-4be8-b40f-461fb657da3e 0.581s
2025-12-11 10:45:16.309 65458 INFO tempest.lib.common.rest_client [req-bb77f3c1-c47b-425c-a647-184177f76e8b req-bb77f3c1-c47b-425c-a647-184177f76e8b ] Request (ServerDiagnosticsV248Test:test_get_server_diagnostics): 200 GET http://10.180.1.21/compute/v2.1/servers/5d6d2d54-1792-4f15-ba37-0b884070925e 0.881s
2025-12-11 10:45:16.322 65492 INFO tempest.lib.common.rest_client [req-342c7995-f269-456c-b5d7-ab7e02eddd40 req-342c7995-f269-456c-b5d7-ab7e02eddd40 ] Request (ListServerFiltersTestJSON:tearDownClass): 200 GET http://10.180.1.21/compute/v2.1/servers/dc4a2b5a-f9d5-438f-a8da-72e381e229f9 0.949s
2025-12-11 10:45:16.366 65440 INFO tempest.lib.common.rest_client [req-2ad64eef-b4a5-4817-a264-67478b0b189f req-2ad64eef-b4a5-4817-a264-67478b0b189f ] Request (ImagesTestJSON:test_create_image_from_suspended_server): 200 GET http://10.180.1.21/compute/v2.1/images/7f60e3ca-cc1a-4970-b3d0-5025fa43d2f3 0.935s
2025-12-11 10:45:16.464 65489 INFO tempest.lib.common.rest_client [req-ae1434a0-416c-41f2-8437-516e022f218d req-ae1434a0-416c-41f2-8437-516e022f218d ] Request (VolumesAssistedSnapshotsTest:tearDownClass): 204 DELETE http://10.180.1.21/networking/v2.0/subnets/fdf4b9dc-78a2-42f2-b189-bf7a381ba50a 0.187s
2025-12-11 10:45:16.481 65478 WARNING tempest.lib.common.ssh [-] Failed to establish authenticated ssh connection to cirros@10.180.180.176 ([Errno None] Unable to connect to port 22 on 10.180.180.176). Number attempts: 4. Retry after 5 seconds.: paramiko.ssh_exception.NoValidConnectionsError: [Errno None] Unable to connect to port 22 on 10.180.180.176
2025-12-11 10:45:16.542 65444 INFO tempest.lib.common.rest_client [req-8f8d4147-76ce-44fa-8268-be93c777feca req-8f8d4147-76ce-44fa-8268-be93c777feca ] Request (ServerActionsTestOtherA:setUpClass): 200 GET http://10.180.1.21/compute/v2.1/servers/5d05644c-9c56-4b76-bbdb-90a0facc1418 0.959s
2025-12-11 10:45:16.552 65500 INFO tempest.lib.common.rest_client [req-41f3ba47-1e29-4969-855a-0cbd4501e880 req-41f3ba47-1e29-4969-855a-0cbd4501e880 ] Request (ImagesOneServerTestJSON:tearDownClass): 200 GET http://10.180.1.21/compute/v2.1/servers/17b8d396-a6e2-4e76-9c9e-99afe5a955d2 0.832s
2025-12-11 10:45:16.659 65460 INFO tempest.lib.common.rest_client [req-ffa99a68-dfc4-4bd2-bdac-31ff445b2368 req-ffa99a68-dfc4-4bd2-bdac-31ff445b2368 ] Request (ServersTestJSON:setUpClass): 201 POST http://10.180.1.21/networking/v2.0/routers 0.859s
2025-12-11 10:45:16.948 65489 INFO tempest.lib.common.rest_client [req-e131a8f8-4b1e-4f84-8ccc-1edac85e4946 req-e131a8f8-4b1e-4f84-8ccc-1edac85e4946 ] Request (VolumesAssistedSnapshotsTest:tearDownClass): 204 DELETE http://10.180.1.21/networking/v2.0/networks/99f3af90-7a21-44e2-9e84-366cbf68d46f 0.484s
2025-12-11 10:45:16.977 65462 INFO tempest.lib.common.rest_client [req-68561819-201c-4f05-ae01-90a99b31aa7a req-68561819-201c-4f05-ae01-90a99b31aa7a ] Request (SecurityGroupsTestJSON:test_server_security_groups): 200 GET http://10.180.1.21/compute/v2.1/servers/14faf779-dd1f-4a2b-9356-bd8925458975 1.246s
2025-12-11 10:45:16.988 65462 INFO tempest.common.waiters [-] State transition "BUILD/None" ==> "BUILD/networking" after 30 second wait
2025-12-11 10:45:16.992 65474 INFO tempest.lib.common.rest_client [req-32a2164f-b44f-4c86-94c1-b74448ba6edf req-32a2164f-b44f-4c86-94c1-b74448ba6edf ] Request (ServerShowV254Test:test_rebuild_server): 200 GET http://10.180.1.21/compute/v2.1/servers/a59dd6fe-822b-49a9-88e6-1036d3167559 1.189s
2025-12-11 10:45:17.102 65472 INFO tempest.lib.common.rest_client [req-904b8258-36d6-4925-8a84-023238cd8476 req-904b8258-36d6-4925-8a84-023238cd8476 ] Request (ServersTestBootFromVolume:setUpClass): 200 GET http://10.180.1.21/volume/v3/volumes/5521f9b9-b464-4887-8602-a5a095b0bc9b 0.034s
2025-12-11 10:45:17.325 65482 WARNING tempest.lib.common.ssh [-] Failed to establish authenticated ssh connection to cirros@10.180.180.154 ([Errno None] Unable to connect to port 22 on 10.180.180.154). Number attempts: 10. Retry after 11 seconds.: paramiko.ssh_exception.NoValidConnectionsError: [Errno None] Unable to connect to port 22 on 10.180.180.154
2025-12-11 10:45:17.909 65460 INFO tempest.lib.common.rest_client [req-4c4da39a-b6d9-4c36-b434-ce47cf8ecbf7 req-4c4da39a-b6d9-4c36-b434-ce47cf8ecbf7 ] Request (ServersTestJSON:setUpClass): 200 PUT http://10.180.1.21/networking/v2.0/routers/dc346eb0-05e3-479e-ab2e-6e69a1a1f166/add_router_interface 1.249s
2025-12-11 10:45:17.909 65460 INFO tempest.lib.common.dynamic_creds [-] Created isolated network resources for: credentials: Credentials: {'domain_id': 'default', 'domain_name': 'Default', 'username': 'tempest-ServersTestJSON-694710217-project-member', 'project_domain_id': 'default', 'project_domain_name': 'Default', 'project_id': 'e1a4fdaf3fc54137aa3555ba585188bd', 'project_name': 'tempest-ServersTestJSON-694710217', 'tenant_id': 'e1a4fdaf3fc54137aa3555ba585188bd', 'tenant_name': 'tempest-ServersTestJSON-694710217', 'user_domain_id': 'default', 'user_domain_name': 'Default', 'user_id': 'bd1f21bfcb22499b8b49cb3f5a181423', 'system': None}, Network: {'id': '5b901ba5-a54e-4600-a6af-45d5b5702229', 'name': 'tempest-ServersTestJSON-594599735-network', 'tenant_id': 'e1a4fdaf3fc54137aa3555ba585188bd', 'project_id': 'e1a4fdaf3fc54137aa3555ba585188bd', 'admin_state_up': True, 'mtu': 8950, 'status': 'ACTIVE', 'subnets': [], 'shared': False, 'port_security_enabled': True, 'router:external': False, 'provider:network_type': 'vlan', 'provider:physical_network': 'default', 'provider:segmentation_id': 520, 'availability_zone_hints': [], 'availability_zones': [], 'ipv4_address_scope': None, 'ipv6_address_scope': None, 'description': '', 'tags': [], 'created_at': '2025-12-11T10:45:15Z', 'updated_at': '2025-12-11T10:45:15Z', 'revision_number': 1}, Subnet: {'id': '34ba2dc3-d972-41c9-ad46-852c9b817039', 'name': 'tempest-ServersTestJSON-594599735-subnet', 'tenant_id': 'e1a4fdaf3fc54137aa3555ba585188bd', 'network_id': '5b901ba5-a54e-4600-a6af-45d5b5702229', 'ip_version': 4, 'subnetpool_id': None, 'enable_dhcp': True, 'ipv6_ra_mode': None, 'ipv6_address_mode': None, 'gateway_ip': '192.168.128.1', 'cidr': '192.168.128.0/28', 'allocation_pools': [{'start': '192.168.128.2', 'end': '192.168.128.14'}], 'host_routes': [], 'dns_nameservers': [], 'description': '', 'router:external': False, 'service_types': [], 'tags': [], 'created_at': '2025-12-11T10:45:15Z', 'updated_at': '2025-12-11T10:45:15Z', 'revision_number': 0, 'project_id': 'e1a4fdaf3fc54137aa3555ba585188bd'}, Router: {'id': 'dc346eb0-05e3-479e-ab2e-6e69a1a1f166', 'name': 'tempest-ServersTestJSON-594599735-router', 'tenant_id': 'e1a4fdaf3fc54137aa3555ba585188bd', 'admin_state_up': True, 'status': 'ACTIVE', 'external_gateway_info': {'network_id': 'efef8458-b17d-443e-8201-cda1826debf5', 'external_fixed_ips': [{'subnet_id': '958e99d4-69cc-4531-a9c5-d44da050a3b7', 'ip_address': '10.180.180.248'}], 'enable_snat': True}, 'description': '', 'availability_zones': [], 'distributed': False, 'ha': False, 'availability_zone_hints': [], 'routes': [], 'flavor_id': None, 'tags': [], 'created_at': '2025-12-11T10:45:15Z', 'updated_at': '2025-12-11T10:45:16Z', 'revision_number': 2, 'project_id': 'e1a4fdaf3fc54137aa3555ba585188bd'}
2025-12-11 10:45:17.945 65448 INFO tempest.lib.common.rest_client [req-0d6bb5eb-8478-45b9-857a-12f10104d140 req-0d6bb5eb-8478-45b9-857a-12f10104d140 ] Request (ServersV294TestFqdnHostnames:setUpClass): 200 GET http://10.180.1.21/compute/v2.1/servers/ce62e66a-bb31-410a-8e47-bf138ce8acd3 2.111s
