2025-12-11 10:42:13.736 65502 INFO tempest.lib.common.rest_client [req-4b382be9-e40e-4fbf-b615-699ffaae4874 req-4b382be9-e40e-4fbf-b615-699ffaae4874 ] Request (QuotasSecurityGroupAdminNegativeTest:tearDownClass): 201 POST http://10.180.1.21/identity/v3/auth/tokens 0.286s
2025-12-11 10:42:13.749 65489 INFO tempest.lib.common.rest_client [req-d678075e-3c07-44b1-b81c-3a6b995171c6 req-d678075e-3c07-44b1-b81c-3a6b995171c6 ] Request (VolumesAssistedSnapshotsTest:setUpClass): 201 POST http://10.180.1.21/networking/v2.0/networks 0.222s
2025-12-11 10:42:13.814 65486 INFO tempest.lib.common.rest_client [req-a87d4192-11c6-4da3-ac56-9c814be838d1 req-a87d4192-11c6-4da3-ac56-9c814be838d1 ] Request (ServerActionsV293TestJSON:setUpClass): 201 POST http://10.180.1.21/identity/v3/auth/tokens 0.302s
2025-12-11 10:42:13.871 65460 INFO tempest.lib.common.rest_client [req-a3b18be2-c1e7-4298-8231-9355cbdb593c req-a3b18be2-c1e7-4298-8231-9355cbdb593c ] Request (FlavorsAccessTestJSON:test_flavor_access_add_remove): 200 POST http://10.180.1.21/compute/v2.1/flavors 1.912s
2025-12-11 10:42:13.918 65452 INFO tempest.lib.common.rest_client [req-85024754-4e9b-45ce-9fa2-0dd8b5c28b9d req-85024754-4e9b-45ce-9fa2-0dd8b5c28b9d ] Request (AggregatesAdminNegativeTestJSON:setUpClass): 200 GET http://10.180.1.21/compute/v2.1/os-services?binary=nova-compute 1.908s
2025-12-11 10:42:13.922 65470 INFO tempest.lib.common.rest_client [req-60ba60a8-6925-479d-bc76-43f6d159cad2 req-60ba60a8-6925-479d-bc76-43f6d159cad2 ] Request (SecurityGroupsTestAdminJSON:tearDownClass): 201 POST http://10.180.1.21/identity/v3/auth/tokens 0.249s
2025-12-11 10:42:13.933 65489 INFO tempest.lib.common.rest_client [req-71dcc5e4-a39c-4f5b-8865-4d9842f2703b req-71dcc5e4-a39c-4f5b-8865-4d9842f2703b ] Request (VolumesAssistedSnapshotsTest:setUpClass): 201 POST http://10.180.1.21/networking/v2.0/subnets 0.183s
2025-12-11 10:42:13.941 65462 INFO tempest.lib.common.rest_client [req-c9060cc7-71cf-417f-94fd-13de54dbc937 req-c9060cc7-71cf-417f-94fd-13de54dbc937 ] Request (ServerExternalEventsTest:setUpClass): 201 POST http://10.180.1.21/identity/v3/auth/tokens 0.337s
2025-12-11 10:42:13.950 65478 INFO tempest.lib.common.rest_client [req-85091786-2711-4472-b953-a72ebc7b0d76 req-85091786-2711-4472-b953-a72ebc7b0d76 ] Request (ServersWithSpecificFlavorTestJSON:setUpClass): 204 PUT http://10.180.1.21/identity/v3/projects/9c7d0989369945e38bc4c4432235c0f5/users/9bd9f89f42304fd49a598243a316e1cd/roles/162cb17accb6447986567b08fd6932d1 0.240s
2025-12-11 10:42:14.087 65486 INFO tempest.lib.common.rest_client [req-e2622783-0d14-4110-a903-361d2cc386cb req-e2622783-0d14-4110-a903-361d2cc386cb ] Request (ServerActionsV293TestJSON:setUpClass): 200 GET http://10.180.1.21/identity/v3/domains?name=Default 0.272s
2025-12-11 10:42:14.173 65468 INFO tempest.lib.common.rest_client [req-c1677322-8883-4529-a22f-2d59a2440efe req-c1677322-8883-4529-a22f-2d59a2440efe ] Request (FlavorsExtraSpecsTestJSON:setUpClass): 200 POST http://10.180.1.21/compute/v2.1/flavors 2.091s
2025-12-11 10:42:14.181 65502 INFO tempest.lib.common.rest_client [req-6ad575f7-634f-43cc-8232-0ec9ba204d58 req-6ad575f7-634f-43cc-8232-0ec9ba204d58 ] Request (QuotasSecurityGroupAdminNegativeTest:tearDownClass): 200 GET http://10.180.1.21/networking/v2.0/security-groups?tenant_id=5241e2df64ee4689bc4d80b5c4e95ca4&name=default 0.444s
2025-12-11 10:42:14.199 65470 INFO tempest.lib.common.rest_client [req-5a3096b6-93d0-4ae5-bab4-e391f918f8ba req-5a3096b6-93d0-4ae5-bab4-e391f918f8ba ] Request (SecurityGroupsTestAdminJSON:tearDownClass): 200 GET http://10.180.1.21/networking/v2.0/security-groups?tenant_id=cd408b1931964923afb18562345fafcb&name=default 0.276s
2025-12-11 10:42:14.199 65454 INFO tempest.lib.common.rest_client [req-5dfd9c02-bd67-41b9-a61f-4a368c9e9046 req-5dfd9c02-bd67-41b9-a61f-4a368c9e9046 ] Request (HypervisorAdminUnderV252Test:test_get_hypervisor_show_servers): 200 GET http://10.180.1.21/compute/v2.1/os-hypervisors 2.105s
2025-12-11 10:42:14.202 65478 INFO tempest.lib.common.rest_client [req-301bd2c3-8fc4-4efc-b1c8-4234b837a7dd req-301bd2c3-8fc4-4efc-b1c8-4234b837a7dd ] Request (ServersWithSpecificFlavorTestJSON:setUpClass): 200 GET http://10.180.1.21/identity/v3/roles 0.252s
2025-12-11 10:42:14.217 65462 INFO tempest.lib.common.rest_client [req-d911d6c0-4365-4b1b-a55c-6a5d70086bea req-d911d6c0-4365-4b1b-a55c-6a5d70086bea ] Request (ServerExternalEventsTest:test_create_server_external_events): 201 POST http://10.180.1.21/identity/v3/auth/tokens 0.273s
2025-12-11 10:42:14.218 65462 INFO tempest.lib.common.fixed_network [-] (ServerExternalEventsTest:test_create_server_external_events) Found network None available for tenant
2025-12-11 10:42:14.243 65486 INFO tempest.lib.common.rest_client [req-d1b64970-b881-448f-a160-5e2514d6dbe7 req-d1b64970-b881-448f-a160-5e2514d6dbe7 ] Request (ServerActionsV293TestJSON:setUpClass): 201 POST http://10.180.1.21/identity/v3/projects 0.155s
2025-12-11 10:42:14.281 65502 INFO tempest.lib.common.rest_client [req-90a7e63c-3bd5-48c4-a011-191f1a4c702b req-90a7e63c-3bd5-48c4-a011-191f1a4c702b ] Request (QuotasSecurityGroupAdminNegativeTest:tearDownClass): 204 DELETE http://10.180.1.21/networking/v2.0/security-groups/4f409e10-fd08-4d6e-a491-1a6e72c5f736 0.100s
2025-12-11 10:42:14.336 65474 INFO tempest.lib.common.rest_client [req-e4905a05-d662-4bbf-b475-ee2ecb3e93c3 req-e4905a05-d662-4bbf-b475-ee2ecb3e93c3 ] Request (AZAdminNegativeTestJSON:test_get_availability_zone_list_detail_with_non_admin_user): 403 GET http://10.180.1.21/compute/v2.1/os-availability-zone/detail 2.134s
2025-12-11 10:42:14.345 65481 INFO tempest.lib.common.rest_client [req-666b5a7e-d3e9-44e8-8cea-22165e65b261 req-666b5a7e-d3e9-44e8-8cea-22165e65b261 ] Request (FlavorMetadataValidation:test_flavor_update_with_custom_namespace): 200 POST http://10.180.1.21/compute/v2.1/flavors 2.146s
2025-12-11 10:42:14.357 65470 INFO tempest.lib.common.rest_client [req-165f4b19-7dcf-403c-ba65-25d3a09f1927 req-165f4b19-7dcf-403c-ba65-25d3a09f1927 ] Request (SecurityGroupsTestAdminJSON:tearDownClass): 204 DELETE http://10.180.1.21/networking/v2.0/security-groups/fb6fe5a9-9d51-43df-a721-dbd176a084be 0.157s
2025-12-11 10:42:14.367 65478 INFO tempest.lib.common.rest_client [req-3ba0b491-7b18-4cb2-bf40-3d59d4eb9b6f req-3ba0b491-7b18-4cb2-bf40-3d59d4eb9b6f ] Request (ServersWithSpecificFlavorTestJSON:setUpClass): 204 PUT http://10.180.1.21/identity/v3/projects/9c7d0989369945e38bc4c4432235c0f5/users/9bd9f89f42304fd49a598243a316e1cd/roles/162cb17accb6447986567b08fd6932d1 0.165s
2025-12-11 10:42:14.367 65478 INFO tempest.lib.common.dynamic_creds [-] Dynamic test user 9bd9f89f42304fd49a598243a316e1cd is created with scope project and roles: ['admin']
2025-12-11 10:42:14.367 65478 INFO tempest.lib.common.dynamic_creds [-] Acquired dynamic creds: credentials: Credentials: {'domain_id': 'default', 'domain_name': 'Default', 'username': 'tempest-ServersWithSpecificFlavorTestJSON-1755944527-project-admin', 'project_domain_id': 'default', 'project_domain_name': 'Default', 'project_id': '9c7d0989369945e38bc4c4432235c0f5', 'project_name': 'tempest-ServersWithSpecificFlavorTestJSON-1755944527', 'tenant_id': '9c7d0989369945e38bc4c4432235c0f5', 'tenant_name': 'tempest-ServersWithSpecificFlavorTestJSON-1755944527', 'user_domain_id': 'default', 'user_domain_name': 'Default', 'user_id': '9bd9f89f42304fd49a598243a316e1cd', 'system': None}, Network: None, Subnet: None, Router: None
2025-12-11 10:42:14.417 65486 INFO tempest.lib.common.rest_client [req-94599874-aefb-4bd5-a9a4-65d435ca8d00 req-94599874-aefb-4bd5-a9a4-65d435ca8d00 ] Request (ServerActionsV293TestJSON:setUpClass): 201 POST http://10.180.1.21/identity/v3/users 0.173s
2025-12-11 10:42:14.481 65502 INFO tempest.lib.common.rest_client [req-c689edcb-2cbe-4d90-91ed-8cd082f4bde2 req-c689edcb-2cbe-4d90-91ed-8cd082f4bde2 ] Request (QuotasSecurityGroupAdminNegativeTest:tearDownClass): 204 DELETE http://10.180.1.21/identity/v3/projects/5241e2df64ee4689bc4d80b5c4e95ca4 0.199s
2025-12-11 10:42:14.482 65502 INFO tempest.lib.common.dynamic_creds [-] Deleting project and security group for project: 8887de283d3b4302a5692a64ae61e918
2025-12-11 10:42:14.485 65484 INFO tempest.lib.common.rest_client [req-1276b96a-e603-4e8c-8668-0cd1711c39f6 req-1276b96a-e603-4e8c-8668-0cd1711c39f6 ] Request (ImagesMetadataTestJSON:setUpClass): 204 PUT http://10.180.1.21/image/v2/images/dccc2b48-41fa-4c8c-8d21-fcc41ce5191a/file 3.442s
2025-12-11 10:42:14.606 65478 INFO tempest.lib.common.rest_client [req-23309408-460b-4f16-bd67-3b7f65d98757 req-23309408-460b-4f16-bd67-3b7f65d98757 ] Request (ServersWithSpecificFlavorTestJSON:setUpClass): 201 POST http://10.180.1.21/networking/v2.0/networks 0.238s
2025-12-11 10:42:14.616 65474 INFO tempest.lib.common.rest_client [req-5a3fb34c-7095-4509-9ebd-68c6f07eb3eb req-5a3fb34c-7095-4509-9ebd-68c6f07eb3eb ] Request (AZAdminNegativeTestJSON:tearDownClass): 204 DELETE http://10.180.1.21/identity/v3/users/0d779efb2dd34800a6e01656e2a6059d 0.273s
2025-12-11 10:42:14.716 65472 INFO tempest.lib.common.rest_client [req-e6898fee-e7fb-424e-92f6-85908d5ff2e0 req-e6898fee-e7fb-424e-92f6-85908d5ff2e0 ] Request (QuotaClassesAdmin257Test:test_update_default_quotas): 200 GET http://10.180.1.21/compute/v2.1/os-quota-class-sets/default 2.450s
2025-12-11 10:42:14.732 65502 INFO tempest.lib.common.rest_client [req-2bd87122-8d6f-4374-b535-8f2460406e41 req-2bd87122-8d6f-4374-b535-8f2460406e41 ] Request (QuotasSecurityGroupAdminNegativeTest:tearDownClass): 200 GET http://10.180.1.21/networking/v2.0/security-groups?tenant_id=8887de283d3b4302a5692a64ae61e918&name=default 0.250s
2025-12-11 10:42:14.745 65470 INFO tempest.lib.common.rest_client [req-2fc0fcf6-b087-4b62-840b-8d42fa3898f3 req-2fc0fcf6-b087-4b62-840b-8d42fa3898f3 ] Request (SecurityGroupsTestAdminJSON:tearDownClass): 204 DELETE http://10.180.1.21/identity/v3/projects/cd408b1931964923afb18562345fafcb 0.387s
2025-12-11 10:42:14.745 65470 INFO tempest.lib.common.dynamic_creds [-] Deleting project and security group for project: baa279cd43b347aaa483eb16da60b715
2025-12-11 10:42:14.798 65486 INFO tempest.lib.common.rest_client [req-b5b5325f-1631-4654-b631-4f37cd3c8069 req-b5b5325f-1631-4654-b631-4f37cd3c8069 ] Request (ServerActionsV293TestJSON:setUpClass): 200 GET http://10.180.1.21/identity/v3/roles 0.381s
2025-12-11 10:42:14.857 65474 INFO tempest.lib.common.rest_client [req-5db861f0-9b8c-4363-83fd-15257c97ce85 req-5db861f0-9b8c-4363-83fd-15257c97ce85 ] Request (AZAdminNegativeTestJSON:tearDownClass): 204 DELETE http://10.180.1.21/identity/v3/users/5b6cc81ab8374a1088d436341f1a6f50 0.241s
2025-12-11 10:42:14.857 65474 INFO tempest.lib.common.dynamic_creds [-] Deleting project and security group for project: 63f9046a28a54dd5852f67e0080ed531
2025-12-11 10:42:14.890 65478 INFO tempest.lib.common.rest_client [req-4ee42a79-e169-4c9b-b4ee-de557d243dfc req-4ee42a79-e169-4c9b-b4ee-de557d243dfc ] Request (ServersWithSpecificFlavorTestJSON:setUpClass): 201 POST http://10.180.1.21/networking/v2.0/subnets 0.283s
2025-12-11 10:42:14.914 65486 INFO tempest.lib.common.rest_client [req-4b46fed5-cb1b-4baa-ab90-71eb16a1bc38 req-4b46fed5-cb1b-4baa-ab90-71eb16a1bc38 ] Request (ServerActionsV293TestJSON:setUpClass): 204 PUT http://10.180.1.21/identity/v3/projects/074686970b424f709bfdd470fb393668/users/f944772ae1764a58b2032c22e7afb1d4/roles/c32f305414db485cb0d3ae6e926fe9bd 0.115s
2025-12-11 10:42:14.914 65486 INFO tempest.lib.common.dynamic_creds [-] Dynamic test user f944772ae1764a58b2032c22e7afb1d4 is created with scope project and roles: ['member']
2025-12-11 10:42:14.914 65486 INFO tempest.lib.common.dynamic_creds [-] Acquired dynamic creds: credentials: Credentials: {'domain_id': 'default', 'domain_name': 'Default', 'username': 'tempest-ServerActionsV293TestJSON-2025792179-project-member', 'project_domain_id': 'default', 'project_domain_name': 'Default', 'project_id': '074686970b424f709bfdd470fb393668', 'project_name': 'tempest-ServerActionsV293TestJSON-2025792179', 'tenant_id': '074686970b424f709bfdd470fb393668', 'tenant_name': 'tempest-ServerActionsV293TestJSON-2025792179', 'user_domain_id': 'default', 'user_domain_name': 'Default', 'user_id': 'f944772ae1764a58b2032c22e7afb1d4', 'system': None}, Network: None, Subnet: None, Router: None
2025-12-11 10:42:14.960 65489 INFO tempest.lib.common.rest_client [req-2fe5c825-4c3f-4a53-b800-e4e364121d44 req-2fe5c825-4c3f-4a53-b800-e4e364121d44 ] Request (VolumesAssistedSnapshotsTest:setUpClass): 201 POST http://10.180.1.21/networking/v2.0/routers 1.027s
2025-12-11 10:42:14.977 65474 INFO tempest.lib.common.rest_client [req-078646e8-22cf-44d4-bcb3-35b802ddc408 req-078646e8-22cf-44d4-bcb3-35b802ddc408 ] Request (AZAdminNegativeTestJSON:tearDownClass): 201 POST http://10.180.1.21/identity/v3/auth/tokens 0.119s
2025-12-11 10:42:14.991 65486 INFO tempest.lib.common.rest_client [req-f1c4ed2b-5665-4376-bd59-a20c781650fd req-f1c4ed2b-5665-4376-bd59-a20c781650fd ] Request (ServerActionsV293TestJSON:setUpClass): 201 POST http://10.180.1.21/identity/v3/auth/tokens 0.075s
2025-12-11 10:42:15.001 65502 INFO tempest.lib.common.rest_client [req-34f02287-5251-4f27-9733-fa4e0ed11f4e req-34f02287-5251-4f27-9733-fa4e0ed11f4e ] Request (QuotasSecurityGroupAdminNegativeTest:tearDownClass): 204 DELETE http://10.180.1.21/networking/v2.0/security-groups/521eb454-e924-4659-ade0-0b2c618f29b2 0.269s
2025-12-11 10:42:15.055 65502 INFO tempest.lib.common.rest_client [req-1d1c65eb-24c2-4028-8630-6b06f25bb07d req-1d1c65eb-24c2-4028-8630-6b06f25bb07d ] Request (QuotasSecurityGroupAdminNegativeTest:tearDownClass): 204 DELETE http://10.180.1.21/identity/v3/projects/8887de283d3b4302a5692a64ae61e918 0.054s
2025-12-11 10:42:15.115 65482 INFO tempest.lib.common.rest_client [req-9ec01d09-0daf-4cc9-ae1b-bdb08592b580 req-9ec01d09-0daf-4cc9-ae1b-bdb08592b580 ] Request (QuotasAdminNegativeTest:test_create_server_when_cpu_quota_is_full): 200 GET http://10.180.1.21/compute/v2.1/os-quota-sets/4a83af2041c2461ca9a12aaf19fe7d4f 2.752s
2025-12-11 10:42:15.128 65502 INFO tempest.lib.common.rest_client [req-20c9a8c6-4d8a-45c5-a13b-cd026cf6f616 req-20c9a8c6-4d8a-45c5-a13b-cd026cf6f616 ] Request (ListImageFiltersTestJSON:setUpClass): 201 POST http://10.180.1.21/identity/v3/auth/tokens 0.071s
2025-12-11 10:42:15.164 65502 INFO tempest.lib.common.rest_client [req-9df961b7-af42-43d1-82b3-dec6b51553ec req-9df961b7-af42-43d1-82b3-dec6b51553ec ] Request (ListImageFiltersTestJSON:setUpClass): 201 POST http://10.180.1.21/identity/v3/auth/tokens 0.032s
2025-12-11 10:42:15.196 65502 INFO tempest.lib.common.rest_client [req-3f687dd9-6f69-4f8f-9ce0-a234b7b2d3ee req-3f687dd9-6f69-4f8f-9ce0-a234b7b2d3ee ] Request (ListImageFiltersTestJSON:setUpClass): 200 GET http://10.180.1.21/identity/v3/domains?name=Default 0.031s
2025-12-11 10:42:15.234 65502 INFO tempest.lib.common.rest_client [req-ba14a6e5-c7ee-439e-b225-348d65891c7d req-ba14a6e5-c7ee-439e-b225-348d65891c7d ] Request (ListImageFiltersTestJSON:setUpClass): 201 POST http://10.180.1.21/identity/v3/projects 0.037s
2025-12-11 10:42:15.248 65470 INFO tempest.lib.common.rest_client [req-e0b5b27e-7275-49db-927f-f1fbeb3a65aa req-e0b5b27e-7275-49db-927f-f1fbeb3a65aa ] Request (SecurityGroupsTestAdminJSON:tearDownClass): 200 GET http://10.180.1.21/networking/v2.0/security-groups?tenant_id=baa279cd43b347aaa483eb16da60b715&name=default 0.502s
2025-12-11 10:42:15.249 65494 INFO tempest.lib.common.rest_client [req-a40ef4ad-3a98-4982-af7d-59d50e99b630 req-a40ef4ad-3a98-4982-af7d-59d50e99b630 ] Request (HostsAdminNegativeTestJSON:setUpClass): 200 GET http://10.180.1.21/compute/v2.1/os-hosts 2.866s
2025-12-11 10:42:15.305 65502 INFO tempest.lib.common.rest_client [req-68c3cfda-cd76-4e94-a5bf-288350e1188e req-68c3cfda-cd76-4e94-a5bf-288350e1188e ] Request (ListImageFiltersTestJSON:setUpClass): 201 POST http://10.180.1.21/identity/v3/users 0.071s
2025-12-11 10:42:15.325 65502 INFO tempest.lib.common.rest_client [req-17901c3b-c5b4-4abe-8b8f-50a7fe7bdb2b req-17901c3b-c5b4-4abe-8b8f-50a7fe7bdb2b ] Request (ListImageFiltersTestJSON:setUpClass): 200 GET http://10.180.1.21/identity/v3/roles 0.019s
2025-12-11 10:42:15.353 65502 INFO tempest.lib.common.rest_client [req-550da897-b312-4f41-97cd-8895f6f6da65 req-550da897-b312-4f41-97cd-8895f6f6da65 ] Request (ListImageFiltersTestJSON:setUpClass): 204 PUT http://10.180.1.21/identity/v3/projects/8dd0a5335dc842669e573b973314b734/users/a62499b0b3ac4107968b0c6d654fbbf9/roles/c32f305414db485cb0d3ae6e926fe9bd 0.028s
2025-12-11 10:42:15.353 65502 INFO tempest.lib.common.dynamic_creds [-] Dynamic test user a62499b0b3ac4107968b0c6d654fbbf9 is created with scope project and roles: ['member']
2025-12-11 10:42:15.353 65502 INFO tempest.lib.common.dynamic_creds [-] Acquired dynamic creds: credentials: Credentials: {'domain_id': 'default', 'domain_name': 'Default', 'username': 'tempest-ListImageFiltersTestJSON-1314988663-project-member', 'project_domain_id': 'default', 'project_domain_name': 'Default', 'project_id': '8dd0a5335dc842669e573b973314b734', 'project_name': 'tempest-ListImageFiltersTestJSON-1314988663', 'tenant_id': '8dd0a5335dc842669e573b973314b734', 'tenant_name': 'tempest-ListImageFiltersTestJSON-1314988663', 'user_domain_id': 'default', 'user_domain_name': 'Default', 'user_id': 'a62499b0b3ac4107968b0c6d654fbbf9', 'system': None}, Network: None, Subnet: None, Router: None
2025-12-11 10:42:15.354 65502 INFO tempest.lib.common.dynamic_creds [-] Created isolated network resources for: credentials: Credentials: {'domain_id': 'default', 'domain_name': 'Default', 'username': 'tempest-ListImageFiltersTestJSON-1314988663-project-member', 'project_domain_id': 'default', 'project_domain_name': 'Default', 'project_id': '8dd0a5335dc842669e573b973314b734', 'project_name': 'tempest-ListImageFiltersTestJSON-1314988663', 'tenant_id': '8dd0a5335dc842669e573b973314b734', 'tenant_name': 'tempest-ListImageFiltersTestJSON-1314988663', 'user_domain_id': 'default', 'user_domain_name': 'Default', 'user_id': 'a62499b0b3ac4107968b0c6d654fbbf9', 'system': None}, Network: None, Subnet: None, Router: None
2025-12-11 10:42:15.425 65502 INFO tempest.lib.common.rest_client [req-d484e81c-5830-47eb-a7b7-cc8e4d47064f req-d484e81c-5830-47eb-a7b7-cc8e4d47064f ] Request (ListImageFiltersTestJSON:setUpClass): 201 POST http://10.180.1.21/identity/v3/auth/tokens 0.068s
2025-12-11 10:42:15.866 65502 INFO tempest.lib.common.rest_client [req-0516f615-b169-46b8-8dac-b8d99e082bae req-0516f615-b169-46b8-8dac-b8d99e082bae ] Request (ListImageFiltersTestJSON:setUpClass): 201 POST http://10.180.1.21/image/v2/images 0.441s
2025-12-11 10:42:15.883 65478 INFO tempest.lib.common.rest_client [req-abbd14bc-fc1e-4fb9-9da4-fe4807732a7c req-abbd14bc-fc1e-4fb9-9da4-fe4807732a7c ] Request (ServersWithSpecificFlavorTestJSON:setUpClass): 201 POST http://10.180.1.21/networking/v2.0/routers 0.992s
2025-12-11 10:42:16.079 65489 INFO tempest.lib.common.rest_client [req-88f4457e-c3b1-4408-85bf-686c47bc1b4e req-88f4457e-c3b1-4408-85bf-686c47bc1b4e ] Request (VolumesAssistedSnapshotsTest:setUpClass): 200 PUT http://10.180.1.21/networking/v2.0/routers/857e8aab-f115-4819-857a-25ad74e6c2f9/add_router_interface 1.118s
2025-12-11 10:42:16.079 65489 INFO tempest.lib.common.dynamic_creds [-] Created isolated network resources for: credentials: Credentials: {'domain_id': 'default', 'domain_name': 'Default', 'username': 'tempest-VolumesAssistedSnapshotsTest-845956904-project-admin', 'project_domain_id': 'default', 'project_domain_name': 'Default', 'project_id': '66401cc2b36148b18345e579aa53a2bc', 'project_name': 'tempest-VolumesAssistedSnapshotsTest-845956904', 'tenant_id': '66401cc2b36148b18345e579aa53a2bc', 'tenant_name': 'tempest-VolumesAssistedSnapshotsTest-845956904', 'user_domain_id': 'default', 'user_domain_name': 'Default', 'user_id': 'f7fa35b8d3e04c679a93e141e4f3ffc9', 'system': None}, Network: {'id': '109f0be5-360f-40dc-882d-76f1b2cb028f', 'name': 'tempest-VolumesAssistedSnapshotsTest-425014060-network', 'tenant_id': '66401cc2b36148b18345e579aa53a2bc', 'project_id': '66401cc2b36148b18345e579aa53a2bc', 'admin_state_up': True, 'mtu': 8950, 'status': 'ACTIVE', 'subnets': [], 'shared': False, 'port_security_enabled': True, 'router:external': False, 'provider:network_type': 'vlan', 'provider:physical_network': 'default', 'provider:segmentation_id': 252, 'availability_zone_hints': [], 'availability_zones': [], 'ipv4_address_scope': None, 'ipv6_address_scope': None, 'description': '', 'tags': [], 'created_at': '2025-12-11T10:42:13Z', 'updated_at': '2025-12-11T10:42:13Z', 'revision_number': 1}, Subnet: {'id': 'd0f3c318-5e25-4c86-ac39-084f13623a95', 'name': 'tempest-VolumesAssistedSnapshotsTest-425014060-subnet', 'tenant_id': '66401cc2b36148b18345e579aa53a2bc', 'network_id': '109f0be5-360f-40dc-882d-76f1b2cb028f', 'ip_version': 4, 'subnetpool_id': None, 'enable_dhcp': True, 'ipv6_ra_mode': None, 'ipv6_address_mode': None, 'gateway_ip': '192.168.128.1', 'cidr': '192.168.128.0/28', 'allocation_pools': [{'start': '192.168.128.2', 'end': '192.168.128.14'}], 'host_routes': [], 'dns_nameservers': [], 'description': '', 'router:external': False, 'service_types': [], 'tags': [], 'created_at': '2025-12-11T10:42:13Z', 'updated_at': '2025-12-11T10:42:13Z', 'revision_number': 0, 'project_id': '66401cc2b36148b18345e579aa53a2bc'}, Router: {'id': '857e8aab-f115-4819-857a-25ad74e6c2f9', 'name': 'tempest-VolumesAssistedSnapshotsTest-425014060-router', 'tenant_id': '66401cc2b36148b18345e579aa53a2bc', 'admin_state_up': True, 'status': 'ACTIVE', 'external_gateway_info': {'network_id': 'efef8458-b17d-443e-8201-cda1826debf5', 'external_fixed_ips': [{'subnet_id': '958e99d4-69cc-4531-a9c5-d44da050a3b7', 'ip_address': '10.180.180.133'}], 'enable_snat': True}, 'description': '', 'availability_zones': [], 'distributed': False, 'ha': False, 'availability_zone_hints': [], 'routes': [], 'flavor_id': None, 'tags': [], 'created_at': '2025-12-11T10:42:14Z', 'updated_at': '2025-12-11T10:42:14Z', 'revision_number': 2, 'project_id': '66401cc2b36148b18345e579aa53a2bc'}
2025-12-11 10:42:16.094 65474 INFO tempest.lib.common.rest_client [req-3758b8e0-68a1-47bc-a1aa-6da0e7177dc3 req-3758b8e0-68a1-47bc-a1aa-6da0e7177dc3 ] Request (AZAdminNegativeTestJSON:tearDownClass): 200 GET http://10.180.1.21/networking/v2.0/security-groups?tenant_id=63f9046a28a54dd5852f67e0080ed531&name=default 1.116s
2025-12-11 10:42:16.178 65470 INFO tempest.lib.common.rest_client [req-4b109e8a-9be8-441f-9466-58e64f64553f req-4b109e8a-9be8-441f-9466-58e64f64553f ] Request (SecurityGroupsTestAdminJSON:tearDownClass): 204 DELETE http://10.180.1.21/networking/v2.0/security-groups/a83e3274-11d8-4085-ba45-4c1998e7fca6 0.930s
2025-12-11 10:42:16.194 65489 INFO tempest.lib.common.rest_client [req-e5a208de-aabe-4d47-a9c7-1c44c197e435 req-e5a208de-aabe-4d47-a9c7-1c44c197e435 ] Request (VolumesAssistedSnapshotsTest:setUpClass): 201 POST http://10.180.1.21/identity/v3/auth/tokens 0.111s
2025-12-11 10:42:16.234 65489 INFO tempest.lib.common.rest_client [req-95706609-290b-48c5-8919-5e0ce6dc6c94 req-95706609-290b-48c5-8919-5e0ce6dc6c94 ] Request (VolumesAssistedSnapshotsTest:setUpClass): 201 POST http://10.180.1.21/identity/v3/projects 0.040s
2025-12-11 10:42:16.256 65470 INFO tempest.lib.common.rest_client [req-b654cfd9-54f9-4a12-822d-6b6cef2915d9 req-b654cfd9-54f9-4a12-822d-6b6cef2915d9 ] Request (SecurityGroupsTestAdminJSON:tearDownClass): 204 DELETE http://10.180.1.21/identity/v3/projects/baa279cd43b347aaa483eb16da60b715 0.078s
2025-12-11 10:42:16.292 65470 INFO tempest.lib.common.rest_client [req-6f7e0573-a85e-41ae-92e5-520041fec715 req-6f7e0573-a85e-41ae-92e5-520041fec715 ] Request (FloatingIPsTestJSON:setUpClass): 201 POST http://10.180.1.21/identity/v3/auth/tokens 0.034s
2025-12-11 10:42:16.307 65489 INFO tempest.lib.common.rest_client [req-5a925ea7-35f3-4a7b-b973-45bc6f8f60a1 req-5a925ea7-35f3-4a7b-b973-45bc6f8f60a1 ] Request (VolumesAssistedSnapshotsTest:setUpClass): 201 POST http://10.180.1.21/identity/v3/users 0.072s
2025-12-11 10:42:16.326 65470 INFO tempest.lib.common.rest_client [req-3be1e13c-9f30-42fc-8fff-e633b690ae34 req-3be1e13c-9f30-42fc-8fff-e633b690ae34 ] Request (FloatingIPsTestJSON:setUpClass): 201 POST http://10.180.1.21/identity/v3/auth/tokens 0.030s
2025-12-11 10:42:16.335 65489 INFO tempest.lib.common.rest_client [req-4e58b406-a611-40f1-b96c-b24e5ab51d77 req-4e58b406-a611-40f1-b96c-b24e5ab51d77 ] Request (VolumesAssistedSnapshotsTest:setUpClass): 200 GET http://10.180.1.21/identity/v3/roles 0.028s
2025-12-11 10:42:16.339 65486 INFO tempest.lib.common.rest_client [req-8d2a680b-6b8c-4eff-ae7e-a1ae0fcf6eac req-8d2a680b-6b8c-4eff-ae7e-a1ae0fcf6eac ] Request (ServerActionsV293TestJSON:setUpClass): 201 POST http://10.180.1.21/networking/v2.0/networks 1.347s
2025-12-11 10:42:16.353 65470 INFO tempest.lib.common.rest_client [req-1316e568-d144-4484-9276-99b83387c009 req-1316e568-d144-4484-9276-99b83387c009 ] Request (FloatingIPsTestJSON:setUpClass): 200 GET http://10.180.1.21/identity/v3/domains?name=Default 0.027s
2025-12-11 10:42:16.363 65489 INFO tempest.lib.common.rest_client [req-90f3b4fa-95d7-4d62-bb0a-c8813be6348f req-90f3b4fa-95d7-4d62-bb0a-c8813be6348f ] Request (VolumesAssistedSnapshotsTest:setUpClass): 204 PUT http://10.180.1.21/identity/v3/projects/5d73f2581420409f8c882b1404cbc784/users/2afe1b4d5a644176bfcdecc8c77b6c9c/roles/af0ae4907ea94a6c88e89c3e4f108f89 0.028s
2025-12-11 10:42:16.413 65474 INFO tempest.lib.common.rest_client [req-15f88c21-2e30-4a83-bc65-02fe44b49e67 req-15f88c21-2e30-4a83-bc65-02fe44b49e67 ] Request (AZAdminNegativeTestJSON:tearDownClass): 204 DELETE http://10.180.1.21/networking/v2.0/security-groups/24473cf4-c565-413c-82c2-c71e361a1e2c 0.318s
2025-12-11 10:42:16.418 65489 INFO tempest.lib.common.rest_client [req-c9c806b9-3d3c-4f78-9323-48693cdc2655 req-c9c806b9-3d3c-4f78-9323-48693cdc2655 ] Request (VolumesAssistedSnapshotsTest:setUpClass): 200 GET http://10.180.1.21/identity/v3/roles 0.054s
2025-12-11 10:42:16.420 65470 INFO tempest.lib.common.rest_client [req-164e5d9c-fcdb-4ca1-93a6-4b1ad3957607 req-164e5d9c-fcdb-4ca1-93a6-4b1ad3957607 ] Request (FloatingIPsTestJSON:setUpClass): 201 POST http://10.180.1.21/identity/v3/projects 0.066s
2025-12-11 10:42:16.491 65489 INFO tempest.lib.common.rest_client [req-8e593aaf-9956-4e5e-843e-e73d960d5e31 req-8e593aaf-9956-4e5e-843e-e73d960d5e31 ] Request (VolumesAssistedSnapshotsTest:setUpClass): 204 PUT http://10.180.1.21/identity/v3/projects/5d73f2581420409f8c882b1404cbc784/users/2afe1b4d5a644176bfcdecc8c77b6c9c/roles/162cb17accb6447986567b08fd6932d1 0.073s
2025-12-11 10:42:16.492 65489 INFO tempest.lib.common.dynamic_creds [-] Dynamic test user 2afe1b4d5a644176bfcdecc8c77b6c9c is created with scope project and roles: ['service', 'admin']
2025-12-11 10:42:16.492 65489 INFO tempest.lib.common.dynamic_creds [-] Acquired dynamic creds: credentials: Credentials: {'domain_id': 'default', 'domain_name': 'Default', 'username': 'tempest-VolumesAssistedSnapshotsTest-1729702452-project', 'project_domain_id': 'default', 'project_domain_name': 'Default', 'project_id': '5d73f2581420409f8c882b1404cbc784', 'project_name': 'tempest-VolumesAssistedSnapshotsTest-1729702452', 'tenant_id': '5d73f2581420409f8c882b1404cbc784', 'tenant_name': 'tempest-VolumesAssistedSnapshotsTest-1729702452', 'user_domain_id': 'default', 'user_domain_name': 'Default', 'user_id': '2afe1b4d5a644176bfcdecc8c77b6c9c', 'system': None}, Network: None, Subnet: None, Router: None
2025-12-11 10:42:16.558 65474 INFO tempest.lib.common.rest_client [req-586e2e2e-d3b1-4363-a920-98c45b230a8a req-586e2e2e-d3b1-4363-a920-98c45b230a8a ] Request (AZAdminNegativeTestJSON:tearDownClass): 204 DELETE http://10.180.1.21/identity/v3/projects/63f9046a28a54dd5852f67e0080ed531 0.145s
2025-12-11 10:42:16.559 65474 INFO tempest.lib.common.dynamic_creds [-] Deleting project and security group for project: 2d26df16cb4c44249c12db3e857ddf34
2025-12-11 10:42:16.571 65444 INFO tempest.lib.common.rest_client [req-9fe19ba5-0daf-4df1-bf7c-e8466e8a7a89 req-9fe19ba5-0daf-4df1-bf7c-e8466e8a7a89 ] Request (ServerDiagnosticsTest:test_get_server_diagnostics): 202 POST http://10.180.1.21/compute/v2.1/servers 4.326s
2025-12-11 10:42:16.613 65470 INFO tempest.lib.common.rest_client [req-b51dc733-3584-4548-b0b7-82e91115443e req-b51dc733-3584-4548-b0b7-82e91115443e ] Request (FloatingIPsTestJSON:setUpClass): 201 POST http://10.180.1.21/identity/v3/users 0.192s
2025-12-11 10:42:16.641 65470 INFO tempest.lib.common.rest_client [req-896da760-f9b8-4b4b-8842-a0f270455650 req-896da760-f9b8-4b4b-8842-a0f270455650 ] Request (FloatingIPsTestJSON:setUpClass): 200 GET http://10.180.1.21/identity/v3/roles 0.028s
2025-12-11 10:42:16.674 65486 INFO tempest.lib.common.rest_client [req-d9a739f8-9fb6-4bc7-90b6-b31f6253499a req-d9a739f8-9fb6-4bc7-90b6-b31f6253499a ] Request (ServerActionsV293TestJSON:setUpClass): 201 POST http://10.180.1.21/networking/v2.0/subnets 0.334s
2025-12-11 10:42:16.681 65470 INFO tempest.lib.common.rest_client [req-d943f1e2-f268-47b4-9640-a0b927666590 req-d943f1e2-f268-47b4-9640-a0b927666590 ] Request (FloatingIPsTestJSON:setUpClass): 204 PUT http://10.180.1.21/identity/v3/projects/9d1dc68a7a4748a6bdc3e1a4ec7060a5/users/07414557297b4d8185e02bdf0db36f61/roles/c32f305414db485cb0d3ae6e926fe9bd 0.039s
2025-12-11 10:42:16.681 65470 INFO tempest.lib.common.dynamic_creds [-] Dynamic test user 07414557297b4d8185e02bdf0db36f61 is created with scope project and roles: ['member']
2025-12-11 10:42:16.681 65470 INFO tempest.lib.common.dynamic_creds [-] Acquired dynamic creds: credentials: Credentials: {'domain_id': 'default', 'domain_name': 'Default', 'username': 'tempest-FloatingIPsTestJSON-1680017609-project-member', 'project_domain_id': 'default', 'project_domain_name': 'Default', 'project_id': '9d1dc68a7a4748a6bdc3e1a4ec7060a5', 'project_name': 'tempest-FloatingIPsTestJSON-1680017609', 'tenant_id': '9d1dc68a7a4748a6bdc3e1a4ec7060a5', 'tenant_name': 'tempest-FloatingIPsTestJSON-1680017609', 'user_domain_id': 'default', 'user_domain_name': 'Default', 'user_id': '07414557297b4d8185e02bdf0db36f61', 'system': None}, Network: None, Subnet: None, Router: None
2025-12-11 10:42:16.716 65492 INFO tempest.lib.common.rest_client [req-a9be12b4-7260-4b9d-be46-869ce2e90b91 req-a9be12b4-7260-4b9d-be46-869ce2e90b91 ] Request (HypervisorAdminNegativeTestJSON:test_get_hypervisor_list_details_with_non_admin_user): 403 GET http://10.180.1.21/compute/v2.1/os-hypervisors/detail 4.210s
2025-12-11 10:42:16.739 65470 INFO tempest.lib.common.rest_client [req-17e41fb0-bfc9-4988-b01d-2c23c6c87266 req-17e41fb0-bfc9-4988-b01d-2c23c6c87266 ] Request (FloatingIPsTestJSON:setUpClass): 201 POST http://10.180.1.21/identity/v3/auth/tokens 0.057s
2025-12-11 10:42:16.836 65464 INFO tempest.lib.common.rest_client [req-14283a35-34f9-41a5-9d76-69e5230a6290 req-14283a35-34f9-41a5-9d76-69e5230a6290 ] Request (FlavorsV261TestJSON:test_crud_flavor): 200 POST http://10.180.1.21/compute/v2.1/flavors 4.240s
2025-12-11 10:42:16.860 65489 INFO tempest.lib.common.rest_client [req-11dffa2a-5539-47f2-bacc-384571c521c9 req-11dffa2a-5539-47f2-bacc-384571c521c9 ] Request (VolumesAssistedSnapshotsTest:setUpClass): 201 POST http://10.180.1.21/networking/v2.0/networks 0.368s
2025-12-11 10:42:16.919 65490 INFO tempest.lib.common.rest_client [req-a4cc20b5-2674-44ac-9a79-c43556ba3171 req-a4cc20b5-2674-44ac-9a79-c43556ba3171 ] Request (HostsAdminTestJSON:test_list_hosts): 200 GET http://10.180.1.21/compute/v2.1/os-hosts 4.253s
2025-12-11 10:42:16.970 65474 INFO tempest.lib.common.rest_client [req-aa24316c-31e9-4666-96eb-bc0253dacb8d req-aa24316c-31e9-4666-96eb-bc0253dacb8d ] Request (AZAdminNegativeTestJSON:tearDownClass): 200 GET http://10.180.1.21/networking/v2.0/security-groups?tenant_id=2d26df16cb4c44249c12db3e857ddf34&name=default 0.411s
2025-12-11 10:42:17.067 65478 INFO tempest.lib.common.rest_client [req-ad9e2ee7-3072-41bb-b0b0-eb61ca885067 req-ad9e2ee7-3072-41bb-b0b0-eb61ca885067 ] Request (ServersWithSpecificFlavorTestJSON:setUpClass): 200 PUT http://10.180.1.21/networking/v2.0/routers/8c4318a3-0878-4734-bb78-2c98041693eb/add_router_interface 1.183s
2025-12-11 10:42:17.067 65478 INFO tempest.lib.common.dynamic_creds [-] Created isolated network resources for: credentials: Credentials: {'domain_id': 'default', 'domain_name': 'Default', 'username': 'tempest-ServersWithSpecificFlavorTestJSON-1755944527-project-admin', 'project_domain_id': 'default', 'project_domain_name': 'Default', 'project_id': '9c7d0989369945e38bc4c4432235c0f5', 'project_name': 'tempest-ServersWithSpecificFlavorTestJSON-1755944527', 'tenant_id': '9c7d0989369945e38bc4c4432235c0f5', 'tenant_name': 'tempest-ServersWithSpecificFlavorTestJSON-1755944527', 'user_domain_id': 'default', 'user_domain_name': 'Default', 'user_id': '9bd9f89f42304fd49a598243a316e1cd', 'system': None}, Network: {'id': '083fbfa3-f424-4187-88a7-f8a4741569fe', 'name': 'tempest-ServersWithSpecificFlavorTestJSON-1754780614-network', 'tenant_id': '9c7d0989369945e38bc4c4432235c0f5', 'project_id': '9c7d0989369945e38bc4c4432235c0f5', 'admin_state_up': True, 'mtu': 8950, 'status': 'ACTIVE', 'subnets': [], 'shared': False, 'port_security_enabled': True, 'router:external': False, 'provider:network_type': 'vlan', 'provider:physical_network': 'default', 'provider:segmentation_id': 991, 'availability_zone_hints': [], 'availability_zones': [], 'ipv4_address_scope': None, 'ipv6_address_scope': None, 'description': '', 'tags': [], 'created_at': '2025-12-11T10:42:14Z', 'updated_at': '2025-12-11T10:42:14Z', 'revision_number': 1}, Subnet: {'id': '46af718b-3ed9-4570-ac00-56f54ff23f6d', 'name': 'tempest-ServersWithSpecificFlavorTestJSON-1754780614-subnet', 'tenant_id': '9c7d0989369945e38bc4c4432235c0f5', 'network_id': '083fbfa3-f424-4187-88a7-f8a4741569fe', 'ip_version': 4, 'subnetpool_id': None, 'enable_dhcp': True, 'ipv6_ra_mode': None, 'ipv6_address_mode': None, 'gateway_ip': '192.168.128.1', 'cidr': '192.168.128.0/28', 'allocation_pools': [{'start': '192.168.128.2', 'end': '192.168.128.14'}], 'host_routes': [], 'dns_nameservers': [], 'description': '', 'router:external': False, 'service_types': [], 'tags': [], 'created_at': '2025-12-11T10:42:14Z', 'updated_at': '2025-12-11T10:42:14Z', 'revision_number': 0, 'project_id': '9c7d0989369945e38bc4c4432235c0f5'}, Router: {'id': '8c4318a3-0878-4734-bb78-2c98041693eb', 'name': 'tempest-ServersWithSpecificFlavorTestJSON-1754780614-router', 'tenant_id': '9c7d0989369945e38bc4c4432235c0f5', 'admin_state_up': True, 'status': 'ACTIVE', 'external_gateway_info': {'network_id': 'efef8458-b17d-443e-8201-cda1826debf5', 'external_fixed_ips': [{'subnet_id': '958e99d4-69cc-4531-a9c5-d44da050a3b7', 'ip_address': '10.180.180.173'}], 'enable_snat': True}, 'description': '', 'availability_zones': [], 'distributed': False, 'ha': False, 'availability_zone_hints': [], 'routes': [], 'flavor_id': None, 'tags': [], 'created_at': '2025-12-11T10:42:15Z', 'updated_at': '2025-12-11T10:42:15Z', 'revision_number': 2, 'project_id': '9c7d0989369945e38bc4c4432235c0f5'}
2025-12-11 10:42:17.214 65478 INFO tempest.lib.common.rest_client [req-218f5d4b-99ab-454b-92cc-69f1d18122d3 req-218f5d4b-99ab-454b-92cc-69f1d18122d3 ] Request (ServersWithSpecificFlavorTestJSON:setUpClass): 201 POST http://10.180.1.21/identity/v3/auth/tokens 0.143s
2025-12-11 10:42:17.395 65470 INFO tempest.lib.common.rest_client [req-aaadaae7-1c0a-40e7-8afc-9a029fccede4 req-aaadaae7-1c0a-40e7-8afc-9a029fccede4 ] Request (FloatingIPsTestJSON:setUpClass): 201 POST http://10.180.1.21/networking/v2.0/networks 0.655s
2025-12-11 10:42:17.565 65489 INFO tempest.lib.common.rest_client [req-c35e60b8-ad72-4d54-8418-851e2008654b req-c35e60b8-ad72-4d54-8418-851e2008654b ] Request (VolumesAssistedSnapshotsTest:setUpClass): 201 POST http://10.180.1.21/networking/v2.0/subnets 0.704s
2025-12-11 10:42:17.671 65450 INFO tempest.lib.common.rest_client [req-1dd81ba8-ec95-44de-bdb2-e052f4771e29 req-1dd81ba8-ec95-44de-bdb2-e052f4771e29 ] Request (TenantUsagesTestJSON:setUpClass): 202 POST http://10.180.1.21/compute/v2.1/servers 5.236s
2025-12-11 10:42:17.684 65502 INFO tempest.lib.common.rest_client [req-8e95b665-5b01-4ab8-a5d6-8fcc186dd4a4 req-8e95b665-5b01-4ab8-a5d6-8fcc186dd4a4 ] Request (ListImageFiltersTestJSON:setUpClass): 204 PUT http://10.180.1.21/image/v2/images/78034340-db6a-4728-a855-e528fbb30258/file 0.816s
2025-12-11 10:42:17.695 65474 INFO tempest.lib.common.rest_client [req-97d9c7ed-ed3d-49ee-ad0f-d227af82625b req-97d9c7ed-ed3d-49ee-ad0f-d227af82625b ] Request (AZAdminNegativeTestJSON:tearDownClass): 204 DELETE http://10.180.1.21/networking/v2.0/security-groups/d91fd048-f798-4f7e-8afc-3adc5d5cb80a 0.725s
2025-12-11 10:42:17.712 65456 INFO tempest.lib.common.rest_client [req-a28cbaaa-4bea-41bd-83c4-61cc09c9f9de req-a28cbaaa-4bea-41bd-83c4-61cc09c9f9de ] Request (HypervisorAdminTestJSON:test_get_hypervisor_list_details): 200 GET http://10.180.1.21/compute/v2.1/os-hypervisors/detail 4.949s
2025-12-11 10:42:17.740 65466 INFO tempest.lib.common.rest_client [req-ac6a5c11-2f81-4e1a-8eb9-62437492601b req-ac6a5c11-2f81-4e1a-8eb9-62437492601b ] Request (FloatingIPDetailsNegativeTestJSON:test_get_nonexistent_floating_ip_details): 404 GET http://10.180.1.21/compute/v2.1/os-floating-ips/148916b8-bf53-4c94-a0f7-c1a5c1b2dea3 4.996s
2025-12-11 10:42:17.778 65474 INFO tempest.lib.common.rest_client [req-0b6f4be0-6570-4f68-b239-1771dc9bd366 req-0b6f4be0-6570-4f68-b239-1771dc9bd366 ] Request (AZAdminNegativeTestJSON:tearDownClass): 204 DELETE http://10.180.1.21/identity/v3/projects/2d26df16cb4c44249c12db3e857ddf34 0.082s
2025-12-11 10:42:17.790 65486 INFO tempest.lib.common.rest_client [req-b40036f3-28ff-4502-8f98-23629162dee2 req-b40036f3-28ff-4502-8f98-23629162dee2 ] Request (ServerActionsV293TestJSON:setUpClass): 201 POST http://10.180.1.21/networking/v2.0/routers 1.116s
2025-12-11 10:42:17.838 65496 INFO tempest.lib.common.rest_client [req-67535dc6-a69b-4eea-92ab-b96b4c22d4ac req-67535dc6-a69b-4eea-92ab-b96b4c22d4ac ] Request (HypervisorAdminNegativeUnderV252Test:test_search_hypervisor_with_non_admin_user): 200 GET http://10.180.1.21/compute/v2.1/os-hypervisors 5.057s
2025-12-11 10:42:17.841 65474 INFO tempest.lib.common.rest_client [req-10b66d1b-576e-4697-87d1-fdb99faac77c req-10b66d1b-576e-4697-87d1-fdb99faac77c ] Request (ServersTestManualDisk:setUpClass): 201 POST http://10.180.1.21/identity/v3/auth/tokens 0.062s
2025-12-11 10:42:17.902 65474 INFO tempest.lib.common.rest_client [req-f9a7d046-2114-436e-9779-0e59ecd7b318 req-f9a7d046-2114-436e-9779-0e59ecd7b318 ] Request (ServersTestManualDisk:setUpClass): 201 POST http://10.180.1.21/identity/v3/auth/tokens 0.057s
2025-12-11 10:42:17.924 65470 INFO tempest.lib.common.rest_client [req-d84ad5ac-2148-4f52-a076-cbe10141a87c req-d84ad5ac-2148-4f52-a076-cbe10141a87c ] Request (FloatingIPsTestJSON:setUpClass): 201 POST http://10.180.1.21/networking/v2.0/subnets 0.529s
2025-12-11 10:42:17.928 65474 INFO tempest.lib.common.rest_client [req-fcb1a0ed-9322-4d18-b56b-25347adec830 req-fcb1a0ed-9322-4d18-b56b-25347adec830 ] Request (ServersTestManualDisk:setUpClass): 200 GET http://10.180.1.21/identity/v3/domains?name=Default 0.026s
2025-12-11 10:42:17.955 65474 INFO tempest.lib.common.rest_client [req-6800866b-7f47-43b3-a4b0-4e98cadb0cf1 req-6800866b-7f47-43b3-a4b0-4e98cadb0cf1 ] Request (ServersTestManualDisk:setUpClass): 201 POST http://10.180.1.21/identity/v3/projects 0.025s
2025-12-11 10:42:17.963 65446 INFO tempest.lib.common.rest_client [req-7686c16a-4a76-44fe-bdb0-3b7339108c5f req-7686c16a-4a76-44fe-bdb0-3b7339108c5f ] Request (KeyPairsV22TestJSON:test_get_keypair_detail): 201 POST http://10.180.1.21/compute/v2.1/os-keypairs 5.159s
2025-12-11 10:42:18.032 65474 INFO tempest.lib.common.rest_client [req-392089f3-61dd-4e6d-9b28-fc7b3c3668b2 req-392089f3-61dd-4e6d-9b28-fc7b3c3668b2 ] Request (ServersTestManualDisk:setUpClass): 201 POST http://10.180.1.21/identity/v3/users 0.077s
2025-12-11 10:42:18.054 65474 INFO tempest.lib.common.rest_client [req-116d3f87-f1e4-41a9-97b5-cca2a38abff9 req-116d3f87-f1e4-41a9-97b5-cca2a38abff9 ] Request (ServersTestManualDisk:setUpClass): 200 GET http://10.180.1.21/identity/v3/roles 0.020s
2025-12-11 10:42:18.081 65474 INFO tempest.lib.common.rest_client [req-5f2359e0-dd31-4911-b798-8c2555cee0f4 req-5f2359e0-dd31-4911-b798-8c2555cee0f4 ] Request (ServersTestManualDisk:setUpClass): 204 PUT http://10.180.1.21/identity/v3/projects/9486f7ccba84403b9f1ebae776458b99/users/908d29c45eef4f7cab6b7ca44e744947/roles/c32f305414db485cb0d3ae6e926fe9bd 0.027s
2025-12-11 10:42:18.082 65474 INFO tempest.lib.common.dynamic_creds [-] Dynamic test user 908d29c45eef4f7cab6b7ca44e744947 is created with scope project and roles: ['member']
2025-12-11 10:42:18.082 65474 INFO tempest.lib.common.dynamic_creds [-] Acquired dynamic creds: credentials: Credentials: {'domain_id': 'default', 'domain_name': 'Default', 'username': 'tempest-ServersTestManualDisk-2013964951-project-member', 'project_domain_id': 'default', 'project_domain_name': 'Default', 'project_id': '9486f7ccba84403b9f1ebae776458b99', 'project_name': 'tempest-ServersTestManualDisk-2013964951', 'tenant_id': '9486f7ccba84403b9f1ebae776458b99', 'tenant_name': 'tempest-ServersTestManualDisk-2013964951', 'user_domain_id': 'default', 'user_domain_name': 'Default', 'user_id': '908d29c45eef4f7cab6b7ca44e744947', 'system': None}, Network: None, Subnet: None, Router: None
2025-12-11 10:42:18.097 65498 INFO tempest.lib.common.rest_client [req-ff1d9710-1b20-4b29-bc62-4c2e8e98ea69 req-ff1d9710-1b20-4b29-bc62-4c2e8e98ea69 ] Request (HypervisorAdminV228Test:test_get_list_hypervisor_details): 200 GET http://10.180.1.21/compute/v2.1/os-hypervisors 5.224s
2025-12-11 10:42:18.110 65500 INFO tempest.lib.common.rest_client [req-7ca0343f-f93c-49a1-9b92-1fab158dce16 req-7ca0343f-f93c-49a1-9b92-1fab158dce16 ] Request (FlavorsV2TestJSON:test_list_flavors_detailed_filter_by_min_ram): 200 GET http://10.180.1.21/compute/v2.1/flavors/42 5.182s
2025-12-11 10:42:18.130 65476 INFO tempest.lib.common.rest_client [req-cc7f4c36-7b07-443a-a43a-e7effceaa1c3 req-cc7f4c36-7b07-443a-a43a-e7effceaa1c3 ] Request (ServicesAdminNegativeV253TestJSON:test_disable_service_with_invalid_service_id): 404 PUT http://10.180.1.21/compute/v2.1/os-services/2b30bbe3-4bdd-4a50-86cf-6ed743164dea 4.992s
2025-12-11 10:42:18.147 65474 INFO tempest.lib.common.rest_client [req-2bf31a9d-df56-497f-bb74-bb89009dc942 req-2bf31a9d-df56-497f-bb74-bb89009dc942 ] Request (ServersTestManualDisk:setUpClass): 201 POST http://10.180.1.21/identity/v3/auth/tokens 0.065s
2025-12-11 10:42:18.252 65442 INFO tempest.lib.common.rest_client [req-98b81a63-65a8-4215-914f-1ea3bfa8395c req-98b81a63-65a8-4215-914f-1ea3bfa8395c ] Request (FlavorsAccessNegativeTestJSON:test_add_flavor_access_duplicate): 200 POST http://10.180.1.21/compute/v2.1/flavors 4.912s
2025-12-11 10:42:18.514 65489 INFO tempest.lib.common.rest_client [req-5ceff2a6-4c3c-477d-b0a8-e994060279fd req-5ceff2a6-4c3c-477d-b0a8-e994060279fd ] Request (VolumesAssistedSnapshotsTest:setUpClass): 201 POST http://10.180.1.21/networking/v2.0/routers 0.948s
2025-12-11 10:42:18.826 65466 INFO tempest.lib.common.rest_client [req-e154e965-7bfa-4edb-993c-a72fa0b7f869 req-e154e965-7bfa-4edb-993c-a72fa0b7f869 ] Request (FloatingIPDetailsNegativeTestJSON:tearDownClass): 200 PUT http://10.180.1.21/networking/v2.0/routers/0f727d4f-ad51-4521-910f-a38210df7881/remove_router_interface 1.085s
2025-12-11 10:42:18.881 65448 INFO tempest.lib.common.rest_client [req-528f82c0-3c64-4768-933b-38265e88ce37 req-528f82c0-3c64-4768-933b-38265e88ce37 ] Request (DeleteServersAdminTestJSON:test_admin_delete_servers_of_others): 200 GET http://10.180.1.21/compute/v2.1/servers/c8e95337-802e-4031-ac40-0ac35ebdcfc9 6.088s
2025-12-11 10:42:18.923 65458 INFO tempest.lib.common.rest_client [req-81b347ea-9154-4fcc-a5fa-08281ae07ba5 req-81b347ea-9154-4fcc-a5fa-08281ae07ba5 ] Request (FlavorsAdminTestJSON:_run_cleanups): 202 DELETE http://10.180.1.21/compute/v2.1/flavors/1879810025 5.357s
2025-12-11 10:42:19.038 65460 INFO tempest.lib.common.rest_client [req-7a383baa-459c-4565-84f0-05140ba194ff req-7a383baa-459c-4565-84f0-05140ba194ff ] Request (FlavorsAccessTestJSON:test_flavor_access_add_remove): 200 POST http://10.180.1.21/compute/v2.1/flavors/193799068/action 5.164s
2025-12-11 10:42:19.068 65452 INFO tempest.lib.common.rest_client [req-71044711-eb42-472d-8437-c0f37ed2016b req-71044711-eb42-472d-8437-c0f37ed2016b ] Request (AggregatesAdminNegativeTestJSON:test_aggregate_add_existent_host): 200 POST http://10.180.1.21/compute/v2.1/os-aggregates 5.146s
2025-12-11 10:42:19.102 65468 INFO tempest.lib.common.rest_client [req-4de9d55a-10d9-49d5-8326-9f3e20b56679 req-4de9d55a-10d9-49d5-8326-9f3e20b56679 ] Request (FlavorsExtraSpecsTestJSON:test_flavor_non_admin_get_all_keys): 200 POST http://10.180.1.21/compute/v2.1/flavors/301622500/os-extra_specs 4.926s
2025-12-11 10:42:19.318 65454 INFO tempest.lib.common.rest_client [req-8bd98c6e-7e58-4152-96b3-e03e125623cd req-8bd98c6e-7e58-4152-96b3-e03e125623cd ] Request (HypervisorAdminUnderV252Test:test_get_hypervisor_show_servers): 200 GET http://10.180.1.21/compute/v2.1/os-hypervisors/domain-c8.fc996f14-c53b-4953-92e3-bdfa48f5cc28/servers 5.117s
2025-12-11 10:42:19.396 65486 INFO tempest.lib.common.rest_client [req-6129c1cb-370c-4cc8-aa8e-aa6359374dd3 req-6129c1cb-370c-4cc8-aa8e-aa6359374dd3 ] Request (ServerActionsV293TestJSON:setUpClass): 200 PUT http://10.180.1.21/networking/v2.0/routers/3cd9ebed-0f7f-4919-84c9-f2d4dd21bdde/add_router_interface 1.605s
2025-12-11 10:42:19.396 65486 INFO tempest.lib.common.dynamic_creds [-] Created isolated network resources for: credentials: Credentials: {'domain_id': 'default', 'domain_name': 'Default', 'username': 'tempest-ServerActionsV293TestJSON-2025792179-project-member', 'project_domain_id': 'default', 'project_domain_name': 'Default', 'project_id': '074686970b424f709bfdd470fb393668', 'project_name': 'tempest-ServerActionsV293TestJSON-2025792179', 'tenant_id': '074686970b424f709bfdd470fb393668', 'tenant_name': 'tempest-ServerActionsV293TestJSON-2025792179', 'user_domain_id': 'default', 'user_domain_name': 'Default', 'user_id': 'f944772ae1764a58b2032c22e7afb1d4', 'system': None}, Network: {'id': '9013326d-732c-435c-9732-39436a9e80e9', 'name': 'tempest-ServerActionsV293TestJSON-2101679342-network', 'tenant_id': '074686970b424f709bfdd470fb393668', 'project_id': '074686970b424f709bfdd470fb393668', 'admin_state_up': True, 'mtu': 8950, 'status': 'ACTIVE', 'subnets': [], 'shared': False, 'port_security_enabled': True, 'router:external': False, 'provider:network_type': 'vlan', 'provider:physical_network': 'default', 'provider:segmentation_id': 815, 'availability_zone_hints': [], 'availability_zones': [], 'ipv4_address_scope': None, 'ipv6_address_scope': None, 'description': '', 'tags': [], 'created_at': '2025-12-11T10:42:16Z', 'updated_at': '2025-12-11T10:42:16Z', 'revision_number': 1}, Subnet: {'id': '31d80d1e-1e8c-4b76-9d01-9302f08fc8d3', 'name': 'tempest-ServerActionsV293TestJSON-2101679342-subnet', 'tenant_id': '074686970b424f709bfdd470fb393668', 'network_id': '9013326d-732c-435c-9732-39436a9e80e9', 'ip_version': 4, 'subnetpool_id': None, 'enable_dhcp': True, 'ipv6_ra_mode': None, 'ipv6_address_mode': None, 'gateway_ip': '192.168.128.1', 'cidr': '192.168.128.0/28', 'allocation_pools': [{'start': '192.168.128.2', 'end': '192.168.128.14'}], 'host_routes': [], 'dns_nameservers': [], 'description': '', 'router:external': False, 'service_types': [], 'tags': [], 'created_at': '2025-12-11T10:42:16Z', 'updated_at': '2025-12-11T10:42:16Z', 'revision_number': 0, 'project_id': '074686970b424f709bfdd470fb393668'}, Router: {'id': '3cd9ebed-0f7f-4919-84c9-f2d4dd21bdde', 'name': 'tempest-ServerActionsV293TestJSON-2101679342-router', 'tenant_id': '074686970b424f709bfdd470fb393668', 'admin_state_up': True, 'status': 'ACTIVE', 'external_gateway_info': {'network_id': 'efef8458-b17d-443e-8201-cda1826debf5', 'external_fixed_ips': [{'subnet_id': '958e99d4-69cc-4531-a9c5-d44da050a3b7', 'ip_address': '10.180.180.136'}], 'enable_snat': True}, 'description': '', 'availability_zones': [], 'distributed': False, 'ha': False, 'availability_zone_hints': [], 'routes': [], 'flavor_id': None, 'tags': [], 'created_at': '2025-12-11T10:42:16Z', 'updated_at': '2025-12-11T10:42:17Z', 'revision_number': 2, 'project_id': '074686970b424f709bfdd470fb393668'}
2025-12-11 10:42:19.492 65486 INFO tempest.lib.common.rest_client [req-73d4b9c7-92cb-4c25-80bd-9eb5ad9d25c8 req-73d4b9c7-92cb-4c25-80bd-9eb5ad9d25c8 ] Request (ServerActionsV293TestJSON:setUpClass): 201 POST http://10.180.1.21/identity/v3/auth/tokens 0.090s
2025-12-11 10:42:19.651 65474 INFO tempest.lib.common.rest_client [req-91ae3f7c-bdbf-4507-9e6e-5366c59da82a req-91ae3f7c-bdbf-4507-9e6e-5366c59da82a ] Request (ServersTestManualDisk:setUpClass): 201 POST http://10.180.1.21/networking/v2.0/networks 1.503s
2025-12-11 10:42:19.652 65470 INFO tempest.lib.common.rest_client [req-073eff9c-307c-40da-9db3-e32389acd350 req-073eff9c-307c-40da-9db3-e32389acd350 ] Request (FloatingIPsTestJSON:setUpClass): 201 POST http://10.180.1.21/networking/v2.0/routers 1.727s
2025-12-11 10:42:20.121 65466 INFO tempest.lib.common.rest_client [req-c25a3972-fddd-4f79-a952-df0011f3b705 req-c25a3972-fddd-4f79-a952-df0011f3b705 ] Request (FloatingIPDetailsNegativeTestJSON:tearDownClass): 204 DELETE http://10.180.1.21/networking/v2.0/routers/0f727d4f-ad51-4521-910f-a38210df7881 1.294s
2025-12-11 10:42:20.324 65474 INFO tempest.lib.common.rest_client [req-5aca8004-60c6-4341-bbd8-4c3071f39876 req-5aca8004-60c6-4341-bbd8-4c3071f39876 ] Request (ServersTestManualDisk:setUpClass): 201 POST http://10.180.1.21/networking/v2.0/subnets 0.673s
