2025-12-11 10:44:05.952 65456 INFO tempest.lib.common.rest_client [req-c8cda246-82d4-4940-a476-562e32f1d13f req-c8cda246-82d4-4940-a476-562e32f1d13f ] Request (ServersAdmin275Test:tearDownClass): 204 DELETE http://10.180.1.21/networking/v2.0/security-groups/88170d6a-efde-46d8-8a70-b75386322b52 0.136s
2025-12-11 10:44:05.955 65498 INFO tempest.lib.common.rest_client [req-8f2d1c0e-38af-42c7-b8fb-d632e2d74255 req-8f2d1c0e-38af-42c7-b8fb-d632e2d74255 ] Request (AttachInterfacesV270Test:tearDownClass): 204 DELETE http://10.180.1.21/compute/v2.1/servers/eacc6afb-5d41-40c4-a763-ccdded40e142 4.632s
2025-12-11 10:44:06.040 65470 INFO tempest.lib.common.rest_client [req-43773126-480e-4e17-a1c1-88e637afb40c req-43773126-480e-4e17-a1c1-88e637afb40c ] Request (ServersListShow2100Test:tearDownClass): 204 DELETE http://10.180.1.21/compute/v2.1/servers/d668ed37-4f11-4ce5-b622-9e65cd71089f 4.455s
2025-12-11 10:44:06.049 65478 INFO tempest.lib.common.rest_client [req-d47bc741-6e4c-46f6-942f-390097eff1cf req-d47bc741-6e4c-46f6-942f-390097eff1cf ] Request (ServersWithSpecificFlavorTestJSON:test_verify_created_server_ephemeral_disk): 204 DELETE http://10.180.1.21/compute/v2.1/servers/209b46f6-1da6-497a-a733-2cae2300116d 4.086s
2025-12-11 10:44:06.063 65466 INFO tempest.lib.common.rest_client [req-589d01d8-ad30-4c80-95a0-8ecf48e12f09 req-589d01d8-ad30-4c80-95a0-8ecf48e12f09 ] Request (ServersNegativeTestMultiTenantJSON:setUpClass): 201 POST http://10.180.1.21/networking/v2.0/networks 0.354s
2025-12-11 10:44:06.129 65456 INFO tempest.lib.common.rest_client [req-8b74278e-8805-4cd8-8c05-c5868de67ae6 req-8b74278e-8805-4cd8-8c05-c5868de67ae6 ] Request (ServersAdmin275Test:tearDownClass): 204 DELETE http://10.180.1.21/identity/v3/projects/40cce5fb1fc441c6bb8bf6cb56608a60 0.176s
2025-12-11 10:44:06.129 65456 INFO tempest.lib.common.dynamic_creds [-] Deleting project and security group for project: dffd562a1f5e4633823931dcd82f6078
2025-12-11 10:44:06.219 65478 INFO tempest.lib.common.rest_client [req-d6f3a199-513f-4a86-b2d0-3e1fb8ad30d2 req-d6f3a199-513f-4a86-b2d0-3e1fb8ad30d2 ] Request (ServersWithSpecificFlavorTestJSON:test_verify_created_server_ephemeral_disk): 201 POST http://10.180.1.21/identity/v3/auth/tokens 0.165s
2025-12-11 10:44:06.220 65478 INFO tempest.lib.common.fixed_network [-] (ServersWithSpecificFlavorTestJSON:test_verify_created_server_ephemeral_disk) Found network {'id': '5200fbdc-cbc1-463d-87ad-f6376b90e247', 'name': 'tempest-ServersWithSpecificFlavorTestJSON-1993362325-network', 'tenant_id': '3abbdfd9d7ac49cdb48d1de099e51daa', 'project_id': '3abbdfd9d7ac49cdb48d1de099e51daa', 'admin_state_up': True, 'mtu': 8950, 'status': 'ACTIVE', 'subnets': [], 'shared': False, 'port_security_enabled': True, 'router:external': False, 'provider:network_type': 'vlan', 'provider:physical_network': 'default', 'provider:segmentation_id': 797, 'availability_zone_hints': [], 'availability_zones': [], 'ipv4_address_scope': None, 'ipv6_address_scope': None, 'description': '', 'tags': [], 'created_at': '2025-12-11T10:42:08Z', 'updated_at': '2025-12-11T10:42:08Z', 'revision_number': 1} available for tenant
2025-12-11 10:44:06.271 65452 INFO tempest.lib.common.rest_client [req-4d10c092-4a32-43fa-9cb0-d2cd533467c1 req-4d10c092-4a32-43fa-9cb0-d2cd533467c1 ] Request (AggregatesAdminNegativeTestJSON:_run_cleanups): 200 POST http://10.180.1.21/compute/v2.1/os-aggregates/7/action 3.787s
2025-12-11 10:44:06.331 65466 INFO tempest.lib.common.rest_client [req-3d3d5112-8b38-4715-99ee-55f9cd3c0e2b req-3d3d5112-8b38-4715-99ee-55f9cd3c0e2b ] Request (ServersNegativeTestMultiTenantJSON:setUpClass): 201 POST http://10.180.1.21/networking/v2.0/subnets 0.268s
2025-12-11 10:44:06.340 65456 INFO tempest.lib.common.rest_client [req-44818f88-2b45-4c4a-927d-a1ac6a724c6b req-44818f88-2b45-4c4a-927d-a1ac6a724c6b ] Request (ServersAdmin275Test:tearDownClass): 200 GET http://10.180.1.21/networking/v2.0/security-groups?tenant_id=dffd562a1f5e4633823931dcd82f6078&name=default 0.210s
2025-12-11 10:44:06.383 65490 INFO tempest.lib.common.rest_client [req-44e54b45-3370-4a6e-98c0-0fd582489743 req-44e54b45-3370-4a6e-98c0-0fd582489743 ] Request (AttachVolumeNegativeTest:test_attach_attached_volume_to_different_server): 200 GET http://10.180.1.21/compute/v2.1/servers/1e6053f3-cc3b-46df-a5c4-bf6196be2978 4.240s
2025-12-11 10:44:06.394 65490 INFO tempest.common.waiters [-] State transition "BUILD/block_device_mapping" ==> "BUILD/spawning" after 28 second wait
2025-12-11 10:44:06.469 65456 INFO tempest.lib.common.rest_client [req-002542b7-1427-432e-8056-a437c9c9701c req-002542b7-1427-432e-8056-a437c9c9701c ] Request (ServersAdmin275Test:tearDownClass): 204 DELETE http://10.180.1.21/networking/v2.0/security-groups/06398a87-2b7e-45f0-a14c-5edbc5884ea9 0.128s
2025-12-11 10:44:06.502 65446 INFO tempest.lib.common.rest_client [req-9827ed6f-59df-485a-b7de-61c91bdcf0dc req-9827ed6f-59df-485a-b7de-61c91bdcf0dc ] Request (ServersAaction247Test:test_create_backup): 200 GET http://10.180.1.21/compute/v2.1/servers/6e1d077f-adfe-4ed0-8799-28d4ad8ff1c4 3.011s
2025-12-11 10:44:06.514 65446 INFO tempest.common.waiters [-] State transition "BUILD/None" ==> "BUILD/spawning" after 16 second wait
2025-12-11 10:44:06.584 65481 INFO tempest.lib.common.rest_client [req-6b6e9245-a67f-489f-8476-897d9763ed27 req-6b6e9245-a67f-489f-8476-897d9763ed27 ] Request (ServersNegativeTestJSON:setUpClass): 200 GET http://10.180.1.21/compute/v2.1/servers/122d649c-c4f3-4d94-8be4-ef275dc86bbd 2.641s
2025-12-11 10:44:06.640 65456 INFO tempest.lib.common.rest_client [req-36d9b09a-c36a-4c7a-8d93-6a581fbffa3d req-36d9b09a-c36a-4c7a-8d93-6a581fbffa3d ] Request (ServersAdmin275Test:tearDownClass): 204 DELETE http://10.180.1.21/identity/v3/projects/dffd562a1f5e4633823931dcd82f6078 0.170s
2025-12-11 10:44:06.641 65456 INFO tempest.test [-] raised in UnshelveToHostMultiNodesTest.setUpClass. Invoking tearDownClass.
2025-12-11 10:44:06.642 65456 INFO tempest.test [-] raised in TestVolumeSwap.setUpClass. Invoking tearDownClass.
2025-12-11 10:44:06.677 65448 INFO tempest.lib.common.rest_client [req-cb69cc8c-0cc2-4928-b341-d37c9ae737b6 req-cb69cc8c-0cc2-4928-b341-d37c9ae737b6 ] Request (DeleteServersAdminTestJSON:test_delete_server_while_in_error_state): 200 GET http://10.180.1.21/compute/v2.1/servers/5ed90406-7907-4332-aff3-71999c78ff82 2.420s
2025-12-11 10:44:06.762 65456 INFO tempest.lib.common.rest_client [req-c3719183-e6fe-4cb8-8250-3b09e0c87fa1 req-c3719183-e6fe-4cb8-8250-3b09e0c87fa1 ] Request (AbsoluteLimitsNegativeTestJSON:setUpClass): 201 POST http://10.180.1.21/identity/v3/auth/tokens 0.117s
2025-12-11 10:44:06.834 65456 INFO tempest.lib.common.rest_client [req-333195a8-d41f-4b2b-9ca9-65b6b623e53b req-333195a8-d41f-4b2b-9ca9-65b6b623e53b ] Request (AbsoluteLimitsNegativeTestJSON:setUpClass): 201 POST http://10.180.1.21/identity/v3/auth/tokens 0.067s
2025-12-11 10:44:06.876 65456 INFO tempest.lib.common.rest_client [req-117237f4-f43f-48c8-bb12-63cb43f7e755 req-117237f4-f43f-48c8-bb12-63cb43f7e755 ] Request (AbsoluteLimitsNegativeTestJSON:setUpClass): 200 GET http://10.180.1.21/identity/v3/domains?name=Default 0.042s
2025-12-11 10:44:06.883 65472 INFO tempest.lib.common.rest_client [req-63bf3a5d-767b-4152-879c-896717ab7b6b req-63bf3a5d-767b-4152-879c-896717ab7b6b ] Request (AttachInterfacesUnderV243Test:test_add_remove_fixed_ip): 200 GET http://10.180.1.21/compute/v2.1/servers/309fd4d4-8ee5-4325-8c6d-0313252e2af7/os-interface 2.406s
2025-12-11 10:44:06.924 65456 INFO tempest.lib.common.rest_client [req-8f4cdf6f-833b-4ede-9012-c070b9687d60 req-8f4cdf6f-833b-4ede-9012-c070b9687d60 ] Request (AbsoluteLimitsNegativeTestJSON:setUpClass): 201 POST http://10.180.1.21/identity/v3/projects 0.047s
2025-12-11 10:44:07.022 65456 INFO tempest.lib.common.rest_client [req-47db3a00-5032-47b1-a675-d8712ef3afa9 req-47db3a00-5032-47b1-a675-d8712ef3afa9 ] Request (AbsoluteLimitsNegativeTestJSON:setUpClass): 201 POST http://10.180.1.21/identity/v3/users 0.097s
2025-12-11 10:44:07.057 65456 INFO tempest.lib.common.rest_client [req-e8dedfd6-fd7b-4326-8adb-c720476d2b0c req-e8dedfd6-fd7b-4326-8adb-c720476d2b0c ] Request (AbsoluteLimitsNegativeTestJSON:setUpClass): 200 GET http://10.180.1.21/identity/v3/roles 0.035s
2025-12-11 10:44:07.103 65456 INFO tempest.lib.common.rest_client [req-f6994ef4-da0c-43a0-bae4-3e8d202394c8 req-f6994ef4-da0c-43a0-bae4-3e8d202394c8 ] Request (AbsoluteLimitsNegativeTestJSON:setUpClass): 204 PUT http://10.180.1.21/identity/v3/projects/5e69c2dd690f423b9a7ee03d55b35594/users/d8a3ca500c85421399e91e3a913fd0fc/roles/c32f305414db485cb0d3ae6e926fe9bd 0.044s
2025-12-11 10:44:07.103 65456 INFO tempest.lib.common.dynamic_creds [-] Dynamic test user d8a3ca500c85421399e91e3a913fd0fc is created with scope project and roles: ['member']
2025-12-11 10:44:07.103 65456 INFO tempest.lib.common.dynamic_creds [-] Acquired dynamic creds: credentials: Credentials: {'domain_id': 'default', 'domain_name': 'Default', 'username': 'tempest-AbsoluteLimitsNegativeTestJSON-2145342673-project-member', 'project_domain_id': 'default', 'project_domain_name': 'Default', 'project_id': '5e69c2dd690f423b9a7ee03d55b35594', 'project_name': 'tempest-AbsoluteLimitsNegativeTestJSON-2145342673', 'tenant_id': '5e69c2dd690f423b9a7ee03d55b35594', 'tenant_name': 'tempest-AbsoluteLimitsNegativeTestJSON-2145342673', 'user_domain_id': 'default', 'user_domain_name': 'Default', 'user_id': 'd8a3ca500c85421399e91e3a913fd0fc', 'system': None}, Network: None, Subnet: None, Router: None
2025-12-11 10:44:07.103 65456 INFO tempest.lib.common.dynamic_creds [-] Created isolated network resources for: credentials: Credentials: {'domain_id': 'default', 'domain_name': 'Default', 'username': 'tempest-AbsoluteLimitsNegativeTestJSON-2145342673-project-member', 'project_domain_id': 'default', 'project_domain_name': 'Default', 'project_id': '5e69c2dd690f423b9a7ee03d55b35594', 'project_name': 'tempest-AbsoluteLimitsNegativeTestJSON-2145342673', 'tenant_id': '5e69c2dd690f423b9a7ee03d55b35594', 'tenant_name': 'tempest-AbsoluteLimitsNegativeTestJSON-2145342673', 'user_domain_id': 'default', 'user_domain_name': 'Default', 'user_id': 'd8a3ca500c85421399e91e3a913fd0fc', 'system': None}, Network: None, Subnet: None, Router: None
2025-12-11 10:44:07.212 65456 INFO tempest.lib.common.rest_client [req-e8bdacb0-6372-43d8-9e6b-b27a4d5f98dd req-e8bdacb0-6372-43d8-9e6b-b27a4d5f98dd ] Request (AbsoluteLimitsNegativeTestJSON:setUpClass): 201 POST http://10.180.1.21/identity/v3/auth/tokens 0.105s
2025-12-11 10:44:07.914 65466 INFO tempest.lib.common.rest_client [req-5b4f99e4-95ad-421d-a779-383ccf935c1c req-5b4f99e4-95ad-421d-a779-383ccf935c1c ] Request (ServersNegativeTestMultiTenantJSON:setUpClass): 201 POST http://10.180.1.21/networking/v2.0/routers 1.581s
2025-12-11 10:44:08.045 65489 INFO paramiko.transport [-] Connected (version 2.0, client dropbear_2020.81)
2025-12-11 10:44:08.158 65489 INFO paramiko.transport [-] Authentication (publickey) successful!
2025-12-11 10:44:08.158 65489 INFO tempest.lib.common.ssh [-] ssh connection to cirros@10.180.180.242 successfully created
2025-12-11 10:44:08.918 65482 WARNING tempest.lib.common.ssh [-] Failed to establish authenticated ssh connection to cirros@10.180.180.154 ([Errno None] Unable to connect to port 22 on 10.180.180.154). Number attempts: 1. Retry after 2 seconds.: paramiko.ssh_exception.NoValidConnectionsError: [Errno None] Unable to connect to port 22 on 10.180.180.154
2025-12-11 10:44:08.954 65466 INFO tempest.lib.common.rest_client [req-e2c77dc1-f71f-4cd5-87ff-2df25f8c341e req-e2c77dc1-f71f-4cd5-87ff-2df25f8c341e ] Request (ServersNegativeTestMultiTenantJSON:setUpClass): 200 PUT http://10.180.1.21/networking/v2.0/routers/a2cfe063-88d1-477c-a308-e431b1228d2a/add_router_interface 1.040s
2025-12-11 10:44:08.954 65466 INFO tempest.lib.common.dynamic_creds [-] Created isolated network resources for: credentials: Credentials: {'domain_id': 'default', 'domain_name': 'Default', 'username': 'tempest-ServersNegativeTestMultiTenantJSON-816655369-project-member', 'project_domain_id': 'default', 'project_domain_name': 'Default', 'project_id': 'ee7cf319df18435aa0352176f9f744f8', 'project_name': 'tempest-ServersNegativeTestMultiTenantJSON-816655369', 'tenant_id': 'ee7cf319df18435aa0352176f9f744f8', 'tenant_name': 'tempest-ServersNegativeTestMultiTenantJSON-816655369', 'user_domain_id': 'default', 'user_domain_name': 'Default', 'user_id': '112299e509d6491387aefcde729c43de', 'system': None}, Network: {'id': '6355a2f0-c1b8-48f3-8c6f-15008e0b66fa', 'name': 'tempest-ServersNegativeTestMultiTenantJSON-1822514314-network', 'tenant_id': 'ee7cf319df18435aa0352176f9f744f8', 'project_id': 'ee7cf319df18435aa0352176f9f744f8', 'admin_state_up': True, 'mtu': 8950, 'status': 'ACTIVE', 'subnets': [], 'shared': False, 'port_security_enabled': True, 'router:external': False, 'provider:network_type': 'vlan', 'provider:physical_network': 'default', 'provider:segmentation_id': 13, 'availability_zone_hints': [], 'availability_zones': [], 'ipv4_address_scope': None, 'ipv6_address_scope': None, 'description': '', 'tags': [], 'created_at': '2025-12-11T10:44:05Z', 'updated_at': '2025-12-11T10:44:05Z', 'revision_number': 1}, Subnet: {'id': 'bb077175-00b5-45e5-adb7-d555e9bf355a', 'name': 'tempest-ServersNegativeTestMultiTenantJSON-1822514314-subnet', 'tenant_id': 'ee7cf319df18435aa0352176f9f744f8', 'network_id': '6355a2f0-c1b8-48f3-8c6f-15008e0b66fa', 'ip_version': 4, 'subnetpool_id': None, 'enable_dhcp': True, 'ipv6_ra_mode': None, 'ipv6_address_mode': None, 'gateway_ip': '192.168.128.1', 'cidr': '192.168.128.0/28', 'allocation_pools': [{'start': '192.168.128.2', 'end': '192.168.128.14'}], 'host_routes': [], 'dns_nameservers': [], 'description': '', 'router:external': False, 'service_types': [], 'tags': [], 'created_at': '2025-12-11T10:44:06Z', 'updated_at': '2025-12-11T10:44:06Z', 'revision_number': 0, 'project_id': 'ee7cf319df18435aa0352176f9f744f8'}, Router: {'id': 'a2cfe063-88d1-477c-a308-e431b1228d2a', 'name': 'tempest-ServersNegativeTestMultiTenantJSON-1822514314-router', 'tenant_id': 'ee7cf319df18435aa0352176f9f744f8', 'admin_state_up': True, 'status': 'ACTIVE', 'external_gateway_info': {'network_id': 'efef8458-b17d-443e-8201-cda1826debf5', 'external_fixed_ips': [{'subnet_id': '958e99d4-69cc-4531-a9c5-d44da050a3b7', 'ip_address': '10.180.180.157'}], 'enable_snat': True}, 'description': '', 'availability_zones': [], 'distributed': False, 'ha': False, 'availability_zone_hints': [], 'routes': [], 'flavor_id': None, 'tags': [], 'created_at': '2025-12-11T10:44:06Z', 'updated_at': '2025-12-11T10:44:06Z', 'revision_number': 2, 'project_id': 'ee7cf319df18435aa0352176f9f744f8'}
2025-12-11 10:44:09.075 65466 INFO tempest.lib.common.rest_client [req-eb1ff3bd-0f4f-445e-8250-d65f7b3b7d90 req-eb1ff3bd-0f4f-445e-8250-d65f7b3b7d90 ] Request (ServersNegativeTestMultiTenantJSON:setUpClass): 201 POST http://10.180.1.21/identity/v3/auth/tokens 0.117s
2025-12-11 10:44:09.159 65466 INFO tempest.lib.common.rest_client [req-bd3c9994-d801-4e75-a6d9-6309a36c88dc req-bd3c9994-d801-4e75-a6d9-6309a36c88dc ] Request (ServersNegativeTestMultiTenantJSON:setUpClass): 201 POST http://10.180.1.21/identity/v3/auth/tokens 0.079s
2025-12-11 10:44:09.159 65466 INFO tempest.lib.common.fixed_network [-] (ServersNegativeTestMultiTenantJSON:setUpClass) Found network {'id': '77bfa9d2-4476-4f9d-9d12-9b8ee7f475ad', 'name': 'tempest-ServersNegativeTestMultiTenantJSON-1449548987-network', 'tenant_id': '3e13142aeac84c319134951053eda4e8', 'project_id': '3e13142aeac84c319134951053eda4e8', 'admin_state_up': True, 'mtu': 8950, 'status': 'ACTIVE', 'subnets': [], 'shared': False, 'port_security_enabled': True, 'router:external': False, 'provider:network_type': 'vlan', 'provider:physical_network': 'default', 'provider:segmentation_id': 357, 'availability_zone_hints': [], 'availability_zones': [], 'ipv4_address_scope': None, 'ipv6_address_scope': None, 'description': '', 'tags': [], 'created_at': '2025-12-11T10:44:02Z', 'updated_at': '2025-12-11T10:44:02Z', 'revision_number': 1} available for tenant
2025-12-11 10:44:09.857 65476 WARNING tempest.lib.common.ssh [-] Failed to establish authenticated ssh connection to cirros@10.180.180.207 ([Errno None] Unable to connect to port 22 on 10.180.180.207). Number attempts: 3. Retry after 4 seconds.: paramiko.ssh_exception.NoValidConnectionsError: [Errno None] Unable to connect to port 22 on 10.180.180.207
2025-12-11 10:44:11.006 65440 INFO tempest.lib.common.rest_client [req-249d9613-17f7-486e-9a28-6ad26b85686b req-249d9613-17f7-486e-9a28-6ad26b85686b ] Request (ImagesTestJSON:test_create_image_from_stopped_server): 200 GET http://10.180.1.21/compute/v2.1/images/29968760-4aea-41bc-8762-105c15f2e6b3 6.109s
2025-12-11 10:44:11.042 65440 INFO tempest.lib.common.rest_client [req-3231b289-9fc5-432e-b69b-fa7db544ffc1 req-3231b289-9fc5-432e-b69b-fa7db544ffc1 ] Request (ImagesTestJSON:test_create_image_from_stopped_server): 200 GET http://10.180.1.21/image/v2/images/29968760-4aea-41bc-8762-105c15f2e6b3/tasks 0.030s
2025-12-11 10:44:11.520 65462 INFO tempest.lib.common.rest_client [req-cf4c2f9f-535f-493c-ac5c-5c6356bb0db9 req-cf4c2f9f-535f-493c-ac5c-5c6356bb0db9 ] Request (SecurityGroupsTestJSON:test_list_security_groups_by_server): 202 POST http://10.180.1.21/compute/v2.1/servers/1f039631-087c-45b4-b4be-e8e595034f85/action 6.417s
2025-12-11 10:44:11.556 65458 INFO tempest.lib.common.rest_client [req-899d5597-3a39-41bb-a402-4c4ec5a05377 req-899d5597-3a39-41bb-a402-4c4ec5a05377 ] Request (FlavorsAdminTestJSON:test_is_public_string_variations): 200 GET http://10.180.1.21/compute/v2.1/flavors/detail?is_public=t 6.225s
2025-12-11 10:44:11.594 65464 INFO tempest.lib.common.rest_client [req-99aafd60-eb27-46af-8b62-91062ed71830 req-99aafd60-eb27-46af-8b62-91062ed71830 ] Request (ServerAddressesTestJSON:test_list_server_addresses): 200 GET http://10.180.1.21/compute/v2.1/servers/1a3ccee0-c9e6-4e55-b7ea-eebd121bb8e8/ips 6.073s
2025-12-11 10:44:11.706 65450 INFO tempest.lib.common.rest_client [req-a89b5da6-61d2-4c56-9728-81bb29d3d124 req-a89b5da6-61d2-4c56-9728-81bb29d3d124 ] Request (InstanceActionsTestJSON:setUpClass): 202 POST http://10.180.1.21/compute/v2.1/servers 9.165s
2025-12-11 10:44:11.717 65454 INFO tempest.lib.common.rest_client [req-a2a8e775-7b88-49a1-a66c-a5fe6cc9e2ab req-a2a8e775-7b88-49a1-a66c-a5fe6cc9e2ab ] Request (ServerMetadataNegativeTestJSON:test_server_metadata_non_existent_server): 404 GET http://10.180.1.21/compute/v2.1/servers/089a69a3-645e-4d1a-a667-e986b8c4c85d/metadata/test2 5.941s
2025-12-11 10:44:11.735 65442 INFO tempest.lib.common.rest_client [req-b8bf7dcc-2226-4c57-a623-234be32e88aa req-b8bf7dcc-2226-4c57-a623-234be32e88aa ] Request (KeyPairsV210TestJSON:test_admin_manage_keypairs_for_other_users): 200 GET http://10.180.1.21/compute/v2.1/os-keypairs?user_id=5e85058f3eb44c6b8b75a5250e3aa847 5.895s
2025-12-11 10:44:11.780 65444 INFO tempest.lib.common.rest_client [req-22bbc08f-04d6-49e4-8bc7-fa267ecbeb93 req-22bbc08f-04d6-49e4-8bc7-fa267ecbeb93 ] Request (SecurityGroupRulesTestJSON:test_security_group_rules_list): 200 POST http://10.180.1.21/compute/v2.1/os-security-group-rules 6.010s
2025-12-11 10:44:11.782 65500 INFO tempest.lib.common.rest_client [req-7f4e97d7-93b9-4119-8a0a-9518427098cd req-7f4e97d7-93b9-4119-8a0a-9518427098cd ] Request (ImagesOneServerTestJSON:test_create_delete_image): 200 GET http://10.180.1.21/compute/v2.1/images/f3dc553f-6e2d-49fb-89b8-59a64904cfeb 5.876s
2025-12-11 10:44:11.851 65492 INFO tempest.lib.common.rest_client [req-de8b4dac-18d2-4e5f-bd4d-931c06a179d0 req-de8b4dac-18d2-4e5f-bd4d-931c06a179d0 ] Request (ListServerFiltersTestJSON:test_list_servers_filter_by_exceed_limit): 200 GET http://10.180.1.21/compute/v2.1/servers 5.903s
2025-12-11 10:44:11.881 65498 INFO tempest.lib.common.rest_client [req-02ab6b18-f8d0-44c5-87c1-4d0f72920d62 req-02ab6b18-f8d0-44c5-87c1-4d0f72920d62 ] Request (AttachInterfacesV270Test:tearDownClass): 200 GET http://10.180.1.21/compute/v2.1/servers/eacc6afb-5d41-40c4-a763-ccdded40e142 5.926s
2025-12-11 10:44:11.946 65470 INFO tempest.lib.common.rest_client [req-06455d09-dd96-4bb4-a9de-eead92b6c435 req-06455d09-dd96-4bb4-a9de-eead92b6c435 ] Request (ServersListShow2100Test:tearDownClass): 200 GET http://10.180.1.21/compute/v2.1/servers/d668ed37-4f11-4ce5-b622-9e65cd71089f 5.906s
2025-12-11 10:44:11.955 65496 INFO tempest.lib.common.rest_client [req-e0be3276-1770-42d0-a362-d04757704829 req-e0be3276-1770-42d0-a362-d04757704829 ] Request (ImagesNegativeTestJSON:test_create_image_from_deleted_server): 200 GET http://10.180.1.21/compute/v2.1/servers/ea633bff-9c88-45e4-bb7f-dce851fb5a39 5.894s
2025-12-11 10:44:11.968 65482 WARNING tempest.lib.common.ssh [-] Failed to establish authenticated ssh connection to cirros@10.180.180.154 ([Errno None] Unable to connect to port 22 on 10.180.180.154). Number attempts: 2. Retry after 3 seconds.: paramiko.ssh_exception.NoValidConnectionsError: [Errno None] Unable to connect to port 22 on 10.180.180.154
2025-12-11 10:44:12.007 65502 INFO tempest.lib.common.rest_client [req-a11a6d12-5d34-4f1d-87d4-84f29a347e18 req-a11a6d12-5d34-4f1d-87d4-84f29a347e18 ] Request (ListImageFiltersTestJSON:setUpClass): 200 GET http://10.180.1.21/compute/v2.1/images/cb3f91b1-dbe0-46e0-a9e1-b652ce640562 5.816s
2025-12-11 10:44:12.048 65474 INFO tempest.lib.common.rest_client [req-68961d67-2856-4586-82a7-e8419fb59d4e req-68961d67-2856-4586-82a7-e8419fb59d4e ] Request (ServersTestManualDisk:tearDownClass): 200 GET http://10.180.1.21/compute/v2.1/servers/b7547650-8057-4fdd-96d6-eef784f30886 5.872s
2025-12-11 10:44:12.081 65452 INFO tempest.lib.common.rest_client [req-c5430752-e2f4-485f-9d5a-1560809dd4a3 req-c5430752-e2f4-485f-9d5a-1560809dd4a3 ] Request (AggregatesAdminNegativeTestJSON:_run_cleanups): 200 DELETE http://10.180.1.21/compute/v2.1/os-aggregates/7 5.808s
2025-12-11 10:44:12.196 65468 INFO tempest.lib.common.rest_client [req-e06ae9ad-109e-49ed-9fd2-b0cc078c4542 req-e06ae9ad-109e-49ed-9fd2-b0cc078c4542 ] Request (InstanceActionsV221TestJSON:test_get_list_deleted_instance_actions): 200 GET http://10.180.1.21/compute/v2.1/servers/48ecb452-5ff4-4daf-8f97-091960c75f00 5.920s
2025-12-11 10:44:12.352 65486 WARNING tempest.lib.common.ssh [-] Failed to establish authenticated ssh connection to cirros@10.180.180.151 ([Errno None] Unable to connect to port 22 on 10.180.180.151). Number attempts: 6. Retry after 7 seconds.: paramiko.ssh_exception.NoValidConnectionsError: [Errno None] Unable to connect to port 22 on 10.180.180.151
2025-12-11 10:44:12.377 65460 INFO tempest.lib.common.rest_client [req-35317cd1-6cf5-4063-ab1c-552ac2f7c10a req-35317cd1-6cf5-4063-ab1c-552ac2f7c10a ] Request (VolumesAdminNegativeTest:test_update_attached_volume_with_nonexistent_volume_in_uri): 200 GET http://10.180.1.21/compute/v2.1/servers/c447333e-6b84-4599-a092-babd6cdd56a0 6.088s
2025-12-11 10:44:12.386 65460 INFO tempest.common.waiters [-] State transition "BUILD/None" ==> "BUILD/spawning" after 20 second wait
2025-12-11 10:44:12.444 65478 INFO tempest.lib.common.rest_client [req-bc83863c-31cb-4a28-aa81-c0abcfabf08d req-bc83863c-31cb-4a28-aa81-c0abcfabf08d ] Request (ServersWithSpecificFlavorTestJSON:test_verify_created_server_ephemeral_disk): 202 POST http://10.180.1.21/compute/v2.1/servers 6.223s
2025-12-11 10:44:12.518 65484 INFO tempest.lib.common.rest_client [req-efce1933-f06b-4142-a0c7-306ef871a382 req-efce1933-f06b-4142-a0c7-306ef871a382 ] Request (InstanceActionsNegativeTestJSON:setUpClass): 200 GET http://10.180.1.21/compute/v2.1/servers/f805a353-ad6e-4747-935b-5a9e781e07bc 5.982s
2025-12-11 10:44:12.526 65484 INFO tempest.common.waiters [-] State transition "BUILD/spawning" ==> "ACTIVE/None" after 35 second wait
2025-12-11 10:44:12.579 65472 INFO tempest.lib.common.rest_client [req-759c1490-acdf-4ef1-beb5-55289e8e97a3 req-759c1490-acdf-4ef1-beb5-55289e8e97a3 ] Request (AttachInterfacesUnderV243Test:test_add_remove_fixed_ip): 200 GET http://10.180.1.21/compute/v2.1/servers/309fd4d4-8ee5-4325-8c6d-0313252e2af7/os-interface/113fee7a-0fc9-4456-9438-2239d32409c7 5.693s
2025-12-11 10:44:12.635 65456 INFO tempest.lib.common.rest_client [req-ee014a2b-d61e-42dd-9e7d-4ee1a705d831 req-ee014a2b-d61e-42dd-9e7d-4ee1a705d831 ] Request (AbsoluteLimitsNegativeTestJSON:test_max_metadata_exceed_limit): 200 GET http://10.180.1.21/compute/v2.1/limits 5.420s
2025-12-11 10:44:12.685 65456 INFO tempest.lib.common.rest_client [req-069edb00-9426-43d6-9c15-a0ff0969270f req-069edb00-9426-43d6-9c15-a0ff0969270f ] Request (AbsoluteLimitsNegativeTestJSON:test_max_metadata_exceed_limit): 201 POST http://10.180.1.21/identity/v3/auth/tokens 0.042s
2025-12-11 10:44:12.686 65456 INFO tempest.lib.common.fixed_network [-] (AbsoluteLimitsNegativeTestJSON:test_max_metadata_exceed_limit) Found network None available for tenant
2025-12-11 10:44:12.715 65446 INFO tempest.lib.common.rest_client [req-7e3e6f54-1fd2-465a-a001-872a533fe3f6 req-7e3e6f54-1fd2-465a-a001-872a533fe3f6 ] Request (ServersAaction247Test:test_create_backup): 200 GET http://10.180.1.21/compute/v2.1/servers/6e1d077f-adfe-4ed0-8799-28d4ad8ff1c4 5.200s
2025-12-11 10:44:12.857 65490 INFO tempest.lib.common.rest_client [req-a01b94b4-7304-45f9-8ef9-cea6ef99fe96 req-a01b94b4-7304-45f9-8ef9-cea6ef99fe96 ] Request (AttachVolumeNegativeTest:test_attach_attached_volume_to_different_server): 200 GET http://10.180.1.21/compute/v2.1/servers/1e6053f3-cc3b-46df-a5c4-bf6196be2978 5.460s
2025-12-11 10:44:12.920 65481 INFO tempest.lib.common.rest_client [req-51727632-5232-4c84-9fae-fa46c0b6d610 req-51727632-5232-4c84-9fae-fa46c0b6d610 ] Request (ServersNegativeTestJSON:setUpClass): 200 GET http://10.180.1.21/compute/v2.1/servers/122d649c-c4f3-4d94-8be4-ef275dc86bbd 5.321s
2025-12-11 10:44:12.928 65481 INFO tempest.common.waiters [-] State transition "BUILD/None" ==> "BUILD/spawning" after 22 second wait
2025-12-11 10:44:12.962 65448 INFO tempest.lib.common.rest_client [req-79867e92-e5c2-485e-9821-f471a11cc2cb req-79867e92-e5c2-485e-9821-f471a11cc2cb ] Request (DeleteServersAdminTestJSON:test_delete_server_while_in_error_state): 200 GET http://10.180.1.21/compute/v2.1/servers/5ed90406-7907-4332-aff3-71999c78ff82 5.271s
2025-12-11 10:44:13.410 65466 INFO tempest.lib.common.rest_client [req-34e9443e-3164-40d6-b430-35867d1ee69d req-34e9443e-3164-40d6-b430-35867d1ee69d ] Request (ServersNegativeTestMultiTenantJSON:setUpClass): 202 POST http://10.180.1.21/compute/v2.1/servers 4.250s
2025-12-11 10:44:13.546 65440 INFO tempest.lib.common.rest_client [req-c9a00bbe-6d8c-475b-9112-bb7f43d11ff5 req-c9a00bbe-6d8c-475b-9112-bb7f43d11ff5 ] Request (ImagesTestJSON:_run_cleanups): 204 DELETE http://10.180.1.21/compute/v2.1/images/29968760-4aea-41bc-8762-105c15f2e6b3 2.504s
2025-12-11 10:44:13.991 65462 INFO tempest.lib.common.rest_client [req-063481da-8666-4f22-ac81-2f1fb4f4d092 req-063481da-8666-4f22-ac81-2f1fb4f4d092 ] Request (SecurityGroupsTestJSON:test_list_security_groups_by_server): 202 POST http://10.180.1.21/compute/v2.1/servers/1f039631-087c-45b4-b4be-e8e595034f85/action 2.470s
2025-12-11 10:44:14.019 65458 INFO tempest.lib.common.rest_client [req-a4b6fc0d-8d6e-4b34-8f78-665538ecc77a req-a4b6fc0d-8d6e-4b34-8f78-665538ecc77a ] Request (FlavorsAdminTestJSON:test_is_public_string_variations): 200 GET http://10.180.1.21/compute/v2.1/flavors/detail?is_public=true 2.456s
2025-12-11 10:44:14.049 65464 INFO tempest.lib.common.rest_client [req-002aa8c9-7d7e-4690-af36-7ab4cb1a4ff0 req-002aa8c9-7d7e-4690-af36-7ab4cb1a4ff0 ] Request (ServerAddressesTestJSON:test_list_server_addresses_by_network): 200 GET http://10.180.1.21/compute/v2.1/servers/1a3ccee0-c9e6-4e55-b7ea-eebd121bb8e8/ips 2.452s
2025-12-11 10:44:14.106 65450 INFO tempest.lib.common.rest_client [req-254f2b22-5f58-424f-b484-32bf9175eb59 req-254f2b22-5f58-424f-b484-32bf9175eb59 ] Request (InstanceActionsTestJSON:setUpClass): 200 GET http://10.180.1.21/compute/v2.1/servers/f4c06d03-2036-4148-b83c-1309533a6a2c 2.396s
2025-12-11 10:44:14.136 65454 INFO tempest.lib.common.rest_client [req-81f648b2-9826-4546-b617-8b30b3dc0b08 req-81f648b2-9826-4546-b617-8b30b3dc0b08 ] Request (ServerMetadataNegativeTestJSON:test_set_metadata_invalid_key): 400 PUT http://10.180.1.21/compute/v2.1/servers/133425c8-40fb-463d-bc2e-a05bac44b21c/metadata/key 2.418s
2025-12-11 10:44:14.154 65442 INFO tempest.lib.common.rest_client [req-489310f8-c2e2-40de-a494-10f9530c9aa1 req-489310f8-c2e2-40de-a494-10f9530c9aa1 ] Request (KeyPairsV210TestJSON:_run_cleanups): 204 DELETE http://10.180.1.21/compute/v2.1/os-keypairs/tempest-KeyPairsV210TestJSON-keypair-260919593 2.415s
2025-12-11 10:44:14.197 65444 INFO tempest.lib.common.rest_client [req-8eff9dbc-1937-4827-a496-3b1d899d108a req-8eff9dbc-1937-4827-a496-3b1d899d108a ] Request (SecurityGroupRulesTestJSON:test_security_group_rules_list): 200 GET http://10.180.1.21/compute/v2.1/os-security-groups/ec25a1a8-e425-4143-b8c8-a3f74933498c 2.414s
2025-12-11 10:44:14.303 65492 INFO tempest.lib.common.rest_client [req-9ee88c9f-5b1a-4b80-a7ef-3b573bfe8cbc req-9ee88c9f-5b1a-4b80-a7ef-3b573bfe8cbc ] Request (ListServerFiltersTestJSON:test_list_servers_filter_by_flavor): 200 GET http://10.180.1.21/compute/v2.1/servers?flavor=84 2.447s
2025-12-11 10:44:14.342 65502 INFO tempest.lib.common.rest_client [req-1b88a83a-5195-4b15-84e3-15be277ab8a0 req-1b88a83a-5195-4b15-84e3-15be277ab8a0 ] Request (ListImageFiltersTestJSON:setUpClass): 200 GET http://10.180.1.21/compute/v2.1/images/cb3f91b1-dbe0-46e0-a9e1-b652ce640562 2.331s
2025-12-11 10:44:14.373 65452 INFO tempest.lib.common.rest_client [req-c9c6f26f-8d3a-481b-8819-b16cb1f8cb40 req-c9c6f26f-8d3a-481b-8819-b16cb1f8cb40 ] Request (AggregatesAdminNegativeTestJSON:test_aggregate_remove_nonexistent_host): 200 POST http://10.180.1.21/compute/v2.1/os-aggregates 2.290s
2025-12-11 10:44:14.436 65478 INFO tempest.lib.common.rest_client [req-6a17b398-374d-4c82-a8d9-816a4aa5ed74 req-6a17b398-374d-4c82-a8d9-816a4aa5ed74 ] Request (ServersWithSpecificFlavorTestJSON:test_verify_created_server_ephemeral_disk): 200 GET http://10.180.1.21/compute/v2.1/servers/77583753-4e36-43c7-8375-8ec13d7fad49 1.991s
2025-12-11 10:44:14.471 65484 INFO tempest.lib.common.rest_client [req-7d6c9433-e147-4df4-89ac-5550a772d590 req-7d6c9433-e147-4df4-89ac-5550a772d590 ] Request (InstanceActionsNegativeTestJSON:test_get_instance_action_invalid_request): 404 GET http://10.180.1.21/compute/v2.1/servers/f805a353-ad6e-4747-935b-5a9e781e07bc/os-instance-actions/999 1.944s
2025-12-11 10:44:14.503 65472 INFO tempest.lib.common.rest_client [req-2427d68e-2503-48fa-a5f4-cc4d02827574 req-2427d68e-2503-48fa-a5f4-cc4d02827574 ] Request (AttachInterfacesUnderV243Test:test_add_remove_fixed_ip): 200 GET http://10.180.1.21/compute/v2.1/servers/309fd4d4-8ee5-4325-8c6d-0313252e2af7/ips 1.921s
2025-12-11 10:44:14.610 65489 INFO tempest.lib.common.rest_client [req-dbf8ab45-f2ca-4d5d-b566-776d8dfbd96a req-dbf8ab45-f2ca-4d5d-b566-776d8dfbd96a ] Request (VolumesAssistedSnapshotsTest:test_volume_assisted_snapshot_create_delete): 200 POST http://10.180.1.21/compute/v2.1/servers/cec7dc4f-799e-4013-a322-a93223d303c3/os-volume_attachments 6.451s
2025-12-11 10:44:14.638 65489 INFO tempest.lib.common.rest_client [req-6412d502-d2b9-4891-ae8b-22f19b5c5101 req-6412d502-d2b9-4891-ae8b-22f19b5c5101 ] Request (VolumesAssistedSnapshotsTest:test_volume_assisted_snapshot_create_delete): 200 GET http://10.180.1.21/volume/v3/volumes/12a803a5-a369-43b4-8919-d44d592c1fca 0.026s
2025-12-11 10:44:14.647 65500 INFO tempest.lib.common.rest_client [req-3656032a-a920-40cf-99d7-c1c8bd6e393c req-3656032a-a920-40cf-99d7-c1c8bd6e393c ] Request (ImagesOneServerTestJSON:test_create_delete_image): 200 GET http://10.180.1.21/compute/v2.1/images/f3dc553f-6e2d-49fb-89b8-59a64904cfeb 1.859s
2025-12-11 10:44:14.675 65456 INFO tempest.lib.common.rest_client [req-b6b07257-7123-4a41-94e8-320dde59294e req-b6b07257-7123-4a41-94e8-320dde59294e ] Request (AbsoluteLimitsNegativeTestJSON:test_max_metadata_exceed_limit): 403 POST http://10.180.1.21/compute/v2.1/servers 1.988s
2025-12-11 10:44:14.741 65498 INFO tempest.lib.common.rest_client [req-6abc097f-ff77-4ae2-a014-d7c3fb9345dc req-6abc097f-ff77-4ae2-a014-d7c3fb9345dc ] Request (AttachInterfacesV270Test:tearDownClass): 200 GET http://10.180.1.21/compute/v2.1/servers/eacc6afb-5d41-40c4-a763-ccdded40e142 1.842s
2025-12-11 10:44:14.786 65470 INFO tempest.lib.common.rest_client [req-04afc641-94e7-4620-95d0-f37f82980727 req-04afc641-94e7-4620-95d0-f37f82980727 ] Request (ServersListShow2100Test:tearDownClass): 200 GET http://10.180.1.21/compute/v2.1/servers/d668ed37-4f11-4ce5-b622-9e65cd71089f 1.826s
2025-12-11 10:44:14.830 65456 INFO tempest.lib.common.rest_client [req-afe7dbdc-c6a3-4619-be41-84809fee1d5b req-afe7dbdc-c6a3-4619-be41-84809fee1d5b ] Request (AbsoluteLimitsNegativeTestJSON:tearDownClass): 204 DELETE http://10.180.1.21/identity/v3/users/d8a3ca500c85421399e91e3a913fd0fc 0.149s
2025-12-11 10:44:14.830 65456 INFO tempest.lib.common.dynamic_creds [-] Deleting project and security group for project: 5e69c2dd690f423b9a7ee03d55b35594
2025-12-11 10:44:14.833 65496 INFO tempest.lib.common.rest_client [req-8d5dd8c4-05c6-472e-ae42-ba9f84e0ae49 req-8d5dd8c4-05c6-472e-ae42-ba9f84e0ae49 ] Request (ImagesNegativeTestJSON:test_create_image_from_deleted_server): 200 GET http://10.180.1.21/compute/v2.1/servers/ea633bff-9c88-45e4-bb7f-dce851fb5a39 1.865s
2025-12-11 10:44:14.856 65474 INFO tempest.lib.common.rest_client [req-cf049792-e436-4f86-a32a-3b71ecbe9e4c req-cf049792-e436-4f86-a32a-3b71ecbe9e4c ] Request (ServersTestManualDisk:tearDownClass): 200 GET http://10.180.1.21/compute/v2.1/servers/b7547650-8057-4fdd-96d6-eef784f30886 1.797s
2025-12-11 10:44:14.904 65468 INFO tempest.lib.common.rest_client [req-561d1b67-464b-44fe-a95b-88b6bc89cb5d req-561d1b67-464b-44fe-a95b-88b6bc89cb5d ] Request (InstanceActionsV221TestJSON:test_get_list_deleted_instance_actions): 200 GET http://10.180.1.21/compute/v2.1/servers/48ecb452-5ff4-4daf-8f97-091960c75f00 1.698s
2025-12-11 10:44:14.915 65456 INFO tempest.lib.common.rest_client [req-f8c238f3-f21d-41c7-a4a5-a19aced17ec1 req-f8c238f3-f21d-41c7-a4a5-a19aced17ec1 ] Request (AbsoluteLimitsNegativeTestJSON:tearDownClass): 201 POST http://10.180.1.21/identity/v3/auth/tokens 0.085s
2025-12-11 10:44:14.967 65466 INFO tempest.lib.common.rest_client [req-a8648781-b565-4ac3-b2b0-a908528ed445 req-a8648781-b565-4ac3-b2b0-a908528ed445 ] Request (ServersNegativeTestMultiTenantJSON:setUpClass): 200 GET http://10.180.1.21/compute/v2.1/servers/8819621a-2126-40a1-a6f3-b437a502be30 1.555s
2025-12-11 10:44:15.000 65460 INFO tempest.lib.common.rest_client [req-3d4336ee-5ca9-41da-8ad8-76c5aacaecb6 req-3d4336ee-5ca9-41da-8ad8-76c5aacaecb6 ] Request (VolumesAdminNegativeTest:test_update_attached_volume_with_nonexistent_volume_in_uri): 200 GET http://10.180.1.21/compute/v2.1/servers/c447333e-6b84-4599-a092-babd6cdd56a0 1.613s
2025-12-11 10:44:15.066 65440 INFO tempest.lib.common.rest_client [req-3303d7f7-0e6f-4a47-8b69-7aac9291eaf8 req-3303d7f7-0e6f-4a47-8b69-7aac9291eaf8 ] Request (ImagesTestJSON:_run_cleanups): 204 DELETE http://10.180.1.21/compute/v2.1/servers/bf73cb05-39ad-4933-8cb3-9df3ea52821c 1.519s
2025-12-11 10:44:15.067 65446 INFO tempest.lib.common.rest_client [req-3380a2ce-b872-462d-a10e-5a2a42e9fe6c req-3380a2ce-b872-462d-a10e-5a2a42e9fe6c ] Request (ServersAaction247Test:test_create_backup): 200 GET http://10.180.1.21/compute/v2.1/servers/6e1d077f-adfe-4ed0-8799-28d4ad8ff1c4 1.338s
2025-12-11 10:44:15.113 65456 INFO tempest.lib.common.rest_client [req-f5e4115a-8660-48c1-a1e3-321a6097f8b2 req-f5e4115a-8660-48c1-a1e3-321a6097f8b2 ] Request (AbsoluteLimitsNegativeTestJSON:tearDownClass): 200 GET http://10.180.1.21/networking/v2.0/security-groups?tenant_id=5e69c2dd690f423b9a7ee03d55b35594&name=default 0.197s
2025-12-11 10:44:15.143 65440 INFO tempest.lib.common.rest_client [req-2ea76f04-5e54-4990-9621-81e78a00bf2f req-2ea76f04-5e54-4990-9621-81e78a00bf2f ] Request (ImagesTestJSON:test_create_image_from_suspended_server): 201 POST http://10.180.1.21/identity/v3/auth/tokens 0.066s
2025-12-11 10:44:15.143 65440 INFO tempest.lib.common.fixed_network [-] (ImagesTestJSON:test_create_image_from_suspended_server) Found network {'id': '0ac1644a-819a-4e1c-88b1-89be2276bf0f', 'name': 'tempest-ImagesTestJSON-1631935780-network', 'tenant_id': 'c003eabd5e3548e199fc25ad0c7f95d0', 'project_id': 'c003eabd5e3548e199fc25ad0c7f95d0', 'admin_state_up': True, 'mtu': 8950, 'status': 'ACTIVE', 'subnets': [], 'shared': False, 'port_security_enabled': True, 'router:external': False, 'provider:network_type': 'vlan', 'provider:physical_network': 'default', 'provider:segmentation_id': 438, 'availability_zone_hints': [], 'availability_zones': [], 'ipv4_address_scope': None, 'ipv6_address_scope': None, 'description': '', 'tags': [], 'created_at': '2025-12-11T10:42:50Z', 'updated_at': '2025-12-11T10:42:50Z', 'revision_number': 1} available for tenant
2025-12-11 10:44:15.215 65456 INFO tempest.lib.common.rest_client [req-989306d9-e59c-47f1-abc0-751af687c6d8 req-989306d9-e59c-47f1-abc0-751af687c6d8 ] Request (AbsoluteLimitsNegativeTestJSON:tearDownClass): 204 DELETE http://10.180.1.21/networking/v2.0/security-groups/964966d8-70f6-4c1e-987b-1cf041428392 0.101s
2025-12-11 10:44:15.226 65490 INFO tempest.lib.common.rest_client [req-fb6ee9cc-f9c9-4f9e-b3e9-d7302b5b58d3 req-fb6ee9cc-f9c9-4f9e-b3e9-d7302b5b58d3 ] Request (AttachVolumeNegativeTest:test_attach_attached_volume_to_different_server): 200 GET http://10.180.1.21/compute/v2.1/servers/1e6053f3-cc3b-46df-a5c4-bf6196be2978 1.360s
2025-12-11 10:44:15.234 65490 INFO tempest.common.waiters [-] State transition "BUILD/spawning" ==> "ACTIVE/None" after 37 second wait
2025-12-11 10:44:15.257 65481 INFO tempest.lib.common.rest_client [req-d894c461-2925-43e4-b8d6-203e0bd7fdcb req-d894c461-2925-43e4-b8d6-203e0bd7fdcb ] Request (ServersNegativeTestJSON:setUpClass): 200 GET http://10.180.1.21/compute/v2.1/servers/122d649c-c4f3-4d94-8be4-ef275dc86bbd 1.325s
2025-12-11 10:44:15.295 65456 INFO tempest.lib.common.rest_client [req-97a1a94d-6fe5-4993-b40d-709fdd40a0ea req-97a1a94d-6fe5-4993-b40d-709fdd40a0ea ] Request (AbsoluteLimitsNegativeTestJSON:tearDownClass): 204 DELETE http://10.180.1.21/identity/v3/projects/5e69c2dd690f423b9a7ee03d55b35594 0.079s
2025-12-11 10:44:15.297 65448 INFO tempest.lib.common.rest_client [req-4a6d34df-649c-4401-bf98-57e12edcacd7 req-4a6d34df-649c-4401-bf98-57e12edcacd7 ] Request (DeleteServersAdminTestJSON:test_delete_server_while_in_error_state): 200 GET http://10.180.1.21/compute/v2.1/servers/5ed90406-7907-4332-aff3-71999c78ff82 1.325s
2025-12-11 10:44:15.322 65458 INFO tempest.lib.common.rest_client [req-8da5bfe2-218e-49db-901f-d4dd89de5af6 req-8da5bfe2-218e-49db-901f-d4dd89de5af6 ] Request (FlavorsAdminTestJSON:test_is_public_string_variations): 200 GET http://10.180.1.21/compute/v2.1/flavors/detail?is_public=yes 1.298s
2025-12-11 10:44:15.360 65464 INFO tempest.lib.common.rest_client [req-4cdd8e8d-d143-4101-8f9f-eb76b5f692fd req-4cdd8e8d-d143-4101-8f9f-eb76b5f692fd ] Request (ServerAddressesTestJSON:test_list_server_addresses_by_network): 200 GET http://10.180.1.21/compute/v2.1/servers/1a3ccee0-c9e6-4e55-b7ea-eebd121bb8e8/ips/tempest-ServerAddressesTestJSON-1519927173-network 1.309s
2025-12-11 10:44:15.369 65462 INFO tempest.lib.common.rest_client [req-78ef136b-2c51-426b-8cc4-a8a363bfe502 req-78ef136b-2c51-426b-8cc4-a8a363bfe502 ] Request (SecurityGroupsTestJSON:test_list_security_groups_by_server): 200 GET http://10.180.1.21/compute/v2.1/servers/1f039631-087c-45b4-b4be-e8e595034f85/os-security-groups 1.377s
2025-12-11 10:44:15.370 65454 INFO tempest.lib.common.rest_client [req-11696b88-9c72-4a68-84c8-1a83f09e33ae req-11696b88-9c72-4a68-84c8-1a83f09e33ae ] Request (ServerMetadataNegativeTestJSON:test_set_metadata_non_existent_server): 404 PUT http://10.180.1.21/compute/v2.1/servers/c4e0ee25-f250-49d4-b2e8-e20db09b0ec4/metadata 1.232s
2025-12-11 10:44:15.398 65442 INFO tempest.lib.common.rest_client [req-5ad99c57-9476-491d-80ac-cac7368295d7 req-5ad99c57-9476-491d-80ac-cac7368295d7 ] Request (KeyPairsV210TestJSON:_run_cleanups): 204 DELETE http://10.180.1.21/compute/v2.1/os-keypairs/tempest-keypair-31796730?user_id=5e85058f3eb44c6b8b75a5250e3aa847 1.243s
2025-12-11 10:44:15.449 65492 INFO tempest.lib.common.rest_client [req-bb4ef828-8a37-462e-99d0-d2a005a9712e req-bb4ef828-8a37-462e-99d0-d2a005a9712e ] Request (ListServerFiltersTestJSON:test_list_servers_filter_by_limit): 200 GET http://10.180.1.21/compute/v2.1/servers?limit=1 1.141s
2025-12-11 10:44:15.549 65444 INFO tempest.lib.common.rest_client [req-8b36b838-0b2d-4ec5-b349-7760e904537f req-8b36b838-0b2d-4ec5-b349-7760e904537f ] Request (SecurityGroupRulesTestJSON:_run_cleanups): 202 DELETE http://10.180.1.21/compute/v2.1/os-security-group-rules/a74799a7-6e06-4149-bce8-8072d2eda178 1.349s
2025-12-11 10:44:15.586 65452 INFO tempest.lib.common.rest_client [req-22a7dfda-ba7f-4a0a-a3c3-f552d2f2e386 req-22a7dfda-ba7f-4a0a-a3c3-f552d2f2e386 ] Request (AggregatesAdminNegativeTestJSON:test_aggregate_remove_nonexistent_host): 404 POST http://10.180.1.21/compute/v2.1/os-aggregates/8/action 1.210s
2025-12-11 10:44:15.598 65484 INFO tempest.lib.common.rest_client [req-f8c49710-4811-456e-b17b-0c7bded06fd2 req-f8c49710-4811-456e-b17b-0c7bded06fd2 ] Request (InstanceActionsNegativeTestJSON:test_list_instance_actions_non_existent_server): 404 GET http://10.180.1.21/compute/v2.1/servers/9723b899-3ade-4247-857d-eff3c8f03bf2/os-instance-actions 1.125s
2025-12-11 10:44:15.629 65472 INFO tempest.lib.common.rest_client [req-af09d2a5-0757-474a-85f7-79895031a027 req-af09d2a5-0757-474a-85f7-79895031a027 ] Request (AttachInterfacesUnderV243Test:test_add_remove_fixed_ip): 202 POST http://10.180.1.21/compute/v2.1/servers/309fd4d4-8ee5-4325-8c6d-0313252e2af7/action 1.124s
2025-12-11 10:44:15.634 65502 INFO tempest.lib.common.rest_client [req-ea767e05-f3c4-4d32-8de1-d5962be1a404 req-ea767e05-f3c4-4d32-8de1-d5962be1a404 ] Request (ListImageFiltersTestJSON:setUpClass): 200 GET http://10.180.1.21/compute/v2.1/servers/a234c9a6-70ef-4445-a6bf-ac913ae6c624 1.288s
2025-12-11 10:44:15.684 65489 INFO tempest.lib.common.rest_client [req-bd418b7f-f60e-4fce-95d8-0fd98ed9dfdc req-bd418b7f-f60e-4fce-95d8-0fd98ed9dfdc ] Request (VolumesAssistedSnapshotsTest:test_volume_assisted_snapshot_create_delete): 200 GET http://10.180.1.21/volume/v3/volumes/12a803a5-a369-43b4-8919-d44d592c1fca 0.039s
2025-12-11 10:44:15.693 65500 INFO tempest.lib.common.rest_client [req-83ebbe27-33bc-441b-85c1-2f14b4431378 req-83ebbe27-33bc-441b-85c1-2f14b4431378 ] Request (ImagesOneServerTestJSON:test_create_delete_image): 200 GET http://10.180.1.21/compute/v2.1/images/f3dc553f-6e2d-49fb-89b8-59a64904cfeb 1.042s
2025-12-11 10:44:15.764 65450 INFO tempest.lib.common.rest_client [req-f106ec76-3881-4143-9574-1fb6569e61c9 req-f106ec76-3881-4143-9574-1fb6569e61c9 ] Request (InstanceActionsTestJSON:setUpClass): 200 GET http://10.180.1.21/compute/v2.1/servers/f4c06d03-2036-4148-b83c-1309533a6a2c 0.649s
2025-12-11 10:44:15.855 65490 INFO tempest.lib.common.rest_client [req-8cedadfa-e926-425e-bd0a-af09a4ac9dd6 req-8cedadfa-e926-425e-bd0a-af09a4ac9dd6 ] Request (AttachVolumeNegativeTest:test_attach_attached_volume_to_different_server): 200 GET http://10.180.1.21/compute/v2.1/servers/1e6053f3-cc3b-46df-a5c4-bf6196be2978/os-interface 0.621s
2025-12-11 10:44:15.883 65458 INFO tempest.lib.common.rest_client [req-677b8cd4-758c-43a1-be1b-d522a1e6c62e req-677b8cd4-758c-43a1-be1b-d522a1e6c62e ] Request (FlavorsAdminTestJSON:test_is_public_string_variations): 200 GET http://10.180.1.21/compute/v2.1/flavors/detail?is_public=1 0.556s
2025-12-11 10:44:15.990 65464 INFO tempest.lib.common.rest_client [req-80ba1258-f483-4446-8bc6-3375531e5f83 req-80ba1258-f483-4446-8bc6-3375531e5f83 ] Request (ServerAddressesTestJSON:tearDownClass): 204 DELETE http://10.180.1.21/compute/v2.1/servers/1a3ccee0-c9e6-4e55-b7ea-eebd121bb8e8 0.628s
2025-12-11 10:44:15.997 65454 INFO tempest.lib.common.rest_client [req-22a312f2-905b-49e7-9845-16bb6719b360 req-22a312f2-905b-49e7-9845-16bb6719b360 ] Request (ServerMetadataNegativeTestJSON:test_set_server_metadata_blank_key): 400 PUT http://10.180.1.21/compute/v2.1/servers/133425c8-40fb-463d-bc2e-a05bac44b21c/metadata 0.625s
2025-12-11 10:44:16.118 65440 INFO tempest.lib.common.rest_client [req-5edbe123-ee48-4c90-9416-d43b7fefe603 req-5edbe123-ee48-4c90-9416-d43b7fefe603 ] Request (ImagesTestJSON:test_create_image_from_suspended_server): 202 POST http://10.180.1.21/compute/v2.1/servers 0.974s
2025-12-11 10:44:16.138 65442 INFO tempest.lib.common.rest_client [req-05132b53-9fc7-44fc-afdb-35b0fd35fdd0 req-05132b53-9fc7-44fc-afdb-35b0fd35fdd0 ] Request (KeyPairsV210TestJSON:_run_cleanups): 204 DELETE http://10.180.1.21/compute/v2.1/os-keypairs/tempest-keypair-421111550?user_id=5e85058f3eb44c6b8b75a5250e3aa847 0.739s
2025-12-11 10:44:16.170 65462 INFO tempest.lib.common.rest_client [req-2f276745-c070-4c6a-810c-c6978ff91222 req-2f276745-c070-4c6a-810c-c6978ff91222 ] Request (SecurityGroupsTestJSON:test_security_group_create_get_delete): 200 POST http://10.180.1.21/compute/v2.1/os-security-groups 0.796s
2025-12-11 10:44:16.290 65478 INFO tempest.lib.common.rest_client [req-e3d559af-0676-4589-b961-d3787a1e3504 req-e3d559af-0676-4589-b961-d3787a1e3504 ] Request (ServersWithSpecificFlavorTestJSON:test_verify_created_server_ephemeral_disk): 200 GET http://10.180.1.21/compute/v2.1/servers/77583753-4e36-43c7-8375-8ec13d7fad49 0.844s
2025-12-11 10:44:16.291 65492 INFO tempest.lib.common.rest_client [req-70ff05e6-c7c2-4f16-a291-67936c39a24f req-70ff05e6-c7c2-4f16-a291-67936c39a24f ] Request (ListServerFiltersTestJSON:test_list_servers_filter_by_server_name): 200 GET http://10.180.1.21/compute/v2.1/servers?name=tempest-ListServerFiltersTestJSON-instance-1712028041 0.838s
2025-12-11 10:44:16.318 65452 INFO tempest.lib.common.rest_client [req-926c32bf-df1f-4690-a4ca-bed937c1fe72 req-926c32bf-df1f-4690-a4ca-bed937c1fe72 ] Request (AggregatesAdminNegativeTestJSON:_run_cleanups): 200 DELETE http://10.180.1.21/compute/v2.1/os-aggregates/8 0.731s
2025-12-11 10:44:16.356 65442 INFO tempest.lib.common.rest_client [req-4147e7ca-5acc-451a-a1b7-62e2dcde931d req-4147e7ca-5acc-451a-a1b7-62e2dcde931d ] Request (KeyPairsV210TestJSON:tearDownClass): 204 DELETE http://10.180.1.21/identity/v3/users/5e85058f3eb44c6b8b75a5250e3aa847 0.214s
2025-12-11 10:44:16.444 65484 INFO tempest.lib.common.rest_client [req-5d59de21-c92e-4206-aaed-d4f6dc5685bf req-5d59de21-c92e-4206-aaed-d4f6dc5685bf ] Request (InstanceActionsNegativeTestJSON:tearDownClass): 204 DELETE http://10.180.1.21/compute/v2.1/servers/f805a353-ad6e-4747-935b-5a9e781e07bc 0.843s
2025-12-11 10:44:16.486 65442 INFO tempest.lib.common.rest_client [req-0ddf7991-9564-4f49-9cfa-ea47449953b5 req-0ddf7991-9564-4f49-9cfa-ea47449953b5 ] Request (KeyPairsV210TestJSON:tearDownClass): 204 DELETE http://10.180.1.21/identity/v3/users/ea92c22e1ce3435ba982172c15d6969e 0.130s
2025-12-11 10:44:16.487 65442 INFO tempest.lib.common.dynamic_creds [-] Deleting project and security group for project: 2c3b634081f1429999935a59ab481b30
2025-12-11 10:44:16.489 65472 INFO tempest.lib.common.rest_client [req-cc3cf3ef-a0b6-43ac-a95c-8f9420b12a48 req-cc3cf3ef-a0b6-43ac-a95c-8f9420b12a48 ] Request (AttachInterfacesUnderV243Test:test_add_remove_fixed_ip): 200 GET http://10.180.1.21/compute/v2.1/servers/309fd4d4-8ee5-4325-8c6d-0313252e2af7/ips 0.859s
2025-12-11 10:44:16.506 65452 INFO tempest.lib.common.rest_client [req-61557e44-12ba-49d3-b4ca-40b14e5fdfda req-61557e44-12ba-49d3-b4ca-40b14e5fdfda ] Request (AggregatesAdminNegativeTestJSON:tearDownClass): 204 DELETE http://10.180.1.21/identity/v3/users/fa2ed5dc24b845c7b85e86d88a372c3a 0.187s
2025-12-11 10:44:16.558 65442 INFO tempest.lib.common.rest_client [req-46e3a4ac-566c-4481-a5a7-ffa270da7b3e req-46e3a4ac-566c-4481-a5a7-ffa270da7b3e ] Request (KeyPairsV210TestJSON:tearDownClass): 201 POST http://10.180.1.21/identity/v3/auth/tokens 0.070s
2025-12-11 10:44:16.602 65490 INFO tempest.lib.common.rest_client [req-02fd590e-4ed7-4d47-a812-12adb48f3c36 req-02fd590e-4ed7-4d47-a812-12adb48f3c36 ] Request (AttachVolumeNegativeTest:test_attach_attached_volume_to_different_server): 200 PUT http://10.180.1.21/networking/v2.0/floatingips/6a80f025-8b30-4963-a43e-4ce2d2d1f040 0.742s
2025-12-11 10:44:16.604 65490 INFO tempest.lib.common.ssh [-] Creating ssh connection to '10.180.180.204:22' as 'cirros' with public key authentication
2025-12-11 10:44:16.626 65452 INFO tempest.lib.common.rest_client [req-eeb8699d-8edf-435d-ba34-22685fd3cca5 req-eeb8699d-8edf-435d-ba34-22685fd3cca5 ] Request (AggregatesAdminNegativeTestJSON:tearDownClass): 204 DELETE http://10.180.1.21/identity/v3/users/40186f74b58b446496e774978d0bfb59 0.119s
2025-12-11 10:44:16.627 65452 INFO tempest.lib.common.dynamic_creds [-] Deleting project and security group for project: dcaeae6f89ad48d285ef47b05e9881a2
2025-12-11 10:44:16.747 65489 INFO tempest.lib.common.rest_client [req-63414bb4-b442-46b2-86f4-e2194911d277 req-63414bb4-b442-46b2-86f4-e2194911d277 ] Request (VolumesAssistedSnapshotsTest:test_volume_assisted_snapshot_create_delete): 200 GET http://10.180.1.21/volume/v3/volumes/12a803a5-a369-43b4-8919-d44d592c1fca 0.052s
2025-12-11 10:44:16.749 65452 INFO tempest.lib.common.rest_client [req-ebdce67d-40de-4fcf-84b2-6bdad03e7374 req-ebdce67d-40de-4fcf-84b2-6bdad03e7374 ] Request (AggregatesAdminNegativeTestJSON:tearDownClass): 201 POST http://10.180.1.21/identity/v3/auth/tokens 0.122s
2025-12-11 10:44:16.815 65444 INFO tempest.lib.common.rest_client [req-73dfc5d2-180d-494a-abe4-525f7bde2d26 req-73dfc5d2-180d-494a-abe4-525f7bde2d26 ] Request (SecurityGroupRulesTestJSON:tearDownClass): 202 DELETE http://10.180.1.21/compute/v2.1/os-security-groups/ec25a1a8-e425-4143-b8c8-a3f74933498c 1.264s
