2025-12-11 10:45:46.022 65489 INFO tempest.lib.common.rest_client [req-0c1b284b-419c-45ab-84ad-dffe2f5f5916 req-0c1b284b-419c-45ab-84ad-dffe2f5f5916 ] Request (FloatingIPsAssociationNegativeTestJSON:setUpClass): 200 GET http://10.180.1.21/compute/v2.1/servers/9e37e81c-b3ca-4167-910b-020bea76c44d 0.637s
2025-12-11 10:45:46.075 65472 INFO tempest.lib.common.rest_client [req-db06734b-9c2d-4794-8629-472a6976c4b4 req-db06734b-9c2d-4794-8629-472a6976c4b4 ] Request (ServersTestBootFromVolume:setUpClass): 200 GET http://10.180.1.21/compute/v2.1/servers/122d4d56-6d35-4be7-8aac-57c9d40266ec 0.640s
2025-12-11 10:45:46.137 65492 INFO tempest.lib.common.rest_client [req-18352905-b41d-4682-91a6-49ab30b58ccb req-18352905-b41d-4682-91a6-49ab30b58ccb ] Request (ListServerFiltersTestJSON:tearDownClass): 200 GET http://10.180.1.21/compute/v2.1/servers/e2e8661b-709b-400f-a4b6-95a982753920 0.688s
2025-12-11 10:45:46.186 65450 INFO tempest.lib.common.rest_client [req-aca9eb81-7cf0-4dcc-a594-6c1ca22470da req-aca9eb81-7cf0-4dcc-a594-6c1ca22470da ] Request (ServerAddressesNegativeTestJSON:setUpClass): 200 GET http://10.180.1.21/compute/v2.1/servers/0985f4a9-b5e8-4e42-b242-2ec74e69ec63 0.673s
2025-12-11 10:45:46.257 65448 INFO tempest.lib.common.rest_client [req-347d7492-3e1a-40c5-93a6-f0753e6c388f req-347d7492-3e1a-40c5-93a6-f0753e6c388f ] Request (ServersV294TestFqdnHostnames:setUpClass): 200 GET http://10.180.1.21/compute/v2.1/servers/ce62e66a-bb31-410a-8e47-bf138ce8acd3 0.683s
2025-12-11 10:45:46.300 65484 INFO tempest.lib.common.rest_client [req-f794ac5f-e23e-4e3c-b7a3-343ca0b58aa6 req-f794ac5f-e23e-4e3c-b7a3-343ca0b58aa6 ] Request (ServerPasswordTestJSON:setUpClass): 200 GET http://10.180.1.21/compute/v2.1/servers/c4d60ba6-f72d-460c-a5ef-e355af5628ea 0.670s
2025-12-11 10:45:46.347 65446 INFO tempest.lib.common.rest_client [req-c8a2b8e0-2e19-40fc-9374-9d02149c7ead req-c8a2b8e0-2e19-40fc-9374-9d02149c7ead ] Request (ServerRescueTestJSONUnderV235:setUpClass): 200 GET http://10.180.1.21/compute/v2.1/servers/8efc1134-b5e2-440d-83bf-bb1a492c5404 0.660s
2025-12-11 10:45:46.402 65464 INFO tempest.lib.common.rest_client [req-49cbb7e6-cbdb-4a93-86fc-a53bd1e445a8 req-49cbb7e6-cbdb-4a93-86fc-a53bd1e445a8 ] Request (ServerShowV247Test:test_update_rebuild_list_server): 200 GET http://10.180.1.21/compute/v2.1/servers/4f243f3b-d655-406a-9aeb-35d847568527 0.652s
2025-12-11 10:45:46.471 65470 INFO tempest.lib.common.rest_client [req-e5cb4879-d344-46fc-b8ca-a2ebabf131ed req-e5cb4879-d344-46fc-b8ca-a2ebabf131ed ] Request (ServerShowV257Test:tearDownClass): 200 GET http://10.180.1.21/compute/v2.1/servers/03204b14-e84f-4a22-8a99-53625d647323 0.634s
2025-12-11 10:45:46.495 65486 INFO tempest.lib.common.rest_client [req-a453b07e-ba25-4bc7-9ac3-18a20d16c8e7 req-a453b07e-ba25-4bc7-9ac3-18a20d16c8e7 ] Request (ServerActionsV293TestJSON:tearDownClass): 204 DELETE http://10.180.1.21/compute/v2.1/os-keypairs/tempest-keypair-1047751587 0.647s
2025-12-11 10:45:46.550 65474 INFO tempest.lib.common.rest_client [req-d3dfc0ec-289c-45c6-a8ee-0ea8ea8057ec req-d3dfc0ec-289c-45c6-a8ee-0ea8ea8057ec ] Request (ServerShowV254Test:tearDownClass): 200 GET http://10.180.1.21/compute/v2.1/servers/a59dd6fe-822b-49a9-88e6-1036d3167559 0.604s
2025-12-11 10:45:46.586 65486 INFO tempest.lib.common.rest_client [req-92b16c53-e42c-4521-981f-54bb9ef80555 req-92b16c53-e42c-4521-981f-54bb9ef80555 ] Request (ServerActionsV293TestJSON:tearDownClass): 204 DELETE http://10.180.1.21/networking/v2.0/security-groups/db21a227-1ffb-4e1a-8c5e-6d7e45c3755a 0.089s
2025-12-11 10:45:46.594 65486 INFO tempest.lib.common.rest_client [req-79ab6089-caee-4dbd-869d-6e5279df71c0 req-79ab6089-caee-4dbd-869d-6e5279df71c0 ] Request (ServerActionsV293TestJSON:tearDownClass): 404 GET http://10.180.1.21/networking/v2.0/security-groups/db21a227-1ffb-4e1a-8c5e-6d7e45c3755a 0.008s
2025-12-11 10:45:46.607 65502 INFO tempest.lib.common.rest_client [req-5f890eb3-a525-41f2-b8d9-5634d1bce263 req-5f890eb3-a525-41f2-b8d9-5634d1bce263 ] Request (ListImageFiltersTestJSON:tearDownClass): 200 GET http://10.180.1.21/compute/v2.1/servers/a234c9a6-70ef-4445-a6bf-ac913ae6c624 0.578s
2025-12-11 10:45:46.659 65442 INFO tempest.lib.common.rest_client [req-3fa7b771-e40a-4fee-938e-ebdf26530151 req-3fa7b771-e40a-4fee-938e-ebdf26530151 ] Request (ServersAdminTestJSON:test_create_server_with_scheduling_hint): 200 GET http://10.180.1.21/compute/v2.1/servers/1d83bfe5-fd2d-4a16-bf35-65d59238d6c7 0.575s
2025-12-11 10:45:46.713 65458 INFO tempest.lib.common.rest_client [req-e7a92726-1c40-4fd9-968b-b80e30f3f13d req-e7a92726-1c40-4fd9-968b-b80e30f3f13d ] Request (ServerDiagnosticsV248Test:test_get_server_diagnostics): 200 GET http://10.180.1.21/compute/v2.1/servers/5d6d2d54-1792-4f15-ba37-0b884070925e 0.559s
2025-12-11 10:45:46.722 65458 INFO tempest.common.waiters [-] State transition "BUILD/None" ==> "BUILD/block_device_mapping" after 49 second wait
2025-12-11 10:45:46.722 65490 INFO tempest.lib.common.rest_client [req-656b8e04-f452-4943-8fa3-f3a051319cec req-656b8e04-f452-4943-8fa3-f3a051319cec ] Request (AttachVolumeNegativeTest:test_attach_attached_volume_to_different_server): 200 POST http://10.180.1.21/compute/v2.1/servers/1e6053f3-cc3b-46df-a5c4-bf6196be2978/os-volume_attachments 1.891s
2025-12-11 10:45:46.759 65490 INFO tempest.lib.common.rest_client [req-1e9844be-ebd2-4ab0-a5a0-c017c214f2f5 req-1e9844be-ebd2-4ab0-a5a0-c017c214f2f5 ] Request (AttachVolumeNegativeTest:test_attach_attached_volume_to_different_server): 200 GET http://10.180.1.21/volume/v3/volumes/8a71b922-f1ea-4d8c-8fe3-d9ecbfd9e651 0.035s
2025-12-11 10:45:46.787 65481 INFO tempest.lib.common.rest_client [req-684fb54a-fde2-4184-89a3-583ae3b6de62 req-684fb54a-fde2-4184-89a3-583ae3b6de62 ] Request (ServersNegativeTestJSON:test_create_server_from_non_bootable_volume): 200 GET http://10.180.1.21/volume/v3/volumes/3a54885a-a624-4b34-be96-952cb3a1ed54 0.033s
2025-12-11 10:45:46.794 65481 INFO tempest.common.waiters [-] volume 3a54885a-a624-4b34-be96-952cb3a1ed54 reached available after waiting for 1.794214 seconds
2025-12-11 10:45:46.823 65481 INFO tempest.lib.common.rest_client [req-7b782759-1d76-47a1-9142-e3e9868f69fa req-7b782759-1d76-47a1-9142-e3e9868f69fa ] Request (ServersNegativeTestJSON:test_create_server_from_non_bootable_volume): 200 POST http://10.180.1.21/volume/v3/volumes/3a54885a-a624-4b34-be96-952cb3a1ed54/action 0.028s
2025-12-11 10:45:46.848 65486 INFO tempest.lib.common.rest_client [req-267af144-2c30-4df7-a791-e03a6063414c req-267af144-2c30-4df7-a791-e03a6063414c ] Request (ServerActionsV293TestJSON:tearDownClass): 204 DELETE http://10.180.1.21/networking/v2.0/floatingips/402772cc-93fb-4a6e-be60-bbf14429d06b 0.253s
2025-12-11 10:45:46.849 65482 INFO tempest.lib.common.rest_client [req-7d830d3a-f479-4a5d-9380-cd4449335e61 req-7d830d3a-f479-4a5d-9380-cd4449335e61 ] Request (AttachInterfacesTestJSON:test_create_list_show_delete_interfaces_by_fixed_ip): 200 GET http://10.180.1.21/compute/v2.1/servers/314fb53f-297a-42db-b196-47e859e6f70f/os-interface 0.448s
2025-12-11 10:45:46.848 65486 ERROR tempest.test [-] teardown of resources failed: (, Resource %(resource_id)s failed to delete and is in ERROR status Details: Server e3ea2908-fc4f-4a3c-a1b2-cc3a69b64989 failed to delete and is in ERROR status. Fault: {'code': 500, 'created': '2025-12-11T10:45:40Z', 'message': 'Build of instance e3ea2908-fc4f-4a3c-a1b2-cc3a69b64989 aborted: Failed to rebuild volume backed instance.'}., ): testtools.runtest.MultipleExceptions: (, Resource %(resource_id)s failed to delete and is in ERROR status Details: Server e3ea2908-fc4f-4a3c-a1b2-cc3a69b64989 failed to delete and is in ERROR status. Fault: {'code': 500, 'created': '2025-12-11T10:45:40Z', 'message': 'Build of instance e3ea2908-fc4f-4a3c-a1b2-cc3a69b64989 aborted: Failed to rebuild volume backed instance.'}., )
2025-12-11 10:45:46.848 65486 ERROR tempest.test
Traceback (most recent call last):
2025-12-11 10:45:46.848 65486 ERROR tempest.test
File "/opt/stack/tempest/tempest/test.py", line 210, in tearDownClass
2025-12-11 10:45:46.848 65486 ERROR tempest.test teardown()
2025-12-11 10:45:46.848 65486 ERROR tempest.test
File "/opt/stack/tempest/tempest/test.py", line 628, in resource_cleanup
2025-12-11 10:45:46.848 65486 ERROR tempest.test raise testtools.MultipleExceptions(*cleanup_errors)
2025-12-11 10:45:46.848 65486 ERROR tempest.test testtools.runtest.MultipleExceptions: (, Resource %(resource_id)s failed to delete and is in ERROR status
2025-12-11 10:45:46.848 65486 ERROR tempest.test Details: Server e3ea2908-fc4f-4a3c-a1b2-cc3a69b64989 failed to delete and is in ERROR status. Fault: {'code': 500, 'created': '2025-12-11T10:45:40Z', 'message': 'Build of instance e3ea2908-fc4f-4a3c-a1b2-cc3a69b64989 aborted: Failed to rebuild volume backed instance.'}., )
2025-12-11 10:45:46.848 65486 ERROR tempest.test
2025-12-11 10:45:46.851 65481 INFO tempest.lib.common.rest_client [req-07e7fdb9-e63f-4d05-9637-4af4a2f7ab8b req-07e7fdb9-e63f-4d05-9637-4af4a2f7ab8b ] Request (ServersNegativeTestJSON:test_create_server_from_non_bootable_volume): 200 GET http://10.180.1.21/volume/v3/volumes/3a54885a-a624-4b34-be96-952cb3a1ed54 0.028s
2025-12-11 10:45:46.869 65476 INFO tempest.lib.common.rest_client [req-74c0f3c4-05b7-4ada-8e97-7f711c35bf4b req-74c0f3c4-05b7-4ada-8e97-7f711c35bf4b ] Request (ServersTestFqdnHostnames:tearDownClass): 200 GET http://10.180.1.21/compute/v2.1/servers/103006ad-3732-4e06-85b3-bd3306865d2f 0.398s
2025-12-11 10:45:46.880 65444 WARNING tempest.lib.common.ssh [-] Failed to establish authenticated ssh connection to cirros@10.180.180.186 ([Errno None] Unable to connect to port 22 on 10.180.180.186). Number attempts: 2. Retry after 3 seconds.: paramiko.ssh_exception.NoValidConnectionsError: [Errno None] Unable to connect to port 22 on 10.180.180.186
2025-12-11 10:45:46.919 65500 INFO tempest.lib.common.rest_client [req-620d24f5-55e1-4b3c-9309-3eb568ec7f1a req-620d24f5-55e1-4b3c-9309-3eb568ec7f1a ] Request (ServersTestMultiNic:test_verify_duplicate_network_nics): 200 GET http://10.180.1.21/compute/v2.1/servers/a06887cd-1133-4b3a-9ae2-ac293ff0553e 0.293s
2025-12-11 10:45:46.941 65481 INFO tempest.lib.common.rest_client [req-a80e55cb-a0e4-44c9-8e92-3958483c6eec req-a80e55cb-a0e4-44c9-8e92-3958483c6eec ] Request (ServersNegativeTestJSON:test_create_server_from_non_bootable_volume): 201 POST http://10.180.1.21/identity/v3/auth/tokens 0.075s
2025-12-11 10:45:46.941 65462 INFO tempest.lib.common.rest_client [req-b2c862c3-6adf-4aef-aa19-94485848f830 req-b2c862c3-6adf-4aef-aa19-94485848f830 ] Request (SecurityGroupsTestJSON:test_server_security_groups): 200 GET http://10.180.1.21/compute/v2.1/servers/14faf779-dd1f-4a2b-9356-bd8925458975 0.269s
2025-12-11 10:45:46.941 65481 INFO tempest.lib.common.fixed_network [-] (ServersNegativeTestJSON:test_create_server_from_non_bootable_volume) Found network {'id': '753d3348-b467-4a83-8771-4ecb54dcaff4', 'name': 'tempest-ServersNegativeTestJSON-326827422-network', 'tenant_id': 'e45a80aa9c8f429889e45dc2cc2880a7', 'project_id': 'e45a80aa9c8f429889e45dc2cc2880a7', 'admin_state_up': True, 'mtu': 8950, 'status': 'ACTIVE', 'subnets': [], 'shared': False, 'port_security_enabled': True, 'router:external': False, 'provider:network_type': 'vlan', 'provider:physical_network': 'default', 'provider:segmentation_id': 180, 'availability_zone_hints': [], 'availability_zones': [], 'ipv4_address_scope': None, 'ipv6_address_scope': None, 'description': '', 'tags': [], 'created_at': '2025-12-11T10:43:39Z', 'updated_at': '2025-12-11T10:43:39Z', 'revision_number': 1} available for tenant
2025-12-11 10:45:46.949 65462 INFO tempest.common.waiters [-] State transition "ACTIVE/deleting" ==> "DELETED/None" after 4 second wait
2025-12-11 10:45:47.043 65440 INFO tempest.lib.common.rest_client [req-33b8637d-9747-47a2-9384-da7d8894de34 req-33b8637d-9747-47a2-9384-da7d8894de34 ] Request (ImagesTestJSON:test_create_server_from_snapshot): 200 GET http://10.180.1.21/compute/v2.1/servers/392bef5d-f53a-4a30-a16c-bba40248ef6e 0.137s
2025-12-11 10:45:47.073 65452 INFO tempest.lib.common.rest_client [req-14373ee0-b1d1-43ce-b4b2-75ef53bdfc43 req-14373ee0-b1d1-43ce-b4b2-75ef53bdfc43 ] Request (MigrationsAdminTest:test_list_migrations_in_flavor_resize_situation): 200 GET http://10.180.1.21/compute/v2.1/servers/ed3cd639-818c-47b5-a5a0-14fc65359d1b 0.312s
2025-12-11 10:45:47.093 65481 INFO tempest.lib.common.rest_client [req-bff9a2c0-9235-4ec3-8375-03b64b1e36f8 req-bff9a2c0-9235-4ec3-8375-03b64b1e36f8 ] Request (ServersNegativeTestJSON:test_create_server_from_non_bootable_volume): 400 POST http://10.180.1.21/compute/v2.1/servers 0.151s
2025-12-11 10:45:47.133 65460 INFO tempest.lib.common.rest_client [req-e6713ef8-4862-46a9-806e-25589ffe8658 req-e6713ef8-4862-46a9-806e-25589ffe8658 ] Request (ServersTestJSON:setUpClass): 200 GET http://10.180.1.21/compute/v2.1/servers/9f24155b-95fa-43ec-a033-f3b9f6f6fa08 0.150s
2025-12-11 10:45:47.147 65489 INFO tempest.lib.common.rest_client [req-414b57fc-1ec6-4ff8-84e1-4447ea0e22b1 req-414b57fc-1ec6-4ff8-84e1-4447ea0e22b1 ] Request (FloatingIPsAssociationNegativeTestJSON:setUpClass): 200 GET http://10.180.1.21/compute/v2.1/servers/9e37e81c-b3ca-4167-910b-020bea76c44d 0.118s
2025-12-11 10:45:47.187 65472 INFO tempest.lib.common.rest_client [req-67260cfa-1746-423c-adb6-13690296308a req-67260cfa-1746-423c-adb6-13690296308a ] Request (ServersTestBootFromVolume:setUpClass): 200 GET http://10.180.1.21/compute/v2.1/servers/122d4d56-6d35-4be7-8aac-57c9d40266ec 0.103s
2025-12-11 10:45:47.242 65492 INFO tempest.lib.common.rest_client [req-15575cba-ee56-4337-ab05-9bd9d4f915d5 req-15575cba-ee56-4337-ab05-9bd9d4f915d5 ] Request (ListServerFiltersTestJSON:tearDownClass): 200 GET http://10.180.1.21/compute/v2.1/servers/e2e8661b-709b-400f-a4b6-95a982753920 0.096s
2025-12-11 10:45:47.275 65481 INFO tempest.lib.common.rest_client [req-75a4b1b6-756b-4405-88f1-0c5539169547 req-75a4b1b6-756b-4405-88f1-0c5539169547 ] Request (ServersNegativeTestJSON:tearDown): 200 GET http://10.180.1.21/compute/v2.1/servers/122d649c-c4f3-4d94-8be4-ef275dc86bbd 0.180s
2025-12-11 10:45:47.292 65450 INFO tempest.lib.common.rest_client [req-56c9db05-b633-4703-be00-cd0de845d6d2 req-56c9db05-b633-4703-be00-cd0de845d6d2 ] Request (ServerAddressesNegativeTestJSON:setUpClass): 200 GET http://10.180.1.21/compute/v2.1/servers/0985f4a9-b5e8-4e42-b242-2ec74e69ec63 0.097s
2025-12-11 10:45:47.333 65448 INFO tempest.lib.common.rest_client [req-1c181016-efa4-4c60-89b0-ccce36b8de23 req-1c181016-efa4-4c60-89b0-ccce36b8de23 ] Request (ServersV294TestFqdnHostnames:setUpClass): 200 GET http://10.180.1.21/compute/v2.1/servers/ce62e66a-bb31-410a-8e47-bf138ce8acd3 0.065s
2025-12-11 10:45:47.391 65481 INFO tempest.lib.common.rest_client [req-839886fc-b2dd-425c-8484-de3f159a1b0d req-839886fc-b2dd-425c-8484-de3f159a1b0d ] Request (ServersNegativeTestJSON:setUp): 200 GET http://10.180.1.21/compute/v2.1/servers/122d649c-c4f3-4d94-8be4-ef275dc86bbd 0.107s
2025-12-11 10:45:47.411 65484 INFO tempest.lib.common.rest_client [req-a2f2aa4f-6002-42d2-b9bb-55e861755101 req-a2f2aa4f-6002-42d2-b9bb-55e861755101 ] Request (ServerPasswordTestJSON:setUpClass): 200 GET http://10.180.1.21/compute/v2.1/servers/c4d60ba6-f72d-460c-a5ef-e355af5628ea 0.102s
2025-12-11 10:45:47.443 65446 INFO tempest.lib.common.rest_client [req-9cfe66bc-1522-49d9-a3ac-a2d023ae8b8d req-9cfe66bc-1522-49d9-a3ac-a2d023ae8b8d ] Request (ServerRescueTestJSONUnderV235:setUpClass): 200 GET http://10.180.1.21/compute/v2.1/servers/8efc1134-b5e2-440d-83bf-bb1a492c5404 0.087s
2025-12-11 10:45:47.473 65464 INFO tempest.lib.common.rest_client [req-3ffa6b50-b7e7-44f6-840e-796ec846e85f req-3ffa6b50-b7e7-44f6-840e-796ec846e85f ] Request (ServerShowV247Test:test_update_rebuild_list_server): 200 GET http://10.180.1.21/compute/v2.1/servers/4f243f3b-d655-406a-9aeb-35d847568527 0.057s
2025-12-11 10:45:47.557 65481 INFO tempest.lib.common.rest_client [req-e650936c-a1a7-45b0-81a4-388429d4abc2 req-e650936c-a1a7-45b0-81a4-388429d4abc2 ] Request (ServersNegativeTestJSON:test_create_server_invalid_bdm_in_2nd_dict): 202 POST http://10.180.1.21/volume/v3/volumes 0.155s
2025-12-11 10:45:47.573 65470 INFO tempest.lib.common.rest_client [req-a1cf2467-97c3-48ed-9683-95dd1a918dbd req-a1cf2467-97c3-48ed-9683-95dd1a918dbd ] Request (ServerShowV257Test:tearDownClass): 200 GET http://10.180.1.21/compute/v2.1/servers/03204b14-e84f-4a22-8a99-53625d647323 0.091s
2025-12-11 10:45:47.596 65481 INFO tempest.lib.common.rest_client [req-17e664f2-e7ab-4012-b271-05d4b5b312e6 req-17e664f2-e7ab-4012-b271-05d4b5b312e6 ] Request (ServersNegativeTestJSON:test_create_server_invalid_bdm_in_2nd_dict): 200 GET http://10.180.1.21/volume/v3/volumes/47a3f1da-5664-4ad5-85e3-f7a88cad058c 0.031s
2025-12-11 10:45:47.633 65486 INFO tempest.lib.common.rest_client [req-afe902d5-3a2a-4095-b388-69bee5e3d472 req-afe902d5-3a2a-4095-b388-69bee5e3d472 ] Request (ServerActionsV293TestJSON:tearDownClass): 200 PUT http://10.180.1.21/networking/v2.0/routers/3cd9ebed-0f7f-4919-84c9-f2d4dd21bdde/remove_router_interface 0.783s
2025-12-11 10:45:47.638 65474 INFO tempest.lib.common.rest_client [req-e61cccbf-d579-4ef1-a7b9-88e549b0173e req-e61cccbf-d579-4ef1-a7b9-88e549b0173e ] Request (ServerShowV254Test:tearDownClass): 200 GET http://10.180.1.21/compute/v2.1/servers/a59dd6fe-822b-49a9-88e6-1036d3167559 0.079s
2025-12-11 10:45:47.644 65502 INFO tempest.lib.common.rest_client [req-68341b3c-ca26-4216-8b91-215fac4656dd req-68341b3c-ca26-4216-8b91-215fac4656dd ] Request (ListImageFiltersTestJSON:tearDownClass): 404 GET http://10.180.1.21/compute/v2.1/servers/a234c9a6-70ef-4445-a6bf-ac913ae6c624 0.029s
2025-12-11 10:45:47.735 65502 INFO tempest.lib.common.rest_client [req-af435fdb-39ae-40ad-93b4-7cf98b75ecb2 req-af435fdb-39ae-40ad-93b4-7cf98b75ecb2 ] Request (ListImageFiltersTestJSON:tearDownClass): 204 DELETE http://10.180.1.21/compute/v2.1/servers/e0ab4dba-8d09-4ddc-880d-398a3a3e1222 0.091s
2025-12-11 10:45:47.738 65442 INFO tempest.lib.common.rest_client [req-bdadd261-8d98-479f-985c-760bd150b6c8 req-bdadd261-8d98-479f-985c-760bd150b6c8 ] Request (ServersAdminTestJSON:test_create_server_with_scheduling_hint): 200 GET http://10.180.1.21/compute/v2.1/servers/1d83bfe5-fd2d-4a16-bf35-65d59238d6c7 0.071s
2025-12-11 10:45:47.805 65490 INFO tempest.lib.common.rest_client [req-2f22c3d0-cd5a-475e-b153-080f75eb3b51 req-2f22c3d0-cd5a-475e-b153-080f75eb3b51 ] Request (AttachVolumeNegativeTest:test_attach_attached_volume_to_different_server): 200 GET http://10.180.1.21/volume/v3/volumes/8a71b922-f1ea-4d8c-8fe3-d9ecbfd9e651 0.037s
2025-12-11 10:45:47.809 65458 INFO tempest.lib.common.rest_client [req-a6cd8a4b-3753-4159-869c-a96c6471e3bc req-a6cd8a4b-3753-4159-869c-a96c6471e3bc ] Request (ServerDiagnosticsV248Test:test_get_server_diagnostics): 200 GET http://10.180.1.21/compute/v2.1/servers/5d6d2d54-1792-4f15-ba37-0b884070925e 0.082s
2025-12-11 10:45:47.817 65458 INFO tempest.common.waiters [-] State transition "BUILD/block_device_mapping" ==> "BUILD/spawning" after 50 second wait
2025-12-11 10:45:47.907 65502 INFO tempest.lib.common.rest_client [req-271fef5e-ae4d-4ce5-bac9-6dcd6c7b437e req-271fef5e-ae4d-4ce5-bac9-6dcd6c7b437e ] Request (ListImageFiltersTestJSON:tearDownClass): 200 GET http://10.180.1.21/compute/v2.1/servers/e0ab4dba-8d09-4ddc-880d-398a3a3e1222 0.172s
2025-12-11 10:45:47.968 65482 INFO tempest.lib.common.rest_client [req-b696e53d-97de-4076-9e60-3a34694fe2c6 req-b696e53d-97de-4076-9e60-3a34694fe2c6 ] Request (AttachInterfacesTestJSON:test_create_list_show_delete_interfaces_by_fixed_ip): 200 GET http://10.180.1.21/compute/v2.1/servers/314fb53f-297a-42db-b196-47e859e6f70f/os-interface 0.116s
2025-12-11 10:45:47.991 65476 INFO tempest.lib.common.rest_client [req-f8cc31bf-1243-40f0-a25a-9ad46fb0e30a req-f8cc31bf-1243-40f0-a25a-9ad46fb0e30a ] Request (ServersTestFqdnHostnames:tearDownClass): 200 GET http://10.180.1.21/compute/v2.1/servers/103006ad-3732-4e06-85b3-bd3306865d2f 0.112s
2025-12-11 10:45:48.039 65500 INFO tempest.lib.common.rest_client [req-3fc8f407-b945-45df-aa4b-34a8e8d8657a req-3fc8f407-b945-45df-aa4b-34a8e8d8657a ] Request (ServersTestMultiNic:test_verify_duplicate_network_nics): 200 GET http://10.180.1.21/compute/v2.1/servers/a06887cd-1133-4b3a-9ae2-ac293ff0553e 0.108s
2025-12-11 10:45:48.054 65462 INFO tempest.lib.common.rest_client [req-cb97204c-5634-4328-a9a7-900b2c33739d req-cb97204c-5634-4328-a9a7-900b2c33739d ] Request (SecurityGroupsTestJSON:test_server_security_groups): 200 GET http://10.180.1.21/compute/v2.1/servers/14faf779-dd1f-4a2b-9356-bd8925458975 0.102s
2025-12-11 10:45:48.115 65440 INFO tempest.lib.common.rest_client [req-9b5ec008-0d37-4729-a529-4e9f6e1e36fc req-9b5ec008-0d37-4729-a529-4e9f6e1e36fc ] Request (ImagesTestJSON:test_create_server_from_snapshot): 200 GET http://10.180.1.21/compute/v2.1/servers/392bef5d-f53a-4a30-a16c-bba40248ef6e 0.064s
2025-12-11 10:45:48.160 65486 INFO tempest.lib.common.rest_client [req-0227ddc0-2fc4-44d7-a1e5-d82314a84342 req-0227ddc0-2fc4-44d7-a1e5-d82314a84342 ] Request (ServerActionsV293TestJSON:tearDownClass): 204 DELETE http://10.180.1.21/networking/v2.0/routers/3cd9ebed-0f7f-4919-84c9-f2d4dd21bdde 0.527s
2025-12-11 10:45:48.204 65452 INFO tempest.lib.common.rest_client [req-84b50cd0-2971-4d66-941b-070fdf66bb25 req-84b50cd0-2971-4d66-941b-070fdf66bb25 ] Request (MigrationsAdminTest:test_list_migrations_in_flavor_resize_situation): 200 GET http://10.180.1.21/compute/v2.1/servers/ed3cd639-818c-47b5-a5a0-14fc65359d1b 0.122s
2025-12-11 10:45:48.217 65460 INFO tempest.lib.common.rest_client [req-3ce3c8ef-33af-4f2c-8d27-e27b1bf2b76d req-3ce3c8ef-33af-4f2c-8d27-e27b1bf2b76d ] Request (ServersTestJSON:setUpClass): 200 GET http://10.180.1.21/compute/v2.1/servers/9f24155b-95fa-43ec-a033-f3b9f6f6fa08 0.076s
2025-12-11 10:45:48.258 65489 INFO tempest.lib.common.rest_client [req-b6f3ce03-c012-483e-bdfc-d8c9662ee8a3 req-b6f3ce03-c012-483e-bdfc-d8c9662ee8a3 ] Request (FloatingIPsAssociationNegativeTestJSON:setUpClass): 200 GET http://10.180.1.21/compute/v2.1/servers/9e37e81c-b3ca-4167-910b-020bea76c44d 0.099s
2025-12-11 10:45:48.275 65472 INFO tempest.lib.common.rest_client [req-b8d31aad-97e6-44fe-ba63-4201f29cfb18 req-b8d31aad-97e6-44fe-ba63-4201f29cfb18 ] Request (ServersTestBootFromVolume:setUpClass): 200 GET http://10.180.1.21/compute/v2.1/servers/122d4d56-6d35-4be7-8aac-57c9d40266ec 0.079s
2025-12-11 10:45:48.291 65486 INFO tempest.lib.common.rest_client [req-c66a14b4-eade-499c-8619-b5f2cc065dec req-c66a14b4-eade-499c-8619-b5f2cc065dec ] Request (ServerActionsV293TestJSON:tearDownClass): 204 DELETE http://10.180.1.21/networking/v2.0/subnets/31d80d1e-1e8c-4b76-9d01-9302f08fc8d3 0.130s
2025-12-11 10:45:48.318 65492 INFO tempest.lib.common.rest_client [req-47a61b0c-fb36-40d3-a71f-1fe6c6d1eea6 req-47a61b0c-fb36-40d3-a71f-1fe6c6d1eea6 ] Request (ListServerFiltersTestJSON:tearDownClass): 200 GET http://10.180.1.21/compute/v2.1/servers/e2e8661b-709b-400f-a4b6-95a982753920 0.066s
2025-12-11 10:45:48.348 65450 INFO tempest.lib.common.rest_client [req-3d1cd872-537e-4046-bd6a-dcb9677cf683 req-3d1cd872-537e-4046-bd6a-dcb9677cf683 ] Request (ServerAddressesNegativeTestJSON:setUpClass): 200 GET http://10.180.1.21/compute/v2.1/servers/0985f4a9-b5e8-4e42-b242-2ec74e69ec63 0.048s
2025-12-11 10:45:48.405 65448 INFO tempest.lib.common.rest_client [req-7bc2dee3-0bb6-487f-bbae-8c852f07e3d9 req-7bc2dee3-0bb6-487f-bbae-8c852f07e3d9 ] Request (ServersV294TestFqdnHostnames:setUpClass): 200 GET http://10.180.1.21/compute/v2.1/servers/ce62e66a-bb31-410a-8e47-bf138ce8acd3 0.059s
2025-12-11 10:45:48.473 65484 INFO tempest.lib.common.rest_client [req-318543db-a17a-4c5e-ae7d-9f0869e6f01f req-318543db-a17a-4c5e-ae7d-9f0869e6f01f ] Request (ServerPasswordTestJSON:setUpClass): 200 GET http://10.180.1.21/compute/v2.1/servers/c4d60ba6-f72d-460c-a5ef-e355af5628ea 0.053s
2025-12-11 10:45:48.505 65446 INFO tempest.lib.common.rest_client [req-b98219f2-81ea-4a69-915e-f8a470073687 req-b98219f2-81ea-4a69-915e-f8a470073687 ] Request (ServerRescueTestJSONUnderV235:setUpClass): 200 GET http://10.180.1.21/compute/v2.1/servers/8efc1134-b5e2-440d-83bf-bb1a492c5404 0.054s
2025-12-11 10:45:48.529 65486 INFO tempest.lib.common.rest_client [req-0dc98b92-57b6-4cbb-b4ef-b3ffef545deb req-0dc98b92-57b6-4cbb-b4ef-b3ffef545deb ] Request (ServerActionsV293TestJSON:tearDownClass): 204 DELETE http://10.180.1.21/networking/v2.0/networks/9013326d-732c-435c-9732-39436a9e80e9 0.237s
2025-12-11 10:45:48.545 65464 INFO tempest.lib.common.rest_client [req-b2bc369b-cca1-4d00-871c-5d8f1918360f req-b2bc369b-cca1-4d00-871c-5d8f1918360f ] Request (ServerShowV247Test:test_update_rebuild_list_server): 200 GET http://10.180.1.21/compute/v2.1/servers/4f243f3b-d655-406a-9aeb-35d847568527 0.058s
2025-12-11 10:45:48.554 65464 INFO tempest.common.waiters [-] State transition "BUILD/spawning" ==> "ACTIVE/None" after 50 second wait
2025-12-11 10:45:48.638 65481 INFO tempest.lib.common.rest_client [req-320aac84-888d-45e5-94f4-93ad734109cc req-320aac84-888d-45e5-94f4-93ad734109cc ] Request (ServersNegativeTestJSON:test_create_server_invalid_bdm_in_2nd_dict): 200 GET http://10.180.1.21/volume/v3/volumes/47a3f1da-5664-4ad5-85e3-f7a88cad058c 0.033s
2025-12-11 10:45:48.648 65481 INFO tempest.common.waiters [-] volume 47a3f1da-5664-4ad5-85e3-f7a88cad058c reached available after waiting for 1.648774 seconds
2025-12-11 10:45:48.677 65486 INFO tempest.lib.common.rest_client [req-ae74a840-adfb-4037-acc7-e0343e37f2ef req-ae74a840-adfb-4037-acc7-e0343e37f2ef ] Request (ServerActionsV293TestJSON:tearDownClass): 204 DELETE http://10.180.1.21/identity/v3/users/f944772ae1764a58b2032c22e7afb1d4 0.148s
2025-12-11 10:45:48.677 65486 INFO tempest.lib.common.dynamic_creds [-] Deleting project and security group for project: 074686970b424f709bfdd470fb393668
2025-12-11 10:45:48.681 65470 INFO tempest.lib.common.rest_client [req-1328b090-e900-4934-b095-f030c92374a8 req-1328b090-e900-4934-b095-f030c92374a8 ] Request (ServerShowV257Test:tearDownClass): 200 GET http://10.180.1.21/compute/v2.1/servers/03204b14-e84f-4a22-8a99-53625d647323 0.099s
2025-12-11 10:45:48.715 65486 INFO tempest.lib.common.rest_client [req-84ecb692-6922-4baa-a8a0-4ea4ac22f07a req-84ecb692-6922-4baa-a8a0-4ea4ac22f07a ] Request (ServerActionsV293TestJSON:tearDownClass): 200 GET http://10.180.1.21/networking/v2.0/security-groups?tenant_id=074686970b424f709bfdd470fb393668&name=default 0.037s
2025-12-11 10:45:48.744 65481 INFO tempest.lib.common.rest_client [req-a277b66a-82e9-4691-a758-6e4099ae9dc8 req-a277b66a-82e9-4691-a758-6e4099ae9dc8 ] Request (ServersNegativeTestJSON:test_create_server_invalid_bdm_in_2nd_dict): 201 POST http://10.180.1.21/identity/v3/auth/tokens 0.092s
2025-12-11 10:45:48.745 65481 INFO tempest.lib.common.fixed_network [-] (ServersNegativeTestJSON:test_create_server_invalid_bdm_in_2nd_dict) Found network {'id': '753d3348-b467-4a83-8771-4ecb54dcaff4', 'name': 'tempest-ServersNegativeTestJSON-326827422-network', 'tenant_id': 'e45a80aa9c8f429889e45dc2cc2880a7', 'project_id': 'e45a80aa9c8f429889e45dc2cc2880a7', 'admin_state_up': True, 'mtu': 8950, 'status': 'ACTIVE', 'subnets': [], 'shared': False, 'port_security_enabled': True, 'router:external': False, 'provider:network_type': 'vlan', 'provider:physical_network': 'default', 'provider:segmentation_id': 180, 'availability_zone_hints': [], 'availability_zones': [], 'ipv4_address_scope': None, 'ipv6_address_scope': None, 'description': '', 'tags': [], 'created_at': '2025-12-11T10:43:39Z', 'updated_at': '2025-12-11T10:43:39Z', 'revision_number': 1} available for tenant
2025-12-11 10:45:48.754 65496 WARNING tempest.lib.common.ssh [-] Failed to establish authenticated ssh connection to cirros@10.180.180.160 ([Errno None] Unable to connect to port 22 on 10.180.180.160). Number attempts: 5. Retry after 6 seconds.: paramiko.ssh_exception.NoValidConnectionsError: [Errno None] Unable to connect to port 22 on 10.180.180.160
2025-12-11 10:45:48.759 65464 INFO tempest.lib.common.rest_client [req-ba31a228-f639-4dc8-98e5-1f188974182c req-ba31a228-f639-4dc8-98e5-1f188974182c ] Request (ServerShowV247Test:test_update_rebuild_list_server): 202 POST http://10.180.1.21/compute/v2.1/servers/4f243f3b-d655-406a-9aeb-35d847568527/action 0.205s
2025-12-11 10:45:48.769 65481 INFO tempest.lib.common.rest_client [req-7b80fea8-b9a4-4b66-a14e-a24642864d55 req-7b80fea8-b9a4-4b66-a14e-a24642864d55 ] Request (ServersNegativeTestJSON:test_create_server_invalid_bdm_in_2nd_dict): 400 POST http://10.180.1.21/compute/v2.1/servers 0.023s
2025-12-11 10:45:48.793 65474 INFO tempest.lib.common.rest_client [req-0025d4e0-0759-43ba-9415-6ba22d41579a req-0025d4e0-0759-43ba-9415-6ba22d41579a ] Request (ServerShowV254Test:tearDownClass): 200 GET http://10.180.1.21/compute/v2.1/servers/a59dd6fe-822b-49a9-88e6-1036d3167559 0.134s
2025-12-11 10:45:48.854 65490 INFO tempest.lib.common.rest_client [req-e1067ce9-a64f-4f82-a11c-a56250c1ef64 req-e1067ce9-a64f-4f82-a11c-a56250c1ef64 ] Request (AttachVolumeNegativeTest:test_attach_attached_volume_to_different_server): 200 GET http://10.180.1.21/volume/v3/volumes/8a71b922-f1ea-4d8c-8fe3-d9ecbfd9e651 0.039s
2025-12-11 10:45:48.863 65442 INFO tempest.lib.common.rest_client [req-61532840-e8d4-4646-b767-5766c2717813 req-61532840-e8d4-4646-b767-5766c2717813 ] Request (ServersAdminTestJSON:test_create_server_with_scheduling_hint): 200 GET http://10.180.1.21/compute/v2.1/servers/1d83bfe5-fd2d-4a16-bf35-65d59238d6c7 0.112s
2025-12-11 10:45:48.888 65486 INFO tempest.lib.common.rest_client [req-788eed92-cb56-434b-84f2-f8ad53a3f811 req-788eed92-cb56-434b-84f2-f8ad53a3f811 ] Request (ServerActionsV293TestJSON:tearDownClass): 204 DELETE http://10.180.1.21/networking/v2.0/security-groups/84b80a88-0d19-47cb-a938-caf4ebc73259 0.172s
2025-12-11 10:45:48.941 65464 INFO tempest.lib.common.rest_client [req-646654ed-2591-4202-8626-ff8881282eeb req-646654ed-2591-4202-8626-ff8881282eeb ] Request (ServerShowV247Test:test_update_rebuild_list_server): 200 GET http://10.180.1.21/compute/v2.1/servers/4f243f3b-d655-406a-9aeb-35d847568527 0.168s
2025-12-11 10:45:48.964 65481 INFO tempest.lib.common.rest_client [req-d98cbc9d-ac2e-47c7-b3f0-87e20910e0c1 req-d98cbc9d-ac2e-47c7-b3f0-87e20910e0c1 ] Request (ServersNegativeTestJSON:tearDown): 200 GET http://10.180.1.21/compute/v2.1/servers/122d649c-c4f3-4d94-8be4-ef275dc86bbd 0.194s
2025-12-11 10:45:49.013 65486 INFO tempest.lib.common.rest_client [req-f6cf24a1-368d-4b55-bff8-9a0484f1c4e7 req-f6cf24a1-368d-4b55-bff8-9a0484f1c4e7 ] Request (ServerActionsV293TestJSON:tearDownClass): 204 DELETE http://10.180.1.21/identity/v3/projects/074686970b424f709bfdd470fb393668 0.125s
2025-12-11 10:45:49.027 65458 INFO tempest.lib.common.rest_client [req-bcda030a-783f-4da7-9c52-d7f16f33e94e req-bcda030a-783f-4da7-9c52-d7f16f33e94e ] Request (ServerDiagnosticsV248Test:test_get_server_diagnostics): 200 GET http://10.180.1.21/compute/v2.1/servers/5d6d2d54-1792-4f15-ba37-0b884070925e 0.208s
2025-12-11 10:45:49.087 65486 INFO tempest.lib.common.rest_client [req-3f718f9c-7a08-4dc8-9529-a7d337720f42 req-3f718f9c-7a08-4dc8-9529-a7d337720f42 ] Request (ServerMetadataTestJSON:setUpClass): 201 POST http://10.180.1.21/identity/v3/auth/tokens 0.069s
2025-12-11 10:45:49.091 65502 INFO tempest.lib.common.rest_client [req-cb1d8791-bdd3-4bc1-883f-94aa4b07df57 req-cb1d8791-bdd3-4bc1-883f-94aa4b07df57 ] Request (ListImageFiltersTestJSON:tearDownClass): 200 GET http://10.180.1.21/compute/v2.1/servers/e0ab4dba-8d09-4ddc-880d-398a3a3e1222 0.170s
2025-12-11 10:45:49.101 65482 INFO tempest.lib.common.rest_client [req-c66498dc-9356-4080-a429-148376705433 req-c66498dc-9356-4080-a429-148376705433 ] Request (AttachInterfacesTestJSON:test_create_list_show_delete_interfaces_by_fixed_ip): 200 GET http://10.180.1.21/compute/v2.1/servers/314fb53f-297a-42db-b196-47e859e6f70f/os-interface 0.129s
2025-12-11 10:45:49.118 65486 INFO tempest.lib.common.rest_client [req-c1f705be-89b0-4362-b6af-adf43d71f931 req-c1f705be-89b0-4362-b6af-adf43d71f931 ] Request (ServerMetadataTestJSON:setUpClass): 201 POST http://10.180.1.21/identity/v3/auth/tokens 0.029s
2025-12-11 10:45:49.146 65486 INFO tempest.lib.common.rest_client [req-b0d9bb6f-e3cb-42da-8173-19476a327ea6 req-b0d9bb6f-e3cb-42da-8173-19476a327ea6 ] Request (ServerMetadataTestJSON:setUpClass): 200 GET http://10.180.1.21/identity/v3/domains?name=Default 0.027s
2025-12-11 10:45:49.174 65476 INFO tempest.lib.common.rest_client [req-6d804ad5-9aec-4264-a985-5d955af42a6a req-6d804ad5-9aec-4264-a985-5d955af42a6a ] Request (ServersTestFqdnHostnames:tearDownClass): 200 GET http://10.180.1.21/compute/v2.1/servers/103006ad-3732-4e06-85b3-bd3306865d2f 0.175s
2025-12-11 10:45:49.176 65486 INFO tempest.lib.common.rest_client [req-b1dd0449-e84b-4fc0-a178-25c571109915 req-b1dd0449-e84b-4fc0-a178-25c571109915 ] Request (ServerMetadataTestJSON:setUpClass): 201 POST http://10.180.1.21/identity/v3/projects 0.030s
2025-12-11 10:45:49.234 65500 INFO tempest.lib.common.rest_client [req-85815e8f-154f-44bc-a468-7dd1c0c503f5 req-85815e8f-154f-44bc-a468-7dd1c0c503f5 ] Request (ServersTestMultiNic:test_verify_duplicate_network_nics): 200 GET http://10.180.1.21/compute/v2.1/servers/a06887cd-1133-4b3a-9ae2-ac293ff0553e 0.186s
2025-12-11 10:45:49.243 65486 INFO tempest.lib.common.rest_client [req-96d55928-3a42-43bd-9dc3-c089024fb5c7 req-96d55928-3a42-43bd-9dc3-c089024fb5c7 ] Request (ServerMetadataTestJSON:setUpClass): 201 POST http://10.180.1.21/identity/v3/users 0.066s
2025-12-11 10:45:49.243 65481 INFO tempest.lib.common.rest_client [req-a8561427-4337-461d-9900-c3efe84a1c00 req-a8561427-4337-461d-9900-c3efe84a1c00 ] Request (ServersNegativeTestJSON:setUp): 200 GET http://10.180.1.21/compute/v2.1/servers/122d649c-c4f3-4d94-8be4-ef275dc86bbd 0.268s
2025-12-11 10:45:49.267 65486 INFO tempest.lib.common.rest_client [req-0bf54551-534d-4bf2-b5bd-00bd61a43afb req-0bf54551-534d-4bf2-b5bd-00bd61a43afb ] Request (ServerMetadataTestJSON:setUpClass): 200 GET http://10.180.1.21/identity/v3/roles 0.024s
2025-12-11 10:45:49.297 65486 INFO tempest.lib.common.rest_client [req-98a7c698-6d05-4892-a0f7-cb511cf1ff34 req-98a7c698-6d05-4892-a0f7-cb511cf1ff34 ] Request (ServerMetadataTestJSON:setUpClass): 204 PUT http://10.180.1.21/identity/v3/projects/aa85ccc5c17d42ceaea21520d919d0c1/users/2c000b9ef96c488c8df100babdf69a63/roles/c32f305414db485cb0d3ae6e926fe9bd 0.029s
2025-12-11 10:45:49.297 65486 INFO tempest.lib.common.dynamic_creds [-] Dynamic test user 2c000b9ef96c488c8df100babdf69a63 is created with scope project and roles: ['member']
2025-12-11 10:45:49.298 65486 INFO tempest.lib.common.dynamic_creds [-] Acquired dynamic creds: credentials: Credentials: {'domain_id': 'default', 'domain_name': 'Default', 'username': 'tempest-ServerMetadataTestJSON-1506581219-project-member', 'project_domain_id': 'default', 'project_domain_name': 'Default', 'project_id': 'aa85ccc5c17d42ceaea21520d919d0c1', 'project_name': 'tempest-ServerMetadataTestJSON-1506581219', 'tenant_id': 'aa85ccc5c17d42ceaea21520d919d0c1', 'tenant_name': 'tempest-ServerMetadataTestJSON-1506581219', 'user_domain_id': 'default', 'user_domain_name': 'Default', 'user_id': '2c000b9ef96c488c8df100babdf69a63', 'system': None}, Network: None, Subnet: None, Router: None
2025-12-11 10:45:49.299 65440 INFO tempest.lib.common.rest_client [req-dc81f907-86c1-40d4-9991-28379b168645 req-dc81f907-86c1-40d4-9991-28379b168645 ] Request (ImagesTestJSON:test_create_server_from_snapshot): 200 GET http://10.180.1.21/compute/v2.1/servers/392bef5d-f53a-4a30-a16c-bba40248ef6e 0.176s
2025-12-11 10:45:49.308 65462 INFO tempest.lib.common.rest_client [req-cc7be342-5e4b-49fb-8f7e-20364d4adbb3 req-cc7be342-5e4b-49fb-8f7e-20364d4adbb3 ] Request (SecurityGroupsTestJSON:test_server_security_groups): 200 GET http://10.180.1.21/compute/v2.1/servers/14faf779-dd1f-4a2b-9356-bd8925458975 0.244s
2025-12-11 10:45:49.322 65481 INFO tempest.lib.common.rest_client [req-5ccd2ce9-b122-4046-88f7-a1ddbf99fa7c req-5ccd2ce9-b122-4046-88f7-a1ddbf99fa7c ] Request (ServersNegativeTestJSON:test_create_server_metadata_exceeds_length_limit): 201 POST http://10.180.1.21/identity/v3/auth/tokens 0.066s
2025-12-11 10:45:49.322 65481 INFO tempest.lib.common.fixed_network [-] (ServersNegativeTestJSON:test_create_server_metadata_exceeds_length_limit) Found network {'id': '753d3348-b467-4a83-8771-4ecb54dcaff4', 'name': 'tempest-ServersNegativeTestJSON-326827422-network', 'tenant_id': 'e45a80aa9c8f429889e45dc2cc2880a7', 'project_id': 'e45a80aa9c8f429889e45dc2cc2880a7', 'admin_state_up': True, 'mtu': 8950, 'status': 'ACTIVE', 'subnets': [], 'shared': False, 'port_security_enabled': True, 'router:external': False, 'provider:network_type': 'vlan', 'provider:physical_network': 'default', 'provider:segmentation_id': 180, 'availability_zone_hints': [], 'availability_zones': [], 'ipv4_address_scope': None, 'ipv6_address_scope': None, 'description': '', 'tags': [], 'created_at': '2025-12-11T10:43:39Z', 'updated_at': '2025-12-11T10:43:39Z', 'revision_number': 1} available for tenant
2025-12-11 10:45:49.366 65460 INFO tempest.lib.common.rest_client [req-3b6593d0-fda4-4298-9d0e-56aa0b4cc6f3 req-3b6593d0-fda4-4298-9d0e-56aa0b4cc6f3 ] Request (ServersTestJSON:setUpClass): 200 GET http://10.180.1.21/compute/v2.1/servers/9f24155b-95fa-43ec-a033-f3b9f6f6fa08 0.138s
2025-12-11 10:45:49.374 65486 INFO tempest.lib.common.rest_client [req-5c9f3cc9-35e9-4dff-bbe5-a4b97347e21a req-5c9f3cc9-35e9-4dff-bbe5-a4b97347e21a ] Request (ServerMetadataTestJSON:setUpClass): 201 POST http://10.180.1.21/identity/v3/auth/tokens 0.076s
2025-12-11 10:45:49.432 65489 INFO tempest.lib.common.rest_client [req-9f7ee048-7a27-4605-ab19-ee27d2a20c0b req-9f7ee048-7a27-4605-ab19-ee27d2a20c0b ] Request (FloatingIPsAssociationNegativeTestJSON:setUpClass): 200 GET http://10.180.1.21/compute/v2.1/servers/9e37e81c-b3ca-4167-910b-020bea76c44d 0.163s
2025-12-11 10:45:49.460 65452 INFO tempest.lib.common.rest_client [req-8d85afb6-53ea-485d-9435-479776a34ee3 req-8d85afb6-53ea-485d-9435-479776a34ee3 ] Request (MigrationsAdminTest:test_list_migrations_in_flavor_resize_situation): 200 GET http://10.180.1.21/compute/v2.1/servers/ed3cd639-818c-47b5-a5a0-14fc65359d1b 0.244s
2025-12-11 10:45:49.464 65481 INFO tempest.lib.common.rest_client [req-519caf05-a7d5-4c0d-a469-26d01264d333 req-519caf05-a7d5-4c0d-a469-26d01264d333 ] Request (ServersNegativeTestJSON:test_create_server_metadata_exceeds_length_limit): 400 POST http://10.180.1.21/compute/v2.1/servers 0.141s
2025-12-11 10:45:49.495 65472 INFO tempest.lib.common.rest_client [req-f08408b9-5d30-4e66-9abb-d2ffe7fb9a4d req-f08408b9-5d30-4e66-9abb-d2ffe7fb9a4d ] Request (ServersTestBootFromVolume:setUpClass): 200 GET http://10.180.1.21/compute/v2.1/servers/122d4d56-6d35-4be7-8aac-57c9d40266ec 0.212s
2025-12-11 10:45:49.538 65492 INFO tempest.lib.common.rest_client [req-670885db-e9d8-44ad-be96-c3a7dda350b2 req-670885db-e9d8-44ad-be96-c3a7dda350b2 ] Request (ListServerFiltersTestJSON:tearDownClass): 200 GET http://10.180.1.21/compute/v2.1/servers/e2e8661b-709b-400f-a4b6-95a982753920 0.213s
2025-12-11 10:45:49.594 65450 INFO tempest.lib.common.rest_client [req-c30dc0cc-1b72-4f02-9125-880323a50583 req-c30dc0cc-1b72-4f02-9125-880323a50583 ] Request (ServerAddressesNegativeTestJSON:setUpClass): 200 GET http://10.180.1.21/compute/v2.1/servers/0985f4a9-b5e8-4e42-b242-2ec74e69ec63 0.237s
2025-12-11 10:45:49.602 65450 INFO tempest.common.waiters [-] State transition "BUILD/scheduling" ==> "BUILD/None" after 8 second wait
2025-12-11 10:45:49.614 65448 INFO tempest.lib.common.rest_client [req-5a4b7b2f-6c5c-4258-948d-b096d8e6c9b5 req-5a4b7b2f-6c5c-4258-948d-b096d8e6c9b5 ] Request (ServersV294TestFqdnHostnames:setUpClass): 200 GET http://10.180.1.21/compute/v2.1/servers/ce62e66a-bb31-410a-8e47-bf138ce8acd3 0.193s
2025-12-11 10:45:49.705 65486 INFO tempest.lib.common.rest_client [req-ad133aa0-1ac5-43d9-853e-765b175849fa req-ad133aa0-1ac5-43d9-853e-765b175849fa ] Request (ServerMetadataTestJSON:setUpClass): 201 POST http://10.180.1.21/networking/v2.0/networks 0.330s
2025-12-11 10:45:49.807 65484 INFO tempest.lib.common.rest_client [req-397c4c4c-7578-4d8e-8981-d4d96b1624c0 req-397c4c4c-7578-4d8e-8981-d4d96b1624c0 ] Request (ServerPasswordTestJSON:setUpClass): 200 GET http://10.180.1.21/compute/v2.1/servers/c4d60ba6-f72d-460c-a5ef-e355af5628ea 0.326s
2025-12-11 10:45:49.887 65481 INFO tempest.lib.common.rest_client [req-d949f06f-cc27-4093-91f0-2bf869285f0c req-d949f06f-cc27-4093-91f0-2bf869285f0c ] Request (ServersNegativeTestJSON:tearDown): 200 GET http://10.180.1.21/compute/v2.1/servers/122d649c-c4f3-4d94-8be4-ef275dc86bbd 0.422s
2025-12-11 10:45:49.897 65490 INFO tempest.lib.common.rest_client [req-36108cd8-7400-4f75-8463-f8385af24e19 req-36108cd8-7400-4f75-8463-f8385af24e19 ] Request (AttachVolumeNegativeTest:test_attach_attached_volume_to_different_server): 200 GET http://10.180.1.21/volume/v3/volumes/8a71b922-f1ea-4d8c-8fe3-d9ecbfd9e651 0.033s
2025-12-11 10:45:49.901 65446 INFO tempest.lib.common.rest_client [req-9b6bb336-b3db-4cae-9167-5f4a694b72fb req-9b6bb336-b3db-4cae-9167-5f4a694b72fb ] Request (ServerRescueTestJSONUnderV235:setUpClass): 200 GET http://10.180.1.21/compute/v2.1/servers/8efc1134-b5e2-440d-83bf-bb1a492c5404 0.387s
2025-12-11 10:45:49.991 65470 INFO tempest.lib.common.rest_client [req-872ecdaf-11d9-4e2d-a3d0-e91faa3ee601 req-872ecdaf-11d9-4e2d-a3d0-e91faa3ee601 ] Request (ServerShowV257Test:tearDownClass): 200 GET http://10.180.1.21/compute/v2.1/servers/03204b14-e84f-4a22-8a99-53625d647323 0.293s
2025-12-11 10:45:49.998 65486 INFO tempest.lib.common.rest_client [req-d8adc543-f382-40ce-aa12-d593a75d446d req-d8adc543-f382-40ce-aa12-d593a75d446d ] Request (ServerMetadataTestJSON:setUpClass): 201 POST http://10.180.1.21/networking/v2.0/subnets 0.292s
2025-12-11 10:45:50.005 65474 INFO tempest.lib.common.rest_client [req-7f05d995-9a35-4bcb-b603-5b97972c3540 req-7f05d995-9a35-4bcb-b603-5b97972c3540 ] Request (ServerShowV254Test:tearDownClass): 200 GET http://10.180.1.21/compute/v2.1/servers/a59dd6fe-822b-49a9-88e6-1036d3167559 0.199s
2025-12-11 10:45:50.264 65442 INFO tempest.lib.common.rest_client [req-ea7dd310-ea8b-4c9c-9a02-57ea1c235f5c req-ea7dd310-ea8b-4c9c-9a02-57ea1c235f5c ] Request (ServersAdminTestJSON:test_create_server_with_scheduling_hint): 200 GET http://10.180.1.21/compute/v2.1/servers/1d83bfe5-fd2d-4a16-bf35-65d59238d6c7 0.389s
2025-12-11 10:45:50.325 65481 INFO tempest.lib.common.rest_client [req-61840f78-49dd-44ba-b030-5ec864472561 req-61840f78-49dd-44ba-b030-5ec864472561 ] Request (ServersNegativeTestJSON:setUp): 200 GET http://10.180.1.21/compute/v2.1/servers/122d649c-c4f3-4d94-8be4-ef275dc86bbd 0.429s
2025-12-11 10:45:50.345 65464 INFO tempest.lib.common.rest_client [req-c27758cb-0e3e-4461-ae07-08d317164793 req-c27758cb-0e3e-4461-ae07-08d317164793 ] Request (ServerShowV247Test:test_update_rebuild_list_server): 200 GET http://10.180.1.21/compute/v2.1/servers/4f243f3b-d655-406a-9aeb-35d847568527 0.391s
2025-12-11 10:45:50.392 65458 INFO tempest.lib.common.rest_client [req-6d43b8e5-fa75-47a2-87fa-e44960a8c200 req-6d43b8e5-fa75-47a2-87fa-e44960a8c200 ] Request (ServerDiagnosticsV248Test:test_get_server_diagnostics): 200 GET http://10.180.1.21/compute/v2.1/servers/5d6d2d54-1792-4f15-ba37-0b884070925e 0.351s
2025-12-11 10:45:50.412 65481 INFO tempest.lib.common.rest_client [req-9b0fa36d-23a7-4ca1-b0ad-12c3b6ba1727 req-9b0fa36d-23a7-4ca1-b0ad-12c3b6ba1727 ] Request (ServersNegativeTestJSON:test_create_server_name_length_exceeds_256): 201 POST http://10.180.1.21/identity/v3/auth/tokens 0.076s
2025-12-11 10:45:50.413 65481 INFO tempest.lib.common.fixed_network [-] (ServersNegativeTestJSON:test_create_server_name_length_exceeds_256) Found network {'id': '753d3348-b467-4a83-8771-4ecb54dcaff4', 'name': 'tempest-ServersNegativeTestJSON-326827422-network', 'tenant_id': 'e45a80aa9c8f429889e45dc2cc2880a7', 'project_id': 'e45a80aa9c8f429889e45dc2cc2880a7', 'admin_state_up': True, 'mtu': 8950, 'status': 'ACTIVE', 'subnets': [], 'shared': False, 'port_security_enabled': True, 'router:external': False, 'provider:network_type': 'vlan', 'provider:physical_network': 'default', 'provider:segmentation_id': 180, 'availability_zone_hints': [], 'availability_zones': [], 'ipv4_address_scope': None, 'ipv6_address_scope': None, 'description': '', 'tags': [], 'created_at': '2025-12-11T10:43:39Z', 'updated_at': '2025-12-11T10:43:39Z', 'revision_number': 1} available for tenant
2025-12-11 10:45:50.413 65502 INFO tempest.lib.common.rest_client [req-1b261e65-5667-4aba-9afd-28db6738eb3c req-1b261e65-5667-4aba-9afd-28db6738eb3c ] Request (ListImageFiltersTestJSON:tearDownClass): 200 GET http://10.180.1.21/compute/v2.1/servers/e0ab4dba-8d09-4ddc-880d-398a3a3e1222 0.312s
2025-12-11 10:45:50.510 65482 INFO tempest.lib.common.rest_client [req-60ee4195-50e4-4f95-b559-7fee2cd77e62 req-60ee4195-50e4-4f95-b559-7fee2cd77e62 ] Request (AttachInterfacesTestJSON:test_create_list_show_delete_interfaces_by_fixed_ip): 200 GET http://10.180.1.21/compute/v2.1/servers/314fb53f-297a-42db-b196-47e859e6f70f/os-interface 0.406s
2025-12-11 10:45:50.527 65476 INFO tempest.lib.common.rest_client [req-5f4b6135-ced5-49bf-88bf-e48829af984b req-5f4b6135-ced5-49bf-88bf-e48829af984b ] Request (ServersTestFqdnHostnames:tearDownClass): 200 GET http://10.180.1.21/compute/v2.1/servers/103006ad-3732-4e06-85b3-bd3306865d2f 0.344s
2025-12-11 10:45:50.531 65482 INFO tempest.lib.common.rest_client [req-966daea2-9d32-4651-9ec8-80979cd78524 req-966daea2-9d32-4651-9ec8-80979cd78524 ] Request (AttachInterfacesTestJSON:_run_cleanups): 404 DELETE http://10.180.1.21/networking/v2.0/ports/4c097644-8b4b-43ca-87bf-d8fa57586bdf 0.019s
2025-12-11 10:45:50.569 65500 INFO tempest.lib.common.rest_client [req-eb79a3a9-5627-44ca-a21d-e5bfd2a45844 req-eb79a3a9-5627-44ca-a21d-e5bfd2a45844 ] Request (ServersTestMultiNic:test_verify_duplicate_network_nics): 200 GET http://10.180.1.21/compute/v2.1/servers/a06887cd-1133-4b3a-9ae2-ac293ff0553e 0.322s
2025-12-11 10:45:50.581 65440 INFO tempest.lib.common.rest_client [req-d9856c79-f100-4a18-9ab9-dacac2a5f39d req-d9856c79-f100-4a18-9ab9-dacac2a5f39d ] Request (ImagesTestJSON:test_create_server_from_snapshot): 200 GET http://10.180.1.21/compute/v2.1/servers/392bef5d-f53a-4a30-a16c-bba40248ef6e 0.272s
2025-12-11 10:45:50.633 65462 INFO tempest.lib.common.rest_client [req-fc1dbca2-5cb3-475a-aae7-5dffd4ac14a9 req-fc1dbca2-5cb3-475a-aae7-5dffd4ac14a9 ] Request (SecurityGroupsTestJSON:test_server_security_groups): 200 GET http://10.180.1.21/compute/v2.1/servers/14faf779-dd1f-4a2b-9356-bd8925458975 0.315s
2025-12-11 10:45:50.638 65481 INFO tempest.lib.common.rest_client [req-4656b9d5-5eb4-4dd2-9e14-73cb85c1f667 req-4656b9d5-5eb4-4dd2-9e14-73cb85c1f667 ] Request (ServersNegativeTestJSON:test_create_server_name_length_exceeds_256): 400 POST http://10.180.1.21/compute/v2.1/servers 0.224s
2025-12-11 10:45:50.643 65460 INFO tempest.lib.common.rest_client [req-885911e1-b680-4df9-b7c7-1f730dee4919 req-885911e1-b680-4df9-b7c7-1f730dee4919 ] Request (ServersTestJSON:setUpClass): 200 GET http://10.180.1.21/compute/v2.1/servers/9f24155b-95fa-43ec-a033-f3b9f6f6fa08 0.261s
2025-12-11 10:45:50.688 65489 INFO tempest.lib.common.rest_client [req-5e059f41-a02d-4fd7-9a1a-a255e39209bb req-5e059f41-a02d-4fd7-9a1a-a255e39209bb ] Request (FloatingIPsAssociationNegativeTestJSON:setUpClass): 200 GET http://10.180.1.21/compute/v2.1/servers/9e37e81c-b3ca-4167-910b-020bea76c44d 0.242s
2025-12-11 10:45:50.762 65486 INFO tempest.lib.common.rest_client [req-7ae6d98b-7e62-4b36-aea3-c88f7e45401d req-7ae6d98b-7e62-4b36-aea3-c88f7e45401d ] Request (ServerMetadataTestJSON:setUpClass): 201 POST http://10.180.1.21/networking/v2.0/routers 0.763s
2025-12-11 10:45:50.799 65452 INFO tempest.lib.common.rest_client [req-05c5613c-f04c-4308-b23a-2b44f14600dd req-05c5613c-f04c-4308-b23a-2b44f14600dd ] Request (MigrationsAdminTest:test_list_migrations_in_flavor_resize_situation): 200 GET http://10.180.1.21/compute/v2.1/servers/ed3cd639-818c-47b5-a5a0-14fc65359d1b 0.327s
2025-12-11 10:45:50.800 65472 INFO tempest.lib.common.rest_client [req-270f55ef-89dd-4e8c-83d0-efc6ea12e2ec req-270f55ef-89dd-4e8c-83d0-efc6ea12e2ec ] Request (ServersTestBootFromVolume:setUpClass): 200 GET http://10.180.1.21/compute/v2.1/servers/122d4d56-6d35-4be7-8aac-57c9d40266ec 0.295s
2025-12-11 10:45:50.913 65482 INFO tempest.lib.common.rest_client [req-c3073a6a-c7db-4f55-91ca-a5b65c1969a6 req-c3073a6a-c7db-4f55-91ca-a5b65c1969a6 ] Request (AttachInterfacesTestJSON:_run_cleanups): 204 DELETE http://10.180.1.21/compute/v2.1/servers/314fb53f-297a-42db-b196-47e859e6f70f 0.380s
2025-12-11 10:45:50.954 65490 INFO tempest.lib.common.rest_client [req-3259e1c7-fc68-4e8a-a738-1e8fc58b30c5 req-3259e1c7-fc68-4e8a-a738-1e8fc58b30c5 ] Request (AttachVolumeNegativeTest:test_attach_attached_volume_to_different_server): 200 GET http://10.180.1.21/volume/v3/volumes/8a71b922-f1ea-4d8c-8fe3-d9ecbfd9e651 0.046s
2025-12-11 10:45:51.162 65492 INFO tempest.lib.common.rest_client [req-ac3afe04-8807-42f5-937b-a37c35ea7f6e req-ac3afe04-8807-42f5-937b-a37c35ea7f6e ] Request (ListServerFiltersTestJSON:tearDownClass): 200 GET http://10.180.1.21/compute/v2.1/servers/e2e8661b-709b-400f-a4b6-95a982753920 0.617s
2025-12-11 10:45:51.179 65450 INFO tempest.lib.common.rest_client [req-fcdb1c8a-7f94-4823-ab8a-122a58eebc36 req-fcdb1c8a-7f94-4823-ab8a-122a58eebc36 ] Request (ServerAddressesNegativeTestJSON:setUpClass): 200 GET http://10.180.1.21/compute/v2.1/servers/0985f4a9-b5e8-4e42-b242-2ec74e69ec63 0.576s
2025-12-11 10:45:51.681 65486 INFO tempest.lib.common.rest_client [req-6396ec53-41b1-41a9-bbd3-71d1f182a417 req-6396ec53-41b1-41a9-bbd3-71d1f182a417 ] Request (ServerMetadataTestJSON:setUpClass): 200 PUT http://10.180.1.21/networking/v2.0/routers/c62fa64c-b2c6-4d08-b122-ac894119ac6d/add_router_interface 0.918s
