2025-12-11 10:44:55.497 65458 INFO tempest.lib.common.dynamic_creds [-] Acquired dynamic creds: credentials: Credentials: {'domain_id': 'default', 'domain_name': 'Default', 'username': 'tempest-ServerDiagnosticsV248Test-106630025-project-admin', 'project_domain_id': 'default', 'project_domain_name': 'Default', 'project_id': 'cbe3e194f88740889e38bf43f95f9482', 'project_name': 'tempest-ServerDiagnosticsV248Test-106630025', 'tenant_id': 'cbe3e194f88740889e38bf43f95f9482', 'tenant_name': 'tempest-ServerDiagnosticsV248Test-106630025', 'user_domain_id': 'default', 'user_domain_name': 'Default', 'user_id': '4ad7ccc8b050491896cd15fdca385ce0', 'system': None}, Network: None, Subnet: None, Router: None
2025-12-11 10:44:55.497 65458 INFO tempest.lib.common.dynamic_creds [-] Created isolated network resources for: credentials: Credentials: {'domain_id': 'default', 'domain_name': 'Default', 'username': 'tempest-ServerDiagnosticsV248Test-106630025-project-admin', 'project_domain_id': 'default', 'project_domain_name': 'Default', 'project_id': 'cbe3e194f88740889e38bf43f95f9482', 'project_name': 'tempest-ServerDiagnosticsV248Test-106630025', 'tenant_id': 'cbe3e194f88740889e38bf43f95f9482', 'tenant_name': 'tempest-ServerDiagnosticsV248Test-106630025', 'user_domain_id': 'default', 'user_domain_name': 'Default', 'user_id': '4ad7ccc8b050491896cd15fdca385ce0', 'system': None}, Network: None, Subnet: None, Router: None
2025-12-11 10:44:55.593 65458 INFO tempest.lib.common.rest_client [req-166cf121-fc96-4fd3-af4b-9d8afcc9c399 req-166cf121-fc96-4fd3-af4b-9d8afcc9c399 ] Request (ServerDiagnosticsV248Test:setUpClass): 201 POST http://10.180.1.21/identity/v3/auth/tokens 0.093s
2025-12-11 10:44:55.661 65458 INFO tempest.lib.common.rest_client [req-371cbfaf-d3f6-402f-841c-b2659a9568ce req-371cbfaf-d3f6-402f-841c-b2659a9568ce ] Request (ServerDiagnosticsV248Test:test_get_server_diagnostics): 201 POST http://10.180.1.21/identity/v3/auth/tokens 0.064s
2025-12-11 10:44:55.661 65458 INFO tempest.lib.common.fixed_network [-] (ServerDiagnosticsV248Test:test_get_server_diagnostics) Found network None available for tenant
2025-12-11 10:44:55.742 65484 INFO tempest.lib.common.rest_client [req-88cc7a8c-483e-482f-84e5-05a60aee8a0b req-88cc7a8c-483e-482f-84e5-05a60aee8a0b ] Request (ServerPasswordTestJSON:setUpClass): 200 PUT http://10.180.1.21/networking/v2.0/routers/87772910-4b79-47eb-b5e4-bfa1bd13f2c7/add_router_interface 1.220s
2025-12-11 10:44:55.743 65484 INFO tempest.lib.common.dynamic_creds [-] Created isolated network resources for: credentials: Credentials: {'domain_id': 'default', 'domain_name': 'Default', 'username': 'tempest-ServerPasswordTestJSON-1244565361-project-member', 'project_domain_id': 'default', 'project_domain_name': 'Default', 'project_id': '2698e754adcb4795ad4365d23dffc6c0', 'project_name': 'tempest-ServerPasswordTestJSON-1244565361', 'tenant_id': '2698e754adcb4795ad4365d23dffc6c0', 'tenant_name': 'tempest-ServerPasswordTestJSON-1244565361', 'user_domain_id': 'default', 'user_domain_name': 'Default', 'user_id': '3ca18ee83bc642b08deff5029af88539', 'system': None}, Network: {'id': 'c39b908a-3a6e-451f-9010-2bd34395b0f2', 'name': 'tempest-ServerPasswordTestJSON-1013275852-network', 'tenant_id': '2698e754adcb4795ad4365d23dffc6c0', 'project_id': '2698e754adcb4795ad4365d23dffc6c0', 'admin_state_up': True, 'mtu': 8950, 'status': 'ACTIVE', 'subnets': [], 'shared': False, 'port_security_enabled': True, 'router:external': False, 'provider:network_type': 'vlan', 'provider:physical_network': 'default', 'provider:segmentation_id': 77, 'availability_zone_hints': [], 'availability_zones': [], 'ipv4_address_scope': None, 'ipv6_address_scope': None, 'description': '', 'tags': [], 'created_at': '2025-12-11T10:44:52Z', 'updated_at': '2025-12-11T10:44:52Z', 'revision_number': 1}, Subnet: {'id': 'f8c5bbd0-c009-4abd-a6d6-c9894b662c37', 'name': 'tempest-ServerPasswordTestJSON-1013275852-subnet', 'tenant_id': '2698e754adcb4795ad4365d23dffc6c0', 'network_id': 'c39b908a-3a6e-451f-9010-2bd34395b0f2', 'ip_version': 4, 'subnetpool_id': None, 'enable_dhcp': True, 'ipv6_ra_mode': None, 'ipv6_address_mode': None, 'gateway_ip': '192.168.128.1', 'cidr': '192.168.128.0/28', 'allocation_pools': [{'start': '192.168.128.2', 'end': '192.168.128.14'}], 'host_routes': [], 'dns_nameservers': [], 'description': '', 'router:external': False, 'service_types': [], 'tags': [], 'created_at': '2025-12-11T10:44:52Z', 'updated_at': '2025-12-11T10:44:52Z', 'revision_number': 0, 'project_id': '2698e754adcb4795ad4365d23dffc6c0'}, Router: {'id': '87772910-4b79-47eb-b5e4-bfa1bd13f2c7', 'name': 'tempest-ServerPasswordTestJSON-1013275852-router', 'tenant_id': '2698e754adcb4795ad4365d23dffc6c0', 'admin_state_up': True, 'status': 'ACTIVE', 'external_gateway_info': {'network_id': 'efef8458-b17d-443e-8201-cda1826debf5', 'external_fixed_ips': [{'subnet_id': '958e99d4-69cc-4531-a9c5-d44da050a3b7', 'ip_address': '10.180.180.205'}], 'enable_snat': True}, 'description': '', 'availability_zones': [], 'distributed': False, 'ha': False, 'availability_zone_hints': [], 'routes': [], 'flavor_id': None, 'tags': [], 'created_at': '2025-12-11T10:44:53Z', 'updated_at': '2025-12-11T10:44:54Z', 'revision_number': 2, 'project_id': '2698e754adcb4795ad4365d23dffc6c0'}
2025-12-11 10:44:55.774 65444 INFO tempest.lib.common.rest_client [req-9617919a-238b-4bad-8116-fb44ee1a0dec req-9617919a-238b-4bad-8116-fb44ee1a0dec ] Request (ServerActionsTestOtherA:setUpClass): 200 GET http://10.180.1.21/compute/v2.1/servers/5d05644c-9c56-4b76-bbdb-90a0facc1418 3.308s
2025-12-11 10:44:55.781 65444 INFO tempest.common.waiters [-] State transition "BUILD/scheduling" ==> "BUILD/None" after 4 second wait
2025-12-11 10:44:55.917 65500 INFO tempest.lib.common.rest_client [req-2e6632fa-814d-4a7c-a712-2462cb5bdd6d req-2e6632fa-814d-4a7c-a712-2462cb5bdd6d ] Request (ImagesOneServerTestJSON:tearDownClass): 200 GET http://10.180.1.21/compute/v2.1/servers/17b8d396-a6e2-4e76-9c9e-99afe5a955d2 3.241s
2025-12-11 10:44:55.919 65484 INFO tempest.lib.common.rest_client [req-4831988f-852a-472f-aa69-833ba88b8d8d req-4831988f-852a-472f-aa69-833ba88b8d8d ] Request (ServerPasswordTestJSON:setUpClass): 201 POST http://10.180.1.21/identity/v3/auth/tokens 0.170s
2025-12-11 10:44:55.955 65484 INFO tempest.lib.common.rest_client [req-b4a0f24d-37ab-46f5-b5ec-82557a73590b req-b4a0f24d-37ab-46f5-b5ec-82557a73590b ] Request (ServerPasswordTestJSON:setUpClass): 201 POST http://10.180.1.21/identity/v3/auth/tokens 0.033s
2025-12-11 10:44:55.957 65484 INFO tempest.lib.common.fixed_network [-] (ServerPasswordTestJSON:setUpClass) Found network {'id': 'c39b908a-3a6e-451f-9010-2bd34395b0f2', 'name': 'tempest-ServerPasswordTestJSON-1013275852-network', 'tenant_id': '2698e754adcb4795ad4365d23dffc6c0', 'project_id': '2698e754adcb4795ad4365d23dffc6c0', 'admin_state_up': True, 'mtu': 8950, 'status': 'ACTIVE', 'subnets': [], 'shared': False, 'port_security_enabled': True, 'router:external': False, 'provider:network_type': 'vlan', 'provider:physical_network': 'default', 'provider:segmentation_id': 77, 'availability_zone_hints': [], 'availability_zones': [], 'ipv4_address_scope': None, 'ipv6_address_scope': None, 'description': '', 'tags': [], 'created_at': '2025-12-11T10:44:52Z', 'updated_at': '2025-12-11T10:44:52Z', 'revision_number': 1} available for tenant
2025-12-11 10:44:55.978 65466 INFO tempest.lib.common.rest_client [req-ad855aca-a6f6-418e-a17c-0f66f1cdf7a7 req-ad855aca-a6f6-418e-a17c-0f66f1cdf7a7 ] Request (ServersNegativeTestMultiTenantJSON:setUp): 200 GET http://10.180.1.21/compute/v2.1/servers/8819621a-2126-40a1-a6f3-b437a502be30 3.410s
2025-12-11 10:44:56.032 65462 INFO tempest.lib.common.rest_client [req-f024d266-4b16-460a-965d-bc2c74de2dd9 req-f024d266-4b16-460a-965d-bc2c74de2dd9 ] Request (SecurityGroupsTestJSON:test_server_security_groups): 200 GET http://10.180.1.21/compute/v2.1/servers/14faf779-dd1f-4a2b-9356-bd8925458975 3.006s
2025-12-11 10:44:56.141 65478 INFO tempest.lib.common.rest_client [req-e790a4b6-e59d-40c9-bcd4-f3298e26fe41 req-e790a4b6-e59d-40c9-bcd4-f3298e26fe41 ] Request (ServersWithSpecificFlavorTestJSON:test_verify_created_server_ephemeral_disk): 200 GET http://10.180.1.21/compute/v2.1/servers/77583753-4e36-43c7-8375-8ec13d7fad49 2.678s
2025-12-11 10:44:56.150 65478 INFO tempest.lib.common.ssh [-] Creating ssh connection to '10.180.180.176:22' as 'cirros' with public key authentication
2025-12-11 10:44:56.157 65502 INFO tempest.lib.common.rest_client [req-0cd177d7-1564-498b-bba5-dc624d2784a3 req-0cd177d7-1564-498b-bba5-dc624d2784a3 ] Request (ListImageFiltersTestJSON:test_list_images_with_detail_filter_by_changes_since): 200 GET http://10.180.1.21/compute/v2.1/images/detail?changes-since=2025-12-11T10%3A42%3A15Z 2.554s
2025-12-11 10:44:56.211 65474 INFO tempest.lib.common.rest_client [req-260e69bb-0671-4bb9-9f35-634ea534395c req-260e69bb-0671-4bb9-9f35-634ea534395c ] Request (ServerShowV254Test:test_rebuild_server): 200 GET http://10.180.1.21/compute/v2.1/servers/a59dd6fe-822b-49a9-88e6-1036d3167559 1.699s
2025-12-11 10:44:56.228 65442 INFO tempest.lib.common.rest_client [req-b783cb72-63ef-442d-8aaf-f1cb627bbd1f req-b783cb72-63ef-442d-8aaf-f1cb627bbd1f ] Request (ServersAdminTestJSON:setUpClass): 200 GET http://10.180.1.21/compute/v2.1/servers/abdb2a00-e72c-4b90-88b4-0223dd8d808f 1.675s
2025-12-11 10:44:56.237 65442 INFO tempest.common.waiters [-] State transition "BUILD/scheduling" ==> "BUILD/None" after 3 second wait
2025-12-11 10:44:56.243 65450 INFO tempest.lib.common.rest_client [req-afe709fb-40b6-48ad-9fce-ebf6439090cd req-afe709fb-40b6-48ad-9fce-ebf6439090cd ] Request (InstanceActionsTestJSON:test_list_instance_actions): 200 GET http://10.180.1.21/compute/v2.1/servers/f4c06d03-2036-4148-b83c-1309533a6a2c/os-instance-actions 1.645s
2025-12-11 10:44:56.284 65448 INFO tempest.lib.common.rest_client [req-c41e289c-5e01-43c3-859e-4e34e59e27eb req-c41e289c-5e01-43c3-859e-4e34e59e27eb ] Request (KeyPairsNegativeTestJSON:test_create_keypair_with_empty_public_key): 400 POST http://10.180.1.21/compute/v2.1/os-keypairs 1.589s
2025-12-11 10:44:56.293 65492 INFO tempest.lib.common.rest_client [req-78cec293-0ba9-4973-bce8-211a6d680c84 req-78cec293-0ba9-4973-bce8-211a6d680c84 ] Request (ListServerFiltersTestJSON:test_list_servers_filtered_by_name_wildcard): 200 GET http://10.180.1.21/compute/v2.1/servers?name=-instance 1.607s
2025-12-11 10:44:56.367 65470 INFO tempest.lib.common.rest_client [req-322cb74d-6bdf-4bee-a34c-dfa8dca6b2c6 req-322cb74d-6bdf-4bee-a34c-dfa8dca6b2c6 ] Request (ServerShowV257Test:test_rebuild_server): 200 GET http://10.180.1.21/compute/v2.1/servers/03204b14-e84f-4a22-8a99-53625d647323 1.091s
2025-12-11 10:44:56.422 65464 INFO tempest.lib.common.rest_client [req-ede86382-da83-4b2e-a7af-3719d9734e00 req-ede86382-da83-4b2e-a7af-3719d9734e00 ] Request (ServerShowV247Test:test_update_rebuild_list_server): 202 POST http://10.180.1.21/compute/v2.1/servers 1.685s
2025-12-11 10:44:56.445 65460 INFO tempest.lib.common.rest_client [req-99a1e722-06f8-4678-ab69-8f688f87e588 req-99a1e722-06f8-4678-ab69-8f688f87e588 ] Request (VolumesAdminNegativeTest:tearDownClass): 200 GET http://10.180.1.21/compute/v2.1/servers/c447333e-6b84-4599-a092-babd6cdd56a0 1.025s
2025-12-11 10:44:56.445 65454 INFO tempest.lib.common.rest_client [req-05187abf-df53-429c-8194-e748be0f37c9 req-05187abf-df53-429c-8194-e748be0f37c9 ] Request (ServerMetadataNegativeTestJSON:tearDownClass): 200 PUT http://10.180.1.21/networking/v2.0/routers/144391a6-edfd-4093-bad1-7a414249341a/remove_router_interface 0.952s
2025-12-11 10:44:56.532 65496 INFO tempest.lib.common.rest_client [req-99204554-1625-4bc7-90f4-343494b9e59b req-99204554-1625-4bc7-90f4-343494b9e59b ] Request (ServerActionsTestOtherB:setUpClass): 200 GET http://10.180.1.21/compute/v2.1/servers/14b8aba6-3293-43fa-8133-85b028cc14e5 0.856s
2025-12-11 10:44:56.642 65472 INFO tempest.lib.common.rest_client [req-9e854b70-7f1f-46a9-a5ea-aef47eb49d5f req-9e854b70-7f1f-46a9-a5ea-aef47eb49d5f ] Request (AttachInterfacesUnderV243Test:_run_cleanups): 200 GET http://10.180.1.21/compute/v2.1/servers/309fd4d4-8ee5-4325-8c6d-0313252e2af7 0.865s
2025-12-11 10:44:56.724 65458 INFO tempest.lib.common.rest_client [req-bbf47ef6-07ee-4287-8687-06b09e0caa85 req-bbf47ef6-07ee-4287-8687-06b09e0caa85 ] Request (ServerDiagnosticsV248Test:test_get_server_diagnostics): 202 POST http://10.180.1.21/compute/v2.1/servers 1.062s
2025-12-11 10:44:56.899 65481 INFO tempest.lib.common.rest_client [req-303dabc0-66d6-4cd1-b0e7-06e6e6542df8 req-303dabc0-66d6-4cd1-b0e7-06e6e6542df8 ] Request (ServersNegativeTestJSON:setUpClass): 200 GET http://10.180.1.21/compute/v2.1/servers/944d06be-83a4-4b89-aa3b-f50d91fa91db 1.026s
2025-12-11 10:44:57.049 65466 INFO tempest.lib.common.rest_client [req-405e344b-f7f0-4e3e-b176-4c15655d625e req-405e344b-f7f0-4e3e-b176-4c15655d625e ] Request (ServersNegativeTestMultiTenantJSON:test_delete_a_server_of_another_tenant): 404 DELETE http://10.180.1.21/compute/v2.1/servers/8819621a-2126-40a1-a6f3-b437a502be30 1.062s
2025-12-11 10:44:57.070 65454 INFO tempest.lib.common.rest_client [req-18064287-84fd-4861-8838-166e47cf34b8 req-18064287-84fd-4861-8838-166e47cf34b8 ] Request (ServerMetadataNegativeTestJSON:tearDownClass): 204 DELETE http://10.180.1.21/networking/v2.0/routers/144391a6-edfd-4093-bad1-7a414249341a 0.624s
2025-12-11 10:44:57.080 65446 INFO tempest.lib.common.rest_client [req-83585b63-b4fd-400f-b0d2-e8b47108ea61 req-83585b63-b4fd-400f-b0d2-e8b47108ea61 ] Request (ServersAaction247Test:tearDownClass): 404 GET http://10.180.1.21/compute/v2.1/servers/6e1d077f-adfe-4ed0-8799-28d4ad8ff1c4 0.988s
2025-12-11 10:44:57.242 65446 INFO tempest.lib.common.rest_client [req-bc61413d-20d4-42f0-8192-48ad626ed5f6 req-bc61413d-20d4-42f0-8192-48ad626ed5f6 ] Request (ServersAaction247Test:tearDownClass): 204 DELETE http://10.180.1.21/identity/v3/users/155c11de0f034a86ba29d41b88d37ca0 0.161s
2025-12-11 10:44:57.242 65446 INFO tempest.lib.common.dynamic_creds [-] Deleting project and security group for project: ae045c3a8d9a4eacbed43292f979dc8c
2025-12-11 10:44:57.265 65454 INFO tempest.lib.common.rest_client [req-1226449b-f7e5-4af3-9269-0549a950db5b req-1226449b-f7e5-4af3-9269-0549a950db5b ] Request (ServerMetadataNegativeTestJSON:tearDownClass): 204 DELETE http://10.180.1.21/networking/v2.0/subnets/0d182045-cf72-4a66-aa7f-8d2828006802 0.194s
2025-12-11 10:44:57.299 65482 WARNING tempest.lib.common.ssh [-] Failed to establish authenticated ssh connection to cirros@10.180.180.154 ([Errno None] Unable to connect to port 22 on 10.180.180.154). Number attempts: 8. Retry after 9 seconds.: paramiko.ssh_exception.NoValidConnectionsError: [Errno None] Unable to connect to port 22 on 10.180.180.154
2025-12-11 10:44:57.323 65440 INFO tempest.lib.common.rest_client [req-99107ded-6fb7-45a1-a5e5-724cc71fd6e8 req-99107ded-6fb7-45a1-a5e5-724cc71fd6e8 ] Request (ImagesTestJSON:test_create_image_from_suspended_server): 200 GET http://10.180.1.21/compute/v2.1/servers/ee2d5597-d393-4c34-b289-371886164013 1.177s
2025-12-11 10:44:57.324 65446 INFO tempest.lib.common.rest_client [req-679ea867-6c29-49a9-8026-8cb0dc962779 req-679ea867-6c29-49a9-8026-8cb0dc962779 ] Request (ServersAaction247Test:tearDownClass): 201 POST http://10.180.1.21/identity/v3/auth/tokens 0.081s
2025-12-11 10:44:57.331 65440 INFO tempest.common.waiters [-] State transition "BUILD/spawning" ==> "ACTIVE/None" after 39 second wait
2025-12-11 10:44:57.395 65502 INFO tempest.lib.common.rest_client [req-f341ace7-5d87-4725-b054-853943a88550 req-f341ace7-5d87-4725-b054-853943a88550 ] Request (ListImageFiltersTestJSON:test_list_images_with_detail_filter_by_name): 200 GET http://10.180.1.21/compute/v2.1/images/detail?name=tempest-ListImageFiltersTestJSON-image-515166318 1.231s
2025-12-11 10:44:57.452 65484 INFO tempest.lib.common.rest_client [req-01a6ffa5-9d85-4274-a43f-d81e874a062a req-01a6ffa5-9d85-4274-a43f-d81e874a062a ] Request (ServerPasswordTestJSON:setUpClass): 202 POST http://10.180.1.21/compute/v2.1/servers 1.494s
2025-12-11 10:44:57.460 65448 INFO tempest.lib.common.rest_client [req-6862c0c2-f4a8-4f7e-9ffd-1dacf233295d req-6862c0c2-f4a8-4f7e-9ffd-1dacf233295d ] Request (KeyPairsNegativeTestJSON:test_create_keypair_with_long_keynames): 400 POST http://10.180.1.21/compute/v2.1/os-keypairs 1.174s
2025-12-11 10:44:57.487 65450 INFO tempest.lib.common.rest_client [req-0a74de0d-da53-4987-9059-f9dc1bbfdb30 req-0a74de0d-da53-4987-9059-f9dc1bbfdb30 ] Request (InstanceActionsTestJSON:tearDownClass): 204 DELETE http://10.180.1.21/compute/v2.1/servers/f4c06d03-2036-4148-b83c-1309533a6a2c 1.240s
2025-12-11 10:44:57.526 65492 INFO tempest.lib.common.rest_client [req-1687645e-1104-4c53-bccc-ebbdee9c3390 req-1687645e-1104-4c53-bccc-ebbdee9c3390 ] Request (ListServerFiltersTestJSON:test_list_servers_filtered_by_name_wildcard): 200 GET http://10.180.1.21/compute/v2.1/servers?name=t-ListServerFiltersTestJSON-instance-171202804 1.230s
2025-12-11 10:44:57.566 65464 INFO tempest.lib.common.rest_client [req-37cd8826-ad8d-4bd1-a5e1-c00b35e13a69 req-37cd8826-ad8d-4bd1-a5e1-c00b35e13a69 ] Request (ServerShowV247Test:test_update_rebuild_list_server): 200 PUT http://10.180.1.21/compute/v2.1/servers/4f243f3b-d655-406a-9aeb-35d847568527 1.141s
2025-12-11 10:44:57.591 65446 INFO tempest.lib.common.rest_client [req-466b43a3-dcf8-454e-ad17-c6d5297418d6 req-466b43a3-dcf8-454e-ad17-c6d5297418d6 ] Request (ServersAaction247Test:tearDownClass): 200 GET http://10.180.1.21/networking/v2.0/security-groups?tenant_id=ae045c3a8d9a4eacbed43292f979dc8c&name=default 0.267s
2025-12-11 10:44:57.620 65452 INFO tempest.lib.common.rest_client [req-388d0c20-47a6-4e6f-9ab0-1be29efa3220 req-388d0c20-47a6-4e6f-9ab0-1be29efa3220 ] Request (MigrationsAdminTest:test_list_migrations_in_flavor_resize_situation): 200 GET http://10.180.1.21/compute/v2.1/servers/ed3cd639-818c-47b5-a5a0-14fc65359d1b 1.161s
2025-12-11 10:44:57.631 65454 INFO tempest.lib.common.rest_client [req-8c6c8110-e19c-475f-b8b1-0be4c0c2efce req-8c6c8110-e19c-475f-b8b1-0be4c0c2efce ] Request (ServerMetadataNegativeTestJSON:tearDownClass): 204 DELETE http://10.180.1.21/networking/v2.0/networks/ad73e57c-c603-4fac-916f-601273473add 0.365s
2025-12-11 10:44:57.667 65489 INFO tempest.lib.common.rest_client [req-11c378a5-c774-41ce-9bb7-e1a1b32cff6f req-11c378a5-c774-41ce-9bb7-e1a1b32cff6f ] Request (VolumesAssistedSnapshotsTest:tearDownClass): 200 GET http://10.180.1.21/compute/v2.1/servers/cec7dc4f-799e-4013-a322-a93223d303c3 1.195s
2025-12-11 10:44:57.696 65446 INFO tempest.lib.common.rest_client [req-9fc16167-6ace-45be-91f6-9f075cc207d9 req-9fc16167-6ace-45be-91f6-9f075cc207d9 ] Request (ServersAaction247Test:tearDownClass): 204 DELETE http://10.180.1.21/networking/v2.0/security-groups/701fb3da-48e5-45b2-9593-dcce9fd41ad7 0.104s
2025-12-11 10:44:57.697 65458 INFO tempest.lib.common.rest_client [req-e2f12952-6f4b-4f48-9586-02174e351e93 req-e2f12952-6f4b-4f48-9586-02174e351e93 ] Request (ServerDiagnosticsV248Test:test_get_server_diagnostics): 200 GET http://10.180.1.21/compute/v2.1/servers/5d6d2d54-1792-4f15-ba37-0b884070925e 0.971s
2025-12-11 10:44:57.731 65454 INFO tempest.lib.common.rest_client [req-ccc4450f-275e-400f-b408-c3733bfef2ae req-ccc4450f-275e-400f-b408-c3733bfef2ae ] Request (ServerMetadataNegativeTestJSON:tearDownClass): 204 DELETE http://10.180.1.21/identity/v3/users/e862527f3f694a3d85c45108c1b781d6 0.099s
2025-12-11 10:44:57.731 65454 INFO tempest.lib.common.dynamic_creds [-] Deleting project and security group for project: ab3d420b1ff54c3e82b0cede12e515b8
2025-12-11 10:44:57.732 65444 INFO tempest.lib.common.rest_client [req-e4343d6f-6241-4100-9201-85a89dc391f1 req-e4343d6f-6241-4100-9201-85a89dc391f1 ] Request (ServerActionsTestOtherA:setUpClass): 200 GET http://10.180.1.21/compute/v2.1/servers/5d05644c-9c56-4b76-bbdb-90a0facc1418 0.948s
2025-12-11 10:44:57.764 65454 INFO tempest.lib.common.rest_client [req-34c4dfb5-bd8f-4f1a-b43b-edf8381a96de req-34c4dfb5-bd8f-4f1a-b43b-edf8381a96de ] Request (ServerMetadataNegativeTestJSON:tearDownClass): 200 GET http://10.180.1.21/networking/v2.0/security-groups?tenant_id=ab3d420b1ff54c3e82b0cede12e515b8&name=default 0.032s
2025-12-11 10:44:57.794 65500 INFO tempest.lib.common.rest_client [req-845f89b9-fc9d-43bd-8e96-eceab80ad6b8 req-845f89b9-fc9d-43bd-8e96-eceab80ad6b8 ] Request (ImagesOneServerTestJSON:tearDownClass): 200 GET http://10.180.1.21/compute/v2.1/servers/17b8d396-a6e2-4e76-9c9e-99afe5a955d2 0.865s
2025-12-11 10:44:57.805 65500 INFO tempest.common.waiters [-] State transition "ACTIVE/deleting" ==> "DELETED/None" after 2 second wait
2025-12-11 10:44:57.810 65462 INFO tempest.lib.common.rest_client [req-593aa069-113c-4cf2-8551-c7b715db3fc4 req-593aa069-113c-4cf2-8551-c7b715db3fc4 ] Request (SecurityGroupsTestJSON:test_server_security_groups): 200 GET http://10.180.1.21/compute/v2.1/servers/14faf779-dd1f-4a2b-9356-bd8925458975 0.769s
2025-12-11 10:44:57.879 65446 INFO tempest.lib.common.rest_client [req-a2c600b8-2fa5-4061-9c4e-8d983f4bedd8 req-a2c600b8-2fa5-4061-9c4e-8d983f4bedd8 ] Request (ServersAaction247Test:tearDownClass): 204 DELETE http://10.180.1.21/identity/v3/projects/ae045c3a8d9a4eacbed43292f979dc8c 0.183s
2025-12-11 10:44:57.901 65454 INFO tempest.lib.common.rest_client [req-d5be4359-a295-4c70-b0b6-f32bf35394ac req-d5be4359-a295-4c70-b0b6-f32bf35394ac ] Request (ServerMetadataNegativeTestJSON:tearDownClass): 204 DELETE http://10.180.1.21/networking/v2.0/security-groups/6825ea0a-b872-4921-b4ff-cfadbcf5f615 0.137s
2025-12-11 10:44:57.931 65474 INFO tempest.lib.common.rest_client [req-2887cede-b024-404e-8339-3091d4d0ef3c req-2887cede-b024-404e-8339-3091d4d0ef3c ] Request (ServerShowV254Test:test_rebuild_server): 200 GET http://10.180.1.21/compute/v2.1/servers/a59dd6fe-822b-49a9-88e6-1036d3167559 0.710s
2025-12-11 10:44:57.957 65446 INFO tempest.lib.common.rest_client [req-6a033cb4-f214-46cf-9308-9990264dde5f req-6a033cb4-f214-46cf-9308-9990264dde5f ] Request (ServerRescueTestJSONUnderV235:setUpClass): 201 POST http://10.180.1.21/identity/v3/auth/tokens 0.076s
2025-12-11 10:44:57.994 65466 INFO tempest.lib.common.rest_client [req-0faa0b44-47e5-4199-ba33-78dacd7b9d62 req-0faa0b44-47e5-4199-ba33-78dacd7b9d62 ] Request (ServersNegativeTestMultiTenantJSON:setUp): 200 GET http://10.180.1.21/compute/v2.1/servers/8819621a-2126-40a1-a6f3-b437a502be30 0.944s
2025-12-11 10:44:57.995 65442 INFO tempest.lib.common.rest_client [req-7aad929e-6726-4edc-8c44-3c5ce50c8eb1 req-7aad929e-6726-4edc-8c44-3c5ce50c8eb1 ] Request (ServersAdminTestJSON:setUpClass): 200 GET http://10.180.1.21/compute/v2.1/servers/abdb2a00-e72c-4b90-88b4-0223dd8d808f 0.757s
2025-12-11 10:44:58.003 65446 INFO tempest.lib.common.rest_client [req-0f2476a1-94b5-46da-b114-766a601a834b req-0f2476a1-94b5-46da-b114-766a601a834b ] Request (ServerRescueTestJSONUnderV235:setUpClass): 201 POST http://10.180.1.21/identity/v3/auth/tokens 0.043s
2025-12-11 10:44:58.043 65454 INFO tempest.lib.common.rest_client [req-7c646dee-b840-414d-b849-d3e70908e10f req-7c646dee-b840-414d-b849-d3e70908e10f ] Request (ServerMetadataNegativeTestJSON:tearDownClass): 204 DELETE http://10.180.1.21/identity/v3/projects/ab3d420b1ff54c3e82b0cede12e515b8 0.141s
2025-12-11 10:44:58.066 65470 INFO tempest.lib.common.rest_client [req-62ff8849-ae49-40cd-8a39-0d9259d7ff9b req-62ff8849-ae49-40cd-8a39-0d9259d7ff9b ] Request (ServerShowV257Test:test_rebuild_server): 200 GET http://10.180.1.21/compute/v2.1/servers/03204b14-e84f-4a22-8a99-53625d647323 0.690s
2025-12-11 10:44:58.068 65446 INFO tempest.lib.common.rest_client [req-3893ce3f-23be-4ef0-8b70-bda8b8f18d81 req-3893ce3f-23be-4ef0-8b70-bda8b8f18d81 ] Request (ServerRescueTestJSONUnderV235:setUpClass): 200 GET http://10.180.1.21/identity/v3/domains?name=Default 0.065s
2025-12-11 10:44:58.082 65454 INFO tempest.lib.common.rest_client [req-4eda4ee8-421b-43ab-a191-2f456a2dc64d req-4eda4ee8-421b-43ab-a191-2f456a2dc64d ] Request (ExtensionsTest:setUpClass): 201 POST http://10.180.1.21/identity/v3/auth/tokens 0.038s
2025-12-11 10:44:58.088 65476 WARNING tempest.lib.common.ssh [-] Failed to establish authenticated ssh connection to cirros@10.180.180.207 ([Errno None] Unable to connect to port 22 on 10.180.180.207). Number attempts: 9. Retry after 10 seconds.: paramiko.ssh_exception.NoValidConnectionsError: [Errno None] Unable to connect to port 22 on 10.180.180.207
2025-12-11 10:44:58.108 65440 INFO tempest.lib.common.rest_client [req-45a3eea0-a911-4b66-9d14-a15e415b91f3 req-45a3eea0-a911-4b66-9d14-a15e415b91f3 ] Request (ImagesTestJSON:test_create_image_from_suspended_server): 202 POST http://10.180.1.21/compute/v2.1/servers/ee2d5597-d393-4c34-b289-371886164013/action 0.776s
2025-12-11 10:44:58.120 65446 INFO tempest.lib.common.rest_client [req-e61ff9fe-308a-4cc2-ab28-391e51b4553e req-e61ff9fe-308a-4cc2-ab28-391e51b4553e ] Request (ServerRescueTestJSONUnderV235:setUpClass): 201 POST http://10.180.1.21/identity/v3/projects 0.051s
2025-12-11 10:44:58.123 65454 INFO tempest.lib.common.rest_client [req-b5d52df0-fe18-487b-a3de-0726a55acdca req-b5d52df0-fe18-487b-a3de-0726a55acdca ] Request (ExtensionsTest:setUpClass): 201 POST http://10.180.1.21/identity/v3/auth/tokens 0.038s
2025-12-11 10:44:58.141 65502 INFO tempest.lib.common.rest_client [req-d709b390-a083-4502-8de5-90ad67525b60 req-d709b390-a083-4502-8de5-90ad67525b60 ] Request (ListImageFiltersTestJSON:test_list_images_with_detail_filter_by_server_ref): 200 GET http://10.180.1.21/compute/v2.1/images/detail?server=http%3A%2F%2F10.180.1.21%2Fcompute%2Fv2.1%2Fservers%2Fa234c9a6-70ef-4445-a6bf-ac913ae6c624 0.737s
2025-12-11 10:44:58.167 65484 INFO tempest.lib.common.rest_client [req-af674de0-b21d-4c6e-98fa-06b599bb5448 req-af674de0-b21d-4c6e-98fa-06b599bb5448 ] Request (ServerPasswordTestJSON:setUpClass): 200 GET http://10.180.1.21/compute/v2.1/servers/c4d60ba6-f72d-460c-a5ef-e355af5628ea 0.713s
2025-12-11 10:44:58.191 65446 INFO tempest.lib.common.rest_client [req-2d904099-f706-4e6b-972f-f1eaca781cb3 req-2d904099-f706-4e6b-972f-f1eaca781cb3 ] Request (ServerRescueTestJSONUnderV235:setUpClass): 201 POST http://10.180.1.21/identity/v3/users 0.071s
2025-12-11 10:44:58.199 65448 INFO tempest.lib.common.rest_client [req-c8ae6bd3-d2f3-4001-91be-b8be65905e8b req-c8ae6bd3-d2f3-4001-91be-b8be65905e8b ] Request (KeyPairsNegativeTestJSON:test_keypair_create_with_invalid_pub_key): 400 POST http://10.180.1.21/compute/v2.1/os-keypairs 0.738s
2025-12-11 10:44:58.203 65454 INFO tempest.lib.common.rest_client [req-01e12009-b231-4bd6-b044-c634cd9b9e55 req-01e12009-b231-4bd6-b044-c634cd9b9e55 ] Request (ExtensionsTest:setUpClass): 200 GET http://10.180.1.21/identity/v3/domains?name=Default 0.079s
2025-12-11 10:44:58.218 65460 INFO tempest.lib.common.rest_client [req-3fe9ee92-5374-4999-896d-185d1c327477 req-3fe9ee92-5374-4999-896d-185d1c327477 ] Request (VolumesAdminNegativeTest:tearDownClass): 200 GET http://10.180.1.21/compute/v2.1/servers/c447333e-6b84-4599-a092-babd6cdd56a0 0.760s
2025-12-11 10:44:58.222 65446 INFO tempest.lib.common.rest_client [req-6c31b1a4-a814-40a2-a0ae-a7fe2db3cd64 req-6c31b1a4-a814-40a2-a0ae-a7fe2db3cd64 ] Request (ServerRescueTestJSONUnderV235:setUpClass): 200 GET http://10.180.1.21/identity/v3/roles 0.030s
2025-12-11 10:44:58.240 65454 INFO tempest.lib.common.rest_client [req-89761be0-9498-4fdc-8097-27d06da22e1f req-89761be0-9498-4fdc-8097-27d06da22e1f ] Request (ExtensionsTest:setUpClass): 201 POST http://10.180.1.21/identity/v3/projects 0.036s
2025-12-11 10:44:58.259 65446 INFO tempest.lib.common.rest_client [req-78ac7b4e-3528-42d0-9854-7332e8268220 req-78ac7b4e-3528-42d0-9854-7332e8268220 ] Request (ServerRescueTestJSONUnderV235:setUpClass): 204 PUT http://10.180.1.21/identity/v3/projects/9e8f7b81ae4146079fe7e8a21260e770/users/f33b29cad01647c4a8356ce430edddc7/roles/c32f305414db485cb0d3ae6e926fe9bd 0.036s
2025-12-11 10:44:58.259 65446 INFO tempest.lib.common.dynamic_creds [-] Dynamic test user f33b29cad01647c4a8356ce430edddc7 is created with scope project and roles: ['member']
2025-12-11 10:44:58.260 65446 INFO tempest.lib.common.dynamic_creds [-] Acquired dynamic creds: credentials: Credentials: {'domain_id': 'default', 'domain_name': 'Default', 'username': 'tempest-ServerRescueTestJSONUnderV235-551811606-project-member', 'project_domain_id': 'default', 'project_domain_name': 'Default', 'project_id': '9e8f7b81ae4146079fe7e8a21260e770', 'project_name': 'tempest-ServerRescueTestJSONUnderV235-551811606', 'tenant_id': '9e8f7b81ae4146079fe7e8a21260e770', 'tenant_name': 'tempest-ServerRescueTestJSONUnderV235-551811606', 'user_domain_id': 'default', 'user_domain_name': 'Default', 'user_id': 'f33b29cad01647c4a8356ce430edddc7', 'system': None}, Network: None, Subnet: None, Router: None
2025-12-11 10:44:58.298 65492 INFO tempest.lib.common.rest_client [req-9ff5e61b-4ed9-4220-82c3-1bbcf21136c8 req-9ff5e61b-4ed9-4220-82c3-1bbcf21136c8 ] Request (ListServerFiltersTestJSON:tearDownClass): 204 DELETE http://10.180.1.21/compute/v2.1/servers/dc4a2b5a-f9d5-438f-a8da-72e381e229f9 0.770s
2025-12-11 10:44:58.323 65446 INFO tempest.lib.common.rest_client [req-0db2d57e-5fd5-4f46-b3c7-a7d91fea37c5 req-0db2d57e-5fd5-4f46-b3c7-a7d91fea37c5 ] Request (ServerRescueTestJSONUnderV235:setUpClass): 201 POST http://10.180.1.21/identity/v3/auth/tokens 0.063s
2025-12-11 10:44:58.350 65450 INFO tempest.lib.common.rest_client [req-1fb657f5-8408-47cd-a73a-61785409dcc1 req-1fb657f5-8408-47cd-a73a-61785409dcc1 ] Request (InstanceActionsTestJSON:tearDownClass): 200 GET http://10.180.1.21/compute/v2.1/servers/f4c06d03-2036-4148-b83c-1309533a6a2c 0.862s
2025-12-11 10:44:58.360 65454 INFO tempest.lib.common.rest_client [req-14398fef-f4d3-461b-9b8d-26e22d6ffeda req-14398fef-f4d3-461b-9b8d-26e22d6ffeda ] Request (ExtensionsTest:setUpClass): 201 POST http://10.180.1.21/identity/v3/users 0.119s
2025-12-11 10:44:58.366 65496 INFO tempest.lib.common.rest_client [req-2e8d204b-e824-4be6-8b24-489833ae7531 req-2e8d204b-e824-4be6-8b24-489833ae7531 ] Request (ServerActionsTestOtherB:setUpClass): 200 GET http://10.180.1.21/compute/v2.1/servers/14b8aba6-3293-43fa-8133-85b028cc14e5 0.820s
2025-12-11 10:44:58.383 65454 INFO tempest.lib.common.rest_client [req-3ef3a242-b9e7-40af-8f2d-0898fbbd41bf req-3ef3a242-b9e7-40af-8f2d-0898fbbd41bf ] Request (ExtensionsTest:setUpClass): 200 GET http://10.180.1.21/identity/v3/roles 0.023s
2025-12-11 10:44:58.428 65464 INFO tempest.lib.common.rest_client [req-4cd4dec5-cf22-4e23-9e1e-b55841c31200 req-4cd4dec5-cf22-4e23-9e1e-b55841c31200 ] Request (ServerShowV247Test:test_update_rebuild_list_server): 200 GET http://10.180.1.21/compute/v2.1/servers/4f243f3b-d655-406a-9aeb-35d847568527 0.849s
2025-12-11 10:44:58.431 65454 INFO tempest.lib.common.rest_client [req-5f15481e-0a2b-4f1a-ad26-3406874ed0b2 req-5f15481e-0a2b-4f1a-ad26-3406874ed0b2 ] Request (ExtensionsTest:setUpClass): 204 PUT http://10.180.1.21/identity/v3/projects/1c30ca8020b2456a931bd81a14f70eba/users/a7cfd577a236461db20f9534777925df/roles/c32f305414db485cb0d3ae6e926fe9bd 0.048s
2025-12-11 10:44:58.431 65454 INFO tempest.lib.common.dynamic_creds [-] Dynamic test user a7cfd577a236461db20f9534777925df is created with scope project and roles: ['member']
2025-12-11 10:44:58.431 65454 INFO tempest.lib.common.dynamic_creds [-] Acquired dynamic creds: credentials: Credentials: {'domain_id': 'default', 'domain_name': 'Default', 'username': 'tempest-ExtensionsTest-63171728-project-member', 'project_domain_id': 'default', 'project_domain_name': 'Default', 'project_id': '1c30ca8020b2456a931bd81a14f70eba', 'project_name': 'tempest-ExtensionsTest-63171728', 'tenant_id': '1c30ca8020b2456a931bd81a14f70eba', 'tenant_name': 'tempest-ExtensionsTest-63171728', 'user_domain_id': 'default', 'user_domain_name': 'Default', 'user_id': 'a7cfd577a236461db20f9534777925df', 'system': None}, Network: None, Subnet: None, Router: None
2025-12-11 10:44:58.431 65454 INFO tempest.lib.common.dynamic_creds [-] Created isolated network resources for: credentials: Credentials: {'domain_id': 'default', 'domain_name': 'Default', 'username': 'tempest-ExtensionsTest-63171728-project-member', 'project_domain_id': 'default', 'project_domain_name': 'Default', 'project_id': '1c30ca8020b2456a931bd81a14f70eba', 'project_name': 'tempest-ExtensionsTest-63171728', 'tenant_id': '1c30ca8020b2456a931bd81a14f70eba', 'tenant_name': 'tempest-ExtensionsTest-63171728', 'user_domain_id': 'default', 'user_domain_name': 'Default', 'user_id': 'a7cfd577a236461db20f9534777925df', 'system': None}, Network: None, Subnet: None, Router: None
2025-12-11 10:44:58.450 65472 INFO tempest.lib.common.rest_client [req-992a7c79-31f9-431c-9bad-5a00b3a1b713 req-992a7c79-31f9-431c-9bad-5a00b3a1b713 ] Request (AttachInterfacesUnderV243Test:_run_cleanups): 200 GET http://10.180.1.21/compute/v2.1/servers/309fd4d4-8ee5-4325-8c6d-0313252e2af7 0.799s
2025-12-11 10:44:58.478 65466 INFO tempest.lib.common.rest_client [req-cf3d6aff-d1ed-4327-adc5-87c50018a9ee req-cf3d6aff-d1ed-4327-adc5-87c50018a9ee ] Request (ServersNegativeTestMultiTenantJSON:test_update_server_of_another_tenant): 404 PUT http://10.180.1.21/compute/v2.1/servers/8819621a-2126-40a1-a6f3-b437a502be30 0.471s
2025-12-11 10:44:58.518 65454 INFO tempest.lib.common.rest_client [req-18bf3f07-d8c7-4a67-9b33-cd681ada9d2d req-18bf3f07-d8c7-4a67-9b33-cd681ada9d2d ] Request (ExtensionsTest:setUpClass): 201 POST http://10.180.1.21/identity/v3/auth/tokens 0.083s
2025-12-11 10:44:58.613 65446 INFO tempest.lib.common.rest_client [req-14fc7473-1113-4d2d-94d2-2982ac41a3f6 req-14fc7473-1113-4d2d-94d2-2982ac41a3f6 ] Request (ServerRescueTestJSONUnderV235:setUpClass): 201 POST http://10.180.1.21/networking/v2.0/networks 0.289s
2025-12-11 10:44:58.629 65481 INFO tempest.lib.common.rest_client [req-b3bef81a-f486-43b3-bd05-fa2e7c69c648 req-b3bef81a-f486-43b3-bd05-fa2e7c69c648 ] Request (ServersNegativeTestJSON:setUpClass): 200 GET http://10.180.1.21/compute/v2.1/servers/944d06be-83a4-4b89-aa3b-f50d91fa91db 0.719s
2025-12-11 10:44:58.651 65440 INFO tempest.lib.common.rest_client [req-8fd180e8-8f8f-40bc-845e-4a5ff5d0becf req-8fd180e8-8f8f-40bc-845e-4a5ff5d0becf ] Request (ImagesTestJSON:test_create_image_from_suspended_server): 200 GET http://10.180.1.21/compute/v2.1/servers/ee2d5597-d393-4c34-b289-371886164013 0.543s
2025-12-11 10:44:58.684 65502 INFO tempest.lib.common.rest_client [req-1e1f4516-48d6-4315-88f8-07bee1a8e1a0 req-1e1f4516-48d6-4315-88f8-07bee1a8e1a0 ] Request (ListImageFiltersTestJSON:test_list_images_with_detail_filter_by_server_ref): 200 GET http://10.180.1.21/compute/v2.1/images/detail?server=http%3A%2F%2F10.180.1.21%2Fcompute%2Fservers%2Fa234c9a6-70ef-4445-a6bf-ac913ae6c624 0.539s
2025-12-11 10:44:58.693 65448 INFO tempest.lib.common.rest_client [req-59a2e66a-e6ef-40de-a340-a4a446fb2dcc req-59a2e66a-e6ef-40de-a340-a4a446fb2dcc ] Request (KeyPairsNegativeTestJSON:test_keypair_delete_nonexistent_key): 404 DELETE http://10.180.1.21/compute/v2.1/os-keypairs/tempest-keypair-non-existent-1546577767 0.492s
2025-12-11 10:44:58.838 65466 INFO tempest.lib.common.rest_client [req-d5fc29c8-a62a-4476-a776-6c8f96c155f7 req-d5fc29c8-a62a-4476-a776-6c8f96c155f7 ] Request (ServersNegativeTestMultiTenantJSON:tearDownClass): 204 DELETE http://10.180.1.21/compute/v2.1/servers/8819621a-2126-40a1-a6f3-b437a502be30 0.355s
2025-12-11 10:44:58.884 65446 INFO tempest.lib.common.rest_client [req-2e7d389d-c10c-4d20-a603-801e98ffa764 req-2e7d389d-c10c-4d20-a603-801e98ffa764 ] Request (ServerRescueTestJSONUnderV235:setUpClass): 201 POST http://10.180.1.21/networking/v2.0/subnets 0.271s
2025-12-11 10:44:58.915 65448 INFO tempest.lib.common.rest_client [req-9ae4648c-cdf5-4d90-a4f5-b61b44fa3f8c req-9ae4648c-cdf5-4d90-a4f5-b61b44fa3f8c ] Request (KeyPairsNegativeTestJSON:tearDownClass): 204 DELETE http://10.180.1.21/identity/v3/users/d1d5056ecb9b4d3b892faa87743b95e0 0.220s
2025-12-11 10:44:58.915 65448 INFO tempest.lib.common.dynamic_creds [-] Deleting project and security group for project: bf7fde2afb814c20883080bd1dbe76f3
2025-12-11 10:44:58.951 65492 INFO tempest.lib.common.rest_client [req-3a3c9dd7-35d2-4ea2-b53d-a588aa1154d8 req-3a3c9dd7-35d2-4ea2-b53d-a588aa1154d8 ] Request (ListServerFiltersTestJSON:tearDownClass): 200 GET http://10.180.1.21/compute/v2.1/servers/dc4a2b5a-f9d5-438f-a8da-72e381e229f9 0.652s
2025-12-11 10:44:58.993 65448 INFO tempest.lib.common.rest_client [req-091a8e41-ec59-485d-962d-31212f5ab5fd req-091a8e41-ec59-485d-962d-31212f5ab5fd ] Request (KeyPairsNegativeTestJSON:tearDownClass): 201 POST http://10.180.1.21/identity/v3/auth/tokens 0.078s
2025-12-11 10:44:59.045 65454 INFO tempest.lib.common.rest_client [req-f4a677e3-2fe0-4ecd-9a18-6c9a8b3cffc1 req-f4a677e3-2fe0-4ecd-9a18-6c9a8b3cffc1 ] Request (ExtensionsTest:test_get_extension): 200 GET http://10.180.1.21/compute/v2.1/extensions/os-consoles 0.525s
2025-12-11 10:44:59.191 65448 INFO tempest.lib.common.rest_client [req-8a4e3583-3501-4a85-88b1-0ef6d3423136 req-8a4e3583-3501-4a85-88b1-0ef6d3423136 ] Request (KeyPairsNegativeTestJSON:tearDownClass): 200 GET http://10.180.1.21/networking/v2.0/security-groups?tenant_id=bf7fde2afb814c20883080bd1dbe76f3&name=default 0.197s
2025-12-11 10:44:59.201 65478 WARNING tempest.lib.common.ssh [-] Failed to establish authenticated ssh connection to cirros@10.180.180.176 ([Errno None] Unable to connect to port 22 on 10.180.180.176). Number attempts: 1. Retry after 2 seconds.: paramiko.ssh_exception.NoValidConnectionsError: [Errno None] Unable to connect to port 22 on 10.180.180.176
2025-12-11 10:44:59.213 65452 INFO tempest.lib.common.rest_client [req-da40d2e9-7491-4216-806f-c5694642b659 req-da40d2e9-7491-4216-806f-c5694642b659 ] Request (MigrationsAdminTest:test_list_migrations_in_flavor_resize_situation): 200 GET http://10.180.1.21/compute/v2.1/servers/ed3cd639-818c-47b5-a5a0-14fc65359d1b 0.583s
2025-12-11 10:44:59.225 65452 INFO tempest.common.waiters [-] State transition "BUILD/None" ==> "BUILD/networking" after 28 second wait
2025-12-11 10:44:59.300 65502 INFO tempest.lib.common.rest_client [req-26f6bdd4-8ad9-42e7-a679-92205d90feb5 req-26f6bdd4-8ad9-42e7-a679-92205d90feb5 ] Request (ListImageFiltersTestJSON:test_list_images_with_detail_filter_by_status): 200 GET http://10.180.1.21/compute/v2.1/images/detail?status=ACTIVE 0.609s
2025-12-11 10:44:59.669 65489 INFO tempest.lib.common.rest_client [req-389dafd9-29af-4c27-8a98-3c6087a230e0 req-389dafd9-29af-4c27-8a98-3c6087a230e0 ] Request (VolumesAssistedSnapshotsTest:tearDownClass): 200 GET http://10.180.1.21/compute/v2.1/servers/cec7dc4f-799e-4013-a322-a93223d303c3 0.992s
2025-12-11 10:44:59.723 65446 INFO tempest.lib.common.rest_client [req-e8c7ce7a-b61e-4bca-91b6-3357d5898e52 req-e8c7ce7a-b61e-4bca-91b6-3357d5898e52 ] Request (ServerRescueTestJSONUnderV235:setUpClass): 201 POST http://10.180.1.21/networking/v2.0/routers 0.838s
2025-12-11 10:44:59.751 65458 INFO tempest.lib.common.rest_client [req-47d33ab3-7910-4321-84b5-a373a0c36819 req-47d33ab3-7910-4321-84b5-a373a0c36819 ] Request (ServerDiagnosticsV248Test:test_get_server_diagnostics): 200 GET http://10.180.1.21/compute/v2.1/servers/5d6d2d54-1792-4f15-ba37-0b884070925e 1.042s
2025-12-11 10:44:59.799 65448 INFO tempest.lib.common.rest_client [req-6af217a7-24f1-4744-9837-ed4e7990f833 req-6af217a7-24f1-4744-9837-ed4e7990f833 ] Request (KeyPairsNegativeTestJSON:tearDownClass): 204 DELETE http://10.180.1.21/networking/v2.0/security-groups/d1b3f96b-2002-4aca-8013-f4219a5834fd 0.608s
2025-12-11 10:44:59.897 65448 INFO tempest.lib.common.rest_client [req-fcd29586-736d-431e-95d9-913d2f504f1f req-fcd29586-736d-431e-95d9-913d2f504f1f ] Request (KeyPairsNegativeTestJSON:tearDownClass): 204 DELETE http://10.180.1.21/identity/v3/projects/bf7fde2afb814c20883080bd1dbe76f3 0.097s
2025-12-11 10:44:59.940 65444 INFO tempest.lib.common.rest_client [req-fe80dd13-2381-47d3-90ff-79e5277a51b6 req-fe80dd13-2381-47d3-90ff-79e5277a51b6 ] Request (ServerActionsTestOtherA:setUpClass): 200 GET http://10.180.1.21/compute/v2.1/servers/5d05644c-9c56-4b76-bbdb-90a0facc1418 1.197s
2025-12-11 10:44:59.988 65448 INFO tempest.lib.common.rest_client [req-68a1b9cc-c386-4d68-824d-a7db41b3f191 req-68a1b9cc-c386-4d68-824d-a7db41b3f191 ] Request (ServersV294TestFqdnHostnames:setUpClass): 201 POST http://10.180.1.21/identity/v3/auth/tokens 0.090s
2025-12-11 10:45:00.029 65448 INFO tempest.lib.common.rest_client [req-a7309ef0-95a6-4aee-9be0-e68e282e73a0 req-a7309ef0-95a6-4aee-9be0-e68e282e73a0 ] Request (ServersV294TestFqdnHostnames:setUpClass): 201 POST http://10.180.1.21/identity/v3/auth/tokens 0.038s
2025-12-11 10:45:00.061 65448 INFO tempest.lib.common.rest_client [req-7567c673-7482-4a74-bc4d-e8eb302b8d33 req-7567c673-7482-4a74-bc4d-e8eb302b8d33 ] Request (ServersV294TestFqdnHostnames:setUpClass): 200 GET http://10.180.1.21/identity/v3/domains?name=Default 0.032s
2025-12-11 10:45:00.097 65448 INFO tempest.lib.common.rest_client [req-222104a9-0928-4030-8c6f-679ea60ca0be req-222104a9-0928-4030-8c6f-679ea60ca0be ] Request (ServersV294TestFqdnHostnames:setUpClass): 201 POST http://10.180.1.21/identity/v3/projects 0.035s
2025-12-11 10:45:00.158 65448 INFO tempest.lib.common.rest_client [req-acacc189-cb9b-44d4-8e5a-0f4591e77247 req-acacc189-cb9b-44d4-8e5a-0f4591e77247 ] Request (ServersV294TestFqdnHostnames:setUpClass): 201 POST http://10.180.1.21/identity/v3/users 0.060s
2025-12-11 10:45:00.181 65448 INFO tempest.lib.common.rest_client [req-ba05a28a-9029-49c4-9301-a097237fe6cc req-ba05a28a-9029-49c4-9301-a097237fe6cc ] Request (ServersV294TestFqdnHostnames:setUpClass): 200 GET http://10.180.1.21/identity/v3/roles 0.022s
2025-12-11 10:45:00.215 65448 INFO tempest.lib.common.rest_client [req-6366b2df-7ba8-4da7-94f3-64d80715ee4a req-6366b2df-7ba8-4da7-94f3-64d80715ee4a ] Request (ServersV294TestFqdnHostnames:setUpClass): 204 PUT http://10.180.1.21/identity/v3/projects/b99c8d35d2b04bd18120405de5a5b222/users/b3155488894b439a9ba3236480e955fb/roles/c32f305414db485cb0d3ae6e926fe9bd 0.033s
2025-12-11 10:45:00.215 65448 INFO tempest.lib.common.dynamic_creds [-] Dynamic test user b3155488894b439a9ba3236480e955fb is created with scope project and roles: ['member']
2025-12-11 10:45:00.215 65448 INFO tempest.lib.common.dynamic_creds [-] Acquired dynamic creds: credentials: Credentials: {'domain_id': 'default', 'domain_name': 'Default', 'username': 'tempest-ServersV294TestFqdnHostnames-1569834486-project-member', 'project_domain_id': 'default', 'project_domain_name': 'Default', 'project_id': 'b99c8d35d2b04bd18120405de5a5b222', 'project_name': 'tempest-ServersV294TestFqdnHostnames-1569834486', 'tenant_id': 'b99c8d35d2b04bd18120405de5a5b222', 'tenant_name': 'tempest-ServersV294TestFqdnHostnames-1569834486', 'user_domain_id': 'default', 'user_domain_name': 'Default', 'user_id': 'b3155488894b439a9ba3236480e955fb', 'system': None}, Network: None, Subnet: None, Router: None
2025-12-11 10:45:00.272 65448 INFO tempest.lib.common.rest_client [req-b0569e5a-d556-48a4-8282-dac082e36478 req-b0569e5a-d556-48a4-8282-dac082e36478 ] Request (ServersV294TestFqdnHostnames:setUpClass): 201 POST http://10.180.1.21/identity/v3/auth/tokens 0.056s
2025-12-11 10:45:00.809 65446 INFO tempest.lib.common.rest_client [req-caf0a2e4-3dd0-4acd-a694-2278ce51ebba req-caf0a2e4-3dd0-4acd-a694-2278ce51ebba ] Request (ServerRescueTestJSONUnderV235:setUpClass): 200 PUT http://10.180.1.21/networking/v2.0/routers/dfb70a0c-bdc0-4ffb-b4f8-a9ec96afef9e/add_router_interface 1.085s
2025-12-11 10:45:00.809 65446 INFO tempest.lib.common.dynamic_creds [-] Created isolated network resources for: credentials: Credentials: {'domain_id': 'default', 'domain_name': 'Default', 'username': 'tempest-ServerRescueTestJSONUnderV235-551811606-project-member', 'project_domain_id': 'default', 'project_domain_name': 'Default', 'project_id': '9e8f7b81ae4146079fe7e8a21260e770', 'project_name': 'tempest-ServerRescueTestJSONUnderV235-551811606', 'tenant_id': '9e8f7b81ae4146079fe7e8a21260e770', 'tenant_name': 'tempest-ServerRescueTestJSONUnderV235-551811606', 'user_domain_id': 'default', 'user_domain_name': 'Default', 'user_id': 'f33b29cad01647c4a8356ce430edddc7', 'system': None}, Network: {'id': 'aab41ce8-cc21-4d1d-be5e-014184e1b77c', 'name': 'tempest-ServerRescueTestJSONUnderV235-2084846458-network', 'tenant_id': '9e8f7b81ae4146079fe7e8a21260e770', 'project_id': '9e8f7b81ae4146079fe7e8a21260e770', 'admin_state_up': True, 'mtu': 8950, 'status': 'ACTIVE', 'subnets': [], 'shared': False, 'port_security_enabled': True, 'router:external': False, 'provider:network_type': 'vlan', 'provider:physical_network': 'default', 'provider:segmentation_id': 170, 'availability_zone_hints': [], 'availability_zones': [], 'ipv4_address_scope': None, 'ipv6_address_scope': None, 'description': '', 'tags': [], 'created_at': '2025-12-11T10:44:58Z', 'updated_at': '2025-12-11T10:44:58Z', 'revision_number': 1}, Subnet: {'id': '2e30ae4c-8041-48ef-ac71-1663dfd420a3', 'name': 'tempest-ServerRescueTestJSONUnderV235-2084846458-subnet', 'tenant_id': '9e8f7b81ae4146079fe7e8a21260e770', 'network_id': 'aab41ce8-cc21-4d1d-be5e-014184e1b77c', 'ip_version': 4, 'subnetpool_id': None, 'enable_dhcp': False, 'ipv6_ra_mode': None, 'ipv6_address_mode': None, 'gateway_ip': '192.168.128.1', 'cidr': '192.168.128.0/28', 'allocation_pools': [{'start': '192.168.128.2', 'end': '192.168.128.14'}], 'host_routes': [], 'dns_nameservers': [], 'description': '', 'router:external': False, 'service_types': [], 'tags': [], 'created_at': '2025-12-11T10:44:58Z', 'updated_at': '2025-12-11T10:44:58Z', 'revision_number': 0, 'project_id': '9e8f7b81ae4146079fe7e8a21260e770'}, Router: {'id': 'dfb70a0c-bdc0-4ffb-b4f8-a9ec96afef9e', 'name': 'tempest-ServerRescueTestJSONUnderV235-2084846458-router', 'tenant_id': '9e8f7b81ae4146079fe7e8a21260e770', 'admin_state_up': True, 'status': 'ACTIVE', 'external_gateway_info': {'network_id': 'efef8458-b17d-443e-8201-cda1826debf5', 'external_fixed_ips': [{'subnet_id': '958e99d4-69cc-4531-a9c5-d44da050a3b7', 'ip_address': '10.180.180.152'}], 'enable_snat': True}, 'description': '', 'availability_zones': [], 'distributed': False, 'ha': False, 'availability_zone_hints': [], 'routes': [], 'flavor_id': None, 'tags': [], 'created_at': '2025-12-11T10:44:58Z', 'updated_at': '2025-12-11T10:44:59Z', 'revision_number': 2, 'project_id': '9e8f7b81ae4146079fe7e8a21260e770'}
2025-12-11 10:45:00.836 65500 INFO tempest.lib.common.rest_client [req-9dd6fab3-ea1a-4414-8bf9-02d1015a4a0b req-9dd6fab3-ea1a-4414-8bf9-02d1015a4a0b ] Request (ImagesOneServerTestJSON:tearDownClass): 200 GET http://10.180.1.21/compute/v2.1/servers/17b8d396-a6e2-4e76-9c9e-99afe5a955d2 2.029s
2025-12-11 10:45:00.919 65446 INFO tempest.lib.common.rest_client [req-fb421dc3-b4d4-4f1a-9b54-9c262a554e68 req-fb421dc3-b4d4-4f1a-9b54-9c262a554e68 ] Request (ServerRescueTestJSONUnderV235:setUpClass): 201 POST http://10.180.1.21/identity/v3/auth/tokens 0.107s
2025-12-11 10:45:00.969 65446 INFO tempest.lib.common.rest_client [req-af0acdd1-2b88-41f8-aae8-b2e6992d4912 req-af0acdd1-2b88-41f8-aae8-b2e6992d4912 ] Request (ServerRescueTestJSONUnderV235:setUpClass): 201 POST http://10.180.1.21/identity/v3/auth/tokens 0.041s
2025-12-11 10:45:00.970 65446 INFO tempest.lib.common.fixed_network [-] (ServerRescueTestJSONUnderV235:setUpClass) Found network {'id': 'aab41ce8-cc21-4d1d-be5e-014184e1b77c', 'name': 'tempest-ServerRescueTestJSONUnderV235-2084846458-network', 'tenant_id': '9e8f7b81ae4146079fe7e8a21260e770', 'project_id': '9e8f7b81ae4146079fe7e8a21260e770', 'admin_state_up': True, 'mtu': 8950, 'status': 'ACTIVE', 'subnets': [], 'shared': False, 'port_security_enabled': True, 'router:external': False, 'provider:network_type': 'vlan', 'provider:physical_network': 'default', 'provider:segmentation_id': 170, 'availability_zone_hints': [], 'availability_zones': [], 'ipv4_address_scope': None, 'ipv6_address_scope': None, 'description': '', 'tags': [], 'created_at': '2025-12-11T10:44:58Z', 'updated_at': '2025-12-11T10:44:58Z', 'revision_number': 1} available for tenant
2025-12-11 10:45:01.132 65462 INFO tempest.lib.common.rest_client [req-7508d709-e927-420b-869b-cde03e1256da req-7508d709-e927-420b-869b-cde03e1256da ] Request (SecurityGroupsTestJSON:test_server_security_groups): 200 GET http://10.180.1.21/compute/v2.1/servers/14faf779-dd1f-4a2b-9356-bd8925458975 2.311s
2025-12-11 10:45:01.373 65448 INFO tempest.lib.common.rest_client [req-25ac356f-b081-4d6a-997d-4ea849d64078 req-25ac356f-b081-4d6a-997d-4ea849d64078 ] Request (ServersV294TestFqdnHostnames:setUpClass): 201 POST http://10.180.1.21/networking/v2.0/networks 1.100s
2025-12-11 10:45:01.489 65474 INFO tempest.lib.common.rest_client [req-99fca104-4e9b-4e56-918e-52bcdf1ba5cb req-99fca104-4e9b-4e56-918e-52bcdf1ba5cb ] Request (ServerShowV254Test:test_rebuild_server): 200 GET http://10.180.1.21/compute/v2.1/servers/a59dd6fe-822b-49a9-88e6-1036d3167559 2.547s
2025-12-11 10:45:01.666 65448 INFO tempest.lib.common.rest_client [req-d684e5e8-9bfd-4eb7-8a98-a537390f792d req-d684e5e8-9bfd-4eb7-8a98-a537390f792d ] Request (ServersV294TestFqdnHostnames:setUpClass): 201 POST http://10.180.1.21/networking/v2.0/subnets 0.292s
2025-12-11 10:45:01.709 65466 INFO tempest.lib.common.rest_client [req-89182c19-bcfd-4e38-8259-621d35211795 req-89182c19-bcfd-4e38-8259-621d35211795 ] Request (ServersNegativeTestMultiTenantJSON:tearDownClass): 200 GET http://10.180.1.21/compute/v2.1/servers/8819621a-2126-40a1-a6f3-b437a502be30 2.869s
2025-12-11 10:45:01.731 65454 INFO tempest.lib.common.rest_client [req-3ac0ae46-bba3-4d74-b85b-5a18a3f7fbf2 req-3ac0ae46-bba3-4d74-b85b-5a18a3f7fbf2 ] Request (ExtensionsTest:test_list_extensions): 200 GET http://10.180.1.21/compute/v2.1/extensions 2.685s
2025-12-11 10:45:01.791 65442 INFO tempest.lib.common.rest_client [req-1fe05e58-d501-4026-b877-592d95bf3c6a req-1fe05e58-d501-4026-b877-592d95bf3c6a ] Request (ServersAdminTestJSON:setUpClass): 200 GET http://10.180.1.21/compute/v2.1/servers/abdb2a00-e72c-4b90-88b4-0223dd8d808f 2.787s
