2025-12-11 10:44:33.649 65448 INFO tempest.lib.common.rest_client [req-de8b4f11-4869-4c81-a441-7ded5c9228d0 req-de8b4f11-4869-4c81-a441-7ded5c9228d0 ] Request (DeleteServersAdminTestJSON:tearDownClass): 200 GET http://10.180.1.21/networking/v2.0/security-groups?tenant_id=fcb34d045a4e4adc922a96bd01aaebfe&name=default 0.106s
2025-12-11 10:44:33.653 65444 INFO tempest.lib.common.rest_client [req-a9178681-a2dc-43a5-90d0-010d58106cd3 req-a9178681-a2dc-43a5-90d0-010d58106cd3 ] Request (MultipleCreateNegativeTestJSON:test_max_count_less_than_one): 400 POST http://10.180.1.21/compute/v2.1/servers 0.873s
2025-12-11 10:44:33.673 65500 INFO tempest.lib.common.rest_client [req-94777ac9-f52a-4f16-9f0d-8acd9dde41c9 req-94777ac9-f52a-4f16-9f0d-8acd9dde41c9 ] Request (ImagesOneServerTestJSON:test_create_image_specify_multibyte_character_image_name): 200 GET http://10.180.1.21/compute/v2.1/images/2d0987e1-f720-4195-a1df-690615254f02 1.001s
2025-12-11 10:44:33.738 65464 INFO tempest.lib.common.rest_client [req-2d4ccf61-7362-41c6-8f7f-658d09bb7089 req-2d4ccf61-7362-41c6-8f7f-658d09bb7089 ] Request (ServerAddressesTestJSON:tearDownClass): 200 GET http://10.180.1.21/compute/v2.1/servers/1a3ccee0-c9e6-4e55-b7ea-eebd121bb8e8 0.943s
2025-12-11 10:44:33.746 65444 INFO tempest.lib.common.rest_client [req-0c54ee88-42cd-4af6-8952-b5204d81580c req-0c54ee88-42cd-4af6-8952-b5204d81580c ] Request (MultipleCreateNegativeTestJSON:test_max_count_non_integer): 201 POST http://10.180.1.21/identity/v3/auth/tokens 0.085s
2025-12-11 10:44:33.746 65444 INFO tempest.lib.common.fixed_network [-] (MultipleCreateNegativeTestJSON:test_max_count_non_integer) Found network None available for tenant
2025-12-11 10:44:33.795 65448 INFO tempest.lib.common.rest_client [req-79813745-629b-4336-a28e-616c511be6a4 req-79813745-629b-4336-a28e-616c511be6a4 ] Request (DeleteServersAdminTestJSON:tearDownClass): 204 DELETE http://10.180.1.21/networking/v2.0/security-groups/450b105d-a19c-4ae1-a688-4044b6b78d36 0.145s
2025-12-11 10:44:33.821 65462 INFO tempest.lib.common.rest_client [req-fc37a32a-71d0-4463-911d-be85c5564490 req-fc37a32a-71d0-4463-911d-be85c5564490 ] Request (SecurityGroupsTestJSON:test_security_groups_create_list_delete): 202 DELETE http://10.180.1.21/compute/v2.1/os-security-groups/c91e96c5-3426-49da-8fdc-de4bf804a90f 0.853s
2025-12-11 10:44:33.879 65489 INFO tempest.lib.common.rest_client [req-689037d1-54a1-4df8-8413-6341d6b75913 req-689037d1-54a1-4df8-8413-6341d6b75913 ] Request (VolumesAssistedSnapshotsTest:tearDownClass): 204 DELETE http://10.180.1.21/compute/v2.1/servers/cec7dc4f-799e-4013-a322-a93223d303c3 0.877s
2025-12-11 10:44:33.925 65474 INFO tempest.lib.common.rest_client [req-dccd0964-b561-4bf1-a51d-5397f68bb85c req-dccd0964-b561-4bf1-a51d-5397f68bb85c ] Request (ServerShowV254Test:test_rebuild_server): 200 GET http://10.180.1.21/compute/v2.1/servers/a59dd6fe-822b-49a9-88e6-1036d3167559 0.918s
2025-12-11 10:44:33.936 65474 INFO tempest.common.waiters [-] State transition "BUILD/scheduling" ==> "BUILD/None" after 1 second wait
2025-12-11 10:44:33.972 65448 INFO tempest.lib.common.rest_client [req-21cc29b0-3938-40e2-8cfd-96836adaf308 req-21cc29b0-3938-40e2-8cfd-96836adaf308 ] Request (DeleteServersAdminTestJSON:tearDownClass): 204 DELETE http://10.180.1.21/identity/v3/projects/fcb34d045a4e4adc922a96bd01aaebfe 0.177s
2025-12-11 10:44:34.010 65460 INFO tempest.lib.common.rest_client [req-da3650c2-03ad-4f20-8520-f185a8180d14 req-da3650c2-03ad-4f20-8520-f185a8180d14 ] Request (VolumesAdminNegativeTest:tearDownClass): 200 GET http://10.180.1.21/compute/v2.1/servers/c447333e-6b84-4599-a092-babd6cdd56a0 0.755s
2025-12-11 10:44:34.073 65440 INFO tempest.lib.common.rest_client [req-30179ded-9fc5-4cc0-8186-379abb647602 req-30179ded-9fc5-4cc0-8186-379abb647602 ] Request (ImagesTestJSON:test_create_image_from_suspended_server): 200 GET http://10.180.1.21/compute/v2.1/servers/ee2d5597-d393-4c34-b289-371886164013 0.773s
2025-12-11 10:44:34.122 65448 INFO tempest.lib.common.rest_client [req-ffb5b72b-cd28-4de0-849c-7fcbd279c5dd req-ffb5b72b-cd28-4de0-849c-7fcbd279c5dd ] Request (InstanceUsageAuditLogNegativeTestJSON:setUpClass): 201 POST http://10.180.1.21/identity/v3/auth/tokens 0.148s
2025-12-11 10:44:34.178 65448 INFO tempest.lib.common.rest_client [req-585c2f4b-aaf1-456e-83d9-5805258d9607 req-585c2f4b-aaf1-456e-83d9-5805258d9607 ] Request (InstanceUsageAuditLogNegativeTestJSON:setUpClass): 201 POST http://10.180.1.21/identity/v3/auth/tokens 0.054s
2025-12-11 10:44:34.180 65442 INFO tempest.lib.common.rest_client [req-90952708-7600-4eeb-bcdd-692335245d87 req-90952708-7600-4eeb-bcdd-692335245d87 ] Request (QuotasAdminTestJSON:test_get_updated_quotas): 200 GET http://10.180.1.21/compute/v2.1/os-quota-sets/45920e6e064f412ab758b479c43b37d0?user_id=3c5caea8db4747fa8bd7a9ec309e5dca 0.856s
2025-12-11 10:44:34.207 65448 INFO tempest.lib.common.rest_client [req-1c0b0bc0-90bd-4e41-a63c-a73050135838 req-1c0b0bc0-90bd-4e41-a63c-a73050135838 ] Request (InstanceUsageAuditLogNegativeTestJSON:setUpClass): 200 GET http://10.180.1.21/identity/v3/domains?name=Default 0.028s
2025-12-11 10:44:34.475 65468 INFO tempest.lib.common.rest_client [req-6ae7d4d4-bdf2-4a4e-987a-91d5f21beac6 req-6ae7d4d4-bdf2-4a4e-987a-91d5f21beac6 ] Request (VolumesSnapshotsTestJSON:test_volume_snapshot_create_get_list_delete): 200 GET http://10.180.1.21/compute/v2.1/os-snapshots 1.126s
2025-12-11 10:44:34.497 65486 WARNING tempest.lib.common.ssh [-] Failed to establish authenticated ssh connection to cirros@10.180.180.151 ([Errno None] Unable to connect to port 22 on 10.180.180.151). Number attempts: 8. Retry after 9 seconds.: paramiko.ssh_exception.NoValidConnectionsError: [Errno None] Unable to connect to port 22 on 10.180.180.151
2025-12-11 10:44:34.551 65442 INFO tempest.lib.common.rest_client [req-ae14d7cc-aebe-4e85-a927-0e1d708c08b8 req-ae14d7cc-aebe-4e85-a927-0e1d708c08b8 ] Request (QuotasAdminTestJSON:_run_cleanups): 204 DELETE http://10.180.1.21/identity/v3/users/3c5caea8db4747fa8bd7a9ec309e5dca 0.368s
2025-12-11 10:44:34.624 65448 INFO tempest.lib.common.rest_client [req-c615a8bd-a3e2-45fe-91b3-e3458594713c req-c615a8bd-a3e2-45fe-91b3-e3458594713c ] Request (InstanceUsageAuditLogNegativeTestJSON:setUpClass): 201 POST http://10.180.1.21/identity/v3/projects 0.416s
2025-12-11 10:44:34.699 65442 INFO tempest.lib.common.rest_client [req-dd551ef6-64f2-431d-a0f4-2ce812531feb req-dd551ef6-64f2-431d-a0f4-2ce812531feb ] Request (QuotasAdminTestJSON:_run_cleanups): 204 DELETE http://10.180.1.21/identity/v3/projects/45920e6e064f412ab758b479c43b37d0 0.147s
2025-12-11 10:44:34.744 65470 INFO tempest.lib.common.rest_client [req-a2cc4af4-8366-4d3d-8085-7e80cd6a2d94 req-a2cc4af4-8366-4d3d-8085-7e80cd6a2d94 ] Request (ServerShowV257Test:test_rebuild_server): 202 POST http://10.180.1.21/compute/v2.1/servers 1.471s
2025-12-11 10:44:34.753 65482 WARNING tempest.lib.common.ssh [-] Failed to establish authenticated ssh connection to cirros@10.180.180.154 ([Errno None] Unable to connect to port 22 on 10.180.180.154). Number attempts: 5. Retry after 6 seconds.: paramiko.ssh_exception.NoValidConnectionsError: [Errno None] Unable to connect to port 22 on 10.180.180.154
2025-12-11 10:44:34.777 65458 INFO tempest.lib.common.rest_client [req-e11ef892-144a-44aa-a5ca-78d0692bfd0c req-e11ef892-144a-44aa-a5ca-78d0692bfd0c ] Request (FlavorsAdminTestJSON:_run_cleanups): 200 GET http://10.180.1.21/compute/v2.1/flavors/detail 1.385s
2025-12-11 10:44:34.819 65448 INFO tempest.lib.common.rest_client [req-72fbfc70-8428-45b0-84e3-aed6ab59fcf6 req-72fbfc70-8428-45b0-84e3-aed6ab59fcf6 ] Request (InstanceUsageAuditLogNegativeTestJSON:setUpClass): 201 POST http://10.180.1.21/identity/v3/users 0.194s
2025-12-11 10:44:34.910 65458 INFO tempest.lib.common.rest_client [req-823795ca-691e-4ba6-ba5f-f0c378330154 req-823795ca-691e-4ba6-ba5f-f0c378330154 ] Request (FlavorsAdminTestJSON:tearDownClass): 204 DELETE http://10.180.1.21/identity/v3/users/68c80a744cf04fcf87544a8767ce5869 0.126s
2025-12-11 10:44:34.927 65472 INFO tempest.lib.common.rest_client [req-a4a0d4fc-24bf-42fd-92d0-0df609f5803f req-a4a0d4fc-24bf-42fd-92d0-0df609f5803f ] Request (AttachInterfacesUnderV243Test:_run_cleanups): 200 GET http://10.180.1.21/compute/v2.1/servers/309fd4d4-8ee5-4325-8c6d-0313252e2af7 1.518s
2025-12-11 10:44:35.015 65448 INFO tempest.lib.common.rest_client [req-217189c9-daf1-46cb-8fac-3b140746af2a req-217189c9-daf1-46cb-8fac-3b140746af2a ] Request (InstanceUsageAuditLogNegativeTestJSON:setUpClass): 200 GET http://10.180.1.21/identity/v3/roles 0.195s
2025-12-11 10:44:35.067 65448 INFO tempest.lib.common.rest_client [req-c2a27b67-3ca6-457a-921d-75cc4c8f6fe3 req-c2a27b67-3ca6-457a-921d-75cc4c8f6fe3 ] Request (InstanceUsageAuditLogNegativeTestJSON:setUpClass): 204 PUT http://10.180.1.21/identity/v3/projects/dc9bc1c6f85649ea9a21fe64591dc7b8/users/ea4314821e9b4a3eb482c7d48d8cdfed/roles/c32f305414db485cb0d3ae6e926fe9bd 0.051s
2025-12-11 10:44:35.067 65448 INFO tempest.lib.common.dynamic_creds [-] Dynamic test user ea4314821e9b4a3eb482c7d48d8cdfed is created with scope project and roles: ['member']
2025-12-11 10:44:35.068 65448 INFO tempest.lib.common.dynamic_creds [-] Acquired dynamic creds: credentials: Credentials: {'domain_id': 'default', 'domain_name': 'Default', 'username': 'tempest-InstanceUsageAuditLogNegativeTestJSON-1847156763-project-member', 'project_domain_id': 'default', 'project_domain_name': 'Default', 'project_id': 'dc9bc1c6f85649ea9a21fe64591dc7b8', 'project_name': 'tempest-InstanceUsageAuditLogNegativeTestJSON-1847156763', 'tenant_id': 'dc9bc1c6f85649ea9a21fe64591dc7b8', 'tenant_name': 'tempest-InstanceUsageAuditLogNegativeTestJSON-1847156763', 'user_domain_id': 'default', 'user_domain_name': 'Default', 'user_id': 'ea4314821e9b4a3eb482c7d48d8cdfed', 'system': None}, Network: None, Subnet: None, Router: None
2025-12-11 10:44:35.068 65448 INFO tempest.lib.common.dynamic_creds [-] Created isolated network resources for: credentials: Credentials: {'domain_id': 'default', 'domain_name': 'Default', 'username': 'tempest-InstanceUsageAuditLogNegativeTestJSON-1847156763-project-member', 'project_domain_id': 'default', 'project_domain_name': 'Default', 'project_id': 'dc9bc1c6f85649ea9a21fe64591dc7b8', 'project_name': 'tempest-InstanceUsageAuditLogNegativeTestJSON-1847156763', 'tenant_id': 'dc9bc1c6f85649ea9a21fe64591dc7b8', 'tenant_name': 'tempest-InstanceUsageAuditLogNegativeTestJSON-1847156763', 'user_domain_id': 'default', 'user_domain_name': 'Default', 'user_id': 'ea4314821e9b4a3eb482c7d48d8cdfed', 'system': None}, Network: None, Subnet: None, Router: None
2025-12-11 10:44:35.139 65492 INFO tempest.lib.common.rest_client [req-b8a855b1-dd92-4414-bc56-4e9ee3c97eb9 req-b8a855b1-dd92-4414-bc56-4e9ee3c97eb9 ] Request (ListServerFiltersTestJSON:test_list_servers_filtered_by_ip): 200 GET http://10.180.1.21/compute/v2.1/servers/dc4a2b5a-f9d5-438f-a8da-72e381e229f9 1.484s
2025-12-11 10:44:35.144 65444 INFO tempest.lib.common.rest_client [req-b8b6775a-46ac-4724-b2f1-33e9f6ac92e5 req-b8b6775a-46ac-4724-b2f1-33e9f6ac92e5 ] Request (MultipleCreateNegativeTestJSON:test_max_count_non_integer): 400 POST http://10.180.1.21/compute/v2.1/servers 1.397s
2025-12-11 10:44:35.176 65496 INFO tempest.lib.common.rest_client [req-1a56311f-6edc-4721-819e-fad7bd03cb90 req-1a56311f-6edc-4721-819e-fad7bd03cb90 ] Request (ServerActionsTestOtherB:setUpClass): 202 POST http://10.180.1.21/compute/v2.1/servers 1.813s
2025-12-11 10:44:35.180 65458 INFO tempest.lib.common.rest_client [req-9e311079-96b4-4624-812c-12f21cad41ed req-9e311079-96b4-4624-812c-12f21cad41ed ] Request (FlavorsAdminTestJSON:tearDownClass): 204 DELETE http://10.180.1.21/identity/v3/users/a46dbf6223594372ba7fc310c22827d7 0.270s
2025-12-11 10:44:35.180 65458 INFO tempest.lib.common.dynamic_creds [-] Deleting project and security group for project: 97e46ddd40f644218d07e4ae854e71e9
2025-12-11 10:44:35.213 65462 INFO tempest.lib.common.rest_client [req-9138f414-6aa5-4431-a417-75f6a5ebcacd req-9138f414-6aa5-4431-a417-75f6a5ebcacd ] Request (SecurityGroupsTestJSON:test_security_groups_create_list_delete): 404 GET http://10.180.1.21/compute/v2.1/os-security-groups/c91e96c5-3426-49da-8fdc-de4bf804a90f 1.392s
2025-12-11 10:44:35.274 65448 INFO tempest.lib.common.rest_client [req-3eefbfc9-5661-4476-80fd-301742782e2d req-3eefbfc9-5661-4476-80fd-301742782e2d ] Request (InstanceUsageAuditLogNegativeTestJSON:setUpClass): 201 POST http://10.180.1.21/identity/v3/auth/tokens 0.200s
2025-12-11 10:44:35.278 65502 INFO tempest.lib.common.rest_client [req-b5b0dd49-ee42-4165-aead-c9872a76e869 req-b5b0dd49-ee42-4165-aead-c9872a76e869 ] Request (ListImageFiltersTestJSON:setUpClass): 200 GET http://10.180.1.21/compute/v2.1/images/b6bf1162-181b-46a3-832d-1d6d604ff787 1.453s
2025-12-11 10:44:35.358 65458 INFO tempest.lib.common.rest_client [req-5f2b3eea-fa7a-4c15-b1ea-1af85693649e req-5f2b3eea-fa7a-4c15-b1ea-1af85693649e ] Request (FlavorsAdminTestJSON:tearDownClass): 201 POST http://10.180.1.21/identity/v3/auth/tokens 0.177s
2025-12-11 10:44:35.373 65444 INFO tempest.lib.common.rest_client [req-d6962013-dc13-40e8-b53b-27c611a42511 req-d6962013-dc13-40e8-b53b-27c611a42511 ] Request (MultipleCreateNegativeTestJSON:test_min_count_less_than_one): 201 POST http://10.180.1.21/identity/v3/auth/tokens 0.225s
2025-12-11 10:44:35.373 65444 INFO tempest.lib.common.fixed_network [-] (MultipleCreateNegativeTestJSON:test_min_count_less_than_one) Found network None available for tenant
2025-12-11 10:44:35.382 65450 INFO tempest.lib.common.rest_client [req-9a7b1521-9462-420d-8ac4-9d5987e32694 req-9a7b1521-9462-420d-8ac4-9d5987e32694 ] Request (InstanceActionsTestJSON:setUpClass): 200 GET http://10.180.1.21/compute/v2.1/servers/f4c06d03-2036-4148-b83c-1309533a6a2c 1.623s
2025-12-11 10:44:35.391 65450 INFO tempest.common.waiters [-] State transition "BUILD/None" ==> "BUILD/block_device_mapping" after 21 second wait
2025-12-11 10:44:35.400 65481 INFO tempest.lib.common.rest_client [req-c88e83d9-b0e4-4a2a-9b26-fd0c63b6a3f2 req-c88e83d9-b0e4-4a2a-9b26-fd0c63b6a3f2 ] Request (ServersNegativeTestJSON:setUpClass): 200 GET http://10.180.1.21/compute/v2.1/servers/944d06be-83a4-4b89-aa3b-f50d91fa91db 1.569s
2025-12-11 10:44:35.417 65448 INFO tempest.lib.common.rest_client [req-e04b9578-76bc-499b-ba7d-120c7ba95718 req-e04b9578-76bc-499b-ba7d-120c7ba95718 ] Request (InstanceUsageAuditLogNegativeTestJSON:setUpClass): 201 POST http://10.180.1.21/identity/v3/projects 0.141s
2025-12-11 10:44:35.524 65448 INFO tempest.lib.common.rest_client [req-931b78d7-c363-48df-bfb1-759ae6c9f8b1 req-931b78d7-c363-48df-bfb1-759ae6c9f8b1 ] Request (InstanceUsageAuditLogNegativeTestJSON:setUpClass): 201 POST http://10.180.1.21/identity/v3/users 0.107s
2025-12-11 10:44:35.549 65448 INFO tempest.lib.common.rest_client [req-203ff54e-d163-4adb-9cde-703069862528 req-203ff54e-d163-4adb-9cde-703069862528 ] Request (InstanceUsageAuditLogNegativeTestJSON:setUpClass): 200 GET http://10.180.1.21/identity/v3/roles 0.024s
2025-12-11 10:44:35.587 65448 INFO tempest.lib.common.rest_client [req-24f1c662-a600-4b22-b6ce-e127697a8df8 req-24f1c662-a600-4b22-b6ce-e127697a8df8 ] Request (InstanceUsageAuditLogNegativeTestJSON:setUpClass): 204 PUT http://10.180.1.21/identity/v3/projects/2a205324ed9544698108fb0fe0ba465c/users/d689c14fb4504ddc90b3e8799bf44a9d/roles/162cb17accb6447986567b08fd6932d1 0.037s
2025-12-11 10:44:35.653 65448 INFO tempest.lib.common.rest_client [req-430063ce-a8d1-4114-ac04-ee91bdbc1bab req-430063ce-a8d1-4114-ac04-ee91bdbc1bab ] Request (InstanceUsageAuditLogNegativeTestJSON:setUpClass): 200 GET http://10.180.1.21/identity/v3/roles 0.066s
2025-12-11 10:44:35.657 65458 INFO tempest.lib.common.rest_client [req-4117d2a1-3050-429e-8667-dc7d278d620f req-4117d2a1-3050-429e-8667-dc7d278d620f ] Request (FlavorsAdminTestJSON:tearDownClass): 200 GET http://10.180.1.21/networking/v2.0/security-groups?tenant_id=97e46ddd40f644218d07e4ae854e71e9&name=default 0.299s
2025-12-11 10:44:35.673 65448 INFO tempest.lib.common.rest_client [req-18c427fa-f0f1-4dbe-a6b4-b320fba62b2f req-18c427fa-f0f1-4dbe-a6b4-b320fba62b2f ] Request (InstanceUsageAuditLogNegativeTestJSON:setUpClass): 204 PUT http://10.180.1.21/identity/v3/projects/2a205324ed9544698108fb0fe0ba465c/users/d689c14fb4504ddc90b3e8799bf44a9d/roles/162cb17accb6447986567b08fd6932d1 0.018s
2025-12-11 10:44:35.673 65448 INFO tempest.lib.common.dynamic_creds [-] Dynamic test user d689c14fb4504ddc90b3e8799bf44a9d is created with scope project and roles: ['admin']
2025-12-11 10:44:35.673 65448 INFO tempest.lib.common.dynamic_creds [-] Acquired dynamic creds: credentials: Credentials: {'domain_id': 'default', 'domain_name': 'Default', 'username': 'tempest-InstanceUsageAuditLogNegativeTestJSON-196925763-project-admin', 'project_domain_id': 'default', 'project_domain_name': 'Default', 'project_id': '2a205324ed9544698108fb0fe0ba465c', 'project_name': 'tempest-InstanceUsageAuditLogNegativeTestJSON-196925763', 'tenant_id': '2a205324ed9544698108fb0fe0ba465c', 'tenant_name': 'tempest-InstanceUsageAuditLogNegativeTestJSON-196925763', 'user_domain_id': 'default', 'user_domain_name': 'Default', 'user_id': 'd689c14fb4504ddc90b3e8799bf44a9d', 'system': None}, Network: None, Subnet: None, Router: None
2025-12-11 10:44:35.673 65448 INFO tempest.lib.common.dynamic_creds [-] Created isolated network resources for: credentials: Credentials: {'domain_id': 'default', 'domain_name': 'Default', 'username': 'tempest-InstanceUsageAuditLogNegativeTestJSON-196925763-project-admin', 'project_domain_id': 'default', 'project_domain_name': 'Default', 'project_id': '2a205324ed9544698108fb0fe0ba465c', 'project_name': 'tempest-InstanceUsageAuditLogNegativeTestJSON-196925763', 'tenant_id': '2a205324ed9544698108fb0fe0ba465c', 'tenant_name': 'tempest-InstanceUsageAuditLogNegativeTestJSON-196925763', 'user_domain_id': 'default', 'user_domain_name': 'Default', 'user_id': 'd689c14fb4504ddc90b3e8799bf44a9d', 'system': None}, Network: None, Subnet: None, Router: None
2025-12-11 10:44:35.768 65484 INFO tempest.lib.common.rest_client [req-6ab9a75d-b4cd-44fe-b953-a3dd81616988 req-6ab9a75d-b4cd-44fe-b953-a3dd81616988 ] Request (InstanceActionsNegativeTestJSON:tearDownClass): 200 GET http://10.180.1.21/compute/v2.1/servers/f805a353-ad6e-4747-935b-5a9e781e07bc 1.815s
2025-12-11 10:44:35.789 65448 INFO tempest.lib.common.rest_client [req-152f49be-8a05-4dd5-a244-505272abc128 req-152f49be-8a05-4dd5-a244-505272abc128 ] Request (InstanceUsageAuditLogNegativeTestJSON:setUpClass): 201 POST http://10.180.1.21/identity/v3/auth/tokens 0.113s
2025-12-11 10:44:35.911 65458 INFO tempest.lib.common.rest_client [req-7b69734e-4cc6-491e-a85e-bb649926f6e8 req-7b69734e-4cc6-491e-a85e-bb649926f6e8 ] Request (FlavorsAdminTestJSON:tearDownClass): 204 DELETE http://10.180.1.21/networking/v2.0/security-groups/1ea18de9-8899-4507-b5f0-1d28202d669d 0.253s
2025-12-11 10:44:35.942 65489 INFO tempest.lib.common.rest_client [req-75a55985-b415-489a-879c-8d527fafd981 req-75a55985-b415-489a-879c-8d527fafd981 ] Request (VolumesAssistedSnapshotsTest:tearDownClass): 200 GET http://10.180.1.21/compute/v2.1/servers/cec7dc4f-799e-4013-a322-a93223d303c3 2.062s
2025-12-11 10:44:35.959 65478 INFO tempest.lib.common.rest_client [req-a5ce67d3-8918-4c4c-b61c-f83a634e86b3 req-a5ce67d3-8918-4c4c-b61c-f83a634e86b3 ] Request (ServersWithSpecificFlavorTestJSON:test_verify_created_server_ephemeral_disk): 200 GET http://10.180.1.21/compute/v2.1/servers/77583753-4e36-43c7-8375-8ec13d7fad49 1.509s
2025-12-11 10:44:35.989 65468 INFO tempest.lib.common.rest_client [req-d009ad75-6ff9-48e7-a4c9-64118abd9806 req-d009ad75-6ff9-48e7-a4c9-64118abd9806 ] Request (VolumesSnapshotsTestJSON:_run_cleanups): 200 GET http://10.180.1.21/compute/v2.1/os-snapshots/68524d13-63dc-4a39-8fb9-a49eb0788be7 1.512s
2025-12-11 10:44:35.991 65468 INFO tempest.common.waiters [-] snapshot 68524d13-63dc-4a39-8fb9-a49eb0788be7 reached available after waiting for 0.991419 seconds
2025-12-11 10:44:36.043 65446 INFO tempest.lib.common.rest_client [req-2312bd41-5b5c-44fb-a6cc-508c7ab03d88 req-2312bd41-5b5c-44fb-a6cc-508c7ab03d88 ] Request (ServersAaction247Test:tearDownClass): 200 GET http://10.180.1.21/compute/v2.1/servers/6e1d077f-adfe-4ed0-8799-28d4ad8ff1c4 1.588s
2025-12-11 10:44:36.060 65452 INFO tempest.lib.common.rest_client [req-d14ef79b-83ae-4aea-9465-8e5e0f0f57c6 req-d14ef79b-83ae-4aea-9465-8e5e0f0f57c6 ] Request (MigrationsAdminTest:test_list_migrations_in_flavor_resize_situation): 200 GET http://10.180.1.21/compute/v2.1/servers/ed3cd639-818c-47b5-a5a0-14fc65359d1b 1.568s
2025-12-11 10:44:36.074 65458 INFO tempest.lib.common.rest_client [req-e5ec072f-737e-46b8-b88f-a055c2835fa4 req-e5ec072f-737e-46b8-b88f-a055c2835fa4 ] Request (FlavorsAdminTestJSON:tearDownClass): 204 DELETE http://10.180.1.21/identity/v3/projects/97e46ddd40f644218d07e4ae854e71e9 0.162s
2025-12-11 10:44:36.074 65458 INFO tempest.lib.common.dynamic_creds [-] Deleting project and security group for project: 2cd569b77209442393eaab9ed95f2611
2025-12-11 10:44:36.196 65458 INFO tempest.lib.common.rest_client [req-e99a123a-2176-4c61-b108-c0d647f68d1e req-e99a123a-2176-4c61-b108-c0d647f68d1e ] Request (FlavorsAdminTestJSON:tearDownClass): 200 GET http://10.180.1.21/networking/v2.0/security-groups?tenant_id=2cd569b77209442393eaab9ed95f2611&name=default 0.121s
2025-12-11 10:44:36.219 65454 INFO tempest.lib.common.rest_client [req-ce250890-ea73-4692-ad16-9e9d10e448bf req-ce250890-ea73-4692-ad16-9e9d10e448bf ] Request (ServerMetadataNegativeTestJSON:tearDownClass): 200 GET http://10.180.1.21/compute/v2.1/servers/133425c8-40fb-463d-bc2e-a05bac44b21c 1.720s
2025-12-11 10:44:36.236 65466 INFO tempest.lib.common.rest_client [req-dfc90ff6-4f61-469b-baf9-217b125644c1 req-dfc90ff6-4f61-469b-baf9-217b125644c1 ] Request (ServersNegativeTestMultiTenantJSON:setUpClass): 200 GET http://10.180.1.21/compute/v2.1/servers/8819621a-2126-40a1-a6f3-b437a502be30 1.693s
2025-12-11 10:44:36.275 65500 INFO tempest.lib.common.rest_client [req-3b4446c3-edae-4293-92b1-120ad86f4f2b req-3b4446c3-edae-4293-92b1-120ad86f4f2b ] Request (ImagesOneServerTestJSON:test_create_image_specify_multibyte_character_image_name): 200 GET http://10.180.1.21/compute/v2.1/images/2d0987e1-f720-4195-a1df-690615254f02 1.599s
2025-12-11 10:44:36.364 65458 INFO tempest.lib.common.rest_client [req-24fcf9ca-586d-4c7b-9a93-ecddadf6322d req-24fcf9ca-586d-4c7b-9a93-ecddadf6322d ] Request (FlavorsAdminTestJSON:tearDownClass): 204 DELETE http://10.180.1.21/networking/v2.0/security-groups/aabbb9ad-262e-4fb7-a7fc-349f5db3e293 0.168s
2025-12-11 10:44:36.368 65442 INFO tempest.lib.common.rest_client [req-8112fd4b-8747-4926-b682-f6c88da61105 req-8112fd4b-8747-4926-b682-f6c88da61105 ] Request (QuotasAdminTestJSON:test_update_all_quota_resources_for_tenant): 200 GET http://10.180.1.21/compute/v2.1/os-quota-sets/7ca6d5a4d38a479ebd464d00fb126990/defaults 1.667s
2025-12-11 10:44:36.473 65458 INFO tempest.lib.common.rest_client [req-f632c2df-fe11-4f6c-8bbe-a96edfba6568 req-f632c2df-fe11-4f6c-8bbe-a96edfba6568 ] Request (FlavorsAdminTestJSON:tearDownClass): 204 DELETE http://10.180.1.21/identity/v3/projects/2cd569b77209442393eaab9ed95f2611 0.108s
2025-12-11 10:44:36.555 65458 INFO tempest.lib.common.rest_client [req-f30ea8cd-5ef9-4aef-9b9d-60d493f2a3ba req-f30ea8cd-5ef9-4aef-9b9d-60d493f2a3ba ] Request (FlavorsV255TestJSON:setUpClass): 201 POST http://10.180.1.21/identity/v3/auth/tokens 0.081s
2025-12-11 10:44:36.590 65458 INFO tempest.lib.common.rest_client [req-7b89976d-e2ac-4f7a-b9b0-aa21198633f2 req-7b89976d-e2ac-4f7a-b9b0-aa21198633f2 ] Request (FlavorsV255TestJSON:setUpClass): 201 POST http://10.180.1.21/identity/v3/auth/tokens 0.030s
2025-12-11 10:44:36.625 65458 INFO tempest.lib.common.rest_client [req-82940c92-f25c-4f70-80d6-033853828cb8 req-82940c92-f25c-4f70-80d6-033853828cb8 ] Request (FlavorsV255TestJSON:setUpClass): 200 GET http://10.180.1.21/identity/v3/domains?name=Default 0.035s
2025-12-11 10:44:36.661 65458 INFO tempest.lib.common.rest_client [req-01cca266-a062-40ef-b5ac-87d3433a2c0c req-01cca266-a062-40ef-b5ac-87d3433a2c0c ] Request (FlavorsV255TestJSON:setUpClass): 201 POST http://10.180.1.21/identity/v3/projects 0.036s
2025-12-11 10:44:36.749 65458 INFO tempest.lib.common.rest_client [req-1656fb50-d70e-4162-b21a-79e487640ee5 req-1656fb50-d70e-4162-b21a-79e487640ee5 ] Request (FlavorsV255TestJSON:setUpClass): 201 POST http://10.180.1.21/identity/v3/users 0.087s
2025-12-11 10:44:36.786 65458 INFO tempest.lib.common.rest_client [req-504db96b-ba21-44b0-8ad0-33c44e9a2497 req-504db96b-ba21-44b0-8ad0-33c44e9a2497 ] Request (FlavorsV255TestJSON:setUpClass): 200 GET http://10.180.1.21/identity/v3/roles 0.035s
2025-12-11 10:44:36.829 65458 INFO tempest.lib.common.rest_client [req-e8b5a60d-5d96-4905-bdb5-91c3daba1612 req-e8b5a60d-5d96-4905-bdb5-91c3daba1612 ] Request (FlavorsV255TestJSON:setUpClass): 204 PUT http://10.180.1.21/identity/v3/projects/69a96f114d6c4e85a8ed8e4870b84532/users/8b6fda6205be49f599054ab0b9832211/roles/c32f305414db485cb0d3ae6e926fe9bd 0.042s
2025-12-11 10:44:36.829 65458 INFO tempest.lib.common.dynamic_creds [-] Dynamic test user 8b6fda6205be49f599054ab0b9832211 is created with scope project and roles: ['member']
2025-12-11 10:44:36.829 65458 INFO tempest.lib.common.dynamic_creds [-] Acquired dynamic creds: credentials: Credentials: {'domain_id': 'default', 'domain_name': 'Default', 'username': 'tempest-FlavorsV255TestJSON-300484990-project-member', 'project_domain_id': 'default', 'project_domain_name': 'Default', 'project_id': '69a96f114d6c4e85a8ed8e4870b84532', 'project_name': 'tempest-FlavorsV255TestJSON-300484990', 'tenant_id': '69a96f114d6c4e85a8ed8e4870b84532', 'tenant_name': 'tempest-FlavorsV255TestJSON-300484990', 'user_domain_id': 'default', 'user_domain_name': 'Default', 'user_id': '8b6fda6205be49f599054ab0b9832211', 'system': None}, Network: None, Subnet: None, Router: None
2025-12-11 10:44:36.829 65458 INFO tempest.lib.common.dynamic_creds [-] Created isolated network resources for: credentials: Credentials: {'domain_id': 'default', 'domain_name': 'Default', 'username': 'tempest-FlavorsV255TestJSON-300484990-project-member', 'project_domain_id': 'default', 'project_domain_name': 'Default', 'project_id': '69a96f114d6c4e85a8ed8e4870b84532', 'project_name': 'tempest-FlavorsV255TestJSON-300484990', 'tenant_id': '69a96f114d6c4e85a8ed8e4870b84532', 'tenant_name': 'tempest-FlavorsV255TestJSON-300484990', 'user_domain_id': 'default', 'user_domain_name': 'Default', 'user_id': '8b6fda6205be49f599054ab0b9832211', 'system': None}, Network: None, Subnet: None, Router: None
2025-12-11 10:44:36.852 65464 INFO tempest.lib.common.rest_client [req-d495d440-6b32-42d6-aa55-d7f380d2099e req-d495d440-6b32-42d6-aa55-d7f380d2099e ] Request (ServerAddressesTestJSON:tearDownClass): 200 GET http://10.180.1.21/compute/v2.1/servers/1a3ccee0-c9e6-4e55-b7ea-eebd121bb8e8 2.105s
2025-12-11 10:44:36.867 65470 INFO tempest.lib.common.rest_client [req-fbebcc10-4bbe-49a9-81a5-c313049bb93e req-fbebcc10-4bbe-49a9-81a5-c313049bb93e ] Request (ServerShowV257Test:test_rebuild_server): 200 GET http://10.180.1.21/compute/v2.1/servers/03204b14-e84f-4a22-8a99-53625d647323 2.121s
2025-12-11 10:44:36.920 65474 INFO tempest.lib.common.rest_client [req-9363edc8-e0d4-40ab-9eac-d1e0cf2cb924 req-9363edc8-e0d4-40ab-9eac-d1e0cf2cb924 ] Request (ServerShowV254Test:test_rebuild_server): 200 GET http://10.180.1.21/compute/v2.1/servers/a59dd6fe-822b-49a9-88e6-1036d3167559 1.983s
2025-12-11 10:44:36.944 65458 INFO tempest.lib.common.rest_client [req-75a4fe10-d07e-46f2-b817-183d89b14f04 req-75a4fe10-d07e-46f2-b817-183d89b14f04 ] Request (FlavorsV255TestJSON:setUpClass): 201 POST http://10.180.1.21/identity/v3/auth/tokens 0.110s
2025-12-11 10:44:36.948 65460 INFO tempest.lib.common.rest_client [req-61588516-44f2-4660-9e88-8ba19d8be58c req-61588516-44f2-4660-9e88-8ba19d8be58c ] Request (VolumesAdminNegativeTest:tearDownClass): 200 GET http://10.180.1.21/compute/v2.1/servers/c447333e-6b84-4599-a092-babd6cdd56a0 1.926s
2025-12-11 10:44:36.955 65460 INFO tempest.common.waiters [-] State transition "ACTIVE/deleting" ==> "DELETED/None" after 4 second wait
2025-12-11 10:44:36.972 65440 INFO tempest.lib.common.rest_client [req-2904a5fa-a86c-457d-8fc2-b2fcbb29be47 req-2904a5fa-a86c-457d-8fc2-b2fcbb29be47 ] Request (ImagesTestJSON:test_create_image_from_suspended_server): 200 GET http://10.180.1.21/compute/v2.1/servers/ee2d5597-d393-4c34-b289-371886164013 1.889s
2025-12-11 10:44:37.014 65458 INFO tempest.lib.common.rest_client [req-8621adf3-c8de-4e69-8203-9bf0dd51c99f req-8621adf3-c8de-4e69-8203-9bf0dd51c99f ] Request (FlavorsV255TestJSON:setUpClass): 201 POST http://10.180.1.21/identity/v3/projects 0.069s
2025-12-11 10:44:37.026 65496 INFO tempest.lib.common.rest_client [req-dd4fd072-e188-463e-b178-68db78027c28 req-dd4fd072-e188-463e-b178-68db78027c28 ] Request (ServerActionsTestOtherB:setUpClass): 200 GET http://10.180.1.21/compute/v2.1/servers/14b8aba6-3293-43fa-8133-85b028cc14e5 1.846s
2025-12-11 10:44:37.082 65458 INFO tempest.lib.common.rest_client [req-8ff2999a-6d28-4319-af38-78c8a97794be req-8ff2999a-6d28-4319-af38-78c8a97794be ] Request (FlavorsV255TestJSON:setUpClass): 201 POST http://10.180.1.21/identity/v3/users 0.067s
2025-12-11 10:44:37.108 65492 INFO tempest.lib.common.rest_client [req-0a492f97-2c6b-4a88-882d-8246606b0aa0 req-0a492f97-2c6b-4a88-882d-8246606b0aa0 ] Request (ListServerFiltersTestJSON:test_list_servers_filtered_by_ip): 200 GET http://10.180.1.21/compute/v2.1/servers?ip=192.168.128.11 1.960s
2025-12-11 10:44:37.109 65458 INFO tempest.lib.common.rest_client [req-0ab49f14-ff10-454e-8ef1-abdf8abb9722 req-0ab49f14-ff10-454e-8ef1-abdf8abb9722 ] Request (FlavorsV255TestJSON:setUpClass): 200 GET http://10.180.1.21/identity/v3/roles 0.026s
2025-12-11 10:44:37.144 65458 INFO tempest.lib.common.rest_client [req-664b2c97-a05b-405c-9dea-5e2fc1919085 req-664b2c97-a05b-405c-9dea-5e2fc1919085 ] Request (FlavorsV255TestJSON:setUpClass): 204 PUT http://10.180.1.21/identity/v3/projects/3c90fb38d71e4e6aa6753ebfcd16feda/users/cee006cd33164adcad409b1708182df7/roles/162cb17accb6447986567b08fd6932d1 0.035s
2025-12-11 10:44:37.149 65502 INFO tempest.lib.common.rest_client [req-9b3c9082-d339-4c6e-bb84-ef1c29d71053 req-9b3c9082-d339-4c6e-bb84-ef1c29d71053 ] Request (ListImageFiltersTestJSON:setUpClass): 200 GET http://10.180.1.21/compute/v2.1/images/b6bf1162-181b-46a3-832d-1d6d604ff787 1.867s
2025-12-11 10:44:37.155 65444 INFO tempest.lib.common.rest_client [req-4b868186-3548-40df-87be-d71ca25b85f9 req-4b868186-3548-40df-87be-d71ca25b85f9 ] Request (MultipleCreateNegativeTestJSON:test_min_count_less_than_one): 400 POST http://10.180.1.21/compute/v2.1/servers 1.780s
2025-12-11 10:44:37.156 65462 INFO tempest.lib.common.rest_client [req-4417abf1-308d-486f-90b3-77cf88518258 req-4417abf1-308d-486f-90b3-77cf88518258 ] Request (SecurityGroupsTestJSON:test_security_groups_create_list_delete): 200 GET http://10.180.1.21/compute/v2.1/os-security-groups 1.942s
2025-12-11 10:44:37.210 65458 INFO tempest.lib.common.rest_client [req-296689f8-9e93-428a-a558-967468058e1c req-296689f8-9e93-428a-a558-967468058e1c ] Request (FlavorsV255TestJSON:setUpClass): 200 GET http://10.180.1.21/identity/v3/roles 0.065s
2025-12-11 10:44:37.267 65448 INFO tempest.lib.common.rest_client [req-f956aacf-85fc-4f23-b7a9-1ca6b49ed288 req-f956aacf-85fc-4f23-b7a9-1ca6b49ed288 ] Request (InstanceUsageAuditLogNegativeTestJSON:test_get_instance_usage_audit_logs_with_invalid_time): 400 GET http://10.180.1.21/compute/v2.1/os-instance_usage_audit_log/invalid_time 1.477s
2025-12-11 10:44:37.273 65444 INFO tempest.lib.common.rest_client [req-e4aa1b46-4289-4399-bb8e-f25452b22532 req-e4aa1b46-4289-4399-bb8e-f25452b22532 ] Request (MultipleCreateNegativeTestJSON:test_min_count_non_integer): 201 POST http://10.180.1.21/identity/v3/auth/tokens 0.111s
2025-12-11 10:44:37.274 65444 INFO tempest.lib.common.fixed_network [-] (MultipleCreateNegativeTestJSON:test_min_count_non_integer) Found network None available for tenant
2025-12-11 10:44:37.277 65458 INFO tempest.lib.common.rest_client [req-acecb413-b15d-4e7d-a1cf-bc33d404fd70 req-acecb413-b15d-4e7d-a1cf-bc33d404fd70 ] Request (FlavorsV255TestJSON:setUpClass): 204 PUT http://10.180.1.21/identity/v3/projects/3c90fb38d71e4e6aa6753ebfcd16feda/users/cee006cd33164adcad409b1708182df7/roles/162cb17accb6447986567b08fd6932d1 0.066s
2025-12-11 10:44:37.277 65458 INFO tempest.lib.common.dynamic_creds [-] Dynamic test user cee006cd33164adcad409b1708182df7 is created with scope project and roles: ['admin']
2025-12-11 10:44:37.277 65458 INFO tempest.lib.common.dynamic_creds [-] Acquired dynamic creds: credentials: Credentials: {'domain_id': 'default', 'domain_name': 'Default', 'username': 'tempest-FlavorsV255TestJSON-379800515-project-admin', 'project_domain_id': 'default', 'project_domain_name': 'Default', 'project_id': '3c90fb38d71e4e6aa6753ebfcd16feda', 'project_name': 'tempest-FlavorsV255TestJSON-379800515', 'tenant_id': '3c90fb38d71e4e6aa6753ebfcd16feda', 'tenant_name': 'tempest-FlavorsV255TestJSON-379800515', 'user_domain_id': 'default', 'user_domain_name': 'Default', 'user_id': 'cee006cd33164adcad409b1708182df7', 'system': None}, Network: None, Subnet: None, Router: None
2025-12-11 10:44:37.277 65458 INFO tempest.lib.common.dynamic_creds [-] Created isolated network resources for: credentials: Credentials: {'domain_id': 'default', 'domain_name': 'Default', 'username': 'tempest-FlavorsV255TestJSON-379800515-project-admin', 'project_domain_id': 'default', 'project_domain_name': 'Default', 'project_id': '3c90fb38d71e4e6aa6753ebfcd16feda', 'project_name': 'tempest-FlavorsV255TestJSON-379800515', 'tenant_id': '3c90fb38d71e4e6aa6753ebfcd16feda', 'tenant_name': 'tempest-FlavorsV255TestJSON-379800515', 'user_domain_id': 'default', 'user_domain_name': 'Default', 'user_id': 'cee006cd33164adcad409b1708182df7', 'system': None}, Network: None, Subnet: None, Router: None
2025-12-11 10:44:37.337 65468 INFO tempest.lib.common.rest_client [req-cea25058-c8a4-4cd1-9f5b-44f74bde2fc9 req-cea25058-c8a4-4cd1-9f5b-44f74bde2fc9 ] Request (VolumesSnapshotsTestJSON:_run_cleanups): 202 DELETE http://10.180.1.21/compute/v2.1/os-snapshots/68524d13-63dc-4a39-8fb9-a49eb0788be7 1.346s
2025-12-11 10:44:37.403 65458 INFO tempest.lib.common.rest_client [req-6268f9f4-c7b3-4551-9618-44d22e0708e3 req-6268f9f4-c7b3-4551-9618-44d22e0708e3 ] Request (FlavorsV255TestJSON:setUpClass): 201 POST http://10.180.1.21/identity/v3/auth/tokens 0.123s
2025-12-11 10:44:37.632 65442 INFO tempest.lib.common.rest_client [req-87b1bcd8-a1eb-4119-b60d-dc6cda2a772f req-87b1bcd8-a1eb-4119-b60d-dc6cda2a772f ] Request (QuotasAdminTestJSON:test_update_all_quota_resources_for_tenant): 200 PUT http://10.180.1.21/compute/v2.1/os-quota-sets/7ca6d5a4d38a479ebd464d00fb126990 1.261s
2025-12-11 10:44:37.638 65472 INFO tempest.lib.common.rest_client [req-93eb1c26-ec96-4815-b74a-b64d84f601aa req-93eb1c26-ec96-4815-b74a-b64d84f601aa ] Request (AttachInterfacesUnderV243Test:_run_cleanups): 200 GET http://10.180.1.21/compute/v2.1/servers/309fd4d4-8ee5-4325-8c6d-0313252e2af7 1.701s
2025-12-11 10:44:37.735 65481 INFO tempest.lib.common.rest_client [req-2a4a28a7-0995-4eb9-b891-cc689fd42154 req-2a4a28a7-0995-4eb9-b891-cc689fd42154 ] Request (ServersNegativeTestJSON:setUpClass): 200 GET http://10.180.1.21/compute/v2.1/servers/944d06be-83a4-4b89-aa3b-f50d91fa91db 1.323s
2025-12-11 10:44:37.791 65450 INFO tempest.lib.common.rest_client [req-43ba43ba-cc22-4e96-b208-90e15a45aebc req-43ba43ba-cc22-4e96-b208-90e15a45aebc ] Request (InstanceActionsTestJSON:setUpClass): 200 GET http://10.180.1.21/compute/v2.1/servers/f4c06d03-2036-4148-b83c-1309533a6a2c 1.398s
2025-12-11 10:44:37.799 65450 INFO tempest.common.waiters [-] State transition "BUILD/block_device_mapping" ==> "BUILD/spawning" after 23 second wait
2025-12-11 10:44:37.842 65484 INFO tempest.lib.common.rest_client [req-5b9fa9e6-cdc2-4b7c-9422-95960c3c541f req-5b9fa9e6-cdc2-4b7c-9422-95960c3c541f ] Request (InstanceActionsNegativeTestJSON:tearDownClass): 200 GET http://10.180.1.21/compute/v2.1/servers/f805a353-ad6e-4747-935b-5a9e781e07bc 1.066s
2025-12-11 10:44:37.855 65489 INFO tempest.lib.common.rest_client [req-9c2290b8-dc1b-4a12-9e01-b843b00090b8 req-9c2290b8-dc1b-4a12-9e01-b843b00090b8 ] Request (VolumesAssistedSnapshotsTest:tearDownClass): 200 GET http://10.180.1.21/compute/v2.1/servers/cec7dc4f-799e-4013-a322-a93223d303c3 0.903s
2025-12-11 10:44:37.977 65446 INFO tempest.lib.common.rest_client [req-8901b7a6-cb5e-4822-b47e-08e8e3b0405e req-8901b7a6-cb5e-4822-b47e-08e8e3b0405e ] Request (ServersAaction247Test:tearDownClass): 200 GET http://10.180.1.21/compute/v2.1/servers/6e1d077f-adfe-4ed0-8799-28d4ad8ff1c4 0.921s
2025-12-11 10:44:38.020 65478 INFO tempest.lib.common.rest_client [req-4e385866-3785-4474-ba3e-47d4453f0ba3 req-4e385866-3785-4474-ba3e-47d4453f0ba3 ] Request (ServersWithSpecificFlavorTestJSON:test_verify_created_server_ephemeral_disk): 200 GET http://10.180.1.21/compute/v2.1/servers/77583753-4e36-43c7-8375-8ec13d7fad49 1.053s
2025-12-11 10:44:38.026 65478 INFO tempest.common.waiters [-] State transition "BUILD/None" ==> "BUILD/networking" after 24 second wait
2025-12-11 10:44:38.054 65452 INFO tempest.lib.common.rest_client [req-66f59393-09b5-412a-96e8-dc3143b115ab req-66f59393-09b5-412a-96e8-dc3143b115ab ] Request (MigrationsAdminTest:test_list_migrations_in_flavor_resize_situation): 200 GET http://10.180.1.21/compute/v2.1/servers/ed3cd639-818c-47b5-a5a0-14fc65359d1b 0.978s
2025-12-11 10:44:38.255 65492 INFO tempest.lib.common.rest_client [req-3fa441a0-93a8-4306-99a3-4bf9484f27c8 req-3fa441a0-93a8-4306-99a3-4bf9484f27c8 ] Request (ListServerFiltersTestJSON:test_list_servers_filtered_by_ip_regex): 200 GET http://10.180.1.21/compute/v2.1/servers/ca2597c1-0e23-4042-b156-8cd5eae946ad 1.144s
2025-12-11 10:44:38.287 65502 INFO tempest.lib.common.rest_client [req-3d143c65-b2e3-49c4-8076-6c2d2fc52d37 req-3d143c65-b2e3-49c4-8076-6c2d2fc52d37 ] Request (ListImageFiltersTestJSON:setUpClass): 200 GET http://10.180.1.21/compute/v2.1/servers/e0ab4dba-8d09-4ddc-880d-398a3a3e1222 1.133s
2025-12-11 10:44:38.378 65462 INFO tempest.lib.common.rest_client [req-728a8955-e793-4707-8f40-d100e4693850 req-728a8955-e793-4707-8f40-d100e4693850 ] Request (SecurityGroupsTestJSON:test_server_security_groups): 200 POST http://10.180.1.21/compute/v2.1/os-security-groups 1.217s
2025-12-11 10:44:38.396 65454 INFO tempest.lib.common.rest_client [req-65f70827-ea5f-4fca-ae24-a76ec613bdb0 req-65f70827-ea5f-4fca-ae24-a76ec613bdb0 ] Request (ServerMetadataNegativeTestJSON:tearDownClass): 200 GET http://10.180.1.21/compute/v2.1/servers/133425c8-40fb-463d-bc2e-a05bac44b21c 1.170s
2025-12-11 10:44:38.430 65466 INFO tempest.lib.common.rest_client [req-53017fef-8a2f-42c8-8c97-d22a047b0510 req-53017fef-8a2f-42c8-8c97-d22a047b0510 ] Request (ServersNegativeTestMultiTenantJSON:setUpClass): 200 GET http://10.180.1.21/compute/v2.1/servers/8819621a-2126-40a1-a6f3-b437a502be30 1.181s
2025-12-11 10:44:38.435 65444 INFO tempest.lib.common.rest_client [req-82e366fd-b024-4cac-ba48-be10750c32c8 req-82e366fd-b024-4cac-ba48-be10750c32c8 ] Request (MultipleCreateNegativeTestJSON:test_min_count_non_integer): 400 POST http://10.180.1.21/compute/v2.1/servers 1.160s
2025-12-11 10:44:38.471 65448 INFO tempest.lib.common.rest_client [req-a26e3477-2e96-488d-ac64-94db75ce2561 req-a26e3477-2e96-488d-ac64-94db75ce2561 ] Request (InstanceUsageAuditLogNegativeTestJSON:test_instance_usage_audit_logs_with_nonadmin_user): 403 GET http://10.180.1.21/compute/v2.1/os-instance_usage_audit_log 1.202s
2025-12-11 10:44:38.475 65500 INFO tempest.lib.common.rest_client [req-51c22396-7378-4c81-a6e4-a4b63836daf3 req-51c22396-7378-4c81-a6e4-a4b63836daf3 ] Request (ImagesOneServerTestJSON:test_create_image_specify_multibyte_character_image_name): 200 GET http://10.180.1.21/compute/v2.1/images/2d0987e1-f720-4195-a1df-690615254f02 1.195s
2025-12-11 10:44:38.493 65468 INFO tempest.lib.common.rest_client [req-76bbb4ed-ddce-4471-b987-9b15a0bc2647 req-76bbb4ed-ddce-4471-b987-9b15a0bc2647 ] Request (VolumesSnapshotsTestJSON:_run_cleanups): 404 GET http://10.180.1.21/compute/v2.1/os-snapshots/68524d13-63dc-4a39-8fb9-a49eb0788be7 1.155s
2025-12-11 10:44:38.520 65458 INFO tempest.lib.common.rest_client [req-4fd18180-2494-41e4-915d-f56d60490d5d req-4fd18180-2494-41e4-915d-f56d60490d5d ] Request (FlavorsV255TestJSON:test_crud_flavor): 200 POST http://10.180.1.21/compute/v2.1/flavors 1.116s
2025-12-11 10:44:38.548 65444 INFO tempest.lib.common.rest_client [req-d6f046a0-4f7a-4dff-9553-b39227a99928 req-d6f046a0-4f7a-4dff-9553-b39227a99928 ] Request (MultipleCreateNegativeTestJSON:tearDownClass): 204 DELETE http://10.180.1.21/identity/v3/users/96f4a6d3501f4b77a3d7ceb83943334a 0.111s
2025-12-11 10:44:38.549 65444 INFO tempest.lib.common.dynamic_creds [-] Deleting project and security group for project: a174697b66cb4eb2bcd383dc42b79aa2
2025-12-11 10:44:38.582 65464 INFO tempest.lib.common.rest_client [req-e9644c26-5ef6-42aa-8153-eb13ce706e1b req-e9644c26-5ef6-42aa-8153-eb13ce706e1b ] Request (ServerAddressesTestJSON:tearDownClass): 200 GET http://10.180.1.21/compute/v2.1/servers/1a3ccee0-c9e6-4e55-b7ea-eebd121bb8e8 0.721s
2025-12-11 10:44:38.614 65444 INFO tempest.lib.common.rest_client [req-26457db7-9287-454c-9f1d-ed108595ee97 req-26457db7-9287-454c-9f1d-ed108595ee97 ] Request (MultipleCreateNegativeTestJSON:tearDownClass): 201 POST http://10.180.1.21/identity/v3/auth/tokens 0.065s
2025-12-11 10:44:38.637 65470 INFO tempest.lib.common.rest_client [req-7f9869b0-1e7e-43b1-a574-ec63983c907a req-7f9869b0-1e7e-43b1-a574-ec63983c907a ] Request (ServerShowV257Test:test_rebuild_server): 200 GET http://10.180.1.21/compute/v2.1/servers/03204b14-e84f-4a22-8a99-53625d647323 0.758s
2025-12-11 10:44:38.732 65442 INFO tempest.lib.common.rest_client [req-cfe98604-3096-44c8-99d0-9ae1fb9ebdbf req-cfe98604-3096-44c8-99d0-9ae1fb9ebdbf ] Request (QuotasAdminTestJSON:_run_cleanups): 200 PUT http://10.180.1.21/compute/v2.1/os-quota-sets/7ca6d5a4d38a479ebd464d00fb126990 1.097s
2025-12-11 10:44:38.831 65442 INFO tempest.lib.common.rest_client [req-2837b194-43bf-4c5d-8063-6621f2e94bd0 req-2837b194-43bf-4c5d-8063-6621f2e94bd0 ] Request (QuotasAdminTestJSON:tearDownClass): 204 DELETE http://10.180.1.21/identity/v3/users/0b7d24a216534e0ab4efc849de92af20 0.095s
2025-12-11 10:44:38.870 65444 INFO tempest.lib.common.rest_client [req-b5e367f2-84d7-474c-a139-0f9404fa001b req-b5e367f2-84d7-474c-a139-0f9404fa001b ] Request (MultipleCreateNegativeTestJSON:tearDownClass): 200 GET http://10.180.1.21/networking/v2.0/security-groups?tenant_id=a174697b66cb4eb2bcd383dc42b79aa2&name=default 0.256s
2025-12-11 10:44:38.899 65474 INFO tempest.lib.common.rest_client [req-bf16c020-1377-469e-93c4-6aabab7fa930 req-bf16c020-1377-469e-93c4-6aabab7fa930 ] Request (ServerShowV254Test:test_rebuild_server): 200 GET http://10.180.1.21/compute/v2.1/servers/a59dd6fe-822b-49a9-88e6-1036d3167559 0.968s
2025-12-11 10:44:38.912 65460 INFO tempest.lib.common.rest_client [req-ef75f68c-e4e7-478b-ae9d-bd23d5b95b62 req-ef75f68c-e4e7-478b-ae9d-bd23d5b95b62 ] Request (VolumesAdminNegativeTest:tearDownClass): 200 GET http://10.180.1.21/compute/v2.1/servers/c447333e-6b84-4599-a092-babd6cdd56a0 0.956s
2025-12-11 10:44:38.949 65442 INFO tempest.lib.common.rest_client [req-92adec46-845e-4df4-827e-8ce88574f77f req-92adec46-845e-4df4-827e-8ce88574f77f ] Request (QuotasAdminTestJSON:tearDownClass): 204 DELETE http://10.180.1.21/identity/v3/users/6750a9e5d66246b19d04241e1bc71b43 0.117s
2025-12-11 10:44:38.949 65442 INFO tempest.lib.common.dynamic_creds [-] Deleting project and security group for project: 7ca6d5a4d38a479ebd464d00fb126990
2025-12-11 10:44:38.989 65444 INFO tempest.lib.common.rest_client [req-9fb81a55-ed67-48dc-8bda-bb261066356a req-9fb81a55-ed67-48dc-8bda-bb261066356a ] Request (MultipleCreateNegativeTestJSON:tearDownClass): 204 DELETE http://10.180.1.21/networking/v2.0/security-groups/36af5573-2f2a-4d26-8fb9-e11599271861 0.118s
2025-12-11 10:44:39.013 65442 INFO tempest.lib.common.rest_client [req-a53d6e13-7e8d-453c-be0e-3f6406a4489f req-a53d6e13-7e8d-453c-be0e-3f6406a4489f ] Request (QuotasAdminTestJSON:tearDownClass): 201 POST http://10.180.1.21/identity/v3/auth/tokens 0.064s
2025-12-11 10:44:39.014 65440 INFO tempest.lib.common.rest_client [req-4b6ae301-73be-423e-a8c9-5cb8e5ce303e req-4b6ae301-73be-423e-a8c9-5cb8e5ce303e ] Request (ImagesTestJSON:test_create_image_from_suspended_server): 200 GET http://10.180.1.21/compute/v2.1/servers/ee2d5597-d393-4c34-b289-371886164013 1.033s
2025-12-11 10:44:39.025 65496 INFO tempest.lib.common.rest_client [req-14eef606-dd4d-4910-9239-559faa6c4626 req-14eef606-dd4d-4910-9239-559faa6c4626 ] Request (ServerActionsTestOtherB:setUpClass): 200 GET http://10.180.1.21/compute/v2.1/servers/14b8aba6-3293-43fa-8133-85b028cc14e5 0.989s
2025-12-11 10:44:39.041 65490 WARNING tempest.lib.common.ssh [-] Failed to establish authenticated ssh connection to cirros@10.180.180.204 ([Errno None] Unable to connect to port 22 on 10.180.180.204). Number attempts: 4. Retry after 5 seconds.: paramiko.ssh_exception.NoValidConnectionsError: [Errno None] Unable to connect to port 22 on 10.180.180.204
2025-12-11 10:44:39.111 65444 INFO tempest.lib.common.rest_client [req-4b819d46-80ab-47bc-9a01-870d904c47bf req-4b819d46-80ab-47bc-9a01-870d904c47bf ] Request (MultipleCreateNegativeTestJSON:tearDownClass): 204 DELETE http://10.180.1.21/identity/v3/projects/a174697b66cb4eb2bcd383dc42b79aa2 0.121s
2025-12-11 10:44:39.139 65502 INFO tempest.lib.common.rest_client [req-2e7cb9c7-ccf1-45a0-819a-b92096e6511b req-2e7cb9c7-ccf1-45a0-819a-b92096e6511b ] Request (ListImageFiltersTestJSON:test_list_images_filter_by_changes_since): 200 GET http://10.180.1.21/compute/v2.1/images?changes-since=2025-12-11T10%3A42%3A34Z 0.844s
2025-12-11 10:44:39.180 65444 INFO tempest.lib.common.rest_client [req-885a29e8-af32-4c05-b9c5-857bfbcc5708 req-885a29e8-af32-4c05-b9c5-857bfbcc5708 ] Request (ServerActionsTestOtherA:setUpClass): 201 POST http://10.180.1.21/identity/v3/auth/tokens 0.066s
2025-12-11 10:44:39.202 65442 INFO tempest.lib.common.rest_client [req-f730a793-9c37-4f95-a82c-d9b37640e1b7 req-f730a793-9c37-4f95-a82c-d9b37640e1b7 ] Request (QuotasAdminTestJSON:tearDownClass): 200 GET http://10.180.1.21/networking/v2.0/security-groups?tenant_id=7ca6d5a4d38a479ebd464d00fb126990&name=default 0.188s
2025-12-11 10:44:39.214 65444 INFO tempest.lib.common.rest_client [req-a06080ed-2af5-4e5f-90c7-f6811e28dfc9 req-a06080ed-2af5-4e5f-90c7-f6811e28dfc9 ] Request (ServerActionsTestOtherA:setUpClass): 201 POST http://10.180.1.21/identity/v3/auth/tokens 0.032s
2025-12-11 10:44:39.253 65444 INFO tempest.lib.common.rest_client [req-039e83f5-d072-49d9-919a-5bf07ed10c8a req-039e83f5-d072-49d9-919a-5bf07ed10c8a ] Request (ServerActionsTestOtherA:setUpClass): 200 GET http://10.180.1.21/identity/v3/domains?name=Default 0.039s
2025-12-11 10:44:39.289 65444 INFO tempest.lib.common.rest_client [req-b0f6bd05-cc34-49c0-ad68-2dd3bce8b8b4 req-b0f6bd05-cc34-49c0-ad68-2dd3bce8b8b4 ] Request (ServerActionsTestOtherA:setUpClass): 201 POST http://10.180.1.21/identity/v3/projects 0.035s
2025-12-11 10:44:39.355 65462 INFO tempest.lib.common.rest_client [req-20e99d6a-590e-4e34-b75d-7b1168bb1bac req-20e99d6a-590e-4e34-b75d-7b1168bb1bac ] Request (SecurityGroupsTestJSON:test_server_security_groups): 200 POST http://10.180.1.21/compute/v2.1/os-security-groups 0.973s
2025-12-11 10:44:39.357 65444 INFO tempest.lib.common.rest_client [req-db1083d8-3aaa-4753-8ff8-0d65cc4d7826 req-db1083d8-3aaa-4753-8ff8-0d65cc4d7826 ] Request (ServerActionsTestOtherA:setUpClass): 201 POST http://10.180.1.21/identity/v3/users 0.067s
2025-12-11 10:44:39.361 65448 INFO tempest.lib.common.rest_client [req-aca49c1f-d11d-400c-9ae4-c28e7b8e7cf3 req-aca49c1f-d11d-400c-9ae4-c28e7b8e7cf3 ] Request (InstanceUsageAuditLogNegativeTestJSON:test_instance_usage_audit_logs_with_nonadmin_user): 403 GET http://10.180.1.21/compute/v2.1/os-instance_usage_audit_log/2025-12-11%2010%3A44%3A38 0.889s
2025-12-11 10:44:39.392 65444 INFO tempest.lib.common.rest_client [req-241d7724-fc48-4db7-9ee5-84a58aab0631 req-241d7724-fc48-4db7-9ee5-84a58aab0631 ] Request (ServerActionsTestOtherA:setUpClass): 200 GET http://10.180.1.21/identity/v3/roles 0.034s
2025-12-11 10:44:39.430 65468 INFO tempest.lib.common.rest_client [req-6ececc5d-de9b-4b43-ab42-a9e28d377544 req-6ececc5d-de9b-4b43-ab42-a9e28d377544 ] Request (VolumesSnapshotsTestJSON:_run_cleanups): 202 DELETE http://10.180.1.21/compute/v2.1/os-volumes/9b3031a2-e9fa-4603-8baf-89950f8cb7b2 0.934s
2025-12-11 10:44:39.434 65448 INFO tempest.lib.common.rest_client [req-78913fa2-3096-479c-9da1-50800eb133c0 req-78913fa2-3096-479c-9da1-50800eb133c0 ] Request (InstanceUsageAuditLogNegativeTestJSON:tearDownClass): 204 DELETE http://10.180.1.21/identity/v3/users/ea4314821e9b4a3eb482c7d48d8cdfed 0.071s
2025-12-11 10:44:39.440 65462 INFO tempest.lib.common.rest_client [req-a73e2a8e-17b9-41dc-84ef-6185015307e2 req-a73e2a8e-17b9-41dc-84ef-6185015307e2 ] Request (SecurityGroupsTestJSON:test_server_security_groups): 201 POST http://10.180.1.21/identity/v3/auth/tokens 0.076s
