2025-12-12 12:52:55.622 63832 INFO tempest.lib.common.dynamic_creds [-] Created isolated network resources for: credentials: Credentials: {'domain_id': 'default', 'domain_name': 'Default', 'username': 'tempest-ServersNegativeTestMultiTenantJSON-2129479397-project-member', 'project_domain_id': 'default', 'project_domain_name': 'Default', 'project_id': '2c0e77f860584b3e9fea213ef7dafceb', 'project_name': 'tempest-ServersNegativeTestMultiTenantJSON-2129479397', 'tenant_id': '2c0e77f860584b3e9fea213ef7dafceb', 'tenant_name': 'tempest-ServersNegativeTestMultiTenantJSON-2129479397', 'user_domain_id': 'default', 'user_domain_name': 'Default', 'user_id': '787c0d8b78514c7cbb7431846de37ced', 'system': None}, Network: {'id': '17daee63-af98-402b-a550-63dec62d0a72', 'name': 'tempest-ServersNegativeTestMultiTenantJSON-444598892-network', 'tenant_id': '2c0e77f860584b3e9fea213ef7dafceb', 'admin_state_up': True, 'mtu': 8950, 'status': 'ACTIVE', 'subnets': [], 'shared': False, 'project_id': '2c0e77f860584b3e9fea213ef7dafceb', 'port_security_enabled': True, 'router:external': False, 'provider:network_type': 'vlan', 'provider:physical_network': 'default', 'provider:segmentation_id': 516, 'is_default': False, 'availability_zone_hints': [], 'availability_zones': [], 'ipv4_address_scope': None, 'ipv6_address_scope': None, 'description': '', 'tags': [], 'created_at': '2025-12-12T12:52:52Z', 'updated_at': '2025-12-12T12:52:52Z', 'revision_number': 1}, Subnet: {'id': '6a8ff6b8-1f5d-4a96-9591-5e562d9f35c2', 'name': 'tempest-ServersNegativeTestMultiTenantJSON-444598892-subnet', 'tenant_id': '2c0e77f860584b3e9fea213ef7dafceb', 'network_id': '17daee63-af98-402b-a550-63dec62d0a72', 'ip_version': 4, 'subnetpool_id': None, 'enable_dhcp': True, 'ipv6_ra_mode': None, 'ipv6_address_mode': None, 'gateway_ip': '192.168.128.1', 'cidr': '192.168.128.0/28', 'allocation_pools': [{'start': '192.168.128.2', 'end': '192.168.128.14'}], 'host_routes': [], 'dns_nameservers': [], 'description': '', 'router:external': False, 'service_types': [], 'tags': [], 'created_at': '2025-12-12T12:52:52Z', 'updated_at': '2025-12-12T12:52:52Z', 'revision_number': 0, 'project_id': '2c0e77f860584b3e9fea213ef7dafceb'}, Router: {'id': 'b3910bb1-7ff7-415d-b7c9-cad32ebfbc3d', 'name': 'tempest-ServersNegativeTestMultiTenantJSON-444598892-router', 'tenant_id': '2c0e77f860584b3e9fea213ef7dafceb', 'admin_state_up': True, 'status': 'ACTIVE', 'external_gateway_info': {'network_id': '1a48a75c-c06e-46f6-b99c-8c89723c0c9c', 'external_fixed_ips': [{'subnet_id': 'fe50896e-bf67-4659-989a-1dd4797fcb5f', 'ip_address': '10.180.180.161'}], 'enable_snat': True}, 'description': '', 'availability_zones': [], 'distributed': False, 'ha': False, 'availability_zone_hints': [], 'routes': [], 'flavor_id': None, 'tags': [], 'created_at': '2025-12-12T12:52:52Z', 'updated_at': '2025-12-12T12:52:53Z', 'revision_number': 2, 'project_id': '2c0e77f860584b3e9fea213ef7dafceb'}
2025-12-12 12:52:55.657 63846 INFO tempest.lib.common.rest_client [req-2330e2a9-80ca-4b69-b1a3-8293a7f5b00d req-2330e2a9-80ca-4b69-b1a3-8293a7f5b00d ] Request (ServersAaction247Test:test_create_backup): 200 GET http://10.180.1.21/compute/v2.1/servers/bb56950a-3e25-4fb9-9f84-f735e26adc42 0.687s
2025-12-12 12:52:55.670 63784 INFO tempest.lib.common.rest_client [req-6f325b69-9b19-4011-9bc2-44a7572bc1e7 req-6f325b69-9b19-4011-9bc2-44a7572bc1e7 ] Request (ServersTestBootFromVolume:test_verify_created_server_vcpus): 200 GET http://10.180.1.21/compute/v2.1/flavors/42 0.645s
2025-12-12 12:52:55.673 63784 INFO tempest.lib.common.ssh [-] Creating ssh connection to '10.180.180.208:22' as 'cirros' with public key authentication
2025-12-12 12:52:55.677 63784 INFO paramiko.transport [-] Connected (version 2.0, client dropbear_2020.81)
2025-12-12 12:52:55.721 63832 INFO tempest.lib.common.rest_client [req-5d2e8579-7337-4f80-97ae-4f8615e39c3b req-5d2e8579-7337-4f80-97ae-4f8615e39c3b ] Request (ServersNegativeTestMultiTenantJSON:setUpClass): 201 POST http://10.180.1.21/identity/v3/auth/tokens 0.095s
2025-12-12 12:52:55.727 63809 INFO tempest.lib.common.rest_client [req-27e74af7-3a87-43e5-8bae-c0bbc587c4fa req-27e74af7-3a87-43e5-8bae-c0bbc587c4fa ] Request (MigrationsAdminTest:test_resize_server_revert_deleted_flavor): 200 GET http://10.180.1.21/compute/v2.1/servers/a2e036ae-318b-44ea-9db0-10fa3838728b 0.684s
2025-12-12 12:52:55.735 63784 INFO paramiko.transport [-] Authentication (publickey) successful!
2025-12-12 12:52:55.738 63784 INFO tempest.lib.common.ssh [-] ssh connection to cirros@10.180.180.208 successfully created
2025-12-12 12:52:55.800 63812 INFO tempest.lib.common.rest_client [req-69122fe0-108a-4f37-8c16-c0641ca3e840 req-69122fe0-108a-4f37-8c16-c0641ca3e840 ] Request (ServersTestMultiNic:test_verify_duplicate_network_nics): 202 POST http://10.180.1.21/compute/v2.1/servers 1.133s
2025-12-12 12:52:55.803 63832 INFO tempest.lib.common.rest_client [req-7b6cd553-2f78-4cfc-afbc-1f19e9d8d7d8 req-7b6cd553-2f78-4cfc-afbc-1f19e9d8d7d8 ] Request (ServersNegativeTestMultiTenantJSON:setUpClass): 201 POST http://10.180.1.21/identity/v3/auth/tokens 0.078s
2025-12-12 12:52:55.804 63832 INFO tempest.lib.common.fixed_network [-] (ServersNegativeTestMultiTenantJSON:setUpClass) Found network {'id': '0d94690c-811c-4601-ba43-b1ed296c0a4d', 'name': 'tempest-ServersNegativeTestMultiTenantJSON-1543191410-network', 'tenant_id': '2c423db834f544fe91eec4d04dec5a0b', 'admin_state_up': True, 'mtu': 8950, 'status': 'ACTIVE', 'subnets': [], 'shared': False, 'project_id': '2c423db834f544fe91eec4d04dec5a0b', 'port_security_enabled': True, 'router:external': False, 'provider:network_type': 'vlan', 'provider:physical_network': 'default', 'provider:segmentation_id': 499, 'is_default': False, 'availability_zone_hints': [], 'availability_zones': [], 'ipv4_address_scope': None, 'ipv6_address_scope': None, 'description': '', 'tags': [], 'created_at': '2025-12-12T12:52:48Z', 'updated_at': '2025-12-12T12:52:48Z', 'revision_number': 1} available for tenant
2025-12-12 12:52:55.807 63788 INFO tempest.lib.common.rest_client [req-ab3bc06a-62c2-47ed-8fa7-9112e00e5cff req-ab3bc06a-62c2-47ed-8fa7-9112e00e5cff ] Request (MultipleCreateTestJSON:test_multiple_create): 200 GET http://10.180.1.21/compute/v2.1/servers/46e2c1f4-edf7-45d6-ba77-c872005fcf1b 0.698s
2025-12-12 12:52:55.887 63804 INFO tempest.lib.common.rest_client [req-391a1404-2569-4c0b-a21a-3e5c17f3e7d7 req-391a1404-2569-4c0b-a21a-3e5c17f3e7d7 ] Request (VolumesAssistedSnapshotsTest:tearDownClass): 200 GET http://10.180.1.21/compute/v2.1/servers/bf54098e-91a8-403f-a6fe-b58a62daaadb 0.678s
2025-12-12 12:52:55.949 63824 INFO tempest.lib.common.rest_client [req-ee0fe95d-06eb-4c68-8965-d0cabd021418 req-ee0fe95d-06eb-4c68-8965-d0cabd021418 ] Request (ServersAdmin275Test:test_rebuild_update_server_275): 200 GET http://10.180.1.21/compute/v2.1/servers/fd650fdc-6b49-4051-8267-bbd1f0cb86f1 0.682s
2025-12-12 12:52:55.963 63824 INFO tempest.common.waiters [-] State transition "BUILD/None" ==> "BUILD/spawning" after 67 second wait
2025-12-12 12:52:55.999 63800 INFO tempest.lib.common.rest_client [req-f9f80eb0-2d31-4c79-803e-b7da9a92fce6 req-f9f80eb0-2d31-4c79-803e-b7da9a92fce6 ] Request (ListServerFiltersTestJSON:test_list_servers_filtered_by_ip): 200 GET http://10.180.1.21/compute/v2.1/servers?ip=192.168.128.13 0.808s
2025-12-12 12:52:56.002 63820 INFO tempest.lib.common.rest_client [req-1ef5d9fa-b1e3-443b-8c0f-735aa9a3b61d req-1ef5d9fa-b1e3-443b-8c0f-735aa9a3b61d ] Request (ImagesOneServerTestJSON:setUpClass): 200 GET http://10.180.1.21/compute/v2.1/servers/4e89aa25-fb4a-430d-ab87-feff57b73780 0.700s
2025-12-12 12:52:56.012 63826 INFO tempest.lib.common.rest_client [req-a076edd4-9b4f-4de9-8ffd-354ad522f67d req-a076edd4-9b4f-4de9-8ffd-354ad522f67d ] Request (ServersNegativeTestJSON:test_resize_nonexistent_server): 404 POST http://10.180.1.21/compute/v2.1/servers/f144f4c4-6d9f-4276-bb3a-21a3c2eb0883/action 0.625s
2025-12-12 12:52:56.061 63786 INFO tempest.lib.common.rest_client [req-6a772af0-0da8-4eba-9177-0b1c6054d8b5 req-6a772af0-0da8-4eba-9177-0b1c6054d8b5 ] Request (ImagesTestJSON:test_create_image_from_stopped_server): 200 GET http://10.180.1.21/compute/v2.1/servers/04dc612b-7987-405b-9716-95c4ff3535ec 0.670s
2025-12-12 12:52:56.069 63830 INFO tempest.lib.common.rest_client [req-91c90a81-5978-4d52-9651-f06f38cede7f req-91c90a81-5978-4d52-9651-f06f38cede7f ] Request (FloatingIPsAssociationTestJSON:test_associate_already_associated_floating_ip): 200 GET http://10.180.1.21/compute/v2.1/servers/6f29f063-ddb5-491a-a1a0-7c9ed65a1718 0.729s
2025-12-12 12:52:56.111 63822 INFO tempest.lib.common.rest_client [req-e3e44c08-f85e-4a94-a840-7796c0987bb7 req-e3e44c08-f85e-4a94-a840-7796c0987bb7 ] Request (ImagesOneServerNegativeTestJSON:setUpClass): 200 GET http://10.180.1.21/compute/v2.1/servers/db5993ce-6982-4b82-8f5d-3fe51df8896b 0.706s
2025-12-12 12:52:56.131 63836 INFO tempest.lib.common.rest_client [req-0570b0e3-d84d-44e7-9afb-07b92d8a4ae0 req-0570b0e3-d84d-44e7-9afb-07b92d8a4ae0 ] Request (ServerAddressesNegativeTestJSON:tearDownClass): 200 GET http://10.180.1.21/compute/v2.1/servers/4b95b9dd-63ce-4285-ae28-f0c2a7fe6eff 0.658s
2025-12-12 12:52:56.162 63790 INFO tempest.lib.common.rest_client [req-c56b831d-9dab-4d87-a2d3-0d59b0964a2f req-c56b831d-9dab-4d87-a2d3-0d59b0964a2f ] Request (ServersAdminTestJSON:test_inject_network_info): 200 GET http://10.180.1.21/compute/v2.1/servers/e50e95c0-830b-4d71-999b-546b138bf8f4 0.624s
2025-12-12 12:52:56.186 63814 INFO tempest.lib.common.rest_client [req-288ca427-ac06-422b-8e7c-20e6e12da003 req-288ca427-ac06-422b-8e7c-20e6e12da003 ] Request (ServerDiskConfigTestJSON:test_rebuild_server_with_auto_disk_config): 200 GET http://10.180.1.21/compute/v2.1/servers/707a79e2-f5db-479c-b719-1e040935cda3 0.639s
2025-12-12 12:52:56.236 63794 INFO tempest.lib.common.rest_client [req-5a74fbd9-bfa8-4378-a6e0-ee957d13bf00 req-5a74fbd9-bfa8-4378-a6e0-ee957d13bf00 ] Request (ServersTestFqdnHostnames:test_create_server_with_fqdn_name): 200 GET http://10.180.1.21/compute/v2.1/servers/736b110e-7265-42cc-9c9b-35f57c466b0c 0.481s
2025-12-12 12:52:56.256 63784 INFO tempest.lib.common.rest_client [req-485c5a4b-a4b8-4d35-99e7-a2be0f6cbbea req-485c5a4b-a4b8-4d35-99e7-a2be0f6cbbea ] Request (ServersTestBootFromVolume:tearDownClass): 204 DELETE http://10.180.1.21/compute/v2.1/servers/47500aaa-92fc-454c-badd-d6f8a2203083 0.506s
2025-12-12 12:52:56.272 63812 INFO tempest.lib.common.rest_client [req-cbee19ed-efc4-4698-9cb1-e75aa00925b3 req-cbee19ed-efc4-4698-9cb1-e75aa00925b3 ] Request (ServersTestMultiNic:test_verify_duplicate_network_nics): 200 GET http://10.180.1.21/compute/v2.1/servers/6850191a-4190-4795-ae18-830b41a76085 0.471s
2025-12-12 12:52:56.343 63844 INFO tempest.lib.common.rest_client [req-630c21d3-5a28-4b07-9f83-c1841a591540 req-630c21d3-5a28-4b07-9f83-c1841a591540 ] Request (ServerGroupTestJSON:test_create_server_with_scheduler_hint_group): 200 GET http://10.180.1.21/compute/v2.1/servers/f703cd1c-4b77-4a85-a91b-63a2bd0e84a9 0.526s
2025-12-12 12:52:56.405 63806 INFO tempest.lib.common.rest_client [req-40b5719e-f592-442f-82f1-bd5912042253 req-40b5719e-f592-442f-82f1-bd5912042253 ] Request (ListServersNegativeTestJSON:setUpClass): 200 GET http://10.180.1.21/compute/v2.1/servers/ee9fe572-7a17-46db-8330-4b6f632c6b2c 0.571s
2025-12-12 12:52:56.465 63842 INFO tempest.lib.common.rest_client [req-f60bbdc6-4db5-439b-bbde-01506dfad0c4 req-f60bbdc6-4db5-439b-bbde-01506dfad0c4 ] Request (ServersWithSpecificFlavorTestJSON:test_verify_created_server_ephemeral_disk): 200 GET http://10.180.1.21/compute/v2.1/servers/5a1202a4-d7ec-4824-ac9b-3d9dd159cb6b 0.563s
2025-12-12 12:52:56.616 63800 INFO tempest.lib.common.rest_client [req-31954f2a-3ce5-4b02-b3b1-1fc2ba8d52ac req-31954f2a-3ce5-4b02-b3b1-1fc2ba8d52ac ] Request (ListServerFiltersTestJSON:test_list_servers_filtered_by_ip_regex): 200 GET http://10.180.1.21/compute/v2.1/servers/b5593b74-fe89-43f5-a8c6-e73159b4efac 0.614s
2025-12-12 12:52:56.743 63832 INFO tempest.lib.common.rest_client [req-d6354fa9-07c2-4aaa-a817-374a90a58ac4 req-d6354fa9-07c2-4aaa-a817-374a90a58ac4 ] Request (ServersNegativeTestMultiTenantJSON:setUpClass): 202 POST http://10.180.1.21/compute/v2.1/servers 0.939s
2025-12-12 12:52:56.829 63826 INFO tempest.lib.common.rest_client [req-f7b43a6b-4bbb-4959-93e6-5cfd07a3c817 req-f7b43a6b-4bbb-4959-93e6-5cfd07a3c817 ] Request (ServersNegativeTestJSON:tearDown): 200 GET http://10.180.1.21/compute/v2.1/servers/f9fa5578-acf3-416f-9cb0-8ceb00e5132d 0.817s
2025-12-12 12:52:56.895 63792 INFO tempest.lib.common.rest_client [req-8bae0620-dc55-47c0-9ffa-e2b46672f6a8 req-8bae0620-dc55-47c0-9ffa-e2b46672f6a8 ] Request (ServerAddressesTestJSON:setUpClass): 200 GET http://10.180.1.21/compute/v2.1/servers/080b11d7-a756-45a0-81d5-b5fcc2662ac9 0.817s
2025-12-12 12:52:56.918 63818 INFO tempest.lib.common.rest_client [req-c1d19a23-6b2a-4382-a30e-bee960c2daf7 req-c1d19a23-6b2a-4382-a30e-bee960c2daf7 ] Request (DeleteServersTestJSON:test_delete_active_server): 200 GET http://10.180.1.21/compute/v2.1/servers/1a4309cf-7d02-4351-8fc2-7ce2bc0cb1f7 0.877s
2025-12-12 12:52:56.999 63838 INFO tempest.lib.common.rest_client [req-c0f9800c-a7c1-4715-8eee-7a76a9ea8263 req-c0f9800c-a7c1-4715-8eee-7a76a9ea8263 ] Request (ServersTestJSON:_run_cleanups): 200 GET http://10.180.1.21/compute/v2.1/servers/61068d41-5f5d-4ee5-b546-71da13eff93d 0.741s
2025-12-12 12:52:57.083 63784 INFO tempest.lib.common.rest_client [req-0c8e97a1-e899-4b38-a4ff-d6903737895d req-0c8e97a1-e899-4b38-a4ff-d6903737895d ] Request (ServersTestBootFromVolume:tearDownClass): 200 GET http://10.180.1.21/compute/v2.1/servers/47500aaa-92fc-454c-badd-d6f8a2203083 0.827s
2025-12-12 12:52:57.089 63828 INFO tempest.lib.common.rest_client [req-1159a398-8988-441a-9cc9-6470018a6bf4 req-1159a398-8988-441a-9cc9-6470018a6bf4 ] Request (ServerActionsTestJSON:setUpClass): 200 GET http://10.180.1.21/compute/v2.1/servers/466be7db-79e4-49fd-aa3b-56fbe5c60457 0.635s
2025-12-12 12:52:57.159 63810 INFO tempest.lib.common.rest_client [req-0ee58811-022c-479f-bef5-3008f8a28da1 req-0ee58811-022c-479f-bef5-3008f8a28da1 ] Request (AttachVolumeTestJSON:test_attach_detach_volume): 200 GET http://10.180.1.21/compute/v2.1/servers/d5d557c6-3d4e-4122-8756-218c9757fa01 0.651s
2025-12-12 12:52:57.190 63796 INFO tempest.lib.common.rest_client [req-68013986-ab1b-47d7-a54b-c3263c39d95e req-68013986-ab1b-47d7-a54b-c3263c39d95e ] Request (ServersAdminNegativeTestJSON:tearDownClass): 200 GET http://10.180.1.21/compute/v2.1/servers/36d40b69-fae7-4867-afa1-4befdc96bde0 0.605s
2025-12-12 12:52:57.246 63846 INFO tempest.lib.common.rest_client [req-91752c20-29e4-4c8b-b604-e9f68caa9fd9 req-91752c20-29e4-4c8b-b604-e9f68caa9fd9 ] Request (ServersAaction247Test:test_create_backup): 200 GET http://10.180.1.21/compute/v2.1/servers/bb56950a-3e25-4fb9-9f84-f735e26adc42 0.577s
2025-12-12 12:52:57.311 63809 INFO tempest.lib.common.rest_client [req-b0bb535e-619a-40f3-bbc4-8bd80fe32198 req-b0bb535e-619a-40f3-bbc4-8bd80fe32198 ] Request (MigrationsAdminTest:test_resize_server_revert_deleted_flavor): 200 GET http://10.180.1.21/compute/v2.1/servers/a2e036ae-318b-44ea-9db0-10fa3838728b 0.570s
2025-12-12 12:52:57.322 63800 INFO tempest.lib.common.rest_client [req-af469160-ea47-413c-a707-804df365e2ca req-af469160-ea47-413c-a707-804df365e2ca ] Request (ListServerFiltersTestJSON:test_list_servers_filtered_by_ip_regex): 200 GET http://10.180.1.21/compute/v2.1/servers/a7bb1869-5553-40d8-9c0b-366ccdef5fae 0.697s
2025-12-12 12:52:57.362 63832 INFO tempest.lib.common.rest_client [req-8fcadd52-1dfd-4aba-bbd1-c9fc494fc413 req-8fcadd52-1dfd-4aba-bbd1-c9fc494fc413 ] Request (ServersNegativeTestMultiTenantJSON:setUpClass): 200 GET http://10.180.1.21/compute/v2.1/servers/5bf7ed57-62d5-4abc-96d8-78b979baed92 0.617s
2025-12-12 12:52:57.395 63788 INFO tempest.lib.common.rest_client [req-f1cdd594-2e6e-452b-8472-05ea77cab6d5 req-f1cdd594-2e6e-452b-8472-05ea77cab6d5 ] Request (MultipleCreateTestJSON:test_multiple_create): 200 GET http://10.180.1.21/compute/v2.1/servers/46e2c1f4-edf7-45d6-ba77-c872005fcf1b 0.574s
2025-12-12 12:52:57.416 63804 INFO tempest.lib.common.rest_client [req-03b4240c-924a-4293-8cce-b057b06c3f4a req-03b4240c-924a-4293-8cce-b057b06c3f4a ] Request (VolumesAssistedSnapshotsTest:tearDownClass): 404 GET http://10.180.1.21/compute/v2.1/servers/bf54098e-91a8-403f-a6fe-b58a62daaadb 0.521s
2025-12-12 12:52:57.477 63824 INFO tempest.lib.common.rest_client [req-8f5d4847-8a95-4690-adef-c2ce2c6dae52 req-8f5d4847-8a95-4690-adef-c2ce2c6dae52 ] Request (ServersAdmin275Test:test_rebuild_update_server_275): 200 GET http://10.180.1.21/compute/v2.1/servers/fd650fdc-6b49-4051-8267-bbd1f0cb86f1 0.512s
2025-12-12 12:52:57.487 63826 INFO tempest.lib.common.rest_client [req-4b59efba-0fb4-4ab4-a2ba-28e769a4d521 req-4b59efba-0fb4-4ab4-a2ba-28e769a4d521 ] Request (ServersNegativeTestJSON:setUp): 200 GET http://10.180.1.21/compute/v2.1/servers/f9fa5578-acf3-416f-9cb0-8ceb00e5132d 0.648s
2025-12-12 12:52:57.550 63820 INFO tempest.lib.common.rest_client [req-c475f237-4c13-4121-8bdd-fc73ad0750fc req-c475f237-4c13-4121-8bdd-fc73ad0750fc ] Request (ImagesOneServerTestJSON:setUpClass): 200 GET http://10.180.1.21/compute/v2.1/servers/4e89aa25-fb4a-430d-ab87-feff57b73780 0.534s
2025-12-12 12:52:57.569 63786 INFO tempest.lib.common.rest_client [req-cdef0e70-a298-4dfd-8a11-944fda04180d req-cdef0e70-a298-4dfd-8a11-944fda04180d ] Request (ImagesTestJSON:test_create_image_from_stopped_server): 200 GET http://10.180.1.21/compute/v2.1/servers/04dc612b-7987-405b-9716-95c4ff3535ec 0.496s
2025-12-12 12:52:57.640 63830 INFO tempest.lib.common.rest_client [req-3c80d4b0-192b-4479-a7f3-1459107f8cae req-3c80d4b0-192b-4479-a7f3-1459107f8cae ] Request (FloatingIPsAssociationTestJSON:test_associate_already_associated_floating_ip): 200 GET http://10.180.1.21/compute/v2.1/servers/6f29f063-ddb5-491a-a1a0-7c9ed65a1718 0.562s
2025-12-12 12:52:57.661 63822 INFO tempest.lib.common.rest_client [req-7d319cad-9cae-4324-9045-975a0bbbc6db req-7d319cad-9cae-4324-9045-975a0bbbc6db ] Request (ImagesOneServerNegativeTestJSON:setUpClass): 200 GET http://10.180.1.21/compute/v2.1/servers/db5993ce-6982-4b82-8f5d-3fe51df8896b 0.541s
2025-12-12 12:52:57.733 63790 INFO tempest.lib.common.rest_client [req-b9947ab6-476f-4dba-8cb8-91e35fbcc2e9 req-b9947ab6-476f-4dba-8cb8-91e35fbcc2e9 ] Request (ServersAdminTestJSON:test_inject_network_info): 200 GET http://10.180.1.21/compute/v2.1/servers/e50e95c0-830b-4d71-999b-546b138bf8f4 0.561s
2025-12-12 12:52:57.745 63836 INFO tempest.lib.common.rest_client [req-5050735a-7242-481e-8e04-bd1e3c3e1b3b req-5050735a-7242-481e-8e04-bd1e3c3e1b3b ] Request (ServerAddressesNegativeTestJSON:tearDownClass): 200 GET http://10.180.1.21/compute/v2.1/servers/4b95b9dd-63ce-4285-ae28-f0c2a7fe6eff 0.605s
2025-12-12 12:52:57.800 63814 INFO tempest.lib.common.rest_client [req-191f0f02-2544-49e0-a55f-44a1097585aa req-191f0f02-2544-49e0-a55f-44a1097585aa ] Request (ServerDiskConfigTestJSON:test_rebuild_server_with_auto_disk_config): 200 GET http://10.180.1.21/compute/v2.1/servers/707a79e2-f5db-479c-b719-1e040935cda3 0.603s
2025-12-12 12:52:57.811 63794 INFO tempest.lib.common.rest_client [req-f3362c8c-9c11-4575-b37d-e2865bb01f3f req-f3362c8c-9c11-4575-b37d-e2865bb01f3f ] Request (ServersTestFqdnHostnames:test_create_server_with_fqdn_name): 200 GET http://10.180.1.21/compute/v2.1/servers/736b110e-7265-42cc-9c9b-35f57c466b0c 0.567s
2025-12-12 12:52:57.820 63834 WARNING tempest.lib.common.ssh [-] Failed to establish authenticated ssh connection to cirros@10.180.180.197 ([Errno None] Unable to connect to port 22 on 10.180.180.197). Number attempts: 6. Retry after 7 seconds.: paramiko.ssh_exception.NoValidConnectionsError: [Errno None] Unable to connect to port 22 on 10.180.180.197
2025-12-12 12:52:57.876 63812 INFO tempest.lib.common.rest_client [req-44d3d3f4-a15f-4431-b2d9-4a5b201e46b5 req-44d3d3f4-a15f-4431-b2d9-4a5b201e46b5 ] Request (ServersTestMultiNic:test_verify_duplicate_network_nics): 200 GET http://10.180.1.21/compute/v2.1/servers/6850191a-4190-4795-ae18-830b41a76085 0.594s
2025-12-12 12:52:57.934 63844 INFO tempest.lib.common.rest_client [req-02b9761b-cfc0-4b2c-80b5-5a6ec3d824fb req-02b9761b-cfc0-4b2c-80b5-5a6ec3d824fb ] Request (ServerGroupTestJSON:test_create_server_with_scheduler_hint_group): 200 GET http://10.180.1.21/compute/v2.1/servers/f703cd1c-4b77-4a85-a91b-63a2bd0e84a9 0.581s
2025-12-12 12:52:57.984 63800 INFO tempest.lib.common.rest_client [req-76035675-0bde-44c3-820b-5a5e7cd70dfe req-76035675-0bde-44c3-820b-5a5e7cd70dfe ] Request (ListServerFiltersTestJSON:test_list_servers_filtered_by_ip_regex): 200 GET http://10.180.1.21/compute/v2.1/servers/99de5226-a27c-47c5-90fa-5f0c7204df1c 0.647s
2025-12-12 12:52:58.009 63806 INFO tempest.lib.common.rest_client [req-4f3faca3-eff7-4027-bb40-86ba3537fbce req-4f3faca3-eff7-4027-bb40-86ba3537fbce ] Request (ListServersNegativeTestJSON:setUpClass): 200 GET http://10.180.1.21/compute/v2.1/servers/ee9fe572-7a17-46db-8330-4b6f632c6b2c 0.597s
2025-12-12 12:52:58.015 63804 INFO tempest.lib.common.rest_client [req-83f412a1-de29-4ba1-9c0c-cda11704aaa0 req-83f412a1-de29-4ba1-9c0c-cda11704aaa0 ] Request (VolumesAssistedSnapshotsTest:tearDownClass): 202 DELETE http://10.180.1.21/compute/v2.1/os-keypairs/tempest-keypair-1151044882 0.599s
2025-12-12 12:52:58.084 63842 INFO tempest.lib.common.rest_client [req-e95ac8e7-0f39-485c-9456-d5e32d322d6a req-e95ac8e7-0f39-485c-9456-d5e32d322d6a ] Request (ServersWithSpecificFlavorTestJSON:test_verify_created_server_ephemeral_disk): 200 GET http://10.180.1.21/compute/v2.1/servers/5a1202a4-d7ec-4824-ac9b-3d9dd159cb6b 0.608s
2025-12-12 12:52:58.118 63826 INFO tempest.lib.common.rest_client [req-fc535160-3706-491c-8f1d-c2c4f926bf73 req-fc535160-3706-491c-8f1d-c2c4f926bf73 ] Request (ServersNegativeTestJSON:test_resize_server_with_non_existent_flavor): 400 POST http://10.180.1.21/compute/v2.1/servers/f9fa5578-acf3-416f-9cb0-8ceb00e5132d/action 0.617s
2025-12-12 12:52:58.133 63804 INFO tempest.lib.common.rest_client [req-7c7ccb49-10d6-43be-9371-ca2d42c5e307 req-7c7ccb49-10d6-43be-9371-ca2d42c5e307 ] Request (VolumesAssistedSnapshotsTest:tearDownClass): 204 DELETE http://10.180.1.21:9696/networking/v2.0/security-groups/95408828-82eb-4961-9b66-b1b6b16e9259 0.117s
2025-12-12 12:52:58.150 63804 INFO tempest.lib.common.rest_client [req-e3d8b70c-a21a-4220-a9e1-70747949d486 req-e3d8b70c-a21a-4220-a9e1-70747949d486 ] Request (VolumesAssistedSnapshotsTest:tearDownClass): 404 GET http://10.180.1.21:9696/networking/v2.0/security-groups/95408828-82eb-4961-9b66-b1b6b16e9259 0.016s
2025-12-12 12:52:58.157 63792 INFO tempest.lib.common.rest_client [req-a3a1ca31-5c55-4b7d-917d-7a880ec8a0fd req-a3a1ca31-5c55-4b7d-917d-7a880ec8a0fd ] Request (ServerAddressesTestJSON:setUpClass): 200 GET http://10.180.1.21/compute/v2.1/servers/080b11d7-a756-45a0-81d5-b5fcc2662ac9 0.253s
2025-12-12 12:52:58.293 63818 INFO tempest.lib.common.rest_client [req-ba0b8eb5-5860-49d0-be72-118bb7845872 req-ba0b8eb5-5860-49d0-be72-118bb7845872 ] Request (DeleteServersTestJSON:test_delete_active_server): 200 GET http://10.180.1.21/compute/v2.1/servers/1a4309cf-7d02-4351-8fc2-7ce2bc0cb1f7 0.366s
2025-12-12 12:52:58.350 63800 INFO tempest.lib.common.rest_client [req-bf93b781-e142-4108-87af-f2058368369b req-bf93b781-e142-4108-87af-f2058368369b ] Request (ListServerFiltersTestJSON:test_list_servers_filtered_by_ip_regex): 200 GET http://10.180.1.21/compute/v2.1/servers/detail 0.358s
2025-12-12 12:52:58.384 63838 INFO tempest.lib.common.rest_client [req-1ba71039-cec6-4438-8941-1cbb9601b0f4 req-1ba71039-cec6-4438-8941-1cbb9601b0f4 ] Request (ServersTestJSON:_run_cleanups): 200 GET http://10.180.1.21/compute/v2.1/servers/61068d41-5f5d-4ee5-b546-71da13eff93d 0.376s
2025-12-12 12:52:58.459 63828 INFO tempest.lib.common.rest_client [req-89c9a5b2-4e79-4dab-9ba7-3a6e4563f31a req-89c9a5b2-4e79-4dab-9ba7-3a6e4563f31a ] Request (ServerActionsTestJSON:setUpClass): 200 GET http://10.180.1.21/compute/v2.1/servers/466be7db-79e4-49fd-aa3b-56fbe5c60457 0.354s
2025-12-12 12:52:58.491 63784 INFO tempest.lib.common.rest_client [req-b6f360d3-49b0-4851-8a37-370b3dfd4ee5 req-b6f360d3-49b0-4851-8a37-370b3dfd4ee5 ] Request (ServersTestBootFromVolume:tearDownClass): 200 GET http://10.180.1.21/compute/v2.1/servers/47500aaa-92fc-454c-badd-d6f8a2203083 0.392s
2025-12-12 12:52:58.570 63810 INFO tempest.lib.common.rest_client [req-d284d8f2-1227-4d27-85c8-b87dc69d5ab1 req-d284d8f2-1227-4d27-85c8-b87dc69d5ab1 ] Request (AttachVolumeTestJSON:test_attach_detach_volume): 200 GET http://10.180.1.21/compute/v2.1/servers/d5d557c6-3d4e-4122-8756-218c9757fa01 0.395s
2025-12-12 12:52:58.608 63826 INFO tempest.lib.common.rest_client [req-4090a424-a63d-42ea-8007-9f59d4190240 req-4090a424-a63d-42ea-8007-9f59d4190240 ] Request (ServersNegativeTestJSON:tearDown): 200 GET http://10.180.1.21/compute/v2.1/servers/f9fa5578-acf3-416f-9cb0-8ceb00e5132d 0.488s
2025-12-12 12:52:58.636 63804 INFO tempest.lib.common.rest_client [req-e736ec93-9c36-450c-af9f-9a7a0721f279 req-e736ec93-9c36-450c-af9f-9a7a0721f279 ] Request (VolumesAssistedSnapshotsTest:tearDownClass): 204 DELETE http://10.180.1.21:9696/networking/v2.0/floatingips/11ac72f8-1d26-4aff-92fa-1d178aeef083 0.486s
2025-12-12 12:52:58.652 63804 INFO tempest.lib.common.rest_client [req-c81f4fd9-4eed-476b-a842-7622f123766c req-c81f4fd9-4eed-476b-a842-7622f123766c ] Request (VolumesAssistedSnapshotsTest:tearDownClass): 404 DELETE http://10.180.1.21/volume/v3/3c5c0a0c06dc468ba95435a2fc2752a0/volumes/dc9f1261-2253-4cc1-91b1-e12aa81cc11d 0.016s
2025-12-12 12:52:58.658 63796 INFO tempest.lib.common.rest_client [req-ffb8e236-dfa9-42a0-b860-23ebabb235bc req-ffb8e236-dfa9-42a0-b860-23ebabb235bc ] Request (ServersAdminNegativeTestJSON:tearDownClass): 200 GET http://10.180.1.21/compute/v2.1/servers/36d40b69-fae7-4867-afa1-4befdc96bde0 0.457s
2025-12-12 12:52:58.670 63804 INFO tempest.lib.common.rest_client [req-cf80645f-a3fc-4d20-a27a-8c61b20cdae9 req-cf80645f-a3fc-4d20-a27a-8c61b20cdae9 ] Request (VolumesAssistedSnapshotsTest:tearDownClass): 404 GET http://10.180.1.21/volume/v3/3c5c0a0c06dc468ba95435a2fc2752a0/volumes/dc9f1261-2253-4cc1-91b1-e12aa81cc11d 0.017s
2025-12-12 12:52:58.673 63846 INFO tempest.lib.common.rest_client [req-b92b79f7-4cc4-415f-aa9a-32882b519dd7 req-b92b79f7-4cc4-415f-aa9a-32882b519dd7 ] Request (ServersAaction247Test:test_create_backup): 200 GET http://10.180.1.21/compute/v2.1/servers/bb56950a-3e25-4fb9-9f84-f735e26adc42 0.414s
2025-12-12 12:52:58.726 63809 INFO tempest.lib.common.rest_client [req-ff140007-59d4-4c29-bdc5-5cc87e9c6595 req-ff140007-59d4-4c29-bdc5-5cc87e9c6595 ] Request (MigrationsAdminTest:test_resize_server_revert_deleted_flavor): 200 GET http://10.180.1.21/compute/v2.1/servers/a2e036ae-318b-44ea-9db0-10fa3838728b 0.401s
2025-12-12 12:52:58.807 63800 INFO tempest.lib.common.rest_client [req-0c21bfb9-aafa-46f5-bcf5-f24011ab3273 req-0c21bfb9-aafa-46f5-bcf5-f24011ab3273 ] Request (ListServerFiltersTestJSON:test_list_servers_filtered_by_ip_regex): 200 GET http://10.180.1.21/compute/v2.1/servers?ip=192.168.128. 0.444s
2025-12-12 12:52:58.868 63788 INFO tempest.lib.common.rest_client [req-316d9c48-bfff-4978-a9b7-cafadc19badd req-316d9c48-bfff-4978-a9b7-cafadc19badd ] Request (MultipleCreateTestJSON:test_multiple_create): 200 GET http://10.180.1.21/compute/v2.1/servers/46e2c1f4-edf7-45d6-ba77-c872005fcf1b 0.464s
2025-12-12 12:52:58.929 63824 INFO tempest.lib.common.rest_client [req-cab4b17d-80b8-4f3c-bce9-0cab5b624b5d req-cab4b17d-80b8-4f3c-bce9-0cab5b624b5d ] Request (ServersAdmin275Test:test_rebuild_update_server_275): 200 GET http://10.180.1.21/compute/v2.1/servers/fd650fdc-6b49-4051-8267-bbd1f0cb86f1 0.441s
2025-12-12 12:52:58.981 63820 INFO tempest.lib.common.rest_client [req-ec94cee3-6b34-44e3-9b3f-3f55e79db1b1 req-ec94cee3-6b34-44e3-9b3f-3f55e79db1b1 ] Request (ImagesOneServerTestJSON:setUpClass): 200 GET http://10.180.1.21/compute/v2.1/servers/4e89aa25-fb4a-430d-ab87-feff57b73780 0.421s
2025-12-12 12:52:59.001 63832 INFO tempest.lib.common.rest_client [req-e1659803-5504-4897-a4a2-4a80c34d932d req-e1659803-5504-4897-a4a2-4a80c34d932d ] Request (ServersNegativeTestMultiTenantJSON:setUpClass): 200 GET http://10.180.1.21/compute/v2.1/servers/5bf7ed57-62d5-4abc-96d8-78b979baed92 0.630s
2025-12-12 12:52:59.036 63786 INFO tempest.lib.common.rest_client [req-7331bc04-2fae-4cc2-836d-ccafc80ecf17 req-7331bc04-2fae-4cc2-836d-ccafc80ecf17 ] Request (ImagesTestJSON:test_create_image_from_stopped_server): 200 GET http://10.180.1.21/compute/v2.1/servers/04dc612b-7987-405b-9716-95c4ff3535ec 0.452s
2025-12-12 12:52:59.094 63830 INFO tempest.lib.common.rest_client [req-2832418b-61d0-42d8-bd1f-6a9aeaa172eb req-2832418b-61d0-42d8-bd1f-6a9aeaa172eb ] Request (FloatingIPsAssociationTestJSON:test_associate_already_associated_floating_ip): 200 GET http://10.180.1.21/compute/v2.1/servers/6f29f063-ddb5-491a-a1a0-7c9ed65a1718 0.437s
2025-12-12 12:52:59.112 63826 INFO tempest.lib.common.rest_client [req-a08d14e9-40ca-4705-b447-5d7182f1e920 req-a08d14e9-40ca-4705-b447-5d7182f1e920 ] Request (ServersNegativeTestJSON:setUp): 200 GET http://10.180.1.21/compute/v2.1/servers/f9fa5578-acf3-416f-9cb0-8ceb00e5132d 0.493s
2025-12-12 12:52:59.147 63822 INFO tempest.lib.common.rest_client [req-3f7d8d00-b472-42c6-b8c4-9a176f5b4f36 req-3f7d8d00-b472-42c6-b8c4-9a176f5b4f36 ] Request (ImagesOneServerNegativeTestJSON:setUpClass): 200 GET http://10.180.1.21/compute/v2.1/servers/db5993ce-6982-4b82-8f5d-3fe51df8896b 0.468s
2025-12-12 12:52:59.177 63790 INFO tempest.lib.common.rest_client [req-8ce763b1-3093-409d-8b74-5661f042e98f req-8ce763b1-3093-409d-8b74-5661f042e98f ] Request (ServersAdminTestJSON:test_inject_network_info): 200 GET http://10.180.1.21/compute/v2.1/servers/e50e95c0-830b-4d71-999b-546b138bf8f4 0.417s
2025-12-12 12:52:59.215 63836 INFO tempest.lib.common.rest_client [req-95d05974-ed41-4c3b-9bfa-29033e965227 req-95d05974-ed41-4c3b-9bfa-29033e965227 ] Request (ServerAddressesNegativeTestJSON:tearDownClass): 200 GET http://10.180.1.21/compute/v2.1/servers/4b95b9dd-63ce-4285-ae28-f0c2a7fe6eff 0.456s
2025-12-12 12:52:59.249 63800 INFO tempest.lib.common.rest_client [req-739254dc-1c45-4afe-b6c7-d614ebe2b299 req-739254dc-1c45-4afe-b6c7-d614ebe2b299 ] Request (ListServerFiltersTestJSON:test_list_servers_filtered_by_name_regex): 200 GET http://10.180.1.21/compute/v2.1/servers?name=%5E.%2A%5C-instance%5C-%5B0-9%5D%2B%24 0.437s
2025-12-12 12:52:59.291 63814 INFO tempest.lib.common.rest_client [req-fc681a6d-9349-4a8b-ab1e-d367e6f932bc req-fc681a6d-9349-4a8b-ab1e-d367e6f932bc ] Request (ServerDiskConfigTestJSON:test_rebuild_server_with_auto_disk_config): 200 GET http://10.180.1.21/compute/v2.1/servers/707a79e2-f5db-479c-b719-1e040935cda3 0.469s
2025-12-12 12:52:59.314 63794 INFO tempest.lib.common.rest_client [req-b16ccad8-474b-4b18-8dfb-d0d6a4e914e1 req-b16ccad8-474b-4b18-8dfb-d0d6a4e914e1 ] Request (ServersTestFqdnHostnames:test_create_server_with_fqdn_name): 200 GET http://10.180.1.21/compute/v2.1/servers/736b110e-7265-42cc-9c9b-35f57c466b0c 0.488s
2025-12-12 12:52:59.343 63812 INFO tempest.lib.common.rest_client [req-7fd9e049-e3fb-4f3b-a677-c4ff8dde6c67 req-7fd9e049-e3fb-4f3b-a677-c4ff8dde6c67 ] Request (ServersTestMultiNic:test_verify_duplicate_network_nics): 200 GET http://10.180.1.21/compute/v2.1/servers/6850191a-4190-4795-ae18-830b41a76085 0.454s
2025-12-12 12:52:59.371 63844 INFO tempest.lib.common.rest_client [req-47abbd9e-2872-4c19-bbf2-ec15de11320b req-47abbd9e-2872-4c19-bbf2-ec15de11320b ] Request (ServerGroupTestJSON:test_create_server_with_scheduler_hint_group): 200 GET http://10.180.1.21/compute/v2.1/servers/f703cd1c-4b77-4a85-a91b-63a2bd0e84a9 0.430s
2025-12-12 12:52:59.435 63806 INFO tempest.lib.common.rest_client [req-cea873bb-a3a4-4705-af2d-857f7f786da2 req-cea873bb-a3a4-4705-af2d-857f7f786da2 ] Request (ListServersNegativeTestJSON:setUpClass): 200 GET http://10.180.1.21/compute/v2.1/servers/ee9fe572-7a17-46db-8330-4b6f632c6b2c 0.413s
2025-12-12 12:52:59.440 63826 INFO tempest.lib.common.rest_client [req-e3c24887-e0b0-45d1-a2b5-ac59878af48f req-e3c24887-e0b0-45d1-a2b5-ac59878af48f ] Request (ServersNegativeTestJSON:test_resize_server_with_null_flavor): 400 POST http://10.180.1.21/compute/v2.1/servers/f9fa5578-acf3-416f-9cb0-8ceb00e5132d/action 0.317s
2025-12-12 12:52:59.456 63842 INFO tempest.lib.common.rest_client [req-e37c5032-d77f-41a1-8b34-769ab51911b3 req-e37c5032-d77f-41a1-8b34-769ab51911b3 ] Request (ServersWithSpecificFlavorTestJSON:test_verify_created_server_ephemeral_disk): 200 GET http://10.180.1.21/compute/v2.1/servers/5a1202a4-d7ec-4824-ac9b-3d9dd159cb6b 0.360s
2025-12-12 12:52:59.512 63800 INFO tempest.lib.common.rest_client [req-7572d423-c408-415d-ae8d-cd9e09d4ddf6 req-7572d423-c408-415d-ae8d-cd9e09d4ddf6 ] Request (ListServerFiltersTestJSON:test_list_servers_filtered_by_name_regex): 200 GET http://10.180.1.21/compute/v2.1/servers?name=%5E.%2A%5C-instance%5C-.%2A%24 0.260s
2025-12-12 12:52:59.521 63792 INFO tempest.lib.common.rest_client [req-678d490c-c0f8-4d87-924a-2c4ccb094e73 req-678d490c-c0f8-4d87-924a-2c4ccb094e73 ] Request (ServerAddressesTestJSON:setUpClass): 200 GET http://10.180.1.21/compute/v2.1/servers/080b11d7-a756-45a0-81d5-b5fcc2662ac9 0.355s
2025-12-12 12:52:59.558 63804 INFO tempest.lib.common.rest_client [req-3e5a50a4-49b0-4a03-b937-944a7565757f req-3e5a50a4-49b0-4a03-b937-944a7565757f ] Request (VolumesAssistedSnapshotsTest:tearDownClass): 200 PUT http://10.180.1.21:9696/networking/v2.0/routers/eff7046d-a246-4c7f-b42f-566affd8be60/remove_router_interface 0.887s
2025-12-12 12:52:59.612 63838 INFO tempest.lib.common.rest_client [req-c8805da2-d494-4061-959b-49131ee7da3d req-c8805da2-d494-4061-959b-49131ee7da3d ] Request (ServersTestJSON:_run_cleanups): 200 GET http://10.180.1.21/compute/v2.1/servers/61068d41-5f5d-4ee5-b546-71da13eff93d 0.216s
2025-12-12 12:52:59.743 63826 INFO tempest.lib.common.rest_client [req-baa82081-a7af-45f9-9775-fe4f51a71a77 req-baa82081-a7af-45f9-9775-fe4f51a71a77 ] Request (ServersNegativeTestJSON:tearDown): 200 GET http://10.180.1.21/compute/v2.1/servers/f9fa5578-acf3-416f-9cb0-8ceb00e5132d 0.302s
2025-12-12 12:52:59.803 63828 INFO tempest.lib.common.rest_client [req-b83ea961-14c6-4363-ba0a-c08719a04058 req-b83ea961-14c6-4363-ba0a-c08719a04058 ] Request (ServerActionsTestJSON:setUpClass): 200 GET http://10.180.1.21/compute/v2.1/servers/466be7db-79e4-49fd-aa3b-56fbe5c60457 0.336s
2025-12-12 12:52:59.836 63818 INFO tempest.lib.common.rest_client [req-5495a635-7df7-487b-8ef0-116a10fd3715 req-5495a635-7df7-487b-8ef0-116a10fd3715 ] Request (DeleteServersTestJSON:test_delete_active_server): 200 GET http://10.180.1.21/compute/v2.1/servers/1a4309cf-7d02-4351-8fc2-7ce2bc0cb1f7 0.536s
2025-12-12 12:52:59.867 63784 INFO tempest.lib.common.rest_client [req-85d0c5e3-b428-4490-91f9-4c7404b9af2c req-85d0c5e3-b428-4490-91f9-4c7404b9af2c ] Request (ServersTestBootFromVolume:tearDownClass): 200 GET http://10.180.1.21/compute/v2.1/servers/47500aaa-92fc-454c-badd-d6f8a2203083 0.367s
2025-12-12 12:52:59.913 63800 INFO tempest.lib.common.rest_client [req-9d4ee32d-2fa6-4396-b0fa-802b9908be75 req-9d4ee32d-2fa6-4396-b0fa-802b9908be75 ] Request (ListServerFiltersTestJSON:test_list_servers_filtered_by_name_regex): 200 GET http://10.180.1.21/compute/v2.1/servers?name=1507374399 0.397s
2025-12-12 12:52:59.935 63810 INFO tempest.lib.common.rest_client [req-7de25f87-d421-4263-9b36-2d9b5493cfc3 req-7de25f87-d421-4263-9b36-2d9b5493cfc3 ] Request (AttachVolumeTestJSON:test_attach_detach_volume): 200 GET http://10.180.1.21/compute/v2.1/servers/d5d557c6-3d4e-4122-8756-218c9757fa01 0.351s
2025-12-12 12:52:59.996 63796 INFO tempest.lib.common.rest_client [req-2f175b75-3347-4d82-b2d3-c7021fbd6b70 req-2f175b75-3347-4d82-b2d3-c7021fbd6b70 ] Request (ServersAdminNegativeTestJSON:tearDownClass): 200 GET http://10.180.1.21/compute/v2.1/servers/36d40b69-fae7-4867-afa1-4befdc96bde0 0.326s
2025-12-12 12:53:00.003 63846 INFO tempest.lib.common.rest_client [req-4c9323b9-e2f4-4cd8-9d95-06f9324d749b req-4c9323b9-e2f4-4cd8-9d95-06f9324d749b ] Request (ServersAaction247Test:test_create_backup): 200 GET http://10.180.1.21/compute/v2.1/servers/bb56950a-3e25-4fb9-9f84-f735e26adc42 0.314s
2025-12-12 12:53:00.059 63809 INFO tempest.lib.common.rest_client [req-f406acd7-3792-4d39-8404-de8cc2a2cb8d req-f406acd7-3792-4d39-8404-de8cc2a2cb8d ] Request (MigrationsAdminTest:test_resize_server_revert_deleted_flavor): 200 GET http://10.180.1.21/compute/v2.1/servers/a2e036ae-318b-44ea-9db0-10fa3838728b 0.323s
2025-12-12 12:53:00.102 63826 INFO tempest.lib.common.rest_client [req-08167034-5e19-4931-9ce0-5ffce84a018b req-08167034-5e19-4931-9ce0-5ffce84a018b ] Request (ServersNegativeTestJSON:setUp): 200 GET http://10.180.1.21/compute/v2.1/servers/f9fa5578-acf3-416f-9cb0-8ceb00e5132d 0.347s
2025-12-12 12:53:00.114 63788 INFO tempest.lib.common.rest_client [req-c282c811-b8da-4fee-bc99-a7dd117f62ed req-c282c811-b8da-4fee-bc99-a7dd117f62ed ] Request (MultipleCreateTestJSON:test_multiple_create): 200 GET http://10.180.1.21/compute/v2.1/servers/46e2c1f4-edf7-45d6-ba77-c872005fcf1b 0.235s
2025-12-12 12:53:00.173 63800 INFO tempest.lib.common.rest_client [req-a6f2dfc9-6e53-4277-9048-2a1e905929aa req-a6f2dfc9-6e53-4277-9048-2a1e905929aa ] Request (ListServerFiltersTestJSON:test_list_servers_filtered_by_name_wildcard): 200 GET http://10.180.1.21/compute/v2.1/servers?name=-instance 0.257s
2025-12-12 12:53:00.190 63824 INFO tempest.lib.common.rest_client [req-0ae180a9-3cfb-4746-8d88-eb1737eb8d68 req-0ae180a9-3cfb-4746-8d88-eb1737eb8d68 ] Request (ServersAdmin275Test:test_rebuild_update_server_275): 200 GET http://10.180.1.21/compute/v2.1/servers/fd650fdc-6b49-4051-8267-bbd1f0cb86f1 0.249s
2025-12-12 12:53:00.233 63820 INFO tempest.lib.common.rest_client [req-24e06b7d-50b3-4646-8f5d-6c7b70fc4c51 req-24e06b7d-50b3-4646-8f5d-6c7b70fc4c51 ] Request (ImagesOneServerTestJSON:setUpClass): 200 GET http://10.180.1.21/compute/v2.1/servers/4e89aa25-fb4a-430d-ab87-feff57b73780 0.242s
2025-12-12 12:53:00.238 63832 INFO tempest.lib.common.rest_client [req-9d46eaa9-229c-4634-a7db-dc45aac4ce24 req-9d46eaa9-229c-4634-a7db-dc45aac4ce24 ] Request (ServersNegativeTestMultiTenantJSON:setUpClass): 200 GET http://10.180.1.21/compute/v2.1/servers/5bf7ed57-62d5-4abc-96d8-78b979baed92 0.226s
2025-12-12 12:53:00.289 63830 INFO tempest.lib.common.rest_client [req-1affcccf-7581-458c-b5fa-255211051857 req-1affcccf-7581-458c-b5fa-255211051857 ] Request (FloatingIPsAssociationTestJSON:test_associate_already_associated_floating_ip): 200 GET http://10.180.1.21/compute/v2.1/servers/6f29f063-ddb5-491a-a1a0-7c9ed65a1718 0.182s
2025-12-12 12:53:00.296 63786 INFO tempest.lib.common.rest_client [req-4ee9ba5d-35fa-4b8a-9cde-2fc0f185c940 req-4ee9ba5d-35fa-4b8a-9cde-2fc0f185c940 ] Request (ImagesTestJSON:test_create_image_from_stopped_server): 200 GET http://10.180.1.21/compute/v2.1/servers/04dc612b-7987-405b-9716-95c4ff3535ec 0.252s
2025-12-12 12:53:00.297 63830 INFO tempest.common.waiters [-] State transition "BUILD/None" ==> "BUILD/networking" after 73 second wait
2025-12-12 12:53:00.299 63826 INFO tempest.lib.common.rest_client [req-caae3ffc-ecae-4470-be82-1feb7b7afb96 req-caae3ffc-ecae-4470-be82-1feb7b7afb96 ] Request (ServersNegativeTestJSON:test_restore_nonexistent_server_id): 404 POST http://10.180.1.21/compute/v2.1/servers/6a4e48e9-77ae-46ca-94ab-72580f6249e6/action 0.188s
2025-12-12 12:53:00.333 63804 INFO tempest.lib.common.rest_client [req-022c1a55-c0e1-43b3-8987-24737ef38ecb req-022c1a55-c0e1-43b3-8987-24737ef38ecb ] Request (VolumesAssistedSnapshotsTest:tearDownClass): 204 DELETE http://10.180.1.21:9696/networking/v2.0/routers/eff7046d-a246-4c7f-b42f-566affd8be60 0.774s
2025-12-12 12:53:00.361 63822 INFO tempest.lib.common.rest_client [req-81616299-4876-452c-b88b-5a6e9498e57a req-81616299-4876-452c-b88b-5a6e9498e57a ] Request (ImagesOneServerNegativeTestJSON:setUpClass): 200 GET http://10.180.1.21/compute/v2.1/servers/db5993ce-6982-4b82-8f5d-3fe51df8896b 0.203s
2025-12-12 12:53:00.381 63800 INFO tempest.lib.common.rest_client [req-9f6bf562-5c19-437d-bf5e-9cf8927e0dbe req-9f6bf562-5c19-437d-bf5e-9cf8927e0dbe ] Request (ListServerFiltersTestJSON:test_list_servers_filtered_by_name_wildcard): 200 GET http://10.180.1.21/compute/v2.1/servers?name=t-ListServerFiltersTestJSON-instance-150737439 0.205s
2025-12-12 12:53:00.427 63790 INFO tempest.lib.common.rest_client [req-beb146fa-305c-4d6e-a617-9dca4d68e7b3 req-beb146fa-305c-4d6e-a617-9dca4d68e7b3 ] Request (ServersAdminTestJSON:test_inject_network_info): 200 GET http://10.180.1.21/compute/v2.1/servers/e50e95c0-830b-4d71-999b-546b138bf8f4 0.239s
2025-12-12 12:53:00.460 63836 INFO tempest.lib.common.rest_client [req-52025650-0a54-4495-99f3-2b43d0580a07 req-52025650-0a54-4495-99f3-2b43d0580a07 ] Request (ServerAddressesNegativeTestJSON:tearDownClass): 200 GET http://10.180.1.21/compute/v2.1/servers/4b95b9dd-63ce-4285-ae28-f0c2a7fe6eff 0.232s
2025-12-12 12:53:00.490 63804 INFO tempest.lib.common.rest_client [req-d054af6f-0193-48e0-b280-a7bf58c5bd7b req-d054af6f-0193-48e0-b280-a7bf58c5bd7b ] Request (VolumesAssistedSnapshotsTest:tearDownClass): 204 DELETE http://10.180.1.21:9696/networking/v2.0/subnets/3d96ac76-693b-43e4-a4eb-9584ab80ab76 0.156s
2025-12-12 12:53:00.539 63814 INFO tempest.lib.common.rest_client [req-bf2b6582-594f-40b6-9735-0cdfa39994d7 req-bf2b6582-594f-40b6-9735-0cdfa39994d7 ] Request (ServerDiskConfigTestJSON:test_rebuild_server_with_auto_disk_config): 200 GET http://10.180.1.21/compute/v2.1/servers/707a79e2-f5db-479c-b719-1e040935cda3 0.238s
2025-12-12 12:53:00.614 63794 INFO tempest.lib.common.rest_client [req-e4dd2737-8042-4095-b595-2533fa19ee4b req-e4dd2737-8042-4095-b595-2533fa19ee4b ] Request (ServersTestFqdnHostnames:test_create_server_with_fqdn_name): 200 GET http://10.180.1.21/compute/v2.1/servers/736b110e-7265-42cc-9c9b-35f57c466b0c 0.284s
2025-12-12 12:53:00.638 63826 INFO tempest.lib.common.rest_client [req-da6389b2-1b3a-4827-b2f2-39768457aa84 req-da6389b2-1b3a-4827-b2f2-39768457aa84 ] Request (ServersNegativeTestJSON:tearDown): 200 GET http://10.180.1.21/compute/v2.1/servers/f9fa5578-acf3-416f-9cb0-8ceb00e5132d 0.338s
2025-12-12 12:53:00.677 63812 INFO tempest.lib.common.rest_client [req-9d078857-a596-44b7-a2cc-dfdc8d17efa7 req-9d078857-a596-44b7-a2cc-dfdc8d17efa7 ] Request (ServersTestMultiNic:test_verify_duplicate_network_nics): 200 GET http://10.180.1.21/compute/v2.1/servers/6850191a-4190-4795-ae18-830b41a76085 0.310s
2025-12-12 12:53:00.691 63844 INFO tempest.lib.common.rest_client [req-87ef8688-a6b5-4a06-bb5f-ee70c68f584e req-87ef8688-a6b5-4a06-bb5f-ee70c68f584e ] Request (ServerGroupTestJSON:test_create_server_with_scheduler_hint_group): 200 GET http://10.180.1.21/compute/v2.1/servers/f703cd1c-4b77-4a85-a91b-63a2bd0e84a9 0.311s
2025-12-12 12:53:00.786 63806 INFO tempest.lib.common.rest_client [req-4348781e-9e9a-419b-9267-0075c43fe240 req-4348781e-9e9a-419b-9267-0075c43fe240 ] Request (ListServersNegativeTestJSON:setUpClass): 200 GET http://10.180.1.21/compute/v2.1/servers/ee9fe572-7a17-46db-8330-4b6f632c6b2c 0.342s
2025-12-12 12:53:00.789 63800 INFO tempest.lib.common.rest_client [req-194beceb-c314-43e6-b851-d019672e47b4 req-194beceb-c314-43e6-b851-d019672e47b4 ] Request (ListServerFiltersTestJSON:tearDownClass): 204 DELETE http://10.180.1.21/compute/v2.1/servers/99de5226-a27c-47c5-90fa-5f0c7204df1c 0.405s
2025-12-12 12:53:00.841 63842 INFO tempest.lib.common.rest_client [req-8bbfbbe5-5df1-43ad-b2a3-677a16eb53f3 req-8bbfbbe5-5df1-43ad-b2a3-677a16eb53f3 ] Request (ServersWithSpecificFlavorTestJSON:test_verify_created_server_ephemeral_disk): 200 GET http://10.180.1.21/compute/v2.1/servers/5a1202a4-d7ec-4824-ac9b-3d9dd159cb6b 0.370s
2025-12-12 12:53:00.849 63804 INFO tempest.lib.common.rest_client [req-e0731486-c237-449b-abd3-3f0c1480736a req-e0731486-c237-449b-abd3-3f0c1480736a ] Request (VolumesAssistedSnapshotsTest:tearDownClass): 204 DELETE http://10.180.1.21:9696/networking/v2.0/networks/2af5d5f0-f120-4850-bd33-40951b8bbe31 0.358s
2025-12-12 12:53:00.851 63792 INFO tempest.lib.common.rest_client [req-bbd969ca-21b4-4221-95ff-2835c710b43e req-bbd969ca-21b4-4221-95ff-2835c710b43e ] Request (ServerAddressesTestJSON:setUpClass): 200 GET http://10.180.1.21/compute/v2.1/servers/080b11d7-a756-45a0-81d5-b5fcc2662ac9 0.316s
2025-12-12 12:53:00.920 63838 INFO tempest.lib.common.rest_client [req-3e700862-c3c2-43ea-a779-b00766b663c3 req-3e700862-c3c2-43ea-a779-b00766b663c3 ] Request (ServersTestJSON:_run_cleanups): 200 GET http://10.180.1.21/compute/v2.1/servers/61068d41-5f5d-4ee5-b546-71da13eff93d 0.297s
2025-12-12 12:53:01.024 63826 INFO tempest.lib.common.rest_client [req-3b71b6c3-aebd-49eb-8d53-f8eb37c3cc8e req-3b71b6c3-aebd-49eb-8d53-f8eb37c3cc8e ] Request (ServersNegativeTestJSON:setUp): 200 GET http://10.180.1.21/compute/v2.1/servers/f9fa5578-acf3-416f-9cb0-8ceb00e5132d 0.376s
2025-12-12 12:53:01.088 63828 INFO tempest.lib.common.rest_client [req-d4fa681a-fc2c-4c66-bcd9-dcc2eb35be1c req-d4fa681a-fc2c-4c66-bcd9-dcc2eb35be1c ] Request (ServerActionsTestJSON:setUpClass): 200 GET http://10.180.1.21/compute/v2.1/servers/466be7db-79e4-49fd-aa3b-56fbe5c60457 0.278s
2025-12-12 12:53:01.100 63800 INFO tempest.lib.common.rest_client [req-7708f7be-9619-4de9-b4bc-2552cfe561d4 req-7708f7be-9619-4de9-b4bc-2552cfe561d4 ] Request (ListServerFiltersTestJSON:tearDownClass): 200 GET http://10.180.1.21/compute/v2.1/servers/99de5226-a27c-47c5-90fa-5f0c7204df1c 0.311s
2025-12-12 12:53:01.161 63784 INFO tempest.lib.common.rest_client [req-c77ca2d2-dff8-4670-9cb4-6148fc7d129f req-c77ca2d2-dff8-4670-9cb4-6148fc7d129f ] Request (ServersTestBootFromVolume:tearDownClass): 200 GET http://10.180.1.21/compute/v2.1/servers/47500aaa-92fc-454c-badd-d6f8a2203083 0.285s
2025-12-12 12:53:01.209 63810 INFO tempest.lib.common.rest_client [req-8ccc65f2-ee2a-44ad-9110-d46b91a7d3b5 req-8ccc65f2-ee2a-44ad-9110-d46b91a7d3b5 ] Request (AttachVolumeTestJSON:test_attach_detach_volume): 200 GET http://10.180.1.21/compute/v2.1/servers/d5d557c6-3d4e-4122-8756-218c9757fa01 0.265s
2025-12-12 12:53:01.273 63796 INFO tempest.lib.common.rest_client [req-f7a5e639-e86a-4b0b-9aa7-1a97a0ffd264 req-f7a5e639-e86a-4b0b-9aa7-1a97a0ffd264 ] Request (ServersAdminNegativeTestJSON:tearDownClass): 200 GET http://10.180.1.21/compute/v2.1/servers/36d40b69-fae7-4867-afa1-4befdc96bde0 0.263s
2025-12-12 12:53:01.324 63846 INFO tempest.lib.common.rest_client [req-586c41ad-b722-435c-bdb2-261576136f3f req-586c41ad-b722-435c-bdb2-261576136f3f ] Request (ServersAaction247Test:test_create_backup): 200 GET http://10.180.1.21/compute/v2.1/servers/bb56950a-3e25-4fb9-9f84-f735e26adc42 0.310s
2025-12-12 12:53:01.333 63826 INFO tempest.lib.common.rest_client [req-aa241f33-58f7-4588-9556-523894c376bc req-aa241f33-58f7-4588-9556-523894c376bc ] Request (ServersNegativeTestJSON:test_resume_non_existent_server): 404 POST http://10.180.1.21/compute/v2.1/servers/7fad8829-45f3-4965-945f-fc9a28f1192e/action 0.297s
2025-12-12 12:53:01.388 63809 INFO tempest.lib.common.rest_client [req-3ede0af9-8278-4925-9558-4d0157550841 req-3ede0af9-8278-4925-9558-4d0157550841 ] Request (MigrationsAdminTest:test_resize_server_revert_deleted_flavor): 200 GET http://10.180.1.21/compute/v2.1/servers/a2e036ae-318b-44ea-9db0-10fa3838728b 0.319s
2025-12-12 12:53:01.437 63788 INFO tempest.lib.common.rest_client [req-6573a682-a461-420c-857d-76cfa535851d req-6573a682-a461-420c-857d-76cfa535851d ] Request (MultipleCreateTestJSON:test_multiple_create): 200 GET http://10.180.1.21/compute/v2.1/servers/46e2c1f4-edf7-45d6-ba77-c872005fcf1b 0.314s
2025-12-12 12:53:01.496 63824 INFO tempest.lib.common.rest_client [req-df30ba65-afb6-43d5-b437-ffba50124400 req-df30ba65-afb6-43d5-b437-ffba50124400 ] Request (ServersAdmin275Test:test_rebuild_update_server_275): 200 GET http://10.180.1.21/compute/v2.1/servers/fd650fdc-6b49-4051-8267-bbd1f0cb86f1 0.296s
2025-12-12 12:53:01.508 63818 INFO tempest.lib.common.rest_client [req-2919a93b-e3da-4c9a-aeb3-a40f9357a0ba req-2919a93b-e3da-4c9a-aeb3-a40f9357a0ba ] Request (DeleteServersTestJSON:test_delete_active_server): 200 GET http://10.180.1.21/compute/v2.1/servers/1a4309cf-7d02-4351-8fc2-7ce2bc0cb1f7 0.660s
2025-12-12 12:53:01.564 63820 INFO tempest.lib.common.rest_client [req-8c114724-35e8-4789-b1b6-510f909b7a2d req-8c114724-35e8-4789-b1b6-510f909b7a2d ] Request (ImagesOneServerTestJSON:setUpClass): 200 GET http://10.180.1.21/compute/v2.1/servers/4e89aa25-fb4a-430d-ab87-feff57b73780 0.321s
2025-12-12 12:53:01.596 63832 INFO tempest.lib.common.rest_client [req-b3a473a1-83c3-4606-a841-f6a75753b2a8 req-b3a473a1-83c3-4606-a841-f6a75753b2a8 ] Request (ServersNegativeTestMultiTenantJSON:setUpClass): 200 GET http://10.180.1.21/compute/v2.1/servers/5bf7ed57-62d5-4abc-96d8-78b979baed92 0.350s
2025-12-12 12:53:01.661 63786 INFO tempest.lib.common.rest_client [req-181980a9-acc1-48cf-8759-cc3c820c2ce9 req-181980a9-acc1-48cf-8759-cc3c820c2ce9 ] Request (ImagesTestJSON:test_create_image_from_stopped_server): 200 GET http://10.180.1.21/compute/v2.1/servers/04dc612b-7987-405b-9716-95c4ff3535ec 0.354s
2025-12-12 12:53:01.735 63830 INFO tempest.lib.common.rest_client [req-fa30c1c5-ad69-4583-8321-832321582675 req-fa30c1c5-ad69-4583-8321-832321582675 ] Request (FloatingIPsAssociationTestJSON:test_associate_already_associated_floating_ip): 200 GET http://10.180.1.21/compute/v2.1/servers/6f29f063-ddb5-491a-a1a0-7c9ed65a1718 0.436s
2025-12-12 12:53:01.746 63830 INFO tempest.common.waiters [-] State transition "BUILD/networking" ==> "BUILD/spawning" after 74 second wait
2025-12-12 12:53:01.793 63826 INFO tempest.lib.common.rest_client [req-bf4aafdc-b6a2-418a-b434-c43e316ecf76 req-bf4aafdc-b6a2-418a-b434-c43e316ecf76 ] Request (ServersNegativeTestJSON:tearDown): 200 GET http://10.180.1.21/compute/v2.1/servers/f9fa5578-acf3-416f-9cb0-8ceb00e5132d 0.459s
