2025-12-12 12:51:34.591 63820 INFO tempest.lib.common.dynamic_creds [-] Created isolated network resources for: credentials: Credentials: {'domain_id': 'default', 'domain_name': 'Default', 'username': 'tempest-FloatingIPDetailsNegativeTestJSON-1184008625-project-member', 'project_domain_id': 'default', 'project_domain_name': 'Default', 'project_id': 'c3c46bcfcc104133b4e359cfd9a3ac54', 'project_name': 'tempest-FloatingIPDetailsNegativeTestJSON-1184008625', 'tenant_id': 'c3c46bcfcc104133b4e359cfd9a3ac54', 'tenant_name': 'tempest-FloatingIPDetailsNegativeTestJSON-1184008625', 'user_domain_id': 'default', 'user_domain_name': 'Default', 'user_id': 'bea465c8ead1411e85c128b686f8f924', 'system': None}, Network: {'id': '85ed31d8-05f0-494f-88dd-38a78d236461', 'name': 'tempest-FloatingIPDetailsNegativeTestJSON-1862829363-network', 'tenant_id': 'c3c46bcfcc104133b4e359cfd9a3ac54', 'admin_state_up': True, 'mtu': 8950, 'status': 'ACTIVE', 'subnets': [], 'shared': False, 'project_id': 'c3c46bcfcc104133b4e359cfd9a3ac54', 'port_security_enabled': True, 'router:external': False, 'provider:network_type': 'vlan', 'provider:physical_network': 'default', 'provider:segmentation_id': 280, 'is_default': False, 'availability_zone_hints': [], 'availability_zones': [], 'ipv4_address_scope': None, 'ipv6_address_scope': None, 'description': '', 'tags': [], 'created_at': '2025-12-12T12:51:30Z', 'updated_at': '2025-12-12T12:51:30Z', 'revision_number': 1}, Subnet: {'id': '6871cbbc-cb41-4389-b6c3-aea35d11163b', 'name': 'tempest-FloatingIPDetailsNegativeTestJSON-1862829363-subnet', 'tenant_id': 'c3c46bcfcc104133b4e359cfd9a3ac54', 'network_id': '85ed31d8-05f0-494f-88dd-38a78d236461', 'ip_version': 4, 'subnetpool_id': None, 'enable_dhcp': True, 'ipv6_ra_mode': None, 'ipv6_address_mode': None, 'gateway_ip': '192.168.128.1', 'cidr': '192.168.128.0/28', 'allocation_pools': [{'start': '192.168.128.2', 'end': '192.168.128.14'}], 'host_routes': [], 'dns_nameservers': [], 'description': '', 'router:external': False, 'service_types': [], 'tags': [], 'created_at': '2025-12-12T12:51:30Z', 'updated_at': '2025-12-12T12:51:30Z', 'revision_number': 0, 'project_id': 'c3c46bcfcc104133b4e359cfd9a3ac54'}, Router: {'id': 'a515b261-2792-4ca3-b7c5-655160450974', 'name': 'tempest-FloatingIPDetailsNegativeTestJSON-1862829363-router', 'tenant_id': 'c3c46bcfcc104133b4e359cfd9a3ac54', 'admin_state_up': True, 'status': 'ACTIVE', 'external_gateway_info': {'network_id': '1a48a75c-c06e-46f6-b99c-8c89723c0c9c', 'external_fixed_ips': [{'subnet_id': 'fe50896e-bf67-4659-989a-1dd4797fcb5f', 'ip_address': '10.180.180.149'}], 'enable_snat': True}, 'description': '', 'availability_zones': [], 'distributed': False, 'ha': False, 'availability_zone_hints': [], 'routes': [], 'flavor_id': None, 'tags': [], 'created_at': '2025-12-12T12:51:31Z', 'updated_at': '2025-12-12T12:51:32Z', 'revision_number': 2, 'project_id': 'c3c46bcfcc104133b4e359cfd9a3ac54'}
2025-12-12 12:51:34.736 63820 INFO tempest.lib.common.rest_client [req-79fed148-ebf1-441f-a926-b9d611d1757f req-79fed148-ebf1-441f-a926-b9d611d1757f ] Request (FloatingIPDetailsNegativeTestJSON:setUpClass): 201 POST http://10.180.1.21/identity/v3/auth/tokens 0.140s
2025-12-12 12:51:34.766 63794 INFO tempest.lib.common.rest_client [req-cb8f1f81-4c78-4fc1-8b33-72a33c09c836 req-cb8f1f81-4c78-4fc1-8b33-72a33c09c836 ] Request (SecurityGroupRulesNegativeTestJSON:tearDownClass): 202 DELETE http://10.180.1.21/compute/v2.1/os-security-groups/75865b88-97dd-47c6-a4c1-7abca686f635 2.487s
2025-12-12 12:51:34.774 63800 INFO tempest.lib.common.rest_client [req-2b11d01f-3d2a-49d5-92ef-3ebeb024cc87 req-2b11d01f-3d2a-49d5-92ef-3ebeb024cc87 ] Request (ListServerFiltersTestJSON:setUpClass): 202 POST http://10.180.1.21/compute/v2.1/servers 2.784s
2025-12-12 12:51:34.923 63844 INFO tempest.lib.common.rest_client [req-b884fa8a-da16-42e5-8c3c-ddf8394abb36 req-b884fa8a-da16-42e5-8c3c-ddf8394abb36 ] Request (ServersV294TestFqdnHostnames:setUpClass): 200 GET http://10.180.1.21/compute/v2.1/servers/102c0463-fb64-4dda-914c-b98c8e9991ad/os-interface 2.373s
2025-12-12 12:51:34.992 63792 INFO tempest.lib.common.rest_client [req-7a1821f6-adb3-4a3f-818d-bc5d1aa0e8f9 req-7a1821f6-adb3-4a3f-818d-bc5d1aa0e8f9 ] Request (ListImagesTestJSON:test_list_images_with_detail): 200 GET http://10.180.1.21/compute/v2.1/images/detail 2.375s
2025-12-12 12:51:35.020 63816 INFO tempest.lib.common.rest_client [req-2535f9c3-f627-42f4-b37e-bfc8f0d1f1b3 req-2535f9c3-f627-42f4-b37e-bfc8f0d1f1b3 ] Request (FlavorsV2TestJSON:test_list_flavors_detailed_filter_by_min_ram): 200 GET http://10.180.1.21/compute/v2.1/flavors/detail?minRam=193 2.385s
2025-12-12 12:51:35.033 63818 INFO tempest.lib.common.rest_client [req-06de8735-24d8-4df3-a2d3-d8ea92f70c19 req-06de8735-24d8-4df3-a2d3-d8ea92f70c19 ] Request (DeleteServersTestJSON:setUpClass): 201 POST http://10.180.1.21:9696/networking/v2.0/subnets 0.444s
2025-12-12 12:51:35.057 63806 INFO tempest.lib.common.rest_client [req-24f033eb-f4ab-45d4-abfb-b28b92e2788f req-24f033eb-f4ab-45d4-abfb-b28b92e2788f ] Request (ListServersNegativeTestJSON:setUpClass): 200 GET http://10.180.1.21/compute/v2.1/servers/5421e135-9581-4f81-aa8a-2a604887a1df 2.651s
2025-12-12 12:51:35.120 63792 INFO tempest.lib.common.rest_client [req-3812ca83-3559-4730-98fa-b8ee33aeeef6 req-3812ca83-3559-4730-98fa-b8ee33aeeef6 ] Request (ListImagesTestJSON:tearDownClass): 204 DELETE http://10.180.1.21/identity/v3/users/b041428fff8b49e3b14087f6aa463621 0.123s
2025-12-12 12:51:35.121 63792 INFO tempest.lib.common.dynamic_creds [-] Deleting project and security group for project: 3f21ff8300b44aba964785fcba495ba7
2025-12-12 12:51:35.156 63824 INFO tempest.lib.common.rest_client [req-57a124e8-e0c0-4c50-b91a-333324e039ac req-57a124e8-e0c0-4c50-b91a-333324e039ac ] Request (ServerDiagnosticsV248Test:tearDownClass): 200 GET http://10.180.1.21/compute/v2.1/servers/d99b7b8e-633f-4fba-bce6-9b8e9e9892d1 2.113s
2025-12-12 12:51:35.195 63792 INFO tempest.lib.common.rest_client [req-e809a7cc-aa0d-497d-a5e7-ea43ecae54dd req-e809a7cc-aa0d-497d-a5e7-ea43ecae54dd ] Request (ListImagesTestJSON:tearDownClass): 201 POST http://10.180.1.21/identity/v3/auth/tokens 0.074s
2025-12-12 12:51:35.267 63842 WARNING tempest.lib.common.ssh [-] Failed to establish authenticated ssh connection to cirros@10.180.180.233 ([Errno None] Unable to connect to port 22 on 10.180.180.233). Number attempts: 1. Retry after 2 seconds.: paramiko.ssh_exception.NoValidConnectionsError: [Errno None] Unable to connect to port 22 on 10.180.180.233
2025-12-12 12:51:35.270 63846 INFO tempest.lib.common.rest_client [req-467bc75f-2f9c-4af1-b88e-2f7cad6d1b89 req-467bc75f-2f9c-4af1-b88e-2f7cad6d1b89 ] Request (ImagesMetadataTestJSON:test_set_image_metadata_item): 200 PUT http://10.180.1.21/compute/v2.1/images/6722016e-a1bc-41db-80f2-2f0351c6aaa9/metadata/os_version 2.322s
2025-12-12 12:51:35.401 63786 INFO tempest.lib.common.rest_client [req-19c2fdb3-baba-4049-91ab-3097ce9b0e13 req-19c2fdb3-baba-4049-91ab-3097ce9b0e13 ] Request (TenantUsagesTestJSON:tearDownClass): 200 GET http://10.180.1.21/compute/v2.1/servers/e3ba860b-afb8-4843-9d99-049dce205f9f 2.112s
2025-12-12 12:51:35.548 63788 INFO tempest.lib.common.rest_client [req-45057f57-823e-4b2d-993f-bfa74e3a5d8b req-45057f57-823e-4b2d-993f-bfa74e3a5d8b ] Request (FloatingIPsAssociationNegativeTestJSON:tearDownClass): 200 GET http://10.180.1.21/compute/v2.1/servers/174368d1-9910-495b-a923-842e0440fd01 2.049s
2025-12-12 12:51:35.570 63809 INFO tempest.lib.common.rest_client [req-77f6c202-a530-49c4-80bc-d8dfd1d9edf5 req-77f6c202-a530-49c4-80bc-d8dfd1d9edf5 ] Request (MigrationsAdminTest:test_list_migrations_in_flavor_resize_situation): 200 GET http://10.180.1.21/compute/v2.1/servers/2e1b0bc7-3909-48e2-b9be-26822a57ee67 2.517s
2025-12-12 12:51:35.719 63838 INFO tempest.lib.common.rest_client [req-2f191758-2856-4a26-bb98-3496e1edb45a req-2f191758-2856-4a26-bb98-3496e1edb45a ] Request (ServersTestJSON:test_create_server_specify_multibyte_character_name): 200 GET http://10.180.1.21/compute/v2.1/servers/ede967c0-ec3a-4f26-8290-0ee36890cd75 1.802s
2025-12-12 12:51:35.730 63838 INFO tempest.common.waiters [-] State transition "BUILD/spawning" ==> "ACTIVE/None" after 32 second wait
2025-12-12 12:51:35.791 63792 INFO tempest.lib.common.rest_client [req-1dcd992e-b764-417b-8c85-491c99aa422c req-1dcd992e-b764-417b-8c85-491c99aa422c ] Request (ListImagesTestJSON:tearDownClass): 200 GET http://10.180.1.21:9696/networking/v2.0/security-groups?tenant_id=3f21ff8300b44aba964785fcba495ba7&name=default 0.596s
2025-12-12 12:51:35.828 63838 INFO tempest.lib.common.rest_client [req-0853b9e1-363f-457e-a46f-d81c5d460a2c req-0853b9e1-363f-457e-a46f-d81c5d460a2c ] Request (ServersTestJSON:test_create_server_with_admin_password): 201 POST http://10.180.1.21/identity/v3/auth/tokens 0.091s
2025-12-12 12:51:35.829 63838 INFO tempest.lib.common.fixed_network [-] (ServersTestJSON:test_create_server_with_admin_password) Found network {'id': '4aa7976c-5900-4be2-a5e2-8d641ac24be9', 'name': 'tempest-ServersTestJSON-119331503-network', 'tenant_id': 'ea05f3fb4676466bb2a286f5a2fefb8f', 'admin_state_up': True, 'mtu': 8950, 'status': 'ACTIVE', 'subnets': [], 'shared': False, 'project_id': 'ea05f3fb4676466bb2a286f5a2fefb8f', 'port_security_enabled': True, 'router:external': False, 'provider:network_type': 'vlan', 'provider:physical_network': 'default', 'provider:segmentation_id': 269, 'is_default': False, 'availability_zone_hints': [], 'availability_zones': [], 'ipv4_address_scope': None, 'ipv6_address_scope': None, 'description': '', 'tags': [], 'created_at': '2025-12-12T12:50:43Z', 'updated_at': '2025-12-12T12:50:43Z', 'revision_number': 1} available for tenant
2025-12-12 12:51:36.000 63832 INFO tempest.lib.common.rest_client [req-63a81a27-801b-40ea-b9ac-4df55cf89e60 req-63a81a27-801b-40ea-b9ac-4df55cf89e60 ] Request (ServersTestManualDisk:setUpClass): 200 GET http://10.180.1.21/compute/v2.1/servers/543875b5-195a-476d-a0b4-3211ceefa27f 2.370s
2025-12-12 12:51:36.011 63832 INFO tempest.common.waiters [-] State transition "BUILD/spawning" ==> "ACTIVE/None" after 34 second wait
2025-12-12 12:51:36.098 63792 INFO tempest.lib.common.rest_client [req-90400cf7-a839-4b2b-9b44-8bb5cb7642ea req-90400cf7-a839-4b2b-9b44-8bb5cb7642ea ] Request (ListImagesTestJSON:tearDownClass): 204 DELETE http://10.180.1.21:9696/networking/v2.0/security-groups/5ce5db9a-0544-4322-92bf-49e8e673d7ee 0.306s
2025-12-12 12:51:36.198 63792 INFO tempest.lib.common.rest_client [req-bbc1d4cc-4417-450d-a523-eee77b5c31c6 req-bbc1d4cc-4417-450d-a523-eee77b5c31c6 ] Request (ListImagesTestJSON:tearDownClass): 204 DELETE http://10.180.1.21/identity/v3/projects/3f21ff8300b44aba964785fcba495ba7 0.099s
2025-12-12 12:51:36.279 63792 INFO tempest.lib.common.rest_client [req-95ef8be1-c5d4-4b4a-9785-7cf1d279518d req-95ef8be1-c5d4-4b4a-9785-7cf1d279518d ] Request (ServerAddressesTestJSON:setUpClass): 201 POST http://10.180.1.21/identity/v3/auth/tokens 0.078s
2025-12-12 12:51:36.315 63792 INFO tempest.lib.common.rest_client [req-16e36cf6-36aa-4001-9635-17808babe046 req-16e36cf6-36aa-4001-9635-17808babe046 ] Request (ServerAddressesTestJSON:setUpClass): 201 POST http://10.180.1.21/identity/v3/auth/tokens 0.034s
2025-12-12 12:51:36.341 63792 INFO tempest.lib.common.rest_client [req-d4e81957-85c9-459b-9359-aa74df496e1f req-d4e81957-85c9-459b-9359-aa74df496e1f ] Request (ServerAddressesTestJSON:setUpClass): 200 GET http://10.180.1.21/identity/v3/domains?name=Default 0.025s
2025-12-12 12:51:36.388 63792 INFO tempest.lib.common.rest_client [req-1d2ad331-28d2-441d-bc39-59bd8464630a req-1d2ad331-28d2-441d-bc39-59bd8464630a ] Request (ServerAddressesTestJSON:setUpClass): 201 POST http://10.180.1.21/identity/v3/projects 0.046s
2025-12-12 12:51:36.501 63792 INFO tempest.lib.common.rest_client [req-7e7ca86c-a810-4837-af52-ce7166656957 req-7e7ca86c-a810-4837-af52-ce7166656957 ] Request (ServerAddressesTestJSON:setUpClass): 201 POST http://10.180.1.21/identity/v3/users 0.111s
2025-12-12 12:51:36.528 63792 INFO tempest.lib.common.rest_client [req-48e42a9c-1c33-4fb9-8458-fa0041d0eed6 req-48e42a9c-1c33-4fb9-8458-fa0041d0eed6 ] Request (ServerAddressesTestJSON:setUpClass): 200 GET http://10.180.1.21/identity/v3/roles 0.026s
2025-12-12 12:51:36.561 63830 INFO tempest.lib.common.rest_client [req-ecb0612d-3777-4f1f-988b-76ad381d1519 req-ecb0612d-3777-4f1f-988b-76ad381d1519 ] Request (FloatingIPsAssociationTestJSON:setUpClass): 200 GET http://10.180.1.21/compute/v2.1/servers/dbf48807-08a7-46d1-8454-42437a9f87c0 2.426s
2025-12-12 12:51:36.578 63792 INFO tempest.lib.common.rest_client [req-0ac4c477-8b5d-4864-8ec4-02a97d8ef8db req-0ac4c477-8b5d-4864-8ec4-02a97d8ef8db ] Request (ServerAddressesTestJSON:setUpClass): 204 PUT http://10.180.1.21/identity/v3/projects/8342a170e0f54deea52260c8e741e891/users/e153308b0ce242949aebfa9135eb1966/roles/353de95ad478428eb713733afd1b2cd8 0.049s
2025-12-12 12:51:36.578 63792 INFO tempest.lib.common.dynamic_creds [-] Dynamic test user e153308b0ce242949aebfa9135eb1966 is created with scope project and roles: ['member']
2025-12-12 12:51:36.579 63792 INFO tempest.lib.common.dynamic_creds [-] Acquired dynamic creds: credentials: Credentials: {'domain_id': 'default', 'domain_name': 'Default', 'username': 'tempest-ServerAddressesTestJSON-1632524142-project-member', 'project_domain_id': 'default', 'project_domain_name': 'Default', 'project_id': '8342a170e0f54deea52260c8e741e891', 'project_name': 'tempest-ServerAddressesTestJSON-1632524142', 'tenant_id': '8342a170e0f54deea52260c8e741e891', 'tenant_name': 'tempest-ServerAddressesTestJSON-1632524142', 'user_domain_id': 'default', 'user_domain_name': 'Default', 'user_id': 'e153308b0ce242949aebfa9135eb1966', 'system': None}, Network: None, Subnet: None, Router: None
2025-12-12 12:51:36.628 63794 INFO tempest.lib.common.rest_client [req-7bca0c31-b14f-4c65-929c-8f6a0f0853ec req-7bca0c31-b14f-4c65-929c-8f6a0f0853ec ] Request (SecurityGroupRulesNegativeTestJSON:tearDownClass): 200 PUT http://10.180.1.21:9696/networking/v2.0/routers/dd6b191a-ac87-4ab5-a9e8-3b5c930f3124/remove_router_interface 1.862s
2025-12-12 12:51:36.676 63792 INFO tempest.lib.common.rest_client [req-9f6c62d9-01f3-4034-acc1-b3c0e6929fe1 req-9f6c62d9-01f3-4034-acc1-b3c0e6929fe1 ] Request (ServerAddressesTestJSON:setUpClass): 201 POST http://10.180.1.21/identity/v3/auth/tokens 0.097s
2025-12-12 12:51:36.693 63836 INFO tempest.lib.common.rest_client [req-8d4e9a72-2864-4b77-8fa6-a491e4a20b58 req-8d4e9a72-2864-4b77-8fa6-a491e4a20b58 ] Request (ServerAddressesNegativeTestJSON:setUpClass): 200 GET http://10.180.1.21/compute/v2.1/servers/4b95b9dd-63ce-4285-ae28-f0c2a7fe6eff 2.547s
2025-12-12 12:51:36.758 63844 INFO tempest.lib.common.rest_client [req-d3df41e1-dcad-4cb3-b7ee-3511bc31ec79 req-d3df41e1-dcad-4cb3-b7ee-3511bc31ec79 ] Request (ServersV294TestFqdnHostnames:setUpClass): 200 PUT http://10.180.1.21:9696/networking/v2.0/floatingips/066cc5d5-c5ad-4dfe-adc4-87c1c44450ac 1.832s
2025-12-12 12:51:36.801 63796 INFO tempest.lib.common.rest_client [req-22eaedd9-da4b-4528-aa62-c38d7bfe3671 req-22eaedd9-da4b-4528-aa62-c38d7bfe3671 ] Request (ServersAdminNegativeTestJSON:test_migrate_server_invalid_state): 200 GET http://10.180.1.21/compute/v2.1/servers/e32789d5-59ba-4657-9a9c-84fc9bd6cfdf 2.591s
2025-12-12 12:51:36.908 63828 INFO tempest.lib.common.rest_client [req-0fa28822-e6b6-4a8d-9d20-61e87395e990 req-0fa28822-e6b6-4a8d-9d20-61e87395e990 ] Request (InstanceActionsNegativeTestJSON:tearDownClass): 200 GET http://10.180.1.21/compute/v2.1/servers/10d69b79-5ce4-4fea-abd5-0e6e7c83a3bf 2.606s
2025-12-12 12:51:36.949 63814 INFO tempest.lib.common.rest_client [req-25fe8b05-4ce6-46d3-8c0b-5999a6a51bdb req-25fe8b05-4ce6-46d3-8c0b-5999a6a51bdb ] Request (FloatingIPDetailsTestJSON:test_get_floating_ip_details): 200 POST http://10.180.1.21/compute/v2.1/os-floating-ips 2.911s
2025-12-12 12:51:36.988 63784 INFO tempest.lib.common.rest_client [req-d73ad748-b4f4-4f0d-8b30-932cab74a20f req-d73ad748-b4f4-4f0d-8b30-932cab74a20f ] Request (ServersTestBootFromVolume:setUpClass): 200 GET http://10.180.1.21/compute/v2.1/servers/47500aaa-92fc-454c-badd-d6f8a2203083 2.605s
2025-12-12 12:51:37.018 63790 INFO tempest.lib.common.rest_client [req-557987ff-e943-443c-8429-381a72983170 req-557987ff-e943-443c-8429-381a72983170 ] Request (ServersAdminTestJSON:test_create_server_with_scheduling_hint): 200 GET http://10.180.1.21/compute/v2.1/servers/bd222761-92aa-4f2c-a752-ead9c498ee7a 2.532s
2025-12-12 12:51:37.071 63834 INFO tempest.lib.common.rest_client [req-25b266db-fc4f-4e33-ba81-d3c2accd0e59 req-25b266db-fc4f-4e33-ba81-d3c2accd0e59 ] Request (AttachInterfacesUnderV243Test:test_add_remove_fixed_ip): 200 GET http://10.180.1.21/compute/v2.1/servers/43729260-d138-4e62-9cc5-4db3ca39f5d2 2.505s
2025-12-12 12:51:37.073 63792 INFO tempest.lib.common.rest_client [req-60df7bc2-a01b-48f9-b7ef-2f79bed5c532 req-60df7bc2-a01b-48f9-b7ef-2f79bed5c532 ] Request (ServerAddressesTestJSON:setUpClass): 201 POST http://10.180.1.21:9696/networking/v2.0/networks 0.397s
2025-12-12 12:51:37.158 63800 INFO tempest.lib.common.rest_client [req-343ab9d3-cc82-4a50-b8da-c936b8eea170 req-343ab9d3-cc82-4a50-b8da-c936b8eea170 ] Request (ListServerFiltersTestJSON:setUpClass): 200 GET http://10.180.1.21/compute/v2.1/servers/99de5226-a27c-47c5-90fa-5f0c7204df1c 2.380s
2025-12-12 12:51:37.179 63820 INFO tempest.lib.common.rest_client [req-efab4f06-b98c-491b-b3ad-42f9d01f48aa req-efab4f06-b98c-491b-b3ad-42f9d01f48aa ] Request (FloatingIPDetailsNegativeTestJSON:test_get_nonexistent_floating_ip_details): 404 GET http://10.180.1.21/compute/v2.1/os-floating-ips/200efdb8-2827-4f05-9da8-6fee6709bd00 2.441s
2025-12-12 12:51:37.179 63816 INFO tempest.lib.common.rest_client [req-e1d12f92-e055-4a0f-826e-fa0c4c7a4401 req-e1d12f92-e055-4a0f-826e-fa0c4c7a4401 ] Request (FlavorsV2TestJSON:test_list_flavors_detailed_limit_results): 200 GET http://10.180.1.21/compute/v2.1/flavors/detail?limit=1 2.152s
2025-12-12 12:51:37.254 63826 INFO tempest.lib.common.rest_client [req-59cea4a3-4954-465d-abf1-1cc359facab8 req-59cea4a3-4954-465d-abf1-1cc359facab8 ] Request (ServersNegativeTestJSON:setUpClass): 200 GET http://10.180.1.21/compute/v2.1/servers/c065263a-fd40-4b44-a68e-0e03248d0bc0 2.026s
2025-12-12 12:51:37.273 63812 INFO tempest.lib.common.rest_client [req-e0c52a10-e2d1-4b04-b0de-fb543f363cfc req-e0c52a10-e2d1-4b04-b0de-fb543f363cfc ] Request (DeleteServersAdminTestJSON:test_delete_server_while_in_error_state): 200 GET http://10.180.1.21/compute/v2.1/servers/a6bb8713-6b00-4a43-96b7-a84ee39d790d 2.141s
2025-12-12 12:51:37.301 63822 INFO tempest.lib.common.rest_client [req-3714dcbb-a8ca-4d6b-8afb-f2aada6f5710 req-3714dcbb-a8ca-4d6b-8afb-f2aada6f5710 ] Request (ServerExternalEventsTest:tearDownClass): 404 GET http://10.180.1.21/compute/v2.1/servers/0a7c34e0-1acc-4761-804a-eb9ee00fdd77 1.953s
2025-12-12 12:51:37.313 63846 INFO tempest.lib.common.rest_client [req-bb6bef3e-12d7-402c-a740-926da62b5edc req-bb6bef3e-12d7-402c-a740-926da62b5edc ] Request (ImagesMetadataTestJSON:test_set_image_metadata_item): 200 GET http://10.180.1.21/compute/v2.1/images/6722016e-a1bc-41db-80f2-2f0351c6aaa9/metadata 2.042s
2025-12-12 12:51:37.412 63792 INFO tempest.lib.common.rest_client [req-b2340f5e-fbb9-49f1-9f25-7418148071dc req-b2340f5e-fbb9-49f1-9f25-7418148071dc ] Request (ServerAddressesTestJSON:setUpClass): 201 POST http://10.180.1.21:9696/networking/v2.0/subnets 0.338s
2025-12-12 12:51:37.430 63822 INFO tempest.lib.common.rest_client [req-c2b5e4e6-1744-4045-9ba4-d6df036d9e6b req-c2b5e4e6-1744-4045-9ba4-d6df036d9e6b ] Request (ServerExternalEventsTest:tearDownClass): 204 DELETE http://10.180.1.21/identity/v3/users/73a5bcb6aebe4e8c8d8eb990686da887 0.126s
2025-12-12 12:51:37.565 63822 INFO tempest.lib.common.rest_client [req-87c30e8b-fa78-45df-b993-35ea2a73d35e req-87c30e8b-fa78-45df-b993-35ea2a73d35e ] Request (ServerExternalEventsTest:tearDownClass): 204 DELETE http://10.180.1.21/identity/v3/users/6850e68fd7fa48eb976326f3688a0cfa 0.135s
2025-12-12 12:51:37.743 63822 INFO tempest.lib.common.rest_client [req-632e3db7-2267-4227-8b6a-a091d6d07f2e req-632e3db7-2267-4227-8b6a-a091d6d07f2e ] Request (ServerExternalEventsTest:tearDownClass): 204 DELETE http://10.180.1.21/identity/v3/users/d0bd1409031145b88300d96de56dd01e 0.177s
2025-12-12 12:51:37.743 63822 INFO tempest.lib.common.dynamic_creds [-] Deleting project and security group for project: e8fd32ee5b1c4fd7a64ee1765e7934e1
2025-12-12 12:51:37.777 63842 WARNING tempest.lib.common.ssh [-] Failed to establish authenticated ssh connection to cirros@10.180.180.233 ([Errno None] Unable to connect to port 22 on 10.180.180.233). Number attempts: 2. Retry after 3 seconds.: paramiko.ssh_exception.NoValidConnectionsError: [Errno None] Unable to connect to port 22 on 10.180.180.233
2025-12-12 12:51:37.785 63818 INFO tempest.lib.common.rest_client [req-e4b83704-8130-409f-b339-3263e62dc4a3 req-e4b83704-8130-409f-b339-3263e62dc4a3 ] Request (DeleteServersTestJSON:setUpClass): 201 POST http://10.180.1.21:9696/networking/v2.0/routers 2.751s
2025-12-12 12:51:37.785 63810 INFO tempest.lib.common.rest_client [req-891bf676-0a41-4aae-9fda-aedb2d65d4eb req-891bf676-0a41-4aae-9fda-aedb2d65d4eb ] Request (ServerMetadataNegativeTestJSON:setUpClass): 200 GET http://10.180.1.21/compute/v2.1/servers/7de2ac8b-bc9e-4493-9a11-a28a1b3a9d0b 2.198s
2025-12-12 12:51:37.854 63838 INFO tempest.lib.common.rest_client [req-0b5f79ad-08b9-4663-bb67-2f73c7234810 req-0b5f79ad-08b9-4663-bb67-2f73c7234810 ] Request (ServersTestJSON:test_create_server_with_admin_password): 202 POST http://10.180.1.21/compute/v2.1/servers 2.025s
2025-12-12 12:51:37.863 63822 INFO tempest.lib.common.rest_client [req-c966523b-adc9-46db-8643-f3df270060f8 req-c966523b-adc9-46db-8643-f3df270060f8 ] Request (ServerExternalEventsTest:tearDownClass): 201 POST http://10.180.1.21/identity/v3/auth/tokens 0.119s
2025-12-12 12:51:37.885 63804 WARNING tempest.lib.common.ssh [-] Failed to establish authenticated ssh connection to cirros@10.180.180.240 ([Errno None] Unable to connect to port 22 on 10.180.180.240). Number attempts: 3. Retry after 4 seconds.: paramiko.ssh_exception.NoValidConnectionsError: [Errno None] Unable to connect to port 22 on 10.180.180.240
2025-12-12 12:51:37.943 63806 INFO tempest.lib.common.rest_client [req-a6236c4c-4f45-4e33-bfc1-76a04ddce78f req-a6236c4c-4f45-4e33-bfc1-76a04ddce78f ] Request (ListServersNegativeTestJSON:setUpClass): 200 GET http://10.180.1.21/compute/v2.1/servers/5421e135-9581-4f81-aa8a-2a604887a1df 1.874s
2025-12-12 12:51:37.959 63806 INFO tempest.common.waiters [-] State transition "BUILD/scheduling" ==> "BUILD/None" after 2 second wait
2025-12-12 12:51:37.976 63824 INFO tempest.lib.common.rest_client [req-94cd710f-5b55-4522-b129-681fcd6adc42 req-94cd710f-5b55-4522-b129-681fcd6adc42 ] Request (ServerDiagnosticsV248Test:tearDownClass): 404 GET http://10.180.1.21/compute/v2.1/servers/d99b7b8e-633f-4fba-bce6-9b8e9e9892d1 1.807s
2025-12-12 12:51:38.066 63824 INFO tempest.lib.common.rest_client [req-58702c50-4052-4858-b4d1-6d278730838c req-58702c50-4052-4858-b4d1-6d278730838c ] Request (ServerDiagnosticsV248Test:tearDownClass): 204 DELETE http://10.180.1.21/identity/v3/users/3a00727e4b014cbda527cb5b0508108f 0.090s
2025-12-12 12:51:38.075 63832 INFO tempest.lib.common.rest_client [req-faca4788-85a9-454d-878f-ce41658c7213 req-faca4788-85a9-454d-878f-ce41658c7213 ] Request (ServersTestManualDisk:setUpClass): 200 GET http://10.180.1.21/compute/v2.1/servers/543875b5-195a-476d-a0b4-3211ceefa27f/os-interface 2.064s
2025-12-12 12:51:38.104 63794 INFO tempest.lib.common.rest_client [req-618115b0-2255-45d2-8f73-fae027b2d3c9 req-618115b0-2255-45d2-8f73-fae027b2d3c9 ] Request (SecurityGroupRulesNegativeTestJSON:tearDownClass): 204 DELETE http://10.180.1.21:9696/networking/v2.0/routers/dd6b191a-ac87-4ab5-a9e8-3b5c930f3124 1.475s
2025-12-12 12:51:38.153 63786 INFO tempest.lib.common.rest_client [req-908ce0cd-79c8-413c-b087-ca36a805bce0 req-908ce0cd-79c8-413c-b087-ca36a805bce0 ] Request (TenantUsagesTestJSON:tearDownClass): 200 GET http://10.180.1.21/compute/v2.1/servers/e3ba860b-afb8-4843-9d99-049dce205f9f 1.744s
2025-12-12 12:51:38.195 63788 INFO tempest.lib.common.rest_client [req-5bb1bdd4-029f-45e2-a8c1-af197c6b3eb1 req-5bb1bdd4-029f-45e2-a8c1-af197c6b3eb1 ] Request (FloatingIPsAssociationNegativeTestJSON:tearDownClass): 200 GET http://10.180.1.21/compute/v2.1/servers/174368d1-9910-495b-a923-842e0440fd01 1.631s
2025-12-12 12:51:38.196 63824 INFO tempest.lib.common.rest_client [req-03fc923d-4854-4790-b439-d5294eb40df0 req-03fc923d-4854-4790-b439-d5294eb40df0 ] Request (ServerDiagnosticsV248Test:tearDownClass): 204 DELETE http://10.180.1.21/identity/v3/users/d0b567cf1e57489b943d9f0791db5856 0.129s
2025-12-12 12:51:38.196 63824 INFO tempest.lib.common.dynamic_creds [-] Deleting project and security group for project: 9aeec326652d460e80af38e966063ee1
2025-12-12 12:51:38.277 63824 INFO tempest.lib.common.rest_client [req-e585b027-4d2c-4d04-a4ed-3cc9a17bb5a1 req-e585b027-4d2c-4d04-a4ed-3cc9a17bb5a1 ] Request (ServerDiagnosticsV248Test:tearDownClass): 201 POST http://10.180.1.21/identity/v3/auth/tokens 0.081s
2025-12-12 12:51:38.610 63822 INFO tempest.lib.common.rest_client [req-919f1d53-6568-41a2-9927-4f439c38e7ac req-919f1d53-6568-41a2-9927-4f439c38e7ac ] Request (ServerExternalEventsTest:tearDownClass): 200 GET http://10.180.1.21:9696/networking/v2.0/security-groups?tenant_id=e8fd32ee5b1c4fd7a64ee1765e7934e1&name=default 0.747s
2025-12-12 12:51:38.660 63809 INFO tempest.lib.common.rest_client [req-e7fd845f-60a0-4edb-a712-5dd02b4b40ac req-e7fd845f-60a0-4edb-a712-5dd02b4b40ac ] Request (MigrationsAdminTest:test_list_migrations_in_flavor_resize_situation): 200 GET http://10.180.1.21/compute/v2.1/servers/2e1b0bc7-3909-48e2-b9be-26822a57ee67 2.082s
2025-12-12 12:51:38.668 63809 INFO tempest.common.waiters [-] State transition "RESIZE/resize_prep" ==> "RESIZE/resize_migrating" after 27 second wait
2025-12-12 12:51:38.937 63794 INFO tempest.lib.common.rest_client [req-b9bff525-ba94-47de-b70c-61a308f21f2f req-b9bff525-ba94-47de-b70c-61a308f21f2f ] Request (SecurityGroupRulesNegativeTestJSON:tearDownClass): 204 DELETE http://10.180.1.21:9696/networking/v2.0/subnets/1e77ee38-c029-4409-b0f9-f3cf276fd302 0.832s
2025-12-12 12:51:38.946 63814 INFO tempest.lib.common.rest_client [req-00f92bf4-05df-445f-a35a-4d3ded576172 req-00f92bf4-05df-445f-a35a-4d3ded576172 ] Request (FloatingIPDetailsTestJSON:test_get_floating_ip_details): 200 GET http://10.180.1.21/compute/v2.1/os-floating-ips/97538c48-0a5e-4dd2-a95c-4c1a4d48d860 1.995s
2025-12-12 12:51:38.957 63844 INFO tempest.lib.common.rest_client [req-622f664c-7ddd-40b3-9a93-82f635b7c6e4 req-622f664c-7ddd-40b3-9a93-82f635b7c6e4 ] Request (ServersV294TestFqdnHostnames:setUpClass): 200 GET http://10.180.1.21/compute/v2.1/servers/102c0463-fb64-4dda-914c-b98c8e9991ad 2.199s
2025-12-12 12:51:38.961 63822 INFO tempest.lib.common.rest_client [req-89dd6d37-14f4-4d33-ae0f-5fa2b6724def req-89dd6d37-14f4-4d33-ae0f-5fa2b6724def ] Request (ServerExternalEventsTest:tearDownClass): 204 DELETE http://10.180.1.21:9696/networking/v2.0/security-groups/be83bc6c-8e35-4c5a-8ec3-220d328aa286 0.351s
2025-12-12 12:51:38.964 63816 INFO tempest.lib.common.rest_client [req-c980e8a3-1bba-4819-a20e-46cc39666183 req-c980e8a3-1bba-4819-a20e-46cc39666183 ] Request (FlavorsV2TestJSON:test_list_flavors_detailed_using_marker): 200 GET http://10.180.1.21/compute/v2.1/flavors/42 1.777s
2025-12-12 12:51:38.970 63844 INFO tempest.api.compute.base [-] Attempting to verify tagged devices in server 102c0463-fb64-4dda-914c-b98c8e9991ad via the metadata service: http://169.254.169.254/openstack/latest/meta_data.json
2025-12-12 12:51:38.971 63844 INFO tempest.lib.common.ssh [-] Creating ssh connection to '10.180.180.193:22' as 'cirros' with public key authentication
2025-12-12 12:51:39.074 63822 INFO tempest.lib.common.rest_client [req-153b1d65-04ee-4fa1-a6bd-a14ec5593407 req-153b1d65-04ee-4fa1-a6bd-a14ec5593407 ] Request (ServerExternalEventsTest:tearDownClass): 204 DELETE http://10.180.1.21/identity/v3/projects/e8fd32ee5b1c4fd7a64ee1765e7934e1 0.112s
2025-12-12 12:51:39.074 63822 INFO tempest.lib.common.dynamic_creds [-] Deleting project and security group for project: 51b9db95b2d8425a822944bfd42f5340
2025-12-12 12:51:39.078 63824 INFO tempest.lib.common.rest_client [req-dee041fb-9265-48da-9b54-c840ab0460f9 req-dee041fb-9265-48da-9b54-c840ab0460f9 ] Request (ServerDiagnosticsV248Test:tearDownClass): 200 GET http://10.180.1.21:9696/networking/v2.0/security-groups?tenant_id=9aeec326652d460e80af38e966063ee1&name=default 0.800s
2025-12-12 12:51:39.218 63846 INFO tempest.lib.common.rest_client [req-200a9024-e78a-42ed-8c67-612c2c827d82 req-200a9024-e78a-42ed-8c67-612c2c827d82 ] Request (ImagesMetadataTestJSON:setUp): 200 PUT http://10.180.1.21/compute/v2.1/images/6722016e-a1bc-41db-80f2-2f0351c6aaa9/metadata 1.902s
2025-12-12 12:51:39.351 63830 INFO tempest.lib.common.rest_client [req-82220c64-303f-4914-99c9-d8caee6d206a req-82220c64-303f-4914-99c9-d8caee6d206a ] Request (FloatingIPsAssociationTestJSON:setUpClass): 200 GET http://10.180.1.21/compute/v2.1/servers/dbf48807-08a7-46d1-8454-42437a9f87c0 1.775s
2025-12-12 12:51:39.353 63836 INFO tempest.lib.common.rest_client [req-ad0e0cde-f7b8-46ca-950a-c351890a19ec req-ad0e0cde-f7b8-46ca-950a-c351890a19ec ] Request (ServerAddressesNegativeTestJSON:setUpClass): 200 GET http://10.180.1.21/compute/v2.1/servers/4b95b9dd-63ce-4285-ae28-f0c2a7fe6eff 1.643s
2025-12-12 12:51:39.363 63830 INFO tempest.common.waiters [-] State transition "BUILD/spawning" ==> "ACTIVE/None" after 33 second wait
2025-12-12 12:51:39.377 63824 INFO tempest.lib.common.rest_client [req-8c7b2c5a-0767-4515-9dff-b05e25c64ec7 req-8c7b2c5a-0767-4515-9dff-b05e25c64ec7 ] Request (ServerDiagnosticsV248Test:tearDownClass): 204 DELETE http://10.180.1.21:9696/networking/v2.0/security-groups/52bbf38f-239c-41a1-8438-2c9f5bc7028b 0.299s
2025-12-12 12:51:39.416 63820 INFO tempest.lib.common.rest_client [req-43b87ae2-65af-4e2c-9336-3f5989e669be req-43b87ae2-65af-4e2c-9336-3f5989e669be ] Request (FloatingIPDetailsNegativeTestJSON:tearDownClass): 200 PUT http://10.180.1.21:9696/networking/v2.0/routers/a515b261-2792-4ca3-b7c5-655160450974/remove_router_interface 2.235s
2025-12-12 12:51:39.493 63796 INFO tempest.lib.common.rest_client [req-db6a1c1f-61d4-4356-bdda-425771f87e3b req-db6a1c1f-61d4-4356-bdda-425771f87e3b ] Request (ServersAdminNegativeTestJSON:test_migrate_server_invalid_state): 200 GET http://10.180.1.21/compute/v2.1/servers/e32789d5-59ba-4657-9a9c-84fc9bd6cfdf 1.678s
2025-12-12 12:51:39.593 63824 INFO tempest.lib.common.rest_client [req-a717c057-941b-419a-bfbe-309a6071eb7c req-a717c057-941b-419a-bfbe-309a6071eb7c ] Request (ServerDiagnosticsV248Test:tearDownClass): 204 DELETE http://10.180.1.21/identity/v3/projects/9aeec326652d460e80af38e966063ee1 0.215s
2025-12-12 12:51:39.593 63824 INFO tempest.lib.common.dynamic_creds [-] Deleting project and security group for project: 4aaa7ff9816b44e88f2afb0869b10b3d
2025-12-12 12:51:39.661 63828 INFO tempest.lib.common.rest_client [req-0d3a5fbd-8b14-4e1e-928d-f3806eafc87d req-0d3a5fbd-8b14-4e1e-928d-f3806eafc87d ] Request (InstanceActionsNegativeTestJSON:tearDownClass): 200 GET http://10.180.1.21/compute/v2.1/servers/10d69b79-5ce4-4fea-abd5-0e6e7c83a3bf 1.745s
2025-12-12 12:51:39.681 63822 INFO tempest.lib.common.rest_client [req-73c3a61a-b595-4639-9eb6-e078f0b849a0 req-73c3a61a-b595-4639-9eb6-e078f0b849a0 ] Request (ServerExternalEventsTest:tearDownClass): 200 GET http://10.180.1.21:9696/networking/v2.0/security-groups?tenant_id=51b9db95b2d8425a822944bfd42f5340&name=default 0.606s
2025-12-12 12:51:39.754 63784 INFO tempest.lib.common.rest_client [req-780f1fb5-30a2-45ed-8cf5-249b4879e200 req-780f1fb5-30a2-45ed-8cf5-249b4879e200 ] Request (ServersTestBootFromVolume:setUpClass): 200 GET http://10.180.1.21/compute/v2.1/servers/47500aaa-92fc-454c-badd-d6f8a2203083 1.753s
2025-12-12 12:51:39.813 63838 INFO tempest.lib.common.rest_client [req-fce2ce41-a1df-4759-8f22-c960b6982264 req-fce2ce41-a1df-4759-8f22-c960b6982264 ] Request (ServersTestJSON:_run_cleanups): 204 DELETE http://10.180.1.21/compute/v2.1/servers/cebb39b7-1e2d-4460-8281-22a75355f4d2 1.956s
2025-12-12 12:51:39.915 63790 INFO tempest.lib.common.rest_client [req-f5d57679-524d-40c6-98dd-9039d445fe78 req-f5d57679-524d-40c6-98dd-9039d445fe78 ] Request (ServersAdminTestJSON:test_create_server_with_scheduling_hint): 200 GET http://10.180.1.21/compute/v2.1/servers/bd222761-92aa-4f2c-a752-ead9c498ee7a 1.885s
2025-12-12 12:51:39.918 63834 INFO tempest.lib.common.rest_client [req-1d0ac6c2-2ecb-47af-b6ea-ccf6dc41f8f6 req-1d0ac6c2-2ecb-47af-b6ea-ccf6dc41f8f6 ] Request (AttachInterfacesUnderV243Test:test_add_remove_fixed_ip): 200 GET http://10.180.1.21/compute/v2.1/servers/43729260-d138-4e62-9cc5-4db3ca39f5d2 1.835s
2025-12-12 12:51:40.011 63800 INFO tempest.lib.common.rest_client [req-68364380-c78b-4f81-a9a1-73ef5b1285e7 req-68364380-c78b-4f81-a9a1-73ef5b1285e7 ] Request (ListServerFiltersTestJSON:setUpClass): 200 GET http://10.180.1.21/compute/v2.1/servers/99de5226-a27c-47c5-90fa-5f0c7204df1c 1.842s
2025-12-12 12:51:40.092 63812 INFO tempest.lib.common.rest_client [req-d7e17409-5f40-4388-92d6-6cd83eca2600 req-d7e17409-5f40-4388-92d6-6cd83eca2600 ] Request (DeleteServersAdminTestJSON:test_delete_server_while_in_error_state): 200 GET http://10.180.1.21/compute/v2.1/servers/a6bb8713-6b00-4a43-96b7-a84ee39d790d 1.804s
2025-12-12 12:51:40.208 63826 INFO tempest.lib.common.rest_client [req-d4243a37-3100-4dad-b883-99fbfad69bae req-d4243a37-3100-4dad-b883-99fbfad69bae ] Request (ServersNegativeTestJSON:setUpClass): 200 GET http://10.180.1.21/compute/v2.1/servers/c065263a-fd40-4b44-a68e-0e03248d0bc0 1.941s
2025-12-12 12:51:40.247 63822 INFO tempest.lib.common.rest_client [req-d825cf90-31ad-42c9-9633-152d751b4888 req-d825cf90-31ad-42c9-9633-152d751b4888 ] Request (ServerExternalEventsTest:tearDownClass): 204 DELETE http://10.180.1.21:9696/networking/v2.0/security-groups/34255e5c-2c40-49c9-9bf0-ff455d736967 0.565s
2025-12-12 12:51:40.258 63824 INFO tempest.lib.common.rest_client [req-13003253-210f-46d9-8623-94cefd53eff8 req-13003253-210f-46d9-8623-94cefd53eff8 ] Request (ServerDiagnosticsV248Test:tearDownClass): 200 GET http://10.180.1.21:9696/networking/v2.0/security-groups?tenant_id=4aaa7ff9816b44e88f2afb0869b10b3d&name=default 0.664s
2025-12-12 12:51:40.272 63794 INFO tempest.lib.common.rest_client [req-d9eab254-9de9-49f0-97f8-7ea4f8425986 req-d9eab254-9de9-49f0-97f8-7ea4f8425986 ] Request (SecurityGroupRulesNegativeTestJSON:tearDownClass): 204 DELETE http://10.180.1.21:9696/networking/v2.0/networks/5cce51a8-c15e-4569-b7f9-1abe9b5783c6 1.334s
2025-12-12 12:51:40.326 63832 INFO tempest.lib.common.rest_client [req-50375d7d-c4ff-4a60-9942-10117bafc3f9 req-50375d7d-c4ff-4a60-9942-10117bafc3f9 ] Request (ServersTestManualDisk:setUpClass): 200 PUT http://10.180.1.21:9696/networking/v2.0/floatingips/f0b3b96b-da9a-4803-a5df-011a2b6a25cd 2.248s
2025-12-12 12:51:40.382 63822 INFO tempest.lib.common.rest_client [req-73be61cb-9720-4958-ad6d-29bfafca2a67 req-73be61cb-9720-4958-ad6d-29bfafca2a67 ] Request (ServerExternalEventsTest:tearDownClass): 204 DELETE http://10.180.1.21/identity/v3/projects/51b9db95b2d8425a822944bfd42f5340 0.135s
2025-12-12 12:51:40.383 63822 INFO tempest.lib.common.dynamic_creds [-] Deleting project and security group for project: 64606c99619d48e1a165d3ab701caf7a
2025-12-12 12:51:40.397 63794 INFO tempest.lib.common.rest_client [req-b280ae6f-dc64-450e-8658-625f9ae3e74a req-b280ae6f-dc64-450e-8658-625f9ae3e74a ] Request (SecurityGroupRulesNegativeTestJSON:tearDownClass): 204 DELETE http://10.180.1.21/identity/v3/users/14e687a9087a4b41a433a26533f2dd42 0.125s
2025-12-12 12:51:40.397 63794 INFO tempest.lib.common.dynamic_creds [-] Deleting project and security group for project: dc97872c626f40c79b1dc1a71ebea275
2025-12-12 12:51:40.399 63810 INFO tempest.lib.common.rest_client [req-7bdf6dce-dd6a-4794-bca7-38a0ae64e2ea req-7bdf6dce-dd6a-4794-bca7-38a0ae64e2ea ] Request (ServerMetadataNegativeTestJSON:setUpClass): 200 GET http://10.180.1.21/compute/v2.1/servers/7de2ac8b-bc9e-4493-9a11-a28a1b3a9d0b 1.592s
2025-12-12 12:51:40.506 63806 INFO tempest.lib.common.rest_client [req-57c2a846-6956-4500-8b9e-28cbc83cf897 req-57c2a846-6956-4500-8b9e-28cbc83cf897 ] Request (ListServersNegativeTestJSON:setUpClass): 200 GET http://10.180.1.21/compute/v2.1/servers/5421e135-9581-4f81-aa8a-2a604887a1df 1.546s
2025-12-12 12:51:40.533 63822 INFO tempest.lib.common.rest_client [req-3653e568-09ee-41db-b6b3-a1dd08eb33c3 req-3653e568-09ee-41db-b6b3-a1dd08eb33c3 ] Request (ServerExternalEventsTest:tearDownClass): 200 GET http://10.180.1.21:9696/networking/v2.0/security-groups?tenant_id=64606c99619d48e1a165d3ab701caf7a&name=default 0.150s
2025-12-12 12:51:40.548 63816 INFO tempest.lib.common.rest_client [req-e404ffc3-82c4-4c7a-b5a1-462cb003e0ad req-e404ffc3-82c4-4c7a-b5a1-462cb003e0ad ] Request (FlavorsV2TestJSON:test_list_flavors_detailed_using_marker): 200 GET http://10.180.1.21/compute/v2.1/flavors/detail?marker=42 1.581s
2025-12-12 12:51:40.554 63794 INFO tempest.lib.common.rest_client [req-83c8e8e1-ea61-4665-9498-5a609a3848cb req-83c8e8e1-ea61-4665-9498-5a609a3848cb ] Request (SecurityGroupRulesNegativeTestJSON:tearDownClass): 200 GET http://10.180.1.21:9696/networking/v2.0/security-groups?tenant_id=dc97872c626f40c79b1dc1a71ebea275&name=default 0.156s
2025-12-12 12:51:40.626 63824 INFO tempest.lib.common.rest_client [req-464fad32-5c95-4ca8-bd35-0c63fd5cb580 req-464fad32-5c95-4ca8-bd35-0c63fd5cb580 ] Request (ServerDiagnosticsV248Test:tearDownClass): 204 DELETE http://10.180.1.21:9696/networking/v2.0/security-groups/cf5aa679-ed0b-479c-ab61-5914ab0cf720 0.367s
2025-12-12 12:51:40.639 63786 INFO tempest.lib.common.rest_client [req-fceac28e-4b40-4fdb-bb1e-86658b64ec71 req-fceac28e-4b40-4fdb-bb1e-86658b64ec71 ] Request (TenantUsagesTestJSON:tearDownClass): 200 GET http://10.180.1.21/compute/v2.1/servers/e3ba860b-afb8-4843-9d99-049dce205f9f 1.472s
2025-12-12 12:51:40.720 63788 INFO tempest.lib.common.rest_client [req-0333ade2-9c85-4026-9b43-bf6a61ff6582 req-0333ade2-9c85-4026-9b43-bf6a61ff6582 ] Request (FloatingIPsAssociationNegativeTestJSON:tearDownClass): 200 GET http://10.180.1.21/compute/v2.1/servers/174368d1-9910-495b-a923-842e0440fd01 1.514s
2025-12-12 12:51:40.775 63792 INFO tempest.lib.common.rest_client [req-8569b59a-7a60-4961-89aa-06b4e7857952 req-8569b59a-7a60-4961-89aa-06b4e7857952 ] Request (ServerAddressesTestJSON:setUpClass): 201 POST http://10.180.1.21:9696/networking/v2.0/routers 3.363s
2025-12-12 12:51:40.832 63824 INFO tempest.lib.common.rest_client [req-6071ef6b-34df-4f67-8b0a-fcc9a512b3c1 req-6071ef6b-34df-4f67-8b0a-fcc9a512b3c1 ] Request (ServerDiagnosticsV248Test:tearDownClass): 204 DELETE http://10.180.1.21/identity/v3/projects/4aaa7ff9816b44e88f2afb0869b10b3d 0.206s
2025-12-12 12:51:40.835 63822 INFO tempest.lib.common.rest_client [req-b296f16a-beff-4601-99f3-3490810bfddb req-b296f16a-beff-4601-99f3-3490810bfddb ] Request (ServerExternalEventsTest:tearDownClass): 204 DELETE http://10.180.1.21:9696/networking/v2.0/security-groups/2bda19a5-4626-431c-95ab-f8f8d0a5e48d 0.301s
2025-12-12 12:51:40.841 63794 INFO tempest.lib.common.rest_client [req-bab745e8-4f5b-48ae-a7e7-9a4c5c33a83f req-bab745e8-4f5b-48ae-a7e7-9a4c5c33a83f ] Request (SecurityGroupRulesNegativeTestJSON:tearDownClass): 204 DELETE http://10.180.1.21:9696/networking/v2.0/security-groups/9aeb35b4-17a2-432b-b075-791b2e60ed92 0.285s
2025-12-12 12:51:40.917 63824 INFO tempest.lib.common.rest_client [req-d00ce054-ca81-4360-b65f-27623e847df6 req-d00ce054-ca81-4360-b65f-27623e847df6 ] Request (ServersAdmin275Test:setUpClass): 201 POST http://10.180.1.21/identity/v3/auth/tokens 0.084s
2025-12-12 12:51:40.957 63822 INFO tempest.lib.common.rest_client [req-d56c0aff-b85b-4fcc-8cc0-392f55c67f37 req-d56c0aff-b85b-4fcc-8cc0-392f55c67f37 ] Request (ServerExternalEventsTest:tearDownClass): 204 DELETE http://10.180.1.21/identity/v3/projects/64606c99619d48e1a165d3ab701caf7a 0.119s
2025-12-12 12:51:40.958 63822 INFO tempest.test [-] raised in UnshelveToHostMultiNodesTest.setUpClass. Invoking tearDownClass.
2025-12-12 12:51:40.965 63820 INFO tempest.lib.common.rest_client [req-8ffcbf5e-970c-4a86-9e57-a6f782e50da5 req-8ffcbf5e-970c-4a86-9e57-a6f782e50da5 ] Request (FloatingIPDetailsNegativeTestJSON:tearDownClass): 204 DELETE http://10.180.1.21:9696/networking/v2.0/routers/a515b261-2792-4ca3-b7c5-655160450974 1.548s
2025-12-12 12:51:40.974 63794 INFO tempest.lib.common.rest_client [req-6e0fa916-bebe-4d4b-8692-673ef367a10e req-6e0fa916-bebe-4d4b-8692-673ef367a10e ] Request (SecurityGroupRulesNegativeTestJSON:tearDownClass): 204 DELETE http://10.180.1.21/identity/v3/projects/dc97872c626f40c79b1dc1a71ebea275 0.132s
2025-12-12 12:51:40.999 63846 INFO tempest.lib.common.rest_client [req-0c849f4c-50ee-465b-a011-11b110585b57 req-0c849f4c-50ee-465b-a011-11b110585b57 ] Request (ImagesMetadataTestJSON:test_update_image_metadata): 200 POST http://10.180.1.21/compute/v2.1/images/6722016e-a1bc-41db-80f2-2f0351c6aaa9/metadata 1.780s
2025-12-12 12:51:41.031 63822 INFO tempest.lib.common.rest_client [req-69fd5c42-2711-4c1a-916e-3024722f015f req-69fd5c42-2711-4c1a-916e-3024722f015f ] Request (TenantUsagesNegativeTestJSON:setUpClass): 201 POST http://10.180.1.21/identity/v3/auth/tokens 0.071s
2025-12-12 12:51:41.047 63824 INFO tempest.lib.common.rest_client [req-310e92e4-ec14-4d47-99b8-75290554b43b req-310e92e4-ec14-4d47-99b8-75290554b43b ] Request (ServersAdmin275Test:setUpClass): 201 POST http://10.180.1.21/identity/v3/auth/tokens 0.127s
2025-12-12 12:51:41.060 63794 INFO tempest.lib.common.rest_client [req-a2fef3ec-4462-4a76-a1b2-7c87a39fddd8 req-a2fef3ec-4462-4a76-a1b2-7c87a39fddd8 ] Request (ServersTestFqdnHostnames:setUpClass): 201 POST http://10.180.1.21/identity/v3/auth/tokens 0.084s
2025-12-12 12:51:41.077 63822 INFO tempest.lib.common.rest_client [req-bc6762dd-d846-4fbd-968e-39af994aa253 req-bc6762dd-d846-4fbd-968e-39af994aa253 ] Request (TenantUsagesNegativeTestJSON:setUpClass): 201 POST http://10.180.1.21/identity/v3/auth/tokens 0.039s
2025-12-12 12:51:41.078 63824 INFO tempest.lib.common.rest_client [req-8e2ea0ab-dff2-4b48-b169-7f7897a248a0 req-8e2ea0ab-dff2-4b48-b169-7f7897a248a0 ] Request (ServersAdmin275Test:setUpClass): 200 GET http://10.180.1.21/identity/v3/domains?name=Default 0.031s
2025-12-12 12:51:41.085 63814 INFO tempest.lib.common.rest_client [req-af8548c3-942d-4c59-8b27-b35d7c5d080b req-af8548c3-942d-4c59-8b27-b35d7c5d080b ] Request (FloatingIPDetailsTestJSON:_run_cleanups): 202 DELETE http://10.180.1.21/compute/v2.1/os-floating-ips/97538c48-0a5e-4dd2-a95c-4c1a4d48d860 2.136s
2025-12-12 12:51:41.105 63822 INFO tempest.lib.common.rest_client [req-8c47d416-9e05-4b1a-a6f1-959cfe36a3ad req-8c47d416-9e05-4b1a-a6f1-959cfe36a3ad ] Request (TenantUsagesNegativeTestJSON:setUpClass): 200 GET http://10.180.1.21/identity/v3/domains?name=Default 0.026s
2025-12-12 12:51:41.108 63794 INFO tempest.lib.common.rest_client [req-363afe51-a149-4da6-864c-cce8781e4997 req-363afe51-a149-4da6-864c-cce8781e4997 ] Request (ServersTestFqdnHostnames:setUpClass): 201 POST http://10.180.1.21/identity/v3/auth/tokens 0.045s
2025-12-12 12:51:41.139 63824 INFO tempest.lib.common.rest_client [req-09f863ca-7278-40c1-9b00-e252a966e83d req-09f863ca-7278-40c1-9b00-e252a966e83d ] Request (ServersAdmin275Test:setUpClass): 201 POST http://10.180.1.21/identity/v3/projects 0.061s
2025-12-12 12:51:41.149 63822 INFO tempest.lib.common.rest_client [req-e62b9bfc-a95e-463f-b1b8-7ed5f27e102b req-e62b9bfc-a95e-463f-b1b8-7ed5f27e102b ] Request (TenantUsagesNegativeTestJSON:setUpClass): 201 POST http://10.180.1.21/identity/v3/projects 0.043s
2025-12-12 12:51:41.202 63794 INFO tempest.lib.common.rest_client [req-b3e15e93-b30b-49c6-b0a7-8f6c8a3057ed req-b3e15e93-b30b-49c6-b0a7-8f6c8a3057ed ] Request (ServersTestFqdnHostnames:setUpClass): 200 GET http://10.180.1.21/identity/v3/domains?name=Default 0.093s
2025-12-12 12:51:41.208 63824 INFO tempest.lib.common.rest_client [req-efab9334-3438-47ce-b9a8-400a0d1e791a req-efab9334-3438-47ce-b9a8-400a0d1e791a ] Request (ServersAdmin275Test:setUpClass): 201 POST http://10.180.1.21/identity/v3/users 0.067s
2025-12-12 12:51:41.227 63822 INFO tempest.lib.common.rest_client [req-f5055b79-33ac-4352-a0b1-94d518341fbd req-f5055b79-33ac-4352-a0b1-94d518341fbd ] Request (TenantUsagesNegativeTestJSON:setUpClass): 201 POST http://10.180.1.21/identity/v3/users 0.077s
2025-12-12 12:51:41.236 63794 INFO tempest.lib.common.rest_client [req-90f4c3af-0cfb-46dc-ad42-2adbcdfb2522 req-90f4c3af-0cfb-46dc-ad42-2adbcdfb2522 ] Request (ServersTestFqdnHostnames:setUpClass): 201 POST http://10.180.1.21/identity/v3/projects 0.033s
2025-12-12 12:51:41.241 63824 INFO tempest.lib.common.rest_client [req-eebc99f0-fa63-4635-93f0-dae72d86ad5a req-eebc99f0-fa63-4635-93f0-dae72d86ad5a ] Request (ServersAdmin275Test:setUpClass): 200 GET http://10.180.1.21/identity/v3/roles 0.033s
2025-12-12 12:51:41.281 63820 INFO tempest.lib.common.rest_client [req-01e989f8-c6e2-4bcc-8d35-0a409b4fd229 req-01e989f8-c6e2-4bcc-8d35-0a409b4fd229 ] Request (FloatingIPDetailsNegativeTestJSON:tearDownClass): 204 DELETE http://10.180.1.21:9696/networking/v2.0/subnets/6871cbbc-cb41-4389-b6c3-aea35d11163b 0.315s
2025-12-12 12:51:41.282 63842 WARNING tempest.lib.common.ssh [-] Failed to establish authenticated ssh connection to cirros@10.180.180.233 ([Errno None] Unable to connect to port 22 on 10.180.180.233). Number attempts: 3. Retry after 4 seconds.: paramiko.ssh_exception.NoValidConnectionsError: [Errno None] Unable to connect to port 22 on 10.180.180.233
2025-12-12 12:51:41.287 63822 INFO tempest.lib.common.rest_client [req-01106275-9315-4037-ae84-f70869614df5 req-01106275-9315-4037-ae84-f70869614df5 ] Request (TenantUsagesNegativeTestJSON:setUpClass): 200 GET http://10.180.1.21/identity/v3/roles 0.060s
2025-12-12 12:51:41.310 63794 INFO tempest.lib.common.rest_client [req-5f7e0396-c87c-42fd-aaa9-0484d6252b59 req-5f7e0396-c87c-42fd-aaa9-0484d6252b59 ] Request (ServersTestFqdnHostnames:setUpClass): 201 POST http://10.180.1.21/identity/v3/users 0.074s
2025-12-12 12:51:41.313 63824 INFO tempest.lib.common.rest_client [req-9ca95c3d-c106-4eeb-825f-f23d54e323f7 req-9ca95c3d-c106-4eeb-825f-f23d54e323f7 ] Request (ServersAdmin275Test:setUpClass): 204 PUT http://10.180.1.21/identity/v3/projects/128b2f8fb95d40bda0cf9ea35684928a/users/44f6e61535344054a113c6b1138dc6bc/roles/353de95ad478428eb713733afd1b2cd8 0.071s
2025-12-12 12:51:41.313 63824 INFO tempest.lib.common.dynamic_creds [-] Dynamic test user 44f6e61535344054a113c6b1138dc6bc is created with scope project and roles: ['member']
2025-12-12 12:51:41.314 63824 INFO tempest.lib.common.dynamic_creds [-] Acquired dynamic creds: credentials: Credentials: {'domain_id': 'default', 'domain_name': 'Default', 'username': 'tempest-ServersAdmin275Test-2090274693-project-member', 'project_domain_id': 'default', 'project_domain_name': 'Default', 'project_id': '128b2f8fb95d40bda0cf9ea35684928a', 'project_name': 'tempest-ServersAdmin275Test-2090274693', 'tenant_id': '128b2f8fb95d40bda0cf9ea35684928a', 'tenant_name': 'tempest-ServersAdmin275Test-2090274693', 'user_domain_id': 'default', 'user_domain_name': 'Default', 'user_id': '44f6e61535344054a113c6b1138dc6bc', 'system': None}, Network: None, Subnet: None, Router: None
2025-12-12 12:51:41.314 63824 INFO tempest.lib.common.dynamic_creds [-] Created isolated network resources for: credentials: Credentials: {'domain_id': 'default', 'domain_name': 'Default', 'username': 'tempest-ServersAdmin275Test-2090274693-project-member', 'project_domain_id': 'default', 'project_domain_name': 'Default', 'project_id': '128b2f8fb95d40bda0cf9ea35684928a', 'project_name': 'tempest-ServersAdmin275Test-2090274693', 'tenant_id': '128b2f8fb95d40bda0cf9ea35684928a', 'tenant_name': 'tempest-ServersAdmin275Test-2090274693', 'user_domain_id': 'default', 'user_domain_name': 'Default', 'user_id': '44f6e61535344054a113c6b1138dc6bc', 'system': None}, Network: None, Subnet: None, Router: None
2025-12-12 12:51:41.340 63809 INFO tempest.lib.common.rest_client [req-adb44633-8372-49da-afce-2abf0409ebd5 req-adb44633-8372-49da-afce-2abf0409ebd5 ] Request (MigrationsAdminTest:test_list_migrations_in_flavor_resize_situation): 200 GET http://10.180.1.21/compute/v2.1/servers/2e1b0bc7-3909-48e2-b9be-26822a57ee67 1.671s
2025-12-12 12:51:41.372 63822 INFO tempest.lib.common.rest_client [req-c70f13d6-f1f4-478b-9ecd-25037bf0d454 req-c70f13d6-f1f4-478b-9ecd-25037bf0d454 ] Request (TenantUsagesNegativeTestJSON:setUpClass): 204 PUT http://10.180.1.21/identity/v3/projects/8556e47836ea42eba99bba15b7eac8b1/users/a616a77e7d124bc48f23a3b1c49bafd2/roles/353de95ad478428eb713733afd1b2cd8 0.083s
2025-12-12 12:51:41.372 63822 INFO tempest.lib.common.dynamic_creds [-] Dynamic test user a616a77e7d124bc48f23a3b1c49bafd2 is created with scope project and roles: ['member']
2025-12-12 12:51:41.373 63822 INFO tempest.lib.common.dynamic_creds [-] Acquired dynamic creds: credentials: Credentials: {'domain_id': 'default', 'domain_name': 'Default', 'username': 'tempest-TenantUsagesNegativeTestJSON-858133870-project-member', 'project_domain_id': 'default', 'project_domain_name': 'Default', 'project_id': '8556e47836ea42eba99bba15b7eac8b1', 'project_name': 'tempest-TenantUsagesNegativeTestJSON-858133870', 'tenant_id': '8556e47836ea42eba99bba15b7eac8b1', 'tenant_name': 'tempest-TenantUsagesNegativeTestJSON-858133870', 'user_domain_id': 'default', 'user_domain_name': 'Default', 'user_id': 'a616a77e7d124bc48f23a3b1c49bafd2', 'system': None}, Network: None, Subnet: None, Router: None
