2025-12-11 16:38:17.725 66121 INFO tempest.lib.common.rest_client [req-cafa61a0-f123-4ee9-a036-866327df3de9 req-cafa61a0-f123-4ee9-a036-866327df3de9 ] Request (ServerRescueTestJSON:setUpClass): 200 GET http://10.180.1.21/compute/v2.1/servers/6a4bd922-aab7-4806-8b52-dec238a48e6b 0.764s
2025-12-11 16:38:17.730 66131 INFO tempest.lib.common.rest_client [req-c04e49ff-992f-4093-9e69-a1dfd6dd48eb req-c04e49ff-992f-4093-9e69-a1dfd6dd48eb ] Request (AttachInterfacesUnderV243Test:_run_cleanups): 200 GET http://10.180.1.21/compute/v2.1/servers/333caf57-29a6-472c-9af7-1c7397c39680 0.823s
2025-12-11 16:38:17.736 66163 INFO tempest.lib.common.rest_client [req-0b5cd3dd-1978-4b7b-a9f6-2ca1e98842ba req-0b5cd3dd-1978-4b7b-a9f6-2ca1e98842ba ] Request (DeleteServersTestJSON:test_delete_server_while_in_shutoff_state): 201 POST http://10.180.1.21/identity/v3/auth/tokens 0.066s
2025-12-11 16:38:17.736 66163 INFO tempest.lib.common.fixed_network [-] (DeleteServersTestJSON:test_delete_server_while_in_shutoff_state) Found network {'id': '715a56c0-ba12-4d40-ad46-dd2b46a9ae37', 'name': 'tempest-DeleteServersTestJSON-2103209688-network', 'tenant_id': '40ef940934334e238ba7737a5059c240', 'project_id': '40ef940934334e238ba7737a5059c240', 'admin_state_up': True, 'mtu': 8950, 'status': 'ACTIVE', 'subnets': [], 'shared': False, 'port_security_enabled': True, 'router:external': False, 'provider:network_type': 'vlan', 'provider:physical_network': 'default', 'provider:segmentation_id': 826, 'availability_zone_hints': [], 'availability_zones': [], 'ipv4_address_scope': None, 'ipv6_address_scope': None, 'description': '', 'tags': [], 'created_at': '2025-12-11T16:33:58Z', 'updated_at': '2025-12-11T16:33:58Z', 'revision_number': 1} available for tenant
2025-12-11 16:38:17.737 66131 INFO tempest.common.waiters [-] State transition "ACTIVE/deleting" ==> "DELETED/None" after 4 second wait
2025-12-11 16:38:17.774 66157 INFO tempest.lib.common.rest_client [req-3821ddaa-3c2e-40b5-a68d-4e5cad9c7645 req-3821ddaa-3c2e-40b5-a68d-4e5cad9c7645 ] Request (ServerRescueNegativeTestJSON:test_rescued_vm_detach_volume): 200 GET http://10.180.1.21/compute/v2.1/servers/d8375c36-1a87-4ea4-9c47-f97ebbeaaaba 0.721s
2025-12-11 16:38:17.794 66167 INFO tempest.lib.common.rest_client [req-2e5ce359-0523-4942-9ee4-51d196ee6e9e req-2e5ce359-0523-4942-9ee4-51d196ee6e9e ] Request (InstanceActionsTestJSON:test_list_instance_actions): 202 POST http://10.180.1.21/compute/v2.1/servers/ad8ca1e4-4d9a-4d0d-91dc-88566ac8fe28/action 0.730s
2025-12-11 16:38:17.844 66176 INFO tempest.lib.common.rest_client [req-812ff682-c688-4ffc-a406-028fb02369a6 req-812ff682-c688-4ffc-a406-028fb02369a6 ] Request (AttachInterfacesV270Test:tearDownClass): 204 DELETE http://10.180.1.21/compute/v2.1/servers/9ea0cc2a-20e8-4226-9eef-8bd8a1d65ad9 0.462s
2025-12-11 16:38:17.845 66165 INFO tempest.lib.common.rest_client [req-2e86fbff-ba3c-4ce3-bea0-58f1bf25821a req-2e86fbff-ba3c-4ce3-bea0-58f1bf25821a ] Request (ImagesNegativeTestJSON:test_create_image_from_deleted_server): 200 GET http://10.180.1.21/compute/v2.1/servers/85cfc7d8-c098-42b9-a20e-a329aa2251fa 0.302s
2025-12-11 16:38:17.900 66141 INFO tempest.lib.common.rest_client [req-91d34508-14a9-4e37-b227-c60b52275f7f req-91d34508-14a9-4e37-b227-c60b52275f7f ] Request (ServerShowV254Test:tearDownClass): 200 GET http://10.180.1.21/compute/v2.1/servers/d2354f80-6fb4-421e-8874-31bedeaf06f0 0.256s
2025-12-11 16:38:17.918 66139 INFO tempest.lib.common.rest_client [req-9cc1d06e-647b-426f-b85e-580b7c9dda1e req-9cc1d06e-647b-426f-b85e-580b7c9dda1e ] Request (ServersWithSpecificFlavorTestJSON:test_verify_created_server_ephemeral_disk): 200 GET http://10.180.1.21/compute/v2.1/servers/92e76620-b478-4969-83be-c19ba86e4211 0.192s
2025-12-11 16:38:18.021 66167 INFO tempest.lib.common.rest_client [req-7215ad0d-bcca-47ed-bff6-64ba1b35acd8 req-7215ad0d-bcca-47ed-bff6-64ba1b35acd8 ] Request (InstanceActionsTestJSON:test_list_instance_actions): 200 GET http://10.180.1.21/compute/v2.1/servers/ad8ca1e4-4d9a-4d0d-91dc-88566ac8fe28 0.227s
2025-12-11 16:38:18.060 66149 WARNING tempest.lib.common.ssh [-] Failed to establish authenticated ssh connection to cirros@10.180.180.199 ([Errno None] Unable to connect to port 22 on 10.180.180.199). Number attempts: 2. Retry after 3 seconds.: paramiko.ssh_exception.NoValidConnectionsError: [Errno None] Unable to connect to port 22 on 10.180.180.199
2025-12-11 16:38:18.074 66179 INFO tempest.lib.common.rest_client [req-c8a26e69-9c28-46a5-882d-a4c0c16d98ed req-c8a26e69-9c28-46a5-882d-a4c0c16d98ed ] Request (MigrationsAdminTest:test_resize_server_revert_deleted_flavor): 200 GET http://10.180.1.21/compute/v2.1/servers/54fdd69e-f4b2-47e4-9cc7-55d7f2a0fbb3 0.237s
2025-12-11 16:38:18.181 66176 INFO tempest.lib.common.rest_client [req-ee32f572-d54c-41d6-8fd3-63ee42aad3e5 req-ee32f572-d54c-41d6-8fd3-63ee42aad3e5 ] Request (AttachInterfacesV270Test:tearDownClass): 200 GET http://10.180.1.21/compute/v2.1/servers/9ea0cc2a-20e8-4226-9eef-8bd8a1d65ad9 0.336s
2025-12-11 16:38:18.223 66163 INFO tempest.lib.common.rest_client [req-b126e7cd-94b2-4fc5-87b8-2ffb155eddd9 req-b126e7cd-94b2-4fc5-87b8-2ffb155eddd9 ] Request (DeleteServersTestJSON:test_delete_server_while_in_shutoff_state): 202 POST http://10.180.1.21/compute/v2.1/servers 0.486s
2025-12-11 16:38:18.248 66137 INFO tempest.lib.common.rest_client [req-9d36b465-7dc7-4840-aa5d-ba17918a1715 req-9d36b465-7dc7-4840-aa5d-ba17918a1715 ] Request (ListServerFiltersTestJSON:tearDownClass): 200 GET http://10.180.1.21/compute/v2.1/servers/9b7589d3-a04a-4989-bc18-29304c3d359a 0.294s
2025-12-11 16:38:18.256 66137 INFO tempest.common.waiters [-] State transition "ACTIVE/deleting" ==> "DELETED/None" after 4 second wait
2025-12-11 16:38:18.283 66135 INFO tempest.lib.common.rest_client [req-b1e9fd01-c57d-4a24-ae3f-e4cbada2ed3c req-b1e9fd01-c57d-4a24-ae3f-e4cbada2ed3c ] Request (ServerGroupTestJSON:_run_cleanups): 200 GET http://10.180.1.21/compute/v2.1/servers/28f7916b-faf9-4b38-9df3-f39ad6db0d01 0.257s
2025-12-11 16:38:18.323 66163 INFO tempest.lib.common.rest_client [req-fee40b60-113f-465f-9fb3-119f9645e6a2 req-fee40b60-113f-465f-9fb3-119f9645e6a2 ] Request (DeleteServersTestJSON:test_delete_server_while_in_shutoff_state): 200 GET http://10.180.1.21/compute/v2.1/servers/d106a1c2-7c00-4b8e-8683-e910d42641f7 0.098s
2025-12-11 16:38:18.384 66181 INFO tempest.lib.common.rest_client [req-ba0d48a6-d4e5-4411-8eea-3f162545c5b2 req-ba0d48a6-d4e5-4411-8eea-3f162545c5b2 ] Request (AttachVolumeNegativeTest:test_attach_attached_volume_to_different_server): 200 GET http://10.180.1.21/compute/v2.1/servers/c2f5d60c-d487-426d-878e-5b1a9c6838d5 0.130s
2025-12-11 16:38:18.402 66125 INFO tempest.lib.common.rest_client [req-2c7fc158-7126-4482-8dff-dde1bd04aede req-2c7fc158-7126-4482-8dff-dde1bd04aede ] Request (ServerActionsTestOtherB:test_resize_server_confirm_from_stopped): 200 GET http://10.180.1.21/compute/v2.1/servers/4a25baf5-7210-4233-9f12-6147c3892868 0.198s
2025-12-11 16:38:18.459 66145 INFO tempest.lib.common.rest_client [req-ffb720e7-6e08-4c1a-b7a5-e9ec3626dc55 req-ffb720e7-6e08-4c1a-b7a5-e9ec3626dc55 ] Request (FloatingIPsAssociationTestJSON:test_associate_already_associated_floating_ip): 200 GET http://10.180.1.21/compute/v2.1/servers/4bba1578-9af4-4028-8d70-85be148a42d3 0.155s
2025-12-11 16:38:18.483 66147 INFO tempest.lib.common.rest_client [req-eee45e48-e6b6-48ac-a3dc-608f640d2769 req-eee45e48-e6b6-48ac-a3dc-608f640d2769 ] Request (ServersAdminNegativeTestJSON:tearDownClass): 200 GET http://10.180.1.21/compute/v2.1/servers/051ae6e8-8e20-4c4f-928c-e482d0c19905 0.124s
2025-12-11 16:38:18.530 66123 INFO tempest.lib.common.rest_client [req-56a2ab9d-08b8-47bf-b1d2-721f632b9b89 req-56a2ab9d-08b8-47bf-b1d2-721f632b9b89 ] Request (ImagesTestJSON:test_create_server_from_snapshot): 200 GET http://10.180.1.21/compute/v2.1/servers/e41becea-af53-4dd4-8b63-46705bd65fca 0.112s
2025-12-11 16:38:18.551 66119 INFO tempest.lib.common.rest_client [req-8ff36d29-32cc-4a3a-abac-65e781d7d3ec req-8ff36d29-32cc-4a3a-abac-65e781d7d3ec ] Request (SecurityGroupsTestJSON:test_server_security_groups): 200 GET http://10.180.1.21/compute/v2.1/servers/1c4f966e-a7fb-4e06-8712-42d51e5b9b33 0.097s
2025-12-11 16:38:18.592 66133 INFO tempest.lib.common.rest_client [req-9fd8a65e-cf63-4b21-8f5b-053a1e68058c req-9fd8a65e-cf63-4b21-8f5b-053a1e68058c ] Request (ServersV294TestFqdnHostnames:tearDownClass): 200 GET http://10.180.1.21/compute/v2.1/servers/a17be2d9-96ab-470f-ad55-7c9dbf8fbb1f 0.087s
2025-12-11 16:38:18.606 66151 INFO tempest.lib.common.rest_client [req-8af769ce-2018-419f-915b-2435f9a6059d req-8af769ce-2018-419f-915b-2435f9a6059d ] Request (ListImageFiltersTestJSON:tearDownClass): 200 GET http://10.180.1.21/compute/v2.1/servers/dee35eee-ef46-42d5-903a-e06675392b90 0.092s
2025-12-11 16:38:18.642 66171 INFO tempest.lib.common.rest_client [req-7cdee54f-6ae7-4c76-8a9c-72ff08b2bd61 req-7cdee54f-6ae7-4c76-8a9c-72ff08b2bd61 ] Request (ServersAdminTestJSON:tearDownClass): 200 GET http://10.180.1.21/compute/v2.1/servers/249f3d46-0bd9-4e03-bd5d-37b169eb6ac0 0.052s
2025-12-11 16:38:18.650 66171 INFO tempest.common.waiters [-] State transition "ACTIVE/deleting" ==> "DELETED/None" after 5 second wait
2025-12-11 16:38:18.711 66159 INFO tempest.lib.common.rest_client [req-c8af774a-f83f-4214-808c-040c31b21502 req-c8af774a-f83f-4214-808c-040c31b21502 ] Request (ServersTestFqdnHostnames:tearDownClass): 200 GET http://10.180.1.21/compute/v2.1/servers/7aefc67d-fe5b-4560-82b2-5af1a575b14d 0.056s
2025-12-11 16:38:18.779 66155 INFO tempest.lib.common.rest_client [req-47657219-698f-4206-aa42-65920990577f req-47657219-698f-4206-aa42-65920990577f ] Request (ServerDiskConfigTestJSON:test_resize_server_from_auto_to_manual): 200 GET http://10.180.1.21/compute/v2.1/servers/c0f08860-6c91-464e-959e-f740f46b7328 0.096s
2025-12-11 16:38:18.785 66121 INFO tempest.lib.common.rest_client [req-36816a63-f522-4d61-abbf-d85ebb7f8597 req-36816a63-f522-4d61-abbf-d85ebb7f8597 ] Request (ServerRescueTestJSON:setUpClass): 200 GET http://10.180.1.21/compute/v2.1/servers/6a4bd922-aab7-4806-8b52-dec238a48e6b 0.051s
2025-12-11 16:38:18.787 66155 INFO tempest.common.waiters [-] State transition "RESIZE/resize_migrating" ==> "RESIZE/resize_migrated" after 38 second wait
2025-12-11 16:38:18.792 66121 INFO tempest.common.waiters [-] State transition "BUILD/None" ==> "BUILD/networking" after 27 second wait
2025-12-11 16:38:18.833 66157 INFO tempest.lib.common.rest_client [req-2b7b3914-570a-4fee-9646-ed5eca5e9924 req-2b7b3914-570a-4fee-9646-ed5eca5e9924 ] Request (ServerRescueNegativeTestJSON:test_rescued_vm_detach_volume): 200 GET http://10.180.1.21/compute/v2.1/servers/d8375c36-1a87-4ea4-9c47-f97ebbeaaaba 0.051s
2025-12-11 16:38:18.834 66131 INFO tempest.lib.common.rest_client [req-29bdd459-fa91-4899-8259-cd29aa319575 req-29bdd459-fa91-4899-8259-cd29aa319575 ] Request (AttachInterfacesUnderV243Test:_run_cleanups): 200 GET http://10.180.1.21/compute/v2.1/servers/333caf57-29a6-472c-9af7-1c7397c39680 0.095s
2025-12-11 16:38:18.894 66127 WARNING tempest.lib.common.ssh [-] Failed to establish authenticated ssh connection to cirros@10.180.180.197 ([Errno None] Unable to connect to port 22 on 10.180.180.197). Number attempts: 1. Retry after 2 seconds.: paramiko.ssh_exception.NoValidConnectionsError: [Errno None] Unable to connect to port 22 on 10.180.180.197
2025-12-11 16:38:18.904 66165 INFO tempest.lib.common.rest_client [req-ce40d959-c573-4d78-a110-34879c20f139 req-ce40d959-c573-4d78-a110-34879c20f139 ] Request (ImagesNegativeTestJSON:test_create_image_from_deleted_server): 200 GET http://10.180.1.21/compute/v2.1/servers/85cfc7d8-c098-42b9-a20e-a329aa2251fa 0.052s
2025-12-11 16:38:18.966 66141 INFO tempest.lib.common.rest_client [req-ffc44768-c6dc-4e41-bd58-546779c56282 req-ffc44768-c6dc-4e41-bd58-546779c56282 ] Request (ServerShowV254Test:tearDownClass): 200 GET http://10.180.1.21/compute/v2.1/servers/d2354f80-6fb4-421e-8874-31bedeaf06f0 0.056s
2025-12-11 16:38:18.981 66139 INFO tempest.lib.common.rest_client [req-80a8c877-ae80-4924-8494-86ebde4b84b3 req-80a8c877-ae80-4924-8494-86ebde4b84b3 ] Request (ServersWithSpecificFlavorTestJSON:test_verify_created_server_ephemeral_disk): 200 GET http://10.180.1.21/compute/v2.1/servers/92e76620-b478-4969-83be-c19ba86e4211 0.055s
2025-12-11 16:38:19.159 66179 INFO tempest.lib.common.rest_client [req-077d253a-7d3a-401c-8f7f-3db4c7e4e7d4 req-077d253a-7d3a-401c-8f7f-3db4c7e4e7d4 ] Request (MigrationsAdminTest:test_resize_server_revert_deleted_flavor): 200 GET http://10.180.1.21/compute/v2.1/servers/54fdd69e-f4b2-47e4-9cc7-55d7f2a0fbb3 0.077s
2025-12-11 16:38:19.184 66167 INFO tempest.lib.common.rest_client [req-1a4315ff-8104-41d7-9420-cdc9be7464fb req-1a4315ff-8104-41d7-9420-cdc9be7464fb ] Request (InstanceActionsTestJSON:test_list_instance_actions): 200 GET http://10.180.1.21/compute/v2.1/servers/ad8ca1e4-4d9a-4d0d-91dc-88566ac8fe28 0.153s
2025-12-11 16:38:19.318 66137 INFO tempest.lib.common.rest_client [req-a80171e3-e441-41e1-958b-5c499f109a98 req-a80171e3-e441-41e1-958b-5c499f109a98 ] Request (ListServerFiltersTestJSON:tearDownClass): 200 GET http://10.180.1.21/compute/v2.1/servers/9b7589d3-a04a-4989-bc18-29304c3d359a 0.061s
2025-12-11 16:38:19.324 66176 INFO tempest.lib.common.rest_client [req-76276156-e5f5-459f-bbb6-ffcb6b05c563 req-76276156-e5f5-459f-bbb6-ffcb6b05c563 ] Request (AttachInterfacesV270Test:tearDownClass): 200 GET http://10.180.1.21/compute/v2.1/servers/9ea0cc2a-20e8-4226-9eef-8bd8a1d65ad9 0.133s
2025-12-11 16:38:19.391 66135 INFO tempest.lib.common.rest_client [req-bee854b9-9d6f-4279-83a7-c599d0806026 req-bee854b9-9d6f-4279-83a7-c599d0806026 ] Request (ServerGroupTestJSON:_run_cleanups): 200 GET http://10.180.1.21/compute/v2.1/servers/28f7916b-faf9-4b38-9df3-f39ad6db0d01 0.099s
2025-12-11 16:38:19.408 66163 INFO tempest.lib.common.rest_client [req-cdc9f972-4ae6-4226-ba1f-e49eb37ba938 req-cdc9f972-4ae6-4226-ba1f-e49eb37ba938 ] Request (DeleteServersTestJSON:test_delete_server_while_in_shutoff_state): 200 GET http://10.180.1.21/compute/v2.1/servers/d106a1c2-7c00-4b8e-8683-e910d42641f7 0.075s
2025-12-11 16:38:19.489 66181 INFO tempest.lib.common.rest_client [req-b00eea42-fed7-4f27-a5dc-33068bf3e4e1 req-b00eea42-fed7-4f27-a5dc-33068bf3e4e1 ] Request (AttachVolumeNegativeTest:test_attach_attached_volume_to_different_server): 200 GET http://10.180.1.21/compute/v2.1/servers/c2f5d60c-d487-426d-878e-5b1a9c6838d5 0.098s
2025-12-11 16:38:19.618 66125 INFO tempest.lib.common.rest_client [req-82aabec7-54ac-4a45-8e8b-96d4a1329ffa req-82aabec7-54ac-4a45-8e8b-96d4a1329ffa ] Request (ServerActionsTestOtherB:test_resize_server_confirm_from_stopped): 200 GET http://10.180.1.21/compute/v2.1/servers/4a25baf5-7210-4233-9f12-6147c3892868 0.208s
2025-12-11 16:38:19.630 66145 INFO tempest.lib.common.rest_client [req-264b82f8-5d8b-4a20-89b9-8f562557968c req-264b82f8-5d8b-4a20-89b9-8f562557968c ] Request (FloatingIPsAssociationTestJSON:test_associate_already_associated_floating_ip): 200 GET http://10.180.1.21/compute/v2.1/servers/4bba1578-9af4-4028-8d70-85be148a42d3 0.162s
2025-12-11 16:38:19.699 66123 INFO tempest.lib.common.rest_client [req-0736c554-566c-440e-ba44-4a6ae1da6c2b req-0736c554-566c-440e-ba44-4a6ae1da6c2b ] Request (ImagesTestJSON:test_create_server_from_snapshot): 200 GET http://10.180.1.21/compute/v2.1/servers/e41becea-af53-4dd4-8b63-46705bd65fca 0.161s
2025-12-11 16:38:19.716 66147 INFO tempest.lib.common.rest_client [req-f5938847-2676-4e28-a6c5-a64402ddeead req-f5938847-2676-4e28-a6c5-a64402ddeead ] Request (ServersAdminNegativeTestJSON:tearDownClass): 200 GET http://10.180.1.21/compute/v2.1/servers/051ae6e8-8e20-4c4f-928c-e482d0c19905 0.225s
2025-12-11 16:38:19.769 66119 INFO tempest.lib.common.rest_client [req-abfb52d6-cea2-4c4f-8c46-06bf029cb649 req-abfb52d6-cea2-4c4f-8c46-06bf029cb649 ] Request (SecurityGroupsTestJSON:test_server_security_groups): 200 GET http://10.180.1.21/compute/v2.1/servers/1c4f966e-a7fb-4e06-8712-42d51e5b9b33 0.211s
2025-12-11 16:38:19.815 66133 INFO tempest.lib.common.rest_client [req-17bc6873-3a98-4765-9e6f-1b404ac32537 req-17bc6873-3a98-4765-9e6f-1b404ac32537 ] Request (ServersV294TestFqdnHostnames:tearDownClass): 200 GET http://10.180.1.21/compute/v2.1/servers/a17be2d9-96ab-470f-ad55-7c9dbf8fbb1f 0.213s
2025-12-11 16:38:19.828 66151 INFO tempest.lib.common.rest_client [req-b57180d4-48a0-48c0-b860-dafcf616724e req-b57180d4-48a0-48c0-b860-dafcf616724e ] Request (ListImageFiltersTestJSON:tearDownClass): 200 GET http://10.180.1.21/compute/v2.1/servers/dee35eee-ef46-42d5-903a-e06675392b90 0.215s
2025-12-11 16:38:19.875 66171 INFO tempest.lib.common.rest_client [req-2ae796a4-7f1e-4bae-b8f0-b7541a86a410 req-2ae796a4-7f1e-4bae-b8f0-b7541a86a410 ] Request (ServersAdminTestJSON:tearDownClass): 200 GET http://10.180.1.21/compute/v2.1/servers/249f3d46-0bd9-4e03-bd5d-37b169eb6ac0 0.224s
2025-12-11 16:38:19.890 66159 INFO tempest.lib.common.rest_client [req-f6315ec0-7fd0-4bc8-94c7-c1ac7cb6bfca req-f6315ec0-7fd0-4bc8-94c7-c1ac7cb6bfca ] Request (ServersTestFqdnHostnames:tearDownClass): 200 GET http://10.180.1.21/compute/v2.1/servers/7aefc67d-fe5b-4560-82b2-5af1a575b14d 0.168s
2025-12-11 16:38:20.016 66155 INFO tempest.lib.common.rest_client [req-959a985e-273b-49e7-9f2a-66fc9b85d074 req-959a985e-273b-49e7-9f2a-66fc9b85d074 ] Request (ServerDiskConfigTestJSON:test_resize_server_from_auto_to_manual): 200 GET http://10.180.1.21/compute/v2.1/servers/c0f08860-6c91-464e-959e-f740f46b7328 0.228s
2025-12-11 16:38:20.073 66121 INFO tempest.lib.common.rest_client [req-7e31afd4-8c14-4fa6-8225-9d00c31b5975 req-7e31afd4-8c14-4fa6-8225-9d00c31b5975 ] Request (ServerRescueTestJSON:setUpClass): 200 GET http://10.180.1.21/compute/v2.1/servers/6a4bd922-aab7-4806-8b52-dec238a48e6b 0.277s
2025-12-11 16:38:20.082 66121 INFO tempest.common.waiters [-] State transition "BUILD/networking" ==> "BUILD/block_device_mapping" after 29 second wait
2025-12-11 16:38:20.085 66157 INFO tempest.lib.common.rest_client [req-b1343c1d-933e-4fb5-a8cd-18eac9c47adf req-b1343c1d-933e-4fb5-a8cd-18eac9c47adf ] Request (ServerRescueNegativeTestJSON:test_rescued_vm_detach_volume): 200 GET http://10.180.1.21/compute/v2.1/servers/d8375c36-1a87-4ea4-9c47-f97ebbeaaaba 0.244s
2025-12-11 16:38:20.345 66131 INFO tempest.lib.common.rest_client [req-83a6d2df-9502-4310-a02a-bef148561230 req-83a6d2df-9502-4310-a02a-bef148561230 ] Request (AttachInterfacesUnderV243Test:_run_cleanups): 200 GET http://10.180.1.21/compute/v2.1/servers/333caf57-29a6-472c-9af7-1c7397c39680 0.503s
2025-12-11 16:38:20.356 66165 INFO tempest.lib.common.rest_client [req-c48cb73f-031c-4884-9920-c818d8fa2c72 req-c48cb73f-031c-4884-9920-c818d8fa2c72 ] Request (ImagesNegativeTestJSON:test_create_image_from_deleted_server): 200 GET http://10.180.1.21/compute/v2.1/servers/85cfc7d8-c098-42b9-a20e-a329aa2251fa 0.443s
2025-12-11 16:38:20.420 66139 INFO tempest.lib.common.rest_client [req-3832471a-9740-485a-9ac1-22328adf0315 req-3832471a-9740-485a-9ac1-22328adf0315 ] Request (ServersWithSpecificFlavorTestJSON:test_verify_created_server_ephemeral_disk): 200 GET http://10.180.1.21/compute/v2.1/servers/92e76620-b478-4969-83be-c19ba86e4211 0.430s
2025-12-11 16:38:20.433 66141 INFO tempest.lib.common.rest_client [req-f7a2452d-c538-409f-87e8-e32e798e84ce req-f7a2452d-c538-409f-87e8-e32e798e84ce ] Request (ServerShowV254Test:tearDownClass): 200 GET http://10.180.1.21/compute/v2.1/servers/d2354f80-6fb4-421e-8874-31bedeaf06f0 0.457s
2025-12-11 16:38:20.442 66141 INFO tempest.common.waiters [-] State transition "ACTIVE/deleting" ==> "DELETED/None" after 4 second wait
2025-12-11 16:38:20.490 66179 INFO tempest.lib.common.rest_client [req-00391531-d857-4498-8e13-4015fe68b136 req-00391531-d857-4498-8e13-4015fe68b136 ] Request (MigrationsAdminTest:test_resize_server_revert_deleted_flavor): 200 GET http://10.180.1.21/compute/v2.1/servers/54fdd69e-f4b2-47e4-9cc7-55d7f2a0fbb3 0.323s
2025-12-11 16:38:20.600 66167 INFO tempest.lib.common.rest_client [req-f67c1e82-3d45-49b4-8e1d-8898c3da3381 req-f67c1e82-3d45-49b4-8e1d-8898c3da3381 ] Request (InstanceActionsTestJSON:test_list_instance_actions): 200 GET http://10.180.1.21/compute/v2.1/servers/ad8ca1e4-4d9a-4d0d-91dc-88566ac8fe28 0.406s
2025-12-11 16:38:20.645 66137 INFO tempest.lib.common.rest_client [req-69357901-dfdb-44e0-bd79-11774b758dcc req-69357901-dfdb-44e0-bd79-11774b758dcc ] Request (ListServerFiltersTestJSON:tearDownClass): 200 GET http://10.180.1.21/compute/v2.1/servers/9b7589d3-a04a-4989-bc18-29304c3d359a 0.319s
2025-12-11 16:38:20.691 66176 INFO tempest.lib.common.rest_client [req-3ffc4270-3ba8-4748-8257-6acf42f6f72d req-3ffc4270-3ba8-4748-8257-6acf42f6f72d ] Request (AttachInterfacesV270Test:tearDownClass): 200 GET http://10.180.1.21/compute/v2.1/servers/9ea0cc2a-20e8-4226-9eef-8bd8a1d65ad9 0.359s
2025-12-11 16:38:20.707 66135 INFO tempest.lib.common.rest_client [req-bffabb2e-ac6d-424b-b01d-5c6ab325f9a0 req-bffabb2e-ac6d-424b-b01d-5c6ab325f9a0 ] Request (ServerGroupTestJSON:_run_cleanups): 200 GET http://10.180.1.21/compute/v2.1/servers/28f7916b-faf9-4b38-9df3-f39ad6db0d01 0.309s
2025-12-11 16:38:20.740 66163 INFO tempest.lib.common.rest_client [req-316c9caa-dbdb-4011-bc4c-5582ce039c63 req-316c9caa-dbdb-4011-bc4c-5582ce039c63 ] Request (DeleteServersTestJSON:test_delete_server_while_in_shutoff_state): 200 GET http://10.180.1.21/compute/v2.1/servers/d106a1c2-7c00-4b8e-8683-e910d42641f7 0.320s
2025-12-11 16:38:20.747 66163 INFO tempest.common.waiters [-] State transition "BUILD/scheduling" ==> "BUILD/None" after 2 second wait
2025-12-11 16:38:20.755 66181 INFO tempest.lib.common.rest_client [req-41c4ff71-6769-4cb8-80e4-f2d476bb4e1c req-41c4ff71-6769-4cb8-80e4-f2d476bb4e1c ] Request (AttachVolumeNegativeTest:test_attach_attached_volume_to_different_server): 200 GET http://10.180.1.21/compute/v2.1/servers/c2f5d60c-d487-426d-878e-5b1a9c6838d5 0.258s
2025-12-11 16:38:20.829 66145 INFO tempest.lib.common.rest_client [req-f3027bc6-5626-4e8e-a4b7-19c2bb00cf85 req-f3027bc6-5626-4e8e-a4b7-19c2bb00cf85 ] Request (FloatingIPsAssociationTestJSON:test_associate_already_associated_floating_ip): 200 GET http://10.180.1.21/compute/v2.1/servers/4bba1578-9af4-4028-8d70-85be148a42d3 0.190s
2025-12-11 16:38:20.855 66125 INFO tempest.lib.common.rest_client [req-91d9a86b-3c3d-49c3-928a-7b4738ba2735 req-91d9a86b-3c3d-49c3-928a-7b4738ba2735 ] Request (ServerActionsTestOtherB:test_resize_server_confirm_from_stopped): 200 GET http://10.180.1.21/compute/v2.1/servers/4a25baf5-7210-4233-9f12-6147c3892868 0.227s
2025-12-11 16:38:20.879 66123 INFO tempest.lib.common.rest_client [req-cc5f5a4e-39cf-4f7c-a054-6f417928bca5 req-cc5f5a4e-39cf-4f7c-a054-6f417928bca5 ] Request (ImagesTestJSON:test_create_server_from_snapshot): 200 GET http://10.180.1.21/compute/v2.1/servers/e41becea-af53-4dd4-8b63-46705bd65fca 0.171s
2025-12-11 16:38:20.911 66147 INFO tempest.lib.common.rest_client [req-a3f99159-f0a6-44f5-953f-0cb986a3072b req-a3f99159-f0a6-44f5-953f-0cb986a3072b ] Request (ServersAdminNegativeTestJSON:tearDownClass): 200 GET http://10.180.1.21/compute/v2.1/servers/051ae6e8-8e20-4c4f-928c-e482d0c19905 0.186s
2025-12-11 16:38:20.936 66119 INFO tempest.lib.common.rest_client [req-5799f590-9cc6-4877-904c-416f83a08b55 req-5799f590-9cc6-4877-904c-416f83a08b55 ] Request (SecurityGroupsTestJSON:test_server_security_groups): 200 GET http://10.180.1.21/compute/v2.1/servers/1c4f966e-a7fb-4e06-8712-42d51e5b9b33 0.159s
2025-12-11 16:38:20.987 66151 INFO tempest.lib.common.rest_client [req-01eda36c-02b1-4137-9ad9-6e95047a2db7 req-01eda36c-02b1-4137-9ad9-6e95047a2db7 ] Request (ListImageFiltersTestJSON:tearDownClass): 200 GET http://10.180.1.21/compute/v2.1/servers/dee35eee-ef46-42d5-903a-e06675392b90 0.151s
2025-12-11 16:38:20.989 66133 INFO tempest.lib.common.rest_client [req-9c7bf885-2bc2-42ad-b46c-cd868482bf68 req-9c7bf885-2bc2-42ad-b46c-cd868482bf68 ] Request (ServersV294TestFqdnHostnames:tearDownClass): 200 GET http://10.180.1.21/compute/v2.1/servers/a17be2d9-96ab-470f-ad55-7c9dbf8fbb1f 0.161s
2025-12-11 16:38:21.039 66171 INFO tempest.lib.common.rest_client [req-05916794-4d08-4abe-95d9-60c0671860ee req-05916794-4d08-4abe-95d9-60c0671860ee ] Request (ServersAdminTestJSON:tearDownClass): 200 GET http://10.180.1.21/compute/v2.1/servers/249f3d46-0bd9-4e03-bd5d-37b169eb6ac0 0.155s
2025-12-11 16:38:21.041 66159 INFO tempest.lib.common.rest_client [req-79c04355-c481-4651-839b-97d0bfc7c671 req-79c04355-c481-4651-839b-97d0bfc7c671 ] Request (ServersTestFqdnHostnames:tearDownClass): 200 GET http://10.180.1.21/compute/v2.1/servers/7aefc67d-fe5b-4560-82b2-5af1a575b14d 0.140s
2025-12-11 16:38:21.133 66155 INFO tempest.lib.common.rest_client [req-3f46c171-9e73-4d9d-8adb-d6be399559f0 req-3f46c171-9e73-4d9d-8adb-d6be399559f0 ] Request (ServerDiskConfigTestJSON:test_resize_server_from_auto_to_manual): 200 GET http://10.180.1.21/compute/v2.1/servers/c0f08860-6c91-464e-959e-f740f46b7328 0.108s
2025-12-11 16:38:21.176 66121 INFO tempest.lib.common.rest_client [req-ad55a95d-1e20-474a-80c4-765be4dcf791 req-ad55a95d-1e20-474a-80c4-765be4dcf791 ] Request (ServerRescueTestJSON:setUpClass): 200 GET http://10.180.1.21/compute/v2.1/servers/6a4bd922-aab7-4806-8b52-dec238a48e6b 0.093s
2025-12-11 16:38:21.180 66157 INFO tempest.lib.common.rest_client [req-66cea5d7-03f5-4757-8602-4a66cbaa8b1f req-66cea5d7-03f5-4757-8602-4a66cbaa8b1f ] Request (ServerRescueNegativeTestJSON:test_rescued_vm_detach_volume): 200 GET http://10.180.1.21/compute/v2.1/servers/d8375c36-1a87-4ea4-9c47-f97ebbeaaaba 0.085s
2025-12-11 16:38:21.183 66121 INFO tempest.common.waiters [-] State transition "BUILD/block_device_mapping" ==> "BUILD/spawning" after 30 second wait
2025-12-11 16:38:21.427 66131 INFO tempest.lib.common.rest_client [req-e36060c0-5da9-4ba9-824e-9ebfe467f481 req-e36060c0-5da9-4ba9-824e-9ebfe467f481 ] Request (AttachInterfacesUnderV243Test:_run_cleanups): 200 GET http://10.180.1.21/compute/v2.1/servers/333caf57-29a6-472c-9af7-1c7397c39680 0.074s
2025-12-11 16:38:21.427 66165 INFO tempest.lib.common.rest_client [req-46d086cf-decf-4252-9f0a-dc484071cdcf req-46d086cf-decf-4252-9f0a-dc484071cdcf ] Request (ImagesNegativeTestJSON:test_create_image_from_deleted_server): 200 GET http://10.180.1.21/compute/v2.1/servers/85cfc7d8-c098-42b9-a20e-a329aa2251fa 0.062s
2025-12-11 16:38:21.480 66139 INFO tempest.lib.common.rest_client [req-0f61b952-494f-422d-ba58-54035c3f03f6 req-0f61b952-494f-422d-ba58-54035c3f03f6 ] Request (ServersWithSpecificFlavorTestJSON:test_verify_created_server_ephemeral_disk): 200 GET http://10.180.1.21/compute/v2.1/servers/92e76620-b478-4969-83be-c19ba86e4211 0.050s
2025-12-11 16:38:21.506 66141 INFO tempest.lib.common.rest_client [req-c67d0e50-b2c4-477a-a458-0a747c2eb39c req-c67d0e50-b2c4-477a-a458-0a747c2eb39c ] Request (ServerShowV254Test:tearDownClass): 200 GET http://10.180.1.21/compute/v2.1/servers/d2354f80-6fb4-421e-8874-31bedeaf06f0 0.062s
2025-12-11 16:38:21.545 66179 INFO tempest.lib.common.rest_client [req-c4b47cfe-93ad-461e-8506-42ec1f833196 req-c4b47cfe-93ad-461e-8506-42ec1f833196 ] Request (MigrationsAdminTest:test_resize_server_revert_deleted_flavor): 200 GET http://10.180.1.21/compute/v2.1/servers/54fdd69e-f4b2-47e4-9cc7-55d7f2a0fbb3 0.047s
2025-12-11 16:38:21.711 66167 INFO tempest.lib.common.rest_client [req-c4308ebf-4e57-4f1a-8195-52da4049f80c req-c4308ebf-4e57-4f1a-8195-52da4049f80c ] Request (InstanceActionsTestJSON:test_list_instance_actions): 200 GET http://10.180.1.21/compute/v2.1/servers/ad8ca1e4-4d9a-4d0d-91dc-88566ac8fe28 0.103s
2025-12-11 16:38:21.718 66167 INFO tempest.common.waiters [-] State transition "HARD_REBOOT/rebooting_hard" ==> "HARD_REBOOT/reboot_started_hard" after 3 second wait
2025-12-11 16:38:21.725 66137 INFO tempest.lib.common.rest_client [req-049c84aa-4911-4e33-92bd-8898e44821e6 req-049c84aa-4911-4e33-92bd-8898e44821e6 ] Request (ListServerFiltersTestJSON:tearDownClass): 200 GET http://10.180.1.21/compute/v2.1/servers/9b7589d3-a04a-4989-bc18-29304c3d359a 0.071s
2025-12-11 16:38:21.771 66161 WARNING tempest.lib.common.ssh [-] Failed to establish authenticated ssh connection to cirros@10.180.180.144 ([Errno None] Unable to connect to port 22 on 10.180.180.144). Number attempts: 5. Retry after 6 seconds.: paramiko.ssh_exception.NoValidConnectionsError: [Errno None] Unable to connect to port 22 on 10.180.180.144
2025-12-11 16:38:21.785 66176 INFO tempest.lib.common.rest_client [req-cfcbb52f-8051-43b1-84b5-5449c537a497 req-cfcbb52f-8051-43b1-84b5-5449c537a497 ] Request (AttachInterfacesV270Test:tearDownClass): 200 GET http://10.180.1.21/compute/v2.1/servers/9ea0cc2a-20e8-4226-9eef-8bd8a1d65ad9 0.084s
2025-12-11 16:38:21.795 66176 INFO tempest.common.waiters [-] State transition "ACTIVE/deleting" ==> "DELETED/None" after 3 second wait
2025-12-11 16:38:21.796 66135 INFO tempest.lib.common.rest_client [req-41fe736a-99ee-461e-a4f3-e2ccc6b7b1ab req-41fe736a-99ee-461e-a4f3-e2ccc6b7b1ab ] Request (ServerGroupTestJSON:_run_cleanups): 200 GET http://10.180.1.21/compute/v2.1/servers/28f7916b-faf9-4b38-9df3-f39ad6db0d01 0.081s
2025-12-11 16:38:21.835 66163 INFO tempest.lib.common.rest_client [req-529cfdcd-e001-4116-be0c-5745c7b6ea66 req-529cfdcd-e001-4116-be0c-5745c7b6ea66 ] Request (DeleteServersTestJSON:test_delete_server_while_in_shutoff_state): 200 GET http://10.180.1.21/compute/v2.1/servers/d106a1c2-7c00-4b8e-8683-e910d42641f7 0.086s
2025-12-11 16:38:21.859 66181 INFO tempest.lib.common.rest_client [req-d0687561-1aee-4a8e-9956-383dcc585933 req-d0687561-1aee-4a8e-9956-383dcc585933 ] Request (AttachVolumeNegativeTest:test_attach_attached_volume_to_different_server): 200 GET http://10.180.1.21/compute/v2.1/servers/c2f5d60c-d487-426d-878e-5b1a9c6838d5 0.095s
2025-12-11 16:38:21.910 66145 INFO tempest.lib.common.rest_client [req-b933d2ea-1187-45b6-b15f-7be26f33e087 req-b933d2ea-1187-45b6-b15f-7be26f33e087 ] Request (FloatingIPsAssociationTestJSON:test_associate_already_associated_floating_ip): 200 GET http://10.180.1.21/compute/v2.1/servers/4bba1578-9af4-4028-8d70-85be148a42d3 0.073s
2025-12-11 16:38:21.918 66145 INFO tempest.common.waiters [-] State transition "BUILD/None" ==> "BUILD/networking" after 29 second wait
2025-12-11 16:38:21.963 66127 WARNING tempest.lib.common.ssh [-] Failed to establish authenticated ssh connection to cirros@10.180.180.197 ([Errno None] Unable to connect to port 22 on 10.180.180.197). Number attempts: 2. Retry after 3 seconds.: paramiko.ssh_exception.NoValidConnectionsError: [Errno None] Unable to connect to port 22 on 10.180.180.197
2025-12-11 16:38:21.995 66123 INFO tempest.lib.common.rest_client [req-758d1cba-5a72-47fe-8b9c-d5df6c4bd86f req-758d1cba-5a72-47fe-8b9c-d5df6c4bd86f ] Request (ImagesTestJSON:test_create_server_from_snapshot): 200 GET http://10.180.1.21/compute/v2.1/servers/e41becea-af53-4dd4-8b63-46705bd65fca 0.107s
2025-12-11 16:38:22.021 66125 INFO tempest.lib.common.rest_client [req-31f8c123-b851-4da9-b0e3-60289f54070f req-31f8c123-b851-4da9-b0e3-60289f54070f ] Request (ServerActionsTestOtherB:test_resize_server_confirm_from_stopped): 200 GET http://10.180.1.21/compute/v2.1/servers/4a25baf5-7210-4233-9f12-6147c3892868 0.158s
2025-12-11 16:38:22.060 66147 INFO tempest.lib.common.rest_client [req-a4e2641d-4037-4063-b60b-552edeecacaf req-a4e2641d-4037-4063-b60b-552edeecacaf ] Request (ServersAdminNegativeTestJSON:tearDownClass): 200 GET http://10.180.1.21/compute/v2.1/servers/051ae6e8-8e20-4c4f-928c-e482d0c19905 0.138s
2025-12-11 16:38:22.095 66119 INFO tempest.lib.common.rest_client [req-5532d499-7aa6-4570-b85b-d9cfa73f4687 req-5532d499-7aa6-4570-b85b-d9cfa73f4687 ] Request (SecurityGroupsTestJSON:test_server_security_groups): 200 GET http://10.180.1.21/compute/v2.1/servers/1c4f966e-a7fb-4e06-8712-42d51e5b9b33 0.151s
2025-12-11 16:38:22.143 66151 INFO tempest.lib.common.rest_client [req-088e9513-b7d3-40a0-b867-5ccd885ac712 req-088e9513-b7d3-40a0-b867-5ccd885ac712 ] Request (ListImageFiltersTestJSON:tearDownClass): 200 GET http://10.180.1.21/compute/v2.1/servers/dee35eee-ef46-42d5-903a-e06675392b90 0.147s
2025-12-11 16:38:22.207 66133 INFO tempest.lib.common.rest_client [req-0d459264-5b19-4012-b1d3-50f1b9fc2b64 req-0d459264-5b19-4012-b1d3-50f1b9fc2b64 ] Request (ServersV294TestFqdnHostnames:tearDownClass): 200 GET http://10.180.1.21/compute/v2.1/servers/a17be2d9-96ab-470f-ad55-7c9dbf8fbb1f 0.207s
2025-12-11 16:38:22.220 66171 INFO tempest.lib.common.rest_client [req-fe084840-0cb8-42c9-9820-e70bd0fe40f0 req-fe084840-0cb8-42c9-9820-e70bd0fe40f0 ] Request (ServersAdminTestJSON:tearDownClass): 200 GET http://10.180.1.21/compute/v2.1/servers/249f3d46-0bd9-4e03-bd5d-37b169eb6ac0 0.172s
2025-12-11 16:38:22.267 66159 INFO tempest.lib.common.rest_client [req-283b6a68-0d27-40a6-83fc-c668ac169088 req-283b6a68-0d27-40a6-83fc-c668ac169088 ] Request (ServersTestFqdnHostnames:tearDownClass): 200 GET http://10.180.1.21/compute/v2.1/servers/7aefc67d-fe5b-4560-82b2-5af1a575b14d 0.219s
2025-12-11 16:38:22.327 66155 INFO tempest.lib.common.rest_client [req-ee9335bc-1d35-4c3f-a5f2-ec9ab8169506 req-ee9335bc-1d35-4c3f-a5f2-ec9ab8169506 ] Request (ServerDiskConfigTestJSON:test_resize_server_from_auto_to_manual): 200 GET http://10.180.1.21/compute/v2.1/servers/c0f08860-6c91-464e-959e-f740f46b7328 0.185s
2025-12-11 16:38:22.334 66155 INFO tempest.common.waiters [-] State transition "RESIZE/resize_migrated" ==> "RESIZE/resize_finish" after 42 second wait
2025-12-11 16:38:22.394 66121 INFO tempest.lib.common.rest_client [req-9255ecd5-e92b-40ad-b939-0a3996a2833b req-9255ecd5-e92b-40ad-b939-0a3996a2833b ] Request (ServerRescueTestJSON:setUpClass): 200 GET http://10.180.1.21/compute/v2.1/servers/6a4bd922-aab7-4806-8b52-dec238a48e6b 0.209s
2025-12-11 16:38:22.398 66157 INFO tempest.lib.common.rest_client [req-7c1e8495-3259-4093-9e51-ea2d3fe4262a req-7c1e8495-3259-4093-9e51-ea2d3fe4262a ] Request (ServerRescueNegativeTestJSON:test_rescued_vm_detach_volume): 200 GET http://10.180.1.21/compute/v2.1/servers/d8375c36-1a87-4ea4-9c47-f97ebbeaaaba 0.209s
2025-12-11 16:38:22.489 66165 INFO tempest.lib.common.rest_client [req-6b87d2fc-a1de-4ebc-a9e1-e8d800bac430 req-6b87d2fc-a1de-4ebc-a9e1-e8d800bac430 ] Request (ImagesNegativeTestJSON:test_create_image_from_deleted_server): 200 GET http://10.180.1.21/compute/v2.1/servers/85cfc7d8-c098-42b9-a20e-a329aa2251fa 0.054s
2025-12-11 16:38:22.501 66131 INFO tempest.lib.common.rest_client [req-4ee552b6-4465-4377-b41a-732ce7736a5f req-4ee552b6-4465-4377-b41a-732ce7736a5f ] Request (AttachInterfacesUnderV243Test:_run_cleanups): 200 GET http://10.180.1.21/compute/v2.1/servers/333caf57-29a6-472c-9af7-1c7397c39680 0.066s
2025-12-11 16:38:22.550 66139 INFO tempest.lib.common.rest_client [req-17c13cf8-3baa-4d9c-bd30-18ca592da33d req-17c13cf8-3baa-4d9c-bd30-18ca592da33d ] Request (ServersWithSpecificFlavorTestJSON:test_verify_created_server_ephemeral_disk): 200 GET http://10.180.1.21/compute/v2.1/servers/92e76620-b478-4969-83be-c19ba86e4211 0.062s
2025-12-11 16:38:22.577 66141 INFO tempest.lib.common.rest_client [req-4ca7c5d3-cfcd-4bd3-b53f-4324fc678483 req-4ca7c5d3-cfcd-4bd3-b53f-4324fc678483 ] Request (ServerShowV254Test:tearDownClass): 200 GET http://10.180.1.21/compute/v2.1/servers/d2354f80-6fb4-421e-8874-31bedeaf06f0 0.062s
2025-12-11 16:38:22.605 66179 INFO tempest.lib.common.rest_client [req-451a26c5-09aa-4ec5-9c6d-e2bb4a856eb7 req-451a26c5-09aa-4ec5-9c6d-e2bb4a856eb7 ] Request (MigrationsAdminTest:test_resize_server_revert_deleted_flavor): 200 GET http://10.180.1.21/compute/v2.1/servers/54fdd69e-f4b2-47e4-9cc7-55d7f2a0fbb3 0.052s
2025-12-11 16:38:22.759 66173 WARNING tempest.lib.common.ssh [-] Failed to establish authenticated ssh connection to cirros@10.180.180.133 ([Errno None] Unable to connect to port 22 on 10.180.180.133). Number attempts: 5. Retry after 6 seconds.: paramiko.ssh_exception.NoValidConnectionsError: [Errno None] Unable to connect to port 22 on 10.180.180.133
2025-12-11 16:38:22.810 66137 INFO tempest.lib.common.rest_client [req-5ce830d8-9a97-4303-af1e-0b1ce07ca608 req-5ce830d8-9a97-4303-af1e-0b1ce07ca608 ] Request (ListServerFiltersTestJSON:tearDownClass): 200 GET http://10.180.1.21/compute/v2.1/servers/9b7589d3-a04a-4989-bc18-29304c3d359a 0.073s
2025-12-11 16:38:22.836 66167 INFO tempest.lib.common.rest_client [req-678993d0-b940-4120-b0d2-f938244592d6 req-678993d0-b940-4120-b0d2-f938244592d6 ] Request (InstanceActionsTestJSON:test_list_instance_actions): 200 GET http://10.180.1.21/compute/v2.1/servers/ad8ca1e4-4d9a-4d0d-91dc-88566ac8fe28 0.114s
2025-12-11 16:38:22.845 66167 INFO tempest.common.waiters [-] State transition "HARD_REBOOT/reboot_started_hard" ==> "ACTIVE/None" after 4 second wait
2025-12-11 16:38:22.876 66176 INFO tempest.lib.common.rest_client [req-6e2dbafb-effd-4971-8616-1d7c0fea72bc req-6e2dbafb-effd-4971-8616-1d7c0fea72bc ] Request (AttachInterfacesV270Test:tearDownClass): 200 GET http://10.180.1.21/compute/v2.1/servers/9ea0cc2a-20e8-4226-9eef-8bd8a1d65ad9 0.080s
2025-12-11 16:38:22.898 66135 INFO tempest.lib.common.rest_client [req-72af0f67-dbc5-4a5b-bf12-146903bce5b9 req-72af0f67-dbc5-4a5b-bf12-146903bce5b9 ] Request (ServerGroupTestJSON:_run_cleanups): 200 GET http://10.180.1.21/compute/v2.1/servers/28f7916b-faf9-4b38-9df3-f39ad6db0d01 0.092s
2025-12-11 16:38:22.926 66163 INFO tempest.lib.common.rest_client [req-3255a5d9-02d6-463b-a708-596b8be4b12f req-3255a5d9-02d6-463b-a708-596b8be4b12f ] Request (DeleteServersTestJSON:test_delete_server_while_in_shutoff_state): 200 GET http://10.180.1.21/compute/v2.1/servers/d106a1c2-7c00-4b8e-8683-e910d42641f7 0.083s
2025-12-11 16:38:22.931 66167 INFO tempest.lib.common.rest_client [req-e8d5ae4e-b609-4a7f-b5de-bd5c22cb431a req-e8d5ae4e-b609-4a7f-b5de-bd5c22cb431a ] Request (InstanceActionsTestJSON:test_list_instance_actions): 200 GET http://10.180.1.21/compute/v2.1/servers/ad8ca1e4-4d9a-4d0d-91dc-88566ac8fe28/os-instance-actions 0.085s
2025-12-11 16:38:23.071 66181 INFO tempest.lib.common.rest_client [req-d1e66444-b827-4fc8-b060-eadb2afe46c9 req-d1e66444-b827-4fc8-b060-eadb2afe46c9 ] Request (AttachVolumeNegativeTest:test_attach_attached_volume_to_different_server): 200 GET http://10.180.1.21/compute/v2.1/servers/c2f5d60c-d487-426d-878e-5b1a9c6838d5 0.204s
2025-12-11 16:38:23.093 66145 INFO tempest.lib.common.rest_client [req-c95c08ad-cafa-45dc-83bc-9f30148c37ee req-c95c08ad-cafa-45dc-83bc-9f30148c37ee ] Request (FloatingIPsAssociationTestJSON:test_associate_already_associated_floating_ip): 200 GET http://10.180.1.21/compute/v2.1/servers/4bba1578-9af4-4028-8d70-85be148a42d3 0.173s
2025-12-11 16:38:23.101 66145 INFO tempest.common.waiters [-] State transition "BUILD/networking" ==> "BUILD/spawning" after 31 second wait
2025-12-11 16:38:23.141 66123 INFO tempest.lib.common.rest_client [req-424db2f8-87b7-46e0-9216-d99e7697c2c8 req-424db2f8-87b7-46e0-9216-d99e7697c2c8 ] Request (ImagesTestJSON:test_create_server_from_snapshot): 200 GET http://10.180.1.21/compute/v2.1/servers/e41becea-af53-4dd4-8b63-46705bd65fca 0.138s
2025-12-11 16:38:23.161 66167 INFO tempest.lib.common.rest_client [req-b80417d5-992a-4ba6-875e-9311ddbec887 req-b80417d5-992a-4ba6-875e-9311ddbec887 ] Request (InstanceActionsTestJSON:tearDownClass): 204 DELETE http://10.180.1.21/compute/v2.1/servers/ad8ca1e4-4d9a-4d0d-91dc-88566ac8fe28 0.223s
2025-12-11 16:38:23.224 66147 INFO tempest.lib.common.rest_client [req-d00e04a7-d051-4145-8f16-5356db0a9e80 req-d00e04a7-d051-4145-8f16-5356db0a9e80 ] Request (ServersAdminNegativeTestJSON:tearDownClass): 200 GET http://10.180.1.21/compute/v2.1/servers/051ae6e8-8e20-4c4f-928c-e482d0c19905 0.155s
2025-12-11 16:38:23.248 66125 INFO tempest.lib.common.rest_client [req-d0ce006a-e82d-449e-a73a-98c2c83a502a req-d0ce006a-e82d-449e-a73a-98c2c83a502a ] Request (ServerActionsTestOtherB:test_resize_server_confirm_from_stopped): 200 GET http://10.180.1.21/compute/v2.1/servers/4a25baf5-7210-4233-9f12-6147c3892868 0.217s
2025-12-11 16:38:23.277 66119 INFO tempest.lib.common.rest_client [req-2869a56a-ff0a-4f29-a738-af7d527ba24d req-2869a56a-ff0a-4f29-a738-af7d527ba24d ] Request (SecurityGroupsTestJSON:test_server_security_groups): 200 GET http://10.180.1.21/compute/v2.1/servers/1c4f966e-a7fb-4e06-8712-42d51e5b9b33 0.171s
2025-12-11 16:38:23.309 66151 INFO tempest.lib.common.rest_client [req-0b2b6e3c-487e-4a94-b538-fea306aba287 req-0b2b6e3c-487e-4a94-b538-fea306aba287 ] Request (ListImageFiltersTestJSON:tearDownClass): 200 GET http://10.180.1.21/compute/v2.1/servers/dee35eee-ef46-42d5-903a-e06675392b90 0.157s
2025-12-11 16:38:23.434 66133 INFO tempest.lib.common.rest_client [req-f1959055-413b-4fcd-9a64-25fee3618b49 req-f1959055-413b-4fcd-9a64-25fee3618b49 ] Request (ServersV294TestFqdnHostnames:tearDownClass): 200 GET http://10.180.1.21/compute/v2.1/servers/a17be2d9-96ab-470f-ad55-7c9dbf8fbb1f 0.215s
2025-12-11 16:38:23.450 66167 INFO tempest.lib.common.rest_client [req-5795c032-10c9-427f-a9ad-6d190c865b8e req-5795c032-10c9-427f-a9ad-6d190c865b8e ] Request (InstanceActionsTestJSON:tearDownClass): 200 GET http://10.180.1.21/compute/v2.1/servers/ad8ca1e4-4d9a-4d0d-91dc-88566ac8fe28 0.289s
2025-12-11 16:38:23.514 66171 INFO tempest.lib.common.rest_client [req-262bd91b-4796-4f63-9629-b5b3d1979384 req-262bd91b-4796-4f63-9629-b5b3d1979384 ] Request (ServersAdminTestJSON:tearDownClass): 200 GET http://10.180.1.21/compute/v2.1/servers/249f3d46-0bd9-4e03-bd5d-37b169eb6ac0 0.287s
2025-12-11 16:38:23.531 66159 INFO tempest.lib.common.rest_client [req-5309f718-4922-4e59-91eb-3cd300aa6206 req-5309f718-4922-4e59-91eb-3cd300aa6206 ] Request (ServersTestFqdnHostnames:tearDownClass): 200 GET http://10.180.1.21/compute/v2.1/servers/7aefc67d-fe5b-4560-82b2-5af1a575b14d 0.255s
2025-12-11 16:38:23.662 66155 INFO tempest.lib.common.rest_client [req-4ad7e331-c081-40b9-b89b-188e2bb105f4 req-4ad7e331-c081-40b9-b89b-188e2bb105f4 ] Request (ServerDiskConfigTestJSON:test_resize_server_from_auto_to_manual): 200 GET http://10.180.1.21/compute/v2.1/servers/c0f08860-6c91-464e-959e-f740f46b7328 0.325s
2025-12-11 16:38:23.681 66121 INFO tempest.lib.common.rest_client [req-1a5be60f-b737-467a-b3e5-38ce12969b86 req-1a5be60f-b737-467a-b3e5-38ce12969b86 ] Request (ServerRescueTestJSON:setUpClass): 200 GET http://10.180.1.21/compute/v2.1/servers/6a4bd922-aab7-4806-8b52-dec238a48e6b 0.279s
2025-12-11 16:38:23.713 66157 INFO tempest.lib.common.rest_client [req-996e8a17-9ef5-43bb-9276-c4054ce9b1e0 req-996e8a17-9ef5-43bb-9276-c4054ce9b1e0 ] Request (ServerRescueNegativeTestJSON:test_rescued_vm_detach_volume): 200 GET http://10.180.1.21/compute/v2.1/servers/d8375c36-1a87-4ea4-9c47-f97ebbeaaaba 0.306s
2025-12-11 16:38:23.733 66165 INFO tempest.lib.common.rest_client [req-e5d55d99-382c-4208-876c-cf5673b3625c req-e5d55d99-382c-4208-876c-cf5673b3625c ] Request (ImagesNegativeTestJSON:test_create_image_from_deleted_server): 200 GET http://10.180.1.21/compute/v2.1/servers/85cfc7d8-c098-42b9-a20e-a329aa2251fa 0.236s
2025-12-11 16:38:23.773 66131 INFO tempest.lib.common.rest_client [req-4446c798-58dd-48d5-814a-955e2e38249f req-4446c798-58dd-48d5-814a-955e2e38249f ] Request (AttachInterfacesUnderV243Test:_run_cleanups): 200 GET http://10.180.1.21/compute/v2.1/servers/333caf57-29a6-472c-9af7-1c7397c39680 0.264s
2025-12-11 16:38:23.789 66139 INFO tempest.lib.common.rest_client [req-c9b3900a-2363-4afa-8f13-913ceeb2e22b req-c9b3900a-2363-4afa-8f13-913ceeb2e22b ] Request (ServersWithSpecificFlavorTestJSON:test_verify_created_server_ephemeral_disk): 200 GET http://10.180.1.21/compute/v2.1/servers/92e76620-b478-4969-83be-c19ba86e4211 0.231s
2025-12-11 16:38:23.837 66141 INFO tempest.lib.common.rest_client [req-d448745d-bb00-4ba3-99c3-3c71b7ce2f91 req-d448745d-bb00-4ba3-99c3-3c71b7ce2f91 ] Request (ServerShowV254Test:tearDownClass): 200 GET http://10.180.1.21/compute/v2.1/servers/d2354f80-6fb4-421e-8874-31bedeaf06f0 0.247s
2025-12-11 16:38:23.849 66179 INFO tempest.lib.common.rest_client [req-6466e6dd-5cb7-4219-9838-cdc48e99672f req-6466e6dd-5cb7-4219-9838-cdc48e99672f ] Request (MigrationsAdminTest:test_resize_server_revert_deleted_flavor): 200 GET http://10.180.1.21/compute/v2.1/servers/54fdd69e-f4b2-47e4-9cc7-55d7f2a0fbb3 0.236s
2025-12-11 16:38:23.889 66137 INFO tempest.lib.common.rest_client [req-840e3893-5cd2-4ed1-a95e-5d00f0b99b17 req-840e3893-5cd2-4ed1-a95e-5d00f0b99b17 ] Request (ListServerFiltersTestJSON:tearDownClass): 200 GET http://10.180.1.21/compute/v2.1/servers/9b7589d3-a04a-4989-bc18-29304c3d359a 0.071s
2025-12-11 16:38:23.945 66176 INFO tempest.lib.common.rest_client [req-e0d425d1-1403-4012-8de6-82dba6bf58a1 req-e0d425d1-1403-4012-8de6-82dba6bf58a1 ] Request (AttachInterfacesV270Test:tearDownClass): 200 GET http://10.180.1.21/compute/v2.1/servers/9ea0cc2a-20e8-4226-9eef-8bd8a1d65ad9 0.059s
2025-12-11 16:38:23.963 66135 INFO tempest.lib.common.rest_client [req-b77cd84f-20af-4674-95c0-ecdfc0261f54 req-b77cd84f-20af-4674-95c0-ecdfc0261f54 ] Request (ServerGroupTestJSON:_run_cleanups): 200 GET http://10.180.1.21/compute/v2.1/servers/28f7916b-faf9-4b38-9df3-f39ad6db0d01 0.057s
2025-12-11 16:38:23.995 66163 INFO tempest.lib.common.rest_client [req-479c1fb4-ff0a-4a85-a216-7b2c61114f50 req-479c1fb4-ff0a-4a85-a216-7b2c61114f50 ] Request (DeleteServersTestJSON:test_delete_server_while_in_shutoff_state): 200 GET http://10.180.1.21/compute/v2.1/servers/d106a1c2-7c00-4b8e-8683-e910d42641f7 0.058s
2025-12-11 16:38:24.138 66181 INFO tempest.lib.common.rest_client [req-57b02959-3a7e-4d12-bbd9-64f68ca7e0c6 req-57b02959-3a7e-4d12-bbd9-64f68ca7e0c6 ] Request (AttachVolumeNegativeTest:test_attach_attached_volume_to_different_server): 200 GET http://10.180.1.21/compute/v2.1/servers/c2f5d60c-d487-426d-878e-5b1a9c6838d5 0.058s
2025-12-11 16:38:24.206 66123 INFO tempest.lib.common.rest_client [req-98327d13-2cdf-4581-849b-dfe4e339fba5 req-98327d13-2cdf-4581-849b-dfe4e339fba5 ] Request (ImagesTestJSON:test_create_server_from_snapshot): 200 GET http://10.180.1.21/compute/v2.1/servers/e41becea-af53-4dd4-8b63-46705bd65fca 0.057s
2025-12-11 16:38:24.210 66145 INFO tempest.lib.common.rest_client [req-856c3ceb-9b1c-4789-baa2-6bd9d7f0a2d5 req-856c3ceb-9b1c-4789-baa2-6bd9d7f0a2d5 ] Request (FloatingIPsAssociationTestJSON:test_associate_already_associated_floating_ip): 200 GET http://10.180.1.21/compute/v2.1/servers/4bba1578-9af4-4028-8d70-85be148a42d3 0.108s
2025-12-11 16:38:24.255 66147 INFO tempest.lib.common.rest_client [req-cd2fb4f8-4505-4872-819c-28c9b5043b5c req-cd2fb4f8-4505-4872-819c-28c9b5043b5c ] Request (ServersAdminNegativeTestJSON:tearDownClass): 404 GET http://10.180.1.21/compute/v2.1/servers/051ae6e8-8e20-4c4f-928c-e482d0c19905 0.023s
2025-12-11 16:38:24.348 66119 INFO tempest.lib.common.rest_client [req-c0ef5de5-fb40-4605-8bae-be337deab755 req-c0ef5de5-fb40-4605-8bae-be337deab755 ] Request (SecurityGroupsTestJSON:test_server_security_groups): 200 GET http://10.180.1.21/compute/v2.1/servers/1c4f966e-a7fb-4e06-8712-42d51e5b9b33 0.063s
2025-12-11 16:38:24.350 66147 INFO tempest.lib.common.rest_client [req-93444563-8848-4266-ad69-d78eab7d7b5f req-93444563-8848-4266-ad69-d78eab7d7b5f ] Request (ServersAdminNegativeTestJSON:tearDownClass): 204 DELETE http://10.180.1.21/identity/v3/users/00009f8c91fb45d1b2ef00ee80b6d2e3 0.094s
2025-12-11 16:38:24.434 66151 INFO tempest.lib.common.rest_client [req-5360050f-5a55-49f0-89ea-a45f3e260b6d req-5360050f-5a55-49f0-89ea-a45f3e260b6d ] Request (ListImageFiltersTestJSON:tearDownClass): 200 GET http://10.180.1.21/compute/v2.1/servers/dee35eee-ef46-42d5-903a-e06675392b90 0.116s
2025-12-11 16:38:24.449 66125 INFO tempest.lib.common.rest_client [req-63707d72-cc84-492e-82e2-b3b88676b857 req-63707d72-cc84-492e-82e2-b3b88676b857 ] Request (ServerActionsTestOtherB:test_resize_server_confirm_from_stopped): 200 GET http://10.180.1.21/compute/v2.1/servers/4a25baf5-7210-4233-9f12-6147c3892868 0.192s
2025-12-11 16:38:24.489 66147 INFO tempest.lib.common.rest_client [req-0b58267b-2522-459d-ac66-8841f4f3bf37 req-0b58267b-2522-459d-ac66-8841f4f3bf37 ] Request (ServersAdminNegativeTestJSON:tearDownClass): 204 DELETE http://10.180.1.21/identity/v3/users/c17d844cd7614feab55932831c90382b 0.139s
2025-12-11 16:38:24.490 66147 INFO tempest.lib.common.dynamic_creds [-] Deleting project and security group for project: f3daa7cb814144159ee7b34ec7b19010
2025-12-11 16:38:24.549 66133 INFO tempest.lib.common.rest_client [req-5282f2df-d6d9-463f-9fdc-14cc9fb6aee1 req-5282f2df-d6d9-463f-9fdc-14cc9fb6aee1 ] Request (ServersV294TestFqdnHostnames:tearDownClass): 200 GET http://10.180.1.21/compute/v2.1/servers/a17be2d9-96ab-470f-ad55-7c9dbf8fbb1f 0.104s
2025-12-11 16:38:24.557 66147 INFO tempest.lib.common.rest_client [req-226e793d-b9dd-4e08-8249-b1311f667bd9 req-226e793d-b9dd-4e08-8249-b1311f667bd9 ] Request (ServersAdminNegativeTestJSON:tearDownClass): 201 POST http://10.180.1.21/identity/v3/auth/tokens 0.067s
2025-12-11 16:38:24.613 66167 INFO tempest.lib.common.rest_client [req-f8fde71d-91f5-4597-9b03-74ab951180f4 req-f8fde71d-91f5-4597-9b03-74ab951180f4 ] Request (InstanceActionsTestJSON:tearDownClass): 200 GET http://10.180.1.21/compute/v2.1/servers/ad8ca1e4-4d9a-4d0d-91dc-88566ac8fe28 0.154s
2025-12-11 16:38:24.626 66171 INFO tempest.lib.common.rest_client [req-dea94750-8cc7-46dc-a761-a59d6864a05d req-dea94750-8cc7-46dc-a761-a59d6864a05d ] Request (ServersAdminTestJSON:tearDownClass): 200 GET http://10.180.1.21/compute/v2.1/servers/249f3d46-0bd9-4e03-bd5d-37b169eb6ac0 0.103s
2025-12-11 16:38:24.641 66147 INFO tempest.lib.common.rest_client [req-a7476417-6b40-4b30-812b-f23be42013d9 req-a7476417-6b40-4b30-812b-f23be42013d9 ] Request (ServersAdminNegativeTestJSON:tearDownClass): 200 GET http://10.180.1.21/networking/v2.0/security-groups?tenant_id=f3daa7cb814144159ee7b34ec7b19010&name=default 0.084s
