2025-12-11 16:33:55.821 66121 INFO tempest.lib.common.rest_client [req-df31e5c1-4bf9-4688-a9cd-7270ba8d4150 req-df31e5c1-4bf9-4688-a9cd-7270ba8d4150 ] Request (FlavorsExtraSpecsTestJSON:test_flavor_non_admin_get_specific_key): 200 POST http://10.180.1.21/compute/v2.1/flavors/1418262678/os-extra_specs 2.864s
2025-12-11 16:33:55.828 66163 INFO tempest.lib.common.rest_client [req-0d1961ab-8e62-4f1a-b885-816b53efb295 req-0d1961ab-8e62-4f1a-b885-816b53efb295 ] Request (FloatingIPsNegativeTestJSON:tearDownClass): 204 DELETE http://10.180.1.21/networking/v2.0/subnets/bff7e715-9240-4efa-ab55-30dfa0acf03b 0.304s
2025-12-11 16:33:55.869 66161 INFO tempest.lib.common.rest_client [req-1c4e4419-11f7-4f20-b8ba-bf8ed552ace1 req-1c4e4419-11f7-4f20-b8ba-bf8ed552ace1 ] Request (AttachInterfacesTestJSON:setUpClass): 201 POST http://10.180.1.21/networking/v2.0/networks 0.834s
2025-12-11 16:33:55.931 66179 INFO tempest.lib.common.rest_client [req-18f7b9d2-fb13-4ab4-934b-ac4e41825b86 req-18f7b9d2-fb13-4ab4-934b-ac4e41825b86 ] Request (FlavorsAccessNegativeTestJSON:test_add_flavor_access_duplicate): 409 POST http://10.180.1.21/compute/v2.1/flavors/1325127207/action 2.902s
2025-12-11 16:33:55.933 66125 INFO tempest.lib.common.rest_client [req-83be2c98-e478-482e-9096-149ae402d6ea req-83be2c98-e478-482e-9096-149ae402d6ea ] Request (QuotasAdminTestV236:test_get_updated_quotas): 200 PUT http://10.180.1.21/compute/v2.1/os-quota-sets/b2c82de6988747739487ba26b0fdef73?user_id=0205c4896f804d1dac175a04c6ac4abd 3.037s
2025-12-11 16:33:55.955 66149 INFO tempest.lib.common.rest_client [req-c5f82388-da7f-41c0-88d5-593a5dd5defc req-c5f82388-da7f-41c0-88d5-593a5dd5defc ] Request (ServicesAdminNegativeV253TestJSON:test_get_service_by_invalid_params): 200 GET http://10.180.1.21/compute/v2.1/os-services 2.905s
2025-12-11 16:33:55.976 66133 INFO tempest.lib.common.rest_client [req-79d6ce24-cb34-4e93-9cd9-89d6afe86440 req-79d6ce24-cb34-4e93-9cd9-89d6afe86440 ] Request (HostsAdminNegativeTestJSON:test_reboot_nonexistent_host): 404 GET http://10.180.1.21/compute/v2.1/os-hosts/nonexistent_hostname/reboot 2.888s
2025-12-11 16:33:55.996 66141 INFO tempest.lib.common.rest_client [req-5b844456-ca7c-44ec-8e50-284323d943b9 req-5b844456-ca7c-44ec-8e50-284323d943b9 ] Request (FlavorsAdminTestJSON:test_create_flavor_verify_entry_in_list_details): 200 POST http://10.180.1.21/compute/v2.1/flavors 2.902s
2025-12-11 16:33:56.029 66137 INFO tempest.lib.common.rest_client [req-99bb18d9-cf1c-4ab3-bf2c-bc7712e4ae30 req-99bb18d9-cf1c-4ab3-bf2c-bc7712e4ae30 ] Request (FlavorsExtraSpecsNegativeTestJSON:test_flavor_non_admin_unset_keys): 200 POST http://10.180.1.21/compute/v2.1/flavors/286351597/os-extra_specs 2.899s
2025-12-11 16:33:56.030 66119 INFO tempest.lib.common.rest_client [req-a412bd4a-01bb-4b8c-a726-21be57bad9a8 req-a412bd4a-01bb-4b8c-a726-21be57bad9a8 ] Request (HypervisorAdminNegativeTestJSON:test_get_hypervisor_uptime_with_non_admin_user): 200 GET http://10.180.1.21/compute/v2.1/os-hypervisors 2.947s
2025-12-11 16:33:56.065 66161 INFO tempest.lib.common.rest_client [req-ade6d6ac-c6c1-467c-8114-3e8135fc0ba0 req-ade6d6ac-c6c1-467c-8114-3e8135fc0ba0 ] Request (AttachInterfacesTestJSON:setUpClass): 201 POST http://10.180.1.21/networking/v2.0/subnets 0.196s
2025-12-11 16:33:56.089 66145 INFO tempest.lib.common.rest_client [req-668ef152-f0d8-4f9a-838d-9c2d284e906a req-668ef152-f0d8-4f9a-838d-9c2d284e906a ] Request (AggregatesAdminNegativeTestJSON:test_aggregate_add_existent_host): 409 POST http://10.180.1.21/compute/v2.1/os-aggregates/1/action 2.570s
2025-12-11 16:33:56.109 66169 INFO tempest.lib.common.rest_client [req-f4cf557a-15d2-4018-a978-e8b0990f5cf3 req-f4cf557a-15d2-4018-a978-e8b0990f5cf3 ] Request (HypervisorAdminUnderV252Test:test_search_hypervisor): 200 GET http://10.180.1.21/compute/v2.1/os-hypervisors/domain-c8.fc996f14-c53b-4953-92e3-bdfa48f5cc28/search 2.563s
2025-12-11 16:33:56.227 66169 INFO tempest.lib.common.rest_client [req-aa7f7629-df78-4f75-b8e2-b77d959c45ec req-aa7f7629-df78-4f75-b8e2-b77d959c45ec ] Request (HypervisorAdminUnderV252Test:tearDownClass): 204 DELETE http://10.180.1.21/identity/v3/users/7205704ca7b94efe817b4116c2c89db2 0.115s
2025-12-11 16:33:56.320 66163 INFO tempest.lib.common.rest_client [req-037d3c5b-7497-4652-8559-e16c69707483 req-037d3c5b-7497-4652-8559-e16c69707483 ] Request (FloatingIPsNegativeTestJSON:tearDownClass): 204 DELETE http://10.180.1.21/networking/v2.0/networks/89568b80-3079-4700-bc17-801379370768 0.492s
2025-12-11 16:33:56.365 66169 INFO tempest.lib.common.rest_client [req-792f8a02-568b-4fd3-8c4a-ff1ff5aa894c req-792f8a02-568b-4fd3-8c4a-ff1ff5aa894c ] Request (HypervisorAdminUnderV252Test:tearDownClass): 204 DELETE http://10.180.1.21/identity/v3/users/5785b6f7bb0944b6a50eb47bc43a6236 0.138s
2025-12-11 16:33:56.365 66169 INFO tempest.lib.common.dynamic_creds [-] Deleting project and security group for project: fba0386da2024e779765cbc0ee52ad47
2025-12-11 16:33:56.448 66163 INFO tempest.lib.common.rest_client [req-f13a88d6-98f9-413d-8ed3-aa062a2fe065 req-f13a88d6-98f9-413d-8ed3-aa062a2fe065 ] Request (FloatingIPsNegativeTestJSON:tearDownClass): 204 DELETE http://10.180.1.21/identity/v3/users/f34eb45f29504518b49fbac4615d28c2 0.127s
2025-12-11 16:33:56.448 66163 INFO tempest.lib.common.dynamic_creds [-] Deleting project and security group for project: db40611e461348869d216d9ef5a81625
2025-12-11 16:33:56.490 66169 INFO tempest.lib.common.rest_client [req-40d460c9-a5d7-425a-b680-1f99123d413b req-40d460c9-a5d7-425a-b680-1f99123d413b ] Request (HypervisorAdminUnderV252Test:tearDownClass): 201 POST http://10.180.1.21/identity/v3/auth/tokens 0.124s
2025-12-11 16:33:56.681 66163 INFO tempest.lib.common.rest_client [req-c7d13ead-dae8-425f-bb09-acfe34ef5e67 req-c7d13ead-dae8-425f-bb09-acfe34ef5e67 ] Request (FloatingIPsNegativeTestJSON:tearDownClass): 200 GET http://10.180.1.21/networking/v2.0/security-groups?tenant_id=db40611e461348869d216d9ef5a81625&name=default 0.233s
2025-12-11 16:33:56.876 66169 INFO tempest.lib.common.rest_client [req-4b09b4fa-e9fa-4525-822a-5ddb233cee40 req-4b09b4fa-e9fa-4525-822a-5ddb233cee40 ] Request (HypervisorAdminUnderV252Test:tearDownClass): 200 GET http://10.180.1.21/networking/v2.0/security-groups?tenant_id=fba0386da2024e779765cbc0ee52ad47&name=default 0.385s
2025-12-11 16:33:56.935 66157 INFO tempest.lib.common.rest_client [req-50176911-1ad3-4bfd-bf66-7e2bc3659eee req-50176911-1ad3-4bfd-bf66-7e2bc3659eee ] Request (ServerDiagnosticsNegativeTest:test_get_server_diagnostics_by_non_admin): 200 GET http://10.180.1.21/compute/v2.1/servers/8e8d8a78-80e0-461a-8ec5-5ffdb0109134 3.706s
2025-12-11 16:33:56.946 66157 INFO tempest.common.waiters [-] State transition "BUILD/None" ==> "BUILD/block_device_mapping" after 4 second wait
2025-12-11 16:33:56.971 66131 INFO tempest.lib.common.rest_client [req-9c70139e-1182-44ba-8962-15f20e1a79a9 req-9c70139e-1182-44ba-8962-15f20e1a79a9 ] Request (FlavorsV255TestJSON:_run_cleanups): 202 DELETE http://10.180.1.21/compute/v2.1/flavors/1513651597 3.296s
2025-12-11 16:33:56.983 66139 INFO tempest.lib.common.rest_client [req-b6cbd76b-bd11-43e7-8266-21ee2e346ffa req-b6cbd76b-bd11-43e7-8266-21ee2e346ffa ] Request (ServersWithSpecificFlavorTestJSON:test_verify_created_server_ephemeral_disk): 200 GET http://10.180.1.21/compute/v2.1/flavors/42/os-extra_specs 3.239s
2025-12-11 16:33:56.997 66127 INFO tempest.lib.common.rest_client [req-e21dc63a-fb1f-44f6-9f94-e6ccd36c4864 req-e21dc63a-fb1f-44f6-9f94-e6ccd36c4864 ] Request (HypervisorAdminNegativeUnderV252Test:test_search_nonexistent_hypervisor): 404 GET http://10.180.1.21/compute/v2.1/os-hypervisors/nonexistent_hypervisor_name/search 2.735s
2025-12-11 16:33:57.037 66163 INFO tempest.lib.common.rest_client [req-e4035065-63c2-4ef9-b7f8-5e0ab12706d1 req-e4035065-63c2-4ef9-b7f8-5e0ab12706d1 ] Request (FloatingIPsNegativeTestJSON:tearDownClass): 204 DELETE http://10.180.1.21/networking/v2.0/security-groups/773b6bf6-4bbc-40fc-ae9b-9816e1c58f9f 0.355s
2025-12-11 16:33:57.039 66161 INFO tempest.lib.common.rest_client [req-3b3691b1-0eee-4967-b4d9-8d429e59bbf2 req-3b3691b1-0eee-4967-b4d9-8d429e59bbf2 ] Request (AttachInterfacesTestJSON:setUpClass): 201 POST http://10.180.1.21/networking/v2.0/routers 0.973s
2025-12-11 16:33:57.082 66151 INFO tempest.lib.common.rest_client [req-7aac2762-086d-4da4-a05b-d6ea6c137165 req-7aac2762-086d-4da4-a05b-d6ea6c137165 ] Request (SecurityGroupsTestAdminJSON:test_list_security_groups_list_all_tenants_filter): 200 GET http://10.180.1.21/compute/v2.1/os-security-groups?all_tenants=true 3.432s
2025-12-11 16:33:57.175 66163 INFO tempest.lib.common.rest_client [req-ae51d356-8446-494f-9cab-d2cb409b1827 req-ae51d356-8446-494f-9cab-d2cb409b1827 ] Request (FloatingIPsNegativeTestJSON:tearDownClass): 204 DELETE http://10.180.1.21/identity/v3/projects/db40611e461348869d216d9ef5a81625 0.137s
2025-12-11 16:33:57.180 66171 INFO tempest.lib.common.rest_client [req-fdb7c897-7d3b-442f-8f95-d363895195cd req-fdb7c897-7d3b-442f-8f95-d363895195cd ] Request (QuotasAdminNegativeTest:test_create_server_when_instances_quota_is_full): 200 PUT http://10.180.1.21/compute/v2.1/os-quota-sets/75932091a10d48519f179fe3c1cfa1fe 2.780s
2025-12-11 16:33:57.198 66169 INFO tempest.lib.common.rest_client [req-f29ce475-0dec-4ba4-bf72-f3c66e87e6da req-f29ce475-0dec-4ba4-bf72-f3c66e87e6da ] Request (HypervisorAdminUnderV252Test:tearDownClass): 204 DELETE http://10.180.1.21/networking/v2.0/security-groups/03433fdc-cc10-4e25-993d-27ab2f28e728 0.322s
2025-12-11 16:33:57.209 66159 INFO tempest.lib.common.rest_client [req-896794d5-72e9-4bcb-96b2-131dfe17ae3b req-896794d5-72e9-4bcb-96b2-131dfe17ae3b ] Request (ImagesDeleteNegativeTestJSON:test_delete_image_non_hex_string_id): 404 DELETE http://10.180.1.21/compute/v2.1/images/ee931eb0-d1ff-4839-93e8-26f7ba1e184j 2.195s
2025-12-11 16:33:57.240 66129 INFO tempest.lib.common.rest_client [req-48298ea0-2f20-445a-aa42-81b76071785e req-48298ea0-2f20-445a-aa42-81b76071785e ] Request (HypervisorAdminV228Test:test_get_list_hypervisor_details): 200 GET http://10.180.1.21/compute/v2.1/os-hypervisors/1 2.014s
2025-12-11 16:33:57.279 66163 INFO tempest.lib.common.rest_client [req-527c38e5-c6d8-4649-93c0-4460f7fb5ad0 req-527c38e5-c6d8-4649-93c0-4460f7fb5ad0 ] Request (DeleteServersTestJSON:setUpClass): 201 POST http://10.180.1.21/identity/v3/auth/tokens 0.102s
2025-12-11 16:33:57.283 66171 INFO tempest.lib.common.rest_client [req-946e6472-5fb3-45e1-832c-1f5cd49cd6f4 req-946e6472-5fb3-45e1-832c-1f5cd49cd6f4 ] Request (QuotasAdminNegativeTest:test_create_server_when_instances_quota_is_full): 201 POST http://10.180.1.21/identity/v3/auth/tokens 0.096s
2025-12-11 16:33:57.284 66171 INFO tempest.lib.common.fixed_network [-] (QuotasAdminNegativeTest:test_create_server_when_instances_quota_is_full) Found network None available for tenant
2025-12-11 16:33:57.358 66169 INFO tempest.lib.common.rest_client [req-5461fcdc-5afb-4b6e-94ea-b9c8e7b1f1cf req-5461fcdc-5afb-4b6e-94ea-b9c8e7b1f1cf ] Request (HypervisorAdminUnderV252Test:tearDownClass): 204 DELETE http://10.180.1.21/identity/v3/projects/fba0386da2024e779765cbc0ee52ad47 0.159s
2025-12-11 16:33:57.358 66169 INFO tempest.lib.common.dynamic_creds [-] Deleting project and security group for project: e943d60741af40b28f5df16d0e3924a7
2025-12-11 16:33:57.370 66129 INFO tempest.lib.common.rest_client [req-3e5c112e-4f95-4d12-b218-cfb1eda0a725 req-3e5c112e-4f95-4d12-b218-cfb1eda0a725 ] Request (HypervisorAdminV228Test:tearDownClass): 204 DELETE http://10.180.1.21/identity/v3/users/231c0581b82a4b959a2602d2ecc151ef 0.121s
2025-12-11 16:33:57.425 66163 INFO tempest.lib.common.rest_client [req-1a4a01fe-d656-49dd-8544-841d5796f343 req-1a4a01fe-d656-49dd-8544-841d5796f343 ] Request (DeleteServersTestJSON:setUpClass): 201 POST http://10.180.1.21/identity/v3/auth/tokens 0.144s
2025-12-11 16:33:57.456 66163 INFO tempest.lib.common.rest_client [req-e26c4e62-32a2-41e4-a3e5-29444ab70e55 req-e26c4e62-32a2-41e4-a3e5-29444ab70e55 ] Request (DeleteServersTestJSON:setUpClass): 200 GET http://10.180.1.21/identity/v3/domains?name=Default 0.030s
2025-12-11 16:33:57.475 66129 INFO tempest.lib.common.rest_client [req-1505d9c8-afb4-4425-83df-6a045fb47fde req-1505d9c8-afb4-4425-83df-6a045fb47fde ] Request (HypervisorAdminV228Test:tearDownClass): 204 DELETE http://10.180.1.21/identity/v3/users/fda155e9e2564cc5b8f14f0ea27194a2 0.104s
2025-12-11 16:33:57.476 66129 INFO tempest.lib.common.dynamic_creds [-] Deleting project and security group for project: c708584812f04ff692777ccf513acd64
2025-12-11 16:33:57.526 66163 INFO tempest.lib.common.rest_client [req-643b1f16-bd56-4e39-b8b0-4c0a212f0814 req-643b1f16-bd56-4e39-b8b0-4c0a212f0814 ] Request (DeleteServersTestJSON:setUpClass): 201 POST http://10.180.1.21/identity/v3/projects 0.070s
2025-12-11 16:33:57.538 66129 INFO tempest.lib.common.rest_client [req-4bf31b07-d5e8-426f-aa81-11c375e4a5e5 req-4bf31b07-d5e8-426f-aa81-11c375e4a5e5 ] Request (HypervisorAdminV228Test:tearDownClass): 201 POST http://10.180.1.21/identity/v3/auth/tokens 0.062s
2025-12-11 16:33:57.582 66163 INFO tempest.lib.common.rest_client [req-308031de-0861-4256-bd6d-77c623d57c49 req-308031de-0861-4256-bd6d-77c623d57c49 ] Request (DeleteServersTestJSON:setUpClass): 201 POST http://10.180.1.21/identity/v3/users 0.056s
2025-12-11 16:33:57.607 66163 INFO tempest.lib.common.rest_client [req-30d9e848-f518-4709-bbac-dde331260dc4 req-30d9e848-f518-4709-bbac-dde331260dc4 ] Request (DeleteServersTestJSON:setUpClass): 200 GET http://10.180.1.21/identity/v3/roles 0.024s
2025-12-11 16:33:57.636 66163 INFO tempest.lib.common.rest_client [req-ee9a9ed6-8914-4a05-ba6e-de31f6ab5604 req-ee9a9ed6-8914-4a05-ba6e-de31f6ab5604 ] Request (DeleteServersTestJSON:setUpClass): 204 PUT http://10.180.1.21/identity/v3/projects/40ef940934334e238ba7737a5059c240/users/44ca7a002638441697ee47ae630832e6/roles/609bb3545ac34d6ca1f3970210b5e575 0.029s
2025-12-11 16:33:57.636 66163 INFO tempest.lib.common.dynamic_creds [-] Dynamic test user 44ca7a002638441697ee47ae630832e6 is created with scope project and roles: ['member']
2025-12-11 16:33:57.637 66163 INFO tempest.lib.common.dynamic_creds [-] Acquired dynamic creds: credentials: Credentials: {'domain_id': 'default', 'domain_name': 'Default', 'username': 'tempest-DeleteServersTestJSON-1529222805-project-member', 'project_domain_id': 'default', 'project_domain_name': 'Default', 'project_id': '40ef940934334e238ba7737a5059c240', 'project_name': 'tempest-DeleteServersTestJSON-1529222805', 'tenant_id': '40ef940934334e238ba7737a5059c240', 'tenant_name': 'tempest-DeleteServersTestJSON-1529222805', 'user_domain_id': 'default', 'user_domain_name': 'Default', 'user_id': '44ca7a002638441697ee47ae630832e6', 'system': None}, Network: None, Subnet: None, Router: None
2025-12-11 16:33:57.694 66163 INFO tempest.lib.common.rest_client [req-02f98917-432a-49ee-a94f-8507bc213d9d req-02f98917-432a-49ee-a94f-8507bc213d9d ] Request (DeleteServersTestJSON:setUpClass): 201 POST http://10.180.1.21/identity/v3/auth/tokens 0.057s
2025-12-11 16:33:57.972 66161 INFO tempest.lib.common.rest_client [req-8afad66a-bb20-4e1e-a464-cfa7d1cfb32e req-8afad66a-bb20-4e1e-a464-cfa7d1cfb32e ] Request (AttachInterfacesTestJSON:setUpClass): 200 PUT http://10.180.1.21/networking/v2.0/routers/a3e7a6f2-4d3c-4f2a-ae1d-939917bf027c/add_router_interface 0.932s
2025-12-11 16:33:57.973 66161 INFO tempest.lib.common.dynamic_creds [-] Created isolated network resources for: credentials: Credentials: {'domain_id': 'default', 'domain_name': 'Default', 'username': 'tempest-AttachInterfacesTestJSON-277550825-project-member', 'project_domain_id': 'default', 'project_domain_name': 'Default', 'project_id': 'ceb7ed25101846da8fa0fd632996e824', 'project_name': 'tempest-AttachInterfacesTestJSON-277550825', 'tenant_id': 'ceb7ed25101846da8fa0fd632996e824', 'tenant_name': 'tempest-AttachInterfacesTestJSON-277550825', 'user_domain_id': 'default', 'user_domain_name': 'Default', 'user_id': '0185a3e9b87246fc9d8e8d578a944f9b', 'system': None}, Network: {'id': 'fc69544b-468f-4e6f-93a0-2bb64a37e2a9', 'name': 'tempest-AttachInterfacesTestJSON-1215573468-network', 'tenant_id': 'ceb7ed25101846da8fa0fd632996e824', 'project_id': 'ceb7ed25101846da8fa0fd632996e824', 'admin_state_up': True, 'mtu': 8950, 'status': 'ACTIVE', 'subnets': [], 'shared': False, 'port_security_enabled': True, 'router:external': False, 'provider:network_type': 'vlan', 'provider:physical_network': 'default', 'provider:segmentation_id': 66, 'availability_zone_hints': [], 'availability_zones': [], 'ipv4_address_scope': None, 'ipv6_address_scope': None, 'description': '', 'tags': [], 'created_at': '2025-12-11T16:33:55Z', 'updated_at': '2025-12-11T16:33:55Z', 'revision_number': 1}, Subnet: {'id': '925691b8-6200-4fce-b9ae-5f7903c292ea', 'name': 'tempest-AttachInterfacesTestJSON-1215573468-subnet', 'tenant_id': 'ceb7ed25101846da8fa0fd632996e824', 'network_id': 'fc69544b-468f-4e6f-93a0-2bb64a37e2a9', 'ip_version': 4, 'subnetpool_id': None, 'enable_dhcp': True, 'ipv6_ra_mode': None, 'ipv6_address_mode': None, 'gateway_ip': '192.168.128.1', 'cidr': '192.168.128.0/28', 'allocation_pools': [{'start': '192.168.128.2', 'end': '192.168.128.14'}], 'host_routes': [], 'dns_nameservers': [], 'description': '', 'router:external': False, 'service_types': [], 'tags': [], 'created_at': '2025-12-11T16:33:55Z', 'updated_at': '2025-12-11T16:33:55Z', 'revision_number': 0, 'project_id': 'ceb7ed25101846da8fa0fd632996e824'}, Router: {'id': 'a3e7a6f2-4d3c-4f2a-ae1d-939917bf027c', 'name': 'tempest-AttachInterfacesTestJSON-1215573468-router', 'tenant_id': 'ceb7ed25101846da8fa0fd632996e824', 'admin_state_up': True, 'status': 'ACTIVE', 'external_gateway_info': {'network_id': '46097c12-975f-46d2-9c0d-7e96e03ae882', 'external_fixed_ips': [{'subnet_id': '10abe272-3cc9-4c57-b1c5-2aed914c57c0', 'ip_address': '10.180.180.240'}], 'enable_snat': True}, 'description': '', 'availability_zones': [], 'distributed': False, 'ha': False, 'availability_zone_hints': [], 'routes': [], 'flavor_id': None, 'tags': [], 'created_at': '2025-12-11T16:33:56Z', 'updated_at': '2025-12-11T16:33:56Z', 'revision_number': 2, 'project_id': 'ceb7ed25101846da8fa0fd632996e824'}
2025-12-11 16:33:57.993 66181 INFO tempest.lib.common.rest_client [req-0f11a4db-a04d-44ca-a564-c1d30c8494d4 req-0f11a4db-a04d-44ca-a564-c1d30c8494d4 ] Request (ServersTestManualDisk:setUpClass): 200 GET http://10.180.1.21/compute/v2.1/servers/05013108-3349-404e-ad36-b68b142a6dd0 3.006s
2025-12-11 16:33:58.053 66161 INFO tempest.lib.common.rest_client [req-b48d5e71-8c59-42dd-b071-2992005c737c req-b48d5e71-8c59-42dd-b071-2992005c737c ] Request (AttachInterfacesTestJSON:setUpClass): 201 POST http://10.180.1.21/identity/v3/auth/tokens 0.076s
2025-12-11 16:33:58.109 66169 INFO tempest.lib.common.rest_client [req-43b80930-3b59-4390-a2f8-f0815953b0a8 req-43b80930-3b59-4390-a2f8-f0815953b0a8 ] Request (HypervisorAdminUnderV252Test:tearDownClass): 200 GET http://10.180.1.21/networking/v2.0/security-groups?tenant_id=e943d60741af40b28f5df16d0e3924a7&name=default 0.750s
2025-12-11 16:33:58.274 66129 INFO tempest.lib.common.rest_client [req-aba29989-85cd-4e70-b2ae-a3d622206416 req-aba29989-85cd-4e70-b2ae-a3d622206416 ] Request (HypervisorAdminV228Test:tearDownClass): 200 GET http://10.180.1.21/networking/v2.0/security-groups?tenant_id=c708584812f04ff692777ccf513acd64&name=default 0.736s
2025-12-11 16:33:58.484 66163 INFO tempest.lib.common.rest_client [req-926f227b-9129-46ee-9e38-97c036b85672 req-926f227b-9129-46ee-9e38-97c036b85672 ] Request (DeleteServersTestJSON:setUpClass): 201 POST http://10.180.1.21/networking/v2.0/networks 0.789s
2025-12-11 16:33:58.546 66143 INFO tempest.lib.common.rest_client [req-cf00c3ba-5ba1-476b-9e89-03e521de0a65 req-cf00c3ba-5ba1-476b-9e89-03e521de0a65 ] Request (ServerAddressesNegativeTestJSON:setUpClass): 200 GET http://10.180.1.21/compute/v2.1/servers/949cbd75-4f06-4d56-9804-aa136c175404 2.813s
2025-12-11 16:33:58.576 66167 INFO tempest.lib.common.rest_client [req-ab544f7f-187d-4f78-9b10-08e89870956c req-ab544f7f-187d-4f78-9b10-08e89870956c ] Request (FlavorsAccessTestJSON:test_flavor_access_add_remove): 200 GET http://10.180.1.21/compute/v2.1/flavors/detail 2.840s
2025-12-11 16:33:58.626 66123 INFO tempest.lib.common.rest_client [req-cd818dbf-194e-434f-bdf3-85c05cca8283 req-cd818dbf-194e-434f-bdf3-85c05cca8283 ] Request (HypervisorAdminV253TestBase:test_list_show_detail_hypervisors): 200 GET http://10.180.1.21/compute/v2.1/os-hypervisors?with_servers=True 2.824s
2025-12-11 16:33:58.636 66169 INFO tempest.lib.common.rest_client [req-985c6a95-9fa3-49f9-8479-793d9e8a0681 req-985c6a95-9fa3-49f9-8479-793d9e8a0681 ] Request (HypervisorAdminUnderV252Test:tearDownClass): 204 DELETE http://10.180.1.21/networking/v2.0/security-groups/c374013e-f35e-43fd-b8d2-f69bcc1f495f 0.527s
2025-12-11 16:33:58.643 66121 INFO tempest.lib.common.rest_client [req-fe0723cf-88a5-48b4-913e-37198f48b59b req-fe0723cf-88a5-48b4-913e-37198f48b59b ] Request (FlavorsExtraSpecsTestJSON:test_flavor_non_admin_get_specific_key): 200 GET http://10.180.1.21/compute/v2.1/flavors/1418262678/os-extra_specs/hw:numa_nodes 2.821s
2025-12-11 16:33:58.717 66129 INFO tempest.lib.common.rest_client [req-ffd33f0a-76d2-468b-8884-356716f52520 req-ffd33f0a-76d2-468b-8884-356716f52520 ] Request (HypervisorAdminV228Test:tearDownClass): 204 DELETE http://10.180.1.21/networking/v2.0/security-groups/f93ec91c-660d-48e8-89d4-257c4ec52fb3 0.442s
2025-12-11 16:33:58.718 66169 INFO tempest.lib.common.rest_client [req-ce71f7aa-c17e-45d5-b3ac-3ab5c5d31331 req-ce71f7aa-c17e-45d5-b3ac-3ab5c5d31331 ] Request (HypervisorAdminUnderV252Test:tearDownClass): 204 DELETE http://10.180.1.21/identity/v3/projects/e943d60741af40b28f5df16d0e3924a7 0.081s
2025-12-11 16:33:58.818 66169 INFO tempest.lib.common.rest_client [req-50a947f4-fed7-40f9-b3c6-bcd9a11e4b14 req-50a947f4-fed7-40f9-b3c6-bcd9a11e4b14 ] Request (KeyPairsV210TestJSON:setUpClass): 201 POST http://10.180.1.21/identity/v3/auth/tokens 0.099s
2025-12-11 16:33:58.835 66129 INFO tempest.lib.common.rest_client [req-7e4aad4a-8896-4e03-a1e0-29decf9dfaf5 req-7e4aad4a-8896-4e03-a1e0-29decf9dfaf5 ] Request (HypervisorAdminV228Test:tearDownClass): 204 DELETE http://10.180.1.21/identity/v3/projects/c708584812f04ff692777ccf513acd64 0.117s
2025-12-11 16:33:58.835 66129 INFO tempest.lib.common.dynamic_creds [-] Deleting project and security group for project: f61611e2049c426a82e6a4f0f681b029
2025-12-11 16:33:58.882 66169 INFO tempest.lib.common.rest_client [req-a39f8786-4ba9-4c24-b966-7b31e4a0596e req-a39f8786-4ba9-4c24-b966-7b31e4a0596e ] Request (KeyPairsV210TestJSON:setUpClass): 201 POST http://10.180.1.21/identity/v3/auth/tokens 0.059s
2025-12-11 16:33:58.897 66163 INFO tempest.lib.common.rest_client [req-a5d73103-e9a1-4853-b5dc-2c9e82b08e34 req-a5d73103-e9a1-4853-b5dc-2c9e82b08e34 ] Request (DeleteServersTestJSON:setUpClass): 201 POST http://10.180.1.21/networking/v2.0/subnets 0.413s
2025-12-11 16:33:58.906 66169 INFO tempest.lib.common.rest_client [req-b5edb4d3-893d-486d-a4c7-882b1d5541a2 req-b5edb4d3-893d-486d-a4c7-882b1d5541a2 ] Request (KeyPairsV210TestJSON:setUpClass): 200 GET http://10.180.1.21/identity/v3/domains?name=Default 0.023s
2025-12-11 16:33:58.932 66165 INFO tempest.lib.common.rest_client [req-647b2f1a-52e5-4970-a7c0-af497672b703 req-647b2f1a-52e5-4970-a7c0-af497672b703 ] Request (DeleteServersAdminTestJSON:test_admin_delete_servers_of_others): 200 GET http://10.180.1.21/compute/v2.1/servers/6285ef17-5581-4fad-a136-bd4d3dfda404 3.021s
2025-12-11 16:33:58.936 66169 INFO tempest.lib.common.rest_client [req-53467e77-b256-496d-930d-02c12992dabf req-53467e77-b256-496d-930d-02c12992dabf ] Request (KeyPairsV210TestJSON:setUpClass): 201 POST http://10.180.1.21/identity/v3/projects 0.029s
2025-12-11 16:33:59.002 66169 INFO tempest.lib.common.rest_client [req-cb13f1d8-7241-4592-aa39-d7f2c89b37ef req-cb13f1d8-7241-4592-aa39-d7f2c89b37ef ] Request (KeyPairsV210TestJSON:setUpClass): 201 POST http://10.180.1.21/identity/v3/users 0.064s
2025-12-11 16:33:59.014 66129 INFO tempest.lib.common.rest_client [req-a86c8345-6ce3-4bcf-b476-491e00b79318 req-a86c8345-6ce3-4bcf-b476-491e00b79318 ] Request (HypervisorAdminV228Test:tearDownClass): 200 GET http://10.180.1.21/networking/v2.0/security-groups?tenant_id=f61611e2049c426a82e6a4f0f681b029&name=default 0.179s
2025-12-11 16:33:59.027 66169 INFO tempest.lib.common.rest_client [req-42126c64-620e-47aa-b267-d7a41be87048 req-42126c64-620e-47aa-b267-d7a41be87048 ] Request (KeyPairsV210TestJSON:setUpClass): 200 GET http://10.180.1.21/identity/v3/roles 0.025s
2025-12-11 16:33:59.057 66169 INFO tempest.lib.common.rest_client [req-c782d6bd-0d3a-427b-919e-f106ae7932a9 req-c782d6bd-0d3a-427b-919e-f106ae7932a9 ] Request (KeyPairsV210TestJSON:setUpClass): 204 PUT http://10.180.1.21/identity/v3/projects/54f9e5b2bffd42fe98aca41bd4c32793/users/e3952493512641c1b8878a6e19312be7/roles/609bb3545ac34d6ca1f3970210b5e575 0.029s
2025-12-11 16:33:59.057 66169 INFO tempest.lib.common.dynamic_creds [-] Dynamic test user e3952493512641c1b8878a6e19312be7 is created with scope project and roles: ['member']
2025-12-11 16:33:59.058 66169 INFO tempest.lib.common.dynamic_creds [-] Acquired dynamic creds: credentials: Credentials: {'domain_id': 'default', 'domain_name': 'Default', 'username': 'tempest-KeyPairsV210TestJSON-246612268-project-member', 'project_domain_id': 'default', 'project_domain_name': 'Default', 'project_id': '54f9e5b2bffd42fe98aca41bd4c32793', 'project_name': 'tempest-KeyPairsV210TestJSON-246612268', 'tenant_id': '54f9e5b2bffd42fe98aca41bd4c32793', 'tenant_name': 'tempest-KeyPairsV210TestJSON-246612268', 'user_domain_id': 'default', 'user_domain_name': 'Default', 'user_id': 'e3952493512641c1b8878a6e19312be7', 'system': None}, Network: None, Subnet: None, Router: None
2025-12-11 16:33:59.058 66169 INFO tempest.lib.common.dynamic_creds [-] Created isolated network resources for: credentials: Credentials: {'domain_id': 'default', 'domain_name': 'Default', 'username': 'tempest-KeyPairsV210TestJSON-246612268-project-member', 'project_domain_id': 'default', 'project_domain_name': 'Default', 'project_id': '54f9e5b2bffd42fe98aca41bd4c32793', 'project_name': 'tempest-KeyPairsV210TestJSON-246612268', 'tenant_id': '54f9e5b2bffd42fe98aca41bd4c32793', 'tenant_name': 'tempest-KeyPairsV210TestJSON-246612268', 'user_domain_id': 'default', 'user_domain_name': 'Default', 'user_id': 'e3952493512641c1b8878a6e19312be7', 'system': None}, Network: None, Subnet: None, Router: None
2025-12-11 16:33:59.058 66179 INFO tempest.lib.common.rest_client [req-c6c4a2b9-48c0-4f68-b998-39ae1910bb91 req-c6c4a2b9-48c0-4f68-b998-39ae1910bb91 ] Request (FlavorsAccessNegativeTestJSON:_run_cleanups): 200 POST http://10.180.1.21/compute/v2.1/flavors/1325127207/action 3.126s
2025-12-11 16:33:59.145 66169 INFO tempest.lib.common.rest_client [req-488ad2fb-08a9-4c05-bdb7-b70070cbf9d3 req-488ad2fb-08a9-4c05-bdb7-b70070cbf9d3 ] Request (KeyPairsV210TestJSON:setUpClass): 201 POST http://10.180.1.21/identity/v3/auth/tokens 0.084s
2025-12-11 16:33:59.181 66129 INFO tempest.lib.common.rest_client [req-0260aa89-7525-45fa-acc1-73844ede95ee req-0260aa89-7525-45fa-acc1-73844ede95ee ] Request (HypervisorAdminV228Test:tearDownClass): 204 DELETE http://10.180.1.21/networking/v2.0/security-groups/981ed175-fa96-41a0-b1cf-ccd81bcd492a 0.166s
2025-12-11 16:33:59.215 66169 INFO tempest.lib.common.rest_client [req-c037f0e8-34c2-4044-968b-8d839182bbfc req-c037f0e8-34c2-4044-968b-8d839182bbfc ] Request (KeyPairsV210TestJSON:setUpClass): 201 POST http://10.180.1.21/identity/v3/projects 0.070s
2025-12-11 16:33:59.222 66125 INFO tempest.lib.common.rest_client [req-ce389522-0423-4b19-93a3-70c290bc1691 req-ce389522-0423-4b19-93a3-70c290bc1691 ] Request (QuotasAdminTestV236:test_get_updated_quotas): 200 GET http://10.180.1.21/compute/v2.1/os-quota-sets/b2c82de6988747739487ba26b0fdef73?user_id=0205c4896f804d1dac175a04c6ac4abd 3.284s
2025-12-11 16:33:59.245 66149 INFO tempest.lib.common.rest_client [req-47e3e2ae-a383-41fe-a1e7-286a916dcb30 req-47e3e2ae-a383-41fe-a1e7-286a916dcb30 ] Request (ServicesAdminNegativeV253TestJSON:test_get_service_by_invalid_params): 200 GET http://10.180.1.21/compute/v2.1/os-services?xxx=nova-compute 3.287s
2025-12-11 16:33:59.255 66133 INFO tempest.lib.common.rest_client [req-fce3f519-f056-4cd2-96bf-20a3a781c005 req-fce3f519-f056-4cd2-96bf-20a3a781c005 ] Request (HostsAdminNegativeTestJSON:test_show_host_detail_with_non_admin_user): 403 GET http://10.180.1.21/compute/v2.1/os-hosts/devstack 3.277s
2025-12-11 16:33:59.291 66141 INFO tempest.lib.common.rest_client [req-aa846ec1-e1de-4958-85e5-c35c70bf33e9 req-aa846ec1-e1de-4958-85e5-c35c70bf33e9 ] Request (FlavorsAdminTestJSON:test_create_flavor_verify_entry_in_list_details): 200 GET http://10.180.1.21/compute/v2.1/flavors/detail 3.292s
2025-12-11 16:33:59.299 66137 INFO tempest.lib.common.rest_client [req-7bfa589e-62a6-4293-9a4b-ecc28fc8a314 req-7bfa589e-62a6-4293-9a4b-ecc28fc8a314 ] Request (FlavorsExtraSpecsNegativeTestJSON:test_flavor_non_admin_unset_keys): 403 DELETE http://10.180.1.21/compute/v2.1/flavors/286351597/os-extra_specs/hw:numa_nodes 3.268s
2025-12-11 16:33:59.305 66119 INFO tempest.lib.common.rest_client [req-1e632579-e278-4f63-b268-40552ed8ea07 req-1e632579-e278-4f63-b268-40552ed8ea07 ] Request (HypervisorAdminNegativeTestJSON:test_get_hypervisor_uptime_with_non_admin_user): 403 GET http://10.180.1.21/compute/v2.1/os-hypervisors/1/uptime 3.272s
2025-12-11 16:33:59.321 66129 INFO tempest.lib.common.rest_client [req-2ccd5618-1822-4531-88b0-329f54da3a0b req-2ccd5618-1822-4531-88b0-329f54da3a0b ] Request (HypervisorAdminV228Test:tearDownClass): 204 DELETE http://10.180.1.21/identity/v3/projects/f61611e2049c426a82e6a4f0f681b029 0.140s
2025-12-11 16:33:59.322 66129 INFO tempest.test [-] raised in UpdateMultiattachVolumeNegativeTest.setUpClass. Invoking tearDownClass.
2025-12-11 16:33:59.372 66169 INFO tempest.lib.common.rest_client [req-ff4bc944-2c68-484b-95bc-8f2d54e6f4fb req-ff4bc944-2c68-484b-95bc-8f2d54e6f4fb ] Request (KeyPairsV210TestJSON:setUpClass): 201 POST http://10.180.1.21/identity/v3/users 0.156s
2025-12-11 16:33:59.399 66129 INFO tempest.lib.common.rest_client [req-563df564-a9a5-4bef-be8d-17fd5ca2bbd5 req-563df564-a9a5-4bef-be8d-17fd5ca2bbd5 ] Request (KeyPairsV22TestJSON:setUpClass): 201 POST http://10.180.1.21/identity/v3/auth/tokens 0.072s
2025-12-11 16:33:59.408 66147 INFO tempest.lib.common.rest_client [req-f8b63c63-4427-4047-9357-958b2198fbae req-f8b63c63-4427-4047-9357-958b2198fbae ] Request (ServersAdmin275Test:test_rebuild_update_server_275): 200 GET http://10.180.1.21/compute/v2.1/servers/8721293a-adf5-4623-a4ab-23e9dd16b8ad 3.365s
2025-12-11 16:33:59.414 66176 INFO tempest.lib.common.rest_client [req-5bb55f30-2fda-418a-b91c-25a41e7dab11 req-5bb55f30-2fda-418a-b91c-25a41e7dab11 ] Request (VolumesAssistedSnapshotsTest:test_volume_assisted_snapshot_create_delete): 202 POST http://10.180.1.21/compute/v2.1/servers 3.740s
2025-12-11 16:33:59.429 66147 INFO tempest.common.waiters [-] State transition "BUILD/None" ==> "BUILD/spawning" after 4 second wait
2025-12-11 16:33:59.439 66169 INFO tempest.lib.common.rest_client [req-7398ee1c-2905-4ee2-8a26-b34c4723c171 req-7398ee1c-2905-4ee2-8a26-b34c4723c171 ] Request (KeyPairsV210TestJSON:setUpClass): 200 GET http://10.180.1.21/identity/v3/roles 0.067s
2025-12-11 16:33:59.480 66125 INFO tempest.lib.common.rest_client [req-b6bb202e-a62a-4df5-9de6-09f58dac8d03 req-b6bb202e-a62a-4df5-9de6-09f58dac8d03 ] Request (QuotasAdminTestV236:_run_cleanups): 204 DELETE http://10.180.1.21/identity/v3/users/0205c4896f804d1dac175a04c6ac4abd 0.255s
2025-12-11 16:33:59.490 66173 INFO tempest.lib.common.rest_client [req-49f2854e-f6f4-4f69-ad1c-f21e0d120ef4 req-49f2854e-f6f4-4f69-ad1c-f21e0d120ef4 ] Request (ServerDiagnosticsV248Test:test_get_server_diagnostics): 200 GET http://10.180.1.21/compute/v2.1/servers/eb8a9eb8-a6c0-42a6-a272-b7c574b4a32f 2.866s
2025-12-11 16:33:59.514 66129 INFO tempest.lib.common.rest_client [req-2eabedd0-7b0c-4490-92f6-5ee34d3b7e17 req-2eabedd0-7b0c-4490-92f6-5ee34d3b7e17 ] Request (KeyPairsV22TestJSON:setUpClass): 201 POST http://10.180.1.21/identity/v3/auth/tokens 0.108s
2025-12-11 16:33:59.554 66135 INFO tempest.lib.common.rest_client [req-ac64d4b4-457e-4d4c-93f6-9bd93a4dcd90 req-ac64d4b4-457e-4d4c-93f6-9bd93a4dcd90 ] Request (ServersTestMultiNic:test_verify_duplicate_network_nics): 200 GET http://10.180.1.21/compute/v2.1/servers/0faeacf7-8d92-41ec-bd47-8e4addd7e627 2.896s
2025-12-11 16:33:59.560 66145 INFO tempest.lib.common.rest_client [req-660525ff-ad0a-4f73-99bc-d32fab2fdfcc req-660525ff-ad0a-4f73-99bc-d32fab2fdfcc ] Request (AggregatesAdminNegativeTestJSON:_run_cleanups): 200 POST http://10.180.1.21/compute/v2.1/os-aggregates/1/action 3.470s
2025-12-11 16:33:59.564 66169 INFO tempest.lib.common.rest_client [req-17368b0b-b509-492d-9271-a8c04b382e65 req-17368b0b-b509-492d-9271-a8c04b382e65 ] Request (KeyPairsV210TestJSON:setUpClass): 204 PUT http://10.180.1.21/identity/v3/projects/8af469750d0048fcb4f0e2d8d86eae10/users/7c8cc33e0a0a45a488cc90bd7d011917/roles/e8c8b35ce3bb4c4cbd0ee58697d5d490 0.125s
2025-12-11 16:33:59.594 66131 INFO tempest.lib.common.rest_client [req-cc0b52fc-881f-4982-a057-e59405be5834 req-cc0b52fc-881f-4982-a057-e59405be5834 ] Request (FlavorsV255TestJSON:_run_cleanups): 200 GET http://10.180.1.21/compute/v2.1/flavors/detail 2.622s
2025-12-11 16:33:59.601 66139 INFO tempest.lib.common.rest_client [req-5b6300d4-790e-4ae1-aae2-370d214ff6e3 req-5b6300d4-790e-4ae1-aae2-370d214ff6e3 ] Request (ServersWithSpecificFlavorTestJSON:test_verify_created_server_ephemeral_disk): 200 POST http://10.180.1.21/compute/v2.1/flavors/2010927542/os-extra_specs 2.616s
2025-12-11 16:33:59.631 66127 INFO tempest.lib.common.rest_client [req-e967d29d-bcf7-4c01-8768-4e0307bcb129 req-e967d29d-bcf7-4c01-8768-4e0307bcb129 ] Request (HypervisorAdminNegativeUnderV252Test:test_show_servers_with_non_admin_user): 200 GET http://10.180.1.21/compute/v2.1/os-hypervisors 2.632s
2025-12-11 16:33:59.638 66129 INFO tempest.lib.common.rest_client [req-23f0777e-e0c4-45c9-bddc-ec82295a7ba0 req-23f0777e-e0c4-45c9-bddc-ec82295a7ba0 ] Request (KeyPairsV22TestJSON:setUpClass): 200 GET http://10.180.1.21/identity/v3/domains?name=Default 0.124s
2025-12-11 16:33:59.646 66159 INFO tempest.lib.common.rest_client [req-79e67995-fa94-4e13-9f86-50c12df0dc98 req-79e67995-fa94-4e13-9f86-50c12df0dc98 ] Request (ImagesDeleteNegativeTestJSON:test_delete_image_with_id_over_character_limit): 404 DELETE http://10.180.1.21/compute/v2.1/images/24aa8cd4-af3c-4c45-868e-5397688cd6581 2.435s
2025-12-11 16:33:59.657 66169 INFO tempest.lib.common.rest_client [req-184c3870-6dfd-4f46-993b-e2716cb131e0 req-184c3870-6dfd-4f46-993b-e2716cb131e0 ] Request (KeyPairsV210TestJSON:setUpClass): 200 GET http://10.180.1.21/identity/v3/roles 0.093s
2025-12-11 16:33:59.681 66125 INFO tempest.lib.common.rest_client [req-77c648eb-2b0e-4951-916d-0ed886a4338f req-77c648eb-2b0e-4951-916d-0ed886a4338f ] Request (QuotasAdminTestV236:_run_cleanups): 204 DELETE http://10.180.1.21/identity/v3/projects/b2c82de6988747739487ba26b0fdef73 0.200s
2025-12-11 16:33:59.725 66151 INFO tempest.lib.common.rest_client [req-4dcaf4df-c318-41e4-a1cc-25a34e8ebe9a req-4dcaf4df-c318-41e4-a1cc-25a34e8ebe9a ] Request (SecurityGroupsTestAdminJSON:_run_cleanups): 202 DELETE http://10.180.1.21/compute/v2.1/os-security-groups/5c8d560d-1a61-4c6f-b401-17fedbe6658d 2.639s
2025-12-11 16:33:59.754 66129 INFO tempest.lib.common.rest_client [req-3e1df7bd-efc1-4724-96fc-f18350baed1d req-3e1df7bd-efc1-4724-96fc-f18350baed1d ] Request (KeyPairsV22TestJSON:setUpClass): 201 POST http://10.180.1.21/identity/v3/projects 0.115s
2025-12-11 16:33:59.777 66131 INFO tempest.lib.common.rest_client [req-a53c8aeb-45f6-4ea7-ad11-898617366c7f req-a53c8aeb-45f6-4ea7-ad11-898617366c7f ] Request (FlavorsV255TestJSON:tearDownClass): 204 DELETE http://10.180.1.21/identity/v3/users/457c7907e7c04872a4f810de97536b21 0.170s
2025-12-11 16:33:59.851 66169 INFO tempest.lib.common.rest_client [req-94745033-db15-47b7-b860-67af5bfb3e95 req-94745033-db15-47b7-b860-67af5bfb3e95 ] Request (KeyPairsV210TestJSON:setUpClass): 204 PUT http://10.180.1.21/identity/v3/projects/8af469750d0048fcb4f0e2d8d86eae10/users/7c8cc33e0a0a45a488cc90bd7d011917/roles/e8c8b35ce3bb4c4cbd0ee58697d5d490 0.192s
2025-12-11 16:33:59.851 66169 INFO tempest.lib.common.dynamic_creds [-] Dynamic test user 7c8cc33e0a0a45a488cc90bd7d011917 is created with scope project and roles: ['admin']
2025-12-11 16:33:59.851 66169 INFO tempest.lib.common.dynamic_creds [-] Acquired dynamic creds: credentials: Credentials: {'domain_id': 'default', 'domain_name': 'Default', 'username': 'tempest-KeyPairsV210TestJSON-1295988485-project-admin', 'project_domain_id': 'default', 'project_domain_name': 'Default', 'project_id': '8af469750d0048fcb4f0e2d8d86eae10', 'project_name': 'tempest-KeyPairsV210TestJSON-1295988485', 'tenant_id': '8af469750d0048fcb4f0e2d8d86eae10', 'tenant_name': 'tempest-KeyPairsV210TestJSON-1295988485', 'user_domain_id': 'default', 'user_domain_name': 'Default', 'user_id': '7c8cc33e0a0a45a488cc90bd7d011917', 'system': None}, Network: None, Subnet: None, Router: None
2025-12-11 16:33:59.851 66169 INFO tempest.lib.common.dynamic_creds [-] Created isolated network resources for: credentials: Credentials: {'domain_id': 'default', 'domain_name': 'Default', 'username': 'tempest-KeyPairsV210TestJSON-1295988485-project-admin', 'project_domain_id': 'default', 'project_domain_name': 'Default', 'project_id': '8af469750d0048fcb4f0e2d8d86eae10', 'project_name': 'tempest-KeyPairsV210TestJSON-1295988485', 'tenant_id': '8af469750d0048fcb4f0e2d8d86eae10', 'tenant_name': 'tempest-KeyPairsV210TestJSON-1295988485', 'user_domain_id': 'default', 'user_domain_name': 'Default', 'user_id': '7c8cc33e0a0a45a488cc90bd7d011917', 'system': None}, Network: None, Subnet: None, Router: None
2025-12-11 16:33:59.874 66125 INFO tempest.lib.common.rest_client [req-2210561c-3352-4f0f-8671-d1f49b3e451b req-2210561c-3352-4f0f-8671-d1f49b3e451b ] Request (QuotasAdminTestV236:tearDownClass): 204 DELETE http://10.180.1.21/identity/v3/users/db6c43c5c219448c93bc4fb8ad00b0a1 0.190s
2025-12-11 16:33:59.942 66157 INFO tempest.lib.common.rest_client [req-79b6875c-869e-430c-8b6a-df29b9f4e31e req-79b6875c-869e-430c-8b6a-df29b9f4e31e ] Request (ServerDiagnosticsNegativeTest:test_get_server_diagnostics_by_non_admin): 200 GET http://10.180.1.21/compute/v2.1/servers/8e8d8a78-80e0-461a-8ec5-5ffdb0109134 1.994s
2025-12-11 16:33:59.953 66157 INFO tempest.common.waiters [-] State transition "BUILD/block_device_mapping" ==> "BUILD/spawning" after 7 second wait
2025-12-11 16:33:59.956 66129 INFO tempest.lib.common.rest_client [req-7c531275-4d53-4703-bb32-44b5fb7a2b2a req-7c531275-4d53-4703-bb32-44b5fb7a2b2a ] Request (KeyPairsV22TestJSON:setUpClass): 201 POST http://10.180.1.21/identity/v3/users 0.202s
2025-12-11 16:33:59.961 66131 INFO tempest.lib.common.rest_client [req-fa0186dd-f4ac-48d7-a26c-ade91fe44a13 req-fa0186dd-f4ac-48d7-a26c-ade91fe44a13 ] Request (FlavorsV255TestJSON:tearDownClass): 204 DELETE http://10.180.1.21/identity/v3/users/3ddef111b5334e4bad31c66d31f78897 0.184s
2025-12-11 16:33:59.962 66131 INFO tempest.lib.common.dynamic_creds [-] Deleting project and security group for project: 0b1fe828fbc54ff5bb453b73f1819409
2025-12-11 16:34:00.011 66171 INFO tempest.lib.common.rest_client [req-dfbf30a4-2615-48e6-94b4-d47fa7a741da req-dfbf30a4-2615-48e6-94b4-d47fa7a741da ] Request (QuotasAdminNegativeTest:test_create_server_when_instances_quota_is_full): 403 POST http://10.180.1.21/compute/v2.1/servers 2.727s
2025-12-11 16:34:00.052 66169 INFO tempest.lib.common.rest_client [req-82cb6f94-8c89-42dc-80c2-3fa69bcd70c2 req-82cb6f94-8c89-42dc-80c2-3fa69bcd70c2 ] Request (KeyPairsV210TestJSON:setUpClass): 201 POST http://10.180.1.21/identity/v3/auth/tokens 0.196s
2025-12-11 16:34:00.077 66167 INFO tempest.lib.common.rest_client [req-516a16e3-326c-4760-85bd-711387849448 req-516a16e3-326c-4760-85bd-711387849448 ] Request (FlavorsAccessTestJSON:_run_cleanups): 202 DELETE http://10.180.1.21/compute/v2.1/flavors/1392843572 1.495s
2025-12-11 16:34:00.125 66123 INFO tempest.lib.common.rest_client [req-9b696f31-7391-40d3-98c7-a84757e91e41 req-9b696f31-7391-40d3-98c7-a84757e91e41 ] Request (HypervisorAdminV253TestBase:test_list_show_detail_hypervisors): 200 GET http://10.180.1.21/compute/v2.1/os-hypervisors/dd9eb158-0c22-47b4-8cce-3081dfaec10b 1.496s
2025-12-11 16:34:00.158 66125 INFO tempest.lib.common.rest_client [req-cab37f42-9462-4094-a049-e09f188ced13 req-cab37f42-9462-4094-a049-e09f188ced13 ] Request (QuotasAdminTestV236:tearDownClass): 204 DELETE http://10.180.1.21/identity/v3/users/ba7a5a488e3640a3a4f6f06bceca4e81 0.283s
2025-12-11 16:34:00.158 66125 INFO tempest.lib.common.dynamic_creds [-] Deleting project and security group for project: e341f5670775463186dffeaf44ce2a57
2025-12-11 16:34:00.159 66121 INFO tempest.lib.common.rest_client [req-58310f7f-1aeb-4860-ab19-ba83f07b3b46 req-58310f7f-1aeb-4860-ab19-ba83f07b3b46 ] Request (FlavorsExtraSpecsTestJSON:test_flavor_set_get_update_show_unset_keys): 200 POST http://10.180.1.21/compute/v2.1/flavors/1418262678/os-extra_specs 1.514s
2025-12-11 16:34:00.247 66129 INFO tempest.lib.common.rest_client [req-39e2b8ab-d6db-47dc-8616-2b70b4a7bbb2 req-39e2b8ab-d6db-47dc-8616-2b70b4a7bbb2 ] Request (KeyPairsV22TestJSON:setUpClass): 200 GET http://10.180.1.21/identity/v3/roles 0.290s
2025-12-11 16:34:00.280 66163 INFO tempest.lib.common.rest_client [req-6ef1b246-cdf7-49f2-b517-1e7a775f550b req-6ef1b246-cdf7-49f2-b517-1e7a775f550b ] Request (DeleteServersTestJSON:setUpClass): 201 POST http://10.180.1.21/networking/v2.0/routers 1.382s
2025-12-11 16:34:00.292 66131 INFO tempest.lib.common.rest_client [req-b031d951-af62-416c-a2a5-a8a84efbce1b req-b031d951-af62-416c-a2a5-a8a84efbce1b ] Request (FlavorsV255TestJSON:tearDownClass): 201 POST http://10.180.1.21/identity/v3/auth/tokens 0.329s
2025-12-11 16:34:00.321 66125 INFO tempest.lib.common.rest_client [req-86a2dc47-d6b4-42f3-9d5f-316c5aba8ae2 req-86a2dc47-d6b4-42f3-9d5f-316c5aba8ae2 ] Request (QuotasAdminTestV236:tearDownClass): 201 POST http://10.180.1.21/identity/v3/auth/tokens 0.162s
2025-12-11 16:34:00.397 66161 INFO tempest.lib.common.rest_client [req-61f6f424-e654-449b-bb86-d89a4ab03e87 req-61f6f424-e654-449b-bb86-d89a4ab03e87 ] Request (ValidationResourcesFixture:setUp): 200 POST http://10.180.1.21/compute/v2.1/os-keypairs 2.342s
2025-12-11 16:34:00.429 66129 INFO tempest.lib.common.rest_client [req-d3524471-51ef-453b-a812-8365694dbced req-d3524471-51ef-453b-a812-8365694dbced ] Request (KeyPairsV22TestJSON:setUpClass): 204 PUT http://10.180.1.21/identity/v3/projects/a0e3db7c951d4e6f973aa4d7d8f26360/users/f08f666e723a4d80b513ae1779c6fd74/roles/609bb3545ac34d6ca1f3970210b5e575 0.182s
2025-12-11 16:34:00.430 66129 INFO tempest.lib.common.dynamic_creds [-] Dynamic test user f08f666e723a4d80b513ae1779c6fd74 is created with scope project and roles: ['member']
2025-12-11 16:34:00.430 66129 INFO tempest.lib.common.dynamic_creds [-] Acquired dynamic creds: credentials: Credentials: {'domain_id': 'default', 'domain_name': 'Default', 'username': 'tempest-KeyPairsV22TestJSON-844457763-project-member', 'project_domain_id': 'default', 'project_domain_name': 'Default', 'project_id': 'a0e3db7c951d4e6f973aa4d7d8f26360', 'project_name': 'tempest-KeyPairsV22TestJSON-844457763', 'tenant_id': 'a0e3db7c951d4e6f973aa4d7d8f26360', 'tenant_name': 'tempest-KeyPairsV22TestJSON-844457763', 'user_domain_id': 'default', 'user_domain_name': 'Default', 'user_id': 'f08f666e723a4d80b513ae1779c6fd74', 'system': None}, Network: None, Subnet: None, Router: None
2025-12-11 16:34:00.430 66129 INFO tempest.lib.common.dynamic_creds [-] Created isolated network resources for: credentials: Credentials: {'domain_id': 'default', 'domain_name': 'Default', 'username': 'tempest-KeyPairsV22TestJSON-844457763-project-member', 'project_domain_id': 'default', 'project_domain_name': 'Default', 'project_id': 'a0e3db7c951d4e6f973aa4d7d8f26360', 'project_name': 'tempest-KeyPairsV22TestJSON-844457763', 'tenant_id': 'a0e3db7c951d4e6f973aa4d7d8f26360', 'tenant_name': 'tempest-KeyPairsV22TestJSON-844457763', 'user_domain_id': 'default', 'user_domain_name': 'Default', 'user_id': 'f08f666e723a4d80b513ae1779c6fd74', 'system': None}, Network: None, Subnet: None, Router: None
2025-12-11 16:34:00.470 66123 INFO tempest.lib.common.rest_client [req-05e8df06-1114-4e80-ac2e-0e789c6a1f98 req-05e8df06-1114-4e80-ac2e-0e789c6a1f98 ] Request (HypervisorAdminV253TestBase:tearDownClass): 204 DELETE http://10.180.1.21/identity/v3/users/318d81c9e7944b8a9e66770d16051ffe 0.334s
2025-12-11 16:34:00.506 66179 INFO tempest.lib.common.rest_client [req-d630db58-f1c5-43e7-ab36-9852023130fa req-d630db58-f1c5-43e7-ab36-9852023130fa ] Request (FlavorsAccessNegativeTestJSON:_run_cleanups): 202 DELETE http://10.180.1.21/compute/v2.1/flavors/1325127207 1.447s
2025-12-11 16:34:00.545 66149 INFO tempest.lib.common.rest_client [req-a16c4bf9-489b-4f03-8597-b4313c3661bc req-a16c4bf9-489b-4f03-8597-b4313c3661bc ] Request (ServicesAdminNegativeV253TestJSON:test_get_service_by_invalid_service_and_valid_host): 200 GET http://10.180.1.21/compute/v2.1/os-services 1.295s
2025-12-11 16:34:00.558 66129 INFO tempest.lib.common.rest_client [req-558969bb-8ea3-4731-8e76-a10877d56906 req-558969bb-8ea3-4731-8e76-a10877d56906 ] Request (KeyPairsV22TestJSON:setUpClass): 201 POST http://10.180.1.21/identity/v3/auth/tokens 0.123s
2025-12-11 16:34:00.563 66133 INFO tempest.lib.common.rest_client [req-131647ed-e2e7-4759-9ba3-87a11778b9bb req-131647ed-e2e7-4759-9ba3-87a11778b9bb ] Request (HostsAdminNegativeTestJSON:test_show_host_detail_with_nonexistent_hostname): 404 GET http://10.180.1.21/compute/v2.1/os-hosts/nonexistent_hostname 1.306s
2025-12-11 16:34:00.579 66141 INFO tempest.lib.common.rest_client [req-b3b58e67-72b3-4588-9ecd-0f9062958d86 req-b3b58e67-72b3-4588-9ecd-0f9062958d86 ] Request (FlavorsAdminTestJSON:_run_cleanups): 202 DELETE http://10.180.1.21/compute/v2.1/flavors/57318871 1.281s
2025-12-11 16:34:00.614 66137 INFO tempest.lib.common.rest_client [req-77d240bc-8e3e-45b8-b2ea-12792ef0e48b req-77d240bc-8e3e-45b8-b2ea-12792ef0e48b ] Request (FlavorsExtraSpecsNegativeTestJSON:test_flavor_non_admin_update_specific_key): 200 POST http://10.180.1.21/compute/v2.1/flavors/286351597/os-extra_specs 1.313s
2025-12-11 16:34:00.621 66119 INFO tempest.lib.common.rest_client [req-18dc982a-4b41-474c-a123-176f6030417b req-18dc982a-4b41-474c-a123-176f6030417b ] Request (HypervisorAdminNegativeTestJSON:test_get_nonexistent_hypervisor_uptime): 404 GET http://10.180.1.21/compute/v2.1/os-hypervisors/c73d4507-2570-40ad-91d3-2017c870ea1b/uptime 1.314s
2025-12-11 16:34:00.644 66123 INFO tempest.lib.common.rest_client [req-69125179-89e9-4c3e-be45-cbba7b82ceab req-69125179-89e9-4c3e-be45-cbba7b82ceab ] Request (HypervisorAdminV253TestBase:tearDownClass): 204 DELETE http://10.180.1.21/identity/v3/users/3813f5be09504e1fb3e4a5bd89a01246 0.173s
2025-12-11 16:34:00.645 66123 INFO tempest.lib.common.dynamic_creds [-] Deleting project and security group for project: 99cc69fcf7344f8c97aa60947d247918
2025-12-11 16:34:00.725 66123 INFO tempest.lib.common.rest_client [req-da75172a-6ea9-4034-a909-e2aebadd726c req-da75172a-6ea9-4034-a909-e2aebadd726c ] Request (HypervisorAdminV253TestBase:tearDownClass): 201 POST http://10.180.1.21/identity/v3/auth/tokens 0.080s
2025-12-11 16:34:01.276 66131 INFO tempest.lib.common.rest_client [req-641d990f-cef9-4342-a034-f4d61b42d785 req-641d990f-cef9-4342-a034-f4d61b42d785 ] Request (FlavorsV255TestJSON:tearDownClass): 200 GET http://10.180.1.21/networking/v2.0/security-groups?tenant_id=0b1fe828fbc54ff5bb453b73f1819409&name=default 0.984s
2025-12-11 16:34:01.326 66163 INFO tempest.lib.common.rest_client [req-c018da4f-e911-4ed1-acf9-dc47693df37e req-c018da4f-e911-4ed1-acf9-dc47693df37e ] Request (DeleteServersTestJSON:setUpClass): 200 PUT http://10.180.1.21/networking/v2.0/routers/269590e6-18fd-46f3-a799-737e59ba5b81/add_router_interface 1.045s
