2025-12-11 16:36:02.681 66171 INFO tempest.lib.common.rest_client [req-50be4fb2-4e89-46c5-85e8-51ec63a07cd9 req-50be4fb2-4e89-46c5-85e8-51ec63a07cd9 ] Request (ServersAdminTestJSON:test_inject_network_info): 200 GET http://10.180.1.21/compute/v2.1/servers/7f69cca9-d959-4e17-86f4-2fcf7b8d3cc1 6.979s
2025-12-11 16:36:02.954 66125 INFO tempest.lib.common.rest_client [req-8bcb32e9-42df-40ce-a962-e247a894a0be req-8bcb32e9-42df-40ce-a962-e247a894a0be ] Request (ServerActionsTestOtherB:test_create_backup): 200 GET http://10.180.1.21/image/v2/images/ce86f236-e1d0-4514-9eeb-840b8dbbaa2a 6.073s
2025-12-11 16:36:02.999 66167 INFO tempest.lib.common.rest_client [req-cf1daf80-44d4-4351-90d8-380dc3a6734e req-cf1daf80-44d4-4351-90d8-380dc3a6734e ] Request (ImagesOneServerTestJSON:test_create_delete_image): 200 GET http://10.180.1.21/compute/v2.1/images/dd30a199-0a0c-4ab3-903e-2530b9c8d919 7.915s
2025-12-11 16:36:03.044 66117 INFO tempest.lib.common.rest_client [req-b47950a1-dbdc-4fbf-8cd4-1a2cd39ef606 req-b47950a1-dbdc-4fbf-8cd4-1a2cd39ef606 ] Request (VolumesAdminNegativeTest:tearDownClass): 204 DELETE http://10.180.1.21/networking/v2.0/routers/c6e7386d-3299-4d24-a40d-88a41e6b4ae3 0.426s
2025-12-11 16:36:03.135 66147 INFO tempest.lib.common.rest_client [req-9db1d08f-5a75-46a1-9c4e-9f8901d6e078 req-9db1d08f-5a75-46a1-9c4e-9f8901d6e078 ] Request (ServersAdminNegativeTestJSON:test_migrate_non_existent_server): 404 POST http://10.180.1.21/compute/v2.1/servers/3c8f6b48-a9e4-4524-bc39-378ac00464f2/action 7.346s
2025-12-11 16:36:03.216 66147 INFO tempest.lib.common.rest_client [req-7f4ef55c-bf37-44d0-9592-eb15dedfd0b4 req-7f4ef55c-bf37-44d0-9592-eb15dedfd0b4 ] Request (ServersAdminNegativeTestJSON:test_migrate_server_invalid_state): 201 POST http://10.180.1.21/identity/v3/auth/tokens 0.073s
2025-12-11 16:36:03.216 66147 INFO tempest.lib.common.fixed_network [-] (ServersAdminNegativeTestJSON:test_migrate_server_invalid_state) Found network None available for tenant
2025-12-11 16:36:03.365 66117 INFO tempest.lib.common.rest_client [req-8bd484d0-e134-48cf-963a-764459f78300 req-8bd484d0-e134-48cf-963a-764459f78300 ] Request (VolumesAdminNegativeTest:tearDownClass): 204 DELETE http://10.180.1.21/networking/v2.0/subnets/90557cf7-823e-4a78-afeb-ef01f1450cae 0.321s
2025-12-11 16:36:03.438 66151 INFO tempest.lib.common.rest_client [req-33924175-f6da-46d2-a92b-7cfdc0e828a4 req-33924175-f6da-46d2-a92b-7cfdc0e828a4 ] Request (ListImageFiltersTestJSON:setUpClass): 200 GET http://10.180.1.21/compute/v2.1/servers/dee35eee-ef46-42d5-903a-e06675392b90 7.702s
2025-12-11 16:36:03.450 66163 INFO tempest.lib.common.rest_client [req-0fd2e0f5-c18a-465e-9dcd-a001844cffed req-0fd2e0f5-c18a-465e-9dcd-a001844cffed ] Request (DeleteServersTestJSON:test_delete_server_while_in_attached_volume): 200 GET http://10.180.1.21/compute/v2.1/servers/0dd31050-f13a-41b8-a4ff-33da6550c76a 7.597s
2025-12-11 16:36:03.451 66151 INFO tempest.common.waiters [-] State transition "BUILD/None" ==> "BUILD/block_device_mapping" after 17 second wait
2025-12-11 16:36:03.503 66157 INFO tempest.lib.common.rest_client [req-9ce7cdf4-45ec-4265-83ef-7562414dc6f5 req-9ce7cdf4-45ec-4265-83ef-7562414dc6f5 ] Request (FlavorsV2TestJSON:test_list_flavors_detailed_using_marker): 200 GET http://10.180.1.21/compute/v2.1/flavors/detail?marker=42 7.300s
2025-12-11 16:36:03.742 66117 INFO tempest.lib.common.rest_client [req-6a1038f4-3d19-4d1d-85a8-a2b1cffaf3d8 req-6a1038f4-3d19-4d1d-85a8-a2b1cffaf3d8 ] Request (VolumesAdminNegativeTest:tearDownClass): 204 DELETE http://10.180.1.21/networking/v2.0/networks/6e2a0eca-5498-41a5-9061-fc55bbc91082 0.376s
2025-12-11 16:36:03.841 66129 INFO tempest.lib.common.rest_client [req-34d02580-10a3-4763-abed-1c10c1f6246e req-34d02580-10a3-4763-abed-1c10c1f6246e ] Request (ServerMetadataNegativeTestJSON:setUpClass): 200 GET http://10.180.1.21/compute/v2.1/servers/4bce7b97-d674-4916-89c5-abac9ce54026 7.767s
2025-12-11 16:36:03.875 66117 INFO tempest.lib.common.rest_client [req-36b6f4a8-e9ad-44bd-8aea-6abd83fa4ef4 req-36b6f4a8-e9ad-44bd-8aea-6abd83fa4ef4 ] Request (VolumesAdminNegativeTest:tearDownClass): 204 DELETE http://10.180.1.21/identity/v3/users/40b7a0ac11e2425c84d53b6645110813 0.132s
2025-12-11 16:36:03.985 66125 INFO tempest.lib.common.rest_client [req-68656027-3eac-43ee-941d-3bf0b1dde626 req-68656027-3eac-43ee-941d-3bf0b1dde626 ] Request (ServerActionsTestOtherB:test_create_backup): 200 GET http://10.180.1.21/image/v2/images/ce86f236-e1d0-4514-9eeb-840b8dbbaa2a 0.030s
2025-12-11 16:36:04.009 66161 INFO tempest.lib.common.rest_client [req-15598bce-2e0d-46ee-9c94-2779475bcd59 req-15598bce-2e0d-46ee-9c94-2779475bcd59 ] Request (AttachInterfacesTestJSON:test_create_list_show_delete_interfaces_by_fixed_ip): 200 GET http://10.180.1.21/compute/v2.1/servers/75797b57-69fc-42f0-b067-cdf23332b053/os-interface 7.727s
2025-12-11 16:36:04.015 66117 INFO tempest.lib.common.rest_client [req-de35540e-63a8-4402-bf85-f516a3c5a8d6 req-de35540e-63a8-4402-bf85-f516a3c5a8d6 ] Request (VolumesAdminNegativeTest:tearDownClass): 204 DELETE http://10.180.1.21/identity/v3/users/c04b7b92e25e49cf818b664e1a6685be 0.139s
2025-12-11 16:36:04.038 66141 INFO tempest.lib.common.rest_client [req-af4ad6ba-d4f9-465d-86e0-5570b51c5653 req-af4ad6ba-d4f9-465d-86e0-5570b51c5653 ] Request (FlavorsAdminTestJSON:test_is_public_string_variations): 200 GET http://10.180.1.21/compute/v2.1/flavors/detail?is_public=t 7.388s
2025-12-11 16:36:04.065 66161 INFO tempest.lib.common.rest_client [req-98285629-59e8-4f66-8a09-862f016ef495 req-98285629-59e8-4f66-8a09-862f016ef495 ] Request (AttachInterfacesTestJSON:_run_cleanups): 404 DELETE http://10.180.1.21/networking/v2.0/ports/24b99de1-9561-4ba4-92fc-277b1d6152a2 0.054s
2025-12-11 16:36:04.157 66117 INFO tempest.lib.common.rest_client [req-8def4a71-46f6-4ac2-9180-8db4c2cd7c1b req-8def4a71-46f6-4ac2-9180-8db4c2cd7c1b ] Request (VolumesAdminNegativeTest:tearDownClass): 204 DELETE http://10.180.1.21/identity/v3/users/00740b3d13b544e5b5f0e9afcaf23ad1 0.141s
2025-12-11 16:36:04.157 66117 INFO tempest.lib.common.dynamic_creds [-] Deleting project and security group for project: 02b3aaf631164bdda163cd7cebd10a38
2025-12-11 16:36:04.175 66169 INFO tempest.lib.common.rest_client [req-0b0d0b09-9d99-4eb3-a632-0b5695a284f3 req-0b0d0b09-9d99-4eb3-a632-0b5695a284f3 ] Request (ServerAddressesTestJSON:tearDownClass): 200 GET http://10.180.1.21/compute/v2.1/servers/5269b854-fe82-4936-a3f8-dedb3d7531d2 7.151s
2025-12-11 16:36:04.187 66117 INFO tempest.lib.common.rest_client [req-bdc1ca10-c685-480a-afe6-dfe56de5872c req-bdc1ca10-c685-480a-afe6-dfe56de5872c ] Request (VolumesAdminNegativeTest:tearDownClass): 200 GET http://10.180.1.21/networking/v2.0/security-groups?tenant_id=02b3aaf631164bdda163cd7cebd10a38&name=default 0.030s
2025-12-11 16:36:04.237 66131 WARNING tempest.lib.common.ssh [-] Failed to establish authenticated ssh connection to cirros@10.180.180.173 ([Errno None] Unable to connect to port 22 on 10.180.180.173). Number attempts: 1. Retry after 2 seconds.: paramiko.ssh_exception.NoValidConnectionsError: [Errno None] Unable to connect to port 22 on 10.180.180.173
2025-12-11 16:36:04.293 66117 INFO tempest.lib.common.rest_client [req-f48e4b52-41b8-4bec-a533-4bcc4fc936fe req-f48e4b52-41b8-4bec-a533-4bcc4fc936fe ] Request (VolumesAdminNegativeTest:tearDownClass): 204 DELETE http://10.180.1.21/networking/v2.0/security-groups/5c91b3f9-3ecf-49e0-a7ea-2c320e189c67 0.105s
2025-12-11 16:36:04.318 66149 INFO tempest.lib.common.rest_client [req-bea978d7-0767-4885-bf6c-001a8af10d6c req-bea978d7-0767-4885-bf6c-001a8af10d6c ] Request (FloatingIPsAssociationNegativeTestJSON:tearDownClass): 200 GET http://10.180.1.21/compute/v2.1/servers/4a7f8a45-83bc-465a-80b9-5305d8e8cb24 7.201s
2025-12-11 16:36:04.325 66149 INFO tempest.common.waiters [-] State transition "ACTIVE/deleting" ==> "DELETED/None" after 8 second wait
2025-12-11 16:36:04.386 66133 INFO tempest.lib.common.rest_client [req-1bd49da0-4e93-4e45-89e5-26416673733a req-1bd49da0-4e93-4e45-89e5-26416673733a ] Request (ServersV294TestFqdnHostnames:setUpClass): 200 GET http://10.180.1.21/compute/v2.1/servers/a17be2d9-96ab-470f-ad55-7c9dbf8fbb1f 7.219s
2025-12-11 16:36:04.397 66127 INFO tempest.lib.common.rest_client [req-c4301f4c-6032-4075-9e57-d3784903bea5 req-c4301f4c-6032-4075-9e57-d3784903bea5 ] Request (ListServersNegativeTestJSON:test_list_servers_status_non_existing): 200 GET http://10.180.1.21/compute/v2.1/servers?status=non_existing_status 6.934s
2025-12-11 16:36:04.415 66119 INFO tempest.lib.common.rest_client [req-e068b802-80d9-4f52-8532-0de9a8f9dc0c req-e068b802-80d9-4f52-8532-0de9a8f9dc0c ] Request (SecurityGroupsTestJSON:test_list_security_groups_by_server): 202 POST http://10.180.1.21/compute/v2.1/servers/05ba0715-0f8e-456b-9287-2d802dc53b46/action 8.144s
2025-12-11 16:36:04.438 66117 INFO tempest.lib.common.rest_client [req-d57d28f5-c41e-4fff-823f-0d796b66c1a5 req-d57d28f5-c41e-4fff-823f-0d796b66c1a5 ] Request (VolumesAdminNegativeTest:tearDownClass): 204 DELETE http://10.180.1.21/identity/v3/projects/02b3aaf631164bdda163cd7cebd10a38 0.144s
2025-12-11 16:36:04.438 66117 INFO tempest.lib.common.dynamic_creds [-] Deleting project and security group for project: d666b9eed63c42f48e9f55661863085c
2025-12-11 16:36:04.483 66117 INFO tempest.lib.common.rest_client [req-2cc4856b-8083-4d65-b695-ce14926864be req-2cc4856b-8083-4d65-b695-ce14926864be ] Request (VolumesAdminNegativeTest:tearDownClass): 200 GET http://10.180.1.21/networking/v2.0/security-groups?tenant_id=d666b9eed63c42f48e9f55661863085c&name=default 0.045s
2025-12-11 16:36:04.499 66177 INFO tempest.lib.common.rest_client [req-98c6308c-4b58-4472-92d4-0be0ec782caa req-98c6308c-4b58-4472-92d4-0be0ec782caa ] Request (InstanceActionsNegativeTestJSON:tearDownClass): 204 DELETE http://10.180.1.21/compute/v2.1/servers/836c6fff-19d7-4be2-af44-8b3870800839 6.674s
2025-12-11 16:36:04.543 66137 INFO tempest.lib.common.rest_client [req-dee5ff0c-62af-483c-8032-e0656f5a42f1 req-dee5ff0c-62af-483c-8032-e0656f5a42f1 ] Request (SecurityGroupRulesTestJSON:tearDownClass): 202 DELETE http://10.180.1.21/compute/v2.1/os-security-groups/374f1ba0-f3d2-4d2d-98ba-489b35605065 6.233s
2025-12-11 16:36:04.566 66181 INFO tempest.lib.common.rest_client [req-3a6a6ff0-4a93-4206-a189-e0bc3d65a997 req-3a6a6ff0-4a93-4206-a189-e0bc3d65a997 ] Request (ServerTagsTestJSON:setUpClass): 200 GET http://10.180.1.21/compute/v2.1/servers/2ea23e19-2fbb-4c08-ae81-1f72eec65d86 5.754s
2025-12-11 16:36:04.574 66117 INFO tempest.lib.common.rest_client [req-0c49f5d6-ea96-4546-bca9-881ee003b3ac req-0c49f5d6-ea96-4546-bca9-881ee003b3ac ] Request (VolumesAdminNegativeTest:tearDownClass): 204 DELETE http://10.180.1.21/networking/v2.0/security-groups/ab94346e-fa0f-4bfb-b3e2-526395d415e6 0.090s
2025-12-11 16:36:04.592 66145 INFO tempest.lib.common.rest_client [req-e68e11ba-c2d9-4833-ab7d-5225402b16d1 req-e68e11ba-c2d9-4833-ab7d-5225402b16d1 ] Request (AggregatesAdminNegativeTestJSON:_run_cleanups): 200 DELETE http://10.180.1.21/compute/v2.1/os-aggregates/7 5.368s
2025-12-11 16:36:04.702 66117 INFO tempest.lib.common.rest_client [req-12a4fe18-944a-41cb-9014-33c6ca2d03b0 req-12a4fe18-944a-41cb-9014-33c6ca2d03b0 ] Request (VolumesAdminNegativeTest:tearDownClass): 204 DELETE http://10.180.1.21/identity/v3/projects/d666b9eed63c42f48e9f55661863085c 0.128s
2025-12-11 16:36:04.703 66117 INFO tempest.lib.common.dynamic_creds [-] Deleting project and security group for project: c7da48c76d3d4fc5b34345c12093267a
2025-12-11 16:36:04.741 66117 INFO tempest.lib.common.rest_client [req-62699c34-96e7-4083-a21e-d8c5ff14e982 req-62699c34-96e7-4083-a21e-d8c5ff14e982 ] Request (VolumesAdminNegativeTest:tearDownClass): 200 GET http://10.180.1.21/networking/v2.0/security-groups?tenant_id=c7da48c76d3d4fc5b34345c12093267a&name=default 0.037s
2025-12-11 16:36:04.791 66155 INFO tempest.lib.common.rest_client [req-41f3a15c-2695-4ae4-9d71-9ba83b7138b7 req-41f3a15c-2695-4ae4-9d71-9ba83b7138b7 ] Request (ServerDiskConfigTestJSON:test_rebuild_server_with_manual_disk_config): 200 GET http://10.180.1.21/compute/v2.1/servers/7f35342e-ae5f-4002-ace5-a203818cb43a 4.724s
2025-12-11 16:36:04.790 66159 INFO tempest.lib.common.rest_client [req-6c343c35-d8f4-4774-bfe9-583ad74ab51a req-6c343c35-d8f4-4774-bfe9-583ad74ab51a ] Request (ServersTestFqdnHostnames:test_create_server_with_fqdn_name): 200 POST http://10.180.1.21/compute/v2.1/os-keypairs 5.635s
2025-12-11 16:36:04.887 66117 INFO tempest.lib.common.rest_client [req-284f94de-b881-4226-83b9-df986a31735a req-284f94de-b881-4226-83b9-df986a31735a ] Request (VolumesAdminNegativeTest:tearDownClass): 204 DELETE http://10.180.1.21/networking/v2.0/security-groups/ff3108f5-d6ef-4ddb-a313-c982c86056e3 0.146s
2025-12-11 16:36:04.951 66159 INFO tempest.lib.common.rest_client [req-faa9ffcf-7a80-4d32-a480-fe17d6db0eae req-faa9ffcf-7a80-4d32-a480-fe17d6db0eae ] Request (ServersTestFqdnHostnames:test_create_server_with_fqdn_name): 201 POST http://10.180.1.21/networking/v2.0/security-groups 0.157s
2025-12-11 16:36:04.952 66179 INFO tempest.lib.common.rest_client [req-d057f985-d819-4007-ae75-78f4364e8655 req-d057f985-d819-4007-ae75-78f4364e8655 ] Request (MigrationsAdminTest:test_list_migrations_in_flavor_resize_situation): 200 GET http://10.180.1.21/compute/v2.1/servers/00b70734-3152-4fe0-921e-81943085a059 4.104s
2025-12-11 16:36:04.996 66117 INFO tempest.lib.common.rest_client [req-5bd415e5-c3dc-4729-8953-628d595858c9 req-5bd415e5-c3dc-4729-8953-628d595858c9 ] Request (VolumesAdminNegativeTest:tearDownClass): 204 DELETE http://10.180.1.21/identity/v3/projects/c7da48c76d3d4fc5b34345c12093267a 0.108s
2025-12-11 16:36:05.007 66125 INFO tempest.lib.common.rest_client [req-05797245-2174-44c2-ae32-41d311fa85c4 req-05797245-2174-44c2-ae32-41d311fa85c4 ] Request (ServerActionsTestOtherB:test_create_backup): 200 GET http://10.180.1.21/image/v2/images/ce86f236-e1d0-4514-9eeb-840b8dbbaa2a 0.021s
2025-12-11 16:36:05.041 66125 INFO tempest.lib.common.rest_client [req-f3bbeda4-b413-4710-b916-aa0d6afec2b0 req-f3bbeda4-b413-4710-b916-aa0d6afec2b0 ] Request (ServerActionsTestOtherB:test_create_backup): 200 GET http://10.180.1.21/image/v2/images/ce86f236-e1d0-4514-9eeb-840b8dbbaa2a/tasks 0.033s
2025-12-11 16:36:05.077 66159 INFO tempest.lib.common.rest_client [req-3d52def9-2bad-4a85-ba1b-86ec805cbbbd req-3d52def9-2bad-4a85-ba1b-86ec805cbbbd ] Request (ServersTestFqdnHostnames:test_create_server_with_fqdn_name): 201 POST http://10.180.1.21/networking/v2.0/security-group-rules 0.125s
2025-12-11 16:36:05.097 66117 INFO tempest.lib.common.rest_client [req-7e8e58d0-8d75-47ae-93fe-340547e56f8e req-7e8e58d0-8d75-47ae-93fe-340547e56f8e ] Request (ServerShowV263Test:setUpClass): 201 POST http://10.180.1.21/identity/v3/auth/tokens 0.100s
2025-12-11 16:36:05.135 66117 INFO tempest.lib.common.rest_client [req-908a7933-f860-41c0-8855-69d7ebe5eb29 req-908a7933-f860-41c0-8855-69d7ebe5eb29 ] Request (ServerShowV263Test:setUpClass): 201 POST http://10.180.1.21/identity/v3/auth/tokens 0.035s
2025-12-11 16:36:05.167 66117 INFO tempest.lib.common.rest_client [req-6bf1790b-29a7-4789-bbe1-6cac6d6a66a6 req-6bf1790b-29a7-4789-bbe1-6cac6d6a66a6 ] Request (ServerShowV263Test:setUpClass): 200 GET http://10.180.1.21/identity/v3/domains?name=Default 0.031s
2025-12-11 16:36:05.199 66117 INFO tempest.lib.common.rest_client [req-e7b9206d-5c77-400d-8fd2-4c90fc80978d req-e7b9206d-5c77-400d-8fd2-4c90fc80978d ] Request (ServerShowV263Test:setUpClass): 201 POST http://10.180.1.21/identity/v3/projects 0.031s
2025-12-11 16:36:05.223 66159 INFO tempest.lib.common.rest_client [req-6bd20a32-610f-432e-a4eb-de4eeff424b2 req-6bd20a32-610f-432e-a4eb-de4eeff424b2 ] Request (ServersTestFqdnHostnames:test_create_server_with_fqdn_name): 201 POST http://10.180.1.21/networking/v2.0/security-group-rules 0.145s
2025-12-11 16:36:05.274 66117 INFO tempest.lib.common.rest_client [req-ef6fa5d0-c8a7-45b4-9c14-8288f52c5629 req-ef6fa5d0-c8a7-45b4-9c14-8288f52c5629 ] Request (ServerShowV263Test:setUpClass): 201 POST http://10.180.1.21/identity/v3/users 0.075s
2025-12-11 16:36:05.297 66117 INFO tempest.lib.common.rest_client [req-8ba3ec11-0ae4-4c0d-8215-3899599e2f01 req-8ba3ec11-0ae4-4c0d-8215-3899599e2f01 ] Request (ServerShowV263Test:setUpClass): 200 GET http://10.180.1.21/identity/v3/roles 0.022s
2025-12-11 16:36:05.341 66117 INFO tempest.lib.common.rest_client [req-2cdec6f8-bfa8-4574-8c54-f9982f820ae1 req-2cdec6f8-bfa8-4574-8c54-f9982f820ae1 ] Request (ServerShowV263Test:setUpClass): 204 PUT http://10.180.1.21/identity/v3/projects/4d5dceef0d9d4592a4d8eeb640e971f8/users/93fe1081917e4f01bfb4eb7a9f9c4399/roles/609bb3545ac34d6ca1f3970210b5e575 0.043s
2025-12-11 16:36:05.341 66117 INFO tempest.lib.common.dynamic_creds [-] Dynamic test user 93fe1081917e4f01bfb4eb7a9f9c4399 is created with scope project and roles: ['member']
2025-12-11 16:36:05.341 66117 INFO tempest.lib.common.dynamic_creds [-] Acquired dynamic creds: credentials: Credentials: {'domain_id': 'default', 'domain_name': 'Default', 'username': 'tempest-ServerShowV263Test-281770577-project-member', 'project_domain_id': 'default', 'project_domain_name': 'Default', 'project_id': '4d5dceef0d9d4592a4d8eeb640e971f8', 'project_name': 'tempest-ServerShowV263Test-281770577', 'tenant_id': '4d5dceef0d9d4592a4d8eeb640e971f8', 'tenant_name': 'tempest-ServerShowV263Test-281770577', 'user_domain_id': 'default', 'user_domain_name': 'Default', 'user_id': '93fe1081917e4f01bfb4eb7a9f9c4399', 'system': None}, Network: None, Subnet: None, Router: None
2025-12-11 16:36:05.341 66117 INFO tempest.lib.common.dynamic_creds [-] Created isolated network resources for: credentials: Credentials: {'domain_id': 'default', 'domain_name': 'Default', 'username': 'tempest-ServerShowV263Test-281770577-project-member', 'project_domain_id': 'default', 'project_domain_name': 'Default', 'project_id': '4d5dceef0d9d4592a4d8eeb640e971f8', 'project_name': 'tempest-ServerShowV263Test-281770577', 'tenant_id': '4d5dceef0d9d4592a4d8eeb640e971f8', 'tenant_name': 'tempest-ServerShowV263Test-281770577', 'user_domain_id': 'default', 'user_domain_name': 'Default', 'user_id': '93fe1081917e4f01bfb4eb7a9f9c4399', 'system': None}, Network: None, Subnet: None, Router: None
2025-12-11 16:36:05.516 66117 INFO tempest.lib.common.rest_client [req-e4422b31-8783-4de6-85fe-cd6e77727781 req-e4422b31-8783-4de6-85fe-cd6e77727781 ] Request (ServerShowV263Test:setUpClass): 201 POST http://10.180.1.21/identity/v3/auth/tokens 0.171s
2025-12-11 16:36:05.516 66121 INFO tempest.lib.common.rest_client [req-72199618-4ac9-4691-9c8f-2a650146ed9b req-72199618-4ac9-4691-9c8f-2a650146ed9b ] Request (ServerExternalEventsTest:test_create_server_external_events): 202 POST http://10.180.1.21/compute/v2.1/servers 4.944s
2025-12-11 16:36:05.576 66117 INFO tempest.lib.common.rest_client [req-045f85e4-82be-4894-8452-8a05025991e0 req-045f85e4-82be-4894-8452-8a05025991e0 ] Request (ServerShowV263Test:setUpClass): 200 GET http://10.180.1.21/identity/v3/projects/4d5dceef0d9d4592a4d8eeb640e971f8 0.059s
2025-12-11 16:36:05.576 66117 INFO tempest.lib.common.dynamic_creds [-] Using the existing project 4d5dceef0d9d4592a4d8eeb640e971f8 for scope project and roles: ['reader']
2025-12-11 16:36:05.614 66117 INFO tempest.lib.common.rest_client [req-bd8a75f1-de53-40dd-a941-4ffd207a2532 req-bd8a75f1-de53-40dd-a941-4ffd207a2532 ] Request (ServerShowV263Test:setUpClass): 201 POST http://10.180.1.21/identity/v3/users 0.037s
2025-12-11 16:36:05.622 66165 INFO tempest.lib.common.rest_client [req-0e8e599e-1049-40dd-a5ee-30162b9fa0fa req-0e8e599e-1049-40dd-a5ee-30162b9fa0fa ] Request (ServerDiagnosticsTest:test_get_server_diagnostics): 202 POST http://10.180.1.21/compute/v2.1/servers 3.302s
2025-12-11 16:36:05.644 66117 INFO tempest.lib.common.rest_client [req-1f4ba677-107f-4e04-8650-6c81b5f9dc91 req-1f4ba677-107f-4e04-8650-6c81b5f9dc91 ] Request (ServerShowV263Test:setUpClass): 200 GET http://10.180.1.21/identity/v3/roles 0.029s
2025-12-11 16:36:05.667 66167 INFO tempest.lib.common.rest_client [req-4763905d-1dbd-4593-b4e5-4851f10bbf7b req-4763905d-1dbd-4593-b4e5-4851f10bbf7b ] Request (ImagesOneServerTestJSON:test_create_delete_image): 200 GET http://10.180.1.21/compute/v2.1/images/dd30a199-0a0c-4ab3-903e-2530b9c8d919 2.664s
2025-12-11 16:36:05.669 66123 INFO tempest.lib.common.rest_client [req-0e98c5a4-c2f2-4c7b-8c1c-42da0d38d160 req-0e98c5a4-c2f2-4c7b-8c1c-42da0d38d160 ] Request (ImagesTestJSON:test_create_image_from_suspended_server): 200 GET http://10.180.1.21/compute/v2.1/servers/6876f1d5-7435-4304-824e-bbad67902c03 2.894s
2025-12-11 16:36:05.688 66117 INFO tempest.lib.common.rest_client [req-e7ce5e3c-694d-48e2-8153-d0cf6d9146fe req-e7ce5e3c-694d-48e2-8153-d0cf6d9146fe ] Request (ServerShowV263Test:setUpClass): 204 PUT http://10.180.1.21/identity/v3/projects/4d5dceef0d9d4592a4d8eeb640e971f8/users/35b8038bc1584c9ea52aeec714c038b6/roles/e7d5edd4b2b34cdc941b4f8445f95134 0.044s
2025-12-11 16:36:05.689 66117 INFO tempest.lib.common.dynamic_creds [-] Dynamic test user 35b8038bc1584c9ea52aeec714c038b6 is created with scope project and roles: ['reader']
2025-12-11 16:36:05.689 66117 INFO tempest.lib.common.dynamic_creds [-] Acquired dynamic creds: credentials: Credentials: {'domain_id': 'default', 'domain_name': 'Default', 'username': 'tempest-ServerShowV263Test-281770577-project-reader', 'project_domain_id': 'default', 'project_domain_name': 'Default', 'project_id': '4d5dceef0d9d4592a4d8eeb640e971f8', 'project_name': 'tempest-ServerShowV263Test-281770577', 'tenant_id': '4d5dceef0d9d4592a4d8eeb640e971f8', 'tenant_name': 'tempest-ServerShowV263Test-281770577', 'user_domain_id': 'default', 'user_domain_name': 'Default', 'user_id': '35b8038bc1584c9ea52aeec714c038b6', 'system': None}, Network: None, Subnet: None, Router: None
2025-12-11 16:36:05.689 66117 INFO tempest.lib.common.dynamic_creds [-] Network resources are not created for requested scope: project and credentials: Credentials: {'domain_id': 'default', 'domain_name': 'Default', 'username': 'tempest-ServerShowV263Test-281770577-project-reader', 'project_domain_id': 'default', 'project_domain_name': 'Default', 'project_id': '4d5dceef0d9d4592a4d8eeb640e971f8', 'project_name': 'tempest-ServerShowV263Test-281770577', 'tenant_id': '4d5dceef0d9d4592a4d8eeb640e971f8', 'tenant_name': 'tempest-ServerShowV263Test-281770577', 'user_domain_id': 'default', 'user_domain_name': 'Default', 'user_id': '35b8038bc1584c9ea52aeec714c038b6', 'system': None}, Network: None, Subnet: None, Router: None
2025-12-11 16:36:05.693 66135 INFO tempest.lib.common.rest_client [req-8182afc8-38de-4a6d-823e-88d7c3fc6241 req-8182afc8-38de-4a6d-823e-88d7c3fc6241 ] Request (ServersTestMultiNic:_run_cleanups): 404 GET http://10.180.1.21/compute/v2.1/servers/000ab6bc-815a-4ac0-a667-6100b0e4b717 2.462s
2025-12-11 16:36:05.720 66157 INFO tempest.lib.common.rest_client [req-b6a3eb03-7595-4854-825a-6c27d263a073 req-b6a3eb03-7595-4854-825a-6c27d263a073 ] Request (FlavorsV2TestJSON:test_list_flavors_filter_by_min_disk): 200 GET http://10.180.1.21/compute/v2.1/flavors/42 2.212s
2025-12-11 16:36:05.789 66117 INFO tempest.lib.common.rest_client [req-af04b1fa-97ed-4ee2-a862-e54eb546d4b5 req-af04b1fa-97ed-4ee2-a862-e54eb546d4b5 ] Request (ServerShowV263Test:setUpClass): 201 POST http://10.180.1.21/identity/v3/auth/tokens 0.096s
2025-12-11 16:36:05.870 66159 INFO tempest.lib.common.rest_client [req-49780966-8e93-4e79-ac72-7cf9d654d3bd req-49780966-8e93-4e79-ac72-7cf9d654d3bd ] Request (ServersTestFqdnHostnames:test_create_server_with_fqdn_name): 201 POST http://10.180.1.21/networking/v2.0/floatingips 0.645s
2025-12-11 16:36:05.880 66135 INFO tempest.lib.common.rest_client [req-5ebf0dc1-02bc-4e7b-9782-4b6808592106 req-5ebf0dc1-02bc-4e7b-9782-4b6808592106 ] Request (ServersTestMultiNic:_run_cleanups): 204 DELETE http://10.180.1.21/networking/v2.0/subnets/761a11f2-aef2-4602-b17e-d27828170f1e 0.186s
2025-12-11 16:36:05.911 66171 INFO tempest.lib.common.rest_client [req-1d8954b9-f71e-40ff-bf9e-9a400be9f43c req-1d8954b9-f71e-40ff-bf9e-9a400be9f43c ] Request (ServersAdminTestJSON:test_inject_network_info): 200 GET http://10.180.1.21/compute/v2.1/servers/7f69cca9-d959-4e17-86f4-2fcf7b8d3cc1 2.216s
2025-12-11 16:36:05.914 66117 INFO tempest.lib.common.rest_client [req-ca1c55d8-8368-4b1e-89d0-1c09d87331a8 req-ca1c55d8-8368-4b1e-89d0-1c09d87331a8 ] Request (ServerShowV263Test:tearDownClass): 204 DELETE http://10.180.1.21/identity/v3/users/93fe1081917e4f01bfb4eb7a9f9c4399 0.124s
2025-12-11 16:36:05.941 66141 INFO tempest.lib.common.rest_client [req-bfec4c19-c28e-4755-8dd0-885fb42f8703 req-bfec4c19-c28e-4755-8dd0-885fb42f8703 ] Request (FlavorsAdminTestJSON:test_is_public_string_variations): 200 GET http://10.180.1.21/compute/v2.1/flavors/detail?is_public=true 1.897s
2025-12-11 16:36:05.948 66159 INFO tempest.lib.common.rest_client [req-e0e64b46-84a6-4fd7-9de9-8cc97aab363c req-e0e64b46-84a6-4fd7-9de9-8cc97aab363c ] Request (ServersTestFqdnHostnames:test_create_server_with_fqdn_name): 201 POST http://10.180.1.21/identity/v3/auth/tokens 0.070s
2025-12-11 16:36:05.948 66159 INFO tempest.lib.common.fixed_network [-] (ServersTestFqdnHostnames:test_create_server_with_fqdn_name) Found network {'id': '5f72022a-e5f8-4c57-91aa-96a5237a6be7', 'name': 'tempest-ServersTestFqdnHostnames-1432405179-network', 'tenant_id': '4022f482595846ec9d7582745ca25db6', 'project_id': '4022f482595846ec9d7582745ca25db6', 'admin_state_up': True, 'mtu': 8950, 'status': 'ACTIVE', 'subnets': [], 'shared': False, 'port_security_enabled': True, 'router:external': False, 'provider:network_type': 'vlan', 'provider:physical_network': 'default', 'provider:segmentation_id': 950, 'availability_zone_hints': [], 'availability_zones': [], 'ipv4_address_scope': None, 'ipv6_address_scope': None, 'description': '', 'tags': [], 'created_at': '2025-12-11T16:35:56Z', 'updated_at': '2025-12-11T16:35:56Z', 'revision_number': 1} available for tenant
2025-12-11 16:36:06.031 66117 INFO tempest.lib.common.rest_client [req-bbb530b0-f7be-4c89-a738-4ebecf7732ba req-bbb530b0-f7be-4c89-a738-4ebecf7732ba ] Request (ServerShowV263Test:tearDownClass): 204 DELETE http://10.180.1.21/identity/v3/users/35b8038bc1584c9ea52aeec714c038b6 0.116s
2025-12-11 16:36:06.032 66117 INFO tempest.lib.common.dynamic_creds [-] Deleting project and security group for project: 4d5dceef0d9d4592a4d8eeb640e971f8
2025-12-11 16:36:06.039 66161 INFO tempest.lib.common.rest_client [req-a3efe2db-9735-4d42-bac6-232e9903e9b0 req-a3efe2db-9735-4d42-bac6-232e9903e9b0 ] Request (AttachInterfacesTestJSON:_run_cleanups): 204 DELETE http://10.180.1.21/compute/v2.1/servers/75797b57-69fc-42f0-b067-cdf23332b053 1.973s
2025-12-11 16:36:06.080 66147 INFO tempest.lib.common.rest_client [req-cd5bdfc3-f941-472c-8bd2-eeebbe4c0d77 req-cd5bdfc3-f941-472c-8bd2-eeebbe4c0d77 ] Request (ServersAdminNegativeTestJSON:test_migrate_server_invalid_state): 202 POST http://10.180.1.21/compute/v2.1/servers 2.863s
2025-12-11 16:36:06.114 66127 INFO tempest.lib.common.rest_client [req-d1938291-420e-43f4-b0ba-960591ccbb10 req-d1938291-420e-43f4-b0ba-960591ccbb10 ] Request (ListServersNegativeTestJSON:test_list_servers_with_a_deleted_server): 200 GET http://10.180.1.21/compute/v2.1/servers 1.714s
2025-12-11 16:36:06.154 66117 INFO tempest.lib.common.rest_client [req-87a54dd6-6aa6-42e1-804a-b03e9259ac76 req-87a54dd6-6aa6-42e1-804a-b03e9259ac76 ] Request (ServerShowV263Test:tearDownClass): 201 POST http://10.180.1.21/identity/v3/auth/tokens 0.122s
2025-12-11 16:36:06.324 66135 INFO tempest.lib.common.rest_client [req-78059efa-df85-4962-9053-37a6c53aa82a req-78059efa-df85-4962-9053-37a6c53aa82a ] Request (ServersTestMultiNic:_run_cleanups): 204 DELETE http://10.180.1.21/networking/v2.0/networks/2f01ce27-2b88-483d-88dd-ad51d32d37f4 0.444s
2025-12-11 16:36:06.438 66151 INFO tempest.lib.common.rest_client [req-32e8c679-35f2-4fad-a70e-671b094586db req-32e8c679-35f2-4fad-a70e-671b094586db ] Request (ListImageFiltersTestJSON:setUpClass): 200 GET http://10.180.1.21/compute/v2.1/servers/dee35eee-ef46-42d5-903a-e06675392b90 1.984s
2025-12-11 16:36:06.443 66117 INFO tempest.lib.common.rest_client [req-f5331dee-e216-4652-8512-7074fbaa9d0f req-f5331dee-e216-4652-8512-7074fbaa9d0f ] Request (ServerShowV263Test:tearDownClass): 200 GET http://10.180.1.21/networking/v2.0/security-groups?tenant_id=4d5dceef0d9d4592a4d8eeb640e971f8&name=default 0.288s
2025-12-11 16:36:06.445 66151 INFO tempest.common.waiters [-] State transition "BUILD/block_device_mapping" ==> "BUILD/spawning" after 20 second wait
2025-12-11 16:36:06.539 66173 WARNING tempest.lib.common.ssh [-] Failed to establish authenticated ssh connection to cirros@10.180.180.133 ([Errno None] Unable to connect to port 22 on 10.180.180.133). Number attempts: 4. Retry after 5 seconds.: paramiko.ssh_exception.NoValidConnectionsError: [Errno None] Unable to connect to port 22 on 10.180.180.133
2025-12-11 16:36:06.548 66135 INFO tempest.lib.common.rest_client [req-dc3c524b-021c-41d4-b0e9-d28c94b9dee8 req-dc3c524b-021c-41d4-b0e9-d28c94b9dee8 ] Request (ServersTestMultiNic:_run_cleanups): 204 DELETE http://10.180.1.21/networking/v2.0/subnets/ad1678b2-fc39-45ce-b377-455864c9c0c2 0.223s
2025-12-11 16:36:06.675 66117 INFO tempest.lib.common.rest_client [req-3f7b01de-084e-45ad-b6b4-224475d6e676 req-3f7b01de-084e-45ad-b6b4-224475d6e676 ] Request (ServerShowV263Test:tearDownClass): 204 DELETE http://10.180.1.21/networking/v2.0/security-groups/9b0d83c4-0c28-4095-81ab-04c76f6257e9 0.231s
2025-12-11 16:36:06.705 66163 INFO tempest.lib.common.rest_client [req-d3a294fb-2d96-4337-8188-99f0edb34752 req-d3a294fb-2d96-4337-8188-99f0edb34752 ] Request (DeleteServersTestJSON:test_delete_server_while_in_attached_volume): 200 GET http://10.180.1.21/compute/v2.1/servers/0dd31050-f13a-41b8-a4ff-33da6550c76a 2.241s
2025-12-11 16:36:06.745 66119 INFO tempest.lib.common.rest_client [req-46979298-1a1b-4a6f-aa41-408c82200103 req-46979298-1a1b-4a6f-aa41-408c82200103 ] Request (SecurityGroupsTestJSON:test_list_security_groups_by_server): 202 POST http://10.180.1.21/compute/v2.1/servers/05ba0715-0f8e-456b-9287-2d802dc53b46/action 2.329s
2025-12-11 16:36:06.773 66117 INFO tempest.lib.common.rest_client [req-1570a814-c899-4317-b701-429435e35624 req-1570a814-c899-4317-b701-429435e35624 ] Request (ServerShowV263Test:tearDownClass): 204 DELETE http://10.180.1.21/identity/v3/projects/4d5dceef0d9d4592a4d8eeb640e971f8 0.097s
2025-12-11 16:36:06.861 66117 INFO tempest.lib.common.rest_client [req-cc97c9b0-ce6f-4b98-9485-e4e9efc00146 req-cc97c9b0-ce6f-4b98-9485-e4e9efc00146 ] Request (ServersListShow298Test:setUpClass): 201 POST http://10.180.1.21/identity/v3/auth/tokens 0.085s
2025-12-11 16:36:06.868 66135 INFO tempest.lib.common.rest_client [req-58a0da55-63af-443d-ba74-a0882917136c req-58a0da55-63af-443d-ba74-a0882917136c ] Request (ServersTestMultiNic:_run_cleanups): 204 DELETE http://10.180.1.21/networking/v2.0/networks/ab9ce6d3-336e-4026-afbb-a479e26ba6c2 0.319s
2025-12-11 16:36:06.882 66137 INFO tempest.lib.common.rest_client [req-878198bd-dbaf-44b0-984e-c8f1757ae60f req-878198bd-dbaf-44b0-984e-c8f1757ae60f ] Request (SecurityGroupRulesTestJSON:tearDownClass): 404 DELETE http://10.180.1.21/compute/v2.1/os-security-groups/80c967b1-688a-4caa-92ac-9d84c22916d9 2.338s
2025-12-11 16:36:06.905 66117 INFO tempest.lib.common.rest_client [req-081aeec9-a7c9-493b-818c-aefa4e258fdb req-081aeec9-a7c9-493b-818c-aefa4e258fdb ] Request (ServersListShow298Test:setUpClass): 201 POST http://10.180.1.21/identity/v3/auth/tokens 0.042s
2025-12-11 16:36:06.909 66145 INFO tempest.lib.common.rest_client [req-608c293f-3063-46b8-96a8-daa09dbe076c req-608c293f-3063-46b8-96a8-daa09dbe076c ] Request (AggregatesAdminNegativeTestJSON:test_aggregate_remove_nonexistent_host): 200 POST http://10.180.1.21/compute/v2.1/os-aggregates 2.315s
2025-12-11 16:36:06.932 66117 INFO tempest.lib.common.rest_client [req-0457cbf4-a7de-41c0-8d6b-b75e7a0b9e05 req-0457cbf4-a7de-41c0-8d6b-b75e7a0b9e05 ] Request (ServersListShow298Test:setUpClass): 200 GET http://10.180.1.21/identity/v3/domains?name=Default 0.027s
2025-12-11 16:36:06.964 66117 INFO tempest.lib.common.rest_client [req-6053a0a6-2768-432b-a836-9155685f3298 req-6053a0a6-2768-432b-a836-9155685f3298 ] Request (ServersListShow298Test:setUpClass): 201 POST http://10.180.1.21/identity/v3/projects 0.031s
2025-12-11 16:36:06.977 66177 INFO tempest.lib.common.rest_client [req-75761b3a-1abb-41ef-9d79-3d278054d97b req-75761b3a-1abb-41ef-9d79-3d278054d97b ] Request (InstanceActionsNegativeTestJSON:tearDownClass): 200 GET http://10.180.1.21/compute/v2.1/servers/836c6fff-19d7-4be2-af44-8b3870800839 2.477s
2025-12-11 16:36:07.036 66117 INFO tempest.lib.common.rest_client [req-6e43af6d-9b0c-4fff-b480-8b03fcce9bf1 req-6e43af6d-9b0c-4fff-b480-8b03fcce9bf1 ] Request (ServersListShow298Test:setUpClass): 201 POST http://10.180.1.21/identity/v3/users 0.071s
2025-12-11 16:36:07.058 66117 INFO tempest.lib.common.rest_client [req-ea141c0d-1196-4545-a9e3-e0b2ab6af014 req-ea141c0d-1196-4545-a9e3-e0b2ab6af014 ] Request (ServersListShow298Test:setUpClass): 200 GET http://10.180.1.21/identity/v3/roles 0.022s
2025-12-11 16:36:07.100 66117 INFO tempest.lib.common.rest_client [req-32142023-b5f7-42a0-9b22-d805c0c09deb req-32142023-b5f7-42a0-9b22-d805c0c09deb ] Request (ServersListShow298Test:setUpClass): 204 PUT http://10.180.1.21/identity/v3/projects/293057cc8b964630924c371176fb99fd/users/cb6872f4f3c94256b178b5dd70a5d547/roles/609bb3545ac34d6ca1f3970210b5e575 0.041s
2025-12-11 16:36:07.100 66117 INFO tempest.lib.common.dynamic_creds [-] Dynamic test user cb6872f4f3c94256b178b5dd70a5d547 is created with scope project and roles: ['member']
2025-12-11 16:36:07.100 66117 INFO tempest.lib.common.dynamic_creds [-] Acquired dynamic creds: credentials: Credentials: {'domain_id': 'default', 'domain_name': 'Default', 'username': 'tempest-ServersListShow298Test-1918660037-project-member', 'project_domain_id': 'default', 'project_domain_name': 'Default', 'project_id': '293057cc8b964630924c371176fb99fd', 'project_name': 'tempest-ServersListShow298Test-1918660037', 'tenant_id': '293057cc8b964630924c371176fb99fd', 'tenant_name': 'tempest-ServersListShow298Test-1918660037', 'user_domain_id': 'default', 'user_domain_name': 'Default', 'user_id': 'cb6872f4f3c94256b178b5dd70a5d547', 'system': None}, Network: None, Subnet: None, Router: None
2025-12-11 16:36:07.100 66117 INFO tempest.lib.common.dynamic_creds [-] Created isolated network resources for: credentials: Credentials: {'domain_id': 'default', 'domain_name': 'Default', 'username': 'tempest-ServersListShow298Test-1918660037-project-member', 'project_domain_id': 'default', 'project_domain_name': 'Default', 'project_id': '293057cc8b964630924c371176fb99fd', 'project_name': 'tempest-ServersListShow298Test-1918660037', 'tenant_id': '293057cc8b964630924c371176fb99fd', 'tenant_name': 'tempest-ServersListShow298Test-1918660037', 'user_domain_id': 'default', 'user_domain_name': 'Default', 'user_id': 'cb6872f4f3c94256b178b5dd70a5d547', 'system': None}, Network: None, Subnet: None, Router: None
2025-12-11 16:36:07.191 66117 INFO tempest.lib.common.rest_client [req-ce1acad8-317f-411e-b574-b8da17313242 req-ce1acad8-317f-411e-b574-b8da17313242 ] Request (ServersListShow298Test:setUpClass): 201 POST http://10.180.1.21/identity/v3/auth/tokens 0.087s
2025-12-11 16:36:07.231 66117 INFO tempest.lib.common.rest_client [req-98fc73d1-4253-4aaf-9843-50bb9b9b9f4d req-98fc73d1-4253-4aaf-9843-50bb9b9b9f4d ] Request (ServersListShow298Test:test_list_show_update_rebuild_server_298): 201 POST http://10.180.1.21/identity/v3/auth/tokens 0.036s
2025-12-11 16:36:07.232 66117 INFO tempest.lib.common.fixed_network [-] (ServersListShow298Test:test_list_show_update_rebuild_server_298) Found network None available for tenant
2025-12-11 16:36:07.252 66129 INFO tempest.lib.common.rest_client [req-900b67c6-aaaf-49e3-8b39-b34a596eb502 req-900b67c6-aaaf-49e3-8b39-b34a596eb502 ] Request (ServerMetadataNegativeTestJSON:setUpClass): 200 GET http://10.180.1.21/compute/v2.1/servers/4bce7b97-d674-4916-89c5-abac9ce54026 2.398s
2025-12-11 16:36:07.312 66131 WARNING tempest.lib.common.ssh [-] Failed to establish authenticated ssh connection to cirros@10.180.180.173 ([Errno None] Unable to connect to port 22 on 10.180.180.173). Number attempts: 2. Retry after 3 seconds.: paramiko.ssh_exception.NoValidConnectionsError: [Errno None] Unable to connect to port 22 on 10.180.180.173
2025-12-11 16:36:07.406 66169 INFO tempest.lib.common.rest_client [req-9608f42e-98c2-48d2-81ac-7a0e3251a19f req-9608f42e-98c2-48d2-81ac-7a0e3251a19f ] Request (ServerAddressesTestJSON:tearDownClass): 200 GET http://10.180.1.21/compute/v2.1/servers/5269b854-fe82-4936-a3f8-dedb3d7531d2 2.224s
2025-12-11 16:36:07.478 66125 INFO tempest.lib.common.rest_client [req-2113c8ba-418a-4eea-a18f-b5235061d307 req-2113c8ba-418a-4eea-a18f-b5235061d307 ] Request (ServerActionsTestOtherB:test_create_backup): 200 GET http://10.180.1.21/compute/v2.1/servers/4a25baf5-7210-4233-9f12-6147c3892868 2.436s
2025-12-11 16:36:07.489 66149 INFO tempest.lib.common.rest_client [req-bef96b36-9f12-41b1-a03e-e52deda523ca req-bef96b36-9f12-41b1-a03e-e52deda523ca ] Request (FloatingIPsAssociationNegativeTestJSON:tearDownClass): 200 GET http://10.180.1.21/compute/v2.1/servers/4a7f8a45-83bc-465a-80b9-5305d8e8cb24 2.163s
2025-12-11 16:36:07.533 66133 INFO tempest.lib.common.rest_client [req-55094740-6f61-4d08-8333-f7572b108128 req-55094740-6f61-4d08-8333-f7572b108128 ] Request (ServersV294TestFqdnHostnames:setUpClass): 200 GET http://10.180.1.21/compute/v2.1/servers/a17be2d9-96ab-470f-ad55-7c9dbf8fbb1f 2.131s
2025-12-11 16:36:07.546 66121 INFO tempest.lib.common.rest_client [req-81abbb63-164a-41a3-b546-b2d38a3052c3 req-81abbb63-164a-41a3-b546-b2d38a3052c3 ] Request (ServerExternalEventsTest:test_create_server_external_events): 200 GET http://10.180.1.21/compute/v2.1/servers/28757032-f07c-41cc-96d9-04143da00c70 2.027s
2025-12-11 16:36:07.654 66165 INFO tempest.lib.common.rest_client [req-dca1a375-303f-486e-835c-8e650b7ad9ac req-dca1a375-303f-486e-835c-8e650b7ad9ac ] Request (ServerDiagnosticsTest:test_get_server_diagnostics): 200 GET http://10.180.1.21/compute/v2.1/servers/5795645f-c9c1-4c55-832c-66acd07995ad 2.030s
2025-12-11 16:36:07.715 66181 INFO tempest.lib.common.rest_client [req-abe42071-781e-4c82-93a4-65ef2b9dea2a req-abe42071-781e-4c82-93a4-65ef2b9dea2a ] Request (ServerTagsTestJSON:setUpClass): 200 GET http://10.180.1.21/compute/v2.1/servers/2ea23e19-2fbb-4c08-ae81-1f72eec65d86 2.139s
2025-12-11 16:36:07.724 66181 INFO tempest.common.waiters [-] State transition "BUILD/None" ==> "BUILD/block_device_mapping" after 20 second wait
2025-12-11 16:36:07.738 66157 INFO tempest.lib.common.rest_client [req-7805d0b2-9e25-462d-aecf-f8e4cd446a64 req-7805d0b2-9e25-462d-aecf-f8e4cd446a64 ] Request (FlavorsV2TestJSON:test_list_flavors_filter_by_min_disk): 200 GET http://10.180.1.21/compute/v2.1/flavors?minDisk=2 2.013s
2025-12-11 16:36:07.889 66167 INFO tempest.lib.common.rest_client [req-b2bc7fb1-820e-4e47-9602-c6c339244d3e req-b2bc7fb1-820e-4e47-9602-c6c339244d3e ] Request (ImagesOneServerTestJSON:test_create_delete_image): 200 GET http://10.180.1.21/compute/v2.1/servers/30a52c7b-d4b6-4269-845e-e15919cfba22 2.219s
2025-12-11 16:36:07.913 66155 INFO tempest.lib.common.rest_client [req-c01570fc-77da-4cab-80a3-4ef1ef7c710e req-c01570fc-77da-4cab-80a3-4ef1ef7c710e ] Request (ServerDiskConfigTestJSON:test_rebuild_server_with_manual_disk_config): 200 GET http://10.180.1.21/compute/v2.1/servers/7f35342e-ae5f-4002-ace5-a203818cb43a 2.113s
2025-12-11 16:36:07.913 66141 INFO tempest.lib.common.rest_client [req-27610f9b-bb41-45c4-837c-3fe4460fa36d req-27610f9b-bb41-45c4-837c-3fe4460fa36d ] Request (FlavorsAdminTestJSON:test_is_public_string_variations): 200 GET http://10.180.1.21/compute/v2.1/flavors/detail?is_public=yes 1.967s
2025-12-11 16:36:07.921 66155 INFO tempest.common.waiters [-] State transition "BUILD/spawning" ==> "ACTIVE/None" after 26 second wait
2025-12-11 16:36:07.964 66179 INFO tempest.lib.common.rest_client [req-b375b7a9-f57f-4299-8a9f-15c59ecf76b8 req-b375b7a9-f57f-4299-8a9f-15c59ecf76b8 ] Request (MigrationsAdminTest:test_list_migrations_in_flavor_resize_situation): 200 GET http://10.180.1.21/compute/v2.1/servers/00b70734-3152-4fe0-921e-81943085a059 1.999s
2025-12-11 16:36:08.111 66161 INFO tempest.lib.common.rest_client [req-adbd3105-eec9-491c-ad3e-5976130a7ffa req-adbd3105-eec9-491c-ad3e-5976130a7ffa ] Request (AttachInterfacesTestJSON:_run_cleanups): 200 GET http://10.180.1.21/compute/v2.1/servers/75797b57-69fc-42f0-b067-cdf23332b053 2.071s
2025-12-11 16:36:08.191 66147 INFO tempest.lib.common.rest_client [req-9497f2f1-8883-4549-a4b4-f4b82ed6b65b req-9497f2f1-8883-4549-a4b4-f4b82ed6b65b ] Request (ServersAdminNegativeTestJSON:test_migrate_server_invalid_state): 200 GET http://10.180.1.21/compute/v2.1/servers/c66180f9-7c8c-4aed-bace-e817f5c05ee1 2.110s
2025-12-11 16:36:08.346 66127 INFO tempest.lib.common.rest_client [req-a13a50f0-a03b-44dd-bdd3-dfc38edae332 req-a13a50f0-a03b-44dd-bdd3-dfc38edae332 ] Request (ListServersNegativeTestJSON:tearDownClass): 204 DELETE http://10.180.1.21/compute/v2.1/servers/ef55b631-4743-4a2c-846e-e9a85f06387b 2.227s
2025-12-11 16:36:08.359 66159 INFO tempest.lib.common.rest_client [req-23877468-10a9-4afa-932f-d345b6f3bbe5 req-23877468-10a9-4afa-932f-d345b6f3bbe5 ] Request (ServersTestFqdnHostnames:test_create_server_with_fqdn_name): 202 POST http://10.180.1.21/compute/v2.1/servers 2.410s
2025-12-11 16:36:08.450 66176 INFO paramiko.transport [-] Connected (version 2.0, client dropbear_2020.81)
2025-12-11 16:36:08.560 66176 INFO paramiko.transport [-] Authentication (publickey) successful!
2025-12-11 16:36:08.560 66176 INFO tempest.lib.common.ssh [-] ssh connection to cirros@10.180.180.237 successfully created
2025-12-11 16:36:08.586 66123 INFO tempest.lib.common.rest_client [req-8ad89a41-3779-4d60-afb3-dcaf40026af3 req-8ad89a41-3779-4d60-afb3-dcaf40026af3 ] Request (ImagesTestJSON:test_create_image_from_suspended_server): 200 GET http://10.180.1.21/compute/v2.1/servers/6876f1d5-7435-4304-824e-bbad67902c03 1.907s
2025-12-11 16:36:08.608 66135 INFO tempest.lib.common.rest_client [req-a8cf70db-780c-44eb-b8ef-cfb375b910cd req-a8cf70db-780c-44eb-b8ef-cfb375b910cd ] Request (ServersTestMultiNic:tearDownClass): 404 DELETE http://10.180.1.21/compute/v2.1/servers/000ab6bc-815a-4ac0-a667-6100b0e4b717 1.739s
2025-12-11 16:36:08.610 66119 INFO tempest.lib.common.rest_client [req-a92a4339-2b0d-484a-b372-82b2c2bb3d4e req-a92a4339-2b0d-484a-b372-82b2c2bb3d4e ] Request (SecurityGroupsTestJSON:test_list_security_groups_by_server): 200 GET http://10.180.1.21/compute/v2.1/servers/05ba0715-0f8e-456b-9287-2d802dc53b46/os-security-groups 1.863s
2025-12-11 16:36:08.636 66145 INFO tempest.lib.common.rest_client [req-c205a47e-4b53-4c53-887e-10a94cf22967 req-c205a47e-4b53-4c53-887e-10a94cf22967 ] Request (AggregatesAdminNegativeTestJSON:test_aggregate_remove_nonexistent_host): 404 POST http://10.180.1.21/compute/v2.1/os-aggregates/8/action 1.725s
2025-12-11 16:36:08.722 66137 INFO tempest.lib.common.rest_client [req-7d7df151-baf3-480f-993d-43512305a246 req-7d7df151-baf3-480f-993d-43512305a246 ] Request (SecurityGroupRulesTestJSON:tearDownClass): 202 DELETE http://10.180.1.21/compute/v2.1/os-security-groups/e2681f84-50f5-4ce7-bd6e-4082216e5ab9 1.840s
2025-12-11 16:36:08.740 66171 INFO tempest.lib.common.rest_client [req-a7f0a253-107b-49f3-9c13-7e779781c37f req-a7f0a253-107b-49f3-9c13-7e779781c37f ] Request (ServersAdminTestJSON:test_inject_network_info): 200 GET http://10.180.1.21/compute/v2.1/servers/7f69cca9-d959-4e17-86f4-2fcf7b8d3cc1 1.821s
2025-12-11 16:36:08.951 66117 INFO tempest.lib.common.rest_client [req-36e8cd30-4bbe-4dd1-87ed-bdc0305b98d7 req-36e8cd30-4bbe-4dd1-87ed-bdc0305b98d7 ] Request (ServersListShow298Test:test_list_show_update_rebuild_server_298): 202 POST http://10.180.1.21/compute/v2.1/servers 1.719s
2025-12-11 16:36:09.170 66151 INFO tempest.lib.common.rest_client [req-25a8bd09-e91e-4f6f-8b3b-5bff61991a10 req-25a8bd09-e91e-4f6f-8b3b-5bff61991a10 ] Request (ListImageFiltersTestJSON:setUpClass): 200 GET http://10.180.1.21/compute/v2.1/servers/dee35eee-ef46-42d5-903a-e06675392b90 1.724s
2025-12-11 16:36:09.267 66163 INFO tempest.lib.common.rest_client [req-11860c81-6cd2-4974-8377-8c4859d8ac5c req-11860c81-6cd2-4974-8377-8c4859d8ac5c ] Request (DeleteServersTestJSON:test_delete_server_while_in_attached_volume): 200 GET http://10.180.1.21/compute/v2.1/servers/0dd31050-f13a-41b8-a4ff-33da6550c76a 1.550s
2025-12-11 16:36:09.285 66157 INFO tempest.lib.common.rest_client [req-836d6ca7-a4c6-4184-b25e-a4edeb3a4a45 req-836d6ca7-a4c6-4184-b25e-a4edeb3a4a45 ] Request (FlavorsV2TestJSON:test_list_flavors_filter_by_min_ram): 200 GET http://10.180.1.21/compute/v2.1/flavors/42 1.543s
2025-12-11 16:36:09.328 66167 INFO tempest.lib.common.rest_client [req-5ccc8fa6-a2eb-4ff4-86d7-e6e9fbf4c113 req-5ccc8fa6-a2eb-4ff4-86d7-e6e9fbf4c113 ] Request (ImagesOneServerTestJSON:test_create_delete_image): 200 GET http://10.180.1.21/compute/v2.1/images/be91b2c0-0409-4a5f-b429-485186c1eba3 1.430s
2025-12-11 16:36:09.355 66141 INFO tempest.lib.common.rest_client [req-763eb7a0-266a-4575-b4c3-8a5d2a899c8d req-763eb7a0-266a-4575-b4c3-8a5d2a899c8d ] Request (FlavorsAdminTestJSON:test_is_public_string_variations): 200 GET http://10.180.1.21/compute/v2.1/flavors/detail?is_public=1 1.436s
2025-12-11 16:36:09.518 66155 INFO tempest.lib.common.rest_client [req-9aa97cc5-4642-4f0f-b660-26fe3dc5636c req-9aa97cc5-4642-4f0f-b660-26fe3dc5636c ] Request (ServerDiskConfigTestJSON:test_rebuild_server_with_manual_disk_config): 200 GET http://10.180.1.21/compute/v2.1/servers/7f35342e-ae5f-4002-ace5-a203818cb43a 1.596s
2025-12-11 16:36:09.569 66125 INFO tempest.lib.common.rest_client [req-7e6675b3-393c-47a9-af3a-512c01b115ce req-7e6675b3-393c-47a9-af3a-512c01b115ce ] Request (ServerActionsTestOtherB:test_create_backup): 202 POST http://10.180.1.21/compute/v2.1/servers/4a25baf5-7210-4233-9f12-6147c3892868/action 2.082s
2025-12-11 16:36:09.596 66125 INFO tempest.lib.common.rest_client [req-1a481ff4-97c4-4bf0-9ab6-cdacece42ff2 req-1a481ff4-97c4-4bf0-9ab6-cdacece42ff2 ] Request (ServerActionsTestOtherB:test_create_backup): 200 GET http://10.180.1.21/image/v2/images/7e508850-e356-4879-b81f-432fa66d1aaf 0.026s
2025-12-11 16:36:09.603 66177 INFO tempest.lib.common.rest_client [req-7aecafe4-3f24-447f-8362-8d6331e21992 req-7aecafe4-3f24-447f-8362-8d6331e21992 ] Request (InstanceActionsNegativeTestJSON:tearDownClass): 200 GET http://10.180.1.21/compute/v2.1/servers/836c6fff-19d7-4be2-af44-8b3870800839 1.617s
2025-12-11 16:36:09.616 66177 INFO tempest.common.waiters [-] State transition "ACTIVE/deleting" ==> "DELETED/None" after 3 second wait
2025-12-11 16:36:09.626 66127 INFO tempest.lib.common.rest_client [req-1dbe7c67-9560-4a7e-9a0e-27404b1c32af req-1dbe7c67-9560-4a7e-9a0e-27404b1c32af ] Request (ListServersNegativeTestJSON:tearDownClass): 404 DELETE http://10.180.1.21/compute/v2.1/servers/193ee4e3-5d20-419a-9ed7-aa4586b093be 1.280s
2025-12-11 16:36:09.642 66129 INFO tempest.lib.common.rest_client [req-dae40576-a3fe-47f7-88c8-25e1f33c8a21 req-dae40576-a3fe-47f7-88c8-25e1f33c8a21 ] Request (ServerMetadataNegativeTestJSON:setUpClass): 200 GET http://10.180.1.21/compute/v2.1/servers/4bce7b97-d674-4916-89c5-abac9ce54026 1.380s
2025-12-11 16:36:09.662 66169 INFO tempest.lib.common.rest_client [req-7e12755f-e493-42c2-af73-fbaf5f631bf9 req-7e12755f-e493-42c2-af73-fbaf5f631bf9 ] Request (ServerAddressesTestJSON:tearDownClass): 404 GET http://10.180.1.21/compute/v2.1/servers/5269b854-fe82-4936-a3f8-dedb3d7531d2 1.245s
2025-12-11 16:36:09.691 66159 INFO tempest.lib.common.rest_client [req-f25e891a-3745-4db8-9744-b9634425a234 req-f25e891a-3745-4db8-9744-b9634425a234 ] Request (ServersTestFqdnHostnames:test_create_server_with_fqdn_name): 200 GET http://10.180.1.21/compute/v2.1/servers/7aefc67d-fe5b-4560-82b2-5af1a575b14d 1.329s
2025-12-11 16:36:09.737 66149 INFO tempest.lib.common.rest_client [req-d802848a-b759-42d8-8647-51c4794ef0e6 req-d802848a-b759-42d8-8647-51c4794ef0e6 ] Request (FloatingIPsAssociationNegativeTestJSON:tearDownClass): 200 GET http://10.180.1.21/compute/v2.1/servers/4a7f8a45-83bc-465a-80b9-5305d8e8cb24 1.240s
2025-12-11 16:36:09.762 66133 INFO tempest.lib.common.rest_client [req-b715996b-f02e-477e-ae0d-04e3bd358170 req-b715996b-f02e-477e-ae0d-04e3bd358170 ] Request (ServersV294TestFqdnHostnames:setUpClass): 200 GET http://10.180.1.21/compute/v2.1/servers/a17be2d9-96ab-470f-ad55-7c9dbf8fbb1f 1.218s
2025-12-11 16:36:09.793 66121 INFO tempest.lib.common.rest_client [req-02ada942-76ca-45af-9714-1f8649a2247d req-02ada942-76ca-45af-9714-1f8649a2247d ] Request (ServerExternalEventsTest:test_create_server_external_events): 200 GET http://10.180.1.21/compute/v2.1/servers/28757032-f07c-41cc-96d9-04143da00c70 1.236s
2025-12-11 16:36:09.818 66135 INFO tempest.lib.common.rest_client [req-8f5caccc-241a-47fb-ab16-ca90a85c700b req-8f5caccc-241a-47fb-ab16-ca90a85c700b ] Request (ServersTestMultiNic:tearDownClass): 404 GET http://10.180.1.21/compute/v2.1/servers/000ab6bc-815a-4ac0-a667-6100b0e4b717 1.209s
2025-12-11 16:36:09.931 66139 WARNING tempest.lib.common.ssh [-] Failed to establish authenticated ssh connection to cirros@10.180.180.234 ([Errno None] Unable to connect to port 22 on 10.180.180.234). Number attempts: 8. Retry after 9 seconds.: paramiko.ssh_exception.NoValidConnectionsError: [Errno None] Unable to connect to port 22 on 10.180.180.234
2025-12-11 16:36:09.957 66119 INFO tempest.lib.common.rest_client [req-7962774f-4b97-475a-94a3-12b0f6851aa1 req-7962774f-4b97-475a-94a3-12b0f6851aa1 ] Request (SecurityGroupsTestJSON:test_security_group_create_get_delete): 200 POST http://10.180.1.21/compute/v2.1/os-security-groups 1.342s
