2025-12-15 01:21:39.264 65877 INFO tempest.lib.common.rest_client [req-233c7d44-80eb-4cf0-822a-ff4c4eab080f req-233c7d44-80eb-4cf0-822a-ff4c4eab080f ] Request (ServerAddressesTestJSON:setUpClass): 200 GET http://10.180.1.21/compute/v2.1/servers/483bea04-d119-4f15-a28f-ec504bf79329 4.046s
2025-12-15 01:21:39.274 65877 INFO tempest.common.waiters [-] State transition "BUILD/spawning" ==> "ACTIVE/None" after 22 second wait
2025-12-15 01:21:39.358 65857 INFO tempest.lib.common.rest_client [req-6c1cba72-557e-4674-b19e-d4d6805420bc req-6c1cba72-557e-4674-b19e-d4d6805420bc ] Request (FlavorsExtraSpecsTestJSON:tearDownClass): 204 DELETE http://10.180.1.21/networking/v2.0/security-groups/3cbdfe20-bd7e-4a47-ad25-0f827b05e8ed 0.132s
2025-12-15 01:21:39.397 65847 INFO tempest.lib.common.rest_client [req-a515083e-dc98-4209-bbe8-a28f94389619 req-a515083e-dc98-4209-bbe8-a28f94389619 ] Request (ServersWithSpecificFlavorTestJSON:test_verify_created_server_ephemeral_disk): 200 GET http://10.180.1.21/compute/v2.1/servers/0adacac8-8a88-4054-aec5-3ff594e92ab5 3.363s
2025-12-15 01:21:39.410 65835 INFO tempest.lib.common.rest_client [req-c477f0ef-c95d-42cd-aeb3-71c2dcd1636f req-c477f0ef-c95d-42cd-aeb3-71c2dcd1636f ] Request (HostsAdminNegativeTestJSON:tearDownClass): 204 DELETE http://10.180.1.21/networking/v2.0/security-groups/3d75f293-60e8-4d2f-9bed-d5fe2be5be88 0.172s
2025-12-15 01:21:39.465 65857 INFO tempest.lib.common.rest_client [req-fcf87e77-3cb7-4c17-8ca8-a39f2aa164d5 req-fcf87e77-3cb7-4c17-8ca8-a39f2aa164d5 ] Request (FlavorsExtraSpecsTestJSON:tearDownClass): 204 DELETE http://10.180.1.21/identity/v3/projects/51d476f3fd614080ac82fbd00dc8f210 0.107s
2025-12-15 01:21:39.466 65857 INFO tempest.lib.common.dynamic_creds [-] Deleting project and security group for project: 3215db52982d47d9a41802e1e1694631
2025-12-15 01:21:39.562 65853 INFO tempest.lib.common.rest_client [req-4d07a764-41ef-488a-828e-ef50eb0261b0 req-4d07a764-41ef-488a-828e-ef50eb0261b0 ] Request (ImagesMetadataTestJSON:setUp): 200 PUT http://10.180.1.21/compute/v2.1/images/20cd1520-ad9f-49ae-acfd-5e9562df894f/metadata 3.441s
2025-12-15 01:21:39.603 65835 INFO tempest.lib.common.rest_client [req-8cc855df-51b7-46d1-bae4-5bf184f86b8d req-8cc855df-51b7-46d1-bae4-5bf184f86b8d ] Request (HostsAdminNegativeTestJSON:tearDownClass): 204 DELETE http://10.180.1.21/identity/v3/projects/abdda91805ee4fcb8af70bd22f0428bd 0.193s
2025-12-15 01:21:39.604 65835 INFO tempest.lib.common.dynamic_creds [-] Deleting project and security group for project: ab7a18bd840748209e7245bbe7100d24
2025-12-15 01:21:39.619 65879 INFO tempest.lib.common.rest_client [req-e52983e7-3bc5-4374-8f85-79c508338c71 req-e52983e7-3bc5-4374-8f85-79c508338c71 ] Request (ServerRescueTestJSONUnderV235:setUpClass): 200 GET http://10.180.1.21/compute/v2.1/servers/81031592-fb48-4cff-ba52-afe16a7d1916 3.405s
2025-12-15 01:21:39.672 65849 INFO tempest.lib.common.rest_client [req-cffdf490-8378-4016-b5a8-f33c3be6406f req-cffdf490-8378-4016-b5a8-f33c3be6406f ] Request (ImagesOneServerTestJSON:test_create_delete_image): 200 GET http://10.180.1.21/compute/v2.1/images/0ec43aac-8b6e-4e53-88b7-48a534482580 2.621s
2025-12-15 01:21:39.690 65857 INFO tempest.lib.common.rest_client [req-4ce3215f-c25b-4656-9dcd-398a731fd963 req-4ce3215f-c25b-4656-9dcd-398a731fd963 ] Request (FlavorsExtraSpecsTestJSON:tearDownClass): 200 GET http://10.180.1.21/networking/v2.0/security-groups?tenant_id=3215db52982d47d9a41802e1e1694631&name=default 0.224s
2025-12-15 01:21:39.728 65833 INFO tempest.lib.common.rest_client [req-62d3bfa4-0026-4419-9718-95e424efc266 req-62d3bfa4-0026-4419-9718-95e424efc266 ] Request (QuotasAdminTestJSON:test_update_all_quota_resources_for_tenant): 200 GET http://10.180.1.21/compute/v2.1/os-quota-sets/93b6165116a146bf9bd4b45fc1b77e8b/defaults 3.098s
2025-12-15 01:21:39.826 65835 INFO tempest.lib.common.rest_client [req-da5e4e4e-289a-4b51-a0c3-29f0e7df9b55 req-da5e4e4e-289a-4b51-a0c3-29f0e7df9b55 ] Request (HostsAdminNegativeTestJSON:tearDownClass): 200 GET http://10.180.1.21/networking/v2.0/security-groups?tenant_id=ab7a18bd840748209e7245bbe7100d24&name=default 0.222s
2025-12-15 01:21:39.840 65857 INFO tempest.lib.common.rest_client [req-00d5dea0-6050-48f5-8473-425752ae4591 req-00d5dea0-6050-48f5-8473-425752ae4591 ] Request (FlavorsExtraSpecsTestJSON:tearDownClass): 204 DELETE http://10.180.1.21/networking/v2.0/security-groups/5c28da60-d7e9-419e-a541-899d10a203e9 0.150s
2025-12-15 01:21:39.948 65835 INFO tempest.lib.common.rest_client [req-ebba1959-57dc-4028-bd63-3c3a532fb353 req-ebba1959-57dc-4028-bd63-3c3a532fb353 ] Request (HostsAdminNegativeTestJSON:tearDownClass): 204 DELETE http://10.180.1.21/networking/v2.0/security-groups/96c7199f-71b5-4201-9cd4-fd28e3533403 0.121s
2025-12-15 01:21:39.982 65867 INFO tempest.lib.common.rest_client [req-bcea93d3-5b8f-4828-b68a-7bbc226f8563 req-bcea93d3-5b8f-4828-b68a-7bbc226f8563 ] Request (ServersAdminTestJSON:test_create_server_with_scheduling_hint): 200 GET http://10.180.1.21/compute/v2.1/servers/0e801f31-a01c-437c-84c0-4e8cc206b55d 2.901s
2025-12-15 01:21:39.983 65857 INFO tempest.lib.common.rest_client [req-2cf71f40-be00-470a-bfe1-75c1008b493d req-2cf71f40-be00-470a-bfe1-75c1008b493d ] Request (FlavorsExtraSpecsTestJSON:tearDownClass): 204 DELETE http://10.180.1.21/identity/v3/projects/3215db52982d47d9a41802e1e1694631 0.142s
2025-12-15 01:21:39.985 65857 INFO tempest.test [-] raised in ServersOnMultiNodesTest.setUpClass. Invoking tearDownClass.
2025-12-15 01:21:40.004 65887 INFO tempest.lib.common.rest_client [req-1e9d82b3-ac0e-4c1b-b894-a7ed80704203 req-1e9d82b3-ac0e-4c1b-b894-a7ed80704203 ] Request (SecurityGroupRulesNegativeTestJSON:test_create_security_group_rule_with_non_existent_id): 404 POST http://10.180.1.21/compute/v2.1/os-security-group-rules 2.125s
2025-12-15 01:21:40.026 65857 INFO tempest.lib.common.rest_client [req-bc742cae-ccae-4ac1-ae16-ac795f7fe118 req-bc742cae-ccae-4ac1-ae16-ac795f7fe118 ] Request (ServersTestManualDisk:setUpClass): 201 POST http://10.180.1.21/identity/v3/auth/tokens 0.034s
2025-12-15 01:21:40.055 65835 INFO tempest.lib.common.rest_client [req-849e76d4-d2f5-4a0b-a01a-e031e57509dd req-849e76d4-d2f5-4a0b-a01a-e031e57509dd ] Request (HostsAdminNegativeTestJSON:tearDownClass): 204 DELETE http://10.180.1.21/identity/v3/projects/ab7a18bd840748209e7245bbe7100d24 0.106s
2025-12-15 01:21:40.127 65857 INFO tempest.lib.common.rest_client [req-61e6a21b-55bc-4ff6-8306-1bb080c8f469 req-61e6a21b-55bc-4ff6-8306-1bb080c8f469 ] Request (ServersTestManualDisk:setUpClass): 201 POST http://10.180.1.21/identity/v3/auth/tokens 0.096s
2025-12-15 01:21:40.176 65835 INFO tempest.lib.common.rest_client [req-6e99e711-84b5-454d-b0cd-453fb91d14b2 req-6e99e711-84b5-454d-b0cd-453fb91d14b2 ] Request (QuotaClassesAdmin257Test:setUpClass): 201 POST http://10.180.1.21/identity/v3/auth/tokens 0.119s
2025-12-15 01:21:40.201 65857 INFO tempest.lib.common.rest_client [req-7f88f379-0171-4f16-a3f9-2539f01f59d2 req-7f88f379-0171-4f16-a3f9-2539f01f59d2 ] Request (ServersTestManualDisk:setUpClass): 200 GET http://10.180.1.21/identity/v3/domains?name=Default 0.074s
2025-12-15 01:21:40.218 65835 INFO tempest.lib.common.rest_client [req-2f949070-3a1d-4477-b49a-f4e4e50a9ace req-2f949070-3a1d-4477-b49a-f4e4e50a9ace ] Request (QuotaClassesAdmin257Test:setUpClass): 201 POST http://10.180.1.21/identity/v3/auth/tokens 0.039s
2025-12-15 01:21:40.230 65883 INFO tempest.lib.common.rest_client [req-373184ff-2837-486a-bffc-8b0a98bf09fd req-373184ff-2837-486a-bffc-8b0a98bf09fd ] Request (ServersTestJSON:setUpClass): 200 POST http://10.180.1.21/compute/v2.1/os-keypairs 2.324s
2025-12-15 01:21:40.252 65857 INFO tempest.lib.common.rest_client [req-f13ef5d0-d8fb-4f54-85ae-b36471ac7354 req-f13ef5d0-d8fb-4f54-85ae-b36471ac7354 ] Request (ServersTestManualDisk:setUpClass): 201 POST http://10.180.1.21/identity/v3/projects 0.050s
2025-12-15 01:21:40.254 65835 INFO tempest.lib.common.rest_client [req-322084c0-ce23-463c-b918-700e3bb678b9 req-322084c0-ce23-463c-b918-700e3bb678b9 ] Request (QuotaClassesAdmin257Test:setUpClass): 200 GET http://10.180.1.21/identity/v3/domains?name=Default 0.036s
2025-12-15 01:21:40.303 65837 INFO tempest.lib.common.rest_client [req-3232dc81-b5ff-43e9-b99e-671819a04351 req-3232dc81-b5ff-43e9-b99e-671819a04351 ] Request (ServerActionsTestOtherB:setUpClass): 200 GET http://10.180.1.21/compute/v2.1/servers/6544e3e7-b8b2-4ae0-9f26-b2d6b04c7427 2.304s
2025-12-15 01:21:40.306 65831 INFO tempest.lib.common.rest_client [req-09b2bc56-f042-4b65-a1d7-6167bad42fb2 req-09b2bc56-f042-4b65-a1d7-6167bad42fb2 ] Request (ServerMetadataTestJSON:setUpClass): 202 POST http://10.180.1.21/compute/v2.1/servers 3.186s
2025-12-15 01:21:40.322 65857 INFO tempest.lib.common.rest_client [req-28cbc6d3-fb85-457b-868e-dc35f17e97a2 req-28cbc6d3-fb85-457b-868e-dc35f17e97a2 ] Request (ServersTestManualDisk:setUpClass): 201 POST http://10.180.1.21/identity/v3/users 0.069s
2025-12-15 01:21:40.325 65869 INFO tempest.lib.common.rest_client [req-c3385b24-9ff9-4d81-8df5-f5cc81ca649f req-c3385b24-9ff9-4d81-8df5-f5cc81ca649f ] Request (ServerDiagnosticsV248Test:tearDownClass): 404 GET http://10.180.1.21/compute/v2.1/servers/423c28c0-3496-4a45-b84e-44cb3fd3bc88 2.324s
2025-12-15 01:21:40.338 65835 INFO tempest.lib.common.rest_client [req-f907b917-0e01-4717-9144-2ea917f7a562 req-f907b917-0e01-4717-9144-2ea917f7a562 ] Request (QuotaClassesAdmin257Test:setUpClass): 201 POST http://10.180.1.21/identity/v3/projects 0.082s
2025-12-15 01:21:40.353 65857 INFO tempest.lib.common.rest_client [req-0cdd4ff9-2946-429e-9d0c-6eac9abc01db req-0cdd4ff9-2946-429e-9d0c-6eac9abc01db ] Request (ServersTestManualDisk:setUpClass): 200 GET http://10.180.1.21/identity/v3/roles 0.031s
2025-12-15 01:21:40.403 65883 INFO tempest.lib.common.rest_client [req-39ebef7b-5ebb-4420-8fc4-6cee5437f353 req-39ebef7b-5ebb-4420-8fc4-6cee5437f353 ] Request (ServersTestJSON:setUpClass): 201 POST http://10.180.1.21/networking/v2.0/security-groups 0.171s
2025-12-15 01:21:40.425 65839 INFO tempest.lib.common.rest_client [req-8133995f-7ad4-4656-bf12-261feeb087c7 req-8133995f-7ad4-4656-bf12-261feeb087c7 ] Request (DeleteServersAdminTestJSON:test_delete_server_while_in_error_state): 202 POST http://10.180.1.21/compute/v2.1/servers/98dbb5e8-3a99-4dcc-9a38-ed5e867e5f6c/action 2.131s
2025-12-15 01:21:40.444 65841 INFO tempest.lib.common.rest_client [req-fca6778f-fe20-452f-beb0-9a2ed2340875 req-fca6778f-fe20-452f-beb0-9a2ed2340875 ] Request (ImagesNegativeTestJSON:tearDownClass): 404 DELETE http://10.180.1.21/compute/v2.1/servers/0441b93c-4020-4948-9fd9-000cc188f0f1 2.148s
2025-12-15 01:21:40.471 65885 INFO tempest.lib.common.rest_client [req-a101837b-82bc-420f-b2ca-86f662cca1a0 req-a101837b-82bc-420f-b2ca-86f662cca1a0 ] Request (ServicesAdminNegativeV253TestJSON:test_get_service_by_invalid_service_and_valid_host): 200 GET http://10.180.1.21/compute/v2.1/os-services?host=devstack&binary=xxx 2.091s
2025-12-15 01:21:40.500 65869 INFO tempest.lib.common.rest_client [req-e3c40e80-47f6-4e77-b1b5-0674ca208ebd req-e3c40e80-47f6-4e77-b1b5-0674ca208ebd ] Request (ServerDiagnosticsV248Test:tearDownClass): 204 DELETE http://10.180.1.21/identity/v3/users/4a5a8c60221f44a38eddb8e7f3a35f7a 0.175s
2025-12-15 01:21:40.500 65883 INFO tempest.lib.common.rest_client [req-a5dc6ce0-45c5-4a45-b1a2-936eef431b2a req-a5dc6ce0-45c5-4a45-b1a2-936eef431b2a ] Request (ServersTestJSON:setUpClass): 201 POST http://10.180.1.21/networking/v2.0/security-group-rules 0.096s
2025-12-15 01:21:40.537 65843 INFO tempest.lib.common.rest_client [req-1c0984db-494f-496e-835d-624453884000 req-1c0984db-494f-496e-835d-624453884000 ] Request (QuotasAdminNegativeTest:test_create_server_when_instances_quota_is_full): 200 GET http://10.180.1.21/compute/v2.1/os-quota-sets/2c54d84d52dc4467a3ee279acf850b5f 2.334s
2025-12-15 01:21:40.542 65873 INFO tempest.lib.common.rest_client [req-0780ab74-e373-40d8-b8fb-5b18c29cdeb5 req-0780ab74-e373-40d8-b8fb-5b18c29cdeb5 ] Request (AggregatesAdminNegativeTestJSON:test_aggregate_create_as_user): 403 POST http://10.180.1.21/compute/v2.1/os-aggregates 2.038s
2025-12-15 01:21:40.551 65859 INFO tempest.lib.common.rest_client [req-a97a3333-f0b2-405e-8022-6ab2ada4c1ee req-a97a3333-f0b2-405e-8022-6ab2ada4c1ee ] Request (KeyPairsV210TestJSON:test_admin_manage_keypairs_for_other_users): 200 GET http://10.180.1.21/compute/v2.1/os-keypairs/tempest-keypair-1853822093?user_id=9c207088cbf3465bb1d1a1786aeb45eb 1.968s
2025-12-15 01:21:40.565 65835 INFO tempest.lib.common.rest_client [req-fe0875c3-9a52-4b64-abfa-8701165c5c15 req-fe0875c3-9a52-4b64-abfa-8701165c5c15 ] Request (QuotaClassesAdmin257Test:setUpClass): 201 POST http://10.180.1.21/identity/v3/users 0.226s
2025-12-15 01:21:40.569 65863 INFO tempest.lib.common.rest_client [req-2509177b-328a-4faa-b859-c099c9913ac6 req-2509177b-328a-4faa-b859-c099c9913ac6 ] Request (FlavorsAccessNegativeTestJSON:test_flavor_non_admin_remove): 200 POST http://10.180.1.21/compute/v2.1/flavors 1.957s
2025-12-15 01:21:40.583 65883 INFO tempest.lib.common.rest_client [req-90162b10-07ca-4be4-b3a3-28edd68a0e06 req-90162b10-07ca-4be4-b3a3-28edd68a0e06 ] Request (ServersTestJSON:setUpClass): 201 POST http://10.180.1.21/networking/v2.0/security-group-rules 0.082s
2025-12-15 01:21:40.593 65857 INFO tempest.lib.common.rest_client [req-bf8e3163-c456-4f86-b9a1-b15eba8ff1b6 req-bf8e3163-c456-4f86-b9a1-b15eba8ff1b6 ] Request (ServersTestManualDisk:setUpClass): 204 PUT http://10.180.1.21/identity/v3/projects/0b6d55885c7b42d7a00e1c22572146f0/users/60fc56cdb4384667a342b6ba72db2eb3/roles/061a1c2817da4e9e8877d320f4bcff0f 0.239s
2025-12-15 01:21:40.593 65857 INFO tempest.lib.common.dynamic_creds [-] Dynamic test user 60fc56cdb4384667a342b6ba72db2eb3 is created with scope project and roles: ['member']
2025-12-15 01:21:40.593 65857 INFO tempest.lib.common.dynamic_creds [-] Acquired dynamic creds: credentials: Credentials: {'domain_id': 'default', 'domain_name': 'Default', 'username': 'tempest-ServersTestManualDisk-1928283683-project-member', 'project_domain_id': 'default', 'project_domain_name': 'Default', 'project_id': '0b6d55885c7b42d7a00e1c22572146f0', 'project_name': 'tempest-ServersTestManualDisk-1928283683', 'tenant_id': '0b6d55885c7b42d7a00e1c22572146f0', 'tenant_name': 'tempest-ServersTestManualDisk-1928283683', 'user_domain_id': 'default', 'user_domain_name': 'Default', 'user_id': '60fc56cdb4384667a342b6ba72db2eb3', 'system': None}, Network: None, Subnet: None, Router: None
2025-12-15 01:21:40.603 65851 INFO tempest.lib.common.rest_client [req-21dd762c-672c-4fa3-b3a9-f0f35ca699c1 req-21dd762c-672c-4fa3-b3a9-f0f35ca699c1 ] Request (FlavorsAdminTestJSON:_run_cleanups): 200 GET http://10.180.1.21/compute/v2.1/flavors/detail 1.925s
2025-12-15 01:21:40.646 65855 INFO tempest.lib.common.rest_client [req-fe6af07d-d5b0-4ea8-9bb4-dd30ac155735 req-fe6af07d-d5b0-4ea8-9bb4-dd30ac155735 ] Request (ServicesAdminNegativeTestJSON:test_get_service_by_invalid_service_and_valid_host): 200 GET http://10.180.1.21/compute/v2.1/os-services?host=devstack&binary=xxx 1.939s
2025-12-15 01:21:40.727 65845 INFO tempest.lib.common.rest_client [req-32e2457f-8237-422f-b5f8-2984154d74fd req-32e2457f-8237-422f-b5f8-2984154d74fd ] Request (ServersAdminNegativeTestJSON:test_migrate_server_invalid_state): 200 GET http://10.180.1.21/compute/v2.1/servers/adc910f5-ef41-440b-a979-de8eb500c86c 1.841s
2025-12-15 01:21:40.817 65869 INFO tempest.lib.common.rest_client [req-2f123c0e-231f-4778-a13a-f1fdf8ec1ec8 req-2f123c0e-231f-4778-a13a-f1fdf8ec1ec8 ] Request (ServerDiagnosticsV248Test:tearDownClass): 204 DELETE http://10.180.1.21/identity/v3/users/d487b5e818d74b3c999c487847dab6ae 0.317s
2025-12-15 01:21:40.817 65869 INFO tempest.lib.common.dynamic_creds [-] Deleting project and security group for project: 8bae50435a40488e9f350c0b8c979ca4
2025-12-15 01:21:40.829 65835 INFO tempest.lib.common.rest_client [req-211b45e6-f537-4446-9724-d0a328216768 req-211b45e6-f537-4446-9724-d0a328216768 ] Request (QuotaClassesAdmin257Test:setUpClass): 200 GET http://10.180.1.21/identity/v3/roles 0.261s
2025-12-15 01:21:40.913 65857 INFO tempest.lib.common.rest_client [req-40b587d5-8411-42bd-9f9d-20f62ad3680a req-40b587d5-8411-42bd-9f9d-20f62ad3680a ] Request (ServersTestManualDisk:setUpClass): 201 POST http://10.180.1.21/identity/v3/auth/tokens 0.316s
2025-12-15 01:21:40.920 65869 INFO tempest.lib.common.rest_client [req-29638db5-2704-4cf8-9765-aaeadbed9727 req-29638db5-2704-4cf8-9765-aaeadbed9727 ] Request (ServerDiagnosticsV248Test:tearDownClass): 201 POST http://10.180.1.21/identity/v3/auth/tokens 0.102s
2025-12-15 01:21:40.957 65893 INFO tempest.lib.common.rest_client [req-196b1e2d-5ad2-42a2-b2fe-a0f92e2aab21 req-196b1e2d-5ad2-42a2-b2fe-a0f92e2aab21 ] Request (VolumesAdminNegativeTest:tearDownClass): 200 GET http://10.180.1.21/compute/v2.1/servers/a82e942f-fd75-4aa5-9f24-9b64ec6fe8e6 1.830s
2025-12-15 01:21:40.963 65835 INFO tempest.lib.common.rest_client [req-e079709f-5a2d-441d-9df8-0bd2fbdd4cec req-e079709f-5a2d-441d-9df8-0bd2fbdd4cec ] Request (QuotaClassesAdmin257Test:setUpClass): 204 PUT http://10.180.1.21/identity/v3/projects/d93839c97ad24e1e936f916833fd3ee2/users/21ee96f9e334464e9f78f8adbc370749/roles/061a1c2817da4e9e8877d320f4bcff0f 0.133s
2025-12-15 01:21:40.963 65835 INFO tempest.lib.common.dynamic_creds [-] Dynamic test user 21ee96f9e334464e9f78f8adbc370749 is created with scope project and roles: ['member']
2025-12-15 01:21:40.964 65835 INFO tempest.lib.common.dynamic_creds [-] Acquired dynamic creds: credentials: Credentials: {'domain_id': 'default', 'domain_name': 'Default', 'username': 'tempest-QuotaClassesAdmin257Test-1532579167-project-member', 'project_domain_id': 'default', 'project_domain_name': 'Default', 'project_id': 'd93839c97ad24e1e936f916833fd3ee2', 'project_name': 'tempest-QuotaClassesAdmin257Test-1532579167', 'tenant_id': 'd93839c97ad24e1e936f916833fd3ee2', 'tenant_name': 'tempest-QuotaClassesAdmin257Test-1532579167', 'user_domain_id': 'default', 'user_domain_name': 'Default', 'user_id': '21ee96f9e334464e9f78f8adbc370749', 'system': None}, Network: None, Subnet: None, Router: None
2025-12-15 01:21:40.964 65835 INFO tempest.lib.common.dynamic_creds [-] Created isolated network resources for: credentials: Credentials: {'domain_id': 'default', 'domain_name': 'Default', 'username': 'tempest-QuotaClassesAdmin257Test-1532579167-project-member', 'project_domain_id': 'default', 'project_domain_name': 'Default', 'project_id': 'd93839c97ad24e1e936f916833fd3ee2', 'project_name': 'tempest-QuotaClassesAdmin257Test-1532579167', 'tenant_id': 'd93839c97ad24e1e936f916833fd3ee2', 'tenant_name': 'tempest-QuotaClassesAdmin257Test-1532579167', 'user_domain_id': 'default', 'user_domain_name': 'Default', 'user_id': '21ee96f9e334464e9f78f8adbc370749', 'system': None}, Network: None, Subnet: None, Router: None
2025-12-15 01:21:41.020 65877 INFO tempest.lib.common.rest_client [req-adbec7b1-7245-4dad-81a8-4fdad6ca20c0 req-adbec7b1-7245-4dad-81a8-4fdad6ca20c0 ] Request (ServerAddressesTestJSON:test_list_server_addresses): 200 GET http://10.180.1.21/compute/v2.1/servers/483bea04-d119-4f15-a28f-ec504bf79329/ips 1.744s
2025-12-15 01:21:41.100 65835 INFO tempest.lib.common.rest_client [req-62d4d214-8a39-4ced-a989-c00506b57bf4 req-62d4d214-8a39-4ced-a989-c00506b57bf4 ] Request (QuotaClassesAdmin257Test:setUpClass): 201 POST http://10.180.1.21/identity/v3/auth/tokens 0.128s
2025-12-15 01:21:41.204 65835 INFO tempest.lib.common.rest_client [req-a62d6c3a-d630-4f66-b8f4-b47d3d038135 req-a62d6c3a-d630-4f66-b8f4-b47d3d038135 ] Request (QuotaClassesAdmin257Test:setUpClass): 201 POST http://10.180.1.21/identity/v3/projects 0.103s
2025-12-15 01:21:41.302 65835 INFO tempest.lib.common.rest_client [req-92ddf448-ca16-40e3-a133-33f6db18c313 req-92ddf448-ca16-40e3-a133-33f6db18c313 ] Request (QuotaClassesAdmin257Test:setUpClass): 201 POST http://10.180.1.21/identity/v3/users 0.098s
2025-12-15 01:21:41.329 65883 INFO tempest.lib.common.rest_client [req-61bd29ac-4032-4efd-bcdc-6bcc36e56393 req-61bd29ac-4032-4efd-bcdc-6bcc36e56393 ] Request (ServersTestJSON:setUpClass): 201 POST http://10.180.1.21/networking/v2.0/floatingips 0.745s
2025-12-15 01:21:41.333 65835 INFO tempest.lib.common.rest_client [req-d2f5b21a-107a-4734-a5a5-02ecd992546d req-d2f5b21a-107a-4734-a5a5-02ecd992546d ] Request (QuotaClassesAdmin257Test:setUpClass): 200 GET http://10.180.1.21/identity/v3/roles 0.030s
2025-12-15 01:21:41.364 65835 INFO tempest.lib.common.rest_client [req-ff478dee-a028-4e6e-aa8a-09bc7a3369d8 req-ff478dee-a028-4e6e-aa8a-09bc7a3369d8 ] Request (QuotaClassesAdmin257Test:setUpClass): 204 PUT http://10.180.1.21/identity/v3/projects/6a1ff7d2584f4996b1e307577f54a757/users/21f180b23bf64a2494756902bd99e79f/roles/5e4ff95ed3b74aeaa9c064a4ede65b9e 0.030s
2025-12-15 01:21:41.397 65883 INFO tempest.lib.common.rest_client [req-6469dbbf-fb59-4c10-8578-173f2b97e6d5 req-6469dbbf-fb59-4c10-8578-173f2b97e6d5 ] Request (ServersTestJSON:setUpClass): 201 POST http://10.180.1.21/identity/v3/auth/tokens 0.064s
2025-12-15 01:21:41.397 65883 INFO tempest.lib.common.fixed_network [-] (ServersTestJSON:setUpClass) Found network {'id': '21eecb9d-4ecd-4b26-8ec0-bfed4b616b1d', 'name': 'tempest-ServersTestJSON-1393179813-network', 'tenant_id': '1cd6853a34674e15940539072602dce8', 'project_id': '1cd6853a34674e15940539072602dce8', 'admin_state_up': True, 'mtu': 8950, 'status': 'ACTIVE', 'subnets': [], 'shared': False, 'port_security_enabled': True, 'router:external': False, 'provider:network_type': 'vlan', 'provider:physical_network': 'default', 'provider:segmentation_id': 456, 'availability_zone_hints': [], 'availability_zones': [], 'ipv4_address_scope': None, 'ipv6_address_scope': None, 'description': '', 'tags': [], 'created_at': '2025-12-15T01:21:34Z', 'updated_at': '2025-12-15T01:21:34Z', 'revision_number': 1} available for tenant
2025-12-15 01:21:41.405 65857 INFO tempest.lib.common.rest_client [req-4df98dd6-7eb4-4f90-ba44-a38e910dd1c6 req-4df98dd6-7eb4-4f90-ba44-a38e910dd1c6 ] Request (ServersTestManualDisk:setUpClass): 201 POST http://10.180.1.21/networking/v2.0/networks 0.491s
2025-12-15 01:21:41.417 65835 INFO tempest.lib.common.rest_client [req-dae2de1e-4510-4410-b464-f655dcf8d9f7 req-dae2de1e-4510-4410-b464-f655dcf8d9f7 ] Request (QuotaClassesAdmin257Test:setUpClass): 200 GET http://10.180.1.21/identity/v3/roles 0.052s
2025-12-15 01:21:41.435 65871 INFO tempest.lib.common.rest_client [req-c25fb5a6-c59e-48a1-97b7-fa8e45e99ba7 req-c25fb5a6-c59e-48a1-97b7-fa8e45e99ba7 ] Request (ServersAdmin275Test:test_rebuild_update_server_275): 200 GET http://10.180.1.21/compute/v2.1/servers/def327c0-a7c7-4813-8101-c8771716cddf 1.953s
2025-12-15 01:21:41.448 65871 INFO tempest.common.waiters [-] State transition "BUILD/networking" ==> "BUILD/spawning" after 3 second wait
2025-12-15 01:21:41.583 65835 INFO tempest.lib.common.rest_client [req-ede47abc-bb01-44fe-b7af-45bd80ca6c5c req-ede47abc-bb01-44fe-b7af-45bd80ca6c5c ] Request (QuotaClassesAdmin257Test:setUpClass): 204 PUT http://10.180.1.21/identity/v3/projects/6a1ff7d2584f4996b1e307577f54a757/users/21f180b23bf64a2494756902bd99e79f/roles/5e4ff95ed3b74aeaa9c064a4ede65b9e 0.165s
2025-12-15 01:21:41.583 65835 INFO tempest.lib.common.dynamic_creds [-] Dynamic test user 21f180b23bf64a2494756902bd99e79f is created with scope project and roles: ['admin']
2025-12-15 01:21:41.583 65835 INFO tempest.lib.common.dynamic_creds [-] Acquired dynamic creds: credentials: Credentials: {'domain_id': 'default', 'domain_name': 'Default', 'username': 'tempest-QuotaClassesAdmin257Test-304872812-project-admin', 'project_domain_id': 'default', 'project_domain_name': 'Default', 'project_id': '6a1ff7d2584f4996b1e307577f54a757', 'project_name': 'tempest-QuotaClassesAdmin257Test-304872812', 'tenant_id': '6a1ff7d2584f4996b1e307577f54a757', 'tenant_name': 'tempest-QuotaClassesAdmin257Test-304872812', 'user_domain_id': 'default', 'user_domain_name': 'Default', 'user_id': '21f180b23bf64a2494756902bd99e79f', 'system': None}, Network: None, Subnet: None, Router: None
2025-12-15 01:21:41.583 65835 INFO tempest.lib.common.dynamic_creds [-] Created isolated network resources for: credentials: Credentials: {'domain_id': 'default', 'domain_name': 'Default', 'username': 'tempest-QuotaClassesAdmin257Test-304872812-project-admin', 'project_domain_id': 'default', 'project_domain_name': 'Default', 'project_id': '6a1ff7d2584f4996b1e307577f54a757', 'project_name': 'tempest-QuotaClassesAdmin257Test-304872812', 'tenant_id': '6a1ff7d2584f4996b1e307577f54a757', 'tenant_name': 'tempest-QuotaClassesAdmin257Test-304872812', 'user_domain_id': 'default', 'user_domain_name': 'Default', 'user_id': '21f180b23bf64a2494756902bd99e79f', 'system': None}, Network: None, Subnet: None, Router: None
2025-12-15 01:21:41.612 65853 INFO tempest.lib.common.rest_client [req-3568f038-09cc-420d-a21e-4f6c4ebd8519 req-3568f038-09cc-420d-a21e-4f6c4ebd8519 ] Request (ImagesMetadataTestJSON:test_delete_image_metadata_item): 204 DELETE http://10.180.1.21/compute/v2.1/images/20cd1520-ad9f-49ae-acfd-5e9562df894f/metadata/os_version 2.049s
2025-12-15 01:21:41.613 65857 INFO tempest.lib.common.rest_client [req-0b6132ed-fa32-4a15-ad2c-fa6032b48ee0 req-0b6132ed-fa32-4a15-ad2c-fa6032b48ee0 ] Request (ServersTestManualDisk:setUpClass): 201 POST http://10.180.1.21/networking/v2.0/subnets 0.208s
2025-12-15 01:21:41.675 65869 INFO tempest.lib.common.rest_client [req-5cc167d0-a3be-44d1-b8cc-4ed6de104286 req-5cc167d0-a3be-44d1-b8cc-4ed6de104286 ] Request (ServerDiagnosticsV248Test:tearDownClass): 200 GET http://10.180.1.21/networking/v2.0/security-groups?tenant_id=8bae50435a40488e9f350c0b8c979ca4&name=default 0.754s
2025-12-15 01:21:41.719 65835 INFO tempest.lib.common.rest_client [req-95928570-0a36-4f06-9e56-55954ba01e05 req-95928570-0a36-4f06-9e56-55954ba01e05 ] Request (QuotaClassesAdmin257Test:setUpClass): 201 POST http://10.180.1.21/identity/v3/auth/tokens 0.133s
2025-12-15 01:21:41.740 65881 INFO tempest.lib.common.rest_client [req-20e74c27-9cbe-439d-a273-fdff941ce5fc req-20e74c27-9cbe-439d-a273-fdff941ce5fc ] Request (MigrationsAdminTest:test_list_migrations_in_flavor_resize_situation): 202 POST http://10.180.1.21/compute/v2.1/servers 3.295s
2025-12-15 01:21:41.799 65869 INFO tempest.lib.common.rest_client [req-97336ea8-b251-4f9f-b7ba-6375c309e265 req-97336ea8-b251-4f9f-b7ba-6375c309e265 ] Request (ServerDiagnosticsV248Test:tearDownClass): 204 DELETE http://10.180.1.21/networking/v2.0/security-groups/53de611b-cdb7-47a9-8d6c-89e50ec6a638 0.124s
2025-12-15 01:21:41.887 65869 INFO tempest.lib.common.rest_client [req-388c14c0-9749-438b-9593-28b3b386ce2f req-388c14c0-9749-438b-9593-28b3b386ce2f ] Request (ServerDiagnosticsV248Test:tearDownClass): 204 DELETE http://10.180.1.21/identity/v3/projects/8bae50435a40488e9f350c0b8c979ca4 0.088s
2025-12-15 01:21:41.888 65869 INFO tempest.lib.common.dynamic_creds [-] Deleting project and security group for project: 0972c2c925a948a39b630dd6c6cd731c
2025-12-15 01:21:41.990 65849 INFO tempest.lib.common.rest_client [req-2f4e6515-b879-4fde-9249-3a9bf5256ac2 req-2f4e6515-b879-4fde-9249-3a9bf5256ac2 ] Request (ImagesOneServerTestJSON:test_create_delete_image): 200 GET http://10.180.1.21/compute/v2.1/servers/bbe00a14-69de-46d8-ad3d-fde0464faf08 2.310s
2025-12-15 01:21:42.057 65833 INFO tempest.lib.common.rest_client [req-36d0fb36-6a22-48f0-9397-a3ad6b9072a3 req-36d0fb36-6a22-48f0-9397-a3ad6b9072a3 ] Request (QuotasAdminTestJSON:test_update_all_quota_resources_for_tenant): 200 PUT http://10.180.1.21/compute/v2.1/os-quota-sets/93b6165116a146bf9bd4b45fc1b77e8b 2.327s
2025-12-15 01:21:42.109 65869 INFO tempest.lib.common.rest_client [req-776ccab3-9f1a-47e7-b56a-0ef9f58356d7 req-776ccab3-9f1a-47e7-b56a-0ef9f58356d7 ] Request (ServerDiagnosticsV248Test:tearDownClass): 200 GET http://10.180.1.21/networking/v2.0/security-groups?tenant_id=0972c2c925a948a39b630dd6c6cd731c&name=default 0.221s
2025-12-15 01:21:42.363 65887 INFO tempest.lib.common.rest_client [req-b903e8c6-0bbe-4849-8d69-c333b4acde0e req-b903e8c6-0bbe-4849-8d69-c333b4acde0e ] Request (SecurityGroupRulesNegativeTestJSON:test_delete_security_group_rule_with_non_existent_id): 404 DELETE http://10.180.1.21/compute/v2.1/os-security-group-rules/af043b40-10f5-4720-ae1d-5a19eaf5bee5 2.357s
2025-12-15 01:21:42.366 65891 INFO tempest.lib.common.rest_client [req-c3cfacea-644b-479b-8049-07adb7f12c83 req-c3cfacea-644b-479b-8049-07adb7f12c83 ] Request (FloatingIPsAssociationTestJSON:setUpClass): 200 GET http://10.180.1.21/compute/v2.1/servers/34e974f9-c5c9-474c-8438-4ca5b4228534 2.526s
2025-12-15 01:21:42.483 65857 INFO tempest.lib.common.rest_client [req-5cceefed-a888-4c9d-bc9c-ffcdb025d89e req-5cceefed-a888-4c9d-bc9c-ffcdb025d89e ] Request (ServersTestManualDisk:setUpClass): 201 POST http://10.180.1.21/networking/v2.0/routers 0.869s
2025-12-15 01:21:42.497 65869 INFO tempest.lib.common.rest_client [req-512e5146-8b8b-4b42-973a-f416d272e728 req-512e5146-8b8b-4b42-973a-f416d272e728 ] Request (ServerDiagnosticsV248Test:tearDownClass): 204 DELETE http://10.180.1.21/networking/v2.0/security-groups/1cb63b40-4ae3-430c-b041-c14ce4c6ccfc 0.388s
2025-12-15 01:21:42.526 65831 INFO tempest.lib.common.rest_client [req-bb0feaee-447a-4679-b4dd-6ae840383dd1 req-bb0feaee-447a-4679-b4dd-6ae840383dd1 ] Request (ServerMetadataTestJSON:setUpClass): 200 GET http://10.180.1.21/compute/v2.1/servers/63001002-e802-4957-82af-e161ecbda933 2.218s
2025-12-15 01:21:42.612 65875 INFO tempest.lib.common.rest_client [req-fa9a09eb-0193-48dc-966b-27d209c5be85 req-fa9a09eb-0193-48dc-966b-27d209c5be85 ] Request (InstanceActionsTestJSON:setUpClass): 200 GET http://10.180.1.21/compute/v2.1/servers/40374a7c-de63-4d70-a706-c8d3f28a9873 2.575s
2025-12-15 01:21:42.732 65847 INFO tempest.lib.common.rest_client [req-5d99648d-5c5d-427d-bf6b-96de33742ec9 req-5d99648d-5c5d-427d-bf6b-96de33742ec9 ] Request (ServersWithSpecificFlavorTestJSON:test_verify_created_server_ephemeral_disk): 200 GET http://10.180.1.21/compute/v2.1/servers/0adacac8-8a88-4054-aec5-3ff594e92ab5 2.326s
2025-12-15 01:21:42.766 65841 INFO tempest.lib.common.rest_client [req-397882dc-f951-43eb-865c-d0de81a29954 req-397882dc-f951-43eb-865c-d0de81a29954 ] Request (ImagesNegativeTestJSON:tearDownClass): 404 GET http://10.180.1.21/compute/v2.1/servers/0441b93c-4020-4948-9fd9-000cc188f0f1 2.321s
2025-12-15 01:21:42.792 65885 INFO tempest.lib.common.rest_client [req-a1b1fae1-c4f5-4444-bdd1-4a9a590d4b97 req-a1b1fae1-c4f5-4444-bdd1-4a9a590d4b97 ] Request (ServicesAdminNegativeV253TestJSON:test_get_service_with_valid_service_and_invalid_host): 200 GET http://10.180.1.21/compute/v2.1/os-services 2.316s
2025-12-15 01:21:42.794 65869 INFO tempest.lib.common.rest_client [req-a98391ec-9962-406c-9131-b929680fe997 req-a98391ec-9962-406c-9131-b929680fe997 ] Request (ServerDiagnosticsV248Test:tearDownClass): 204 DELETE http://10.180.1.21/identity/v3/projects/0972c2c925a948a39b630dd6c6cd731c 0.296s
2025-12-15 01:21:42.885 65869 INFO tempest.lib.common.rest_client [req-a4baa4b7-2418-46bd-8aa0-5b04427547cd req-a4baa4b7-2418-46bd-8aa0-5b04427547cd ] Request (ServerActionsTestOtherA:setUpClass): 201 POST http://10.180.1.21/identity/v3/auth/tokens 0.089s
2025-12-15 01:21:42.925 65869 INFO tempest.lib.common.rest_client [req-7359ab6c-6552-4199-9343-2faf747b9438 req-7359ab6c-6552-4199-9343-2faf747b9438 ] Request (ServerActionsTestOtherA:setUpClass): 201 POST http://10.180.1.21/identity/v3/auth/tokens 0.037s
2025-12-15 01:21:42.954 65869 INFO tempest.lib.common.rest_client [req-aa407581-a2cc-4f18-95db-774d0a20f6f2 req-aa407581-a2cc-4f18-95db-774d0a20f6f2 ] Request (ServerActionsTestOtherA:setUpClass): 200 GET http://10.180.1.21/identity/v3/domains?name=Default 0.029s
2025-12-15 01:21:42.971 65843 INFO tempest.lib.common.rest_client [req-392f1172-f823-4b59-aed7-c6029345de18 req-392f1172-f823-4b59-aed7-c6029345de18 ] Request (QuotasAdminNegativeTest:test_create_server_when_instances_quota_is_full): 200 PUT http://10.180.1.21/compute/v2.1/os-quota-sets/2c54d84d52dc4467a3ee279acf850b5f 2.431s
2025-12-15 01:21:42.999 65873 INFO tempest.lib.common.rest_client [req-10aba5e3-b01a-430b-88fb-3bbbf09c33f8 req-10aba5e3-b01a-430b-88fb-3bbbf09c33f8 ] Request (AggregatesAdminNegativeTestJSON:test_aggregate_create_with_existent_aggregate_name): 200 POST http://10.180.1.21/compute/v2.1/os-aggregates 2.456s
2025-12-15 01:21:43.001 65869 INFO tempest.lib.common.rest_client [req-20bc32dc-aad8-480c-a315-47f73024cabe req-20bc32dc-aad8-480c-a315-47f73024cabe ] Request (ServerActionsTestOtherA:setUpClass): 201 POST http://10.180.1.21/identity/v3/projects 0.046s
2025-12-15 01:21:43.054 65859 INFO tempest.lib.common.rest_client [req-2d8d9e54-95e6-4a09-99c0-301590a69675 req-2d8d9e54-95e6-4a09-99c0-301590a69675 ] Request (KeyPairsV210TestJSON:test_admin_manage_keypairs_for_other_users): 201 POST http://10.180.1.21/compute/v2.1/os-keypairs 2.501s
2025-12-15 01:21:43.065 65843 INFO tempest.lib.common.rest_client [req-47392f7c-be6d-4814-9a59-f84d65f65922 req-47392f7c-be6d-4814-9a59-f84d65f65922 ] Request (QuotasAdminNegativeTest:test_create_server_when_instances_quota_is_full): 201 POST http://10.180.1.21/identity/v3/auth/tokens 0.086s
2025-12-15 01:21:43.066 65843 INFO tempest.lib.common.fixed_network [-] (QuotasAdminNegativeTest:test_create_server_when_instances_quota_is_full) Found network None available for tenant
2025-12-15 01:21:43.088 65869 INFO tempest.lib.common.rest_client [req-c65a8e9f-2e8a-4a12-87cc-fb0fe9a90c3f req-c65a8e9f-2e8a-4a12-87cc-fb0fe9a90c3f ] Request (ServerActionsTestOtherA:setUpClass): 201 POST http://10.180.1.21/identity/v3/users 0.086s
2025-12-15 01:21:43.128 65869 INFO tempest.lib.common.rest_client [req-a5b11a48-e32a-41fa-9564-0c249917cb93 req-a5b11a48-e32a-41fa-9564-0c249917cb93 ] Request (ServerActionsTestOtherA:setUpClass): 200 GET http://10.180.1.21/identity/v3/roles 0.039s
2025-12-15 01:21:43.162 65869 INFO tempest.lib.common.rest_client [req-6dda79f5-72b1-41d7-85fd-89bbc1a9500c req-6dda79f5-72b1-41d7-85fd-89bbc1a9500c ] Request (ServerActionsTestOtherA:setUpClass): 204 PUT http://10.180.1.21/identity/v3/projects/225017ad4a1a46be840ee8605e587d25/users/2473385dc0f74e8aa511c646b3a3de54/roles/061a1c2817da4e9e8877d320f4bcff0f 0.034s
2025-12-15 01:21:43.163 65869 INFO tempest.lib.common.dynamic_creds [-] Dynamic test user 2473385dc0f74e8aa511c646b3a3de54 is created with scope project and roles: ['member']
2025-12-15 01:21:43.163 65869 INFO tempest.lib.common.dynamic_creds [-] Acquired dynamic creds: credentials: Credentials: {'domain_id': 'default', 'domain_name': 'Default', 'username': 'tempest-ServerActionsTestOtherA-1623203122-project-member', 'project_domain_id': 'default', 'project_domain_name': 'Default', 'project_id': '225017ad4a1a46be840ee8605e587d25', 'project_name': 'tempest-ServerActionsTestOtherA-1623203122', 'tenant_id': '225017ad4a1a46be840ee8605e587d25', 'tenant_name': 'tempest-ServerActionsTestOtherA-1623203122', 'user_domain_id': 'default', 'user_domain_name': 'Default', 'user_id': '2473385dc0f74e8aa511c646b3a3de54', 'system': None}, Network: None, Subnet: None, Router: None
2025-12-15 01:21:43.234 65863 INFO tempest.lib.common.rest_client [req-84c150a7-06a2-47f7-8959-591bdc8f2c7a req-84c150a7-06a2-47f7-8959-591bdc8f2c7a ] Request (FlavorsAccessNegativeTestJSON:test_flavor_non_admin_remove): 200 POST http://10.180.1.21/compute/v2.1/flavors/1806782503/action 2.663s
2025-12-15 01:21:43.234 65869 INFO tempest.lib.common.rest_client [req-5842a918-d709-4abd-b741-8bbde1c86a5b req-5842a918-d709-4abd-b741-8bbde1c86a5b ] Request (ServerActionsTestOtherA:setUpClass): 201 POST http://10.180.1.21/identity/v3/auth/tokens 0.071s
2025-12-15 01:21:43.256 65851 INFO tempest.lib.common.rest_client [req-a4004cec-6d2d-4a5e-9e48-88fdca27908b req-a4004cec-6d2d-4a5e-9e48-88fdca27908b ] Request (FlavorsAdminTestJSON:test_create_list_flavor_without_extra_data): 200 POST http://10.180.1.21/compute/v2.1/flavors 2.638s
2025-12-15 01:21:43.574 65857 INFO tempest.lib.common.rest_client [req-9e7b9057-37a1-4683-9ae6-e624ddda0c2f req-9e7b9057-37a1-4683-9ae6-e624ddda0c2f ] Request (ServersTestManualDisk:setUpClass): 200 PUT http://10.180.1.21/networking/v2.0/routers/8f2a2202-54f9-47d4-940a-4703ba4acbc5/add_router_interface 1.090s
2025-12-15 01:21:43.574 65857 INFO tempest.lib.common.dynamic_creds [-] Created isolated network resources for: credentials: Credentials: {'domain_id': 'default', 'domain_name': 'Default', 'username': 'tempest-ServersTestManualDisk-1928283683-project-member', 'project_domain_id': 'default', 'project_domain_name': 'Default', 'project_id': '0b6d55885c7b42d7a00e1c22572146f0', 'project_name': 'tempest-ServersTestManualDisk-1928283683', 'tenant_id': '0b6d55885c7b42d7a00e1c22572146f0', 'tenant_name': 'tempest-ServersTestManualDisk-1928283683', 'user_domain_id': 'default', 'user_domain_name': 'Default', 'user_id': '60fc56cdb4384667a342b6ba72db2eb3', 'system': None}, Network: {'id': '5182e602-3759-4d0f-a294-23bf384e8fb9', 'name': 'tempest-ServersTestManualDisk-1913237969-network', 'tenant_id': '0b6d55885c7b42d7a00e1c22572146f0', 'project_id': '0b6d55885c7b42d7a00e1c22572146f0', 'admin_state_up': True, 'mtu': 8950, 'status': 'ACTIVE', 'subnets': [], 'shared': False, 'port_security_enabled': True, 'router:external': False, 'provider:network_type': 'vlan', 'provider:physical_network': 'default', 'provider:segmentation_id': 786, 'availability_zone_hints': [], 'availability_zones': [], 'ipv4_address_scope': None, 'ipv6_address_scope': None, 'description': '', 'tags': [], 'created_at': '2025-12-15T01:21:41Z', 'updated_at': '2025-12-15T01:21:41Z', 'revision_number': 1}, Subnet: {'id': 'f55ad0cc-bac2-46f1-b436-849620f83031', 'name': 'tempest-ServersTestManualDisk-1913237969-subnet', 'tenant_id': '0b6d55885c7b42d7a00e1c22572146f0', 'network_id': '5182e602-3759-4d0f-a294-23bf384e8fb9', 'ip_version': 4, 'subnetpool_id': None, 'enable_dhcp': True, 'ipv6_ra_mode': None, 'ipv6_address_mode': None, 'gateway_ip': '192.168.128.1', 'cidr': '192.168.128.0/28', 'allocation_pools': [{'start': '192.168.128.2', 'end': '192.168.128.14'}], 'host_routes': [], 'dns_nameservers': [], 'description': '', 'router:external': False, 'service_types': [], 'tags': [], 'created_at': '2025-12-15T01:21:41Z', 'updated_at': '2025-12-15T01:21:41Z', 'revision_number': 0, 'project_id': '0b6d55885c7b42d7a00e1c22572146f0'}, Router: {'id': '8f2a2202-54f9-47d4-940a-4703ba4acbc5', 'name': 'tempest-ServersTestManualDisk-1913237969-router', 'tenant_id': '0b6d55885c7b42d7a00e1c22572146f0', 'admin_state_up': True, 'status': 'ACTIVE', 'external_gateway_info': {'network_id': 'f2a2cb57-acb6-46fd-a793-091537d513ad', 'external_fixed_ips': [{'subnet_id': 'ee314fe8-6514-4ad7-9100-ec0f7fee7bcc', 'ip_address': '10.180.180.225'}], 'enable_snat': True}, 'description': '', 'availability_zones': [], 'distributed': False, 'ha': False, 'availability_zone_hints': [], 'routes': [], 'flavor_id': None, 'tags': [], 'created_at': '2025-12-15T01:21:41Z', 'updated_at': '2025-12-15T01:21:42Z', 'revision_number': 2, 'project_id': '0b6d55885c7b42d7a00e1c22572146f0'}
2025-12-15 01:21:43.603 65861 WARNING tempest.lib.common.ssh [-] Failed to establish authenticated ssh connection to cirros@10.180.180.210 ([Errno None] Unable to connect to port 22 on 10.180.180.210). Number attempts: 4. Retry after 5 seconds.: paramiko.ssh_exception.NoValidConnectionsError: [Errno None] Unable to connect to port 22 on 10.180.180.210
2025-12-15 01:21:43.662 65839 INFO tempest.lib.common.rest_client [req-427aebd4-dc26-4b7f-8212-9cdb4be4f9c3 req-427aebd4-dc26-4b7f-8212-9cdb4be4f9c3 ] Request (DeleteServersAdminTestJSON:test_delete_server_while_in_error_state): 200 GET http://10.180.1.21/compute/v2.1/servers/98dbb5e8-3a99-4dcc-9a38-ed5e867e5f6c 3.236s
2025-12-15 01:21:43.687 65857 INFO tempest.lib.common.rest_client [req-1e49b950-e378-45e9-975d-911b0c10934d req-1e49b950-e378-45e9-975d-911b0c10934d ] Request (ServersTestManualDisk:setUpClass): 201 POST http://10.180.1.21/identity/v3/auth/tokens 0.108s
2025-12-15 01:21:43.690 65855 INFO tempest.lib.common.rest_client [req-8587fb07-8b20-48d9-8176-9ea27b3ec5d9 req-8587fb07-8b20-48d9-8176-9ea27b3ec5d9 ] Request (ServicesAdminNegativeTestJSON:test_get_service_with_valid_service_and_invalid_host): 200 GET http://10.180.1.21/compute/v2.1/os-services 3.040s
2025-12-15 01:21:43.966 65869 INFO tempest.lib.common.rest_client [req-721e773b-f662-427e-890e-b0dc7546b96f req-721e773b-f662-427e-890e-b0dc7546b96f ] Request (ServerActionsTestOtherA:setUpClass): 201 POST http://10.180.1.21/networking/v2.0/networks 0.731s
2025-12-15 01:21:44.046 65841 INFO tempest.lib.common.rest_client [req-2662c488-b2ec-4bac-885c-ba6ba4584de5 req-2662c488-b2ec-4bac-885c-ba6ba4584de5 ] Request (ImagesNegativeTestJSON:tearDownClass): 200 PUT http://10.180.1.21/networking/v2.0/routers/ef33daf0-909d-4d19-bf1d-084d160679db/remove_router_interface 1.280s
2025-12-15 01:21:44.340 65869 INFO tempest.lib.common.rest_client [req-29442e66-31f6-4cb0-81b2-72e844b786f3 req-29442e66-31f6-4cb0-81b2-72e844b786f3 ] Request (ServerActionsTestOtherA:setUpClass): 201 POST http://10.180.1.21/networking/v2.0/subnets 0.374s
2025-12-15 01:21:44.384 65879 INFO tempest.lib.common.rest_client [req-e46a51eb-55fc-479e-bc15-269eb94e9bd0 req-e46a51eb-55fc-479e-bc15-269eb94e9bd0 ] Request (ServerRescueTestJSONUnderV235:setUpClass): 200 GET http://10.180.1.21/compute/v2.1/servers/81031592-fb48-4cff-ba52-afe16a7d1916 3.754s
2025-12-15 01:21:44.418 65877 INFO tempest.lib.common.rest_client [req-59005fa2-d92e-49c8-8013-d213f0d4c878 req-59005fa2-d92e-49c8-8013-d213f0d4c878 ] Request (ServerAddressesTestJSON:test_list_server_addresses_by_network): 200 GET http://10.180.1.21/compute/v2.1/servers/483bea04-d119-4f15-a28f-ec504bf79329/ips 3.394s
2025-12-15 01:21:44.430 65867 INFO tempest.lib.common.rest_client [req-d4219ae2-8764-4540-a757-f1e459a57e00 req-d4219ae2-8764-4540-a757-f1e459a57e00 ] Request (ServersAdminTestJSON:test_create_server_with_scheduling_hint): 200 GET http://10.180.1.21/compute/v2.1/servers/0e801f31-a01c-437c-84c0-4e8cc206b55d 3.438s
2025-12-15 01:21:44.857 65841 INFO tempest.lib.common.rest_client [req-df96f10e-11dc-4016-9b9a-0fcc40523a49 req-df96f10e-11dc-4016-9b9a-0fcc40523a49 ] Request (ImagesNegativeTestJSON:tearDownClass): 204 DELETE http://10.180.1.21/networking/v2.0/routers/ef33daf0-909d-4d19-bf1d-084d160679db 0.810s
2025-12-15 01:21:45.295 65869 INFO tempest.lib.common.rest_client [req-73262998-88c4-42b2-b44b-bafd6fe98e6f req-73262998-88c4-42b2-b44b-bafd6fe98e6f ] Request (ServerActionsTestOtherA:setUpClass): 201 POST http://10.180.1.21/networking/v2.0/routers 0.954s
2025-12-15 01:21:45.348 65837 INFO tempest.lib.common.rest_client [req-aba52457-c6e1-48a7-b49e-45603c85d0fe req-aba52457-c6e1-48a7-b49e-45603c85d0fe ] Request (ServerActionsTestOtherB:setUpClass): 200 GET http://10.180.1.21/compute/v2.1/servers/6544e3e7-b8b2-4ae0-9f26-b2d6b04c7427 4.036s
2025-12-15 01:21:45.389 65853 INFO tempest.lib.common.rest_client [req-46b8f8c6-8b18-47e0-ab95-d9b7729448be req-46b8f8c6-8b18-47e0-ab95-d9b7729448be ] Request (ImagesMetadataTestJSON:test_delete_image_metadata_item): 200 GET http://10.180.1.21/compute/v2.1/images/20cd1520-ad9f-49ae-acfd-5e9562df894f/metadata 3.776s
2025-12-15 01:21:45.506 65841 INFO tempest.lib.common.rest_client [req-890f9a5f-5ec4-42b2-a5f2-a17155622670 req-890f9a5f-5ec4-42b2-a5f2-a17155622670 ] Request (ImagesNegativeTestJSON:tearDownClass): 204 DELETE http://10.180.1.21/networking/v2.0/subnets/11e9ad67-2c9f-4be5-b840-aef63195d0c7 0.648s
2025-12-15 01:21:46.375 65869 INFO tempest.lib.common.rest_client [req-d7dded65-a9ec-49fd-918e-4700d3f7645f req-d7dded65-a9ec-49fd-918e-4700d3f7645f ] Request (ServerActionsTestOtherA:setUpClass): 200 PUT http://10.180.1.21/networking/v2.0/routers/723954d4-89b7-4ba6-a00a-63ead83bf290/add_router_interface 1.079s
2025-12-15 01:21:46.375 65869 INFO tempest.lib.common.dynamic_creds [-] Created isolated network resources for: credentials: Credentials: {'domain_id': 'default', 'domain_name': 'Default', 'username': 'tempest-ServerActionsTestOtherA-1623203122-project-member', 'project_domain_id': 'default', 'project_domain_name': 'Default', 'project_id': '225017ad4a1a46be840ee8605e587d25', 'project_name': 'tempest-ServerActionsTestOtherA-1623203122', 'tenant_id': '225017ad4a1a46be840ee8605e587d25', 'tenant_name': 'tempest-ServerActionsTestOtherA-1623203122', 'user_domain_id': 'default', 'user_domain_name': 'Default', 'user_id': '2473385dc0f74e8aa511c646b3a3de54', 'system': None}, Network: {'id': 'bfe0f9bf-f4df-42f5-804c-45026f7865e5', 'name': 'tempest-ServerActionsTestOtherA-409672772-network', 'tenant_id': '225017ad4a1a46be840ee8605e587d25', 'project_id': '225017ad4a1a46be840ee8605e587d25', 'admin_state_up': True, 'mtu': 8950, 'status': 'ACTIVE', 'subnets': [], 'shared': False, 'port_security_enabled': True, 'router:external': False, 'provider:network_type': 'vlan', 'provider:physical_network': 'default', 'provider:segmentation_id': 344, 'availability_zone_hints': [], 'availability_zones': [], 'ipv4_address_scope': None, 'ipv6_address_scope': None, 'description': '', 'tags': [], 'created_at': '2025-12-15T01:21:43Z', 'updated_at': '2025-12-15T01:21:43Z', 'revision_number': 1}, Subnet: {'id': '7474f265-ac6d-489f-91b0-03615e3a332c', 'name': 'tempest-ServerActionsTestOtherA-409672772-subnet', 'tenant_id': '225017ad4a1a46be840ee8605e587d25', 'network_id': 'bfe0f9bf-f4df-42f5-804c-45026f7865e5', 'ip_version': 4, 'subnetpool_id': None, 'enable_dhcp': True, 'ipv6_ra_mode': None, 'ipv6_address_mode': None, 'gateway_ip': '192.168.128.1', 'cidr': '192.168.128.0/28', 'allocation_pools': [{'start': '192.168.128.2', 'end': '192.168.128.14'}], 'host_routes': [], 'dns_nameservers': [], 'description': '', 'router:external': False, 'service_types': [], 'tags': [], 'created_at': '2025-12-15T01:21:44Z', 'updated_at': '2025-12-15T01:21:44Z', 'revision_number': 0, 'project_id': '225017ad4a1a46be840ee8605e587d25'}, Router: {'id': '723954d4-89b7-4ba6-a00a-63ead83bf290', 'name': 'tempest-ServerActionsTestOtherA-409672772-router', 'tenant_id': '225017ad4a1a46be840ee8605e587d25', 'admin_state_up': True, 'status': 'ACTIVE', 'external_gateway_info': {'network_id': 'f2a2cb57-acb6-46fd-a793-091537d513ad', 'external_fixed_ips': [{'subnet_id': 'ee314fe8-6514-4ad7-9100-ec0f7fee7bcc', 'ip_address': '10.180.180.229'}], 'enable_snat': True}, 'description': '', 'availability_zones': [], 'distributed': False, 'ha': False, 'availability_zone_hints': [], 'routes': [], 'flavor_id': None, 'tags': [], 'created_at': '2025-12-15T01:21:44Z', 'updated_at': '2025-12-15T01:21:44Z', 'revision_number': 2, 'project_id': '225017ad4a1a46be840ee8605e587d25'}
2025-12-15 01:21:46.498 65869 INFO tempest.lib.common.rest_client [req-e7311326-6cea-48d6-9a38-bc2c4606bed0 req-e7311326-6cea-48d6-9a38-bc2c4606bed0 ] Request (ServerActionsTestOtherA:setUpClass): 201 POST http://10.180.1.21/identity/v3/auth/tokens 0.119s
2025-12-15 01:21:46.512 65845 INFO tempest.lib.common.rest_client [req-fb9ce7b9-ad55-4f0a-a63e-89910cee5c19 req-fb9ce7b9-ad55-4f0a-a63e-89910cee5c19 ] Request (ServersAdminNegativeTestJSON:test_migrate_server_invalid_state): 200 GET http://10.180.1.21/compute/v2.1/servers/adc910f5-ef41-440b-a979-de8eb500c86c 4.770s
2025-12-15 01:21:46.655 65881 INFO tempest.lib.common.rest_client [req-8f81369a-663d-48b1-bf73-63354bc8cc87 req-8f81369a-663d-48b1-bf73-63354bc8cc87 ] Request (MigrationsAdminTest:test_list_migrations_in_flavor_resize_situation): 200 GET http://10.180.1.21/compute/v2.1/servers/0b6b3766-6844-4aa8-959e-993ec5944807 4.910s
2025-12-15 01:21:46.786 65841 INFO tempest.lib.common.rest_client [req-28c0eb2c-ee04-432f-812a-3dac0d427260 req-28c0eb2c-ee04-432f-812a-3dac0d427260 ] Request (ImagesNegativeTestJSON:tearDownClass): 204 DELETE http://10.180.1.21/networking/v2.0/networks/47d60769-a58c-483d-a606-619f93625482 1.279s
2025-12-15 01:21:46.865 65841 INFO tempest.lib.common.rest_client [req-f399b29a-3418-403e-beee-9a45a2d2a636 req-f399b29a-3418-403e-beee-9a45a2d2a636 ] Request (ImagesNegativeTestJSON:tearDownClass): 204 DELETE http://10.180.1.21/identity/v3/users/48c02320c5a942aba391b20f2dbd858b 0.079s
2025-12-15 01:21:46.865 65841 INFO tempest.lib.common.dynamic_creds [-] Deleting project and security group for project: 72144d316ebb4cc1978db874f5370027
2025-12-15 01:21:46.885 65893 INFO tempest.lib.common.rest_client [req-93535d31-d1ab-4f02-89f6-fc1fa73cb1db req-93535d31-d1ab-4f02-89f6-fc1fa73cb1db ] Request (VolumesAdminNegativeTest:tearDownClass): 200 GET http://10.180.1.21/compute/v2.1/servers/a82e942f-fd75-4aa5-9f24-9b64ec6fe8e6 4.913s
2025-12-15 01:21:46.892 65893 INFO tempest.common.waiters [-] State transition "ACTIVE/deleting" ==> "DELETED/None" after 6 second wait
2025-12-15 01:21:46.900 65841 INFO tempest.lib.common.rest_client [req-da7b75a2-ab34-4504-a6fd-6a8113d471b4 req-da7b75a2-ab34-4504-a6fd-6a8113d471b4 ] Request (ImagesNegativeTestJSON:tearDownClass): 200 GET http://10.180.1.21/networking/v2.0/security-groups?tenant_id=72144d316ebb4cc1978db874f5370027&name=default 0.035s
2025-12-15 01:21:46.924 65849 INFO tempest.lib.common.rest_client [req-756aebfb-5c00-44f1-a2a1-5b1a0b7e3e9b req-756aebfb-5c00-44f1-a2a1-5b1a0b7e3e9b ] Request (ImagesOneServerTestJSON:test_create_delete_image): 200 GET http://10.180.1.21/compute/v2.1/images/f5eb5933-55ca-4465-a93a-77cb9e190dfe 4.925s
2025-12-15 01:21:47.037 65841 INFO tempest.lib.common.rest_client [req-57d169d5-fc28-4da6-92ec-dd4457091e4f req-57d169d5-fc28-4da6-92ec-dd4457091e4f ] Request (ImagesNegativeTestJSON:tearDownClass): 204 DELETE http://10.180.1.21/networking/v2.0/security-groups/2701e2a3-bfcb-431d-b91c-91e91e5af6e1 0.136s
2025-12-15 01:21:47.155 65883 INFO tempest.lib.common.rest_client [req-8c3bd818-7e80-4cf4-91ac-5de13b8e15a5 req-8c3bd818-7e80-4cf4-91ac-5de13b8e15a5 ] Request (ServersTestJSON:setUpClass): 202 POST http://10.180.1.21/compute/v2.1/servers 5.756s
