2025-12-15 01:23:19.099 65851 INFO tempest.lib.common.rest_client [req-a60b8913-4959-4edd-b3ef-4b4a7979e673 req-a60b8913-4959-4edd-b3ef-4b4a7979e673 ] Request (HypervisorAdminV253TestBase:setUpClass): 201 POST http://10.180.1.21/identity/v3/auth/tokens 0.123s
2025-12-15 01:23:19.130 65887 INFO tempest.lib.common.rest_client [req-a1648645-1f58-42ab-af5e-3ccc6ade5598 req-a1648645-1f58-42ab-af5e-3ccc6ade5598 ] Request (ServersV294TestFqdnHostnames:setUpClass): 200 GET http://10.180.1.21/compute/v2.1/servers/54553808-2e4e-40c5-90e1-dc611b0acb91/os-interface 0.659s
2025-12-15 01:23:19.420 65869 WARNING tempest.lib.common.ssh [-] Failed to establish authenticated ssh connection to cirros@10.180.180.212 ([Errno None] Unable to connect to port 22 on 10.180.180.212). Number attempts: 6. Retry after 7 seconds.: paramiko.ssh_exception.NoValidConnectionsError: [Errno None] Unable to connect to port 22 on 10.180.180.212
2025-12-15 01:23:19.781 65887 INFO tempest.lib.common.rest_client [req-78dcec4d-9ef8-4cd6-b143-f524ea83a974 req-78dcec4d-9ef8-4cd6-b143-f524ea83a974 ] Request (ServersV294TestFqdnHostnames:setUpClass): 200 PUT http://10.180.1.21/networking/v2.0/floatingips/126a61a9-f2c6-475c-996a-4a759981b31d 0.649s
2025-12-15 01:23:19.818 65889 WARNING tempest.lib.common.ssh [-] Failed to establish authenticated ssh connection to cirros@10.180.180.150 ([Errno None] Unable to connect to port 22 on 10.180.180.150). Number attempts: 4. Retry after 5 seconds.: paramiko.ssh_exception.NoValidConnectionsError: [Errno None] Unable to connect to port 22 on 10.180.180.150
2025-12-15 01:23:19.903 65843 INFO tempest.lib.common.rest_client [req-46b1c41b-277d-4d1b-88a9-4cec13db66c0 req-46b1c41b-277d-4d1b-88a9-4cec13db66c0 ] Request (ServersTestBootFromVolume:setUpClass): 200 GET http://10.180.1.21/compute/v2.1/servers/d57e1602-6240-4829-a434-7bcd2ab91052 1.401s
2025-12-15 01:23:19.965 65859 INFO tempest.lib.common.rest_client [req-6c1c45bc-5533-49ba-aed5-1376676582b5 req-6c1c45bc-5533-49ba-aed5-1376676582b5 ] Request (FloatingIPsAssociationNegativeTestJSON:tearDownClass): 200 GET http://10.180.1.21/compute/v2.1/servers/c9047f2a-da56-4f45-9c92-3686216a0f94 1.454s
2025-12-15 01:23:20.014 65873 INFO tempest.lib.common.rest_client [req-a7f560ff-d872-4c7f-88ca-f851f609d3ed req-a7f560ff-d872-4c7f-88ca-f851f609d3ed ] Request (ServerDiagnosticsNegativeTest:test_get_server_diagnostics_by_non_admin): 200 GET http://10.180.1.21/compute/v2.1/servers/6a1362d7-ac53-45d8-94ed-cc5dd39c9901 1.447s
2025-12-15 01:23:20.043 65845 INFO tempest.lib.common.rest_client [req-d3bbecd5-d5f7-40be-8850-b8df951c6bfc req-d3bbecd5-d5f7-40be-8850-b8df951c6bfc ] Request (ServersAdminNegativeTestJSON:tearDownClass): 200 GET http://10.180.1.21/compute/v2.1/servers/adc910f5-ef41-440b-a979-de8eb500c86c 1.461s
2025-12-15 01:23:20.169 65885 INFO tempest.lib.common.rest_client [req-81cac6c2-a5b6-4017-ba49-434020989168 req-81cac6c2-a5b6-4017-ba49-434020989168 ] Request (SecurityGroupsTestJSON:test_security_groups_create_list_delete): 202 DELETE http://10.180.1.21/compute/v2.1/os-security-groups/fb840199-54af-4ced-8a4b-1345841ab1bc 1.520s
2025-12-15 01:23:20.254 65841 INFO tempest.lib.common.rest_client [req-d545b7a2-468c-417c-b862-6f6148170e54 req-d545b7a2-468c-417c-b862-6f6148170e54 ] Request (ListServersNegativeTestJSON:tearDownClass): 204 DELETE http://10.180.1.21/compute/v2.1/servers/596e4e19-1e91-40ff-b938-e175721dec12 1.525s
2025-12-15 01:23:20.433 65871 INFO tempest.lib.common.rest_client [req-6aa17607-c261-424c-9ed3-e46e863204c4 req-6aa17607-c261-424c-9ed3-e46e863204c4 ] Request (TenantUsagesTestJSON:setUpClass): 200 GET http://10.180.1.21/compute/v2.1/servers/28065556-49ce-441a-9f38-22fe341340aa 1.718s
2025-12-15 01:23:20.442 65871 INFO tempest.common.waiters [-] State transition "BUILD/networking" ==> "BUILD/spawning" after 18 second wait
2025-12-15 01:23:20.454 65849 INFO tempest.lib.common.rest_client [req-9d3fd474-6653-42ac-88d7-0c9f60eafaee req-9d3fd474-6653-42ac-88d7-0c9f60eafaee ] Request (KeyPairsV2TestJSON:test_keypairs_create_list_delete): 200 GET http://10.180.1.21/compute/v2.1/os-keypairs 1.654s
2025-12-15 01:23:20.490 65835 INFO tempest.lib.common.rest_client [req-e8656b27-b3b8-4b5c-b091-f0ec214f587d req-e8656b27-b3b8-4b5c-b091-f0ec214f587d ] Request (AttachInterfacesUnderV243Test:test_add_remove_fixed_ip): 200 GET http://10.180.1.21/compute/v2.1/servers/77141f15-bb2c-40fd-8bfc-a30ba89102fc 1.731s
2025-12-15 01:23:20.498 65835 INFO tempest.common.waiters [-] State transition "BUILD/spawning" ==> "ACTIVE/None" after 22 second wait
2025-12-15 01:23:20.509 65839 INFO tempest.lib.common.rest_client [req-7dcd3714-64ff-444e-b378-07e97ecfcc2b req-7dcd3714-64ff-444e-b378-07e97ecfcc2b ] Request (ServerDiskConfigTestJSON:test_rebuild_server_with_auto_disk_config): 200 GET http://10.180.1.21/compute/v2.1/servers/761a0d8a-9be6-48c7-87c2-ee57f7a3cfbd 1.624s
2025-12-15 01:23:20.519 65839 INFO tempest.common.waiters [-] State transition "BUILD/None" ==> "BUILD/networking" after 17 second wait
2025-12-15 01:23:20.542 65893 INFO tempest.lib.common.rest_client [req-a34d5d5b-1a97-409a-87fb-5185d23ecf4f req-a34d5d5b-1a97-409a-87fb-5185d23ecf4f ] Request (ImagesTestJSON:test_create_image_from_stopped_server): 200 GET http://10.180.1.21/compute/v2.1/images/471c249d-61f0-426e-ace1-1abf19bb12ff 1.619s
2025-12-15 01:23:20.664 65881 INFO tempest.lib.common.rest_client [req-dc7c719a-448d-4e45-bc6a-55203897fdef req-dc7c719a-448d-4e45-bc6a-55203897fdef ] Request (MigrationsAdminTest:test_list_migrations_in_flavor_resize_situation): 200 GET http://10.180.1.21/compute/v2.1/servers/0b6b3766-6844-4aa8-959e-993ec5944807 1.635s
2025-12-15 01:23:20.727 65865 INFO tempest.lib.common.rest_client [req-30063b61-1c0a-41b5-b40f-aaded557e8d4 req-30063b61-1c0a-41b5-b40f-aaded557e8d4 ] Request (ServerPasswordTestJSON:tearDownClass): 200 GET http://10.180.1.21/compute/v2.1/servers/7222d931-bed5-4e42-9627-3dabce076628 1.683s
2025-12-15 01:23:20.911 65851 INFO tempest.lib.common.rest_client [req-773c0c67-0689-4e2f-b15f-cc1cf88413ce req-773c0c67-0689-4e2f-b15f-cc1cf88413ce ] Request (HypervisorAdminV253TestBase:test_list_show_detail_hypervisors): 200 GET http://10.180.1.21/compute/v2.1/os-hypervisors/detail?with_servers=True 1.809s
2025-12-15 01:23:20.984 65833 INFO tempest.lib.common.rest_client [req-5bb5210f-6495-4f35-a6d5-baac5a33e0b2 req-5bb5210f-6495-4f35-a6d5-baac5a33e0b2 ] Request (ServerMetadataNegativeTestJSON:setUpClass): 200 GET http://10.180.1.21/compute/v2.1/servers/5ec60abb-0f4e-4e7c-9084-28dad974fd62 1.853s
2025-12-15 01:23:21.045 65837 INFO tempest.lib.common.rest_client [req-2e04f47c-3007-473e-8acf-8e9187f6d942 req-2e04f47c-3007-473e-8acf-8e9187f6d942 ] Request (ServerActionsTestOtherB:test_create_backup): 202 POST http://10.180.1.21/compute/v2.1/servers/6544e3e7-b8b2-4ae0-9f26-b2d6b04c7427/action 2.038s
2025-12-15 01:23:21.062 65837 INFO tempest.lib.common.rest_client [req-8e1d0a9f-54fc-4b98-bacc-0f401e63b356 req-8e1d0a9f-54fc-4b98-bacc-0f401e63b356 ] Request (ServerActionsTestOtherB:test_create_backup): 200 GET http://10.180.1.21/image/v2/images/4ec04c4a-8b89-4472-960d-ea96a5f4e0b3 0.016s
2025-12-15 01:23:21.201 65875 INFO tempest.lib.common.rest_client [req-9bfd9e5d-0810-44f4-ae57-102110f2891c req-9bfd9e5d-0810-44f4-ae57-102110f2891c ] Request (ServerShowV247Test:test_update_rebuild_list_server): 200 GET http://10.180.1.21/compute/v2.1/servers/a1387a17-2ac7-4dd5-9922-4621e0457c5e 1.488s
2025-12-15 01:23:21.230 65855 INFO tempest.lib.common.rest_client [req-580b9fed-d38e-4a92-96c7-5ff4b951a716 req-580b9fed-d38e-4a92-96c7-5ff4b951a716 ] Request (ImagesOneServerNegativeTestJSON:tearDown): 200 GET http://10.180.1.21/compute/v2.1/servers/8a37350f-3736-4116-aedd-98bd8e6d8c10 1.675s
2025-12-15 01:23:21.288 65863 INFO tempest.lib.common.rest_client [req-04de2864-aa3d-4006-b427-0df475b3ca89 req-04de2864-aa3d-4006-b427-0df475b3ca89 ] Request (ServersListShow296Test:test_list_show_update_rebuild_server_296): 200 GET http://10.180.1.21/compute/v2.1/servers/8e2f03c8-86b6-40b1-b9cb-b4d855365bec 1.517s
2025-12-15 01:23:21.301 65863 INFO tempest.common.waiters [-] State transition "REBUILD/rebuilding" ==> "REBUILD/rebuild_spawning" after 4 second wait
2025-12-15 01:23:21.396 65887 INFO tempest.lib.common.rest_client [req-14504c8f-da5c-48c3-a6dd-3f54d9b46357 req-14504c8f-da5c-48c3-a6dd-3f54d9b46357 ] Request (ServersV294TestFqdnHostnames:setUpClass): 200 GET http://10.180.1.21/compute/v2.1/servers/54553808-2e4e-40c5-90e1-dc611b0acb91 1.614s
2025-12-15 01:23:21.408 65887 INFO tempest.api.compute.base [-] Attempting to verify tagged devices in server 54553808-2e4e-40c5-90e1-dc611b0acb91 via the metadata service: http://169.254.169.254/openstack/latest/meta_data.json
2025-12-15 01:23:21.408 65887 INFO tempest.lib.common.ssh [-] Creating ssh connection to '10.180.180.207:22' as 'cirros' with public key authentication
2025-12-15 01:23:21.415 65831 INFO tempest.lib.common.rest_client [req-e3fdc732-6ad4-4958-bd40-93f955941b2a req-e3fdc732-6ad4-4958-bd40-93f955941b2a ] Request (ServerMetadataTestJSON:tearDownClass): 200 GET http://10.180.1.21/compute/v2.1/servers/63001002-e802-4957-82af-e161ecbda933 1.575s
2025-12-15 01:23:21.497 65861 WARNING tempest.lib.common.ssh [-] Failed to establish authenticated ssh connection to cirros@10.180.180.210 ([Errno None] Unable to connect to port 22 on 10.180.180.210). Number attempts: 13. Retry after 14 seconds.: paramiko.ssh_exception.NoValidConnectionsError: [Errno None] Unable to connect to port 22 on 10.180.180.210
2025-12-15 01:23:21.541 65891 INFO tempest.lib.common.rest_client [req-2fd73e7d-d1e4-44d5-8dee-d9dc020329a3 req-2fd73e7d-d1e4-44d5-8dee-d9dc020329a3 ] Request (FloatingIPsAssociationTestJSON:tearDownClass): 200 GET http://10.180.1.21/compute/v2.1/servers/ef8deb06-eba5-4d66-a137-7affbbcf361d 1.442s
2025-12-15 01:23:21.603 65885 INFO tempest.lib.common.rest_client [req-e85ce8e9-e12a-45b1-84dc-a9f091dd8693 req-e85ce8e9-e12a-45b1-84dc-a9f091dd8693 ] Request (SecurityGroupsTestJSON:test_security_groups_create_list_delete): 404 GET http://10.180.1.21/compute/v2.1/os-security-groups/fb840199-54af-4ced-8a4b-1345841ab1bc 1.433s
2025-12-15 01:23:21.603 65867 INFO tempest.lib.common.rest_client [req-ad595c43-95ed-4393-970d-c87816534fd9 req-ad595c43-95ed-4393-970d-c87816534fd9 ] Request (ServersAdminTestJSON:test_rebuild_server_in_error_state): 200 GET http://10.180.1.21/compute/v2.1/servers/1091c04d-0d5d-4b8e-b311-5d581b0f8b56 1.570s
2025-12-15 01:23:21.655 65849 INFO tempest.lib.common.rest_client [req-3790ac64-9cb2-4846-90c8-2b4b7359ba8a req-3790ac64-9cb2-4846-90c8-2b4b7359ba8a ] Request (KeyPairsV2TestJSON:_run_cleanups): 202 DELETE http://10.180.1.21/compute/v2.1/os-keypairs/tempest-KeyPairsV2TestJSON-keypair-1396036971 1.198s
2025-12-15 01:23:21.722 65841 INFO tempest.lib.common.rest_client [req-c1d40040-c54d-492c-8d27-fe30b64f07d5 req-c1d40040-c54d-492c-8d27-fe30b64f07d5 ] Request (ListServersNegativeTestJSON:tearDownClass): 204 DELETE http://10.180.1.21/compute/v2.1/servers/4be5f753-2923-4ce2-ba14-44ad12e8cd2b 1.468s
2025-12-15 01:23:21.828 65835 INFO tempest.lib.common.rest_client [req-ce0e4839-bf81-4b63-98a5-e5754906c304 req-ce0e4839-bf81-4b63-98a5-e5754906c304 ] Request (AttachInterfacesUnderV243Test:test_add_remove_fixed_ip): 200 GET http://10.180.1.21/compute/v2.1/servers/77141f15-bb2c-40fd-8bfc-a30ba89102fc/os-interface 1.330s
2025-12-15 01:23:21.912 65851 INFO tempest.lib.common.rest_client [req-52617965-4ea7-4d51-845b-1391f5ff3757 req-52617965-4ea7-4d51-845b-1391f5ff3757 ] Request (HypervisorAdminV253TestBase:test_list_show_detail_hypervisors): 200 GET http://10.180.1.21/compute/v2.1/os-hypervisors?with_servers=True 0.996s
2025-12-15 01:23:22.083 65837 INFO tempest.lib.common.rest_client [req-5fb0d5ed-f035-40c0-a35a-5c337f6fb2da req-5fb0d5ed-f035-40c0-a35a-5c337f6fb2da ] Request (ServerActionsTestOtherB:test_create_backup): 200 GET http://10.180.1.21/image/v2/images/4ec04c4a-8b89-4472-960d-ea96a5f4e0b3 0.020s
2025-12-15 01:23:22.561 65835 INFO tempest.lib.common.rest_client [req-760e11a0-5aa7-47b4-85b4-b9924f2209cf req-760e11a0-5aa7-47b4-85b4-b9924f2209cf ] Request (AttachInterfacesUnderV243Test:test_add_remove_fixed_ip): 200 PUT http://10.180.1.21/networking/v2.0/floatingips/84c19f10-9407-4c3f-b0f0-c6b10dd4e571 0.730s
2025-12-15 01:23:22.607 65843 INFO tempest.lib.common.rest_client [req-f671f7fb-7b9b-4460-8ee1-c3d926479ed9 req-f671f7fb-7b9b-4460-8ee1-c3d926479ed9 ] Request (ServersTestBootFromVolume:setUpClass): 200 GET http://10.180.1.21/compute/v2.1/servers/d57e1602-6240-4829-a434-7bcd2ab91052 1.695s
2025-12-15 01:23:22.622 65859 INFO tempest.lib.common.rest_client [req-9876f441-65ac-472d-9396-40d0dc07b51f req-9876f441-65ac-472d-9396-40d0dc07b51f ] Request (FloatingIPsAssociationNegativeTestJSON:tearDownClass): 200 GET http://10.180.1.21/compute/v2.1/servers/c9047f2a-da56-4f45-9c92-3686216a0f94 1.649s
2025-12-15 01:23:22.629 65859 INFO tempest.common.waiters [-] State transition "ACTIVE/deleting" ==> "DELETED/None" after 5 second wait
2025-12-15 01:23:22.762 65873 INFO tempest.lib.common.rest_client [req-25c7fab0-0306-4415-8008-d08c9f73a422 req-25c7fab0-0306-4415-8008-d08c9f73a422 ] Request (ServerDiagnosticsNegativeTest:test_get_server_diagnostics_by_non_admin): 200 GET http://10.180.1.21/compute/v2.1/servers/6a1362d7-ac53-45d8-94ed-cc5dd39c9901 1.739s
2025-12-15 01:23:22.852 65845 INFO tempest.lib.common.rest_client [req-668007c7-2ba6-45aa-b2dc-c3c8064e03bc req-668007c7-2ba6-45aa-b2dc-c3c8064e03bc ] Request (ServersAdminNegativeTestJSON:tearDownClass): 200 GET http://10.180.1.21/compute/v2.1/servers/adc910f5-ef41-440b-a979-de8eb500c86c 1.801s
2025-12-15 01:23:22.870 65857 WARNING tempest.lib.common.ssh [-] Failed to establish authenticated ssh connection to cirros@10.180.180.164 ([Errno None] Unable to connect to port 22 on 10.180.180.164). Number attempts: 7. Retry after 8 seconds.: paramiko.ssh_exception.NoValidConnectionsError: [Errno None] Unable to connect to port 22 on 10.180.180.164
2025-12-15 01:23:23.105 65837 INFO tempest.lib.common.rest_client [req-062cfbfa-b5c0-4a82-9327-2c9256d16d6c req-062cfbfa-b5c0-4a82-9327-2c9256d16d6c ] Request (ServerActionsTestOtherB:test_create_backup): 200 GET http://10.180.1.21/image/v2/images/4ec04c4a-8b89-4472-960d-ea96a5f4e0b3 0.021s
2025-12-15 01:23:23.286 65871 INFO tempest.lib.common.rest_client [req-747d5dae-b83c-4c3d-8f42-341a38864d6c req-747d5dae-b83c-4c3d-8f42-341a38864d6c ] Request (TenantUsagesTestJSON:setUpClass): 200 GET http://10.180.1.21/compute/v2.1/servers/28065556-49ce-441a-9f38-22fe341340aa 1.842s
2025-12-15 01:23:23.326 65839 INFO tempest.lib.common.rest_client [req-e65a598a-939a-4c6d-b9ff-cce87fda7f28 req-e65a598a-939a-4c6d-b9ff-cce87fda7f28 ] Request (ServerDiskConfigTestJSON:test_rebuild_server_with_auto_disk_config): 200 GET http://10.180.1.21/compute/v2.1/servers/761a0d8a-9be6-48c7-87c2-ee57f7a3cfbd 1.804s
2025-12-15 01:23:23.329 65893 INFO tempest.lib.common.rest_client [req-dccb7a83-b2e0-4b03-9362-88dc4650a9f5 req-dccb7a83-b2e0-4b03-9362-88dc4650a9f5 ] Request (ImagesTestJSON:test_create_image_from_stopped_server): 200 GET http://10.180.1.21/compute/v2.1/images/471c249d-61f0-426e-ace1-1abf19bb12ff 1.781s
2025-12-15 01:23:23.338 65839 INFO tempest.common.waiters [-] State transition "BUILD/networking" ==> "BUILD/spawning" after 20 second wait
2025-12-15 01:23:23.350 65849 INFO tempest.lib.common.rest_client [req-1a17151c-b200-481f-ae2d-714866750553 req-1a17151c-b200-481f-ae2d-714866750553 ] Request (KeyPairsV2TestJSON:_run_cleanups): 202 DELETE http://10.180.1.21/compute/v2.1/os-keypairs/tempest-KeyPairsV2TestJSON-keypair-2092371837 1.694s
2025-12-15 01:23:23.447 65885 INFO tempest.lib.common.rest_client [req-05cae653-332e-4a8e-80d3-01203857a136 req-05cae653-332e-4a8e-80d3-01203857a136 ] Request (SecurityGroupsTestJSON:test_security_groups_create_list_delete): 202 DELETE http://10.180.1.21/compute/v2.1/os-security-groups/4d725bb9-41ee-4543-b764-a3286285cb54 1.843s
2025-12-15 01:23:23.469 65841 INFO tempest.lib.common.rest_client [req-ccd6dc34-f098-4fd2-b480-eaacbea0cfcb req-ccd6dc34-f098-4fd2-b480-eaacbea0cfcb ] Request (ListServersNegativeTestJSON:tearDownClass): 404 GET http://10.180.1.21/compute/v2.1/servers/f09c9956-1918-4ebb-9a07-44da517b7c61 1.747s
2025-12-15 01:23:23.470 65881 INFO tempest.lib.common.rest_client [req-9159cf87-c010-48c3-a43b-fda2bb6fb0dc req-9159cf87-c010-48c3-a43b-fda2bb6fb0dc ] Request (MigrationsAdminTest:test_list_migrations_in_flavor_resize_situation): 200 GET http://10.180.1.21/compute/v2.1/servers/0b6b3766-6844-4aa8-959e-993ec5944807 1.797s
2025-12-15 01:23:23.500 65851 INFO tempest.lib.common.rest_client [req-20f4e0c4-0417-4201-baea-bff1c7b10817 req-20f4e0c4-0417-4201-baea-bff1c7b10817 ] Request (HypervisorAdminV253TestBase:test_list_show_detail_hypervisors): 200 GET http://10.180.1.21/compute/v2.1/os-hypervisors/84176afc-e5fc-420f-b4c3-928b0fd434c9 1.584s
2025-12-15 01:23:23.548 65865 INFO tempest.lib.common.rest_client [req-f172fcf7-f318-4ba4-878e-341d8f8eb6fd req-f172fcf7-f318-4ba4-878e-341d8f8eb6fd ] Request (ServerPasswordTestJSON:tearDownClass): 200 GET http://10.180.1.21/compute/v2.1/servers/7222d931-bed5-4e42-9627-3dabce076628 1.813s
2025-12-15 01:23:23.566 65833 INFO tempest.lib.common.rest_client [req-a3d156d4-40c3-44a0-aac7-f5344571b2ec req-a3d156d4-40c3-44a0-aac7-f5344571b2ec ] Request (ServerMetadataNegativeTestJSON:setUpClass): 200 GET http://10.180.1.21/compute/v2.1/servers/5ec60abb-0f4e-4e7c-9084-28dad974fd62 1.567s
2025-12-15 01:23:23.634 65875 INFO tempest.lib.common.rest_client [req-35984d6d-1711-430f-84f6-97cb7fdb72db req-35984d6d-1711-430f-84f6-97cb7fdb72db ] Request (ServerShowV247Test:test_update_rebuild_list_server): 200 GET http://10.180.1.21/compute/v2.1/servers/a1387a17-2ac7-4dd5-9922-4621e0457c5e 1.422s
2025-12-15 01:23:23.648 65875 INFO tempest.common.waiters [-] State transition "BUILD/None" ==> "BUILD/networking" after 14 second wait
2025-12-15 01:23:23.668 65851 INFO tempest.lib.common.rest_client [req-032138ad-eedb-49ab-9153-6c6ba16b3040 req-032138ad-eedb-49ab-9153-6c6ba16b3040 ] Request (HypervisorAdminV253TestBase:tearDownClass): 204 DELETE http://10.180.1.21/identity/v3/users/3b454f65e77b427c976c28fdc5fc5b1e 0.160s
2025-12-15 01:23:23.724 65855 INFO tempest.lib.common.rest_client [req-a9dddc52-d5b0-451e-8926-1b6366fdcfb5 req-a9dddc52-d5b0-451e-8926-1b6366fdcfb5 ] Request (ImagesOneServerNegativeTestJSON:tearDown): 200 GET http://10.180.1.21/compute/v2.1/servers/8a37350f-3736-4116-aedd-98bd8e6d8c10 1.482s
2025-12-15 01:23:23.740 65863 INFO tempest.lib.common.rest_client [req-ff896ec5-5d97-4f61-a3d6-76bd058ab809 req-ff896ec5-5d97-4f61-a3d6-76bd058ab809 ] Request (ServersListShow296Test:test_list_show_update_rebuild_server_296): 200 GET http://10.180.1.21/compute/v2.1/servers/8e2f03c8-86b6-40b1-b9cb-b4d855365bec 1.437s
2025-12-15 01:23:23.844 65891 INFO tempest.lib.common.rest_client [req-f67b5873-2437-4c70-a98e-f8d75ae11267 req-f67b5873-2437-4c70-a98e-f8d75ae11267 ] Request (FloatingIPsAssociationTestJSON:tearDownClass): 200 GET http://10.180.1.21/compute/v2.1/servers/ef8deb06-eba5-4d66-a137-7affbbcf361d 1.290s
2025-12-15 01:23:23.845 65831 INFO tempest.lib.common.rest_client [req-2952d7c1-4a1b-46e1-81e3-45366e4a5502 req-2952d7c1-4a1b-46e1-81e3-45366e4a5502 ] Request (ServerMetadataTestJSON:tearDownClass): 200 GET http://10.180.1.21/compute/v2.1/servers/63001002-e802-4957-82af-e161ecbda933 1.415s
2025-12-15 01:23:23.886 65851 INFO tempest.lib.common.rest_client [req-ce792ea7-6976-41e3-8472-7e5727f7bffc req-ce792ea7-6976-41e3-8472-7e5727f7bffc ] Request (HypervisorAdminV253TestBase:tearDownClass): 204 DELETE http://10.180.1.21/identity/v3/users/f12a3546628a4ac1a364960b442b84db 0.217s
2025-12-15 01:23:23.886 65851 INFO tempest.lib.common.dynamic_creds [-] Deleting project and security group for project: 2b86114657c24867b360303153ce2be6
2025-12-15 01:23:23.975 65851 INFO tempest.lib.common.rest_client [req-40cbafe3-c0d5-4a79-8b54-f4a1fb320bd7 req-40cbafe3-c0d5-4a79-8b54-f4a1fb320bd7 ] Request (HypervisorAdminV253TestBase:tearDownClass): 201 POST http://10.180.1.21/identity/v3/auth/tokens 0.088s
2025-12-15 01:23:24.017 65835 INFO tempest.lib.common.rest_client [req-1e994740-b27f-4f40-842b-609115019763 req-1e994740-b27f-4f40-842b-609115019763 ] Request (AttachInterfacesUnderV243Test:test_add_remove_fixed_ip): 200 GET http://10.180.1.21/compute/v2.1/servers/77141f15-bb2c-40fd-8bfc-a30ba89102fc 1.455s
2025-12-15 01:23:24.026 65835 INFO tempest.lib.common.ssh [-] Creating ssh connection to '10.180.180.214:22' as 'cirros' with public key authentication
2025-12-15 01:23:24.100 65867 INFO tempest.lib.common.rest_client [req-2b25947a-fb16-43f5-9ed5-017859d6529c req-2b25947a-fb16-43f5-9ed5-017859d6529c ] Request (ServersAdminTestJSON:test_rebuild_server_in_error_state): 200 GET http://10.180.1.21/compute/v2.1/servers/1091c04d-0d5d-4b8e-b311-5d581b0f8b56 1.485s
2025-12-15 01:23:24.123 65849 INFO tempest.lib.common.rest_client [req-09ebc33d-e228-4643-a308-f2f018991e9c req-09ebc33d-e228-4643-a308-f2f018991e9c ] Request (KeyPairsV2TestJSON:_run_cleanups): 202 DELETE http://10.180.1.21/compute/v2.1/os-keypairs/tempest-KeyPairsV2TestJSON-keypair-74108058 0.773s
2025-12-15 01:23:24.127 65885 INFO tempest.lib.common.rest_client [req-ca54d850-26a2-4814-b3e5-14af6ddf1e11 req-ca54d850-26a2-4814-b3e5-14af6ddf1e11 ] Request (SecurityGroupsTestJSON:test_security_groups_create_list_delete): 404 GET http://10.180.1.21/compute/v2.1/os-security-groups/4d725bb9-41ee-4543-b764-a3286285cb54 0.679s
2025-12-15 01:23:24.130 65837 INFO tempest.lib.common.rest_client [req-f3259bc8-c7e3-403f-9e8b-3379066ceb39 req-f3259bc8-c7e3-403f-9e8b-3379066ceb39 ] Request (ServerActionsTestOtherB:test_create_backup): 200 GET http://10.180.1.21/image/v2/images/4ec04c4a-8b89-4472-960d-ea96a5f4e0b3 0.023s
2025-12-15 01:23:24.197 65841 INFO tempest.lib.common.rest_client [req-f271e35d-b41e-4b1d-b9f9-7a55a61ad889 req-f271e35d-b41e-4b1d-b9f9-7a55a61ad889 ] Request (ListServersNegativeTestJSON:tearDownClass): 200 GET http://10.180.1.21/compute/v2.1/servers/596e4e19-1e91-40ff-b938-e175721dec12 0.727s
2025-12-15 01:23:24.220 65849 INFO tempest.lib.common.rest_client [req-f87ebcc0-e706-4b94-9c61-246800c52d6b req-f87ebcc0-e706-4b94-9c61-246800c52d6b ] Request (KeyPairsV2TestJSON:tearDownClass): 204 DELETE http://10.180.1.21/identity/v3/users/e1817a5f5bba4f5b819e8cbd2c62d2d5 0.093s
2025-12-15 01:23:24.220 65849 INFO tempest.lib.common.dynamic_creds [-] Deleting project and security group for project: c06c53244788489b80919908a2527f10
2025-12-15 01:23:24.284 65849 INFO tempest.lib.common.rest_client [req-96a18071-5849-4d23-9172-71da78a7201f req-96a18071-5849-4d23-9172-71da78a7201f ] Request (KeyPairsV2TestJSON:tearDownClass): 201 POST http://10.180.1.21/identity/v3/auth/tokens 0.064s
2025-12-15 01:23:24.300 65851 INFO tempest.lib.common.rest_client [req-3bd197e9-374b-4522-8fc3-926fcf43f825 req-3bd197e9-374b-4522-8fc3-926fcf43f825 ] Request (HypervisorAdminV253TestBase:tearDownClass): 200 GET http://10.180.1.21/networking/v2.0/security-groups?tenant_id=2b86114657c24867b360303153ce2be6&name=default 0.325s
2025-12-15 01:23:24.311 65859 INFO tempest.lib.common.rest_client [req-8228ee4e-6ff4-426d-8089-9c2bca892f60 req-8228ee4e-6ff4-426d-8089-9c2bca892f60 ] Request (FloatingIPsAssociationNegativeTestJSON:tearDownClass): 200 GET http://10.180.1.21/compute/v2.1/servers/c9047f2a-da56-4f45-9c92-3686216a0f94 0.681s
2025-12-15 01:23:24.331 65883 WARNING tempest.lib.common.ssh [-] Failed to establish authenticated ssh connection to cirros@10.180.180.241 ([Errno None] Unable to connect to port 22 on 10.180.180.241). Number attempts: 9. Retry after 10 seconds.: paramiko.ssh_exception.NoValidConnectionsError: [Errno None] Unable to connect to port 22 on 10.180.180.241
2025-12-15 01:23:24.344 65843 INFO tempest.lib.common.rest_client [req-cd5efc9b-3370-4d4f-b0ac-448406a7db9e req-cd5efc9b-3370-4d4f-b0ac-448406a7db9e ] Request (ServersTestBootFromVolume:setUpClass): 200 GET http://10.180.1.21/compute/v2.1/servers/d57e1602-6240-4829-a434-7bcd2ab91052 0.727s
2025-12-15 01:23:24.433 65851 INFO tempest.lib.common.rest_client [req-840e6305-ee23-451b-8ddd-7f0723d8dc5c req-840e6305-ee23-451b-8ddd-7f0723d8dc5c ] Request (HypervisorAdminV253TestBase:tearDownClass): 204 DELETE http://10.180.1.21/networking/v2.0/security-groups/eeef5b4d-63b5-4f85-ba84-87a5195d7f2e 0.132s
2025-12-15 01:23:24.483 65873 INFO tempest.lib.common.rest_client [req-b877a6d5-631c-4940-a314-aef3601906c8 req-b877a6d5-631c-4940-a314-aef3601906c8 ] Request (ServerDiagnosticsNegativeTest:test_get_server_diagnostics_by_non_admin): 200 GET http://10.180.1.21/compute/v2.1/servers/6a1362d7-ac53-45d8-94ed-cc5dd39c9901 0.708s
2025-12-15 01:23:24.508 65845 INFO tempest.lib.common.rest_client [req-84cf4f22-9051-400d-a33b-5c8058565fc6 req-84cf4f22-9051-400d-a33b-5c8058565fc6 ] Request (ServersAdminNegativeTestJSON:tearDownClass): 200 GET http://10.180.1.21/compute/v2.1/servers/adc910f5-ef41-440b-a979-de8eb500c86c 0.644s
2025-12-15 01:23:24.514 65851 INFO tempest.lib.common.rest_client [req-d9a863df-6945-4c5e-92e3-fad6a09e61b7 req-d9a863df-6945-4c5e-92e3-fad6a09e61b7 ] Request (HypervisorAdminV253TestBase:tearDownClass): 204 DELETE http://10.180.1.21/identity/v3/projects/2b86114657c24867b360303153ce2be6 0.080s
2025-12-15 01:23:24.515 65851 INFO tempest.lib.common.dynamic_creds [-] Deleting project and security group for project: 29642deefa87414ba58b84c2df4aba47
2025-12-15 01:23:24.536 65849 INFO tempest.lib.common.rest_client [req-f31989a9-5bdc-4b1f-846b-0526cc30341c req-f31989a9-5bdc-4b1f-846b-0526cc30341c ] Request (KeyPairsV2TestJSON:tearDownClass): 200 GET http://10.180.1.21/networking/v2.0/security-groups?tenant_id=c06c53244788489b80919908a2527f10&name=default 0.251s
2025-12-15 01:23:24.588 65847 WARNING tempest.lib.common.ssh [-] Failed to establish authenticated ssh connection to cirros@10.180.180.189 ([Errno None] Unable to connect to port 22 on 10.180.180.189). Number attempts: 11. Retry after 12 seconds.: paramiko.ssh_exception.NoValidConnectionsError: [Errno None] Unable to connect to port 22 on 10.180.180.189
2025-12-15 01:23:24.674 65849 INFO tempest.lib.common.rest_client [req-10407909-59fc-40cd-a9c3-6979b44f5916 req-10407909-59fc-40cd-a9c3-6979b44f5916 ] Request (KeyPairsV2TestJSON:tearDownClass): 204 DELETE http://10.180.1.21/networking/v2.0/security-groups/8a0e8e2f-096d-49ec-8ec3-baa723098dfc 0.138s
2025-12-15 01:23:24.693 65851 INFO tempest.lib.common.rest_client [req-8cbf5707-49cf-4bbe-b81c-5899643887e6 req-8cbf5707-49cf-4bbe-b81c-5899643887e6 ] Request (HypervisorAdminV253TestBase:tearDownClass): 200 GET http://10.180.1.21/networking/v2.0/security-groups?tenant_id=29642deefa87414ba58b84c2df4aba47&name=default 0.178s
2025-12-15 01:23:24.841 65849 INFO tempest.lib.common.rest_client [req-d964cd8a-e8e7-45f2-98d9-2af49c983f53 req-d964cd8a-e8e7-45f2-98d9-2af49c983f53 ] Request (KeyPairsV2TestJSON:tearDownClass): 204 DELETE http://10.180.1.21/identity/v3/projects/c06c53244788489b80919908a2527f10 0.167s
2025-12-15 01:23:24.892 65851 INFO tempest.lib.common.rest_client [req-8dcef7b3-fe5f-4df1-a651-262f5be49d50 req-8dcef7b3-fe5f-4df1-a651-262f5be49d50 ] Request (HypervisorAdminV253TestBase:tearDownClass): 204 DELETE http://10.180.1.21/networking/v2.0/security-groups/a811cf3c-bfaa-4a97-98dd-2b9f13761d95 0.199s
2025-12-15 01:23:24.925 65849 INFO tempest.lib.common.rest_client [req-8b086ef4-e5c5-4477-a55f-2f2697ca4d8b req-8b086ef4-e5c5-4477-a55f-2f2697ca4d8b ] Request (AttachInterfacesTestJSON:setUpClass): 201 POST http://10.180.1.21/identity/v3/auth/tokens 0.082s
2025-12-15 01:23:24.933 65871 INFO tempest.lib.common.rest_client [req-fe05ae29-329d-4b57-bd32-5029b3cf0b09 req-fe05ae29-329d-4b57-bd32-5029b3cf0b09 ] Request (TenantUsagesTestJSON:setUpClass): 200 GET http://10.180.1.21/compute/v2.1/servers/28065556-49ce-441a-9f38-22fe341340aa 0.638s
2025-12-15 01:23:24.966 65849 INFO tempest.lib.common.rest_client [req-54eddff9-52b5-4f18-be1a-d9b4c2489d2f req-54eddff9-52b5-4f18-be1a-d9b4c2489d2f ] Request (AttachInterfacesTestJSON:setUpClass): 201 POST http://10.180.1.21/identity/v3/auth/tokens 0.037s
2025-12-15 01:23:24.969 65885 INFO tempest.lib.common.rest_client [req-714db3b8-e610-4f37-95b4-c5bbe086b682 req-714db3b8-e610-4f37-95b4-c5bbe086b682 ] Request (SecurityGroupsTestJSON:test_security_groups_create_list_delete): 200 GET http://10.180.1.21/compute/v2.1/os-security-groups 0.841s
2025-12-15 01:23:24.986 65893 INFO tempest.lib.common.rest_client [req-845da100-0d36-45a2-8459-77103d24c6ef req-845da100-0d36-45a2-8459-77103d24c6ef ] Request (ImagesTestJSON:test_create_image_from_stopped_server): 200 GET http://10.180.1.21/compute/v2.1/images/471c249d-61f0-426e-ace1-1abf19bb12ff 0.649s
2025-12-15 01:23:24.998 65849 INFO tempest.lib.common.rest_client [req-f000c7c1-654c-41d7-b0e3-6fa3d217dd58 req-f000c7c1-654c-41d7-b0e3-6fa3d217dd58 ] Request (AttachInterfacesTestJSON:setUpClass): 200 GET http://10.180.1.21/identity/v3/domains?name=Default 0.031s
2025-12-15 01:23:25.029 65851 INFO tempest.lib.common.rest_client [req-167175bb-8ffc-4d2f-8e24-55c59b88e0a7 req-167175bb-8ffc-4d2f-8e24-55c59b88e0a7 ] Request (HypervisorAdminV253TestBase:tearDownClass): 204 DELETE http://10.180.1.21/identity/v3/projects/29642deefa87414ba58b84c2df4aba47 0.136s
2025-12-15 01:23:25.073 65851 INFO tempest.lib.common.rest_client [req-9021991a-6414-420b-aa7f-6dc4986d5912 req-9021991a-6414-420b-aa7f-6dc4986d5912 ] Request (ServicesAdminTestJSON:setUpClass): 201 POST http://10.180.1.21/identity/v3/auth/tokens 0.042s
2025-12-15 01:23:25.086 65849 INFO tempest.lib.common.rest_client [req-6e026dc0-eadb-4178-8e59-7c1b8aef9ccb req-6e026dc0-eadb-4178-8e59-7c1b8aef9ccb ] Request (AttachInterfacesTestJSON:setUpClass): 201 POST http://10.180.1.21/identity/v3/projects 0.088s
2025-12-15 01:23:25.157 65837 INFO tempest.lib.common.rest_client [req-132a38ef-1cc8-4b13-a9b8-7ecd456901ec req-132a38ef-1cc8-4b13-a9b8-7ecd456901ec ] Request (ServerActionsTestOtherB:test_create_backup): 200 GET http://10.180.1.21/image/v2/images/4ec04c4a-8b89-4472-960d-ea96a5f4e0b3 0.026s
2025-12-15 01:23:25.176 65849 INFO tempest.lib.common.rest_client [req-6b086706-cda8-4bfc-84e7-ac8cbfd3797a req-6b086706-cda8-4bfc-84e7-ac8cbfd3797a ] Request (AttachInterfacesTestJSON:setUpClass): 201 POST http://10.180.1.21/identity/v3/users 0.089s
2025-12-15 01:23:25.176 65839 INFO tempest.lib.common.rest_client [req-4acb63d2-bdf6-407f-9306-ca949664118a req-4acb63d2-bdf6-407f-9306-ca949664118a ] Request (ServerDiskConfigTestJSON:test_rebuild_server_with_auto_disk_config): 200 GET http://10.180.1.21/compute/v2.1/servers/761a0d8a-9be6-48c7-87c2-ee57f7a3cfbd 0.837s
2025-12-15 01:23:25.176 65851 INFO tempest.lib.common.rest_client [req-0869611c-30df-4c82-80a3-6e88bc698278 req-0869611c-30df-4c82-80a3-6e88bc698278 ] Request (ServicesAdminTestJSON:setUpClass): 201 POST http://10.180.1.21/identity/v3/auth/tokens 0.094s
2025-12-15 01:23:25.210 65849 INFO tempest.lib.common.rest_client [req-22cad4b5-f6b0-472a-aed9-5d60c521ca88 req-22cad4b5-f6b0-472a-aed9-5d60c521ca88 ] Request (AttachInterfacesTestJSON:setUpClass): 200 GET http://10.180.1.21/identity/v3/roles 0.033s
2025-12-15 01:23:25.212 65851 INFO tempest.lib.common.rest_client [req-e9f7d757-8d9e-4d0d-b6c0-d12216cb57e1 req-e9f7d757-8d9e-4d0d-b6c0-d12216cb57e1 ] Request (ServicesAdminTestJSON:setUpClass): 200 GET http://10.180.1.21/identity/v3/domains?name=Default 0.035s
2025-12-15 01:23:25.214 65881 INFO tempest.lib.common.rest_client [req-62a5333a-5a1d-4ec7-98a6-591d5127a943 req-62a5333a-5a1d-4ec7-98a6-591d5127a943 ] Request (MigrationsAdminTest:test_list_migrations_in_flavor_resize_situation): 200 GET http://10.180.1.21/compute/v2.1/servers/0b6b3766-6844-4aa8-959e-993ec5944807 0.734s
2025-12-15 01:23:25.256 65851 INFO tempest.lib.common.rest_client [req-bf5829f9-2138-4a71-8cee-9dd104ac6675 req-bf5829f9-2138-4a71-8cee-9dd104ac6675 ] Request (ServicesAdminTestJSON:setUpClass): 201 POST http://10.180.1.21/identity/v3/projects 0.043s
2025-12-15 01:23:25.258 65849 INFO tempest.lib.common.rest_client [req-66d15db6-6b49-4103-a6a6-2bfc6b4eb7a8 req-66d15db6-6b49-4103-a6a6-2bfc6b4eb7a8 ] Request (AttachInterfacesTestJSON:setUpClass): 204 PUT http://10.180.1.21/identity/v3/projects/8dfcef6f772a42a186731ccfa8e7ffc9/users/ea2dfb709ee1475c8b87a96af3310928/roles/061a1c2817da4e9e8877d320f4bcff0f 0.047s
2025-12-15 01:23:25.258 65849 INFO tempest.lib.common.dynamic_creds [-] Dynamic test user ea2dfb709ee1475c8b87a96af3310928 is created with scope project and roles: ['member']
2025-12-15 01:23:25.258 65849 INFO tempest.lib.common.dynamic_creds [-] Acquired dynamic creds: credentials: Credentials: {'domain_id': 'default', 'domain_name': 'Default', 'username': 'tempest-AttachInterfacesTestJSON-1197806586-project-member', 'project_domain_id': 'default', 'project_domain_name': 'Default', 'project_id': '8dfcef6f772a42a186731ccfa8e7ffc9', 'project_name': 'tempest-AttachInterfacesTestJSON-1197806586', 'tenant_id': '8dfcef6f772a42a186731ccfa8e7ffc9', 'tenant_name': 'tempest-AttachInterfacesTestJSON-1197806586', 'user_domain_id': 'default', 'user_domain_name': 'Default', 'user_id': 'ea2dfb709ee1475c8b87a96af3310928', 'system': None}, Network: None, Subnet: None, Router: None
2025-12-15 01:23:25.269 65865 INFO tempest.lib.common.rest_client [req-d4ee6346-026e-47c7-83a2-472386633e85 req-d4ee6346-026e-47c7-83a2-472386633e85 ] Request (ServerPasswordTestJSON:tearDownClass): 200 GET http://10.180.1.21/compute/v2.1/servers/7222d931-bed5-4e42-9627-3dabce076628 0.711s
2025-12-15 01:23:25.287 65833 INFO tempest.lib.common.rest_client [req-ef989c84-bdec-4fb5-b740-4ca2fbd2859e req-ef989c84-bdec-4fb5-b740-4ca2fbd2859e ] Request (ServerMetadataNegativeTestJSON:setUpClass): 200 GET http://10.180.1.21/compute/v2.1/servers/5ec60abb-0f4e-4e7c-9084-28dad974fd62 0.710s
2025-12-15 01:23:25.325 65889 WARNING tempest.lib.common.ssh [-] Failed to establish authenticated ssh connection to cirros@10.180.180.150 ([Errno None] Unable to connect to port 22 on 10.180.180.150). Number attempts: 5. Retry after 6 seconds.: paramiko.ssh_exception.NoValidConnectionsError: [Errno None] Unable to connect to port 22 on 10.180.180.150
2025-12-15 01:23:25.342 65851 INFO tempest.lib.common.rest_client [req-9d5f9ba9-c64e-4ba1-b94e-792517746c99 req-9d5f9ba9-c64e-4ba1-b94e-792517746c99 ] Request (ServicesAdminTestJSON:setUpClass): 201 POST http://10.180.1.21/identity/v3/users 0.085s
2025-12-15 01:23:25.344 65849 INFO tempest.lib.common.rest_client [req-4093d36c-c5b5-4cba-b1fe-9e6db46c6b2e req-4093d36c-c5b5-4cba-b1fe-9e6db46c6b2e ] Request (AttachInterfacesTestJSON:setUpClass): 201 POST http://10.180.1.21/identity/v3/auth/tokens 0.082s
2025-12-15 01:23:25.365 65875 INFO tempest.lib.common.rest_client [req-4b24b060-ef93-4074-8c45-88c9ae79c8ec req-4b24b060-ef93-4074-8c45-88c9ae79c8ec ] Request (ServerShowV247Test:test_update_rebuild_list_server): 200 GET http://10.180.1.21/compute/v2.1/servers/a1387a17-2ac7-4dd5-9922-4621e0457c5e 0.716s
2025-12-15 01:23:25.376 65875 INFO tempest.common.waiters [-] State transition "BUILD/networking" ==> "BUILD/spawning" after 16 second wait
2025-12-15 01:23:25.379 65851 INFO tempest.lib.common.rest_client [req-e678d724-64aa-441f-b22d-06a95d3f28af req-e678d724-64aa-441f-b22d-06a95d3f28af ] Request (ServicesAdminTestJSON:setUpClass): 200 GET http://10.180.1.21/identity/v3/roles 0.036s
2025-12-15 01:23:25.435 65851 INFO tempest.lib.common.rest_client [req-9902461e-9fe7-426a-8cf9-8a0461f028c3 req-9902461e-9fe7-426a-8cf9-8a0461f028c3 ] Request (ServicesAdminTestJSON:setUpClass): 204 PUT http://10.180.1.21/identity/v3/projects/713f166d45d34698903f30fd1dd2e6df/users/8ea19208020a419aade7b38d171aa8ad/roles/061a1c2817da4e9e8877d320f4bcff0f 0.056s
2025-12-15 01:23:25.436 65851 INFO tempest.lib.common.dynamic_creds [-] Dynamic test user 8ea19208020a419aade7b38d171aa8ad is created with scope project and roles: ['member']
2025-12-15 01:23:25.436 65851 INFO tempest.lib.common.dynamic_creds [-] Acquired dynamic creds: credentials: Credentials: {'domain_id': 'default', 'domain_name': 'Default', 'username': 'tempest-ServicesAdminTestJSON-724297625-project-member', 'project_domain_id': 'default', 'project_domain_name': 'Default', 'project_id': '713f166d45d34698903f30fd1dd2e6df', 'project_name': 'tempest-ServicesAdminTestJSON-724297625', 'tenant_id': '713f166d45d34698903f30fd1dd2e6df', 'tenant_name': 'tempest-ServicesAdminTestJSON-724297625', 'user_domain_id': 'default', 'user_domain_name': 'Default', 'user_id': '8ea19208020a419aade7b38d171aa8ad', 'system': None}, Network: None, Subnet: None, Router: None
2025-12-15 01:23:25.436 65851 INFO tempest.lib.common.dynamic_creds [-] Created isolated network resources for: credentials: Credentials: {'domain_id': 'default', 'domain_name': 'Default', 'username': 'tempest-ServicesAdminTestJSON-724297625-project-member', 'project_domain_id': 'default', 'project_domain_name': 'Default', 'project_id': '713f166d45d34698903f30fd1dd2e6df', 'project_name': 'tempest-ServicesAdminTestJSON-724297625', 'tenant_id': '713f166d45d34698903f30fd1dd2e6df', 'tenant_name': 'tempest-ServicesAdminTestJSON-724297625', 'user_domain_id': 'default', 'user_domain_name': 'Default', 'user_id': '8ea19208020a419aade7b38d171aa8ad', 'system': None}, Network: None, Subnet: None, Router: None
2025-12-15 01:23:25.491 65887 WARNING tempest.lib.common.ssh [-] Failed to establish authenticated ssh connection to cirros@10.180.180.207 ([Errno None] Unable to connect to port 22 on 10.180.180.207). Number attempts: 1. Retry after 2 seconds.: paramiko.ssh_exception.NoValidConnectionsError: [Errno None] Unable to connect to port 22 on 10.180.180.207
2025-12-15 01:23:25.505 65855 INFO tempest.lib.common.rest_client [req-039a01f6-ffb2-4c34-a39f-88d24faafcda req-039a01f6-ffb2-4c34-a39f-88d24faafcda ] Request (ImagesOneServerNegativeTestJSON:tearDown): 200 GET http://10.180.1.21/compute/v2.1/servers/8a37350f-3736-4116-aedd-98bd8e6d8c10 0.768s
2025-12-15 01:23:25.516 65855 INFO tempest.common.waiters [-] State transition "ACTIVE/image_uploading" ==> "ACTIVE/None" after 9 second wait
2025-12-15 01:23:25.531 65863 INFO tempest.lib.common.rest_client [req-2fe9218e-13dc-44de-a3af-35edec69752b req-2fe9218e-13dc-44de-a3af-35edec69752b ] Request (ServersListShow296Test:test_list_show_update_rebuild_server_296): 200 GET http://10.180.1.21/compute/v2.1/servers/8e2f03c8-86b6-40b1-b9cb-b4d855365bec 0.779s
2025-12-15 01:23:25.544 65851 INFO tempest.lib.common.rest_client [req-00643c94-571a-4143-821f-645b09783fb7 req-00643c94-571a-4143-821f-645b09783fb7 ] Request (ServicesAdminTestJSON:setUpClass): 201 POST http://10.180.1.21/identity/v3/auth/tokens 0.101s
2025-12-15 01:23:25.592 65891 INFO tempest.lib.common.rest_client [req-6770b767-b813-453c-83cb-d7243c6207fa req-6770b767-b813-453c-83cb-d7243c6207fa ] Request (FloatingIPsAssociationTestJSON:tearDownClass): 200 GET http://10.180.1.21/compute/v2.1/servers/ef8deb06-eba5-4d66-a137-7affbbcf361d 0.738s
2025-12-15 01:23:25.611 65831 INFO tempest.lib.common.rest_client [req-d4055c29-8548-4fa9-b70b-7daf71086d2f req-d4055c29-8548-4fa9-b70b-7daf71086d2f ] Request (ServerMetadataTestJSON:tearDownClass): 200 GET http://10.180.1.21/compute/v2.1/servers/63001002-e802-4957-82af-e161ecbda933 0.751s
2025-12-15 01:23:25.625 65851 INFO tempest.lib.common.rest_client [req-9e2e496d-db6f-4310-9f73-4a09a932d298 req-9e2e496d-db6f-4310-9f73-4a09a932d298 ] Request (ServicesAdminTestJSON:setUpClass): 201 POST http://10.180.1.21/identity/v3/projects 0.081s
2025-12-15 01:23:25.703 65849 INFO tempest.lib.common.rest_client [req-ffec6d3d-1ad3-403a-aa5b-507aaaff929b req-ffec6d3d-1ad3-403a-aa5b-507aaaff929b ] Request (AttachInterfacesTestJSON:setUpClass): 201 POST http://10.180.1.21/networking/v2.0/networks 0.358s
2025-12-15 01:23:25.764 65851 INFO tempest.lib.common.rest_client [req-eb2a3ee6-2bdf-41de-ada2-aab3037be1b6 req-eb2a3ee6-2bdf-41de-ada2-aab3037be1b6 ] Request (ServicesAdminTestJSON:setUpClass): 201 POST http://10.180.1.21/identity/v3/users 0.138s
2025-12-15 01:23:25.800 65885 INFO tempest.lib.common.rest_client [req-5d56d9f5-7987-4df1-950c-70cd9467ae42 req-5d56d9f5-7987-4df1-950c-70cd9467ae42 ] Request (SecurityGroupsTestJSON:test_server_security_groups): 200 POST http://10.180.1.21/compute/v2.1/os-security-groups 0.825s
2025-12-15 01:23:25.804 65851 INFO tempest.lib.common.rest_client [req-f1b08174-6668-4864-8dc4-7ce632ebb7f7 req-f1b08174-6668-4864-8dc4-7ce632ebb7f7 ] Request (ServicesAdminTestJSON:setUpClass): 200 GET http://10.180.1.21/identity/v3/roles 0.039s
2025-12-15 01:23:25.848 65867 INFO tempest.lib.common.rest_client [req-9bd39e5e-1949-4912-ada1-fd08918419db req-9bd39e5e-1949-4912-ada1-fd08918419db ] Request (ServersAdminTestJSON:test_rebuild_server_in_error_state): 200 GET http://10.180.1.21/compute/v2.1/servers/1091c04d-0d5d-4b8e-b311-5d581b0f8b56 0.740s
2025-12-15 01:23:25.858 65851 INFO tempest.lib.common.rest_client [req-5db9baea-400c-496f-9052-cd604535c2c0 req-5db9baea-400c-496f-9052-cd604535c2c0 ] Request (ServicesAdminTestJSON:setUpClass): 204 PUT http://10.180.1.21/identity/v3/projects/20b219603b074e01825e815168fe2fb7/users/b2e7dfd0c6db408189884b1971b9233d/roles/5e4ff95ed3b74aeaa9c064a4ede65b9e 0.054s
2025-12-15 01:23:25.931 65859 INFO tempest.lib.common.rest_client [req-d2ad9857-260a-4575-8032-4b1508adb860 req-d2ad9857-260a-4575-8032-4b1508adb860 ] Request (FloatingIPsAssociationNegativeTestJSON:tearDownClass): 200 GET http://10.180.1.21/compute/v2.1/servers/c9047f2a-da56-4f45-9c92-3686216a0f94 0.608s
2025-12-15 01:23:25.943 65851 INFO tempest.lib.common.rest_client [req-e5d8f10d-6202-4e6d-b28e-ecf0e3fe6158 req-e5d8f10d-6202-4e6d-b28e-ecf0e3fe6158 ] Request (ServicesAdminTestJSON:setUpClass): 200 GET http://10.180.1.21/identity/v3/roles 0.083s
2025-12-15 01:23:25.948 65841 INFO tempest.lib.common.rest_client [req-83676eb7-467a-441f-9887-e4ed9001790f req-83676eb7-467a-441f-9887-e4ed9001790f ] Request (ListServersNegativeTestJSON:tearDownClass): 200 GET http://10.180.1.21/compute/v2.1/servers/596e4e19-1e91-40ff-b938-e175721dec12 0.740s
2025-12-15 01:23:25.959 65841 INFO tempest.common.waiters [-] State transition "ACTIVE/deleting" ==> "DELETED/None" after 1 second wait
2025-12-15 01:23:25.968 65851 INFO tempest.lib.common.rest_client [req-ffab0dfb-93fa-4cee-b68b-b53395821337 req-ffab0dfb-93fa-4cee-b68b-b53395821337 ] Request (ServicesAdminTestJSON:setUpClass): 204 PUT http://10.180.1.21/identity/v3/projects/20b219603b074e01825e815168fe2fb7/users/b2e7dfd0c6db408189884b1971b9233d/roles/5e4ff95ed3b74aeaa9c064a4ede65b9e 0.025s
2025-12-15 01:23:25.969 65851 INFO tempest.lib.common.dynamic_creds [-] Dynamic test user b2e7dfd0c6db408189884b1971b9233d is created with scope project and roles: ['admin']
2025-12-15 01:23:25.969 65851 INFO tempest.lib.common.dynamic_creds [-] Acquired dynamic creds: credentials: Credentials: {'domain_id': 'default', 'domain_name': 'Default', 'username': 'tempest-ServicesAdminTestJSON-1871674452-project-admin', 'project_domain_id': 'default', 'project_domain_name': 'Default', 'project_id': '20b219603b074e01825e815168fe2fb7', 'project_name': 'tempest-ServicesAdminTestJSON-1871674452', 'tenant_id': '20b219603b074e01825e815168fe2fb7', 'tenant_name': 'tempest-ServicesAdminTestJSON-1871674452', 'user_domain_id': 'default', 'user_domain_name': 'Default', 'user_id': 'b2e7dfd0c6db408189884b1971b9233d', 'system': None}, Network: None, Subnet: None, Router: None
2025-12-15 01:23:25.969 65851 INFO tempest.lib.common.dynamic_creds [-] Created isolated network resources for: credentials: Credentials: {'domain_id': 'default', 'domain_name': 'Default', 'username': 'tempest-ServicesAdminTestJSON-1871674452-project-admin', 'project_domain_id': 'default', 'project_domain_name': 'Default', 'project_id': '20b219603b074e01825e815168fe2fb7', 'project_name': 'tempest-ServicesAdminTestJSON-1871674452', 'tenant_id': '20b219603b074e01825e815168fe2fb7', 'tenant_name': 'tempest-ServicesAdminTestJSON-1871674452', 'user_domain_id': 'default', 'user_domain_name': 'Default', 'user_id': 'b2e7dfd0c6db408189884b1971b9233d', 'system': None}, Network: None, Subnet: None, Router: None
2025-12-15 01:23:25.986 65849 INFO tempest.lib.common.rest_client [req-3fdf4159-0a0d-46f3-a2c5-47810d890467 req-3fdf4159-0a0d-46f3-a2c5-47810d890467 ] Request (AttachInterfacesTestJSON:setUpClass): 201 POST http://10.180.1.21/networking/v2.0/subnets 0.282s
2025-12-15 01:23:26.015 65873 INFO tempest.lib.common.rest_client [req-4d064fed-fb00-4ea2-abba-eb6ab3463f71 req-4d064fed-fb00-4ea2-abba-eb6ab3463f71 ] Request (ServerDiagnosticsNegativeTest:test_get_server_diagnostics_by_non_admin): 200 GET http://10.180.1.21/compute/v2.1/servers/6a1362d7-ac53-45d8-94ed-cc5dd39c9901 0.514s
2025-12-15 01:23:26.074 65851 INFO tempest.lib.common.rest_client [req-bf75b8ef-f1b0-4cbd-9ef1-9e53b72939fe req-bf75b8ef-f1b0-4cbd-9ef1-9e53b72939fe ] Request (ServicesAdminTestJSON:setUpClass): 201 POST http://10.180.1.21/identity/v3/auth/tokens 0.099s
2025-12-15 01:23:26.092 65843 INFO tempest.lib.common.rest_client [req-e2da934f-0d52-46d5-8322-b0ae005987af req-e2da934f-0d52-46d5-8322-b0ae005987af ] Request (ServersTestBootFromVolume:setUpClass): 200 GET http://10.180.1.21/compute/v2.1/servers/d57e1602-6240-4829-a434-7bcd2ab91052 0.737s
2025-12-15 01:23:26.106 65843 INFO tempest.common.waiters [-] State transition "BUILD/spawning" ==> "ACTIVE/None" after 24 second wait
2025-12-15 01:23:26.133 65855 INFO tempest.lib.common.rest_client [req-618aa529-fcb4-4252-8494-f085fb10ed6c req-618aa529-fcb4-4252-8494-f085fb10ed6c ] Request (ImagesOneServerNegativeTestJSON:_run_cleanups): 204 DELETE http://10.180.1.21/compute/v2.1/servers/8a37350f-3736-4116-aedd-98bd8e6d8c10 0.616s
2025-12-15 01:23:26.185 65837 INFO tempest.lib.common.rest_client [req-c4ded4b4-aae2-4284-a631-b04753b333bc req-c4ded4b4-aae2-4284-a631-b04753b333bc ] Request (ServerActionsTestOtherB:test_create_backup): 200 GET http://10.180.1.21/image/v2/images/4ec04c4a-8b89-4472-960d-ea96a5f4e0b3 0.026s
2025-12-15 01:23:26.273 65885 INFO tempest.lib.common.rest_client [req-68703b24-e47a-483b-a832-b519bc216170 req-68703b24-e47a-483b-a832-b519bc216170 ] Request (SecurityGroupsTestJSON:test_server_security_groups): 200 POST http://10.180.1.21/compute/v2.1/os-security-groups 0.467s
2025-12-15 01:23:26.303 65845 INFO tempest.lib.common.rest_client [req-a1087367-3511-4f8b-a7e3-af3223ea2d8b req-a1087367-3511-4f8b-a7e3-af3223ea2d8b ] Request (ServersAdminNegativeTestJSON:tearDownClass): 200 GET http://10.180.1.21/compute/v2.1/servers/adc910f5-ef41-440b-a979-de8eb500c86c 0.782s
2025-12-15 01:23:26.341 65885 INFO tempest.lib.common.rest_client [req-023557aa-de2c-4ca6-8d11-14a28dcbd87e req-023557aa-de2c-4ca6-8d11-14a28dcbd87e ] Request (SecurityGroupsTestJSON:test_server_security_groups): 201 POST http://10.180.1.21/identity/v3/auth/tokens 0.062s
2025-12-15 01:23:26.342 65885 INFO tempest.lib.common.fixed_network [-] (SecurityGroupsTestJSON:test_server_security_groups) Found network {'id': '0e16a4f9-dc46-4be3-8cfb-d819e63cd398', 'name': 'tempest-SecurityGroupsTestJSON-1263126296-network', 'tenant_id': '0c47925bd5654299b2227f898402f7fe', 'project_id': '0c47925bd5654299b2227f898402f7fe', 'admin_state_up': True, 'mtu': 8950, 'status': 'ACTIVE', 'subnets': [], 'shared': False, 'port_security_enabled': True, 'router:external': False, 'provider:network_type': 'vlan', 'provider:physical_network': 'default', 'provider:segmentation_id': 134, 'availability_zone_hints': [], 'availability_zones': [], 'ipv4_address_scope': None, 'ipv6_address_scope': None, 'description': '', 'tags': [], 'created_at': '2025-12-15T01:21:56Z', 'updated_at': '2025-12-15T01:21:56Z', 'revision_number': 1} available for tenant
2025-12-15 01:23:26.349 65893 INFO tempest.lib.common.rest_client [req-12cd2fe3-256b-4dd2-a649-a315abe923eb req-12cd2fe3-256b-4dd2-a649-a315abe923eb ] Request (ImagesTestJSON:test_create_image_from_stopped_server): 200 GET http://10.180.1.21/compute/v2.1/images/471c249d-61f0-426e-ace1-1abf19bb12ff 0.357s
2025-12-15 01:23:26.408 65871 INFO tempest.lib.common.rest_client [req-f723c3ba-c259-45be-9941-ac1ef043d493 req-f723c3ba-c259-45be-9941-ac1ef043d493 ] Request (TenantUsagesTestJSON:setUpClass): 200 GET http://10.180.1.21/compute/v2.1/servers/28065556-49ce-441a-9f38-22fe341340aa 0.462s
2025-12-15 01:23:26.493 65851 INFO tempest.lib.common.rest_client [req-0fc966bd-0f05-43e4-8882-c2422c84dce1 req-0fc966bd-0f05-43e4-8882-c2422c84dce1 ] Request (ServicesAdminTestJSON:test_get_service_by_host_name): 200 GET http://10.180.1.21/compute/v2.1/os-services 0.417s
2025-12-15 01:23:26.520 65843 INFO tempest.lib.common.rest_client [req-f2f46b57-5f0c-468e-b332-0debbb8efea7 req-f2f46b57-5f0c-468e-b332-0debbb8efea7 ] Request (ServersTestBootFromVolume:setUpClass): 200 GET http://10.180.1.21/compute/v2.1/servers/d57e1602-6240-4829-a434-7bcd2ab91052/os-interface 0.414s
2025-12-15 01:23:26.927 65849 INFO tempest.lib.common.rest_client [req-3e10b72f-7d1c-49c5-ba75-352d9b60c9ef req-3e10b72f-7d1c-49c5-ba75-352d9b60c9ef ] Request (AttachInterfacesTestJSON:setUpClass): 201 POST http://10.180.1.21/networking/v2.0/routers 0.941s
2025-12-15 01:23:26.929 65869 WARNING tempest.lib.common.ssh [-] Failed to establish authenticated ssh connection to cirros@10.180.180.212 ([Errno None] Unable to connect to port 22 on 10.180.180.212). Number attempts: 7. Retry after 8 seconds.: paramiko.ssh_exception.NoValidConnectionsError: [Errno None] Unable to connect to port 22 on 10.180.180.212
2025-12-15 01:23:27.150 65843 INFO tempest.lib.common.rest_client [req-d1da237c-bb6b-45aa-bc81-d6190be9455b req-d1da237c-bb6b-45aa-bc81-d6190be9455b ] Request (ServersTestBootFromVolume:setUpClass): 200 PUT http://10.180.1.21/networking/v2.0/floatingips/5867d3d8-1421-41f5-9d19-44ba2712ea32 0.626s
