2025-12-15 01:21:47.227 65841 INFO tempest.lib.common.rest_client [req-67e25d1b-8da6-4880-b516-ce8a1a774462 req-67e25d1b-8da6-4880-b516-ce8a1a774462 ] Request (ImagesNegativeTestJSON:tearDownClass): 204 DELETE http://10.180.1.21/identity/v3/projects/72144d316ebb4cc1978db874f5370027 0.190s
2025-12-15 01:21:47.323 65833 INFO tempest.lib.common.rest_client [req-544a8423-8580-4aec-9a67-3a9e69bf5e56 req-544a8423-8580-4aec-9a67-3a9e69bf5e56 ] Request (QuotasAdminTestJSON:_run_cleanups): 200 PUT http://10.180.1.21/compute/v2.1/os-quota-sets/93b6165116a146bf9bd4b45fc1b77e8b 5.264s
2025-12-15 01:21:47.332 65841 INFO tempest.lib.common.rest_client [req-15b1bb54-d494-4a02-a952-13af7cf3c94d req-15b1bb54-d494-4a02-a952-13af7cf3c94d ] Request (ListServersNegativeTestJSON:setUpClass): 201 POST http://10.180.1.21/identity/v3/auth/tokens 0.103s
2025-12-15 01:21:47.381 65887 INFO tempest.lib.common.rest_client [req-493e674d-fa36-4166-b934-97f1b53114ae req-493e674d-fa36-4166-b934-97f1b53114ae ] Request (SecurityGroupRulesNegativeTestJSON:tearDownClass): 202 DELETE http://10.180.1.21/compute/v2.1/os-security-groups/f9a7bb98-adc7-4eed-9727-f604806435fe 5.016s
2025-12-15 01:21:47.387 65841 INFO tempest.lib.common.rest_client [req-475c25b6-f4d0-421a-8aa9-81e8e6281f56 req-475c25b6-f4d0-421a-8aa9-81e8e6281f56 ] Request (ListServersNegativeTestJSON:setUpClass): 201 POST http://10.180.1.21/identity/v3/auth/tokens 0.051s
2025-12-15 01:21:47.408 65885 INFO tempest.lib.common.rest_client [req-ed0a5baf-e5d7-4e63-b512-f16557baa914 req-ed0a5baf-e5d7-4e63-b512-f16557baa914 ] Request (ServicesAdminNegativeV253TestJSON:test_get_service_with_valid_service_and_invalid_host): 200 GET http://10.180.1.21/compute/v2.1/os-services?host=xxx&binary=nova-scheduler 4.612s
2025-12-15 01:21:47.435 65871 INFO tempest.lib.common.rest_client [req-deb65a6d-b6cc-4bdd-8a0d-a66d8aedd4d1 req-deb65a6d-b6cc-4bdd-8a0d-a66d8aedd4d1 ] Request (ServersAdmin275Test:test_rebuild_update_server_275): 200 GET http://10.180.1.21/compute/v2.1/servers/def327c0-a7c7-4813-8101-c8771716cddf 4.986s
2025-12-15 01:21:47.437 65873 INFO tempest.lib.common.rest_client [req-9bea5595-57f8-47f9-924a-218d4c462146 req-9bea5595-57f8-47f9-924a-218d4c462146 ] Request (AggregatesAdminNegativeTestJSON:test_aggregate_create_with_existent_aggregate_name): 409 POST http://10.180.1.21/compute/v2.1/os-aggregates 4.434s
2025-12-15 01:21:47.452 65859 INFO tempest.lib.common.rest_client [req-04b72e81-660c-4b77-a62e-2c30f009317b req-04b72e81-660c-4b77-a62e-2c30f009317b ] Request (KeyPairsV210TestJSON:test_admin_manage_keypairs_for_other_users): 200 GET http://10.180.1.21/compute/v2.1/os-keypairs?user_id=9c207088cbf3465bb1d1a1786aeb45eb 4.395s
2025-12-15 01:21:47.452 65871 INFO tempest.common.waiters [-] State transition "BUILD/spawning" ==> "ACTIVE/None" after 9 second wait
2025-12-15 01:21:47.452 65833 INFO tempest.lib.common.rest_client [req-cee2dc72-1612-466e-b926-d203d1fff976 req-cee2dc72-1612-466e-b926-d203d1fff976 ] Request (QuotasAdminTestJSON:tearDownClass): 204 DELETE http://10.180.1.21/identity/v3/users/15265d858c6f4c44bdf4d1cb5cffaaef 0.122s
2025-12-15 01:21:47.457 65841 INFO tempest.lib.common.rest_client [req-9e727257-30c7-4a2e-8c30-d7a479638ed0 req-9e727257-30c7-4a2e-8c30-d7a479638ed0 ] Request (ListServersNegativeTestJSON:setUpClass): 200 GET http://10.180.1.21/identity/v3/domains?name=Default 0.069s
2025-12-15 01:21:47.462 65863 INFO tempest.lib.common.rest_client [req-a596c5d0-845f-42b3-8b04-db43800e570e req-a596c5d0-845f-42b3-8b04-db43800e570e ] Request (FlavorsAccessNegativeTestJSON:test_flavor_non_admin_remove): 403 POST http://10.180.1.21/compute/v2.1/flavors/1806782503/action 4.226s
2025-12-15 01:21:47.473 65851 INFO tempest.lib.common.rest_client [req-2a68e5f5-0546-4813-887c-1aa14dbcca34 req-2a68e5f5-0546-4813-887c-1aa14dbcca34 ] Request (FlavorsAdminTestJSON:test_create_list_flavor_without_extra_data): 200 GET http://10.180.1.21/compute/v2.1/flavors/319180409 4.214s
2025-12-15 01:21:47.520 65841 INFO tempest.lib.common.rest_client [req-b6447204-5d4f-4323-a5a4-71ced565ac45 req-b6447204-5d4f-4323-a5a4-71ced565ac45 ] Request (ListServersNegativeTestJSON:setUpClass): 201 POST http://10.180.1.21/identity/v3/projects 0.063s
2025-12-15 01:21:47.563 65833 INFO tempest.lib.common.rest_client [req-867af984-6249-4832-8124-468b6b2073ac req-867af984-6249-4832-8124-468b6b2073ac ] Request (QuotasAdminTestJSON:tearDownClass): 204 DELETE http://10.180.1.21/identity/v3/users/096542fcfe814d0b9cdaa778750339d8 0.110s
2025-12-15 01:21:47.563 65833 INFO tempest.lib.common.dynamic_creds [-] Deleting project and security group for project: 81b260ef21094b9ea2133e041692ed66
2025-12-15 01:21:47.615 65841 INFO tempest.lib.common.rest_client [req-2a34ee67-0e55-46a6-91c6-4750651652ed req-2a34ee67-0e55-46a6-91c6-4750651652ed ] Request (ListServersNegativeTestJSON:setUpClass): 201 POST http://10.180.1.21/identity/v3/users 0.094s
2025-12-15 01:21:47.633 65833 INFO tempest.lib.common.rest_client [req-43df7e8f-f244-47c7-84f0-1c140be4216a req-43df7e8f-f244-47c7-84f0-1c140be4216a ] Request (QuotasAdminTestJSON:tearDownClass): 201 POST http://10.180.1.21/identity/v3/auth/tokens 0.070s
2025-12-15 01:21:47.636 65889 WARNING tempest.lib.common.ssh [-] Failed to establish authenticated ssh connection to cirros@10.180.180.150 ([Errno None] Unable to connect to port 22 on 10.180.180.150). Number attempts: 5. Retry after 6 seconds.: paramiko.ssh_exception.NoValidConnectionsError: [Errno None] Unable to connect to port 22 on 10.180.180.150
2025-12-15 01:21:47.652 65891 INFO tempest.lib.common.rest_client [req-75c40b7b-d542-456c-8147-2eeb472a5376 req-75c40b7b-d542-456c-8147-2eeb472a5376 ] Request (FloatingIPsAssociationTestJSON:setUpClass): 200 GET http://10.180.1.21/compute/v2.1/servers/34e974f9-c5c9-474c-8438-4ca5b4228534 4.272s
2025-12-15 01:21:47.660 65891 INFO tempest.common.waiters [-] State transition "BUILD/None" ==> "BUILD/spawning" after 9 second wait
2025-12-15 01:21:47.689 65841 INFO tempest.lib.common.rest_client [req-9c58d44c-135f-41be-b07f-9fd51352027e req-9c58d44c-135f-41be-b07f-9fd51352027e ] Request (ListServersNegativeTestJSON:setUpClass): 200 GET http://10.180.1.21/identity/v3/roles 0.073s
2025-12-15 01:21:47.731 65841 INFO tempest.lib.common.rest_client [req-a370b42e-4d2c-453e-be13-60f21f505ea0 req-a370b42e-4d2c-453e-be13-60f21f505ea0 ] Request (ListServersNegativeTestJSON:setUpClass): 204 PUT http://10.180.1.21/identity/v3/projects/18d692486f7844a69718239c751780e4/users/cbb62ce5dc2a4ac5bf58a5abe5b6babf/roles/061a1c2817da4e9e8877d320f4bcff0f 0.041s
2025-12-15 01:21:47.731 65841 INFO tempest.lib.common.dynamic_creds [-] Dynamic test user cbb62ce5dc2a4ac5bf58a5abe5b6babf is created with scope project and roles: ['member']
2025-12-15 01:21:47.732 65841 INFO tempest.lib.common.dynamic_creds [-] Acquired dynamic creds: credentials: Credentials: {'domain_id': 'default', 'domain_name': 'Default', 'username': 'tempest-ListServersNegativeTestJSON-604387842-project-member', 'project_domain_id': 'default', 'project_domain_name': 'Default', 'project_id': '18d692486f7844a69718239c751780e4', 'project_name': 'tempest-ListServersNegativeTestJSON-604387842', 'tenant_id': '18d692486f7844a69718239c751780e4', 'tenant_name': 'tempest-ListServersNegativeTestJSON-604387842', 'user_domain_id': 'default', 'user_domain_name': 'Default', 'user_id': 'cbb62ce5dc2a4ac5bf58a5abe5b6babf', 'system': None}, Network: None, Subnet: None, Router: None
2025-12-15 01:21:47.791 65841 INFO tempest.lib.common.rest_client [req-24601c07-74c2-4d6d-8d0f-e332c0f2f44a req-24601c07-74c2-4d6d-8d0f-e332c0f2f44a ] Request (ListServersNegativeTestJSON:setUpClass): 201 POST http://10.180.1.21/identity/v3/auth/tokens 0.059s
2025-12-15 01:21:47.931 65833 INFO tempest.lib.common.rest_client [req-3603dde2-1889-4887-8665-b999cc85b890 req-3603dde2-1889-4887-8665-b999cc85b890 ] Request (QuotasAdminTestJSON:tearDownClass): 200 GET http://10.180.1.21/networking/v2.0/security-groups?tenant_id=81b260ef21094b9ea2133e041692ed66&name=default 0.297s
2025-12-15 01:21:47.980 65831 INFO tempest.lib.common.rest_client [req-bcdfdc18-2096-4657-80cd-c5397530e32d req-bcdfdc18-2096-4657-80cd-c5397530e32d ] Request (ServerMetadataTestJSON:setUpClass): 200 GET http://10.180.1.21/compute/v2.1/servers/63001002-e802-4957-82af-e161ecbda933 4.443s
2025-12-15 01:21:48.260 65841 INFO tempest.lib.common.rest_client [req-332d7e1f-4936-4dbd-82c6-591cc0a8a99e req-332d7e1f-4936-4dbd-82c6-591cc0a8a99e ] Request (ListServersNegativeTestJSON:setUpClass): 201 POST http://10.180.1.21/networking/v2.0/networks 0.468s
2025-12-15 01:21:48.348 65833 INFO tempest.lib.common.rest_client [req-5c98ed90-0f33-4944-b685-c103fb44af5b req-5c98ed90-0f33-4944-b685-c103fb44af5b ] Request (QuotasAdminTestJSON:tearDownClass): 204 DELETE http://10.180.1.21/networking/v2.0/security-groups/6dfaa600-cd98-4f0e-b8d5-8660e18b697d 0.416s
2025-12-15 01:21:48.436 65833 INFO tempest.lib.common.rest_client [req-37760bc8-b38d-4232-8822-f71d70ca477e req-37760bc8-b38d-4232-8822-f71d70ca477e ] Request (QuotasAdminTestJSON:tearDownClass): 204 DELETE http://10.180.1.21/identity/v3/projects/81b260ef21094b9ea2133e041692ed66 0.088s
2025-12-15 01:21:48.437 65833 INFO tempest.lib.common.dynamic_creds [-] Deleting project and security group for project: 93b6165116a146bf9bd4b45fc1b77e8b
2025-12-15 01:21:48.455 65843 INFO tempest.lib.common.rest_client [req-e7ea8ecb-950c-4844-adca-d4b4ffdbe6d1 req-e7ea8ecb-950c-4844-adca-d4b4ffdbe6d1 ] Request (QuotasAdminNegativeTest:test_create_server_when_instances_quota_is_full): 403 POST http://10.180.1.21/compute/v2.1/servers 5.388s
2025-12-15 01:21:48.549 65839 INFO tempest.lib.common.rest_client [req-63e35257-da33-4dcb-ae02-ab18bacf7ab6 req-63e35257-da33-4dcb-ae02-ab18bacf7ab6 ] Request (DeleteServersAdminTestJSON:test_delete_server_while_in_error_state): 204 DELETE http://10.180.1.21/compute/v2.1/servers/98dbb5e8-3a99-4dcc-9a38-ed5e867e5f6c 4.877s
2025-12-15 01:21:48.736 65841 INFO tempest.lib.common.rest_client [req-b9a6ec00-7332-428a-ba5d-a89d4ac782db req-b9a6ec00-7332-428a-ba5d-a89d4ac782db ] Request (ListServersNegativeTestJSON:setUpClass): 201 POST http://10.180.1.21/networking/v2.0/subnets 0.475s
2025-12-15 01:21:48.763 65857 INFO tempest.lib.common.rest_client [req-35093e2f-2f06-41b4-8dec-e0900c00b6b7 req-35093e2f-2f06-41b4-8dec-e0900c00b6b7 ] Request (ServersTestManualDisk:setUpClass): 200 POST http://10.180.1.21/compute/v2.1/os-keypairs 5.073s
2025-12-15 01:21:48.783 65855 INFO tempest.lib.common.rest_client [req-2cb0a46c-ee94-428a-b7a7-b9e285a153b7 req-2cb0a46c-ee94-428a-b7a7-b9e285a153b7 ] Request (ServicesAdminNegativeTestJSON:test_get_service_with_valid_service_and_invalid_host): 200 GET http://10.180.1.21/compute/v2.1/os-services?host=xxx&binary=nova-scheduler 5.090s
2025-12-15 01:21:48.830 65875 INFO tempest.lib.common.rest_client [req-23ebddd3-a80a-4d64-8cc0-32e782bdb78b req-23ebddd3-a80a-4d64-8cc0-32e782bdb78b ] Request (InstanceActionsTestJSON:setUpClass): 200 GET http://10.180.1.21/compute/v2.1/servers/40374a7c-de63-4d70-a706-c8d3f28a9873 5.200s
2025-12-15 01:21:48.840 65875 INFO tempest.common.waiters [-] State transition "BUILD/spawning" ==> "ACTIVE/None" after 15 second wait
2025-12-15 01:21:48.864 65877 INFO tempest.lib.common.rest_client [req-0f7422e2-12d1-4a76-9e0e-be9808ad5e2b req-0f7422e2-12d1-4a76-9e0e-be9808ad5e2b ] Request (ServerAddressesTestJSON:test_list_server_addresses_by_network): 200 GET http://10.180.1.21/compute/v2.1/servers/483bea04-d119-4f15-a28f-ec504bf79329/ips/tempest-ServerAddressesTestJSON-396172187-network 4.444s
2025-12-15 01:21:48.881 65833 INFO tempest.lib.common.rest_client [req-8dd147c5-5aec-4aed-83be-d30ab27c17fd req-8dd147c5-5aec-4aed-83be-d30ab27c17fd ] Request (QuotasAdminTestJSON:tearDownClass): 200 GET http://10.180.1.21/networking/v2.0/security-groups?tenant_id=93b6165116a146bf9bd4b45fc1b77e8b&name=default 0.444s
2025-12-15 01:21:48.985 65857 INFO tempest.lib.common.rest_client [req-eb7bfb23-7371-4483-8f2e-eb98a8a0e600 req-eb7bfb23-7371-4483-8f2e-eb98a8a0e600 ] Request (ServersTestManualDisk:setUpClass): 201 POST http://10.180.1.21/networking/v2.0/security-groups 0.220s
2025-12-15 01:21:49.096 65853 INFO tempest.lib.common.rest_client [req-ab1557b6-c71c-4fab-9b52-c9e7ff557d0b req-ab1557b6-c71c-4fab-9b52-c9e7ff557d0b ] Request (ImagesMetadataTestJSON:setUp): 200 PUT http://10.180.1.21/compute/v2.1/images/20cd1520-ad9f-49ae-acfd-5e9562df894f/metadata 3.706s
2025-12-15 01:21:49.490 65833 INFO tempest.lib.common.rest_client [req-7f16ddfc-abc7-476d-94a3-d09572fe5d93 req-7f16ddfc-abc7-476d-94a3-d09572fe5d93 ] Request (QuotasAdminTestJSON:tearDownClass): 204 DELETE http://10.180.1.21/networking/v2.0/security-groups/fcfb2f46-9c7c-4b9c-a747-8ea353c425c2 0.608s
2025-12-15 01:21:49.595 65841 INFO tempest.lib.common.rest_client [req-76318e48-421f-45b6-b49f-cb08f251c5ee req-76318e48-421f-45b6-b49f-cb08f251c5ee ] Request (ListServersNegativeTestJSON:setUpClass): 201 POST http://10.180.1.21/networking/v2.0/routers 0.859s
2025-12-15 01:21:49.646 65857 INFO tempest.lib.common.rest_client [req-30e1035c-8e5b-42c2-b096-3251a3e9cc3b req-30e1035c-8e5b-42c2-b096-3251a3e9cc3b ] Request (ServersTestManualDisk:setUpClass): 201 POST http://10.180.1.21/networking/v2.0/security-group-rules 0.660s
2025-12-15 01:21:49.707 65833 INFO tempest.lib.common.rest_client [req-20901992-9042-492e-83a3-646a2e28b973 req-20901992-9042-492e-83a3-646a2e28b973 ] Request (QuotasAdminTestJSON:tearDownClass): 204 DELETE http://10.180.1.21/identity/v3/projects/93b6165116a146bf9bd4b45fc1b77e8b 0.216s
2025-12-15 01:21:49.802 65833 INFO tempest.lib.common.rest_client [req-b1ba2cb0-f3f4-40f0-9a2b-da852d5cf05b req-b1ba2cb0-f3f4-40f0-9a2b-da852d5cf05b ] Request (InstanceActionsNegativeTestJSON:setUpClass): 201 POST http://10.180.1.21/identity/v3/auth/tokens 0.093s
2025-12-15 01:21:49.814 65847 INFO tempest.lib.common.rest_client [req-3975d542-82a8-489d-94bf-c3019d28924f req-3975d542-82a8-489d-94bf-c3019d28924f ] Request (ServersWithSpecificFlavorTestJSON:test_verify_created_server_ephemeral_disk): 200 GET http://10.180.1.21/compute/v2.1/servers/0adacac8-8a88-4054-aec5-3ff594e92ab5 6.071s
2025-12-15 01:21:49.830 65847 INFO tempest.common.waiters [-] State transition "BUILD/spawning" ==> "ACTIVE/None" after 20 second wait
2025-12-15 01:21:49.853 65833 INFO tempest.lib.common.rest_client [req-f250051d-23ba-4f88-b31c-0a648af04b70 req-f250051d-23ba-4f88-b31c-0a648af04b70 ] Request (InstanceActionsNegativeTestJSON:setUpClass): 201 POST http://10.180.1.21/identity/v3/auth/tokens 0.044s
2025-12-15 01:21:49.890 65833 INFO tempest.lib.common.rest_client [req-04ca03f2-e491-425a-8751-c510f1689e5f req-04ca03f2-e491-425a-8751-c510f1689e5f ] Request (InstanceActionsNegativeTestJSON:setUpClass): 200 GET http://10.180.1.21/identity/v3/domains?name=Default 0.037s
2025-12-15 01:21:49.920 65833 INFO tempest.lib.common.rest_client [req-67a9d653-a002-4a3e-b51f-342f88b6721e req-67a9d653-a002-4a3e-b51f-342f88b6721e ] Request (InstanceActionsNegativeTestJSON:setUpClass): 201 POST http://10.180.1.21/identity/v3/projects 0.029s
2025-12-15 01:21:50.001 65833 INFO tempest.lib.common.rest_client [req-400e6b3f-d607-44aa-9d05-84321d130ed8 req-400e6b3f-d607-44aa-9d05-84321d130ed8 ] Request (InstanceActionsNegativeTestJSON:setUpClass): 201 POST http://10.180.1.21/identity/v3/users 0.081s
2025-12-15 01:21:50.024 65833 INFO tempest.lib.common.rest_client [req-6659b66a-a79f-4be6-8261-ca9b4d0aad2c req-6659b66a-a79f-4be6-8261-ca9b4d0aad2c ] Request (InstanceActionsNegativeTestJSON:setUpClass): 200 GET http://10.180.1.21/identity/v3/roles 0.022s
2025-12-15 01:21:50.054 65833 INFO tempest.lib.common.rest_client [req-b2662b0d-a959-4a99-a8ed-99a872c22d53 req-b2662b0d-a959-4a99-a8ed-99a872c22d53 ] Request (InstanceActionsNegativeTestJSON:setUpClass): 204 PUT http://10.180.1.21/identity/v3/projects/34c8fc8a5ce548e3bf98215544c2bc38/users/e886278f54604e749ea097a54e8c1105/roles/061a1c2817da4e9e8877d320f4bcff0f 0.029s
2025-12-15 01:21:50.054 65833 INFO tempest.lib.common.dynamic_creds [-] Dynamic test user e886278f54604e749ea097a54e8c1105 is created with scope project and roles: ['member']
2025-12-15 01:21:50.054 65833 INFO tempest.lib.common.dynamic_creds [-] Acquired dynamic creds: credentials: Credentials: {'domain_id': 'default', 'domain_name': 'Default', 'username': 'tempest-InstanceActionsNegativeTestJSON-1472382695-project-member', 'project_domain_id': 'default', 'project_domain_name': 'Default', 'project_id': '34c8fc8a5ce548e3bf98215544c2bc38', 'project_name': 'tempest-InstanceActionsNegativeTestJSON-1472382695', 'tenant_id': '34c8fc8a5ce548e3bf98215544c2bc38', 'tenant_name': 'tempest-InstanceActionsNegativeTestJSON-1472382695', 'user_domain_id': 'default', 'user_domain_name': 'Default', 'user_id': 'e886278f54604e749ea097a54e8c1105', 'system': None}, Network: None, Subnet: None, Router: None
2025-12-15 01:21:50.125 65833 INFO tempest.lib.common.rest_client [req-93c0d7ea-b4f9-434c-b7a1-af0d0d8d13af req-93c0d7ea-b4f9-434c-b7a1-af0d0d8d13af ] Request (InstanceActionsNegativeTestJSON:setUpClass): 201 POST http://10.180.1.21/identity/v3/auth/tokens 0.070s
2025-12-15 01:21:50.591 65841 INFO tempest.lib.common.rest_client [req-16b99265-10cb-4273-b4c0-4738def71b08 req-16b99265-10cb-4273-b4c0-4738def71b08 ] Request (ListServersNegativeTestJSON:setUpClass): 200 PUT http://10.180.1.21/networking/v2.0/routers/d385c737-c5f9-4e4b-a6b0-5fb9ce4d313a/add_router_interface 0.994s
2025-12-15 01:21:50.591 65841 INFO tempest.lib.common.dynamic_creds [-] Created isolated network resources for: credentials: Credentials: {'domain_id': 'default', 'domain_name': 'Default', 'username': 'tempest-ListServersNegativeTestJSON-604387842-project-member', 'project_domain_id': 'default', 'project_domain_name': 'Default', 'project_id': '18d692486f7844a69718239c751780e4', 'project_name': 'tempest-ListServersNegativeTestJSON-604387842', 'tenant_id': '18d692486f7844a69718239c751780e4', 'tenant_name': 'tempest-ListServersNegativeTestJSON-604387842', 'user_domain_id': 'default', 'user_domain_name': 'Default', 'user_id': 'cbb62ce5dc2a4ac5bf58a5abe5b6babf', 'system': None}, Network: {'id': 'd16a23f2-f03b-4200-a402-09864de7fafb', 'name': 'tempest-ListServersNegativeTestJSON-669873454-network', 'tenant_id': '18d692486f7844a69718239c751780e4', 'project_id': '18d692486f7844a69718239c751780e4', 'admin_state_up': True, 'mtu': 8950, 'status': 'ACTIVE', 'subnets': [], 'shared': False, 'port_security_enabled': True, 'router:external': False, 'provider:network_type': 'vlan', 'provider:physical_network': 'default', 'provider:segmentation_id': 353, 'availability_zone_hints': [], 'availability_zones': [], 'ipv4_address_scope': None, 'ipv6_address_scope': None, 'description': '', 'tags': [], 'created_at': '2025-12-15T01:21:48Z', 'updated_at': '2025-12-15T01:21:48Z', 'revision_number': 1}, Subnet: {'id': '13f8dd40-2b41-4441-a7a5-941127fae7b7', 'name': 'tempest-ListServersNegativeTestJSON-669873454-subnet', 'tenant_id': '18d692486f7844a69718239c751780e4', 'network_id': 'd16a23f2-f03b-4200-a402-09864de7fafb', 'ip_version': 4, 'subnetpool_id': None, 'enable_dhcp': True, 'ipv6_ra_mode': None, 'ipv6_address_mode': None, 'gateway_ip': '192.168.128.1', 'cidr': '192.168.128.0/28', 'allocation_pools': [{'start': '192.168.128.2', 'end': '192.168.128.14'}], 'host_routes': [], 'dns_nameservers': [], 'description': '', 'router:external': False, 'service_types': [], 'tags': [], 'created_at': '2025-12-15T01:21:48Z', 'updated_at': '2025-12-15T01:21:48Z', 'revision_number': 0, 'project_id': '18d692486f7844a69718239c751780e4'}, Router: {'id': 'd385c737-c5f9-4e4b-a6b0-5fb9ce4d313a', 'name': 'tempest-ListServersNegativeTestJSON-669873454-router', 'tenant_id': '18d692486f7844a69718239c751780e4', 'admin_state_up': True, 'status': 'ACTIVE', 'external_gateway_info': {'network_id': 'f2a2cb57-acb6-46fd-a793-091537d513ad', 'external_fixed_ips': [{'subnet_id': 'ee314fe8-6514-4ad7-9100-ec0f7fee7bcc', 'ip_address': '10.180.180.187'}], 'enable_snat': True}, 'description': '', 'availability_zones': [], 'distributed': False, 'ha': False, 'availability_zone_hints': [], 'routes': [], 'flavor_id': None, 'tags': [], 'created_at': '2025-12-15T01:21:48Z', 'updated_at': '2025-12-15T01:21:49Z', 'revision_number': 2, 'project_id': '18d692486f7844a69718239c751780e4'}
2025-12-15 01:21:50.697 65841 INFO tempest.lib.common.rest_client [req-26f07249-3f8d-4821-b663-3ce3ee06bf86 req-26f07249-3f8d-4821-b663-3ce3ee06bf86 ] Request (ListServersNegativeTestJSON:setUpClass): 201 POST http://10.180.1.21/identity/v3/auth/tokens 0.103s
2025-12-15 01:21:50.737 65857 INFO tempest.lib.common.rest_client [req-3b4258e7-c98f-44ac-babb-2c7d5c41bfd1 req-3b4258e7-c98f-44ac-babb-2c7d5c41bfd1 ] Request (ServersTestManualDisk:setUpClass): 201 POST http://10.180.1.21/networking/v2.0/security-group-rules 1.090s
2025-12-15 01:21:50.739 65841 INFO tempest.lib.common.rest_client [req-2d2ced31-bab0-455a-bc29-cdb11c4d17cc req-2d2ced31-bab0-455a-bc29-cdb11c4d17cc ] Request (ListServersNegativeTestJSON:setUpClass): 201 POST http://10.180.1.21/identity/v3/auth/tokens 0.039s
2025-12-15 01:21:50.739 65841 INFO tempest.lib.common.fixed_network [-] (ListServersNegativeTestJSON:setUpClass) Found network {'id': 'd16a23f2-f03b-4200-a402-09864de7fafb', 'name': 'tempest-ListServersNegativeTestJSON-669873454-network', 'tenant_id': '18d692486f7844a69718239c751780e4', 'project_id': '18d692486f7844a69718239c751780e4', 'admin_state_up': True, 'mtu': 8950, 'status': 'ACTIVE', 'subnets': [], 'shared': False, 'port_security_enabled': True, 'router:external': False, 'provider:network_type': 'vlan', 'provider:physical_network': 'default', 'provider:segmentation_id': 353, 'availability_zone_hints': [], 'availability_zones': [], 'ipv4_address_scope': None, 'ipv6_address_scope': None, 'description': '', 'tags': [], 'created_at': '2025-12-15T01:21:48Z', 'updated_at': '2025-12-15T01:21:48Z', 'revision_number': 1} available for tenant
2025-12-15 01:21:50.838 65879 INFO tempest.lib.common.rest_client [req-5c17cfdc-7665-454e-8ea3-6f1c51d2392d req-5c17cfdc-7665-454e-8ea3-6f1c51d2392d ] Request (ServerRescueTestJSONUnderV235:setUpClass): 200 GET http://10.180.1.21/compute/v2.1/servers/81031592-fb48-4cff-ba52-afe16a7d1916 5.440s
2025-12-15 01:21:50.848 65879 INFO tempest.common.waiters [-] State transition "ACTIVE/rescuing" ==> "RESCUE/None" after 11 second wait
2025-12-15 01:21:51.252 65833 INFO tempest.lib.common.rest_client [req-14adb513-12d3-4882-b853-017b253f1cac req-14adb513-12d3-4882-b853-017b253f1cac ] Request (InstanceActionsNegativeTestJSON:setUpClass): 201 POST http://10.180.1.21/networking/v2.0/networks 1.127s
2025-12-15 01:21:51.495 65867 INFO tempest.lib.common.rest_client [req-7057b887-53b7-4882-a052-72c8d2546cd8 req-7057b887-53b7-4882-a052-72c8d2546cd8 ] Request (ServersAdminTestJSON:test_create_server_with_scheduling_hint): 200 GET http://10.180.1.21/compute/v2.1/servers/0e801f31-a01c-437c-84c0-4e8cc206b55d 6.052s
2025-12-15 01:21:51.506 65867 INFO tempest.common.waiters [-] State transition "BUILD/spawning" ==> "ACTIVE/None" after 21 second wait
2025-12-15 01:21:51.591 65867 INFO tempest.lib.common.rest_client [req-777775b4-db8d-4cbd-b555-f99252bba947 req-777775b4-db8d-4cbd-b555-f99252bba947 ] Request (ServersAdminTestJSON:test_inject_network_info): 201 POST http://10.180.1.21/identity/v3/auth/tokens 0.075s
2025-12-15 01:21:51.591 65867 INFO tempest.lib.common.fixed_network [-] (ServersAdminTestJSON:test_inject_network_info) Found network {'id': '712e9336-e62d-4021-9cef-17358bc5e8f6', 'name': 'tempest-ServersAdminTestJSON-1651063196-network', 'tenant_id': '0e45b38b349341b2b2074a6c98bed7d1', 'project_id': '0e45b38b349341b2b2074a6c98bed7d1', 'admin_state_up': True, 'mtu': 8950, 'status': 'ACTIVE', 'subnets': [], 'shared': False, 'port_security_enabled': True, 'router:external': False, 'provider:network_type': 'vlan', 'provider:physical_network': 'default', 'provider:segmentation_id': 593, 'availability_zone_hints': [], 'availability_zones': [], 'ipv4_address_scope': None, 'ipv6_address_scope': None, 'description': '', 'tags': [], 'created_at': '2025-12-15T01:20:24Z', 'updated_at': '2025-12-15T01:20:24Z', 'revision_number': 1} available for tenant
2025-12-15 01:21:51.673 65869 INFO tempest.lib.common.rest_client [req-6eb7821f-a14b-428b-a33b-b998a7f41409 req-6eb7821f-a14b-428b-a33b-b998a7f41409 ] Request (ServerActionsTestOtherA:setUpClass): 200 POST http://10.180.1.21/compute/v2.1/os-keypairs 5.172s
2025-12-15 01:21:51.692 65849 INFO tempest.lib.common.rest_client [req-713f09dd-27e4-4ba0-84a3-94b894d0cb1a req-713f09dd-27e4-4ba0-84a3-94b894d0cb1a ] Request (ImagesOneServerTestJSON:test_create_delete_image): 200 GET http://10.180.1.21/compute/v2.1/flavors/42 4.763s
2025-12-15 01:21:51.694 65857 INFO tempest.lib.common.rest_client [req-7a13e877-6f7b-4e80-b4a8-5761ba8b9db8 req-7a13e877-6f7b-4e80-b4a8-5761ba8b9db8 ] Request (ServersTestManualDisk:setUpClass): 201 POST http://10.180.1.21/networking/v2.0/floatingips 0.957s
2025-12-15 01:21:51.696 65833 INFO tempest.lib.common.rest_client [req-5e53924a-95b6-49b8-bec6-ef7f017a45ce req-5e53924a-95b6-49b8-bec6-ef7f017a45ce ] Request (InstanceActionsNegativeTestJSON:setUpClass): 201 POST http://10.180.1.21/networking/v2.0/subnets 0.443s
2025-12-15 01:21:51.762 65837 INFO tempest.lib.common.rest_client [req-8782d0a2-74dd-44b0-a1fb-725af0c8f669 req-8782d0a2-74dd-44b0-a1fb-725af0c8f669 ] Request (ServerActionsTestOtherB:setUpClass): 200 GET http://10.180.1.21/compute/v2.1/servers/6544e3e7-b8b2-4ae0-9f26-b2d6b04c7427 5.406s
2025-12-15 01:21:51.770 65837 INFO tempest.common.waiters [-] State transition "BUILD/None" ==> "BUILD/spawning" after 11 second wait
2025-12-15 01:21:51.775 65857 INFO tempest.lib.common.rest_client [req-c1b5a0bd-4fbb-439b-a250-b5e3c295cf0f req-c1b5a0bd-4fbb-439b-a250-b5e3c295cf0f ] Request (ServersTestManualDisk:setUpClass): 201 POST http://10.180.1.21/identity/v3/auth/tokens 0.078s
2025-12-15 01:21:51.776 65857 INFO tempest.lib.common.fixed_network [-] (ServersTestManualDisk:setUpClass) Found network {'id': '5182e602-3759-4d0f-a294-23bf384e8fb9', 'name': 'tempest-ServersTestManualDisk-1913237969-network', 'tenant_id': '0b6d55885c7b42d7a00e1c22572146f0', 'project_id': '0b6d55885c7b42d7a00e1c22572146f0', 'admin_state_up': True, 'mtu': 8950, 'status': 'ACTIVE', 'subnets': [], 'shared': False, 'port_security_enabled': True, 'router:external': False, 'provider:network_type': 'vlan', 'provider:physical_network': 'default', 'provider:segmentation_id': 786, 'availability_zone_hints': [], 'availability_zones': [], 'ipv4_address_scope': None, 'ipv6_address_scope': None, 'description': '', 'tags': [], 'created_at': '2025-12-15T01:21:41Z', 'updated_at': '2025-12-15T01:21:41Z', 'revision_number': 1} available for tenant
2025-12-15 01:21:52.036 65869 INFO tempest.lib.common.rest_client [req-e2fab994-7e94-4c27-abc3-e49573a563ee req-e2fab994-7e94-4c27-abc3-e49573a563ee ] Request (ServerActionsTestOtherA:setUpClass): 201 POST http://10.180.1.21/networking/v2.0/security-groups 0.361s
2025-12-15 01:21:52.090 65883 INFO tempest.lib.common.rest_client [req-7135cc29-a483-466b-8b1f-8b724410c71c req-7135cc29-a483-466b-8b1f-8b724410c71c ] Request (ServersTestJSON:setUpClass): 200 GET http://10.180.1.21/compute/v2.1/servers/3cc044c5-0316-45b2-8a35-5b1baff1b8f9 4.932s
2025-12-15 01:21:52.178 65861 WARNING tempest.lib.common.ssh [-] Failed to establish authenticated ssh connection to cirros@10.180.180.210 ([Errno None] Unable to connect to port 22 on 10.180.180.210). Number attempts: 5. Retry after 6 seconds.: paramiko.ssh_exception.NoValidConnectionsError: [Errno None] Unable to connect to port 22 on 10.180.180.210
2025-12-15 01:21:52.179 65865 INFO tempest.lib.common.rest_client [req-68a3434c-aa45-4804-9e23-cdda28f2a57a req-68a3434c-aa45-4804-9e23-cdda28f2a57a ] Request (QuotaClassesAdminTestJSON:test_update_default_quotas): 200 GET http://10.180.1.21/compute/v2.1/os-quota-class-sets/default 4.793s
2025-12-15 01:21:52.251 65885 INFO tempest.lib.common.rest_client [req-84e6ebdd-7a31-44b6-b2f2-a3b2c46e1d8d req-84e6ebdd-7a31-44b6-b2f2-a3b2c46e1d8d ] Request (ServicesAdminNegativeV253TestJSON:test_list_services_with_non_admin_user): 403 GET http://10.180.1.21/compute/v2.1/os-services 4.840s
2025-12-15 01:21:52.300 65873 INFO tempest.lib.common.rest_client [req-efbc7783-964f-4013-8652-e66707a92ac2 req-efbc7783-964f-4013-8652-e66707a92ac2 ] Request (AggregatesAdminNegativeTestJSON:_run_cleanups): 200 DELETE http://10.180.1.21/compute/v2.1/os-aggregates/4 4.862s
2025-12-15 01:21:52.368 65885 INFO tempest.lib.common.rest_client [req-94faa2bc-ef5c-49c3-b093-67725451f71f req-94faa2bc-ef5c-49c3-b093-67725451f71f ] Request (ServicesAdminNegativeV253TestJSON:tearDownClass): 204 DELETE http://10.180.1.21/identity/v3/users/6765093f269f49ecb7ae037a1f3c1405 0.115s
2025-12-15 01:21:52.489 65885 INFO tempest.lib.common.rest_client [req-c53329ff-b54e-4bd5-804c-84e28479b658 req-c53329ff-b54e-4bd5-804c-84e28479b658 ] Request (ServicesAdminNegativeV253TestJSON:tearDownClass): 204 DELETE http://10.180.1.21/identity/v3/users/6fd65ec756654886aea1aa264adeed41 0.120s
2025-12-15 01:21:52.489 65885 INFO tempest.lib.common.dynamic_creds [-] Deleting project and security group for project: d104738f335044b09fe50db42f691356
2025-12-15 01:21:52.564 65885 INFO tempest.lib.common.rest_client [req-e61e40f4-0d3c-48da-b036-dfeb3a5ab0cd req-e61e40f4-0d3c-48da-b036-dfeb3a5ab0cd ] Request (ServicesAdminNegativeV253TestJSON:tearDownClass): 201 POST http://10.180.1.21/identity/v3/auth/tokens 0.075s
2025-12-15 01:21:52.785 65833 INFO tempest.lib.common.rest_client [req-7367ce83-cc4d-45e4-bafd-8d78f0706efb req-7367ce83-cc4d-45e4-bafd-8d78f0706efb ] Request (InstanceActionsNegativeTestJSON:setUpClass): 201 POST http://10.180.1.21/networking/v2.0/routers 1.088s
2025-12-15 01:21:52.902 65869 INFO tempest.lib.common.rest_client [req-f817d365-be76-4ff5-915b-4dfc9c51a89a req-f817d365-be76-4ff5-915b-4dfc9c51a89a ] Request (ServerActionsTestOtherA:setUpClass): 201 POST http://10.180.1.21/networking/v2.0/security-group-rules 0.866s
2025-12-15 01:21:53.028 65887 INFO tempest.lib.common.rest_client [req-abe4ab73-599f-4d2c-a070-1da1a2add08e req-abe4ab73-599f-4d2c-a070-1da1a2add08e ] Request (SecurityGroupRulesNegativeTestJSON:tearDownClass): 202 DELETE http://10.180.1.21/compute/v2.1/os-security-groups/9469f797-791c-4a45-8410-14bfad0b4b41 5.646s
2025-12-15 01:21:53.051 65859 INFO tempest.lib.common.rest_client [req-3319207f-07f0-4ad8-8a30-f0a861fd63dd req-3319207f-07f0-4ad8-8a30-f0a861fd63dd ] Request (KeyPairsV210TestJSON:_run_cleanups): 204 DELETE http://10.180.1.21/compute/v2.1/os-keypairs/tempest-KeyPairsV210TestJSON-keypair-1796801826 5.597s
2025-12-15 01:21:53.214 65863 INFO tempest.lib.common.rest_client [req-227190a4-7ed8-4a16-aa99-87cccb123407 req-227190a4-7ed8-4a16-aa99-87cccb123407 ] Request (FlavorsAccessNegativeTestJSON:_run_cleanups): 200 POST http://10.180.1.21/compute/v2.1/flavors/1806782503/action 5.752s
2025-12-15 01:21:53.298 65885 INFO tempest.lib.common.rest_client [req-679fe110-28cb-43c6-8ed1-b8da62ca3d99 req-679fe110-28cb-43c6-8ed1-b8da62ca3d99 ] Request (ServicesAdminNegativeV253TestJSON:tearDownClass): 200 GET http://10.180.1.21/networking/v2.0/security-groups?tenant_id=d104738f335044b09fe50db42f691356&name=default 0.733s
2025-12-15 01:21:53.338 65871 INFO tempest.lib.common.rest_client [req-c7310656-9e5f-41dd-866b-8aaf17eca140 req-c7310656-9e5f-41dd-866b-8aaf17eca140 ] Request (ServersAdmin275Test:test_rebuild_update_server_275): 202 POST http://10.180.1.21/compute/v2.1/servers/def327c0-a7c7-4813-8101-c8771716cddf/action 5.885s
2025-12-15 01:21:53.454 65851 INFO tempest.lib.common.rest_client [req-2dc7a46c-d0ca-47cd-a6a2-59de2ad0d37b req-2dc7a46c-d0ca-47cd-a6a2-59de2ad0d37b ] Request (FlavorsAdminTestJSON:test_create_list_flavor_without_extra_data): 200 GET http://10.180.1.21/compute/v2.1/flavors/detail 5.978s
2025-12-15 01:21:53.785 65869 INFO tempest.lib.common.rest_client [req-7a4e6d05-553c-4308-9962-60ea19bd4646 req-7a4e6d05-553c-4308-9962-60ea19bd4646 ] Request (ServerActionsTestOtherA:setUpClass): 201 POST http://10.180.1.21/networking/v2.0/security-group-rules 0.881s
2025-12-15 01:21:53.971 65885 INFO tempest.lib.common.rest_client [req-a942297e-ab73-4ba2-af63-5efbec76427c req-a942297e-ab73-4ba2-af63-5efbec76427c ] Request (ServicesAdminNegativeV253TestJSON:tearDownClass): 204 DELETE http://10.180.1.21/networking/v2.0/security-groups/2c10e5ad-8e4d-4fad-ad5b-50cba364947f 0.673s
2025-12-15 01:21:54.028 65881 INFO tempest.lib.common.rest_client [req-6a7ecacb-66be-41ba-9e15-778819d417af req-6a7ecacb-66be-41ba-9e15-778819d417af ] Request (MigrationsAdminTest:test_list_migrations_in_flavor_resize_situation): 200 GET http://10.180.1.21/compute/v2.1/servers/0b6b3766-6844-4aa8-959e-993ec5944807 6.363s
2025-12-15 01:21:54.038 65881 INFO tempest.common.waiters [-] State transition "BUILD/None" ==> "BUILD/block_device_mapping" after 8 second wait
2025-12-15 01:21:54.056 65885 INFO tempest.lib.common.rest_client [req-bcb971a1-90b0-4bd3-9f40-89d4ff6e0c1d req-bcb971a1-90b0-4bd3-9f40-89d4ff6e0c1d ] Request (ServicesAdminNegativeV253TestJSON:tearDownClass): 204 DELETE http://10.180.1.21/identity/v3/projects/d104738f335044b09fe50db42f691356 0.084s
2025-12-15 01:21:54.056 65885 INFO tempest.lib.common.dynamic_creds [-] Deleting project and security group for project: 0a2ae3ee92e84874aa36a92787b916e7
2025-12-15 01:21:54.163 65833 INFO tempest.lib.common.rest_client [req-59ceb61d-b77a-45d2-83ce-d6a585750fe1 req-59ceb61d-b77a-45d2-83ce-d6a585750fe1 ] Request (InstanceActionsNegativeTestJSON:setUpClass): 200 PUT http://10.180.1.21/networking/v2.0/routers/5c4bfc6d-30ab-4f49-8339-abaf55252628/add_router_interface 1.377s
2025-12-15 01:21:54.163 65833 INFO tempest.lib.common.dynamic_creds [-] Created isolated network resources for: credentials: Credentials: {'domain_id': 'default', 'domain_name': 'Default', 'username': 'tempest-InstanceActionsNegativeTestJSON-1472382695-project-member', 'project_domain_id': 'default', 'project_domain_name': 'Default', 'project_id': '34c8fc8a5ce548e3bf98215544c2bc38', 'project_name': 'tempest-InstanceActionsNegativeTestJSON-1472382695', 'tenant_id': '34c8fc8a5ce548e3bf98215544c2bc38', 'tenant_name': 'tempest-InstanceActionsNegativeTestJSON-1472382695', 'user_domain_id': 'default', 'user_domain_name': 'Default', 'user_id': 'e886278f54604e749ea097a54e8c1105', 'system': None}, Network: {'id': '5e64b65c-de5b-4907-9951-e852a4002d49', 'name': 'tempest-InstanceActionsNegativeTestJSON-660212026-network', 'tenant_id': '34c8fc8a5ce548e3bf98215544c2bc38', 'project_id': '34c8fc8a5ce548e3bf98215544c2bc38', 'admin_state_up': True, 'mtu': 8950, 'status': 'ACTIVE', 'subnets': [], 'shared': False, 'port_security_enabled': True, 'router:external': False, 'provider:network_type': 'vlan', 'provider:physical_network': 'default', 'provider:segmentation_id': 672, 'availability_zone_hints': [], 'availability_zones': [], 'ipv4_address_scope': None, 'ipv6_address_scope': None, 'description': '', 'tags': [], 'created_at': '2025-12-15T01:21:51Z', 'updated_at': '2025-12-15T01:21:51Z', 'revision_number': 1}, Subnet: {'id': '2fce9e14-326c-4217-a20e-3cde069471f7', 'name': 'tempest-InstanceActionsNegativeTestJSON-660212026-subnet', 'tenant_id': '34c8fc8a5ce548e3bf98215544c2bc38', 'network_id': '5e64b65c-de5b-4907-9951-e852a4002d49', 'ip_version': 4, 'subnetpool_id': None, 'enable_dhcp': True, 'ipv6_ra_mode': None, 'ipv6_address_mode': None, 'gateway_ip': '192.168.128.1', 'cidr': '192.168.128.0/28', 'allocation_pools': [{'start': '192.168.128.2', 'end': '192.168.128.14'}], 'host_routes': [], 'dns_nameservers': [], 'description': '', 'router:external': False, 'service_types': [], 'tags': [], 'created_at': '2025-12-15T01:21:51Z', 'updated_at': '2025-12-15T01:21:51Z', 'revision_number': 0, 'project_id': '34c8fc8a5ce548e3bf98215544c2bc38'}, Router: {'id': '5c4bfc6d-30ab-4f49-8339-abaf55252628', 'name': 'tempest-InstanceActionsNegativeTestJSON-660212026-router', 'tenant_id': '34c8fc8a5ce548e3bf98215544c2bc38', 'admin_state_up': True, 'status': 'ACTIVE', 'external_gateway_info': {'network_id': 'f2a2cb57-acb6-46fd-a793-091537d513ad', 'external_fixed_ips': [{'subnet_id': 'ee314fe8-6514-4ad7-9100-ec0f7fee7bcc', 'ip_address': '10.180.180.134'}], 'enable_snat': True}, 'description': '', 'availability_zones': [], 'distributed': False, 'ha': False, 'availability_zone_hints': [], 'routes': [], 'flavor_id': None, 'tags': [], 'created_at': '2025-12-15T01:21:52Z', 'updated_at': '2025-12-15T01:21:52Z', 'revision_number': 2, 'project_id': '34c8fc8a5ce548e3bf98215544c2bc38'}
2025-12-15 01:21:54.260 65845 INFO tempest.lib.common.rest_client [req-b2113db3-8139-4ef7-9ed9-cea8eccc9024 req-b2113db3-8139-4ef7-9ed9-cea8eccc9024 ] Request (ServersAdminNegativeTestJSON:test_migrate_server_invalid_state): 200 GET http://10.180.1.21/compute/v2.1/servers/adc910f5-ef41-440b-a979-de8eb500c86c 6.737s
2025-12-15 01:21:54.267 65833 INFO tempest.lib.common.rest_client [req-6bd936b9-b928-4d06-a785-8495a4f4fa89 req-6bd936b9-b928-4d06-a785-8495a4f4fa89 ] Request (InstanceActionsNegativeTestJSON:setUpClass): 201 POST http://10.180.1.21/identity/v3/auth/tokens 0.099s
2025-12-15 01:21:54.270 65845 INFO tempest.common.waiters [-] State transition "BUILD/None" ==> "BUILD/spawning" after 14 second wait
2025-12-15 01:21:54.307 65833 INFO tempest.lib.common.rest_client [req-ff2f5542-394f-4028-93c3-3d514ef4c9c0 req-ff2f5542-394f-4028-93c3-3d514ef4c9c0 ] Request (InstanceActionsNegativeTestJSON:setUpClass): 201 POST http://10.180.1.21/identity/v3/auth/tokens 0.033s
2025-12-15 01:21:54.307 65833 INFO tempest.lib.common.fixed_network [-] (InstanceActionsNegativeTestJSON:setUpClass) Found network {'id': '5e64b65c-de5b-4907-9951-e852a4002d49', 'name': 'tempest-InstanceActionsNegativeTestJSON-660212026-network', 'tenant_id': '34c8fc8a5ce548e3bf98215544c2bc38', 'project_id': '34c8fc8a5ce548e3bf98215544c2bc38', 'admin_state_up': True, 'mtu': 8950, 'status': 'ACTIVE', 'subnets': [], 'shared': False, 'port_security_enabled': True, 'router:external': False, 'provider:network_type': 'vlan', 'provider:physical_network': 'default', 'provider:segmentation_id': 672, 'availability_zone_hints': [], 'availability_zones': [], 'ipv4_address_scope': None, 'ipv6_address_scope': None, 'description': '', 'tags': [], 'created_at': '2025-12-15T01:21:51Z', 'updated_at': '2025-12-15T01:21:51Z', 'revision_number': 1} available for tenant
2025-12-15 01:21:54.384 65885 INFO tempest.lib.common.rest_client [req-8e014122-f3e4-4f5e-bc99-9706885a9e52 req-8e014122-f3e4-4f5e-bc99-9706885a9e52 ] Request (ServicesAdminNegativeV253TestJSON:tearDownClass): 200 GET http://10.180.1.21/networking/v2.0/security-groups?tenant_id=0a2ae3ee92e84874aa36a92787b916e7&name=default 0.327s
2025-12-15 01:21:54.466 65843 INFO tempest.lib.common.rest_client [req-ba14c6f9-e711-475d-9e40-9e8f2fc46e0e req-ba14c6f9-e711-475d-9e40-9e8f2fc46e0e ] Request (QuotasAdminNegativeTest:_run_cleanups): 200 PUT http://10.180.1.21/compute/v2.1/os-quota-sets/2c54d84d52dc4467a3ee279acf850b5f 6.011s
2025-12-15 01:21:54.582 65869 INFO tempest.lib.common.rest_client [req-e29a27b5-f9f1-49e3-9b89-f2341a530ae8 req-e29a27b5-f9f1-49e3-9b89-f2341a530ae8 ] Request (ServerActionsTestOtherA:setUpClass): 201 POST http://10.180.1.21/networking/v2.0/floatingips 0.797s
2025-12-15 01:21:54.605 65893 INFO tempest.lib.common.rest_client [req-9413cc9a-058f-4950-bca0-da321372abdc req-9413cc9a-058f-4950-bca0-da321372abdc ] Request (VolumesAdminNegativeTest:tearDownClass): 200 GET http://10.180.1.21/compute/v2.1/servers/a82e942f-fd75-4aa5-9f24-9b64ec6fe8e6 6.712s
2025-12-15 01:21:54.701 65869 INFO tempest.lib.common.rest_client [req-cea42a2a-2ba5-4d46-894e-07675740a145 req-cea42a2a-2ba5-4d46-894e-07675740a145 ] Request (ServerActionsTestOtherA:setUpClass): 201 POST http://10.180.1.21/identity/v3/auth/tokens 0.108s
2025-12-15 01:21:54.701 65869 INFO tempest.lib.common.fixed_network [-] (ServerActionsTestOtherA:setUpClass) Found network {'id': 'bfe0f9bf-f4df-42f5-804c-45026f7865e5', 'name': 'tempest-ServerActionsTestOtherA-409672772-network', 'tenant_id': '225017ad4a1a46be840ee8605e587d25', 'project_id': '225017ad4a1a46be840ee8605e587d25', 'admin_state_up': True, 'mtu': 8950, 'status': 'ACTIVE', 'subnets': [], 'shared': False, 'port_security_enabled': True, 'router:external': False, 'provider:network_type': 'vlan', 'provider:physical_network': 'default', 'provider:segmentation_id': 344, 'availability_zone_hints': [], 'availability_zones': [], 'ipv4_address_scope': None, 'ipv6_address_scope': None, 'description': '', 'tags': [], 'created_at': '2025-12-15T01:21:43Z', 'updated_at': '2025-12-15T01:21:43Z', 'revision_number': 1} available for tenant
2025-12-15 01:21:54.781 65885 INFO tempest.lib.common.rest_client [req-ff8b120e-6272-49bb-9ac8-ad2d857a5497 req-ff8b120e-6272-49bb-9ac8-ad2d857a5497 ] Request (ServicesAdminNegativeV253TestJSON:tearDownClass): 204 DELETE http://10.180.1.21/networking/v2.0/security-groups/201a3d76-2b39-4144-8c77-b4e306342543 0.397s
2025-12-15 01:21:54.811 65839 INFO tempest.lib.common.rest_client [req-c0acbf16-d997-4eb5-90f7-28c5e0f40fe9 req-c0acbf16-d997-4eb5-90f7-28c5e0f40fe9 ] Request (DeleteServersAdminTestJSON:test_delete_server_while_in_error_state): 200 GET http://10.180.1.21/compute/v2.1/servers/98dbb5e8-3a99-4dcc-9a38-ed5e867e5f6c 6.262s
2025-12-15 01:21:54.897 65855 INFO tempest.lib.common.rest_client [req-4606f73f-295c-45eb-b495-43487bd3bf91 req-4606f73f-295c-45eb-b495-43487bd3bf91 ] Request (ServicesAdminNegativeTestJSON:test_list_services_with_non_admin_user): 403 GET http://10.180.1.21/compute/v2.1/os-services 6.110s
2025-12-15 01:21:54.942 65885 INFO tempest.lib.common.rest_client [req-c6f37be3-31b7-4213-afbf-ac5cf66fb46d req-c6f37be3-31b7-4213-afbf-ac5cf66fb46d ] Request (ServicesAdminNegativeV253TestJSON:tearDownClass): 204 DELETE http://10.180.1.21/identity/v3/projects/0a2ae3ee92e84874aa36a92787b916e7 0.161s
2025-12-15 01:21:54.948 65875 INFO tempest.lib.common.rest_client [req-d8e14eb3-ad8e-4771-8745-0ecce0ff1d10 req-d8e14eb3-ad8e-4771-8745-0ecce0ff1d10 ] Request (InstanceActionsTestJSON:test_get_instance_action): 200 GET http://10.180.1.21/compute/v2.1/servers/40374a7c-de63-4d70-a706-c8d3f28a9873/os-instance-actions/req-1c93fe75-5663-47d4-a95e-6d09e1fd97af 6.108s
2025-12-15 01:21:54.984 65891 INFO tempest.lib.common.rest_client [req-36b154f9-3ac8-4bd0-aca1-d0fca617a39d req-36b154f9-3ac8-4bd0-aca1-d0fca617a39d ] Request (FloatingIPsAssociationTestJSON:setUpClass): 200 GET http://10.180.1.21/compute/v2.1/servers/34e974f9-c5c9-474c-8438-4ca5b4228534 6.323s
2025-12-15 01:21:54.990 65885 INFO tempest.lib.common.rest_client [req-86bd7f3b-4a6b-4ddc-b6fc-4e576bf5d763 req-86bd7f3b-4a6b-4ddc-b6fc-4e576bf5d763 ] Request (SecurityGroupsTestJSON:setUpClass): 201 POST http://10.180.1.21/identity/v3/auth/tokens 0.044s
2025-12-15 01:21:55.066 65855 INFO tempest.lib.common.rest_client [req-e962d029-4b54-4e20-a146-f088465eb3a1 req-e962d029-4b54-4e20-a146-f088465eb3a1 ] Request (ServicesAdminNegativeTestJSON:tearDownClass): 204 DELETE http://10.180.1.21/identity/v3/users/64882892997141c9a309524c2079117a 0.168s
2025-12-15 01:21:55.091 65877 INFO tempest.lib.common.rest_client [req-4945111b-ac8e-487a-9e5a-094a9037055a req-4945111b-ac8e-487a-9e5a-094a9037055a ] Request (ServerAddressesTestJSON:tearDownClass): 204 DELETE http://10.180.1.21/compute/v2.1/servers/483bea04-d119-4f15-a28f-ec504bf79329 6.218s
2025-12-15 01:21:55.112 65885 INFO tempest.lib.common.rest_client [req-acfe607e-b1d4-484b-9dba-5e3f7b25210f req-acfe607e-b1d4-484b-9dba-5e3f7b25210f ] Request (SecurityGroupsTestJSON:setUpClass): 201 POST http://10.180.1.21/identity/v3/auth/tokens 0.117s
2025-12-15 01:21:55.141 65853 INFO tempest.lib.common.rest_client [req-c6e30227-91f7-47b6-9c3f-d92b3619f5a8 req-c6e30227-91f7-47b6-9c3f-d92b3619f5a8 ] Request (ImagesMetadataTestJSON:test_get_image_metadata_item): 200 GET http://10.180.1.21/compute/v2.1/images/20cd1520-ad9f-49ae-acfd-5e9562df894f/metadata/os_distro 6.042s
2025-12-15 01:21:55.180 65885 INFO tempest.lib.common.rest_client [req-c0320c7f-6343-4c44-9242-1f728db4609c req-c0320c7f-6343-4c44-9242-1f728db4609c ] Request (SecurityGroupsTestJSON:setUpClass): 200 GET http://10.180.1.21/identity/v3/domains?name=Default 0.067s
2025-12-15 01:21:55.198 65831 INFO tempest.lib.common.rest_client [req-406678bb-c6f3-40d1-8987-1b0a3440743e req-406678bb-c6f3-40d1-8987-1b0a3440743e ] Request (ServerMetadataTestJSON:setUpClass): 200 GET http://10.180.1.21/compute/v2.1/servers/63001002-e802-4957-82af-e161ecbda933 6.209s
2025-12-15 01:21:55.202 65855 INFO tempest.lib.common.rest_client [req-b543b55b-6b37-434c-9e0c-00a51e8be60c req-b543b55b-6b37-434c-9e0c-00a51e8be60c ] Request (ServicesAdminNegativeTestJSON:tearDownClass): 204 DELETE http://10.180.1.21/identity/v3/users/a710597162ea47d5940aac343b2ed047 0.135s
2025-12-15 01:21:55.202 65855 INFO tempest.lib.common.dynamic_creds [-] Deleting project and security group for project: e22f0176b5ce468eb6862606330513aa
2025-12-15 01:21:55.209 65831 INFO tempest.common.waiters [-] State transition "BUILD/None" ==> "BUILD/spawning" after 13 second wait
2025-12-15 01:21:55.282 65847 INFO tempest.lib.common.rest_client [req-9409eeac-8e64-49dd-96df-c37d859cce1e req-9409eeac-8e64-49dd-96df-c37d859cce1e ] Request (ServersWithSpecificFlavorTestJSON:test_verify_created_server_ephemeral_disk): 200 GET http://10.180.1.21/compute/v2.1/servers/0adacac8-8a88-4054-aec5-3ff594e92ab5/os-interface 5.451s
2025-12-15 01:21:55.282 65885 INFO tempest.lib.common.rest_client [req-8d625a14-329f-4d28-8df0-5a0b1c5f3530 req-8d625a14-329f-4d28-8df0-5a0b1c5f3530 ] Request (SecurityGroupsTestJSON:setUpClass): 201 POST http://10.180.1.21/identity/v3/projects 0.102s
2025-12-15 01:21:55.312 65889 WARNING tempest.lib.common.ssh [-] Failed to establish authenticated ssh connection to cirros@10.180.180.150 ([Errno None] Unable to connect to port 22 on 10.180.180.150). Number attempts: 6. Retry after 7 seconds.: paramiko.ssh_exception.NoValidConnectionsError: [Errno None] Unable to connect to port 22 on 10.180.180.150
2025-12-15 01:21:55.379 65855 INFO tempest.lib.common.rest_client [req-7c4cd219-8769-48fe-8ab0-83d7c4986c37 req-7c4cd219-8769-48fe-8ab0-83d7c4986c37 ] Request (ServicesAdminNegativeTestJSON:tearDownClass): 201 POST http://10.180.1.21/identity/v3/auth/tokens 0.174s
2025-12-15 01:21:55.402 65885 INFO tempest.lib.common.rest_client [req-71a38e5d-795b-4479-84e5-5252c8b95963 req-71a38e5d-795b-4479-84e5-5252c8b95963 ] Request (SecurityGroupsTestJSON:setUpClass): 201 POST http://10.180.1.21/identity/v3/users 0.118s
2025-12-15 01:21:55.428 65885 INFO tempest.lib.common.rest_client [req-4a7251fb-3551-4d2d-a163-e40cc3de65ec req-4a7251fb-3551-4d2d-a163-e40cc3de65ec ] Request (SecurityGroupsTestJSON:setUpClass): 200 GET http://10.180.1.21/identity/v3/roles 0.025s
2025-12-15 01:21:55.456 65885 INFO tempest.lib.common.rest_client [req-6eb1222a-44f9-434a-95bb-08a7cf114047 req-6eb1222a-44f9-434a-95bb-08a7cf114047 ] Request (SecurityGroupsTestJSON:setUpClass): 204 PUT http://10.180.1.21/identity/v3/projects/0c47925bd5654299b2227f898402f7fe/users/83431425519a4433980b091407ba219c/roles/061a1c2817da4e9e8877d320f4bcff0f 0.028s
2025-12-15 01:21:55.457 65885 INFO tempest.lib.common.dynamic_creds [-] Dynamic test user 83431425519a4433980b091407ba219c is created with scope project and roles: ['member']
2025-12-15 01:21:55.458 65885 INFO tempest.lib.common.dynamic_creds [-] Acquired dynamic creds: credentials: Credentials: {'domain_id': 'default', 'domain_name': 'Default', 'username': 'tempest-SecurityGroupsTestJSON-778312627-project-member', 'project_domain_id': 'default', 'project_domain_name': 'Default', 'project_id': '0c47925bd5654299b2227f898402f7fe', 'project_name': 'tempest-SecurityGroupsTestJSON-778312627', 'tenant_id': '0c47925bd5654299b2227f898402f7fe', 'tenant_name': 'tempest-SecurityGroupsTestJSON-778312627', 'user_domain_id': 'default', 'user_domain_name': 'Default', 'user_id': '83431425519a4433980b091407ba219c', 'system': None}, Network: None, Subnet: None, Router: None
2025-12-15 01:21:55.511 65885 INFO tempest.lib.common.rest_client [req-981dd597-be18-4b8f-b1e4-e1ea3f4ceef8 req-981dd597-be18-4b8f-b1e4-e1ea3f4ceef8 ] Request (SecurityGroupsTestJSON:setUpClass): 201 POST http://10.180.1.21/identity/v3/auth/tokens 0.053s
2025-12-15 01:21:55.969 65847 INFO tempest.lib.common.rest_client [req-cb575718-6ae1-4678-a548-079e1b33f0cc req-cb575718-6ae1-4678-a548-079e1b33f0cc ] Request (ServersWithSpecificFlavorTestJSON:test_verify_created_server_ephemeral_disk): 200 PUT http://10.180.1.21/networking/v2.0/floatingips/809e4b10-40c2-4c0f-9d91-c60a8c93c7b5 0.684s
2025-12-15 01:21:56.087 65879 INFO tempest.lib.common.rest_client [req-29d65417-19b4-4911-804d-5fb4f20ae6b2 req-29d65417-19b4-4911-804d-5fb4f20ae6b2 ] Request (ServerRescueTestJSONUnderV235:test_rescued_vm_add_remove_security_group): 200 POST http://10.180.1.21/compute/v2.1/os-security-groups 5.238s
2025-12-15 01:21:56.372 65855 INFO tempest.lib.common.rest_client [req-af821fc4-3bc0-4554-a719-514256d8ec12 req-af821fc4-3bc0-4554-a719-514256d8ec12 ] Request (ServicesAdminNegativeTestJSON:tearDownClass): 200 GET http://10.180.1.21/networking/v2.0/security-groups?tenant_id=e22f0176b5ce468eb6862606330513aa&name=default 0.993s
2025-12-15 01:21:56.601 65885 INFO tempest.lib.common.rest_client [req-1d7a09ac-c462-48d9-bfce-1ebc99603179 req-1d7a09ac-c462-48d9-bfce-1ebc99603179 ] Request (SecurityGroupsTestJSON:setUpClass): 201 POST http://10.180.1.21/networking/v2.0/networks 1.090s
2025-12-15 01:21:56.756 65855 INFO tempest.lib.common.rest_client [req-1c3a7f61-3f7c-4f01-96fe-b49061d09600 req-1c3a7f61-3f7c-4f01-96fe-b49061d09600 ] Request (ServicesAdminNegativeTestJSON:tearDownClass): 204 DELETE http://10.180.1.21/networking/v2.0/security-groups/d063572d-696e-4f35-b379-e8251c0daf1e 0.383s
