2025-12-15 01:21:25.892 65867 INFO tempest.lib.common.rest_client [req-d87d4179-73e9-45e4-946a-e8c383328285 req-d87d4179-73e9-45e4-946a-e8c383328285 ] Request (ServersAdminTestJSON:test_create_server_with_scheduling_hint): 202 POST http://10.180.1.21/compute/v2.1/servers 5.398s
2025-12-15 01:21:25.893 65879 INFO tempest.lib.common.rest_client [req-c1206922-6467-4dfe-81bb-742c8c29c702 req-c1206922-6467-4dfe-81bb-742c8c29c702 ] Request (ServerRescueTestJSONUnderV235:setUpClass): 200 GET http://10.180.1.21/compute/v2.1/servers/81031592-fb48-4cff-ba52-afe16a7d1916 5.346s
2025-12-15 01:21:25.897 65855 INFO tempest.lib.common.rest_client [req-a7979fea-fe65-4c00-8a4e-2a261fad13e0 req-a7979fea-fe65-4c00-8a4e-2a261fad13e0 ] Request (ServicesAdminNegativeTestJSON:setUpClass): 204 PUT http://10.180.1.21/identity/v3/projects/74a17e4d39f74dd5aa3417d5cfe3740f/users/64882892997141c9a309524c2079117a/roles/061a1c2817da4e9e8877d320f4bcff0f 0.202s
2025-12-15 01:21:25.897 65855 INFO tempest.lib.common.dynamic_creds [-] Dynamic test user 64882892997141c9a309524c2079117a is created with scope project and roles: ['member']
2025-12-15 01:21:25.897 65855 INFO tempest.lib.common.dynamic_creds [-] Acquired dynamic creds: credentials: Credentials: {'domain_id': 'default', 'domain_name': 'Default', 'username': 'tempest-ServicesAdminNegativeTestJSON-1371847149-project-member', 'project_domain_id': 'default', 'project_domain_name': 'Default', 'project_id': '74a17e4d39f74dd5aa3417d5cfe3740f', 'project_name': 'tempest-ServicesAdminNegativeTestJSON-1371847149', 'tenant_id': '74a17e4d39f74dd5aa3417d5cfe3740f', 'tenant_name': 'tempest-ServicesAdminNegativeTestJSON-1371847149', 'user_domain_id': 'default', 'user_domain_name': 'Default', 'user_id': '64882892997141c9a309524c2079117a', 'system': None}, Network: None, Subnet: None, Router: None
2025-12-15 01:21:25.897 65855 INFO tempest.lib.common.dynamic_creds [-] Created isolated network resources for: credentials: Credentials: {'domain_id': 'default', 'domain_name': 'Default', 'username': 'tempest-ServicesAdminNegativeTestJSON-1371847149-project-member', 'project_domain_id': 'default', 'project_domain_name': 'Default', 'project_id': '74a17e4d39f74dd5aa3417d5cfe3740f', 'project_name': 'tempest-ServicesAdminNegativeTestJSON-1371847149', 'tenant_id': '74a17e4d39f74dd5aa3417d5cfe3740f', 'tenant_name': 'tempest-ServicesAdminNegativeTestJSON-1371847149', 'user_domain_id': 'default', 'user_domain_name': 'Default', 'user_id': '64882892997141c9a309524c2079117a', 'system': None}, Network: None, Subnet: None, Router: None
2025-12-15 01:21:25.903 65891 INFO tempest.lib.common.rest_client [req-75988efb-2791-4c7d-8fce-a1d9772d9a69 req-75988efb-2791-4c7d-8fce-a1d9772d9a69 ] Request (FloatingIPsAssociationTestJSON:setUpClass): 201 POST http://10.180.1.21/identity/v3/auth/tokens 0.278s
2025-12-15 01:21:25.918 65851 INFO tempest.lib.common.rest_client [req-84dc6460-5615-415b-9675-6c5a5dd7d929 req-84dc6460-5615-415b-9675-6c5a5dd7d929 ] Request (FlavorsAdminTestJSON:_run_cleanups): 202 DELETE http://10.180.1.21/compute/v2.1/flavors/45574107-e979-41b4-8106-1820e7d2a7fa 5.295s
2025-12-15 01:21:25.952 65859 INFO tempest.lib.common.rest_client [req-d7ef619c-1d7f-4389-8eb2-900e7fa60f19 req-d7ef619c-1d7f-4389-8eb2-900e7fa60f19 ] Request (FlavorsAccessTestJSON:tearDownClass): 201 POST http://10.180.1.21/identity/v3/auth/tokens 0.128s
2025-12-15 01:21:25.955 65849 INFO tempest.lib.common.rest_client [req-57687a19-031b-4e1d-a3ae-7a54f8dcca83 req-57687a19-031b-4e1d-a3ae-7a54f8dcca83 ] Request (ImagesOneServerTestJSON:test_create_delete_image): 200 GET http://10.180.1.21/compute/v2.1/images/0ec43aac-8b6e-4e53-88b7-48a534482580 5.359s
2025-12-15 01:21:26.032 65853 INFO tempest.lib.common.rest_client [req-5ddc9998-74b5-4ad0-acb9-3e1f7a0bb416 req-5ddc9998-74b5-4ad0-acb9-3e1f7a0bb416 ] Request (TenantUsagesNegativeTestJSON:tearDownClass): 204 DELETE http://10.180.1.21/identity/v3/users/8d1ff2c01c464017bda03553ca9bd9be 0.228s
2025-12-15 01:21:26.032 65853 INFO tempest.lib.common.dynamic_creds [-] Deleting project and security group for project: f28684abd692429c8657745da31233f1
2025-12-15 01:21:26.049 65855 INFO tempest.lib.common.rest_client [req-c906f7a2-0dd6-4636-a60c-7cd4d2d14de7 req-c906f7a2-0dd6-4636-a60c-7cd4d2d14de7 ] Request (ServicesAdminNegativeTestJSON:setUpClass): 201 POST http://10.180.1.21/identity/v3/auth/tokens 0.148s
2025-12-15 01:21:26.186 65853 INFO tempest.lib.common.rest_client [req-3feb7e86-d410-47bd-a469-675b7c89bad1 req-3feb7e86-d410-47bd-a469-675b7c89bad1 ] Request (TenantUsagesNegativeTestJSON:tearDownClass): 201 POST http://10.180.1.21/identity/v3/auth/tokens 0.153s
2025-12-15 01:21:26.235 65855 INFO tempest.lib.common.rest_client [req-1087e863-193f-4ced-8cb2-223e49c0187e req-1087e863-193f-4ced-8cb2-223e49c0187e ] Request (ServicesAdminNegativeTestJSON:setUpClass): 201 POST http://10.180.1.21/identity/v3/projects 0.185s
2025-12-15 01:21:26.283 65859 INFO tempest.lib.common.rest_client [req-15e76b16-49c6-4623-bac7-680c2eba7c4b req-15e76b16-49c6-4623-bac7-680c2eba7c4b ] Request (FlavorsAccessTestJSON:tearDownClass): 200 GET http://10.180.1.21/networking/v2.0/security-groups?tenant_id=9bbe1095d7e342c6885f806a436c94c2&name=default 0.330s
2025-12-15 01:21:26.309 65855 INFO tempest.lib.common.rest_client [req-794e2f27-aeab-407e-8007-825ef9288063 req-794e2f27-aeab-407e-8007-825ef9288063 ] Request (ServicesAdminNegativeTestJSON:setUpClass): 201 POST http://10.180.1.21/identity/v3/users 0.073s
2025-12-15 01:21:26.324 65861 WARNING tempest.lib.common.ssh [-] Failed to establish authenticated ssh connection to cirros@10.180.180.210 ([Errno None] Unable to connect to port 22 on 10.180.180.210). Number attempts: 1. Retry after 2 seconds.: paramiko.ssh_exception.NoValidConnectionsError: [Errno None] Unable to connect to port 22 on 10.180.180.210
2025-12-15 01:21:26.341 65855 INFO tempest.lib.common.rest_client [req-74e38b34-d4b1-41a5-8f20-be3d455be5f2 req-74e38b34-d4b1-41a5-8f20-be3d455be5f2 ] Request (ServicesAdminNegativeTestJSON:setUpClass): 200 GET http://10.180.1.21/identity/v3/roles 0.031s
2025-12-15 01:21:26.358 65891 INFO tempest.lib.common.rest_client [req-3f29457b-c43f-44a7-830b-6d772ab5a9cf req-3f29457b-c43f-44a7-830b-6d772ab5a9cf ] Request (FloatingIPsAssociationTestJSON:setUpClass): 201 POST http://10.180.1.21/networking/v2.0/networks 0.455s
2025-12-15 01:21:26.369 65855 INFO tempest.lib.common.rest_client [req-82872a0d-38d8-4ef4-bd74-8f4d6605a856 req-82872a0d-38d8-4ef4-bd74-8f4d6605a856 ] Request (ServicesAdminNegativeTestJSON:setUpClass): 204 PUT http://10.180.1.21/identity/v3/projects/e22f0176b5ce468eb6862606330513aa/users/a710597162ea47d5940aac343b2ed047/roles/5e4ff95ed3b74aeaa9c064a4ede65b9e 0.028s
2025-12-15 01:21:26.421 65855 INFO tempest.lib.common.rest_client [req-cacbf301-ebaa-4ff3-82cd-20b092816545 req-cacbf301-ebaa-4ff3-82cd-20b092816545 ] Request (ServicesAdminNegativeTestJSON:setUpClass): 200 GET http://10.180.1.21/identity/v3/roles 0.051s
2025-12-15 01:21:26.443 65855 INFO tempest.lib.common.rest_client [req-9057e305-0de1-484e-8e16-a269fee8b553 req-9057e305-0de1-484e-8e16-a269fee8b553 ] Request (ServicesAdminNegativeTestJSON:setUpClass): 204 PUT http://10.180.1.21/identity/v3/projects/e22f0176b5ce468eb6862606330513aa/users/a710597162ea47d5940aac343b2ed047/roles/5e4ff95ed3b74aeaa9c064a4ede65b9e 0.022s
2025-12-15 01:21:26.444 65855 INFO tempest.lib.common.dynamic_creds [-] Dynamic test user a710597162ea47d5940aac343b2ed047 is created with scope project and roles: ['admin']
2025-12-15 01:21:26.444 65855 INFO tempest.lib.common.dynamic_creds [-] Acquired dynamic creds: credentials: Credentials: {'domain_id': 'default', 'domain_name': 'Default', 'username': 'tempest-ServicesAdminNegativeTestJSON-1099309664-project-admin', 'project_domain_id': 'default', 'project_domain_name': 'Default', 'project_id': 'e22f0176b5ce468eb6862606330513aa', 'project_name': 'tempest-ServicesAdminNegativeTestJSON-1099309664', 'tenant_id': 'e22f0176b5ce468eb6862606330513aa', 'tenant_name': 'tempest-ServicesAdminNegativeTestJSON-1099309664', 'user_domain_id': 'default', 'user_domain_name': 'Default', 'user_id': 'a710597162ea47d5940aac343b2ed047', 'system': None}, Network: None, Subnet: None, Router: None
2025-12-15 01:21:26.444 65855 INFO tempest.lib.common.dynamic_creds [-] Created isolated network resources for: credentials: Credentials: {'domain_id': 'default', 'domain_name': 'Default', 'username': 'tempest-ServicesAdminNegativeTestJSON-1099309664-project-admin', 'project_domain_id': 'default', 'project_domain_name': 'Default', 'project_id': 'e22f0176b5ce468eb6862606330513aa', 'project_name': 'tempest-ServicesAdminNegativeTestJSON-1099309664', 'tenant_id': 'e22f0176b5ce468eb6862606330513aa', 'tenant_name': 'tempest-ServicesAdminNegativeTestJSON-1099309664', 'user_domain_id': 'default', 'user_domain_name': 'Default', 'user_id': 'a710597162ea47d5940aac343b2ed047', 'system': None}, Network: None, Subnet: None, Router: None
2025-12-15 01:21:26.539 65855 INFO tempest.lib.common.rest_client [req-21033e85-c3f7-4744-a8f5-787c9cabac78 req-21033e85-c3f7-4744-a8f5-787c9cabac78 ] Request (ServicesAdminNegativeTestJSON:setUpClass): 201 POST http://10.180.1.21/identity/v3/auth/tokens 0.090s
2025-12-15 01:21:26.576 65853 INFO tempest.lib.common.rest_client [req-dafa4422-e936-41c9-86a1-6f42a723e2b7 req-dafa4422-e936-41c9-86a1-6f42a723e2b7 ] Request (TenantUsagesNegativeTestJSON:tearDownClass): 200 GET http://10.180.1.21/networking/v2.0/security-groups?tenant_id=f28684abd692429c8657745da31233f1&name=default 0.389s
2025-12-15 01:21:26.759 65859 INFO tempest.lib.common.rest_client [req-88840e43-54f2-4a60-8254-44e87643aa82 req-88840e43-54f2-4a60-8254-44e87643aa82 ] Request (FlavorsAccessTestJSON:tearDownClass): 204 DELETE http://10.180.1.21/networking/v2.0/security-groups/05f97040-d33e-4eb6-bdad-a36a1bece38f 0.475s
2025-12-15 01:21:26.797 65839 INFO tempest.lib.common.rest_client [req-6e273a1b-12ed-4f15-b464-56108fe8d188 req-6e273a1b-12ed-4f15-b464-56108fe8d188 ] Request (DeleteServersAdminTestJSON:test_delete_server_while_in_error_state): 200 GET http://10.180.1.21/compute/v2.1/servers/98dbb5e8-3a99-4dcc-9a38-ed5e867e5f6c 5.946s
2025-12-15 01:21:26.891 65859 INFO tempest.lib.common.rest_client [req-9bf0875c-c54f-4499-aa4c-3935171edde8 req-9bf0875c-c54f-4499-aa4c-3935171edde8 ] Request (FlavorsAccessTestJSON:tearDownClass): 204 DELETE http://10.180.1.21/identity/v3/projects/9bbe1095d7e342c6885f806a436c94c2 0.132s
2025-12-15 01:21:26.891 65859 INFO tempest.lib.common.dynamic_creds [-] Deleting project and security group for project: 903a017ee073431bb63701fbc6b9e9f4
2025-12-15 01:21:26.916 65869 INFO tempest.lib.common.rest_client [req-2bfbcf0a-759a-4a00-ab43-55f3cb65e071 req-2bfbcf0a-759a-4a00-ab43-55f3cb65e071 ] Request (ServerDiagnosticsV248Test:tearDownClass): 204 DELETE http://10.180.1.21/compute/v2.1/servers/423c28c0-3496-4a45-b84e-44cb3fd3bc88 5.737s
2025-12-15 01:21:26.980 65891 INFO tempest.lib.common.rest_client [req-192cccdd-d5f6-4014-994b-ed9252a397f2 req-192cccdd-d5f6-4014-994b-ed9252a397f2 ] Request (FloatingIPsAssociationTestJSON:setUpClass): 201 POST http://10.180.1.21/networking/v2.0/subnets 0.621s
2025-12-15 01:21:27.056 65833 INFO tempest.lib.common.rest_client [req-ca23f2d2-b020-45ac-b5e7-36caedb490b2 req-ca23f2d2-b020-45ac-b5e7-36caedb490b2 ] Request (QuotasAdminTestJSON:test_get_updated_quotas): 200 GET http://10.180.1.21/compute/v2.1/os-quota-sets/bbc0027625204a0bb9fd3abf448f540a/detail 5.870s
2025-12-15 01:21:27.089 65853 INFO tempest.lib.common.rest_client [req-611175ba-bda9-499b-99be-718cc13dc0c6 req-611175ba-bda9-499b-99be-718cc13dc0c6 ] Request (TenantUsagesNegativeTestJSON:tearDownClass): 204 DELETE http://10.180.1.21/networking/v2.0/security-groups/311ef83e-4847-4322-95d8-de9107f14d2c 0.513s
2025-12-15 01:21:27.092 65833 INFO tempest.lib.common.rest_client [req-2aefb2b1-a736-484f-b526-e6fbb7d1ea63 req-2aefb2b1-a736-484f-b526-e6fbb7d1ea63 ] Request (QuotasAdminTestJSON:test_get_updated_quotas): 200 GET http://10.180.1.21/identity/v3/domains?name=Default 0.028s
2025-12-15 01:21:27.184 65833 INFO tempest.lib.common.rest_client [req-f0a57fad-a750-412e-8778-b8562a5879b9 req-f0a57fad-a750-412e-8778-b8562a5879b9 ] Request (QuotasAdminTestJSON:test_get_updated_quotas): 201 POST http://10.180.1.21/identity/v3/users 0.091s
2025-12-15 01:21:27.205 65843 INFO tempest.lib.common.rest_client [req-30106679-ad3b-4b1b-9f0e-e710031358b3 req-30106679-ad3b-4b1b-9f0e-e710031358b3 ] Request (QuotasAdminNegativeTest:test_create_server_when_cpu_quota_is_full): 200 PUT http://10.180.1.21/compute/v2.1/os-quota-sets/2c54d84d52dc4467a3ee279acf850b5f 5.438s
2025-12-15 01:21:27.223 65853 INFO tempest.lib.common.rest_client [req-46199ce5-0d18-46ef-b034-4a96ec37e853 req-46199ce5-0d18-46ef-b034-4a96ec37e853 ] Request (TenantUsagesNegativeTestJSON:tearDownClass): 204 DELETE http://10.180.1.21/identity/v3/projects/f28684abd692429c8657745da31233f1 0.133s
2025-12-15 01:21:27.223 65853 INFO tempest.lib.common.dynamic_creds [-] Deleting project and security group for project: a23a49d01d234a94b99e03b65f60234a
2025-12-15 01:21:27.256 65833 INFO tempest.lib.common.rest_client [req-f6191c42-cb93-43ff-ad8c-e4686c1ddd02 req-f6191c42-cb93-43ff-ad8c-e4686c1ddd02 ] Request (QuotasAdminTestJSON:test_get_updated_quotas): 200 GET http://10.180.1.21/identity/v3/domains?name=Default 0.071s
2025-12-15 01:21:27.259 65859 INFO tempest.lib.common.rest_client [req-676f96a4-8f80-4b81-8bc2-a459e0410df3 req-676f96a4-8f80-4b81-8bc2-a459e0410df3 ] Request (FlavorsAccessTestJSON:tearDownClass): 200 GET http://10.180.1.21/networking/v2.0/security-groups?tenant_id=903a017ee073431bb63701fbc6b9e9f4&name=default 0.367s
2025-12-15 01:21:27.291 65843 INFO tempest.lib.common.rest_client [req-c7510630-94b6-4b4b-81e2-62254ce939c6 req-c7510630-94b6-4b4b-81e2-62254ce939c6 ] Request (QuotasAdminNegativeTest:test_create_server_when_cpu_quota_is_full): 201 POST http://10.180.1.21/identity/v3/auth/tokens 0.078s
2025-12-15 01:21:27.292 65843 INFO tempest.lib.common.fixed_network [-] (QuotasAdminNegativeTest:test_create_server_when_cpu_quota_is_full) Found network None available for tenant
2025-12-15 01:21:27.978 65891 INFO tempest.lib.common.rest_client [req-60047984-0b66-4036-bfe7-5bfd091d83fe req-60047984-0b66-4036-bfe7-5bfd091d83fe ] Request (FloatingIPsAssociationTestJSON:setUpClass): 201 POST http://10.180.1.21/networking/v2.0/routers 0.997s
2025-12-15 01:21:28.005 65887 INFO tempest.lib.common.rest_client [req-415cd1e7-f37b-4589-afbf-eb06f38c7265 req-415cd1e7-f37b-4589-afbf-eb06f38c7265 ] Request (SecurityGroupRulesNegativeTestJSON:test_create_security_group_rule_with_invalid_port_range): 400 POST http://10.180.1.21/compute/v2.1/os-security-group-rules 6.181s
2025-12-15 01:21:28.121 65853 INFO tempest.lib.common.rest_client [req-d0b7150a-1880-43a7-81f0-27f2da38062e req-d0b7150a-1880-43a7-81f0-27f2da38062e ] Request (TenantUsagesNegativeTestJSON:tearDownClass): 200 GET http://10.180.1.21/networking/v2.0/security-groups?tenant_id=a23a49d01d234a94b99e03b65f60234a&name=default 0.897s
2025-12-15 01:21:28.132 65859 INFO tempest.lib.common.rest_client [req-5d9dc162-6e6b-4e48-ace6-05115535f342 req-5d9dc162-6e6b-4e48-ace6-05115535f342 ] Request (FlavorsAccessTestJSON:tearDownClass): 204 DELETE http://10.180.1.21/networking/v2.0/security-groups/abc48a14-62ab-4217-972c-54fe23730712 0.872s
2025-12-15 01:21:28.245 65859 INFO tempest.lib.common.rest_client [req-21525272-5379-4517-a720-22e84b1086fa req-21525272-5379-4517-a720-22e84b1086fa ] Request (FlavorsAccessTestJSON:tearDownClass): 204 DELETE http://10.180.1.21/identity/v3/projects/903a017ee073431bb63701fbc6b9e9f4 0.113s
2025-12-15 01:21:28.307 65859 INFO tempest.lib.common.rest_client [req-9ab0c0f0-dbbb-495a-a459-53e7c4d86ed2 req-9ab0c0f0-dbbb-495a-a459-53e7c4d86ed2 ] Request (KeyPairsV210TestJSON:setUpClass): 201 POST http://10.180.1.21/identity/v3/auth/tokens 0.060s
2025-12-15 01:21:28.352 65859 INFO tempest.lib.common.rest_client [req-0791f50e-f24c-4a8d-a85a-110bd6d318db req-0791f50e-f24c-4a8d-a85a-110bd6d318db ] Request (KeyPairsV210TestJSON:setUpClass): 201 POST http://10.180.1.21/identity/v3/auth/tokens 0.039s
2025-12-15 01:21:28.392 65859 INFO tempest.lib.common.rest_client [req-41799f6b-ddfa-4dce-b834-1b0f76dff3ad req-41799f6b-ddfa-4dce-b834-1b0f76dff3ad ] Request (KeyPairsV210TestJSON:setUpClass): 200 GET http://10.180.1.21/identity/v3/domains?name=Default 0.039s
2025-12-15 01:21:28.421 65859 INFO tempest.lib.common.rest_client [req-1bcd5b4d-3ce0-4d97-817b-4f8272b4717d req-1bcd5b4d-3ce0-4d97-817b-4f8272b4717d ] Request (KeyPairsV210TestJSON:setUpClass): 201 POST http://10.180.1.21/identity/v3/projects 0.028s
2025-12-15 01:21:28.431 65853 INFO tempest.lib.common.rest_client [req-649aa08b-78fa-4995-9f21-410d83202824 req-649aa08b-78fa-4995-9f21-410d83202824 ] Request (TenantUsagesNegativeTestJSON:tearDownClass): 204 DELETE http://10.180.1.21/networking/v2.0/security-groups/da1d80cd-cc92-46df-bba4-bb9ec474a1ed 0.309s
2025-12-15 01:21:28.545 65859 INFO tempest.lib.common.rest_client [req-a2d2caa2-5015-43b1-8d7b-b8706a405f43 req-a2d2caa2-5015-43b1-8d7b-b8706a405f43 ] Request (KeyPairsV210TestJSON:setUpClass): 201 POST http://10.180.1.21/identity/v3/users 0.123s
2025-12-15 01:21:28.553 65853 INFO tempest.lib.common.rest_client [req-51dce032-3f2e-4f69-b166-b2deb79ebc0c req-51dce032-3f2e-4f69-b166-b2deb79ebc0c ] Request (TenantUsagesNegativeTestJSON:tearDownClass): 204 DELETE http://10.180.1.21/identity/v3/projects/a23a49d01d234a94b99e03b65f60234a 0.122s
2025-12-15 01:21:28.579 65893 INFO tempest.lib.common.rest_client [req-f2f79160-5ea0-4bbc-a330-8cb2f54bd8ac req-f2f79160-5ea0-4bbc-a330-8cb2f54bd8ac ] Request (VolumesAdminNegativeTest:test_update_attached_volume_with_nonexistent_volume_in_uri): 200 GET http://10.180.1.21/compute/v2.1/servers/a82e942f-fd75-4aa5-9f24-9b64ec6fe8e6 6.155s
2025-12-15 01:21:28.594 65893 INFO tempest.common.waiters [-] State transition "BUILD/spawning" ==> "ACTIVE/None" after 21 second wait
2025-12-15 01:21:28.613 65875 INFO tempest.lib.common.rest_client [req-1c93fe75-5663-47d4-a95e-6d09e1fd97af req-1c93fe75-5663-47d4-a95e-6d09e1fd97af ] Request (InstanceActionsTestJSON:setUpClass): 202 POST http://10.180.1.21/compute/v2.1/servers 7.685s
2025-12-15 01:21:28.651 65853 INFO tempest.lib.common.rest_client [req-3f1bab35-c12b-4101-b2b1-6f4bc83cf697 req-3f1bab35-c12b-4101-b2b1-6f4bc83cf697 ] Request (ImagesMetadataTestJSON:setUpClass): 201 POST http://10.180.1.21/identity/v3/auth/tokens 0.096s
2025-12-15 01:21:28.692 65859 INFO tempest.lib.common.rest_client [req-9e347d9b-a957-45c8-b4a0-4aff3e0af287 req-9e347d9b-a957-45c8-b4a0-4aff3e0af287 ] Request (KeyPairsV210TestJSON:setUpClass): 200 GET http://10.180.1.21/identity/v3/roles 0.146s
2025-12-15 01:21:28.731 65853 INFO tempest.lib.common.rest_client [req-7343f175-8639-43e8-a9eb-284ecfdabc4a req-7343f175-8639-43e8-a9eb-284ecfdabc4a ] Request (ImagesMetadataTestJSON:setUpClass): 201 POST http://10.180.1.21/identity/v3/auth/tokens 0.075s
2025-12-15 01:21:28.775 65859 INFO tempest.lib.common.rest_client [req-e0ab0b99-bb1e-4660-8e43-33e0d325bb44 req-e0ab0b99-bb1e-4660-8e43-33e0d325bb44 ] Request (KeyPairsV210TestJSON:setUpClass): 204 PUT http://10.180.1.21/identity/v3/projects/9189d41b4efb45d09396703f2d2ace05/users/9c207088cbf3465bb1d1a1786aeb45eb/roles/061a1c2817da4e9e8877d320f4bcff0f 0.083s
2025-12-15 01:21:28.776 65859 INFO tempest.lib.common.dynamic_creds [-] Dynamic test user 9c207088cbf3465bb1d1a1786aeb45eb is created with scope project and roles: ['member']
2025-12-15 01:21:28.776 65859 INFO tempest.lib.common.dynamic_creds [-] Acquired dynamic creds: credentials: Credentials: {'domain_id': 'default', 'domain_name': 'Default', 'username': 'tempest-KeyPairsV210TestJSON-780822946-project-member', 'project_domain_id': 'default', 'project_domain_name': 'Default', 'project_id': '9189d41b4efb45d09396703f2d2ace05', 'project_name': 'tempest-KeyPairsV210TestJSON-780822946', 'tenant_id': '9189d41b4efb45d09396703f2d2ace05', 'tenant_name': 'tempest-KeyPairsV210TestJSON-780822946', 'user_domain_id': 'default', 'user_domain_name': 'Default', 'user_id': '9c207088cbf3465bb1d1a1786aeb45eb', 'system': None}, Network: None, Subnet: None, Router: None
2025-12-15 01:21:28.776 65859 INFO tempest.lib.common.dynamic_creds [-] Created isolated network resources for: credentials: Credentials: {'domain_id': 'default', 'domain_name': 'Default', 'username': 'tempest-KeyPairsV210TestJSON-780822946-project-member', 'project_domain_id': 'default', 'project_domain_name': 'Default', 'project_id': '9189d41b4efb45d09396703f2d2ace05', 'project_name': 'tempest-KeyPairsV210TestJSON-780822946', 'tenant_id': '9189d41b4efb45d09396703f2d2ace05', 'tenant_name': 'tempest-KeyPairsV210TestJSON-780822946', 'user_domain_id': 'default', 'user_domain_name': 'Default', 'user_id': '9c207088cbf3465bb1d1a1786aeb45eb', 'system': None}, Network: None, Subnet: None, Router: None
2025-12-15 01:21:28.842 65853 INFO tempest.lib.common.rest_client [req-34faf7a7-8f52-43e4-8a79-d33a4709056c req-34faf7a7-8f52-43e4-8a79-d33a4709056c ] Request (ImagesMetadataTestJSON:setUpClass): 200 GET http://10.180.1.21/identity/v3/domains?name=Default 0.111s
2025-12-15 01:21:28.881 65853 INFO tempest.lib.common.rest_client [req-bd1cf9f5-310d-4eff-a0c4-c9db6b4c7608 req-bd1cf9f5-310d-4eff-a0c4-c9db6b4c7608 ] Request (ImagesMetadataTestJSON:setUpClass): 201 POST http://10.180.1.21/identity/v3/projects 0.038s
2025-12-15 01:21:28.891 65859 INFO tempest.lib.common.rest_client [req-75efaae7-5ff9-4c54-98c7-20a49df3736e req-75efaae7-5ff9-4c54-98c7-20a49df3736e ] Request (KeyPairsV210TestJSON:setUpClass): 201 POST http://10.180.1.21/identity/v3/auth/tokens 0.110s
2025-12-15 01:21:28.918 65845 INFO tempest.lib.common.rest_client [req-f72b1bce-c1af-4d2a-9cf6-689483cad2c1 req-f72b1bce-c1af-4d2a-9cf6-689483cad2c1 ] Request (ServersAdminNegativeTestJSON:setUpClass): 200 GET http://10.180.1.21/compute/v2.1/servers/cb8e464a-ddb6-4ff3-bebc-0ad76f155d9f 6.469s
2025-12-15 01:21:28.928 65845 INFO tempest.common.waiters [-] State transition "BUILD/spawning" ==> "ACTIVE/None" after 21 second wait
2025-12-15 01:21:28.974 65853 INFO tempest.lib.common.rest_client [req-88c113f3-f131-4c58-99a4-7b81f63cb450 req-88c113f3-f131-4c58-99a4-7b81f63cb450 ] Request (ImagesMetadataTestJSON:setUpClass): 201 POST http://10.180.1.21/identity/v3/users 0.092s
2025-12-15 01:21:28.973 65859 INFO tempest.lib.common.rest_client [req-8ee33d6d-6788-4cee-9acd-6033be7ba793 req-8ee33d6d-6788-4cee-9acd-6033be7ba793 ] Request (KeyPairsV210TestJSON:setUpClass): 201 POST http://10.180.1.21/identity/v3/projects 0.082s
2025-12-15 01:21:29.000 65871 INFO tempest.lib.common.rest_client [req-ec6c1fc1-4473-45f0-8a1b-36ee3851d852 req-ec6c1fc1-4473-45f0-8a1b-36ee3851d852 ] Request (ServersAdmin275Test:test_rebuild_update_server_275): 202 POST http://10.180.1.21/compute/v2.1/servers 5.828s
2025-12-15 01:21:29.107 65859 INFO tempest.lib.common.rest_client [req-2377ad02-5728-40b2-b8b8-0fcbbdf2847d req-2377ad02-5728-40b2-b8b8-0fcbbdf2847d ] Request (KeyPairsV210TestJSON:setUpClass): 201 POST http://10.180.1.21/identity/v3/users 0.132s
2025-12-15 01:21:29.119 65853 INFO tempest.lib.common.rest_client [req-ce06ed4d-c900-41d9-b447-14aa3f729e7a req-ce06ed4d-c900-41d9-b447-14aa3f729e7a ] Request (ImagesMetadataTestJSON:setUpClass): 200 GET http://10.180.1.21/identity/v3/roles 0.145s
2025-12-15 01:21:29.152 65859 INFO tempest.lib.common.rest_client [req-5043e2d2-b3ca-4630-9dbe-c3920bf0ef67 req-5043e2d2-b3ca-4630-9dbe-c3920bf0ef67 ] Request (KeyPairsV210TestJSON:setUpClass): 200 GET http://10.180.1.21/identity/v3/roles 0.044s
2025-12-15 01:21:29.156 65893 INFO tempest.lib.common.rest_client [req-3342c70f-2813-42df-bf2b-145514179bc6 req-3342c70f-2813-42df-bf2b-145514179bc6 ] Request (VolumesAdminNegativeTest:test_update_attached_volume_with_nonexistent_volume_in_uri): 202 POST http://10.180.1.21/volume/v3/volumes 0.559s
2025-12-15 01:21:29.218 65853 INFO tempest.lib.common.rest_client [req-0b7bb287-273a-41e8-88af-6fe2dbb0db72 req-0b7bb287-273a-41e8-88af-6fe2dbb0db72 ] Request (ImagesMetadataTestJSON:setUpClass): 204 PUT http://10.180.1.21/identity/v3/projects/440126314bce4ad886d08064d2c501c5/users/f9d3185a517d488bb14a0a640af5de52/roles/061a1c2817da4e9e8877d320f4bcff0f 0.098s
2025-12-15 01:21:29.218 65853 INFO tempest.lib.common.dynamic_creds [-] Dynamic test user f9d3185a517d488bb14a0a640af5de52 is created with scope project and roles: ['member']
2025-12-15 01:21:29.218 65853 INFO tempest.lib.common.dynamic_creds [-] Acquired dynamic creds: credentials: Credentials: {'domain_id': 'default', 'domain_name': 'Default', 'username': 'tempest-ImagesMetadataTestJSON-1638625023-project-member', 'project_domain_id': 'default', 'project_domain_name': 'Default', 'project_id': '440126314bce4ad886d08064d2c501c5', 'project_name': 'tempest-ImagesMetadataTestJSON-1638625023', 'tenant_id': '440126314bce4ad886d08064d2c501c5', 'tenant_name': 'tempest-ImagesMetadataTestJSON-1638625023', 'user_domain_id': 'default', 'user_domain_name': 'Default', 'user_id': 'f9d3185a517d488bb14a0a640af5de52', 'system': None}, Network: None, Subnet: None, Router: None
2025-12-15 01:21:29.218 65853 INFO tempest.lib.common.dynamic_creds [-] Created isolated network resources for: credentials: Credentials: {'domain_id': 'default', 'domain_name': 'Default', 'username': 'tempest-ImagesMetadataTestJSON-1638625023-project-member', 'project_domain_id': 'default', 'project_domain_name': 'Default', 'project_id': '440126314bce4ad886d08064d2c501c5', 'project_name': 'tempest-ImagesMetadataTestJSON-1638625023', 'tenant_id': '440126314bce4ad886d08064d2c501c5', 'tenant_name': 'tempest-ImagesMetadataTestJSON-1638625023', 'user_domain_id': 'default', 'user_domain_name': 'Default', 'user_id': 'f9d3185a517d488bb14a0a640af5de52', 'system': None}, Network: None, Subnet: None, Router: None
2025-12-15 01:21:29.254 65877 INFO tempest.lib.common.rest_client [req-7dc9f9a6-c3c9-4057-a29d-84ae44a3cdfd req-7dc9f9a6-c3c9-4057-a29d-84ae44a3cdfd ] Request (ServerAddressesTestJSON:setUpClass): 200 GET http://10.180.1.21/compute/v2.1/servers/483bea04-d119-4f15-a28f-ec504bf79329 5.034s
2025-12-15 01:21:29.268 65877 INFO tempest.common.waiters [-] State transition "BUILD/networking" ==> "BUILD/spawning" after 12 second wait
2025-12-15 01:21:29.287 65893 INFO tempest.lib.common.rest_client [req-94b7948b-c1b9-42ff-8b75-f757e36f7f6a req-94b7948b-c1b9-42ff-8b75-f757e36f7f6a ] Request (VolumesAdminNegativeTest:test_update_attached_volume_with_nonexistent_volume_in_uri): 200 GET http://10.180.1.21/volume/v3/volumes/88edbc1f-507b-4c9d-935d-320100f6a5b4 0.117s
2025-12-15 01:21:29.353 65837 INFO tempest.lib.common.rest_client [req-ea278f46-767d-4c2d-a6b2-69c7078de66a req-ea278f46-767d-4c2d-a6b2-69c7078de66a ] Request (ServerActionsTestOtherB:setUpClass): 200 POST http://10.180.1.21/compute/v2.1/os-keypairs 4.606s
2025-12-15 01:21:29.362 65891 INFO tempest.lib.common.rest_client [req-b4bb3911-26bc-4ef7-bdc3-05cff736f429 req-b4bb3911-26bc-4ef7-bdc3-05cff736f429 ] Request (FloatingIPsAssociationTestJSON:setUpClass): 200 PUT http://10.180.1.21/networking/v2.0/routers/97326e89-c595-4f1b-9371-5179efd4bf21/add_router_interface 1.383s
2025-12-15 01:21:29.362 65891 INFO tempest.lib.common.dynamic_creds [-] Created isolated network resources for: credentials: Credentials: {'domain_id': 'default', 'domain_name': 'Default', 'username': 'tempest-FloatingIPsAssociationTestJSON-777761534-project-member', 'project_domain_id': 'default', 'project_domain_name': 'Default', 'project_id': '37652f759c3a40c99570a1deff6c085a', 'project_name': 'tempest-FloatingIPsAssociationTestJSON-777761534', 'tenant_id': '37652f759c3a40c99570a1deff6c085a', 'tenant_name': 'tempest-FloatingIPsAssociationTestJSON-777761534', 'user_domain_id': 'default', 'user_domain_name': 'Default', 'user_id': '15a003eff92a444a8e190e1c16d8e3cf', 'system': None}, Network: {'id': '81903c3e-79c7-45de-b261-efedd53bd0ff', 'name': 'tempest-FloatingIPsAssociationTestJSON-533847552-network', 'tenant_id': '37652f759c3a40c99570a1deff6c085a', 'project_id': '37652f759c3a40c99570a1deff6c085a', 'admin_state_up': True, 'mtu': 8950, 'status': 'ACTIVE', 'subnets': [], 'shared': False, 'port_security_enabled': True, 'router:external': False, 'provider:network_type': 'vlan', 'provider:physical_network': 'default', 'provider:segmentation_id': 246, 'availability_zone_hints': [], 'availability_zones': [], 'ipv4_address_scope': None, 'ipv6_address_scope': None, 'description': '', 'tags': [], 'created_at': '2025-12-15T01:21:26Z', 'updated_at': '2025-12-15T01:21:26Z', 'revision_number': 1}, Subnet: {'id': '4e858e8d-e88c-448c-a4f8-eba76ccc3092', 'name': 'tempest-FloatingIPsAssociationTestJSON-533847552-subnet', 'tenant_id': '37652f759c3a40c99570a1deff6c085a', 'network_id': '81903c3e-79c7-45de-b261-efedd53bd0ff', 'ip_version': 4, 'subnetpool_id': None, 'enable_dhcp': True, 'ipv6_ra_mode': None, 'ipv6_address_mode': None, 'gateway_ip': '192.168.128.1', 'cidr': '192.168.128.0/28', 'allocation_pools': [{'start': '192.168.128.2', 'end': '192.168.128.14'}], 'host_routes': [], 'dns_nameservers': [], 'description': '', 'router:external': False, 'service_types': [], 'tags': [], 'created_at': '2025-12-15T01:21:26Z', 'updated_at': '2025-12-15T01:21:26Z', 'revision_number': 0, 'project_id': '37652f759c3a40c99570a1deff6c085a'}, Router: {'id': '97326e89-c595-4f1b-9371-5179efd4bf21', 'name': 'tempest-FloatingIPsAssociationTestJSON-533847552-router', 'tenant_id': '37652f759c3a40c99570a1deff6c085a', 'admin_state_up': True, 'status': 'ACTIVE', 'external_gateway_info': {'network_id': 'f2a2cb57-acb6-46fd-a793-091537d513ad', 'external_fixed_ips': [{'subnet_id': 'ee314fe8-6514-4ad7-9100-ec0f7fee7bcc', 'ip_address': '10.180.180.146'}], 'enable_snat': True}, 'description': '', 'availability_zones': [], 'distributed': False, 'ha': False, 'availability_zone_hints': [], 'routes': [], 'flavor_id': None, 'tags': [], 'created_at': '2025-12-15T01:21:27Z', 'updated_at': '2025-12-15T01:21:27Z', 'revision_number': 2, 'project_id': '37652f759c3a40c99570a1deff6c085a'}
2025-12-15 01:21:29.384 65859 INFO tempest.lib.common.rest_client [req-e0cba9df-e6cd-40e5-86bc-862b1375b72b req-e0cba9df-e6cd-40e5-86bc-862b1375b72b ] Request (KeyPairsV210TestJSON:setUpClass): 204 PUT http://10.180.1.21/identity/v3/projects/90fb50286c3942f386cd16a687cd0193/users/003843115ee242c6bd1b56b7c007e403/roles/5e4ff95ed3b74aeaa9c064a4ede65b9e 0.231s
2025-12-15 01:21:29.394 65861 WARNING tempest.lib.common.ssh [-] Failed to establish authenticated ssh connection to cirros@10.180.180.210 ([Errno None] Unable to connect to port 22 on 10.180.180.210). Number attempts: 2. Retry after 3 seconds.: paramiko.ssh_exception.NoValidConnectionsError: [Errno None] Unable to connect to port 22 on 10.180.180.210
2025-12-15 01:21:29.403 65853 INFO tempest.lib.common.rest_client [req-51e45976-ae1e-4d13-82da-757fead0000f req-51e45976-ae1e-4d13-82da-757fead0000f ] Request (ImagesMetadataTestJSON:setUpClass): 201 POST http://10.180.1.21/identity/v3/auth/tokens 0.175s
2025-12-15 01:21:29.480 65891 INFO tempest.lib.common.rest_client [req-e764e164-c995-443d-b73a-bd5b223d7571 req-e764e164-c995-443d-b73a-bd5b223d7571 ] Request (FloatingIPsAssociationTestJSON:setUpClass): 201 POST http://10.180.1.21/identity/v3/auth/tokens 0.113s
2025-12-15 01:21:29.491 65859 INFO tempest.lib.common.rest_client [req-8dc11182-072a-44a2-a32d-b4fb6a0d59ef req-8dc11182-072a-44a2-a32d-b4fb6a0d59ef ] Request (KeyPairsV210TestJSON:setUpClass): 200 GET http://10.180.1.21/identity/v3/roles 0.105s
2025-12-15 01:21:29.521 65891 INFO tempest.lib.common.rest_client [req-9e530c84-0bf7-434b-a5c4-92ad8021b256 req-9e530c84-0bf7-434b-a5c4-92ad8021b256 ] Request (FloatingIPsAssociationTestJSON:setUpClass): 201 POST http://10.180.1.21/identity/v3/auth/tokens 0.036s
2025-12-15 01:21:29.523 65891 INFO tempest.lib.common.fixed_network [-] (FloatingIPsAssociationTestJSON:setUpClass) Found network {'id': '81903c3e-79c7-45de-b261-efedd53bd0ff', 'name': 'tempest-FloatingIPsAssociationTestJSON-533847552-network', 'tenant_id': '37652f759c3a40c99570a1deff6c085a', 'project_id': '37652f759c3a40c99570a1deff6c085a', 'admin_state_up': True, 'mtu': 8950, 'status': 'ACTIVE', 'subnets': [], 'shared': False, 'port_security_enabled': True, 'router:external': False, 'provider:network_type': 'vlan', 'provider:physical_network': 'default', 'provider:segmentation_id': 246, 'availability_zone_hints': [], 'availability_zones': [], 'ipv4_address_scope': None, 'ipv6_address_scope': None, 'description': '', 'tags': [], 'created_at': '2025-12-15T01:21:26Z', 'updated_at': '2025-12-15T01:21:26Z', 'revision_number': 1} available for tenant
2025-12-15 01:21:29.549 65847 INFO tempest.lib.common.rest_client [req-1876d5c1-5bdc-4e82-9c1c-9333b266f07b req-1876d5c1-5bdc-4e82-9c1c-9333b266f07b ] Request (ServersWithSpecificFlavorTestJSON:test_verify_created_server_ephemeral_disk): 200 GET http://10.180.1.21/compute/v2.1/servers/0adacac8-8a88-4054-aec5-3ff594e92ab5 4.323s
2025-12-15 01:21:29.558 65841 INFO tempest.lib.common.rest_client [req-c131792b-85fe-4dbb-8ae9-bc60fe24e2f6 req-c131792b-85fe-4dbb-8ae9-bc60fe24e2f6 ] Request (ImagesNegativeTestJSON:test_create_image_from_invalid_server): 404 POST http://10.180.1.21/compute/v2.1/servers/tempest-invalid-1107613541/action 4.321s
2025-12-15 01:21:29.562 65859 INFO tempest.lib.common.rest_client [req-f9dc85c4-d23e-4878-be7b-cef649324cc7 req-f9dc85c4-d23e-4878-be7b-cef649324cc7 ] Request (KeyPairsV210TestJSON:setUpClass): 204 PUT http://10.180.1.21/identity/v3/projects/90fb50286c3942f386cd16a687cd0193/users/003843115ee242c6bd1b56b7c007e403/roles/5e4ff95ed3b74aeaa9c064a4ede65b9e 0.070s
2025-12-15 01:21:29.562 65859 INFO tempest.lib.common.dynamic_creds [-] Dynamic test user 003843115ee242c6bd1b56b7c007e403 is created with scope project and roles: ['admin']
2025-12-15 01:21:29.562 65859 INFO tempest.lib.common.dynamic_creds [-] Acquired dynamic creds: credentials: Credentials: {'domain_id': 'default', 'domain_name': 'Default', 'username': 'tempest-KeyPairsV210TestJSON-1909745875-project-admin', 'project_domain_id': 'default', 'project_domain_name': 'Default', 'project_id': '90fb50286c3942f386cd16a687cd0193', 'project_name': 'tempest-KeyPairsV210TestJSON-1909745875', 'tenant_id': '90fb50286c3942f386cd16a687cd0193', 'tenant_name': 'tempest-KeyPairsV210TestJSON-1909745875', 'user_domain_id': 'default', 'user_domain_name': 'Default', 'user_id': '003843115ee242c6bd1b56b7c007e403', 'system': None}, Network: None, Subnet: None, Router: None
2025-12-15 01:21:29.562 65859 INFO tempest.lib.common.dynamic_creds [-] Created isolated network resources for: credentials: Credentials: {'domain_id': 'default', 'domain_name': 'Default', 'username': 'tempest-KeyPairsV210TestJSON-1909745875-project-admin', 'project_domain_id': 'default', 'project_domain_name': 'Default', 'project_id': '90fb50286c3942f386cd16a687cd0193', 'project_name': 'tempest-KeyPairsV210TestJSON-1909745875', 'tenant_id': '90fb50286c3942f386cd16a687cd0193', 'tenant_name': 'tempest-KeyPairsV210TestJSON-1909745875', 'user_domain_id': 'default', 'user_domain_name': 'Default', 'user_id': '003843115ee242c6bd1b56b7c007e403', 'system': None}, Network: None, Subnet: None, Router: None
2025-12-15 01:21:29.587 65837 INFO tempest.lib.common.rest_client [req-f2ffdec8-520b-4938-b9b0-c03a7fa3dd85 req-f2ffdec8-520b-4938-b9b0-c03a7fa3dd85 ] Request (ServerActionsTestOtherB:setUpClass): 201 POST http://10.180.1.21/networking/v2.0/security-groups 0.232s
2025-12-15 01:21:29.598 65885 INFO tempest.lib.common.rest_client [req-8010eb48-9967-4d4e-8ef4-f269e4bae4ec req-8010eb48-9967-4d4e-8ef4-f269e4bae4ec ] Request (ServicesAdminNegativeV253TestJSON:test_get_service_by_invalid_params): 200 GET http://10.180.1.21/compute/v2.1/os-services 4.322s
2025-12-15 01:21:29.616 65857 INFO tempest.lib.common.rest_client [req-536be900-d63d-42b2-857a-89ca949abd73 req-536be900-d63d-42b2-857a-89ca949abd73 ] Request (FlavorsExtraSpecsTestJSON:test_flavor_set_get_update_show_unset_keys): 200 GET http://10.180.1.21/compute/v2.1/flavors/882265907/os-extra_specs 4.303s
2025-12-15 01:21:29.647 65873 INFO tempest.lib.common.rest_client [req-aa8f4eb9-a368-4201-923a-344af874c2ed req-aa8f4eb9-a368-4201-923a-344af874c2ed ] Request (AggregatesAdminNegativeTestJSON:_run_cleanups): 200 DELETE http://10.180.1.21/compute/v2.1/os-aggregates/3 4.298s
2025-12-15 01:21:29.676 65881 INFO tempest.lib.common.rest_client [req-ccc7424a-af1f-4e6c-9089-560320d6a76d req-ccc7424a-af1f-4e6c-9089-560320d6a76d ] Request (FlavorsExtraSpecsNegativeTestJSON:tearDownClass): 200 GET http://10.180.1.21/compute/v2.1/flavors/detail 4.118s
2025-12-15 01:21:29.686 65835 INFO tempest.lib.common.rest_client [req-6e364546-0520-4415-95da-99d003825a2d req-6e364546-0520-4415-95da-99d003825a2d ] Request (HostsAdminNegativeTestJSON:test_update_host_with_non_admin_user): 403 PUT http://10.180.1.21/compute/v2.1/os-hosts/devstack 4.003s
2025-12-15 01:21:29.742 65859 INFO tempest.lib.common.rest_client [req-a52db84c-6db2-4c81-84b7-cb9357b42f69 req-a52db84c-6db2-4c81-84b7-cb9357b42f69 ] Request (KeyPairsV210TestJSON:setUpClass): 201 POST http://10.180.1.21/identity/v3/auth/tokens 0.177s
2025-12-15 01:21:29.826 65837 INFO tempest.lib.common.rest_client [req-c409055b-ebda-4111-87c3-60d9554d4f2c req-c409055b-ebda-4111-87c3-60d9554d4f2c ] Request (ServerActionsTestOtherB:setUpClass): 201 POST http://10.180.1.21/networking/v2.0/security-group-rules 0.238s
2025-12-15 01:21:29.898 65863 INFO tempest.lib.common.rest_client [req-c3667b56-a911-4da9-8bb3-818fdfc0f1db req-c3667b56-a911-4da9-8bb3-818fdfc0f1db ] Request (FlavorsAccessNegativeTestJSON:test_flavor_non_admin_add): 403 POST http://10.180.1.21/compute/v2.1/flavors/224040443/action 4.177s
2025-12-15 01:21:29.966 65837 INFO tempest.lib.common.rest_client [req-4cc0baca-b040-423d-b7b0-39a1ea22a161 req-4cc0baca-b040-423d-b7b0-39a1ea22a161 ] Request (ServerActionsTestOtherB:setUpClass): 201 POST http://10.180.1.21/networking/v2.0/security-group-rules 0.140s
2025-12-15 01:21:30.003 65881 INFO tempest.lib.common.rest_client [req-54d1a667-cb3e-49bc-b3cc-a256762a1d27 req-54d1a667-cb3e-49bc-b3cc-a256762a1d27 ] Request (FlavorsExtraSpecsNegativeTestJSON:tearDownClass): 204 DELETE http://10.180.1.21/identity/v3/users/a490888a715f45fda3dee83e625dab33 0.318s
2025-12-15 01:21:30.064 65867 INFO tempest.lib.common.rest_client [req-12f69efd-a9eb-462d-a92a-66ca64c0e054 req-12f69efd-a9eb-462d-a92a-66ca64c0e054 ] Request (ServersAdminTestJSON:test_create_server_with_scheduling_hint): 200 GET http://10.180.1.21/compute/v2.1/servers/0e801f31-a01c-437c-84c0-4e8cc206b55d 4.169s
2025-12-15 01:21:30.093 65851 INFO tempest.lib.common.rest_client [req-f45a7edc-3217-4e80-8e7a-034ecfabc8ef req-f45a7edc-3217-4e80-8e7a-034ecfabc8ef ] Request (FlavorsAdminTestJSON:_run_cleanups): 200 GET http://10.180.1.21/compute/v2.1/flavors/detail 4.175s
2025-12-15 01:21:30.124 65881 INFO tempest.lib.common.rest_client [req-289ab9e0-5609-4a35-9def-fe17efd18b9e req-289ab9e0-5609-4a35-9def-fe17efd18b9e ] Request (FlavorsExtraSpecsNegativeTestJSON:tearDownClass): 204 DELETE http://10.180.1.21/identity/v3/users/c65db24ccee94716aab33f5b2a5557d2 0.120s
2025-12-15 01:21:30.124 65881 INFO tempest.lib.common.dynamic_creds [-] Deleting project and security group for project: e7a3f0f1bb7647b68239022b9220a547
2025-12-15 01:21:30.143 65883 INFO tempest.lib.common.rest_client [req-6137541d-74ec-49bf-adb0-17d4167bc57e req-6137541d-74ec-49bf-adb0-17d4167bc57e ] Request (FloatingIPDetailsTestJSON:tearDownClass): 202 DELETE http://10.180.1.21/compute/v2.1/os-floating-ips/51ec2152-ce90-4188-80b4-a659d5b2e31c 4.945s
2025-12-15 01:21:30.175 65831 INFO tempest.lib.common.rest_client [req-93d10c03-9216-4b69-b783-3bd5eb5ccaf3 req-93d10c03-9216-4b69-b783-3bd5eb5ccaf3 ] Request (ServerExternalEventsTest:tearDownClass): 404 GET http://10.180.1.21/compute/v2.1/servers/c364adab-cdaa-4049-95d8-a05991668ca9 3.492s
2025-12-15 01:21:30.184 65853 INFO tempest.lib.common.rest_client [req-888d8155-b27f-4c4e-b305-dbc17499e5d6 req-888d8155-b27f-4c4e-b305-dbc17499e5d6 ] Request (ImagesMetadataTestJSON:setUpClass): 201 POST http://10.180.1.21/image/v2/images 0.779s
2025-12-15 01:21:30.214 65881 INFO tempest.lib.common.rest_client [req-25b213b8-0863-4e23-889b-b9c00abbfc9c req-25b213b8-0863-4e23-889b-b9c00abbfc9c ] Request (FlavorsExtraSpecsNegativeTestJSON:tearDownClass): 201 POST http://10.180.1.21/identity/v3/auth/tokens 0.090s
2025-12-15 01:21:30.258 65855 INFO tempest.lib.common.rest_client [req-904796ae-e6a0-4d69-bf25-bae1717c024a req-904796ae-e6a0-4d69-bf25-bae1717c024a ] Request (ServicesAdminNegativeTestJSON:test_get_service_by_invalid_params): 200 GET http://10.180.1.21/compute/v2.1/os-services 3.717s
2025-12-15 01:21:30.389 65893 INFO tempest.lib.common.rest_client [req-c76a7762-c826-4db8-8926-117d52240974 req-c76a7762-c826-4db8-8926-117d52240974 ] Request (VolumesAdminNegativeTest:test_update_attached_volume_with_nonexistent_volume_in_uri): 200 GET http://10.180.1.21/volume/v3/volumes/88edbc1f-507b-4c9d-935d-320100f6a5b4 0.088s
2025-12-15 01:21:30.399 65893 INFO tempest.common.waiters [-] volume 88edbc1f-507b-4c9d-935d-320100f6a5b4 reached available after waiting for 1.399901 seconds
2025-12-15 01:21:30.409 65831 INFO tempest.lib.common.rest_client [req-9ab04659-e9da-40c0-a290-4fa953d2ba5e req-9ab04659-e9da-40c0-a290-4fa953d2ba5e ] Request (ServerExternalEventsTest:tearDownClass): 204 DELETE http://10.180.1.21/identity/v3/users/676ef87ec9934cdea7a2c14f5c618fea 0.233s
2025-12-15 01:21:30.573 65831 INFO tempest.lib.common.rest_client [req-00fd13c2-7086-45f3-a88c-23d3fb0d788f req-00fd13c2-7086-45f3-a88c-23d3fb0d788f ] Request (ServerExternalEventsTest:tearDownClass): 204 DELETE http://10.180.1.21/identity/v3/users/4cedf2ff847340218986e960e9d74958 0.164s
2025-12-15 01:21:30.591 65837 INFO tempest.lib.common.rest_client [req-02eba48e-2edf-4cc1-825b-ce3e1867445c req-02eba48e-2edf-4cc1-825b-ce3e1867445c ] Request (ServerActionsTestOtherB:setUpClass): 201 POST http://10.180.1.21/networking/v2.0/floatingips 0.624s
2025-12-15 01:21:30.695 65837 INFO tempest.lib.common.rest_client [req-ec97e3b6-17d8-4d45-adc0-f28b86227c36 req-ec97e3b6-17d8-4d45-adc0-f28b86227c36 ] Request (ServerActionsTestOtherB:setUpClass): 201 POST http://10.180.1.21/identity/v3/auth/tokens 0.101s
2025-12-15 01:21:30.696 65837 INFO tempest.lib.common.fixed_network [-] (ServerActionsTestOtherB:setUpClass) Found network {'id': '270f4924-3286-4573-b1cd-063896d06266', 'name': 'tempest-ServerActionsTestOtherB-64567549-network', 'tenant_id': '19e0724de8a34f41a7c387388096390d', 'project_id': '19e0724de8a34f41a7c387388096390d', 'admin_state_up': True, 'mtu': 8950, 'status': 'ACTIVE', 'subnets': [], 'shared': False, 'port_security_enabled': True, 'router:external': False, 'provider:network_type': 'vlan', 'provider:physical_network': 'default', 'provider:segmentation_id': 852, 'availability_zone_hints': [], 'availability_zones': [], 'ipv4_address_scope': None, 'ipv6_address_scope': None, 'description': '', 'tags': [], 'created_at': '2025-12-15T01:21:21Z', 'updated_at': '2025-12-15T01:21:21Z', 'revision_number': 1} available for tenant
2025-12-15 01:21:30.705 65831 INFO tempest.lib.common.rest_client [req-9dddeab3-1375-44ec-b3ad-9f484ff2ca84 req-9dddeab3-1375-44ec-b3ad-9f484ff2ca84 ] Request (ServerExternalEventsTest:tearDownClass): 204 DELETE http://10.180.1.21/identity/v3/users/5d0f5b64fe874494994114ef83d83026 0.131s
2025-12-15 01:21:30.706 65831 INFO tempest.lib.common.dynamic_creds [-] Deleting project and security group for project: 157c640ce9824245aa3ea74ed97d4c7e
2025-12-15 01:21:30.838 65831 INFO tempest.lib.common.rest_client [req-e0ac4b38-6acf-48a4-b025-582786023dfb req-e0ac4b38-6acf-48a4-b025-582786023dfb ] Request (ServerExternalEventsTest:tearDownClass): 201 POST http://10.180.1.21/identity/v3/auth/tokens 0.132s
2025-12-15 01:21:30.961 65881 INFO tempest.lib.common.rest_client [req-398a6ca1-f771-47af-9e12-9416ff9890a5 req-398a6ca1-f771-47af-9e12-9416ff9890a5 ] Request (FlavorsExtraSpecsNegativeTestJSON:tearDownClass): 200 GET http://10.180.1.21/networking/v2.0/security-groups?tenant_id=e7a3f0f1bb7647b68239022b9220a547&name=default 0.746s
2025-12-15 01:21:31.049 65869 INFO tempest.lib.common.rest_client [req-2f9515bf-7494-4335-b35a-4d535a9812aa req-2f9515bf-7494-4335-b35a-4d535a9812aa ] Request (ServerDiagnosticsV248Test:tearDownClass): 200 GET http://10.180.1.21/compute/v2.1/servers/423c28c0-3496-4a45-b84e-44cb3fd3bc88 4.132s
2025-12-15 01:21:31.154 65831 INFO tempest.lib.common.rest_client [req-a5cda992-1a20-4b5a-8f44-ce8fdc79d8a0 req-a5cda992-1a20-4b5a-8f44-ce8fdc79d8a0 ] Request (ServerExternalEventsTest:tearDownClass): 200 GET http://10.180.1.21/networking/v2.0/security-groups?tenant_id=157c640ce9824245aa3ea74ed97d4c7e&name=default 0.316s
2025-12-15 01:21:31.231 65883 INFO tempest.lib.common.rest_client [req-4b7221dc-95bc-4c0a-ad60-30f7a5927974 req-4b7221dc-95bc-4c0a-ad60-30f7a5927974 ] Request (FloatingIPDetailsTestJSON:tearDownClass): 200 PUT http://10.180.1.21/networking/v2.0/routers/0deb6a4a-fa76-47a0-a79b-f0a6e47cdd47/remove_router_interface 1.087s
2025-12-15 01:21:31.255 65853 INFO tempest.lib.common.rest_client [req-e906f07d-3e3a-484a-9ecf-08321b665f6c req-e906f07d-3e3a-484a-9ecf-08321b665f6c ] Request (ImagesMetadataTestJSON:setUpClass): 204 PUT http://10.180.1.21/image/v2/images/20cd1520-ad9f-49ae-acfd-5e9562df894f/file 1.070s
2025-12-15 01:21:31.271 65879 INFO tempest.lib.common.rest_client [req-f04346e4-40f2-4670-a20c-e8e7f0ab19b7 req-f04346e4-40f2-4670-a20c-e8e7f0ab19b7 ] Request (ServerRescueTestJSONUnderV235:setUpClass): 200 GET http://10.180.1.21/compute/v2.1/servers/81031592-fb48-4cff-ba52-afe16a7d1916 4.367s
2025-12-15 01:21:31.283 65879 INFO tempest.common.waiters [-] State transition "BUILD/spawning" ==> "ACTIVE/None" after 22 second wait
2025-12-15 01:21:31.284 65849 INFO tempest.lib.common.rest_client [req-70287273-993b-433d-b1f4-067a0dac652e req-70287273-993b-433d-b1f4-067a0dac652e ] Request (ImagesOneServerTestJSON:test_create_delete_image): 200 GET http://10.180.1.21/compute/v2.1/images/0ec43aac-8b6e-4e53-88b7-48a534482580 4.323s
2025-12-15 01:21:31.290 65881 INFO tempest.lib.common.rest_client [req-b3315ba2-0034-4a51-8d3d-21563eb392d4 req-b3315ba2-0034-4a51-8d3d-21563eb392d4 ] Request (FlavorsExtraSpecsNegativeTestJSON:tearDownClass): 204 DELETE http://10.180.1.21/networking/v2.0/security-groups/2d3fb890-f6fb-4ba8-9a85-3976d984b236 0.329s
2025-12-15 01:21:31.398 65831 INFO tempest.lib.common.rest_client [req-77dede6c-e155-4ca9-bf1a-7ab0a500346a req-77dede6c-e155-4ca9-bf1a-7ab0a500346a ] Request (ServerExternalEventsTest:tearDownClass): 204 DELETE http://10.180.1.21/networking/v2.0/security-groups/ceb1afc4-63ef-450a-b72c-5b79e8970a01 0.244s
2025-12-15 01:21:31.443 65889 WARNING tempest.lib.common.ssh [-] Failed to establish authenticated ssh connection to cirros@10.180.180.150 ([Errno None] Unable to connect to port 22 on 10.180.180.150). Number attempts: 3. Retry after 4 seconds.: paramiko.ssh_exception.NoValidConnectionsError: [Errno None] Unable to connect to port 22 on 10.180.180.150
2025-12-15 01:21:31.485 65881 INFO tempest.lib.common.rest_client [req-75677ca0-36d6-4962-ad32-2b64f77815d0 req-75677ca0-36d6-4962-ad32-2b64f77815d0 ] Request (FlavorsExtraSpecsNegativeTestJSON:tearDownClass): 204 DELETE http://10.180.1.21/identity/v3/projects/e7a3f0f1bb7647b68239022b9220a547 0.194s
2025-12-15 01:21:31.486 65881 INFO tempest.lib.common.dynamic_creds [-] Deleting project and security group for project: 62099623e5b54edfae372f621b457966
2025-12-15 01:21:31.581 65833 INFO tempest.lib.common.rest_client [req-3536b19d-4224-4217-aebf-90dee5cf16b5 req-3536b19d-4224-4217-aebf-90dee5cf16b5 ] Request (QuotasAdminTestJSON:test_get_updated_quotas): 200 PUT http://10.180.1.21/compute/v2.1/os-quota-sets/bbc0027625204a0bb9fd3abf448f540a?user_id=fc819cd8549e4968a4d76346670b8b1f 4.325s
2025-12-15 01:21:31.593 65831 INFO tempest.lib.common.rest_client [req-8bf5786d-e169-450f-a185-04982171f29f req-8bf5786d-e169-450f-a185-04982171f29f ] Request (ServerExternalEventsTest:tearDownClass): 204 DELETE http://10.180.1.21/identity/v3/projects/157c640ce9824245aa3ea74ed97d4c7e 0.194s
2025-12-15 01:21:31.593 65831 INFO tempest.lib.common.dynamic_creds [-] Deleting project and security group for project: 6a1a36b8ec6544bf893f3f2e83a7f1b6
2025-12-15 01:21:31.886 65883 INFO tempest.lib.common.rest_client [req-dd37d4d7-5784-42d0-b82d-a39c2aa43bec req-dd37d4d7-5784-42d0-b82d-a39c2aa43bec ] Request (FloatingIPDetailsTestJSON:tearDownClass): 204 DELETE http://10.180.1.21/networking/v2.0/routers/0deb6a4a-fa76-47a0-a79b-f0a6e47cdd47 0.654s
2025-12-15 01:21:31.960 65881 INFO tempest.lib.common.rest_client [req-fb55a0b5-2a4b-4579-bab3-a6866875a1b8 req-fb55a0b5-2a4b-4579-bab3-a6866875a1b8 ] Request (FlavorsExtraSpecsNegativeTestJSON:tearDownClass): 200 GET http://10.180.1.21/networking/v2.0/security-groups?tenant_id=62099623e5b54edfae372f621b457966&name=default 0.474s
2025-12-15 01:21:32.049 65831 INFO tempest.lib.common.rest_client [req-db0a37e1-2a1d-43b3-b7c0-39d6cbee993c req-db0a37e1-2a1d-43b3-b7c0-39d6cbee993c ] Request (ServerExternalEventsTest:tearDownClass): 200 GET http://10.180.1.21/networking/v2.0/security-groups?tenant_id=6a1a36b8ec6544bf893f3f2e83a7f1b6&name=default 0.456s
2025-12-15 01:21:32.192 65883 INFO tempest.lib.common.rest_client [req-4eb3fe9f-c6f5-468b-8e7b-6234e18069f8 req-4eb3fe9f-c6f5-468b-8e7b-6234e18069f8 ] Request (FloatingIPDetailsTestJSON:tearDownClass): 204 DELETE http://10.180.1.21/networking/v2.0/subnets/01655380-f345-4748-b251-e69af5c687b5 0.306s
