2025-12-15 01:23:52.329 65841 INFO tempest.lib.common.rest_client [req-7f5ea8d2-1cac-4c3a-8133-d916fca2a0e1 req-7f5ea8d2-1cac-4c3a-8133-d916fca2a0e1 ] Request (ServerRescueTestJSON:setUpClass): 201 POST http://10.180.1.21/networking/v2.0/routers 0.779s
2025-12-15 01:23:52.370 65863 INFO tempest.lib.common.rest_client [req-d57f7398-b5a0-477d-a309-9a1c4d8d2b62 req-d57f7398-b5a0-477d-a309-9a1c4d8d2b62 ] Request (ServersListShow296Test:tearDownClass): 200 GET http://10.180.1.21/compute/v2.1/servers/8e2f03c8-86b6-40b1-b9cb-b4d855365bec 1.264s
2025-12-15 01:23:52.827 65859 INFO tempest.lib.common.rest_client [req-68c87ed9-7b66-4430-800d-eb7316ce5423 req-68c87ed9-7b66-4430-800d-eb7316ce5423 ] Request (ServerGroupTestJSON:setUpClass): 200 PUT http://10.180.1.21/networking/v2.0/routers/abfea71d-4b5e-4be7-90cb-85888d955918/add_router_interface 0.964s
2025-12-15 01:23:52.828 65859 INFO tempest.lib.common.dynamic_creds [-] Created isolated network resources for: credentials: Credentials: {'domain_id': 'default', 'domain_name': 'Default', 'username': 'tempest-ServerGroupTestJSON-2115080229-project-member', 'project_domain_id': 'default', 'project_domain_name': 'Default', 'project_id': '50e1f34376094dffa60b1ae98a3ad5a7', 'project_name': 'tempest-ServerGroupTestJSON-2115080229', 'tenant_id': '50e1f34376094dffa60b1ae98a3ad5a7', 'tenant_name': 'tempest-ServerGroupTestJSON-2115080229', 'user_domain_id': 'default', 'user_domain_name': 'Default', 'user_id': '4e67a5c2fcb24a4c90eb32b79f323243', 'system': None}, Network: {'id': '932b82e5-867c-43ed-8e73-d03078c7d77e', 'name': 'tempest-ServerGroupTestJSON-918261477-network', 'tenant_id': '50e1f34376094dffa60b1ae98a3ad5a7', 'project_id': '50e1f34376094dffa60b1ae98a3ad5a7', 'admin_state_up': True, 'mtu': 8950, 'status': 'ACTIVE', 'subnets': [], 'shared': False, 'port_security_enabled': True, 'router:external': False, 'provider:network_type': 'vlan', 'provider:physical_network': 'default', 'provider:segmentation_id': 915, 'availability_zone_hints': [], 'availability_zones': [], 'ipv4_address_scope': None, 'ipv6_address_scope': None, 'description': '', 'tags': [], 'created_at': '2025-12-15T01:23:50Z', 'updated_at': '2025-12-15T01:23:50Z', 'revision_number': 1}, Subnet: {'id': 'a7f81184-ba91-4992-9640-cada627d0e52', 'name': 'tempest-ServerGroupTestJSON-918261477-subnet', 'tenant_id': '50e1f34376094dffa60b1ae98a3ad5a7', 'network_id': '932b82e5-867c-43ed-8e73-d03078c7d77e', 'ip_version': 4, 'subnetpool_id': None, 'enable_dhcp': True, 'ipv6_ra_mode': None, 'ipv6_address_mode': None, 'gateway_ip': '192.168.128.1', 'cidr': '192.168.128.0/28', 'allocation_pools': [{'start': '192.168.128.2', 'end': '192.168.128.14'}], 'host_routes': [], 'dns_nameservers': [], 'description': '', 'router:external': False, 'service_types': [], 'tags': [], 'created_at': '2025-12-15T01:23:50Z', 'updated_at': '2025-12-15T01:23:50Z', 'revision_number': 0, 'project_id': '50e1f34376094dffa60b1ae98a3ad5a7'}, Router: {'id': 'abfea71d-4b5e-4be7-90cb-85888d955918', 'name': 'tempest-ServerGroupTestJSON-918261477-router', 'tenant_id': '50e1f34376094dffa60b1ae98a3ad5a7', 'admin_state_up': True, 'status': 'ACTIVE', 'external_gateway_info': {'network_id': 'f2a2cb57-acb6-46fd-a793-091537d513ad', 'external_fixed_ips': [{'subnet_id': 'ee314fe8-6514-4ad7-9100-ec0f7fee7bcc', 'ip_address': '10.180.180.221'}], 'enable_snat': True}, 'description': '', 'availability_zones': [], 'distributed': False, 'ha': False, 'availability_zone_hints': [], 'routes': [], 'flavor_id': None, 'tags': [], 'created_at': '2025-12-15T01:23:51Z', 'updated_at': '2025-12-15T01:23:51Z', 'revision_number': 2, 'project_id': '50e1f34376094dffa60b1ae98a3ad5a7'}
2025-12-15 01:23:52.941 65839 INFO tempest.lib.common.rest_client [req-39a641c4-80ed-4fb7-935e-45e11ac8dacc req-39a641c4-80ed-4fb7-935e-45e11ac8dacc ] Request (ServerDiskConfigTestJSON:test_rebuild_server_with_manual_disk_config): 200 GET http://10.180.1.21/compute/v2.1/servers/0b23981c-1f2b-471b-8ea4-2b4ed3010f12 1.821s
2025-12-15 01:23:52.946 65859 INFO tempest.lib.common.rest_client [req-f990c6d9-1c15-426a-8d3e-d2bac04393ab req-f990c6d9-1c15-426a-8d3e-d2bac04393ab ] Request (ServerGroupTestJSON:setUpClass): 201 POST http://10.180.1.21/identity/v3/auth/tokens 0.114s
2025-12-15 01:23:52.994 65861 INFO tempest.lib.common.rest_client [req-ace03073-35f4-4b79-beab-968e34f582f4 req-ace03073-35f4-4b79-beab-968e34f582f4 ] Request (VolumesAssistedSnapshotsTest:_run_cleanups): 200 GET http://10.180.1.21/compute/v2.1/servers/df41a992-6f2a-4c59-9519-8000b31f0630/os-volume_attachments 1.864s
2025-12-15 01:23:53.036 65861 INFO tempest.lib.common.rest_client [req-b4daa050-6eb1-4ef9-80c1-01fe9a7003c8 req-b4daa050-6eb1-4ef9-80c1-01fe9a7003c8 ] Request (VolumesAssistedSnapshotsTest:_run_cleanups): 200 GET http://10.180.1.21/volume/v3/volumes/5201e62f-3a4e-42ce-9e70-7ebe66095131 0.037s
2025-12-15 01:23:53.045 65861 INFO tempest.common.waiters [-] volume 5201e62f-3a4e-42ce-9e70-7ebe66095131 reached available after waiting for 0.045753 seconds
2025-12-15 01:23:53.114 65861 INFO tempest.lib.common.rest_client [req-621e7fda-e267-43e8-af2c-b814d2ef4a5e req-621e7fda-e267-43e8-af2c-b814d2ef4a5e ] Request (VolumesAssistedSnapshotsTest:_run_cleanups): 202 DELETE http://10.180.1.21/volume/v3/volumes/5201e62f-3a4e-42ce-9e70-7ebe66095131 0.067s
2025-12-15 01:23:53.116 65845 INFO tempest.lib.common.rest_client [req-497c4a7b-6211-4a8a-847a-7ab04ebc0c72 req-497c4a7b-6211-4a8a-847a-7ab04ebc0c72 ] Request (ServersAdminNegativeTestJSON:tearDownClass): 200 GET http://10.180.1.21/compute/v2.1/servers/cb8e464a-ddb6-4ff3-bebc-0ad76f155d9f 1.925s
2025-12-15 01:23:53.157 65861 INFO tempest.lib.common.rest_client [req-e7170ec2-22e3-4956-9360-99769ee282f9 req-e7170ec2-22e3-4956-9360-99769ee282f9 ] Request (VolumesAssistedSnapshotsTest:_run_cleanups): 200 GET http://10.180.1.21/volume/v3/volumes/5201e62f-3a4e-42ce-9e70-7ebe66095131 0.043s
2025-12-15 01:23:53.209 65847 INFO tempest.lib.common.rest_client [req-8508c761-7fe1-4de1-accf-5c7fff129321 req-8508c761-7fe1-4de1-accf-5c7fff129321 ] Request (ServersWithSpecificFlavorTestJSON:test_verify_created_server_ephemeral_disk): 202 POST http://10.180.1.21/compute/v2.1/servers 2.189s
2025-12-15 01:23:53.731 65841 INFO tempest.lib.common.rest_client [req-a3ed125c-28ba-4dad-b272-c889f931e259 req-a3ed125c-28ba-4dad-b272-c889f931e259 ] Request (ServerRescueTestJSON:setUpClass): 200 PUT http://10.180.1.21/networking/v2.0/routers/a40f1414-dec6-4fa2-a830-7c3ecb999156/add_router_interface 1.401s
2025-12-15 01:23:53.732 65841 INFO tempest.lib.common.dynamic_creds [-] Created isolated network resources for: credentials: Credentials: {'domain_id': 'default', 'domain_name': 'Default', 'username': 'tempest-ServerRescueTestJSON-1224779364-project-member', 'project_domain_id': 'default', 'project_domain_name': 'Default', 'project_id': '29b5123ae5cb4f31a6cc6fae66c62092', 'project_name': 'tempest-ServerRescueTestJSON-1224779364', 'tenant_id': '29b5123ae5cb4f31a6cc6fae66c62092', 'tenant_name': 'tempest-ServerRescueTestJSON-1224779364', 'user_domain_id': 'default', 'user_domain_name': 'Default', 'user_id': '6f805f164b704a5ab28e53802390ee0d', 'system': None}, Network: {'id': '6e98b8b0-1456-4842-9fd2-58eb058edf08', 'name': 'tempest-ServerRescueTestJSON-1779685803-network', 'tenant_id': '29b5123ae5cb4f31a6cc6fae66c62092', 'project_id': '29b5123ae5cb4f31a6cc6fae66c62092', 'admin_state_up': True, 'mtu': 8950, 'status': 'ACTIVE', 'subnets': [], 'shared': False, 'port_security_enabled': True, 'router:external': False, 'provider:network_type': 'vlan', 'provider:physical_network': 'default', 'provider:segmentation_id': 187, 'availability_zone_hints': [], 'availability_zones': [], 'ipv4_address_scope': None, 'ipv6_address_scope': None, 'description': '', 'tags': [], 'created_at': '2025-12-15T01:23:51Z', 'updated_at': '2025-12-15T01:23:51Z', 'revision_number': 1}, Subnet: {'id': '0cd01c2e-402a-4018-bc59-0f7c7b0f1b10', 'name': 'tempest-ServerRescueTestJSON-1779685803-subnet', 'tenant_id': '29b5123ae5cb4f31a6cc6fae66c62092', 'network_id': '6e98b8b0-1456-4842-9fd2-58eb058edf08', 'ip_version': 4, 'subnetpool_id': None, 'enable_dhcp': False, 'ipv6_ra_mode': None, 'ipv6_address_mode': None, 'gateway_ip': '192.168.128.1', 'cidr': '192.168.128.0/28', 'allocation_pools': [{'start': '192.168.128.2', 'end': '192.168.128.14'}], 'host_routes': [], 'dns_nameservers': [], 'description': '', 'router:external': False, 'service_types': [], 'tags': [], 'created_at': '2025-12-15T01:23:51Z', 'updated_at': '2025-12-15T01:23:51Z', 'revision_number': 0, 'project_id': '29b5123ae5cb4f31a6cc6fae66c62092'}, Router: {'id': 'a40f1414-dec6-4fa2-a830-7c3ecb999156', 'name': 'tempest-ServerRescueTestJSON-1779685803-router', 'tenant_id': '29b5123ae5cb4f31a6cc6fae66c62092', 'admin_state_up': True, 'status': 'ACTIVE', 'external_gateway_info': {'network_id': 'f2a2cb57-acb6-46fd-a793-091537d513ad', 'external_fixed_ips': [{'subnet_id': 'ee314fe8-6514-4ad7-9100-ec0f7fee7bcc', 'ip_address': '10.180.180.188'}], 'enable_snat': True}, 'description': '', 'availability_zones': [], 'distributed': False, 'ha': False, 'availability_zone_hints': [], 'routes': [], 'flavor_id': None, 'tags': [], 'created_at': '2025-12-15T01:23:51Z', 'updated_at': '2025-12-15T01:23:52Z', 'revision_number': 2, 'project_id': '29b5123ae5cb4f31a6cc6fae66c62092'}
2025-12-15 01:23:53.761 65871 INFO tempest.lib.common.rest_client [req-9c942cab-7145-466a-bbf0-670b3c854f01 req-9c942cab-7145-466a-bbf0-670b3c854f01 ] Request (TenantUsagesTestJSON:tearDownClass): 200 GET http://10.180.1.21/compute/v2.1/servers/28065556-49ce-441a-9f38-22fe341340aa 2.518s
2025-12-15 01:23:53.781 65833 INFO tempest.lib.common.rest_client [req-d7957f9b-a7d7-4dd6-b233-9041f3342fcf req-d7957f9b-a7d7-4dd6-b233-9041f3342fcf ] Request (ServerMetadataNegativeTestJSON:tearDownClass): 200 GET http://10.180.1.21/compute/v2.1/servers/5ec60abb-0f4e-4e7c-9084-28dad974fd62 2.478s
2025-12-15 01:23:53.800 65833 INFO tempest.common.waiters [-] State transition "ACTIVE/deleting" ==> "DELETED/None" after 6 second wait
2025-12-15 01:23:53.866 65891 INFO tempest.lib.common.rest_client [req-e02d97e4-5ded-451a-adac-015d715c9481 req-e02d97e4-5ded-451a-adac-015d715c9481 ] Request (FloatingIPsAssociationTestJSON:tearDownClass): 200 GET http://10.180.1.21/compute/v2.1/servers/34e974f9-c5c9-474c-8438-4ca5b4228534 2.491s
2025-12-15 01:23:53.883 65841 INFO tempest.lib.common.rest_client [req-5e953571-5599-412e-9f79-b56f298caa88 req-5e953571-5599-412e-9f79-b56f298caa88 ] Request (ServerRescueTestJSON:setUpClass): 201 POST http://10.180.1.21/identity/v3/auth/tokens 0.145s
2025-12-15 01:23:53.962 65841 INFO tempest.lib.common.rest_client [req-043ae387-2893-4980-9e5c-07677a87e09b req-043ae387-2893-4980-9e5c-07677a87e09b ] Request (ServerRescueTestJSON:setUpClass): 201 POST http://10.180.1.21/identity/v3/auth/tokens 0.067s
2025-12-15 01:23:53.963 65841 INFO tempest.lib.common.fixed_network [-] (ServerRescueTestJSON:setUpClass) Found network {'id': '6e98b8b0-1456-4842-9fd2-58eb058edf08', 'name': 'tempest-ServerRescueTestJSON-1779685803-network', 'tenant_id': '29b5123ae5cb4f31a6cc6fae66c62092', 'project_id': '29b5123ae5cb4f31a6cc6fae66c62092', 'admin_state_up': True, 'mtu': 8950, 'status': 'ACTIVE', 'subnets': [], 'shared': False, 'port_security_enabled': True, 'router:external': False, 'provider:network_type': 'vlan', 'provider:physical_network': 'default', 'provider:segmentation_id': 187, 'availability_zone_hints': [], 'availability_zones': [], 'ipv4_address_scope': None, 'ipv6_address_scope': None, 'description': '', 'tags': [], 'created_at': '2025-12-15T01:23:51Z', 'updated_at': '2025-12-15T01:23:51Z', 'revision_number': 1} available for tenant
2025-12-15 01:23:53.972 65837 INFO tempest.lib.common.rest_client [req-91e117ae-9be3-45e9-9de4-050583cb0cdf req-91e117ae-9be3-45e9-9de4-050583cb0cdf ] Request (ServerActionsTestOtherB:test_create_backup): 200 GET http://10.180.1.21/compute/v2.1/servers/6544e3e7-b8b2-4ae0-9f26-b2d6b04c7427 2.653s
2025-12-15 01:23:54.001 65849 INFO tempest.lib.common.rest_client [req-9ad36f84-7419-458c-b442-3c2cbc3e4738 req-9ad36f84-7419-458c-b442-3c2cbc3e4738 ] Request (AttachInterfacesTestJSON:test_create_list_show_delete_interfaces_by_fixed_ip): 200 GET http://10.180.1.21/compute/v2.1/servers/b09d6b97-c848-46ee-a434-41ab9647f9f5 2.572s
2025-12-15 01:23:54.005 65855 INFO tempest.lib.common.rest_client [req-e4888770-21eb-4150-8210-941d89e65b09 req-e4888770-21eb-4150-8210-941d89e65b09 ] Request (ImagesOneServerNegativeTestJSON:_run_cleanups): 404 GET http://10.180.1.21/compute/v2.1/servers/8a37350f-3736-4116-aedd-98bd8e6d8c10 2.295s
2025-12-15 01:23:54.101 65885 INFO tempest.lib.common.rest_client [req-d5f96176-139f-4e2c-8e78-f2147bfba9b9 req-d5f96176-139f-4e2c-8e78-f2147bfba9b9 ] Request (SecurityGroupsTestJSON:test_server_security_groups): 200 GET http://10.180.1.21/compute/v2.1/servers/e34f836a-4432-4a03-b11b-b985e872426a 2.192s
2025-12-15 01:23:54.108 65885 INFO tempest.common.waiters [-] State transition "BUILD/None" ==> "BUILD/block_device_mapping" after 25 second wait
2025-12-15 01:23:54.120 65851 INFO tempest.lib.common.rest_client [req-0e32adb4-9b3b-47b9-98d3-06b38a663e8a req-0e32adb4-9b3b-47b9-98d3-06b38a663e8a ] Request (ServerShowV257Test:test_rebuild_server): 200 GET http://10.180.1.21/compute/v2.1/servers/6f518126-0e37-479f-bf4f-c05f8eda360e 2.064s
2025-12-15 01:23:54.199 65875 INFO tempest.lib.common.rest_client [req-e05cdf60-5776-4a02-b9b1-8b045513c8b5 req-e05cdf60-5776-4a02-b9b1-8b045513c8b5 ] Request (ServerShowV247Test:tearDownClass): 200 GET http://10.180.1.21/compute/v2.1/servers/a1387a17-2ac7-4dd5-9922-4621e0457c5e 1.819s
2025-12-15 01:23:54.221 65861 INFO tempest.lib.common.rest_client [req-fef55c58-e3f6-4bed-85ff-5221cf61a8a5 req-fef55c58-e3f6-4bed-85ff-5221cf61a8a5 ] Request (VolumesAssistedSnapshotsTest:_run_cleanups): 200 GET http://10.180.1.21/volume/v3/volumes/5201e62f-3a4e-42ce-9e70-7ebe66095131 0.049s
2025-12-15 01:23:54.240 65873 INFO tempest.lib.common.rest_client [req-6a97b368-2dd2-41b9-944c-908c680ac674 req-6a97b368-2dd2-41b9-944c-908c680ac674 ] Request (ServerDiagnosticsNegativeTest:test_get_server_diagnostics_by_non_admin): 200 GET http://10.180.1.21/compute/v2.1/servers/6a1362d7-ac53-45d8-94ed-cc5dd39c9901 2.159s
2025-12-15 01:23:54.250 65873 INFO tempest.common.waiters [-] State transition "BUILD/spawning" ==> "ACTIVE/None" after 39 second wait
2025-12-15 01:23:54.261 65893 INFO tempest.lib.common.rest_client [req-9b032f9a-d647-494c-bfe3-eb381f33b70e req-9b032f9a-d647-494c-bfe3-eb381f33b70e ] Request (ImagesTestJSON:test_create_image_from_suspended_server): 200 GET http://10.180.1.21/compute/v2.1/servers/0c32065f-3dd9-408f-a921-f173fc52712d 1.868s
2025-12-15 01:23:54.313 65867 INFO tempest.lib.common.rest_client [req-3717fcdd-9d66-4abb-b9c9-0eb6d2d9046e req-3717fcdd-9d66-4abb-b9c9-0eb6d2d9046e ] Request (ServersAdminTestJSON:tearDownClass): 200 GET http://10.180.1.21/compute/v2.1/servers/a90ad9c9-0adf-4632-863e-c957bec89455 1.731s
2025-12-15 01:23:54.324 65881 INFO tempest.lib.common.rest_client [req-b30c7ba0-157b-4f09-806f-c979b8ab81c7 req-b30c7ba0-157b-4f09-806f-c979b8ab81c7 ] Request (MigrationsAdminTest:test_resize_server_revert_deleted_flavor): 200 GET http://10.180.1.21/compute/v2.1/servers/afd86801-09c8-4eae-892b-bcbbd9bf7075 1.426s
2025-12-15 01:23:54.380 65847 INFO tempest.lib.common.rest_client [req-826c1102-a1cb-447c-b968-f02697d38657 req-826c1102-a1cb-447c-b968-f02697d38657 ] Request (ServersWithSpecificFlavorTestJSON:test_verify_created_server_ephemeral_disk): 200 GET http://10.180.1.21/compute/v2.1/servers/0e7eccc0-abfd-47f9-9a11-067f18778ae3 1.169s
2025-12-15 01:23:54.463 65863 INFO tempest.lib.common.rest_client [req-c39a8ad5-03c9-428c-8bee-144d961f6569 req-c39a8ad5-03c9-428c-8bee-144d961f6569 ] Request (ServersListShow296Test:tearDownClass): 200 GET http://10.180.1.21/compute/v2.1/servers/8e2f03c8-86b6-40b1-b9cb-b4d855365bec 1.077s
2025-12-15 01:23:54.476 65859 INFO tempest.lib.common.rest_client [req-218f11f5-b3af-4097-a9f6-206ed3f8cab0 req-218f11f5-b3af-4097-a9f6-206ed3f8cab0 ] Request (ServerGroupTestJSON:setUp): 200 POST http://10.180.1.21/compute/v2.1/os-server-groups 1.529s
2025-12-15 01:23:54.556 65839 INFO tempest.lib.common.rest_client [req-b45f28bc-7f93-4f64-8593-0271a06a0d8e req-b45f28bc-7f93-4f64-8593-0271a06a0d8e ] Request (ServerDiskConfigTestJSON:test_rebuild_server_with_manual_disk_config): 200 GET http://10.180.1.21/compute/v2.1/servers/0b23981c-1f2b-471b-8ea4-2b4ed3010f12 0.603s
2025-12-15 01:23:54.609 65855 INFO tempest.lib.common.rest_client [req-1f6a9ea2-4c57-436c-a708-1d6252ea4585 req-1f6a9ea2-4c57-436c-a708-1d6252ea4585 ] Request (ImagesOneServerNegativeTestJSON:_run_cleanups): 200 POST http://10.180.1.21/compute/v2.1/os-keypairs 0.599s
2025-12-15 01:23:54.737 65855 INFO tempest.lib.common.rest_client [req-e728ec2a-182c-4485-8449-97dd382c4ab0 req-e728ec2a-182c-4485-8449-97dd382c4ab0 ] Request (ImagesOneServerNegativeTestJSON:_run_cleanups): 201 POST http://10.180.1.21/networking/v2.0/security-groups 0.126s
2025-12-15 01:23:54.823 65845 INFO tempest.lib.common.rest_client [req-3ab427c7-7bf3-4702-bacd-d6d26c9b0b56 req-3ab427c7-7bf3-4702-bacd-d6d26c9b0b56 ] Request (ServersAdminNegativeTestJSON:tearDownClass): 200 GET http://10.180.1.21/compute/v2.1/servers/cb8e464a-ddb6-4ff3-bebc-0ad76f155d9f 0.694s
2025-12-15 01:23:54.858 65873 INFO tempest.lib.common.rest_client [req-85cbe236-fd0a-4158-9fc4-c0290f93a161 req-85cbe236-fd0a-4158-9fc4-c0290f93a161 ] Request (ServerDiagnosticsNegativeTest:test_get_server_diagnostics_by_non_admin): 403 GET http://10.180.1.21/compute/v2.1/servers/6a1362d7-ac53-45d8-94ed-cc5dd39c9901/diagnostics 0.607s
2025-12-15 01:23:54.923 65855 INFO tempest.lib.common.rest_client [req-2d7c052c-cc52-4f7e-bb0b-bdf5ee43f7fe req-2d7c052c-cc52-4f7e-bb0b-bdf5ee43f7fe ] Request (ImagesOneServerNegativeTestJSON:_run_cleanups): 201 POST http://10.180.1.21/networking/v2.0/security-group-rules 0.186s
2025-12-15 01:23:54.945 65859 INFO tempest.lib.common.rest_client [req-529db00b-104f-47ef-a59f-5a87ddf01d33 req-529db00b-104f-47ef-a59f-5a87ddf01d33 ] Request (ServerGroupTestJSON:test_create_delete_multiple_server_groups_with_same_name_policy): 200 POST http://10.180.1.21/compute/v2.1/os-server-groups 0.465s
2025-12-15 01:23:55.023 65855 INFO tempest.lib.common.rest_client [req-98bec3dd-ba85-4a27-ae7a-475ceed7322c req-98bec3dd-ba85-4a27-ae7a-475ceed7322c ] Request (ImagesOneServerNegativeTestJSON:_run_cleanups): 201 POST http://10.180.1.21/networking/v2.0/security-group-rules 0.100s
2025-12-15 01:23:55.114 65871 INFO tempest.lib.common.rest_client [req-38c2ab70-972e-4512-85ff-56f658d98c73 req-38c2ab70-972e-4512-85ff-56f658d98c73 ] Request (TenantUsagesTestJSON:tearDownClass): 200 GET http://10.180.1.21/compute/v2.1/servers/28065556-49ce-441a-9f38-22fe341340aa 0.344s
2025-12-15 01:23:55.290 65861 INFO tempest.lib.common.rest_client [req-8aeec679-04be-4185-aab5-f7bdba489ee6 req-8aeec679-04be-4185-aab5-f7bdba489ee6 ] Request (VolumesAssistedSnapshotsTest:_run_cleanups): 200 GET http://10.180.1.21/volume/v3/volumes/5201e62f-3a4e-42ce-9e70-7ebe66095131 0.057s
2025-12-15 01:23:55.464 65869 WARNING tempest.lib.common.ssh [-] Failed to establish authenticated ssh connection to cirros@10.180.180.212 ([Errno None] Unable to connect to port 22 on 10.180.180.212). Number attempts: 10. Retry after 11 seconds.: paramiko.ssh_exception.NoValidConnectionsError: [Errno None] Unable to connect to port 22 on 10.180.180.212
2025-12-15 01:23:55.605 65855 INFO tempest.lib.common.rest_client [req-3b724370-f075-4fcc-aebc-d390a6d7cb8a req-3b724370-f075-4fcc-aebc-d390a6d7cb8a ] Request (ImagesOneServerNegativeTestJSON:_run_cleanups): 201 POST http://10.180.1.21/networking/v2.0/floatingips 0.581s
2025-12-15 01:23:55.675 65855 INFO tempest.lib.common.rest_client [req-3355c156-0df6-426e-8b97-f9b0b3bcec46 req-3355c156-0df6-426e-8b97-f9b0b3bcec46 ] Request (ImagesOneServerNegativeTestJSON:_run_cleanups): 201 POST http://10.180.1.21/identity/v3/auth/tokens 0.066s
2025-12-15 01:23:55.676 65855 INFO tempest.lib.common.fixed_network [-] (ImagesOneServerNegativeTestJSON:_run_cleanups) Found network {'id': '1a84eee8-accc-4e10-a467-977ab202b2ab', 'name': 'tempest-ImagesOneServerNegativeTestJSON-1836591421-network', 'tenant_id': 'c6f2ba24a5084158af39a5fa4c67eb16', 'project_id': 'c6f2ba24a5084158af39a5fa4c67eb16', 'admin_state_up': True, 'mtu': 8950, 'status': 'ACTIVE', 'subnets': [], 'shared': False, 'port_security_enabled': True, 'router:external': False, 'provider:network_type': 'vlan', 'provider:physical_network': 'default', 'provider:segmentation_id': 16, 'availability_zone_hints': [], 'availability_zones': [], 'ipv4_address_scope': None, 'ipv6_address_scope': None, 'description': '', 'tags': [], 'created_at': '2025-12-15T01:21:58Z', 'updated_at': '2025-12-15T01:21:58Z', 'revision_number': 1} available for tenant
2025-12-15 01:23:55.685 65833 INFO tempest.lib.common.rest_client [req-9b6c0ed7-bfab-4b38-97b6-4fa4f27dc444 req-9b6c0ed7-bfab-4b38-97b6-4fa4f27dc444 ] Request (ServerMetadataNegativeTestJSON:tearDownClass): 200 GET http://10.180.1.21/compute/v2.1/servers/5ec60abb-0f4e-4e7c-9084-28dad974fd62 0.884s
2025-12-15 01:23:55.820 65873 INFO tempest.lib.common.rest_client [req-7c61dd46-06d6-4ac7-aa82-b01a7b3a282a req-7c61dd46-06d6-4ac7-aa82-b01a7b3a282a ] Request (ServerDiagnosticsNegativeTest:tearDownClass): 204 DELETE http://10.180.1.21/compute/v2.1/servers/6a1362d7-ac53-45d8-94ed-cc5dd39c9901 0.957s
2025-12-15 01:23:55.820 65841 INFO tempest.lib.common.rest_client [req-abd41948-d5e1-49af-bd76-c85a018f4523 req-abd41948-d5e1-49af-bd76-c85a018f4523 ] Request (ServerRescueTestJSON:setUpClass): 202 POST http://10.180.1.21/compute/v2.1/servers 1.857s
2025-12-15 01:23:55.853 65891 INFO tempest.lib.common.rest_client [req-0d864949-f9da-4c35-8255-59fc7e483579 req-0d864949-f9da-4c35-8255-59fc7e483579 ] Request (FloatingIPsAssociationTestJSON:tearDownClass): 404 GET http://10.180.1.21/compute/v2.1/servers/34e974f9-c5c9-474c-8438-4ca5b4228534 0.969s
2025-12-15 01:23:55.905 65859 INFO tempest.lib.common.rest_client [req-e4803c99-3a79-428b-bf25-a5b2a4780d28 req-e4803c99-3a79-428b-bf25-a5b2a4780d28 ] Request (ServerGroupTestJSON:test_create_delete_multiple_server_groups_with_same_name_policy): 200 POST http://10.180.1.21/compute/v2.1/os-server-groups 0.957s
2025-12-15 01:23:55.951 65843 WARNING tempest.lib.common.ssh [-] Failed to establish authenticated ssh connection to cirros@10.180.180.231 ([Errno None] Unable to connect to port 22 on 10.180.180.231). Number attempts: 6. Retry after 7 seconds.: paramiko.ssh_exception.NoValidConnectionsError: [Errno None] Unable to connect to port 22 on 10.180.180.231
2025-12-15 01:23:56.020 65849 INFO tempest.lib.common.rest_client [req-8b26fd70-26b6-457f-a1cf-371b129af83e req-8b26fd70-26b6-457f-a1cf-371b129af83e ] Request (AttachInterfacesTestJSON:test_create_list_show_delete_interfaces_by_fixed_ip): 200 GET http://10.180.1.21/compute/v2.1/servers/b09d6b97-c848-46ee-a434-41ab9647f9f5 1.011s
2025-12-15 01:23:56.028 65849 INFO tempest.common.waiters [-] State transition "BUILD/None" ==> "BUILD/networking" after 23 second wait
2025-12-15 01:23:56.057 65837 INFO tempest.lib.common.rest_client [req-6b662e66-6e31-46bc-86b7-d57926d2e544 req-6b662e66-6e31-46bc-86b7-d57926d2e544 ] Request (ServerActionsTestOtherB:test_create_backup): 200 GET http://10.180.1.21/compute/v2.1/servers/6544e3e7-b8b2-4ae0-9f26-b2d6b04c7427 1.076s
2025-12-15 01:23:56.169 65851 INFO tempest.lib.common.rest_client [req-9b237af3-5623-48bc-9d17-3762afdf56cd req-9b237af3-5623-48bc-9d17-3762afdf56cd ] Request (ServerShowV257Test:test_rebuild_server): 200 GET http://10.180.1.21/compute/v2.1/servers/6f518126-0e37-479f-bf4f-c05f8eda360e 1.037s
2025-12-15 01:23:56.196 65885 INFO tempest.lib.common.rest_client [req-e56f6abd-2b1d-42af-9e11-c8056578e372 req-e56f6abd-2b1d-42af-9e11-c8056578e372 ] Request (SecurityGroupsTestJSON:test_server_security_groups): 200 GET http://10.180.1.21/compute/v2.1/servers/e34f836a-4432-4a03-b11b-b985e872426a 1.086s
2025-12-15 01:23:56.206 65885 INFO tempest.common.waiters [-] State transition "BUILD/block_device_mapping" ==> "BUILD/spawning" after 27 second wait
2025-12-15 01:23:56.251 65875 INFO tempest.lib.common.rest_client [req-fa5a385d-a8ca-4dd4-85c8-5f5759a54f66 req-fa5a385d-a8ca-4dd4-85c8-5f5759a54f66 ] Request (ServerShowV247Test:tearDownClass): 200 GET http://10.180.1.21/compute/v2.1/servers/a1387a17-2ac7-4dd5-9922-4621e0457c5e 1.036s
2025-12-15 01:23:56.258 65893 INFO tempest.lib.common.rest_client [req-d2c16cf9-1c55-4fa7-aa56-3ebea57367e8 req-d2c16cf9-1c55-4fa7-aa56-3ebea57367e8 ] Request (ImagesTestJSON:test_create_image_from_suspended_server): 200 GET http://10.180.1.21/compute/v2.1/servers/0c32065f-3dd9-408f-a921-f173fc52712d 0.983s
2025-12-15 01:23:56.321 65861 INFO tempest.lib.common.rest_client [req-946de745-fa60-4cdf-b3f4-2a863398d490 req-946de745-fa60-4cdf-b3f4-2a863398d490 ] Request (VolumesAssistedSnapshotsTest:_run_cleanups): 404 GET http://10.180.1.21/volume/v3/volumes/5201e62f-3a4e-42ce-9e70-7ebe66095131 0.017s
2025-12-15 01:23:56.468 65835 WARNING tempest.lib.common.ssh [-] Failed to establish authenticated ssh connection to cirros@10.180.180.214 ([Errno None] Unable to connect to port 22 on 10.180.180.214). Number attempts: 5. Retry after 6 seconds.: paramiko.ssh_exception.NoValidConnectionsError: [Errno None] Unable to connect to port 22 on 10.180.180.214
2025-12-15 01:23:56.635 65881 INFO tempest.lib.common.rest_client [req-bd878106-087c-4876-8dca-2b6cf0c4d107 req-bd878106-087c-4876-8dca-2b6cf0c4d107 ] Request (MigrationsAdminTest:test_resize_server_revert_deleted_flavor): 200 GET http://10.180.1.21/compute/v2.1/servers/afd86801-09c8-4eae-892b-bcbbd9bf7075 1.301s
2025-12-15 01:23:56.652 65867 INFO tempest.lib.common.rest_client [req-11a1edc9-999e-4f19-9c22-4b17a8bdd4bd req-11a1edc9-999e-4f19-9c22-4b17a8bdd4bd ] Request (ServersAdminTestJSON:tearDownClass): 200 GET http://10.180.1.21/compute/v2.1/servers/a90ad9c9-0adf-4632-863e-c957bec89455 1.321s
2025-12-15 01:23:56.679 65891 INFO tempest.lib.common.rest_client [req-4b262708-741d-4d21-9689-c00cd111d6b4 req-4b262708-741d-4d21-9689-c00cd111d6b4 ] Request (FloatingIPsAssociationTestJSON:tearDownClass): 200 PUT http://10.180.1.21/networking/v2.0/routers/97326e89-c595-4f1b-9371-5179efd4bf21/remove_router_interface 0.825s
2025-12-15 01:23:57.174 65891 INFO tempest.lib.common.rest_client [req-c4fed008-1830-403f-aed7-3fb4d9aacd1d req-c4fed008-1830-403f-aed7-3fb4d9aacd1d ] Request (FloatingIPsAssociationTestJSON:tearDownClass): 204 DELETE http://10.180.1.21/networking/v2.0/routers/97326e89-c595-4f1b-9371-5179efd4bf21 0.495s
2025-12-15 01:23:57.206 65847 INFO tempest.lib.common.rest_client [req-8933e342-76af-4694-b0a3-e94afba0b382 req-8933e342-76af-4694-b0a3-e94afba0b382 ] Request (ServersWithSpecificFlavorTestJSON:test_verify_created_server_ephemeral_disk): 200 GET http://10.180.1.21/compute/v2.1/servers/0e7eccc0-abfd-47f9-9a11-067f18778ae3 1.817s
2025-12-15 01:23:57.215 65847 INFO tempest.common.waiters [-] State transition "BUILD/scheduling" ==> "BUILD/None" after 3 second wait
2025-12-15 01:23:57.224 65863 INFO tempest.lib.common.rest_client [req-828cd9e3-b4d4-423a-a0bb-f084f16de359 req-828cd9e3-b4d4-423a-a0bb-f084f16de359 ] Request (ServersListShow296Test:tearDownClass): 200 GET http://10.180.1.21/compute/v2.1/servers/8e2f03c8-86b6-40b1-b9cb-b4d855365bec 1.745s
2025-12-15 01:23:57.349 65891 INFO tempest.lib.common.rest_client [req-25e3a59d-3fc6-4fb9-9a68-6d295a26debb req-25e3a59d-3fc6-4fb9-9a68-6d295a26debb ] Request (FloatingIPsAssociationTestJSON:tearDownClass): 204 DELETE http://10.180.1.21/networking/v2.0/subnets/4e858e8d-e88c-448c-a4f8-eba76ccc3092 0.175s
2025-12-15 01:23:57.361 65889 WARNING tempest.lib.common.ssh [-] Failed to establish authenticated ssh connection to cirros@10.180.180.150 ([Errno None] Unable to connect to port 22 on 10.180.180.150). Number attempts: 9. Retry after 10 seconds.: paramiko.ssh_exception.NoValidConnectionsError: [Errno None] Unable to connect to port 22 on 10.180.180.150
2025-12-15 01:23:57.388 65839 INFO tempest.lib.common.rest_client [req-ffe8f84a-711f-4ab5-9a25-849240c78e1c req-ffe8f84a-711f-4ab5-9a25-849240c78e1c ] Request (ServerDiskConfigTestJSON:test_rebuild_server_with_manual_disk_config): 200 GET http://10.180.1.21/compute/v2.1/servers/0b23981c-1f2b-471b-8ea4-2b4ed3010f12 1.822s
2025-12-15 01:23:57.680 65891 INFO tempest.lib.common.rest_client [req-80d15b70-68ac-463e-976f-08120f226894 req-80d15b70-68ac-463e-976f-08120f226894 ] Request (FloatingIPsAssociationTestJSON:tearDownClass): 204 DELETE http://10.180.1.21/networking/v2.0/networks/81903c3e-79c7-45de-b261-efedd53bd0ff 0.330s
2025-12-15 01:23:57.770 65891 INFO tempest.lib.common.rest_client [req-d3357267-b8c8-4d2f-8cc1-06274d041a5b req-d3357267-b8c8-4d2f-8cc1-06274d041a5b ] Request (FloatingIPsAssociationTestJSON:tearDownClass): 204 DELETE http://10.180.1.21/identity/v3/users/15a003eff92a444a8e190e1c16d8e3cf 0.090s
2025-12-15 01:23:57.770 65891 INFO tempest.lib.common.dynamic_creds [-] Deleting project and security group for project: 37652f759c3a40c99570a1deff6c085a
2025-12-15 01:23:57.849 65891 INFO tempest.lib.common.rest_client [req-f7e2806b-9c93-4155-85fc-3ebbc778ea9f req-f7e2806b-9c93-4155-85fc-3ebbc778ea9f ] Request (FloatingIPsAssociationTestJSON:tearDownClass): 200 GET http://10.180.1.21/networking/v2.0/security-groups?tenant_id=37652f759c3a40c99570a1deff6c085a&name=default 0.079s
2025-12-15 01:23:57.859 65887 WARNING tempest.lib.common.ssh [-] Failed to establish authenticated ssh connection to cirros@10.180.180.207 ([Errno None] Unable to connect to port 22 on 10.180.180.207). Number attempts: 6. Retry after 7 seconds.: paramiko.ssh_exception.NoValidConnectionsError: [Errno None] Unable to connect to port 22 on 10.180.180.207
2025-12-15 01:23:57.884 65873 INFO tempest.lib.common.rest_client [req-ade5eefa-9134-457e-a970-b9ef43ae2968 req-ade5eefa-9134-457e-a970-b9ef43ae2968 ] Request (ServerDiagnosticsNegativeTest:tearDownClass): 200 GET http://10.180.1.21/compute/v2.1/servers/6a1362d7-ac53-45d8-94ed-cc5dd39c9901 2.063s
2025-12-15 01:23:58.075 65891 INFO tempest.lib.common.rest_client [req-4b07e5a2-0c33-40d9-b776-e9d5000c33da req-4b07e5a2-0c33-40d9-b776-e9d5000c33da ] Request (FloatingIPsAssociationTestJSON:tearDownClass): 204 DELETE http://10.180.1.21/networking/v2.0/security-groups/fc157df5-294c-4a29-82ae-e1ec842611f3 0.225s
2025-12-15 01:23:58.102 65841 INFO tempest.lib.common.rest_client [req-d682f4e8-a4f6-4b61-ac4f-a45e9fcf8866 req-d682f4e8-a4f6-4b61-ac4f-a45e9fcf8866 ] Request (ServerRescueTestJSON:setUpClass): 200 GET http://10.180.1.21/compute/v2.1/servers/02c1b8ef-1fe2-4f55-8f8f-eac7549cd1bd 2.277s
2025-12-15 01:23:58.209 65891 INFO tempest.lib.common.rest_client [req-8fcb09ec-413a-4264-b185-76bf9fee5231 req-8fcb09ec-413a-4264-b185-76bf9fee5231 ] Request (FloatingIPsAssociationTestJSON:tearDownClass): 204 DELETE http://10.180.1.21/identity/v3/projects/37652f759c3a40c99570a1deff6c085a 0.133s
2025-12-15 01:23:58.253 65845 INFO tempest.lib.common.rest_client [req-51a0c0a7-a34e-4a5a-b552-c904245606c6 req-51a0c0a7-a34e-4a5a-b552-c904245606c6 ] Request (ServersAdminNegativeTestJSON:tearDownClass): 200 GET http://10.180.1.21/compute/v2.1/servers/cb8e464a-ddb6-4ff3-bebc-0ad76f155d9f 2.417s
2025-12-15 01:23:58.379 65859 INFO tempest.lib.common.rest_client [req-f2e20f79-400c-4d10-99ff-4381b9c59594 req-f2e20f79-400c-4d10-99ff-4381b9c59594 ] Request (ServerGroupTestJSON:test_create_delete_multiple_server_groups_with_same_name_policy): 204 DELETE http://10.180.1.21/compute/v2.1/os-server-groups/5e10a9b0-5f61-432e-a1db-d32b49183195 2.472s
2025-12-15 01:23:58.413 65855 INFO tempest.lib.common.rest_client [req-3a251543-82f2-4fc5-ae0a-9881bb847c27 req-3a251543-82f2-4fc5-ae0a-9881bb847c27 ] Request (ImagesOneServerNegativeTestJSON:_run_cleanups): 202 POST http://10.180.1.21/compute/v2.1/servers 2.737s
2025-12-15 01:23:58.464 65871 INFO tempest.lib.common.rest_client [req-5c007e01-861d-458c-b87b-fc60a3dd7c50 req-5c007e01-861d-458c-b87b-fc60a3dd7c50 ] Request (TenantUsagesTestJSON:tearDownClass): 200 GET http://10.180.1.21/compute/v2.1/servers/28065556-49ce-441a-9f38-22fe341340aa 2.337s
2025-12-15 01:23:58.516 65861 INFO tempest.lib.common.rest_client [req-e3e3a4d6-d1c5-4d0f-8a4f-af7ea9f65f38 req-e3e3a4d6-d1c5-4d0f-8a4f-af7ea9f65f38 ] Request (VolumesAssistedSnapshotsTest:tearDownClass): 204 DELETE http://10.180.1.21/compute/v2.1/servers/df41a992-6f2a-4c59-9519-8000b31f0630 2.188s
2025-12-15 01:23:58.590 65833 INFO tempest.lib.common.rest_client [req-9afb5950-8db0-474c-ae52-9ce1dcded269 req-9afb5950-8db0-474c-ae52-9ce1dcded269 ] Request (ServerMetadataNegativeTestJSON:tearDownClass): 200 GET http://10.180.1.21/compute/v2.1/servers/5ec60abb-0f4e-4e7c-9084-28dad974fd62 1.897s
2025-12-15 01:23:58.657 65849 INFO tempest.lib.common.rest_client [req-ff9aebe9-a870-4f4f-80ec-1a4aef00b822 req-ff9aebe9-a870-4f4f-80ec-1a4aef00b822 ] Request (AttachInterfacesTestJSON:test_create_list_show_delete_interfaces_by_fixed_ip): 200 GET http://10.180.1.21/compute/v2.1/servers/b09d6b97-c848-46ee-a434-41ab9647f9f5 1.628s
2025-12-15 01:23:58.664 65849 INFO tempest.common.waiters [-] State transition "BUILD/networking" ==> "BUILD/spawning" after 25 second wait
2025-12-15 01:23:58.705 65851 INFO tempest.lib.common.rest_client [req-f209247e-98ab-4188-b365-eaa9c247e59f req-f209247e-98ab-4188-b365-eaa9c247e59f ] Request (ServerShowV257Test:test_rebuild_server): 200 GET http://10.180.1.21/compute/v2.1/servers/6f518126-0e37-479f-bf4f-c05f8eda360e 1.524s
2025-12-15 01:23:58.711 65837 INFO tempest.lib.common.rest_client [req-9be7383a-41ea-459a-b8f9-0c41d3071500 req-9be7383a-41ea-459a-b8f9-0c41d3071500 ] Request (ServerActionsTestOtherB:test_create_backup): 200 GET http://10.180.1.21/compute/v2.1/servers/6544e3e7-b8b2-4ae0-9f26-b2d6b04c7427 1.646s
2025-12-15 01:23:58.776 65875 INFO tempest.lib.common.rest_client [req-0ff5818d-a215-4e4d-bbca-70895ef7dadd req-0ff5818d-a215-4e4d-bbca-70895ef7dadd ] Request (ServerShowV247Test:tearDownClass): 200 GET http://10.180.1.21/compute/v2.1/servers/a1387a17-2ac7-4dd5-9922-4621e0457c5e 1.510s
2025-12-15 01:23:58.850 65885 INFO tempest.lib.common.rest_client [req-960d4ce7-ad3a-4e9f-83c2-7fedfd613155 req-960d4ce7-ad3a-4e9f-83c2-7fedfd613155 ] Request (SecurityGroupsTestJSON:test_server_security_groups): 200 GET http://10.180.1.21/compute/v2.1/servers/e34f836a-4432-4a03-b11b-b985e872426a 1.643s
2025-12-15 01:23:58.850 65893 INFO tempest.lib.common.rest_client [req-00dac196-ffa6-4fe1-bca0-b3096a4e7391 req-00dac196-ffa6-4fe1-bca0-b3096a4e7391 ] Request (ImagesTestJSON:test_create_image_from_suspended_server): 200 GET http://10.180.1.21/compute/v2.1/servers/0c32065f-3dd9-408f-a921-f173fc52712d 1.582s
2025-12-15 01:23:58.860 65893 INFO tempest.common.waiters [-] State transition "BUILD/None" ==> "BUILD/networking" after 25 second wait
2025-12-15 01:23:58.875 65883 INFO paramiko.transport [-] Connected (version 2.0, client dropbear_2020.81)
2025-12-15 01:23:58.906 65881 INFO tempest.lib.common.rest_client [req-952ca889-b890-4924-bcc8-29b19f633f8c req-952ca889-b890-4924-bcc8-29b19f633f8c ] Request (MigrationsAdminTest:test_resize_server_revert_deleted_flavor): 200 GET http://10.180.1.21/compute/v2.1/servers/afd86801-09c8-4eae-892b-bcbbd9bf7075 1.264s
2025-12-15 01:23:58.929 65867 INFO tempest.lib.common.rest_client [req-cdbd38e7-b419-4102-8707-27038c39f81c req-cdbd38e7-b419-4102-8707-27038c39f81c ] Request (ServersAdminTestJSON:tearDownClass): 200 GET http://10.180.1.21/compute/v2.1/servers/a90ad9c9-0adf-4632-863e-c957bec89455 1.264s
2025-12-15 01:23:58.950 65863 INFO tempest.lib.common.rest_client [req-5035a13a-5384-403e-a0ee-54d7ab44578c req-5035a13a-5384-403e-a0ee-54d7ab44578c ] Request (ServersListShow296Test:tearDownClass): 404 GET http://10.180.1.21/compute/v2.1/servers/8e2f03c8-86b6-40b1-b9cb-b4d855365bec 0.710s
2025-12-15 01:23:58.970 65847 INFO tempest.lib.common.rest_client [req-b35c13a4-4ee4-4d16-a8df-6d555d53c1c1 req-b35c13a4-4ee4-4d16-a8df-6d555d53c1c1 ] Request (ServersWithSpecificFlavorTestJSON:test_verify_created_server_ephemeral_disk): 200 GET http://10.180.1.21/compute/v2.1/servers/0e7eccc0-abfd-47f9-9a11-067f18778ae3 0.750s
2025-12-15 01:23:58.973 65859 INFO tempest.lib.common.rest_client [req-f82d5deb-d52e-4ab2-9f62-a5673e220539 req-f82d5deb-d52e-4ab2-9f62-a5673e220539 ] Request (ServerGroupTestJSON:test_create_delete_multiple_server_groups_with_same_name_policy): 200 GET http://10.180.1.21/compute/v2.1/os-server-groups 0.594s
2025-12-15 01:23:58.988 65883 INFO paramiko.transport [-] Authentication (publickey) successful!
2025-12-15 01:23:58.989 65883 INFO tempest.lib.common.ssh [-] ssh connection to cirros@10.180.180.241 successfully created
2025-12-15 01:23:59.021 65855 INFO tempest.lib.common.rest_client [req-abde8033-c7d9-4a6d-a2f2-bf9532c1b178 req-abde8033-c7d9-4a6d-a2f2-bf9532c1b178 ] Request (ImagesOneServerNegativeTestJSON:_run_cleanups): 200 GET http://10.180.1.21/compute/v2.1/servers/404ab8d1-1a57-4caf-9652-e7bc75216ea0 0.606s
2025-12-15 01:23:59.044 65839 INFO tempest.lib.common.rest_client [req-0629f2bf-b93f-44bf-a98e-05762b7d991c req-0629f2bf-b93f-44bf-a98e-05762b7d991c ] Request (ServerDiskConfigTestJSON:test_rebuild_server_with_manual_disk_config): 200 GET http://10.180.1.21/compute/v2.1/servers/0b23981c-1f2b-471b-8ea4-2b4ed3010f12 0.648s
2025-12-15 01:23:59.106 65863 INFO tempest.lib.common.rest_client [req-2582699e-c2ab-40ab-bb2c-c75c87203af5 req-2582699e-c2ab-40ab-bb2c-c75c87203af5 ] Request (ServersListShow296Test:tearDownClass): 204 DELETE http://10.180.1.21/identity/v3/users/8c5b417d99a846229551f465324e4fb9 0.155s
2025-12-15 01:23:59.106 65863 INFO tempest.lib.common.dynamic_creds [-] Deleting project and security group for project: dcf9935e74db402496a1f1432a33e28b
2025-12-15 01:23:59.202 65863 INFO tempest.lib.common.rest_client [req-a5800143-9c06-4ed2-a0ca-587df2137ebd req-a5800143-9c06-4ed2-a0ca-587df2137ebd ] Request (ServersListShow296Test:tearDownClass): 201 POST http://10.180.1.21/identity/v3/auth/tokens 0.096s
2025-12-15 01:23:59.217 65873 INFO tempest.lib.common.rest_client [req-5fbbfe47-bbc0-419e-80bf-8d03b9223d06 req-5fbbfe47-bbc0-419e-80bf-8d03b9223d06 ] Request (ServerDiagnosticsNegativeTest:tearDownClass): 200 GET http://10.180.1.21/compute/v2.1/servers/6a1362d7-ac53-45d8-94ed-cc5dd39c9901 0.325s
2025-12-15 01:23:59.242 65861 INFO tempest.lib.common.rest_client [req-4292f6fb-5a9f-49fc-9bcf-ade24ab1a8b9 req-4292f6fb-5a9f-49fc-9bcf-ade24ab1a8b9 ] Request (VolumesAssistedSnapshotsTest:tearDownClass): 200 GET http://10.180.1.21/compute/v2.1/servers/df41a992-6f2a-4c59-9519-8000b31f0630 0.726s
2025-12-15 01:23:59.270 65859 INFO tempest.lib.common.rest_client [req-3fcc84d8-4028-4f40-807c-09ad7170bb51 req-3fcc84d8-4028-4f40-807c-09ad7170bb51 ] Request (ServerGroupTestJSON:test_create_delete_multiple_server_groups_with_same_name_policy): 204 DELETE http://10.180.1.21/compute/v2.1/os-server-groups/743a1a87-81e4-4954-b6c8-09590c9a0f3a 0.295s
2025-12-15 01:23:59.326 65883 INFO tempest.lib.common.rest_client [req-19d556e6-33da-4279-a139-d6a12bcfe181 req-19d556e6-33da-4279-a139-d6a12bcfe181 ] Request (ServersTestJSON:test_list_servers): 200 GET http://10.180.1.21/compute/v2.1/servers 0.326s
2025-12-15 01:23:59.465 65841 INFO tempest.lib.common.rest_client [req-a6feb6b7-db6d-43f5-a242-a0393f6cdffa req-a6feb6b7-db6d-43f5-a242-a0393f6cdffa ] Request (ServerRescueTestJSON:setUpClass): 200 GET http://10.180.1.21/compute/v2.1/servers/02c1b8ef-1fe2-4f55-8f8f-eac7549cd1bd 0.354s
2025-12-15 01:23:59.478 65863 INFO tempest.lib.common.rest_client [req-2444a2cc-a651-4f36-99cd-8991e3f674c2 req-2444a2cc-a651-4f36-99cd-8991e3f674c2 ] Request (ServersListShow296Test:tearDownClass): 200 GET http://10.180.1.21/networking/v2.0/security-groups?tenant_id=dcf9935e74db402496a1f1432a33e28b&name=default 0.275s
2025-12-15 01:23:59.488 65859 INFO tempest.lib.common.rest_client [req-0bed6ae6-469e-4836-8248-8870e18b5fdd req-0bed6ae6-469e-4836-8248-8870e18b5fdd ] Request (ServerGroupTestJSON:test_create_delete_multiple_server_groups_with_same_name_policy): 200 GET http://10.180.1.21/compute/v2.1/os-server-groups 0.217s
2025-12-15 01:23:59.498 65845 INFO tempest.lib.common.rest_client [req-9592321a-65e9-49fc-9dd8-22ce632e4ae3 req-9592321a-65e9-49fc-9dd8-22ce632e4ae3 ] Request (ServersAdminNegativeTestJSON:tearDownClass): 200 GET http://10.180.1.21/compute/v2.1/servers/cb8e464a-ddb6-4ff3-bebc-0ad76f155d9f 0.235s
2025-12-15 01:23:59.653 65863 INFO tempest.lib.common.rest_client [req-1ea05868-42b3-498b-938c-ed8d5735263f req-1ea05868-42b3-498b-938c-ed8d5735263f ] Request (ServersListShow296Test:tearDownClass): 204 DELETE http://10.180.1.21/networking/v2.0/security-groups/1fb139ee-f653-4dc3-aa58-227589da4943 0.175s
2025-12-15 01:23:59.677 65871 INFO tempest.lib.common.rest_client [req-8ddcadc7-57e3-4ebf-908f-3c102f13089d req-8ddcadc7-57e3-4ebf-908f-3c102f13089d ] Request (TenantUsagesTestJSON:tearDownClass): 200 GET http://10.180.1.21/compute/v2.1/servers/28065556-49ce-441a-9f38-22fe341340aa 0.203s
2025-12-15 01:23:59.737 65863 INFO tempest.lib.common.rest_client [req-793ff6ec-e56a-49a2-a718-c840c6a1183b req-793ff6ec-e56a-49a2-a718-c840c6a1183b ] Request (ServersListShow296Test:tearDownClass): 204 DELETE http://10.180.1.21/identity/v3/projects/dcf9935e74db402496a1f1432a33e28b 0.084s
2025-12-15 01:23:59.761 65859 INFO tempest.lib.common.rest_client [req-b9da6a30-cbde-4658-858c-8cd58da1ad5f req-b9da6a30-cbde-4658-858c-8cd58da1ad5f ] Request (ServerGroupTestJSON:test_create_delete_server_group_with_affinity_policy): 200 POST http://10.180.1.21/compute/v2.1/os-server-groups 0.271s
2025-12-15 01:23:59.832 65863 INFO tempest.lib.common.rest_client [req-8a769acc-bfcd-48e6-bf56-944fbc1a01f5 req-8a769acc-bfcd-48e6-bf56-944fbc1a01f5 ] Request (QuotasTestJSON:setUpClass): 201 POST http://10.180.1.21/identity/v3/auth/tokens 0.093s
2025-12-15 01:23:59.868 65863 INFO tempest.lib.common.rest_client [req-cb41b9aa-1e00-4af2-a673-0bb49fcdd2ac req-cb41b9aa-1e00-4af2-a673-0bb49fcdd2ac ] Request (QuotasTestJSON:setUpClass): 201 POST http://10.180.1.21/identity/v3/auth/tokens 0.034s
2025-12-15 01:23:59.898 65883 INFO tempest.lib.common.rest_client [req-46e56198-a554-42bc-bc14-4878ac09e6ff req-46e56198-a554-42bc-bc14-4878ac09e6ff ] Request (ServersTestJSON:test_list_servers_with_detail): 200 GET http://10.180.1.21/compute/v2.1/servers/detail 0.568s
2025-12-15 01:23:59.902 65863 INFO tempest.lib.common.rest_client [req-75cfc71e-380b-4aa8-a7c4-71189a9b53dc req-75cfc71e-380b-4aa8-a7c4-71189a9b53dc ] Request (QuotasTestJSON:setUpClass): 200 GET http://10.180.1.21/identity/v3/domains?name=Default 0.033s
2025-12-15 01:23:59.938 65863 INFO tempest.lib.common.rest_client [req-397b379c-a550-4eb5-a8cc-99907e59b709 req-397b379c-a550-4eb5-a8cc-99907e59b709 ] Request (QuotasTestJSON:setUpClass): 201 POST http://10.180.1.21/identity/v3/projects 0.036s
2025-12-15 01:23:59.963 65833 INFO tempest.lib.common.rest_client [req-99bcfa63-33e7-40ea-af6e-1f8ce7bb0326 req-99bcfa63-33e7-40ea-af6e-1f8ce7bb0326 ] Request (ServerMetadataNegativeTestJSON:tearDownClass): 200 GET http://10.180.1.21/compute/v2.1/servers/5ec60abb-0f4e-4e7c-9084-28dad974fd62 0.364s
2025-12-15 01:24:00.001 65863 INFO tempest.lib.common.rest_client [req-f8cd308b-d76a-4450-92c2-8b63ff1ac0a5 req-f8cd308b-d76a-4450-92c2-8b63ff1ac0a5 ] Request (QuotasTestJSON:setUpClass): 201 POST http://10.180.1.21/identity/v3/users 0.062s
2025-12-15 01:24:00.023 65863 INFO tempest.lib.common.rest_client [req-93cda453-e866-4c7a-b354-fac1fc8ba9eb req-93cda453-e866-4c7a-b354-fac1fc8ba9eb ] Request (QuotasTestJSON:setUpClass): 200 GET http://10.180.1.21/identity/v3/roles 0.021s
2025-12-15 01:24:00.051 65863 INFO tempest.lib.common.rest_client [req-c032816e-851c-494b-96ee-dfa18ea22724 req-c032816e-851c-494b-96ee-dfa18ea22724 ] Request (QuotasTestJSON:setUpClass): 204 PUT http://10.180.1.21/identity/v3/projects/208332e2ee4a4341b6ee960e36e2333c/users/7fe474fda89f4cfba75a8d2cfce0590e/roles/061a1c2817da4e9e8877d320f4bcff0f 0.028s
2025-12-15 01:24:00.051 65863 INFO tempest.lib.common.dynamic_creds [-] Dynamic test user 7fe474fda89f4cfba75a8d2cfce0590e is created with scope project and roles: ['member']
2025-12-15 01:24:00.051 65863 INFO tempest.lib.common.dynamic_creds [-] Acquired dynamic creds: credentials: Credentials: {'domain_id': 'default', 'domain_name': 'Default', 'username': 'tempest-QuotasTestJSON-1922768697-project-member', 'project_domain_id': 'default', 'project_domain_name': 'Default', 'project_id': '208332e2ee4a4341b6ee960e36e2333c', 'project_name': 'tempest-QuotasTestJSON-1922768697', 'tenant_id': '208332e2ee4a4341b6ee960e36e2333c', 'tenant_name': 'tempest-QuotasTestJSON-1922768697', 'user_domain_id': 'default', 'user_domain_name': 'Default', 'user_id': '7fe474fda89f4cfba75a8d2cfce0590e', 'system': None}, Network: None, Subnet: None, Router: None
2025-12-15 01:24:00.051 65863 INFO tempest.lib.common.dynamic_creds [-] Created isolated network resources for: credentials: Credentials: {'domain_id': 'default', 'domain_name': 'Default', 'username': 'tempest-QuotasTestJSON-1922768697-project-member', 'project_domain_id': 'default', 'project_domain_name': 'Default', 'project_id': '208332e2ee4a4341b6ee960e36e2333c', 'project_name': 'tempest-QuotasTestJSON-1922768697', 'tenant_id': '208332e2ee4a4341b6ee960e36e2333c', 'tenant_name': 'tempest-QuotasTestJSON-1922768697', 'user_domain_id': 'default', 'user_domain_name': 'Default', 'user_id': '7fe474fda89f4cfba75a8d2cfce0590e', 'system': None}, Network: None, Subnet: None, Router: None
2025-12-15 01:24:00.095 65851 INFO tempest.lib.common.rest_client [req-8ef6891d-2da2-492a-aa4a-9165a728b715 req-8ef6891d-2da2-492a-aa4a-9165a728b715 ] Request (ServerShowV257Test:test_rebuild_server): 200 GET http://10.180.1.21/compute/v2.1/servers/6f518126-0e37-479f-bf4f-c05f8eda360e 0.379s
2025-12-15 01:24:00.136 65863 INFO tempest.lib.common.rest_client [req-3ffb8eb4-5694-4794-a5d5-3a19a8c681da req-3ffb8eb4-5694-4794-a5d5-3a19a8c681da ] Request (QuotasTestJSON:setUpClass): 201 POST http://10.180.1.21/identity/v3/auth/tokens 0.081s
2025-12-15 01:24:00.155 65849 INFO tempest.lib.common.rest_client [req-5cf69264-fb3a-4d36-a9ea-b48a088e7272 req-5cf69264-fb3a-4d36-a9ea-b48a088e7272 ] Request (AttachInterfacesTestJSON:test_create_list_show_delete_interfaces_by_fixed_ip): 200 GET http://10.180.1.21/compute/v2.1/servers/b09d6b97-c848-46ee-a434-41ab9647f9f5 0.490s
2025-12-15 01:24:00.178 65859 INFO tempest.lib.common.rest_client [req-488bfe37-b9e2-4f95-8871-6ca0421b74d7 req-488bfe37-b9e2-4f95-8871-6ca0421b74d7 ] Request (ServerGroupTestJSON:test_create_delete_server_group_with_affinity_policy): 204 DELETE http://10.180.1.21/compute/v2.1/os-server-groups/fe22a128-6e06-4694-935c-b1b7e7c490ea 0.415s
2025-12-15 01:24:00.277 65875 INFO tempest.lib.common.rest_client [req-0d0b1e9e-466d-4818-be42-cb33fc8deca0 req-0d0b1e9e-466d-4818-be42-cb33fc8deca0 ] Request (ServerShowV247Test:tearDownClass): 200 GET http://10.180.1.21/compute/v2.1/servers/a1387a17-2ac7-4dd5-9922-4621e0457c5e 0.481s
2025-12-15 01:24:00.295 65837 INFO tempest.lib.common.rest_client [req-035fb884-7fe5-4111-abae-8bc39ecb79a4 req-035fb884-7fe5-4111-abae-8bc39ecb79a4 ] Request (ServerActionsTestOtherB:test_create_backup): 200 GET http://10.180.1.21/compute/v2.1/servers/6544e3e7-b8b2-4ae0-9f26-b2d6b04c7427 0.576s
2025-12-15 01:24:00.303 65837 INFO tempest.common.waiters [-] State transition "ACTIVE/image_uploading" ==> "ACTIVE/None" after 19 second wait
2025-12-15 01:24:00.321 65837 INFO tempest.lib.common.rest_client [req-0e48e36e-42db-4a65-87af-9010d211e83a req-0e48e36e-42db-4a65-87af-9010d211e83a ] Request (ServerActionsTestOtherB:test_create_backup): 404 GET http://10.180.1.21/image/v2/images/943039c0-b3b2-40e6-bf13-e0a4b4af8df1 0.017s
2025-12-15 01:24:00.352 65837 INFO tempest.lib.common.rest_client [req-d9249ee7-aac6-4992-ace2-848b91bfa7bc req-d9249ee7-aac6-4992-ace2-848b91bfa7bc ] Request (ServerActionsTestOtherB:test_create_backup): 200 GET http://10.180.1.21/image/v2/images?status=active&sort_key=created_at&sort_dir=asc&image_type=backup&backup_type=daily&instance_uuid=6544e3e7-b8b2-4ae0-9f26-b2d6b04c7427 0.031s
2025-12-15 01:24:00.465 65885 INFO tempest.lib.common.rest_client [req-6d46688d-a5b0-4848-8656-43327eec9c4f req-6d46688d-a5b0-4848-8656-43327eec9c4f ] Request (SecurityGroupsTestJSON:test_server_security_groups): 200 GET http://10.180.1.21/compute/v2.1/servers/e34f836a-4432-4a03-b11b-b985e872426a 0.607s
2025-12-15 01:24:00.481 65883 INFO tempest.lib.common.rest_client [req-84bb503d-7aa8-4458-b697-f0705f78df87 req-84bb503d-7aa8-4458-b697-f0705f78df87 ] Request (ServersTestJSON:test_verify_created_server_vcpus): 200 GET http://10.180.1.21/compute/v2.1/flavors/42 0.574s
2025-12-15 01:24:00.484 65883 INFO tempest.lib.common.ssh [-] Creating ssh connection to '10.180.180.241:22' as 'cirros' with public key authentication
2025-12-15 01:24:00.488 65883 INFO paramiko.transport [-] Connected (version 2.0, client dropbear_2020.81)
2025-12-15 01:24:00.493 65893 INFO tempest.lib.common.rest_client [req-9538113d-ad74-48e4-ac0b-cd454cbd92da req-9538113d-ad74-48e4-ac0b-cd454cbd92da ] Request (ImagesTestJSON:test_create_image_from_suspended_server): 200 GET http://10.180.1.21/compute/v2.1/servers/0c32065f-3dd9-408f-a921-f173fc52712d 0.632s
2025-12-15 01:24:00.503 65893 INFO tempest.common.waiters [-] State transition "BUILD/networking" ==> "BUILD/spawning" after 27 second wait
2025-12-15 01:24:00.536 65881 INFO tempest.lib.common.rest_client [req-60621275-72ee-4ca2-9312-de94af55a5a0 req-60621275-72ee-4ca2-9312-de94af55a5a0 ] Request (MigrationsAdminTest:test_resize_server_revert_deleted_flavor): 200 GET http://10.180.1.21/compute/v2.1/servers/afd86801-09c8-4eae-892b-bcbbd9bf7075 0.621s
