2025-12-15 01:23:40.963 65831 INFO tempest.lib.common.dynamic_creds [-] Deleting project and security group for project: fba2347ee00641e1bdc9f26dc35def81
2025-12-15 01:23:40.991 65861 INFO tempest.lib.common.rest_client [req-fe4d3235-2bdd-4100-8913-81d6df3dd408 req-fe4d3235-2bdd-4100-8913-81d6df3dd408 ] Request (VolumesAssistedSnapshotsTest:test_volume_assisted_snapshot_create_delete): 200 GET http://10.180.1.21/volume/v3/volumes/5201e62f-3a4e-42ce-9e70-7ebe66095131 0.036s
2025-12-15 01:23:40.998 65851 INFO tempest.lib.common.rest_client [req-8426e73c-61f5-49cb-be3d-665b0bf59fd2 req-8426e73c-61f5-49cb-be3d-665b0bf59fd2 ] Request (ServerShowV257Test:test_rebuild_server): 200 GET http://10.180.1.21/compute/v2.1/servers/6f518126-0e37-479f-bf4f-c05f8eda360e 0.540s
2025-12-15 01:23:41.005 65831 INFO tempest.lib.common.rest_client [req-90680481-3839-42ba-a1e1-0e2c3259a008 req-90680481-3839-42ba-a1e1-0e2c3259a008 ] Request (ServerMetadataTestJSON:tearDownClass): 200 GET http://10.180.1.21/networking/v2.0/security-groups?tenant_id=fba2347ee00641e1bdc9f26dc35def81&name=default 0.041s
2025-12-15 01:23:41.022 65837 INFO tempest.lib.common.rest_client [req-93629081-18d5-4073-be19-6c41c9c02ce3 req-93629081-18d5-4073-be19-6c41c9c02ce3 ] Request (ServerActionsTestOtherB:test_create_backup): 202 POST http://10.180.1.21/compute/v2.1/servers/6544e3e7-b8b2-4ae0-9f26-b2d6b04c7427/action 0.675s
2025-12-15 01:23:41.043 65837 INFO tempest.lib.common.rest_client [req-08124f51-a3a2-46ad-8834-056a0b80f91b req-08124f51-a3a2-46ad-8834-056a0b80f91b ] Request (ServerActionsTestOtherB:test_create_backup): 200 GET http://10.180.1.21/image/v2/images/0024f1e3-42f5-40f4-8d8c-9e83737d6a06/tasks 0.021s
2025-12-15 01:23:41.099 65831 INFO tempest.lib.common.rest_client [req-144b97b1-f34b-45eb-949e-b00786e00307 req-144b97b1-f34b-45eb-949e-b00786e00307 ] Request (ServerMetadataTestJSON:tearDownClass): 204 DELETE http://10.180.1.21/networking/v2.0/security-groups/2a9f3871-1bad-4130-b669-97b85ced692d 0.093s
2025-12-15 01:23:41.126 65893 INFO tempest.lib.common.rest_client [req-ba940116-fe09-4f16-bcac-8f8f31d594af req-ba940116-fe09-4f16-bcac-8f8f31d594af ] Request (ImagesTestJSON:test_create_image_from_suspended_server): 200 GET http://10.180.1.21/compute/v2.1/servers/0c32065f-3dd9-408f-a921-f173fc52712d 0.526s
2025-12-15 01:23:41.144 65833 INFO tempest.lib.common.rest_client [req-e7e5bfc4-5785-467c-a9d9-67266eab3ada req-e7e5bfc4-5785-467c-a9d9-67266eab3ada ] Request (ServerMetadataNegativeTestJSON:setUpClass): 200 GET http://10.180.1.21/compute/v2.1/servers/5ec60abb-0f4e-4e7c-9084-28dad974fd62 0.564s
2025-12-15 01:23:41.198 65881 INFO tempest.lib.common.rest_client [req-47c9d3e1-835a-4a21-9c51-0f26c786f386 req-47c9d3e1-835a-4a21-9c51-0f26c786f386 ] Request (MigrationsAdminTest:test_resize_server_revert_deleted_flavor): 200 GET http://10.180.1.21/compute/v2.1/servers/afd86801-09c8-4eae-892b-bcbbd9bf7075 0.471s
2025-12-15 01:23:41.205 65863 INFO tempest.lib.common.rest_client [req-f899b4d8-0a9c-4d2e-95c3-bdf3c01997ea req-f899b4d8-0a9c-4d2e-95c3-bdf3c01997ea ] Request (ServersListShow296Test:tearDownClass): 200 GET http://10.180.1.21/compute/v2.1/servers/8e2f03c8-86b6-40b1-b9cb-b4d855365bec 0.513s
2025-12-15 01:23:41.232 65831 INFO tempest.lib.common.rest_client [req-732b772f-5bb6-43ee-b5e8-b0498f06fed1 req-732b772f-5bb6-43ee-b5e8-b0498f06fed1 ] Request (ServerMetadataTestJSON:tearDownClass): 204 DELETE http://10.180.1.21/identity/v3/projects/fba2347ee00641e1bdc9f26dc35def81 0.132s
2025-12-15 01:23:41.268 65867 INFO tempest.lib.common.rest_client [req-4f4d057c-a01d-423a-8140-b5d2bd5dc364 req-4f4d057c-a01d-423a-8140-b5d2bd5dc364 ] Request (ServersAdminTestJSON:test_reset_state_server): 202 POST http://10.180.1.21/compute/v2.1/servers/1091c04d-0d5d-4b8e-b311-5d581b0f8b56/action 0.334s
2025-12-15 01:23:41.311 65831 INFO tempest.lib.common.rest_client [req-2b41a055-7166-409a-96af-c09971456200 req-2b41a055-7166-409a-96af-c09971456200 ] Request (VolumesTestJSON:setUpClass): 201 POST http://10.180.1.21/identity/v3/auth/tokens 0.077s
2025-12-15 01:23:41.322 65875 INFO tempest.lib.common.rest_client [req-9757cc0a-fd8f-4de9-9566-8fc7c7fbb5ac req-9757cc0a-fd8f-4de9-9566-8fc7c7fbb5ac ] Request (ServerShowV247Test:test_update_rebuild_list_server): 200 GET http://10.180.1.21/compute/v2.1/servers/a1387a17-2ac7-4dd5-9922-4621e0457c5e 0.293s
2025-12-15 01:23:41.332 65839 INFO tempest.lib.common.rest_client [req-5e561ecf-40c4-4ae8-900f-15786f0263d5 req-5e561ecf-40c4-4ae8-900f-15786f0263d5 ] Request (ServerDiskConfigTestJSON:test_rebuild_server_with_auto_disk_config): 200 GET http://10.180.1.21/compute/v2.1/servers/761a0d8a-9be6-48c7-87c2-ee57f7a3cfbd 0.334s
2025-12-15 01:23:41.347 65831 INFO tempest.lib.common.rest_client [req-af505416-80b5-46d0-8cfb-edd18aa49056 req-af505416-80b5-46d0-8cfb-edd18aa49056 ] Request (VolumesTestJSON:setUpClass): 201 POST http://10.180.1.21/identity/v3/auth/tokens 0.033s
2025-12-15 01:23:41.373 65831 INFO tempest.lib.common.rest_client [req-a5270706-cd0d-4d5f-a625-71963a5864d0 req-a5270706-cd0d-4d5f-a625-71963a5864d0 ] Request (VolumesTestJSON:setUpClass): 200 GET http://10.180.1.21/identity/v3/domains?name=Default 0.025s
2025-12-15 01:23:41.395 65841 INFO tempest.lib.common.rest_client [req-4df6978f-c08d-4375-ba97-ef83671be2b6 req-4df6978f-c08d-4375-ba97-ef83671be2b6 ] Request (ListServersNegativeTestJSON:tearDownClass): 200 GET http://10.180.1.21/compute/v2.1/servers/596e4e19-1e91-40ff-b938-e175721dec12 0.284s
2025-12-15 01:23:41.413 65831 INFO tempest.lib.common.rest_client [req-3a70540a-35f2-438b-9679-bb35fc426774 req-3a70540a-35f2-438b-9679-bb35fc426774 ] Request (VolumesTestJSON:setUpClass): 201 POST http://10.180.1.21/identity/v3/projects 0.040s
2025-12-15 01:23:41.434 65837 INFO tempest.lib.common.rest_client [req-69ed9313-9740-4600-af27-b59f704f3f1b req-69ed9313-9740-4600-af27-b59f704f3f1b ] Request (ServerActionsTestOtherB:test_create_backup): 200 GET http://10.180.1.21/compute/v2.1/servers/6544e3e7-b8b2-4ae0-9f26-b2d6b04c7427 0.391s
2025-12-15 01:23:41.460 65845 INFO tempest.lib.common.rest_client [req-9621f642-18c5-45e5-95ba-0837e0d63b95 req-9621f642-18c5-45e5-95ba-0837e0d63b95 ] Request (ServersAdminNegativeTestJSON:tearDownClass): 200 GET http://10.180.1.21/compute/v2.1/servers/cb8e464a-ddb6-4ff3-bebc-0ad76f155d9f 0.322s
2025-12-15 01:23:41.484 65831 INFO tempest.lib.common.rest_client [req-4f88874d-9520-415b-b838-912305d1ec18 req-4f88874d-9520-415b-b838-912305d1ec18 ] Request (VolumesTestJSON:setUpClass): 201 POST http://10.180.1.21/identity/v3/users 0.070s
2025-12-15 01:23:41.499 65871 INFO tempest.lib.common.rest_client [req-6c21431b-b9d0-4ea7-bdfe-ca05d5ba017b req-6c21431b-b9d0-4ea7-bdfe-ca05d5ba017b ] Request (TenantUsagesTestJSON:tearDownClass): 200 GET http://10.180.1.21/compute/v2.1/servers/28065556-49ce-441a-9f38-22fe341340aa 0.330s
2025-12-15 01:23:41.506 65831 INFO tempest.lib.common.rest_client [req-53d3b742-b11b-4cdd-b9c9-92cb01ea1e76 req-53d3b742-b11b-4cdd-b9c9-92cb01ea1e76 ] Request (VolumesTestJSON:setUpClass): 200 GET http://10.180.1.21/identity/v3/roles 0.022s
2025-12-15 01:23:41.530 65859 INFO tempest.lib.common.rest_client [req-f603d6c3-efa5-40b9-b27c-e1d117a6c3b9 req-f603d6c3-efa5-40b9-b27c-e1d117a6c3b9 ] Request (FloatingIPsAssociationNegativeTestJSON:tearDownClass): 200 GET http://10.180.1.21/compute/v2.1/servers/c9047f2a-da56-4f45-9c92-3686216a0f94 0.322s
2025-12-15 01:23:41.538 65831 INFO tempest.lib.common.rest_client [req-0df6fc13-8a7e-4b6d-8f05-bacb19c2a34a req-0df6fc13-8a7e-4b6d-8f05-bacb19c2a34a ] Request (VolumesTestJSON:setUpClass): 204 PUT http://10.180.1.21/identity/v3/projects/10c1253043c449568a12d5b920772742/users/240c4b149df745439c661d8b996066ce/roles/061a1c2817da4e9e8877d320f4bcff0f 0.031s
2025-12-15 01:23:41.538 65831 INFO tempest.lib.common.dynamic_creds [-] Dynamic test user 240c4b149df745439c661d8b996066ce is created with scope project and roles: ['member']
2025-12-15 01:23:41.538 65831 INFO tempest.lib.common.dynamic_creds [-] Acquired dynamic creds: credentials: Credentials: {'domain_id': 'default', 'domain_name': 'Default', 'username': 'tempest-VolumesTestJSON-498512771-project-member', 'project_domain_id': 'default', 'project_domain_name': 'Default', 'project_id': '10c1253043c449568a12d5b920772742', 'project_name': 'tempest-VolumesTestJSON-498512771', 'tenant_id': '10c1253043c449568a12d5b920772742', 'tenant_name': 'tempest-VolumesTestJSON-498512771', 'user_domain_id': 'default', 'user_domain_name': 'Default', 'user_id': '240c4b149df745439c661d8b996066ce', 'system': None}, Network: None, Subnet: None, Router: None
2025-12-15 01:23:41.538 65831 INFO tempest.lib.common.dynamic_creds [-] Created isolated network resources for: credentials: Credentials: {'domain_id': 'default', 'domain_name': 'Default', 'username': 'tempest-VolumesTestJSON-498512771-project-member', 'project_domain_id': 'default', 'project_domain_name': 'Default', 'project_id': '10c1253043c449568a12d5b920772742', 'project_name': 'tempest-VolumesTestJSON-498512771', 'tenant_id': '10c1253043c449568a12d5b920772742', 'tenant_name': 'tempest-VolumesTestJSON-498512771', 'user_domain_id': 'default', 'user_domain_name': 'Default', 'user_id': '240c4b149df745439c661d8b996066ce', 'system': None}, Network: None, Subnet: None, Router: None
2025-12-15 01:23:41.582 65873 INFO tempest.lib.common.rest_client [req-fc0dfea0-f773-4815-bf52-55ddb54f5c20 req-fc0dfea0-f773-4815-bf52-55ddb54f5c20 ] Request (ServerDiagnosticsNegativeTest:test_get_server_diagnostics_by_non_admin): 200 GET http://10.180.1.21/compute/v2.1/servers/6a1362d7-ac53-45d8-94ed-cc5dd39c9901 0.261s
2025-12-15 01:23:41.607 65867 INFO tempest.lib.common.rest_client [req-7e799ef9-9d32-4065-bd62-871f9fb3e687 req-7e799ef9-9d32-4065-bd62-871f9fb3e687 ] Request (ServersAdminTestJSON:test_reset_state_server): 200 GET http://10.180.1.21/compute/v2.1/servers/1091c04d-0d5d-4b8e-b311-5d581b0f8b56 0.338s
2025-12-15 01:23:41.624 65831 INFO tempest.lib.common.rest_client [req-c2b2caa7-444c-4b37-8fae-343d9f8d48dc req-c2b2caa7-444c-4b37-8fae-343d9f8d48dc ] Request (VolumesTestJSON:setUpClass): 201 POST http://10.180.1.21/identity/v3/auth/tokens 0.082s
2025-12-15 01:23:41.640 65891 INFO tempest.lib.common.rest_client [req-13659a90-ff71-463b-9ba9-e9f9ed567dbb req-13659a90-ff71-463b-9ba9-e9f9ed567dbb ] Request (FloatingIPsAssociationTestJSON:tearDownClass): 200 GET http://10.180.1.21/compute/v2.1/servers/34e974f9-c5c9-474c-8438-4ca5b4228534 0.190s
2025-12-15 01:23:41.665 65855 INFO tempest.lib.common.rest_client [req-d6e17238-6b1e-43cc-ae3e-af19459e05e8 req-d6e17238-6b1e-43cc-ae3e-af19459e05e8 ] Request (ImagesOneServerNegativeTestJSON:_run_cleanups): 200 GET http://10.180.1.21/compute/v2.1/servers/8a37350f-3736-4116-aedd-98bd8e6d8c10 0.188s
2025-12-15 01:23:41.686 65849 INFO tempest.lib.common.rest_client [req-587e9d0d-ce3e-4478-aa1b-d4b346091755 req-587e9d0d-ce3e-4478-aa1b-d4b346091755 ] Request (AttachInterfacesTestJSON:test_create_list_show_delete_interfaces_by_fixed_ip): 200 GET http://10.180.1.21/compute/v2.1/servers/b09d6b97-c848-46ee-a434-41ab9647f9f5 0.115s
2025-12-15 01:23:41.725 65867 INFO tempest.lib.common.rest_client [req-c006d35f-87ab-4085-8274-f61bf952f743 req-c006d35f-87ab-4085-8274-f61bf952f743 ] Request (ServersAdminTestJSON:test_reset_state_server): 202 POST http://10.180.1.21/compute/v2.1/servers/1091c04d-0d5d-4b8e-b311-5d581b0f8b56/action 0.110s
2025-12-15 01:23:41.878 65885 INFO tempest.lib.common.rest_client [req-e1bedb00-f88e-417c-aaaf-2eb73befc8d9 req-e1bedb00-f88e-417c-aaaf-2eb73befc8d9 ] Request (SecurityGroupsTestJSON:test_server_security_groups): 200 GET http://10.180.1.21/compute/v2.1/servers/e34f836a-4432-4a03-b11b-b985e872426a 0.074s
2025-12-15 01:23:41.894 65831 INFO tempest.lib.common.rest_client [req-fd07a936-a030-4fe0-8752-b989b0b9e9ca req-fd07a936-a030-4fe0-8752-b989b0b9e9ca ] Request (VolumesTestJSON:setUpClass): 202 POST http://10.180.1.21/volume/v3/volumes 0.268s
2025-12-15 01:23:41.894 65867 INFO tempest.lib.common.rest_client [req-3766d15f-5f29-4fa3-8a39-022a9446f887 req-3766d15f-5f29-4fa3-8a39-022a9446f887 ] Request (ServersAdminTestJSON:test_reset_state_server): 200 GET http://10.180.1.21/compute/v2.1/servers/1091c04d-0d5d-4b8e-b311-5d581b0f8b56 0.168s
2025-12-15 01:23:41.927 65831 INFO tempest.lib.common.rest_client [req-5783aa03-d809-487d-af8b-ec9ddd99c0ae req-5783aa03-d809-487d-af8b-ec9ddd99c0ae ] Request (VolumesTestJSON:setUpClass): 200 GET http://10.180.1.21/volume/v3/volumes/1c292fc4-2333-4dea-ba9c-a8ac5c01186d 0.027s
2025-12-15 01:23:42.020 65867 INFO tempest.lib.common.rest_client [req-144236bf-ca49-47e9-9b89-fb6d390d3607 req-144236bf-ca49-47e9-9b89-fb6d390d3607 ] Request (ServersAdminTestJSON:tearDownClass): 204 DELETE http://10.180.1.21/compute/v2.1/servers/a90ad9c9-0adf-4632-863e-c957bec89455 0.117s
2025-12-15 01:23:42.037 65861 INFO tempest.lib.common.rest_client [req-4ad91da6-b98b-41d9-925e-705dc2d0870e req-4ad91da6-b98b-41d9-925e-705dc2d0870e ] Request (VolumesAssistedSnapshotsTest:test_volume_assisted_snapshot_create_delete): 200 GET http://10.180.1.21/volume/v3/volumes/5201e62f-3a4e-42ce-9e70-7ebe66095131 0.036s
2025-12-15 01:23:42.075 65851 INFO tempest.lib.common.rest_client [req-4cf577a6-3ee7-4760-8bd3-7eff756832f9 req-4cf577a6-3ee7-4760-8bd3-7eff756832f9 ] Request (ServerShowV257Test:test_rebuild_server): 200 GET http://10.180.1.21/compute/v2.1/servers/6f518126-0e37-479f-bf4f-c05f8eda360e 0.067s
2025-12-15 01:23:42.144 65867 INFO tempest.lib.common.rest_client [req-1907abc7-746e-41b7-851e-7239e25844c9 req-1907abc7-746e-41b7-851e-7239e25844c9 ] Request (ServersAdminTestJSON:tearDownClass): 200 GET http://10.180.1.21/compute/v2.1/servers/a90ad9c9-0adf-4632-863e-c957bec89455 0.124s
2025-12-15 01:23:42.193 65893 INFO tempest.lib.common.rest_client [req-0d7d74e7-d479-44b0-95f2-b1a62cd6c27b req-0d7d74e7-d479-44b0-95f2-b1a62cd6c27b ] Request (ImagesTestJSON:test_create_image_from_suspended_server): 200 GET http://10.180.1.21/compute/v2.1/servers/0c32065f-3dd9-408f-a921-f173fc52712d 0.056s
2025-12-15 01:23:42.275 65833 INFO tempest.lib.common.rest_client [req-ec1ea691-9fb9-4e3c-8217-3caee1f709ae req-ec1ea691-9fb9-4e3c-8217-3caee1f709ae ] Request (ServerMetadataNegativeTestJSON:setUpClass): 200 GET http://10.180.1.21/compute/v2.1/servers/5ec60abb-0f4e-4e7c-9084-28dad974fd62 0.120s
2025-12-15 01:23:42.288 65881 INFO tempest.lib.common.rest_client [req-0361007f-7c0f-49b0-8323-3d181a047199 req-0361007f-7c0f-49b0-8323-3d181a047199 ] Request (MigrationsAdminTest:test_resize_server_revert_deleted_flavor): 200 GET http://10.180.1.21/compute/v2.1/servers/afd86801-09c8-4eae-892b-bcbbd9bf7075 0.082s
2025-12-15 01:23:42.345 65863 INFO tempest.lib.common.rest_client [req-405caa54-23b8-486f-a412-50aab19e1795 req-405caa54-23b8-486f-a412-50aab19e1795 ] Request (ServersListShow296Test:tearDownClass): 200 GET http://10.180.1.21/compute/v2.1/servers/8e2f03c8-86b6-40b1-b9cb-b4d855365bec 0.128s
2025-12-15 01:23:42.392 65875 INFO tempest.lib.common.rest_client [req-b2a53ab9-a4a3-48be-a71c-4266480592c7 req-b2a53ab9-a4a3-48be-a71c-4266480592c7 ] Request (ServerShowV247Test:test_update_rebuild_list_server): 200 GET http://10.180.1.21/compute/v2.1/servers/a1387a17-2ac7-4dd5-9922-4621e0457c5e 0.059s
2025-12-15 01:23:42.463 65839 INFO tempest.lib.common.rest_client [req-8d11f694-9452-4fdd-83e9-0f5791f8ca12 req-8d11f694-9452-4fdd-83e9-0f5791f8ca12 ] Request (ServerDiskConfigTestJSON:test_rebuild_server_with_auto_disk_config): 200 GET http://10.180.1.21/compute/v2.1/servers/761a0d8a-9be6-48c7-87c2-ee57f7a3cfbd 0.120s
2025-12-15 01:23:42.486 65841 INFO tempest.lib.common.rest_client [req-126b0a60-24d6-4680-95b8-91696dad6100 req-126b0a60-24d6-4680-95b8-91696dad6100 ] Request (ListServersNegativeTestJSON:tearDownClass): 200 GET http://10.180.1.21/compute/v2.1/servers/596e4e19-1e91-40ff-b938-e175721dec12 0.079s
2025-12-15 01:23:42.551 65845 INFO tempest.lib.common.rest_client [req-79c6c782-84cd-4064-b0d3-a6a48e392409 req-79c6c782-84cd-4064-b0d3-a6a48e392409 ] Request (ServersAdminNegativeTestJSON:tearDownClass): 200 GET http://10.180.1.21/compute/v2.1/servers/cb8e464a-ddb6-4ff3-bebc-0ad76f155d9f 0.083s
2025-12-15 01:23:42.559 65845 INFO tempest.common.waiters [-] State transition "ACTIVE/deleting" ==> "DELETED/None" after 4 second wait
2025-12-15 01:23:42.578 65837 INFO tempest.lib.common.rest_client [req-94d8a669-a414-469e-9fa3-14b9bff32349 req-94d8a669-a414-469e-9fa3-14b9bff32349 ] Request (ServerActionsTestOtherB:test_create_backup): 200 GET http://10.180.1.21/compute/v2.1/servers/6544e3e7-b8b2-4ae0-9f26-b2d6b04c7427 0.136s
2025-12-15 01:23:42.622 65871 INFO tempest.lib.common.rest_client [req-e0b2617e-e850-44b7-9391-e37c4bbc40af req-e0b2617e-e850-44b7-9391-e37c4bbc40af ] Request (TenantUsagesTestJSON:tearDownClass): 200 GET http://10.180.1.21/compute/v2.1/servers/28065556-49ce-441a-9f38-22fe341340aa 0.115s
2025-12-15 01:23:42.662 65859 INFO tempest.lib.common.rest_client [req-70898f5d-3fba-4028-b093-9b79ec4a82ad req-70898f5d-3fba-4028-b093-9b79ec4a82ad ] Request (FloatingIPsAssociationNegativeTestJSON:tearDownClass): 200 GET http://10.180.1.21/compute/v2.1/servers/c9047f2a-da56-4f45-9c92-3686216a0f94 0.121s
2025-12-15 01:23:42.752 65891 INFO tempest.lib.common.rest_client [req-5db447b5-070a-4550-89dd-bb737f1ae15b req-5db447b5-070a-4550-89dd-bb737f1ae15b ] Request (FloatingIPsAssociationTestJSON:tearDownClass): 200 GET http://10.180.1.21/compute/v2.1/servers/34e974f9-c5c9-474c-8438-4ca5b4228534 0.103s
2025-12-15 01:23:42.770 65887 WARNING tempest.lib.common.ssh [-] Failed to establish authenticated ssh connection to cirros@10.180.180.207 ([Errno None] Unable to connect to port 22 on 10.180.180.207). Number attempts: 4. Retry after 5 seconds.: paramiko.ssh_exception.NoValidConnectionsError: [Errno None] Unable to connect to port 22 on 10.180.180.207
2025-12-15 01:23:42.781 65873 INFO tempest.lib.common.rest_client [req-40462f08-05b9-4682-a840-17d5e7dfe504 req-40462f08-05b9-4682-a840-17d5e7dfe504 ] Request (ServerDiagnosticsNegativeTest:test_get_server_diagnostics_by_non_admin): 200 GET http://10.180.1.21/compute/v2.1/servers/6a1362d7-ac53-45d8-94ed-cc5dd39c9901 0.189s
2025-12-15 01:23:42.792 65873 INFO tempest.common.waiters [-] State transition "BUILD/None" ==> "BUILD/networking" after 27 second wait
2025-12-15 01:23:42.848 65849 INFO tempest.lib.common.rest_client [req-e4ceb31a-8794-48f0-a93a-6fed14ba7770 req-e4ceb31a-8794-48f0-a93a-6fed14ba7770 ] Request (AttachInterfacesTestJSON:test_create_list_show_delete_interfaces_by_fixed_ip): 200 GET http://10.180.1.21/compute/v2.1/servers/b09d6b97-c848-46ee-a434-41ab9647f9f5 0.153s
2025-12-15 01:23:42.859 65855 INFO tempest.lib.common.rest_client [req-3fade7bb-a4cf-40f3-86d0-f714eef66166 req-3fade7bb-a4cf-40f3-86d0-f714eef66166 ] Request (ImagesOneServerNegativeTestJSON:_run_cleanups): 200 GET http://10.180.1.21/compute/v2.1/servers/8a37350f-3736-4116-aedd-98bd8e6d8c10 0.186s
2025-12-15 01:23:42.945 65885 INFO tempest.lib.common.rest_client [req-8e4d696b-9504-4178-a6ce-9959c4fcb344 req-8e4d696b-9504-4178-a6ce-9959c4fcb344 ] Request (SecurityGroupsTestJSON:test_server_security_groups): 200 GET http://10.180.1.21/compute/v2.1/servers/e34f836a-4432-4a03-b11b-b985e872426a 0.058s
2025-12-15 01:23:42.966 65831 INFO tempest.lib.common.rest_client [req-4e8828bd-d647-4d2b-98f6-f9ab8a561570 req-4e8828bd-d647-4d2b-98f6-f9ab8a561570 ] Request (VolumesTestJSON:setUpClass): 200 GET http://10.180.1.21/volume/v3/volumes/1c292fc4-2333-4dea-ba9c-a8ac5c01186d 0.030s
2025-12-15 01:23:42.972 65831 INFO tempest.common.waiters [-] volume 1c292fc4-2333-4dea-ba9c-a8ac5c01186d reached available after waiting for 1.972700 seconds
2025-12-15 01:23:43.008 65831 INFO tempest.lib.common.rest_client [req-1a8eecd7-64d6-4d6a-9d3b-264a962c1c3a req-1a8eecd7-64d6-4d6a-9d3b-264a962c1c3a ] Request (VolumesTestJSON:setUpClass): 200 GET http://10.180.1.21/compute/v2.1/os-volumes/1c292fc4-2333-4dea-ba9c-a8ac5c01186d 0.035s
2025-12-15 01:23:43.149 65851 INFO tempest.lib.common.rest_client [req-0765f6ef-b2e8-4331-b248-c84c2c4444e0 req-0765f6ef-b2e8-4331-b248-c84c2c4444e0 ] Request (ServerShowV257Test:test_rebuild_server): 200 GET http://10.180.1.21/compute/v2.1/servers/6f518126-0e37-479f-bf4f-c05f8eda360e 0.064s
2025-12-15 01:23:43.152 65831 INFO tempest.lib.common.rest_client [req-bf8747b0-b4c3-4dfe-ab12-4823b26d76c0 req-bf8747b0-b4c3-4dfe-ab12-4823b26d76c0 ] Request (VolumesTestJSON:setUpClass): 202 POST http://10.180.1.21/volume/v3/volumes 0.139s
2025-12-15 01:23:43.182 65861 INFO tempest.lib.common.rest_client [req-56953311-13b7-4e47-a196-a2e33e05b5ea req-56953311-13b7-4e47-a196-a2e33e05b5ea ] Request (VolumesAssistedSnapshotsTest:test_volume_assisted_snapshot_create_delete): 200 GET http://10.180.1.21/volume/v3/volumes/5201e62f-3a4e-42ce-9e70-7ebe66095131 0.137s
2025-12-15 01:23:43.211 65831 INFO tempest.lib.common.rest_client [req-8d3cf9eb-5920-4646-9a9e-e363db3f18b0 req-8d3cf9eb-5920-4646-9a9e-e363db3f18b0 ] Request (VolumesTestJSON:setUpClass): 200 GET http://10.180.1.21/volume/v3/volumes/833cc87a-41ed-49a9-b70e-575411a4f2ce 0.053s
2025-12-15 01:23:43.304 65893 INFO tempest.lib.common.rest_client [req-a94bba1a-7f6d-4168-9361-0777200cc29a req-a94bba1a-7f6d-4168-9361-0777200cc29a ] Request (ImagesTestJSON:test_create_image_from_suspended_server): 200 GET http://10.180.1.21/compute/v2.1/servers/0c32065f-3dd9-408f-a921-f173fc52712d 0.101s
2025-12-15 01:23:43.362 65867 INFO tempest.lib.common.rest_client [req-66ccb440-567f-46d2-ade3-b0e2ba254f30 req-66ccb440-567f-46d2-ade3-b0e2ba254f30 ] Request (ServersAdminTestJSON:tearDownClass): 200 GET http://10.180.1.21/compute/v2.1/servers/a90ad9c9-0adf-4632-863e-c957bec89455 0.207s
2025-12-15 01:23:43.446 65881 INFO tempest.lib.common.rest_client [req-d45af43d-6e29-43e6-b2dd-e7c6ec06f151 req-d45af43d-6e29-43e6-b2dd-e7c6ec06f151 ] Request (MigrationsAdminTest:test_resize_server_revert_deleted_flavor): 200 GET http://10.180.1.21/compute/v2.1/servers/afd86801-09c8-4eae-892b-bcbbd9bf7075 0.149s
2025-12-15 01:23:43.466 65833 INFO tempest.lib.common.rest_client [req-76850784-882d-47d0-ad9e-6eb92464d137 req-76850784-882d-47d0-ad9e-6eb92464d137 ] Request (ServerMetadataNegativeTestJSON:setUpClass): 200 GET http://10.180.1.21/compute/v2.1/servers/5ec60abb-0f4e-4e7c-9084-28dad974fd62 0.183s
2025-12-15 01:23:43.520 65863 INFO tempest.lib.common.rest_client [req-f8e96e48-e972-49a4-9e46-f0fdd1445d7b req-f8e96e48-e972-49a4-9e46-f0fdd1445d7b ] Request (ServersListShow296Test:tearDownClass): 200 GET http://10.180.1.21/compute/v2.1/servers/8e2f03c8-86b6-40b1-b9cb-b4d855365bec 0.164s
2025-12-15 01:23:43.534 65875 INFO tempest.lib.common.rest_client [req-2c1db081-f515-4f06-b94b-1f9fa887faa4 req-2c1db081-f515-4f06-b94b-1f9fa887faa4 ] Request (ServerShowV247Test:test_update_rebuild_list_server): 200 GET http://10.180.1.21/compute/v2.1/servers/a1387a17-2ac7-4dd5-9922-4621e0457c5e 0.132s
2025-12-15 01:23:43.543 65875 INFO tempest.common.waiters [-] State transition "REBUILD/rebuild_spawning" ==> "ACTIVE/None" after 10 second wait
2025-12-15 01:23:43.607 65841 INFO tempest.lib.common.rest_client [req-51211359-891d-4de0-8f08-4eae3e7ec2c0 req-51211359-891d-4de0-8f08-4eae3e7ec2c0 ] Request (ListServersNegativeTestJSON:tearDownClass): 200 GET http://10.180.1.21/compute/v2.1/servers/596e4e19-1e91-40ff-b938-e175721dec12 0.111s
2025-12-15 01:23:43.637 65839 INFO tempest.lib.common.rest_client [req-db6764c9-0eb0-45ec-b6d6-0fcabb6dab5d req-db6764c9-0eb0-45ec-b6d6-0fcabb6dab5d ] Request (ServerDiskConfigTestJSON:test_rebuild_server_with_auto_disk_config): 200 GET http://10.180.1.21/compute/v2.1/servers/761a0d8a-9be6-48c7-87c2-ee57f7a3cfbd 0.166s
2025-12-15 01:23:43.705 65845 INFO tempest.lib.common.rest_client [req-6c35d465-484a-47ac-b536-410f1aefb95e req-6c35d465-484a-47ac-b536-410f1aefb95e ] Request (ServersAdminNegativeTestJSON:tearDownClass): 200 GET http://10.180.1.21/compute/v2.1/servers/cb8e464a-ddb6-4ff3-bebc-0ad76f155d9f 0.145s
2025-12-15 01:23:43.791 65875 INFO tempest.lib.common.rest_client [req-d750b45f-b358-4125-9e70-73524f0ef82f req-d750b45f-b358-4125-9e70-73524f0ef82f ] Request (ServerShowV247Test:test_update_rebuild_list_server): 200 GET http://10.180.1.21/compute/v2.1/servers/detail 0.247s
2025-12-15 01:23:43.826 65837 INFO tempest.lib.common.rest_client [req-d068599c-2766-4c2c-8a64-e1ef35ee0985 req-d068599c-2766-4c2c-8a64-e1ef35ee0985 ] Request (ServerActionsTestOtherB:test_create_backup): 200 GET http://10.180.1.21/compute/v2.1/servers/6544e3e7-b8b2-4ae0-9f26-b2d6b04c7427 0.236s
2025-12-15 01:23:43.833 65837 INFO tempest.common.waiters [-] State transition "ACTIVE/image_backup" ==> "ACTIVE/image_pending_upload" after 2 second wait
2025-12-15 01:23:43.861 65871 INFO tempest.lib.common.rest_client [req-b9697ed9-ade6-4f68-a72f-12034717d39e req-b9697ed9-ade6-4f68-a72f-12034717d39e ] Request (TenantUsagesTestJSON:tearDownClass): 200 GET http://10.180.1.21/compute/v2.1/servers/28065556-49ce-441a-9f38-22fe341340aa 0.230s
2025-12-15 01:23:43.883 65859 INFO tempest.lib.common.rest_client [req-31a734f7-8df8-4d15-ab45-c825f0c78317 req-31a734f7-8df8-4d15-ab45-c825f0c78317 ] Request (FloatingIPsAssociationNegativeTestJSON:tearDownClass): 200 GET http://10.180.1.21/compute/v2.1/servers/c9047f2a-da56-4f45-9c92-3686216a0f94 0.213s
2025-12-15 01:23:43.919 65891 INFO tempest.lib.common.rest_client [req-e0b5fea4-9e52-4497-8294-2ae2248d7195 req-e0b5fea4-9e52-4497-8294-2ae2248d7195 ] Request (FloatingIPsAssociationTestJSON:tearDownClass): 200 GET http://10.180.1.21/compute/v2.1/servers/34e974f9-c5c9-474c-8438-4ca5b4228534 0.158s
2025-12-15 01:23:43.936 65843 WARNING tempest.lib.common.ssh [-] Failed to establish authenticated ssh connection to cirros@10.180.180.231 ([Errno None] Unable to connect to port 22 on 10.180.180.231). Number attempts: 4. Retry after 5 seconds.: paramiko.ssh_exception.NoValidConnectionsError: [Errno None] Unable to connect to port 22 on 10.180.180.231
2025-12-15 01:23:43.977 65873 INFO tempest.lib.common.rest_client [req-e6d6a5f0-504d-470e-8ef8-8c9302c7aa14 req-e6d6a5f0-504d-470e-8ef8-8c9302c7aa14 ] Request (ServerDiagnosticsNegativeTest:test_get_server_diagnostics_by_non_admin): 200 GET http://10.180.1.21/compute/v2.1/servers/6a1362d7-ac53-45d8-94ed-cc5dd39c9901 0.183s
2025-12-15 01:23:43.985 65873 INFO tempest.common.waiters [-] State transition "BUILD/networking" ==> "BUILD/spawning" after 28 second wait
2025-12-15 01:23:43.995 65875 INFO tempest.lib.common.rest_client [req-6aeb8ae2-56e5-4319-8784-bdc001674c1c req-6aeb8ae2-56e5-4319-8784-bdc001674c1c ] Request (ServerShowV247Test:tearDownClass): 204 DELETE http://10.180.1.21/compute/v2.1/servers/a1387a17-2ac7-4dd5-9922-4621e0457c5e 0.187s
2025-12-15 01:23:44.030 65849 INFO tempest.lib.common.rest_client [req-5223bbc3-8a4a-45cd-8c22-f96bd6a443bb req-5223bbc3-8a4a-45cd-8c22-f96bd6a443bb ] Request (AttachInterfacesTestJSON:test_create_list_show_delete_interfaces_by_fixed_ip): 200 GET http://10.180.1.21/compute/v2.1/servers/b09d6b97-c848-46ee-a434-41ab9647f9f5 0.172s
2025-12-15 01:23:44.072 65855 INFO tempest.lib.common.rest_client [req-cf70e708-50d3-48d4-a287-2fa22c18762a req-cf70e708-50d3-48d4-a287-2fa22c18762a ] Request (ImagesOneServerNegativeTestJSON:_run_cleanups): 200 GET http://10.180.1.21/compute/v2.1/servers/8a37350f-3736-4116-aedd-98bd8e6d8c10 0.204s
2025-12-15 01:23:44.118 65885 INFO tempest.lib.common.rest_client [req-ffaa0f37-433d-45c0-9667-fcf23bdfd383 req-ffaa0f37-433d-45c0-9667-fcf23bdfd383 ] Request (SecurityGroupsTestJSON:test_server_security_groups): 200 GET http://10.180.1.21/compute/v2.1/servers/e34f836a-4432-4a03-b11b-b985e872426a 0.164s
2025-12-15 01:23:44.163 65875 INFO tempest.lib.common.rest_client [req-f1b790cc-59ec-4861-94cc-348891ef3db5 req-f1b790cc-59ec-4861-94cc-348891ef3db5 ] Request (ServerShowV247Test:tearDownClass): 200 GET http://10.180.1.21/compute/v2.1/servers/a1387a17-2ac7-4dd5-9922-4621e0457c5e 0.167s
2025-12-15 01:23:44.228 65861 INFO tempest.lib.common.rest_client [req-fcc15f36-3cae-47f5-ac81-1a50c5afcdce req-fcc15f36-3cae-47f5-ac81-1a50c5afcdce ] Request (VolumesAssistedSnapshotsTest:test_volume_assisted_snapshot_create_delete): 200 GET http://10.180.1.21/volume/v3/volumes/5201e62f-3a4e-42ce-9e70-7ebe66095131 0.031s
2025-12-15 01:23:44.251 65831 INFO tempest.lib.common.rest_client [req-9d094fdb-d999-435b-87bd-f73539263a66 req-9d094fdb-d999-435b-87bd-f73539263a66 ] Request (VolumesTestJSON:setUpClass): 200 GET http://10.180.1.21/volume/v3/volumes/833cc87a-41ed-49a9-b70e-575411a4f2ce 0.032s
2025-12-15 01:23:44.257 65831 INFO tempest.common.waiters [-] volume 833cc87a-41ed-49a9-b70e-575411a4f2ce reached available after waiting for 1.257938 seconds
2025-12-15 01:23:44.309 65851 INFO tempest.lib.common.rest_client [req-7ef6d65a-4047-4ac2-8acf-a9d5950537bc req-7ef6d65a-4047-4ac2-8acf-a9d5950537bc ] Request (ServerShowV257Test:test_rebuild_server): 200 GET http://10.180.1.21/compute/v2.1/servers/6f518126-0e37-479f-bf4f-c05f8eda360e 0.146s
2025-12-15 01:23:44.320 65831 INFO tempest.lib.common.rest_client [req-a21c7bbc-711b-4f0a-98ae-b687da44721c req-a21c7bbc-711b-4f0a-98ae-b687da44721c ] Request (VolumesTestJSON:setUpClass): 200 GET http://10.180.1.21/compute/v2.1/os-volumes/833cc87a-41ed-49a9-b70e-575411a4f2ce 0.062s
2025-12-15 01:23:44.371 65893 INFO tempest.lib.common.rest_client [req-adab6c8f-e112-4c46-99c1-f5c93552148a req-adab6c8f-e112-4c46-99c1-f5c93552148a ] Request (ImagesTestJSON:test_create_image_from_suspended_server): 200 GET http://10.180.1.21/compute/v2.1/servers/0c32065f-3dd9-408f-a921-f173fc52712d 0.060s
2025-12-15 01:23:44.437 65867 INFO tempest.lib.common.rest_client [req-9a5913b8-acb1-4d2f-a02f-cec3ce00847e req-9a5913b8-acb1-4d2f-a02f-cec3ce00847e ] Request (ServersAdminTestJSON:tearDownClass): 200 GET http://10.180.1.21/compute/v2.1/servers/a90ad9c9-0adf-4632-863e-c957bec89455 0.066s
2025-12-15 01:23:44.465 65831 INFO tempest.lib.common.rest_client [req-1ab77030-23e5-42b2-a9de-c831d5c284f1 req-1ab77030-23e5-42b2-a9de-c831d5c284f1 ] Request (VolumesTestJSON:setUpClass): 202 POST http://10.180.1.21/volume/v3/volumes 0.142s
2025-12-15 01:23:44.499 65831 INFO tempest.lib.common.rest_client [req-34d6383f-3d42-48d7-85e7-00bc9335a111 req-34d6383f-3d42-48d7-85e7-00bc9335a111 ] Request (VolumesTestJSON:setUpClass): 200 GET http://10.180.1.21/volume/v3/volumes/560b1f20-4ff4-4d51-91f5-0c5f57e638ba 0.027s
2025-12-15 01:23:44.510 65881 INFO tempest.lib.common.rest_client [req-d11ea3af-4cf9-4c24-b818-d281b6f2a8b5 req-d11ea3af-4cf9-4c24-b818-d281b6f2a8b5 ] Request (MigrationsAdminTest:test_resize_server_revert_deleted_flavor): 200 GET http://10.180.1.21/compute/v2.1/servers/afd86801-09c8-4eae-892b-bcbbd9bf7075 0.056s
2025-12-15 01:23:44.609 65833 INFO tempest.lib.common.rest_client [req-db8ed5a2-6a15-4d80-82fa-ab12dfd3cf17 req-db8ed5a2-6a15-4d80-82fa-ab12dfd3cf17 ] Request (ServerMetadataNegativeTestJSON:setUpClass): 200 GET http://10.180.1.21/compute/v2.1/servers/5ec60abb-0f4e-4e7c-9084-28dad974fd62 0.133s
2025-12-15 01:23:44.609 65863 INFO tempest.lib.common.rest_client [req-25ccbebf-c901-4e24-b649-10ec76e0cfe0 req-25ccbebf-c901-4e24-b649-10ec76e0cfe0 ] Request (ServersListShow296Test:tearDownClass): 200 GET http://10.180.1.21/compute/v2.1/servers/8e2f03c8-86b6-40b1-b9cb-b4d855365bec 0.079s
2025-12-15 01:23:44.687 65841 INFO tempest.lib.common.rest_client [req-50cde261-2954-44cb-9632-64587fae3e95 req-50cde261-2954-44cb-9632-64587fae3e95 ] Request (ListServersNegativeTestJSON:tearDownClass): 200 GET http://10.180.1.21/compute/v2.1/servers/596e4e19-1e91-40ff-b938-e175721dec12 0.072s
2025-12-15 01:23:44.796 65845 INFO tempest.lib.common.rest_client [req-6b8a337e-1733-410b-9dc9-580a069150d8 req-6b8a337e-1733-410b-9dc9-580a069150d8 ] Request (ServersAdminNegativeTestJSON:tearDownClass): 200 GET http://10.180.1.21/compute/v2.1/servers/cb8e464a-ddb6-4ff3-bebc-0ad76f155d9f 0.082s
2025-12-15 01:23:44.804 65839 INFO tempest.lib.common.rest_client [req-7af02259-589a-4b5d-9db7-1825d5c20a44 req-7af02259-589a-4b5d-9db7-1825d5c20a44 ] Request (ServerDiskConfigTestJSON:test_rebuild_server_with_auto_disk_config): 200 GET http://10.180.1.21/compute/v2.1/servers/761a0d8a-9be6-48c7-87c2-ee57f7a3cfbd 0.158s
2025-12-15 01:23:44.812 65839 INFO tempest.common.waiters [-] State transition "REBUILD/rebuild_spawning" ==> "ACTIVE/None" after 10 second wait
2025-12-15 01:23:44.951 65869 WARNING tempest.lib.common.ssh [-] Failed to establish authenticated ssh connection to cirros@10.180.180.212 ([Errno None] Unable to connect to port 22 on 10.180.180.212). Number attempts: 9. Retry after 10 seconds.: paramiko.ssh_exception.NoValidConnectionsError: [Errno None] Unable to connect to port 22 on 10.180.180.212
2025-12-15 01:23:44.952 65837 INFO tempest.lib.common.rest_client [req-906e4061-4883-43b6-b566-4bbe22ce0f26 req-906e4061-4883-43b6-b566-4bbe22ce0f26 ] Request (ServerActionsTestOtherB:test_create_backup): 200 GET http://10.180.1.21/compute/v2.1/servers/6544e3e7-b8b2-4ae0-9f26-b2d6b04c7427 0.117s
2025-12-15 01:23:44.962 65837 INFO tempest.common.waiters [-] State transition "ACTIVE/image_pending_upload" ==> "ACTIVE/image_uploading" after 3 second wait
2025-12-15 01:23:44.983 65839 INFO tempest.lib.common.rest_client [req-97fc8481-7ba2-45e6-93c5-2df4432d63ef req-97fc8481-7ba2-45e6-93c5-2df4432d63ef ] Request (ServerDiskConfigTestJSON:test_rebuild_server_with_auto_disk_config): 200 GET http://10.180.1.21/compute/v2.1/servers/761a0d8a-9be6-48c7-87c2-ee57f7a3cfbd 0.171s
2025-12-15 01:23:45.036 65871 INFO tempest.lib.common.rest_client [req-670cf88c-484a-4587-bfd4-0667a196e992 req-670cf88c-484a-4587-bfd4-0667a196e992 ] Request (TenantUsagesTestJSON:tearDownClass): 200 GET http://10.180.1.21/compute/v2.1/servers/28065556-49ce-441a-9f38-22fe341340aa 0.167s
2025-12-15 01:23:45.056 65859 INFO tempest.lib.common.rest_client [req-c766a38b-4563-49bf-bd1d-1cb1b64fe683 req-c766a38b-4563-49bf-bd1d-1cb1b64fe683 ] Request (FloatingIPsAssociationNegativeTestJSON:tearDownClass): 200 GET http://10.180.1.21/compute/v2.1/servers/c9047f2a-da56-4f45-9c92-3686216a0f94 0.164s
2025-12-15 01:23:45.106 65891 INFO tempest.lib.common.rest_client [req-e08d7c1b-09b7-4975-9816-93a325852264 req-e08d7c1b-09b7-4975-9816-93a325852264 ] Request (FloatingIPsAssociationTestJSON:tearDownClass): 200 GET http://10.180.1.21/compute/v2.1/servers/34e974f9-c5c9-474c-8438-4ca5b4228534 0.179s
2025-12-15 01:23:45.165 65873 INFO tempest.lib.common.rest_client [req-2a454711-6139-4e6b-b3ec-444b053463e6 req-2a454711-6139-4e6b-b3ec-444b053463e6 ] Request (ServerDiagnosticsNegativeTest:test_get_server_diagnostics_by_non_admin): 200 GET http://10.180.1.21/compute/v2.1/servers/6a1362d7-ac53-45d8-94ed-cc5dd39c9901 0.179s
2025-12-15 01:23:45.198 65839 INFO tempest.lib.common.rest_client [req-a75edfcc-f994-41df-8252-9c930546fa98 req-a75edfcc-f994-41df-8252-9c930546fa98 ] Request (ServerDiskConfigTestJSON:_run_cleanups): 204 DELETE http://10.180.1.21/compute/v2.1/servers/761a0d8a-9be6-48c7-87c2-ee57f7a3cfbd 0.203s
2025-12-15 01:23:45.232 65849 INFO tempest.lib.common.rest_client [req-f4e4b4e9-2439-4599-b6e7-936f8b2a23d4 req-f4e4b4e9-2439-4599-b6e7-936f8b2a23d4 ] Request (AttachInterfacesTestJSON:test_create_list_show_delete_interfaces_by_fixed_ip): 200 GET http://10.180.1.21/compute/v2.1/servers/b09d6b97-c848-46ee-a434-41ab9647f9f5 0.182s
2025-12-15 01:23:45.274 65855 INFO tempest.lib.common.rest_client [req-1f08339b-41b2-4147-b2e5-5a0fd6bc8f9b req-1f08339b-41b2-4147-b2e5-5a0fd6bc8f9b ] Request (ImagesOneServerNegativeTestJSON:_run_cleanups): 200 GET http://10.180.1.21/compute/v2.1/servers/8a37350f-3736-4116-aedd-98bd8e6d8c10 0.194s
2025-12-15 01:23:45.284 65839 INFO tempest.lib.common.rest_client [req-2822f700-7fc5-4e5d-bf79-6e6715c613e6 req-2822f700-7fc5-4e5d-bf79-6e6715c613e6 ] Request (ServerDiskConfigTestJSON:test_rebuild_server_with_manual_disk_config): 201 POST http://10.180.1.21/identity/v3/auth/tokens 0.082s
2025-12-15 01:23:45.285 65839 INFO tempest.lib.common.fixed_network [-] (ServerDiskConfigTestJSON:test_rebuild_server_with_manual_disk_config) Found network {'id': 'ed687ece-2174-4217-a52c-936318c19880', 'name': 'tempest-ServerDiskConfigTestJSON-810237133-network', 'tenant_id': 'e05c760a85b041faa6dedef1aaaca87b', 'project_id': 'e05c760a85b041faa6dedef1aaaca87b', 'admin_state_up': True, 'mtu': 8950, 'status': 'ACTIVE', 'subnets': [], 'shared': False, 'port_security_enabled': True, 'router:external': False, 'provider:network_type': 'vlan', 'provider:physical_network': 'default', 'provider:segmentation_id': 537, 'availability_zone_hints': [], 'availability_zones': [], 'ipv4_address_scope': None, 'ipv6_address_scope': None, 'description': '', 'tags': [], 'created_at': '2025-12-15T01:22:56Z', 'updated_at': '2025-12-15T01:22:56Z', 'revision_number': 1} available for tenant
2025-12-15 01:23:45.294 65885 INFO tempest.lib.common.rest_client [req-9841cb44-f50b-4b00-9e81-d41d0fcf13ff req-9841cb44-f50b-4b00-9e81-d41d0fcf13ff ] Request (SecurityGroupsTestJSON:test_server_security_groups): 200 GET http://10.180.1.21/compute/v2.1/servers/e34f836a-4432-4a03-b11b-b985e872426a 0.168s
2025-12-15 01:23:45.297 65861 INFO tempest.lib.common.rest_client [req-41554d1d-39d1-4084-82c1-01605bd031af req-41554d1d-39d1-4084-82c1-01605bd031af ] Request (VolumesAssistedSnapshotsTest:test_volume_assisted_snapshot_create_delete): 200 GET http://10.180.1.21/volume/v3/volumes/5201e62f-3a4e-42ce-9e70-7ebe66095131 0.061s
2025-12-15 01:23:45.352 65875 INFO tempest.lib.common.rest_client [req-fa6db16b-78f4-4c48-86c4-ea23cd6a52e3 req-fa6db16b-78f4-4c48-86c4-ea23cd6a52e3 ] Request (ServerShowV247Test:tearDownClass): 200 GET http://10.180.1.21/compute/v2.1/servers/a1387a17-2ac7-4dd5-9922-4621e0457c5e 0.179s
2025-12-15 01:23:45.419 65851 INFO tempest.lib.common.rest_client [req-948cb102-9f31-45f9-9ced-1e8585abda17 req-948cb102-9f31-45f9-9ced-1e8585abda17 ] Request (ServerShowV257Test:test_rebuild_server): 200 GET http://10.180.1.21/compute/v2.1/servers/6f518126-0e37-479f-bf4f-c05f8eda360e 0.097s
2025-12-15 01:23:45.502 65893 INFO tempest.lib.common.rest_client [req-d82ae164-a3eb-4632-a724-e3a1013e994b req-d82ae164-a3eb-4632-a724-e3a1013e994b ] Request (ImagesTestJSON:test_create_image_from_suspended_server): 200 GET http://10.180.1.21/compute/v2.1/servers/0c32065f-3dd9-408f-a921-f173fc52712d 0.122s
2025-12-15 01:23:45.534 65831 INFO tempest.lib.common.rest_client [req-b960477b-2c6d-40f7-be4f-44a1318ecae1 req-b960477b-2c6d-40f7-be4f-44a1318ecae1 ] Request (VolumesTestJSON:setUpClass): 200 GET http://10.180.1.21/volume/v3/volumes/560b1f20-4ff4-4d51-91f5-0c5f57e638ba 0.027s
2025-12-15 01:23:45.541 65831 INFO tempest.common.waiters [-] volume 560b1f20-4ff4-4d51-91f5-0c5f57e638ba reached available after waiting for 1.541295 seconds
2025-12-15 01:23:45.592 65867 INFO tempest.lib.common.rest_client [req-f2f47f1e-54d2-4128-9e51-89ea21b08e7a req-f2f47f1e-54d2-4128-9e51-89ea21b08e7a ] Request (ServersAdminTestJSON:tearDownClass): 200 GET http://10.180.1.21/compute/v2.1/servers/a90ad9c9-0adf-4632-863e-c957bec89455 0.144s
2025-12-15 01:23:45.599 65867 INFO tempest.common.waiters [-] State transition "ACTIVE/deleting" ==> "DELETED/None" after 3 second wait
2025-12-15 01:23:45.643 65881 INFO tempest.lib.common.rest_client [req-0927d64d-fde3-49bf-97fa-a4b6718dc5e5 req-0927d64d-fde3-49bf-97fa-a4b6718dc5e5 ] Request (MigrationsAdminTest:test_resize_server_revert_deleted_flavor): 200 GET http://10.180.1.21/compute/v2.1/servers/afd86801-09c8-4eae-892b-bcbbd9bf7075 0.121s
2025-12-15 01:23:45.644 65839 INFO tempest.lib.common.rest_client [req-406320ec-70ec-4c33-8dbf-3780bf40e364 req-406320ec-70ec-4c33-8dbf-3780bf40e364 ] Request (ServerDiskConfigTestJSON:test_rebuild_server_with_manual_disk_config): 202 POST http://10.180.1.21/compute/v2.1/servers 0.359s
2025-12-15 01:23:45.689 65831 INFO tempest.lib.common.rest_client [req-d22c8aea-a2c1-41a8-896d-39f04589a398 req-d22c8aea-a2c1-41a8-896d-39f04589a398 ] Request (VolumesTestJSON:setUpClass): 200 GET http://10.180.1.21/compute/v2.1/os-volumes/560b1f20-4ff4-4d51-91f5-0c5f57e638ba 0.147s
2025-12-15 01:23:45.755 65833 INFO tempest.lib.common.rest_client [req-e293ae94-d9e2-47e1-aaf5-2c914939396a req-e293ae94-d9e2-47e1-aaf5-2c914939396a ] Request (ServerMetadataNegativeTestJSON:setUpClass): 200 GET http://10.180.1.21/compute/v2.1/servers/5ec60abb-0f4e-4e7c-9084-28dad974fd62 0.136s
2025-12-15 01:23:45.764 65833 INFO tempest.common.waiters [-] State transition "BUILD/spawning" ==> "ACTIVE/None" after 31 second wait
2025-12-15 01:23:45.777 65863 INFO tempest.lib.common.rest_client [req-faa2a569-8555-47cb-89d4-101203b7876b req-faa2a569-8555-47cb-89d4-101203b7876b ] Request (ServersListShow296Test:tearDownClass): 200 GET http://10.180.1.21/compute/v2.1/servers/8e2f03c8-86b6-40b1-b9cb-b4d855365bec 0.156s
2025-12-15 01:23:45.806 65839 INFO tempest.lib.common.rest_client [req-f63a9cfa-3dba-434f-811a-6b4cd1551a2c req-f63a9cfa-3dba-434f-811a-6b4cd1551a2c ] Request (ServerDiskConfigTestJSON:test_rebuild_server_with_manual_disk_config): 200 GET http://10.180.1.21/compute/v2.1/servers/0b23981c-1f2b-471b-8ea4-2b4ed3010f12 0.159s
2025-12-15 01:23:45.847 65831 INFO tempest.lib.common.rest_client [req-9e312f4c-3e65-4be8-948c-6fd3a494c137 req-9e312f4c-3e65-4be8-948c-6fd3a494c137 ] Request (VolumesTestJSON:test_volume_list): 200 GET http://10.180.1.21/compute/v2.1/os-volumes 0.155s
2025-12-15 01:23:45.849 65833 INFO tempest.lib.common.rest_client [req-723477e9-2558-4f00-a5ff-87ac495ff665 req-723477e9-2558-4f00-a5ff-87ac495ff665 ] Request (ServerMetadataNegativeTestJSON:test_create_server_metadata_blank_key): 201 POST http://10.180.1.21/identity/v3/auth/tokens 0.078s
2025-12-15 01:23:45.850 65833 INFO tempest.lib.common.fixed_network [-] (ServerMetadataNegativeTestJSON:test_create_server_metadata_blank_key) Found network {'id': '0675172f-a1fa-43fa-94e7-467d8e9f4153', 'name': 'tempest-ServerMetadataNegativeTestJSON-243421474-network', 'tenant_id': '3cfb0bd049e84b85b8e0526ac31fd2a1', 'project_id': '3cfb0bd049e84b85b8e0526ac31fd2a1', 'admin_state_up': True, 'mtu': 8950, 'status': 'ACTIVE', 'subnets': [], 'shared': False, 'port_security_enabled': True, 'router:external': False, 'provider:network_type': 'vlan', 'provider:physical_network': 'default', 'provider:segmentation_id': 332, 'availability_zone_hints': [], 'availability_zones': [], 'ipv4_address_scope': None, 'ipv6_address_scope': None, 'description': '', 'tags': [], 'created_at': '2025-12-15T01:23:06Z', 'updated_at': '2025-12-15T01:23:06Z', 'revision_number': 1} available for tenant
2025-12-15 01:23:45.891 65841 INFO tempest.lib.common.rest_client [req-80018920-930a-4e30-a3fd-2d470149950a req-80018920-930a-4e30-a3fd-2d470149950a ] Request (ListServersNegativeTestJSON:tearDownClass): 200 GET http://10.180.1.21/compute/v2.1/servers/596e4e19-1e91-40ff-b938-e175721dec12 0.195s
2025-12-15 01:23:45.896 65833 INFO tempest.lib.common.rest_client [req-35fc9abe-5612-4821-b8d8-5008f6eec6b2 req-35fc9abe-5612-4821-b8d8-5008f6eec6b2 ] Request (ServerMetadataNegativeTestJSON:test_create_server_metadata_blank_key): 400 POST http://10.180.1.21/compute/v2.1/servers 0.046s
2025-12-15 01:23:45.923 65845 INFO tempest.lib.common.rest_client [req-c94de47f-2397-408e-a528-dea8b5ca0c31 req-c94de47f-2397-408e-a528-dea8b5ca0c31 ] Request (ServersAdminNegativeTestJSON:tearDownClass): 200 GET http://10.180.1.21/compute/v2.1/servers/cb8e464a-ddb6-4ff3-bebc-0ad76f155d9f 0.115s
2025-12-15 01:23:45.934 65833 INFO tempest.lib.common.rest_client [req-4b1be27d-b060-4d3c-9066-8d3a4d126c78 req-4b1be27d-b060-4d3c-9066-8d3a4d126c78 ] Request (ServerMetadataNegativeTestJSON:test_delete_metadata_non_existent_server): 404 DELETE http://10.180.1.21/compute/v2.1/servers/b3d1c81b-5c6c-4ca8-9fd3-aa6f6863fd95/metadata/d 0.036s
2025-12-15 01:23:45.946 65833 INFO tempest.lib.common.rest_client [req-122610b8-6046-42d0-87c9-ff12b643dfa2 req-122610b8-6046-42d0-87c9-ff12b643dfa2 ] Request (ServerMetadataNegativeTestJSON:test_list_server_metadata_non_existent_server): 404 GET http://10.180.1.21/compute/v2.1/servers/333e29f2-ec90-4b3f-b1c9-4fbc89535a60/metadata 0.011s
2025-12-15 01:23:45.949 65831 INFO tempest.lib.common.rest_client [req-b4b716e4-33f5-4012-8b97-0b776336771c req-b4b716e4-33f5-4012-8b97-0b776336771c ] Request (VolumesTestJSON:test_volume_list_param_limit): 200 GET http://10.180.1.21/compute/v2.1/os-volumes?limit=2 0.094s
2025-12-15 01:23:45.988 65831 INFO tempest.lib.common.rest_client [req-1271914e-db3b-4132-ae36-4583925fe7be req-1271914e-db3b-4132-ae36-4583925fe7be ] Request (VolumesTestJSON:test_volume_list_param_offset_and_limit): 200 GET http://10.180.1.21/compute/v2.1/os-volumes 0.035s
2025-12-15 01:23:46.044 65833 INFO tempest.lib.common.rest_client [req-d43dc752-27a4-40fc-a1b1-22707f04c935 req-d43dc752-27a4-40fc-a1b1-22707f04c935 ] Request (ServerMetadataNegativeTestJSON:test_metadata_items_limit): 200 GET http://10.180.1.21/compute/v2.1/os-quota-sets/3cfb0bd049e84b85b8e0526ac31fd2a1 0.096s
2025-12-15 01:23:46.084 65831 INFO tempest.lib.common.rest_client [req-44a2725e-6701-414f-b922-30d66e24f049 req-44a2725e-6701-414f-b922-30d66e24f049 ] Request (VolumesTestJSON:test_volume_list_param_offset_and_limit): 200 GET http://10.180.1.21/compute/v2.1/os-volumes?offset=1&limit=1 0.092s
2025-12-15 01:23:46.143 65871 INFO tempest.lib.common.rest_client [req-c816bd50-88a4-4746-bf39-156790594083 req-c816bd50-88a4-4746-bf39-156790594083 ] Request (TenantUsagesTestJSON:tearDownClass): 200 GET http://10.180.1.21/compute/v2.1/servers/28065556-49ce-441a-9f38-22fe341340aa 0.100s
2025-12-15 01:23:46.156 65837 INFO tempest.lib.common.rest_client [req-7a490e67-3794-4671-958f-d8999fbfe9c3 req-7a490e67-3794-4671-958f-d8999fbfe9c3 ] Request (ServerActionsTestOtherB:test_create_backup): 200 GET http://10.180.1.21/compute/v2.1/servers/6544e3e7-b8b2-4ae0-9f26-b2d6b04c7427 0.193s
2025-12-15 01:23:46.202 65833 INFO tempest.lib.common.rest_client [req-9e6217d2-8ae1-46bc-8d5d-1713251e6dbd req-9e6217d2-8ae1-46bc-8d5d-1713251e6dbd ] Request (ServerMetadataNegativeTestJSON:test_metadata_items_limit): 403 PUT http://10.180.1.21/compute/v2.1/servers/5ec60abb-0f4e-4e7c-9084-28dad974fd62/metadata 0.152s
2025-12-15 01:23:46.230 65859 INFO tempest.lib.common.rest_client [req-209c1655-ea7f-42b1-abcb-6166ab2a12e4 req-209c1655-ea7f-42b1-abcb-6166ab2a12e4 ] Request (FloatingIPsAssociationNegativeTestJSON:tearDownClass): 200 GET http://10.180.1.21/compute/v2.1/servers/c9047f2a-da56-4f45-9c92-3686216a0f94 0.165s
2025-12-15 01:23:46.240 65831 INFO tempest.lib.common.rest_client [req-79df3369-d303-429e-8974-6f684276cdc6 req-79df3369-d303-429e-8974-6f684276cdc6 ] Request (VolumesTestJSON:test_volume_list_with_detail_param_limit): 200 GET http://10.180.1.21/compute/v2.1/os-volumes/detail?limit=2 0.153s
2025-12-15 01:23:46.296 65891 INFO tempest.lib.common.rest_client [req-3e53078a-2ea0-40b7-8b90-077ef9e1c091 req-3e53078a-2ea0-40b7-8b90-077ef9e1c091 ] Request (FloatingIPsAssociationTestJSON:tearDownClass): 200 GET http://10.180.1.21/compute/v2.1/servers/34e974f9-c5c9-474c-8438-4ca5b4228534 0.179s
2025-12-15 01:23:46.353 65861 INFO tempest.lib.common.rest_client [req-99398192-1b71-4449-8626-54953ca4372e req-99398192-1b71-4449-8626-54953ca4372e ] Request (VolumesAssistedSnapshotsTest:test_volume_assisted_snapshot_create_delete): 200 GET http://10.180.1.21/volume/v3/volumes/5201e62f-3a4e-42ce-9e70-7ebe66095131 0.039s
2025-12-15 01:23:46.359 65883 WARNING tempest.lib.common.ssh [-] Failed to establish authenticated ssh connection to cirros@10.180.180.241 ([Errno None] Unable to connect to port 22 on 10.180.180.241). Number attempts: 11. Retry after 12 seconds.: paramiko.ssh_exception.NoValidConnectionsError: [Errno None] Unable to connect to port 22 on 10.180.180.241
2025-12-15 01:23:46.361 65861 INFO tempest.common.waiters [-] Attachment 826571f0-ebc9-417b-a12f-0dcb55a93da3 created for volume 5201e62f-3a4e-42ce-9e70-7ebe66095131 to server df41a992-6f2a-4c59-9519-8000b31f0630 after waiting for 8.361832 seconds
2025-12-15 01:23:46.370 65873 INFO tempest.lib.common.rest_client [req-3de97e9b-a24c-4e4a-b79b-1a4a265f4a1a req-3de97e9b-a24c-4e4a-b79b-1a4a265f4a1a ] Request (ServerDiagnosticsNegativeTest:test_get_server_diagnostics_by_non_admin): 200 GET http://10.180.1.21/compute/v2.1/servers/6a1362d7-ac53-45d8-94ed-cc5dd39c9901 0.196s
2025-12-15 01:23:46.379 65833 INFO tempest.lib.common.rest_client [req-ad572172-1b0b-4691-b3ac-a10f226e595b req-ad572172-1b0b-4691-b3ac-a10f226e595b ] Request (ServerMetadataNegativeTestJSON:test_metadata_items_limit): 403 POST http://10.180.1.21/compute/v2.1/servers/5ec60abb-0f4e-4e7c-9084-28dad974fd62/metadata 0.176s
2025-12-15 01:23:46.407 65861 INFO tempest.lib.common.rest_client [req-28dc969a-8be3-4667-81de-7887bd1699ef req-28dc969a-8be3-4667-81de-7887bd1699ef ] Request (VolumesAssistedSnapshotsTest:test_volume_assisted_snapshot_create_delete): 200 GET http://10.180.1.21/volume/v3/volumes/5201e62f-3a4e-42ce-9e70-7ebe66095131 0.045s
2025-12-15 01:23:46.414 65861 INFO tempest.common.waiters [-] volume 5201e62f-3a4e-42ce-9e70-7ebe66095131 reached in-use after waiting for 0.414061 seconds
2025-12-15 01:23:46.422 65831 INFO tempest.lib.common.rest_client [req-b9187c8f-8e72-4e8f-97aa-e5b99e39e806 req-b9187c8f-8e72-4e8f-97aa-e5b99e39e806 ] Request (VolumesTestJSON:test_volume_list_with_detail_param_offset_and_limit): 200 GET http://10.180.1.21/compute/v2.1/os-volumes/detail 0.177s
2025-12-15 01:23:46.423 65833 INFO tempest.lib.common.rest_client [req-5fe4680e-3f9f-4225-9c59-9ec43129966c req-5fe4680e-3f9f-4225-9c59-9ec43129966c ] Request (ServerMetadataNegativeTestJSON:test_server_create_metadata_key_too_long): 201 POST http://10.180.1.21/identity/v3/auth/tokens 0.039s
