2025-12-15 01:23:03.532 65833 INFO tempest.lib.common.rest_client [req-2aa5cda4-3cc6-433f-bd54-ef076d8d4e87 req-2aa5cda4-3cc6-433f-bd54-ef076d8d4e87 ] Request (InstanceActionsNegativeTestJSON:tearDownClass): 404 GET http://10.180.1.21/compute/v2.1/servers/f0debc43-8be8-4e08-83bb-5feff20ceb25 1.292s
2025-12-15 01:23:03.548 65845 INFO tempest.lib.common.rest_client [req-4d483ed6-40c7-4f73-885b-15ff91e99af8 req-4d483ed6-40c7-4f73-885b-15ff91e99af8 ] Request (ServersAdminNegativeTestJSON:_run_cleanups): 202 DELETE http://10.180.1.21/compute/v2.1/flavors/1357784428 1.202s
2025-12-15 01:23:03.623 65837 INFO tempest.lib.common.rest_client [req-fe414953-abd6-4834-82cd-dddde64d4ca3 req-fe414953-abd6-4834-82cd-dddde64d4ca3 ] Request (ServerActionsTestOtherB:test_create_backup): 200 GET http://10.180.1.21/image/v2/images/943039c0-b3b2-40e6-bf13-e0a4b4af8df1 0.019s
2025-12-15 01:23:03.624 65849 INFO tempest.lib.common.rest_client [req-24442e07-56e8-4daf-a00b-619b9c53be62 req-24442e07-56e8-4daf-a00b-619b9c53be62 ] Request (ImagesOneServerTestJSON:tearDownClass): 200 PUT http://10.180.1.21/networking/v2.0/routers/3c1503ba-4080-45a7-8b0d-db5341d7236a/remove_router_interface 1.420s
2025-12-15 01:23:03.636 65881 INFO tempest.lib.common.rest_client [req-0efb627f-2519-426d-97fc-7d90e9d0d490 req-0efb627f-2519-426d-97fc-7d90e9d0d490 ] Request (MigrationsAdminTest:test_list_migrations_in_flavor_resize_situation): 204 POST http://10.180.1.21/compute/v2.1/servers/0b6b3766-6844-4aa8-959e-993ec5944807/action 1.225s
2025-12-15 01:23:03.803 65875 INFO tempest.lib.common.rest_client [req-83168c30-486a-4be3-bce1-cc6045d6c7ac req-83168c30-486a-4be3-bce1-cc6045d6c7ac ] Request (ServerShowV247Test:test_update_rebuild_list_server): 202 POST http://10.180.1.21/compute/v2.1/servers 1.128s
2025-12-15 01:23:03.845 65879 INFO tempest.lib.common.rest_client [req-ac1fee7c-8531-4c27-b42c-5d8da8883935 req-ac1fee7c-8531-4c27-b42c-5d8da8883935 ] Request (VolumesGetTestJSON:test_volume_create_get_delete): 200 GET http://10.180.1.21/compute/v2.1/os-volumes/0e9a0e21-6f94-400c-a9cc-36c96f895a60 1.111s
2025-12-15 01:23:03.848 65879 INFO tempest.common.waiters [-] volume 0e9a0e21-6f94-400c-a9cc-36c96f895a60 reached available after waiting for 0.848040 seconds
2025-12-15 01:23:04.156 65849 INFO tempest.lib.common.rest_client [req-fa35c805-02fd-4779-aa3f-c0a030d022f5 req-fa35c805-02fd-4779-aa3f-c0a030d022f5 ] Request (ImagesOneServerTestJSON:tearDownClass): 204 DELETE http://10.180.1.21/networking/v2.0/routers/3c1503ba-4080-45a7-8b0d-db5341d7236a 0.532s
2025-12-15 01:23:04.417 65833 INFO tempest.lib.common.rest_client [req-8c13bf80-74ab-4469-b714-571482f6e1bf req-8c13bf80-74ab-4469-b714-571482f6e1bf ] Request (InstanceActionsNegativeTestJSON:tearDownClass): 200 PUT http://10.180.1.21/networking/v2.0/routers/5c4bfc6d-30ab-4f49-8339-abaf55252628/remove_router_interface 0.884s
2025-12-15 01:23:04.439 65849 INFO tempest.lib.common.rest_client [req-7b72ea16-3af2-43bb-b173-4d50e7982bb8 req-7b72ea16-3af2-43bb-b173-4d50e7982bb8 ] Request (ImagesOneServerTestJSON:tearDownClass): 204 DELETE http://10.180.1.21/networking/v2.0/subnets/4b3ed088-b74a-4254-b6b1-82e8f3ad6cc5 0.282s
2025-12-15 01:23:04.498 65889 INFO tempest.lib.common.rest_client [req-4a24215e-6991-443f-95b7-d73335a11271 req-4a24215e-6991-443f-95b7-d73335a11271 ] Request (ServerActionsTestJSON:setUp): 200 GET http://10.180.1.21/compute/v2.1/servers/64d23e05-fdcd-42c7-8f23-087d08c693c4 1.746s
2025-12-15 01:23:04.598 65865 INFO tempest.lib.common.rest_client [req-240fbde2-68c1-41b7-ad7e-9ca2ad5f354c req-240fbde2-68c1-41b7-ad7e-9ca2ad5f354c ] Request (ServerPasswordTestJSON:tearDownClass): 204 DELETE http://10.180.1.21/compute/v2.1/servers/7222d931-bed5-4e42-9627-3dabce076628 1.805s
2025-12-15 01:23:04.650 65837 INFO tempest.lib.common.rest_client [req-dbcc9fca-25ca-4339-84ef-f7a7752ec78c req-dbcc9fca-25ca-4339-84ef-f7a7752ec78c ] Request (ServerActionsTestOtherB:test_create_backup): 200 GET http://10.180.1.21/image/v2/images/943039c0-b3b2-40e6-bf13-e0a4b4af8df1 0.023s
2025-12-15 01:23:04.670 65841 INFO tempest.lib.common.rest_client [req-16dda5b1-1063-46ee-85c9-16b8b233044f req-16dda5b1-1063-46ee-85c9-16b8b233044f ] Request (ListServersNegativeTestJSON:test_list_servers_by_limits_greater_than_actual_count): 200 GET http://10.180.1.21/compute/v2.1/servers 1.869s
2025-12-15 01:23:04.761 65859 INFO tempest.lib.common.rest_client [req-86ca3028-f7ec-4294-9ede-212f56cfda5d req-86ca3028-f7ec-4294-9ede-212f56cfda5d ] Request (FloatingIPsAssociationNegativeTestJSON:_run_cleanups): 202 DELETE http://10.180.1.21/compute/v2.1/os-floating-ips/7d0a7adb-9f52-47e5-88fa-236a797ab453 2.525s
2025-12-15 01:23:04.995 65833 INFO tempest.lib.common.rest_client [req-062b960a-3d51-47ec-ad16-cc41900c7d0d req-062b960a-3d51-47ec-ad16-cc41900c7d0d ] Request (InstanceActionsNegativeTestJSON:tearDownClass): 204 DELETE http://10.180.1.21/networking/v2.0/routers/5c4bfc6d-30ab-4f49-8339-abaf55252628 0.577s
2025-12-15 01:23:05.081 65849 INFO tempest.lib.common.rest_client [req-0e36ed31-5634-4b7f-a3ac-ebb7953ad960 req-0e36ed31-5634-4b7f-a3ac-ebb7953ad960 ] Request (ImagesOneServerTestJSON:tearDownClass): 204 DELETE http://10.180.1.21/networking/v2.0/networks/b836ac7b-78b1-4be4-b96c-769e72622e65 0.641s
2025-12-15 01:23:05.228 65867 INFO tempest.lib.common.rest_client [req-02a372a0-85f0-48e2-a825-7c8beab8893c req-02a372a0-85f0-48e2-a825-7c8beab8893c ] Request (ServersAdminTestJSON:test_list_servers_filter_by_exist_host): 200 GET http://10.180.1.21/compute/v2.1/servers/1091c04d-0d5d-4b8e-b311-5d581b0f8b56 2.235s
2025-12-15 01:23:05.241 65833 INFO tempest.lib.common.rest_client [req-ff0e21c7-5691-4755-8e98-c4a9221fffa1 req-ff0e21c7-5691-4755-8e98-c4a9221fffa1 ] Request (InstanceActionsNegativeTestJSON:tearDownClass): 204 DELETE http://10.180.1.21/networking/v2.0/subnets/2fce9e14-326c-4217-a20e-3cde069471f7 0.245s
2025-12-15 01:23:05.241 65849 INFO tempest.lib.common.rest_client [req-0a68c037-311e-4a58-b0f7-7667a589d6e4 req-0a68c037-311e-4a58-b0f7-7667a589d6e4 ] Request (ImagesOneServerTestJSON:tearDownClass): 204 DELETE http://10.180.1.21/identity/v3/users/df743cb9ee8d4e2e812be40b3e81f889 0.160s
2025-12-15 01:23:05.241 65849 INFO tempest.lib.common.dynamic_creds [-] Deleting project and security group for project: 2e9a50df783a4a80b57afc7835ebd32c
2025-12-15 01:23:05.379 65885 INFO tempest.lib.common.rest_client [req-4b45520a-60ab-4e67-b3b3-ea01d67c7487 req-4b45520a-60ab-4e67-b3b3-ea01d67c7487 ] Request (SecurityGroupsTestJSON:test_security_group_create_get_delete): 200 POST http://10.180.1.21/compute/v2.1/os-security-groups 2.365s
2025-12-15 01:23:05.402 65873 INFO tempest.lib.common.rest_client [req-6e407f00-fd24-4a91-98f1-c53488158696 req-6e407f00-fd24-4a91-98f1-c53488158696 ] Request (HypervisorAdminNegativeUnderV252Test:test_show_servers_with_non_admin_user): 200 GET http://10.180.1.21/compute/v2.1/os-hypervisors 2.378s
2025-12-15 01:23:05.540 65849 INFO tempest.lib.common.rest_client [req-8b8c5f4c-2014-49b6-87ec-f4f68712185d req-8b8c5f4c-2014-49b6-87ec-f4f68712185d ] Request (ImagesOneServerTestJSON:tearDownClass): 200 GET http://10.180.1.21/networking/v2.0/security-groups?tenant_id=2e9a50df783a4a80b57afc7835ebd32c&name=default 0.298s
2025-12-15 01:23:05.601 65833 INFO tempest.lib.common.rest_client [req-0026987a-6fdb-4c86-b907-2d9c786e8a35 req-0026987a-6fdb-4c86-b907-2d9c786e8a35 ] Request (InstanceActionsNegativeTestJSON:tearDownClass): 204 DELETE http://10.180.1.21/networking/v2.0/networks/5e64b65c-de5b-4907-9951-e852a4002d49 0.360s
2025-12-15 01:23:05.671 65837 INFO tempest.lib.common.rest_client [req-73bd4c89-7f87-46cb-9421-a9a3da729e92 req-73bd4c89-7f87-46cb-9421-a9a3da729e92 ] Request (ServerActionsTestOtherB:test_create_backup): 200 GET http://10.180.1.21/image/v2/images/943039c0-b3b2-40e6-bf13-e0a4b4af8df1 0.019s
2025-12-15 01:23:05.759 65833 INFO tempest.lib.common.rest_client [req-8b99c4b5-2a48-40f1-b186-a67ad2545c30 req-8b99c4b5-2a48-40f1-b186-a67ad2545c30 ] Request (InstanceActionsNegativeTestJSON:tearDownClass): 204 DELETE http://10.180.1.21/identity/v3/users/e886278f54604e749ea097a54e8c1105 0.157s
2025-12-15 01:23:05.759 65833 INFO tempest.lib.common.dynamic_creds [-] Deleting project and security group for project: 34c8fc8a5ce548e3bf98215544c2bc38
2025-12-15 01:23:05.816 65849 INFO tempest.lib.common.rest_client [req-32621786-a5e0-4939-bd7f-a9b5b0a143e3 req-32621786-a5e0-4939-bd7f-a9b5b0a143e3 ] Request (ImagesOneServerTestJSON:tearDownClass): 204 DELETE http://10.180.1.21/networking/v2.0/security-groups/50c2c28e-c8d2-4f9e-a431-6df336da2df5 0.275s
2025-12-15 01:23:05.858 65893 INFO tempest.lib.common.rest_client [req-54e6644c-d336-4f71-bc80-8d22f1205fe5 req-54e6644c-d336-4f71-bc80-8d22f1205fe5 ] Request (ImagesTestJSON:test_create_image_from_stopped_server): 200 GET http://10.180.1.21/compute/v2.1/servers/81cbfe3e-eccd-474f-a738-b0404e3f28d9 2.812s
2025-12-15 01:23:05.868 65833 INFO tempest.lib.common.rest_client [req-2c7cb7bf-64c2-4d8a-8d3d-9e2298ca6349 req-2c7cb7bf-64c2-4d8a-8d3d-9e2298ca6349 ] Request (InstanceActionsNegativeTestJSON:tearDownClass): 200 GET http://10.180.1.21/networking/v2.0/security-groups?tenant_id=34c8fc8a5ce548e3bf98215544c2bc38&name=default 0.108s
2025-12-15 01:23:05.939 65831 INFO tempest.lib.common.rest_client [req-2e778be6-308c-47f1-a21e-d05b26182504 req-2e778be6-308c-47f1-a21e-d05b26182504 ] Request (ServerMetadataTestJSON:test_update_server_metadata): 200 POST http://10.180.1.21/compute/v2.1/servers/63001002-e802-4957-82af-e161ecbda933/metadata 2.812s
2025-12-15 01:23:05.939 65849 INFO tempest.lib.common.rest_client [req-d828c95c-eb60-455a-887a-fb31fcf55141 req-d828c95c-eb60-455a-887a-fb31fcf55141 ] Request (ImagesOneServerTestJSON:tearDownClass): 204 DELETE http://10.180.1.21/identity/v3/projects/2e9a50df783a4a80b57afc7835ebd32c 0.123s
2025-12-15 01:23:05.960 65833 INFO tempest.lib.common.rest_client [req-6b9c651b-4870-4038-9913-93bc9e242fea req-6b9c651b-4870-4038-9913-93bc9e242fea ] Request (InstanceActionsNegativeTestJSON:tearDownClass): 204 DELETE http://10.180.1.21/networking/v2.0/security-groups/69a8cc18-3d2c-4522-9688-4b5525d659e0 0.092s
2025-12-15 01:23:06.002 65843 INFO tempest.lib.common.rest_client [req-4a96fbef-0dbf-410a-83cc-8f6b7004bf30 req-4a96fbef-0dbf-410a-83cc-8f6b7004bf30 ] Request (ServersTestBootFromVolume:setUpClass): 200 GET http://10.180.1.21/compute/v2.1/servers/d57e1602-6240-4829-a434-7bcd2ab91052 2.814s
2025-12-15 01:23:06.028 65851 INFO tempest.lib.common.rest_client [req-1ceb6837-e2a8-4415-a5b9-2a19dc4f728c req-1ceb6837-e2a8-4415-a5b9-2a19dc4f728c ] Request (FlavorsAdminTestJSON:test_list_non_public_flavor): 200 GET http://10.180.1.21/compute/v2.1/flavors/detail 2.807s
2025-12-15 01:23:06.037 65849 INFO tempest.lib.common.rest_client [req-32f0512d-634f-4105-8df0-467005332d60 req-32f0512d-634f-4105-8df0-467005332d60 ] Request (KeyPairsV2TestJSON:setUpClass): 201 POST http://10.180.1.21/identity/v3/auth/tokens 0.096s
2025-12-15 01:23:06.085 65833 INFO tempest.lib.common.rest_client [req-65241c91-5569-47fc-931a-891cac742bf7 req-65241c91-5569-47fc-931a-891cac742bf7 ] Request (InstanceActionsNegativeTestJSON:tearDownClass): 204 DELETE http://10.180.1.21/identity/v3/projects/34c8fc8a5ce548e3bf98215544c2bc38 0.124s
2025-12-15 01:23:06.094 65835 INFO tempest.lib.common.rest_client [req-d934621c-7502-43fd-8d25-e0397df082a5 req-d934621c-7502-43fd-8d25-e0397df082a5 ] Request (AttachInterfacesUnderV243Test:test_add_remove_fixed_ip): 200 GET http://10.180.1.21/compute/v2.1/servers/77141f15-bb2c-40fd-8bfc-a30ba89102fc 2.676s
2025-12-15 01:23:06.099 65855 INFO tempest.lib.common.rest_client [req-6f8dcd16-5a37-49d8-8698-60b0d4e60b83 req-6f8dcd16-5a37-49d8-8698-60b0d4e60b83 ] Request (ImagesOneServerNegativeTestJSON:test_create_image_specify_name_over_character_limit): 400 POST http://10.180.1.21/compute/v2.1/servers/8a37350f-3736-4116-aedd-98bd8e6d8c10/action 2.582s
2025-12-15 01:23:06.124 65849 INFO tempest.lib.common.rest_client [req-a7a25ba1-ad5a-400a-bac9-7d9fc4ad33f9 req-a7a25ba1-ad5a-400a-bac9-7d9fc4ad33f9 ] Request (KeyPairsV2TestJSON:setUpClass): 201 POST http://10.180.1.21/identity/v3/auth/tokens 0.084s
2025-12-15 01:23:06.125 65845 INFO tempest.lib.common.rest_client [req-5be3cf6e-fd45-4950-be5d-e99a41981f2d req-5be3cf6e-fd45-4950-be5d-e99a41981f2d ] Request (ServersAdminNegativeTestJSON:_run_cleanups): 200 GET http://10.180.1.21/compute/v2.1/flavors/detail 2.577s
2025-12-15 01:23:06.160 65833 INFO tempest.lib.common.rest_client [req-6c0c2363-2c36-4f05-a9b6-fee88412809a req-6c0c2363-2c36-4f05-a9b6-fee88412809a ] Request (ServerMetadataNegativeTestJSON:setUpClass): 201 POST http://10.180.1.21/identity/v3/auth/tokens 0.073s
2025-12-15 01:23:06.160 65849 INFO tempest.lib.common.rest_client [req-4eb003a5-06f0-40c7-be62-61ffb14f18aa req-4eb003a5-06f0-40c7-be62-61ffb14f18aa ] Request (KeyPairsV2TestJSON:setUpClass): 200 GET http://10.180.1.21/identity/v3/domains?name=Default 0.035s
2025-12-15 01:23:06.196 65833 INFO tempest.lib.common.rest_client [req-0486223a-91f8-499c-a0b4-c787e102149e req-0486223a-91f8-499c-a0b4-c787e102149e ] Request (ServerMetadataNegativeTestJSON:setUpClass): 201 POST http://10.180.1.21/identity/v3/auth/tokens 0.032s
2025-12-15 01:23:06.198 65849 INFO tempest.lib.common.rest_client [req-9ecd8649-da90-43b0-9311-af276bf80d44 req-9ecd8649-da90-43b0-9311-af276bf80d44 ] Request (KeyPairsV2TestJSON:setUpClass): 201 POST http://10.180.1.21/identity/v3/projects 0.038s
2025-12-15 01:23:06.272 65833 INFO tempest.lib.common.rest_client [req-35816a00-ea4a-42e6-b62f-af7e5b886e9d req-35816a00-ea4a-42e6-b62f-af7e5b886e9d ] Request (ServerMetadataNegativeTestJSON:setUpClass): 200 GET http://10.180.1.21/identity/v3/domains?name=Default 0.076s
2025-12-15 01:23:06.275 65849 INFO tempest.lib.common.rest_client [req-265adcd3-87e2-4cac-8ef0-1d4092890f5b req-265adcd3-87e2-4cac-8ef0-1d4092890f5b ] Request (KeyPairsV2TestJSON:setUpClass): 201 POST http://10.180.1.21/identity/v3/users 0.076s
2025-12-15 01:23:06.279 65881 INFO tempest.lib.common.rest_client [req-73f9f98d-3546-4424-b168-6c27a295c8ce req-73f9f98d-3546-4424-b168-6c27a295c8ce ] Request (MigrationsAdminTest:test_list_migrations_in_flavor_resize_situation): 200 GET http://10.180.1.21/compute/v2.1/servers/0b6b3766-6844-4aa8-959e-993ec5944807 2.643s
2025-12-15 01:23:06.302 65883 WARNING tempest.lib.common.ssh [-] Failed to establish authenticated ssh connection to cirros@10.180.180.241 ([Errno None] Unable to connect to port 22 on 10.180.180.241). Number attempts: 7. Retry after 8 seconds.: paramiko.ssh_exception.NoValidConnectionsError: [Errno None] Unable to connect to port 22 on 10.180.180.241
2025-12-15 01:23:06.308 65849 INFO tempest.lib.common.rest_client [req-eaf3f6bc-ebf9-4d2a-a993-f9ec45efef95 req-eaf3f6bc-ebf9-4d2a-a993-f9ec45efef95 ] Request (KeyPairsV2TestJSON:setUpClass): 200 GET http://10.180.1.21/identity/v3/roles 0.032s
2025-12-15 01:23:06.310 65833 INFO tempest.lib.common.rest_client [req-944c762d-cb5c-48d4-b4d4-db5648b82f5d req-944c762d-cb5c-48d4-b4d4-db5648b82f5d ] Request (ServerMetadataNegativeTestJSON:setUpClass): 201 POST http://10.180.1.21/identity/v3/projects 0.037s
2025-12-15 01:23:06.345 65871 INFO tempest.lib.common.rest_client [req-c51802f8-234b-45f1-9bb8-40b1edcaa254 req-c51802f8-234b-45f1-9bb8-40b1edcaa254 ] Request (TenantUsagesTestJSON:setUpClass): 200 GET http://10.180.1.21/compute/v2.1/servers/28065556-49ce-441a-9f38-22fe341340aa 2.705s
2025-12-15 01:23:06.379 65833 INFO tempest.lib.common.rest_client [req-8c5cd52d-f7c5-4b7a-bff1-8a471a62e0d1 req-8c5cd52d-f7c5-4b7a-bff1-8a471a62e0d1 ] Request (ServerMetadataNegativeTestJSON:setUpClass): 201 POST http://10.180.1.21/identity/v3/users 0.068s
2025-12-15 01:23:06.388 65849 INFO tempest.lib.common.rest_client [req-fd5cac62-f3bc-480a-8828-8b169506ebac req-fd5cac62-f3bc-480a-8828-8b169506ebac ] Request (KeyPairsV2TestJSON:setUpClass): 204 PUT http://10.180.1.21/identity/v3/projects/c06c53244788489b80919908a2527f10/users/e1817a5f5bba4f5b819e8cbd2c62d2d5/roles/061a1c2817da4e9e8877d320f4bcff0f 0.079s
2025-12-15 01:23:06.388 65849 INFO tempest.lib.common.dynamic_creds [-] Dynamic test user e1817a5f5bba4f5b819e8cbd2c62d2d5 is created with scope project and roles: ['member']
2025-12-15 01:23:06.389 65849 INFO tempest.lib.common.dynamic_creds [-] Acquired dynamic creds: credentials: Credentials: {'domain_id': 'default', 'domain_name': 'Default', 'username': 'tempest-KeyPairsV2TestJSON-1299788336-project-member', 'project_domain_id': 'default', 'project_domain_name': 'Default', 'project_id': 'c06c53244788489b80919908a2527f10', 'project_name': 'tempest-KeyPairsV2TestJSON-1299788336', 'tenant_id': 'c06c53244788489b80919908a2527f10', 'tenant_name': 'tempest-KeyPairsV2TestJSON-1299788336', 'user_domain_id': 'default', 'user_domain_name': 'Default', 'user_id': 'e1817a5f5bba4f5b819e8cbd2c62d2d5', 'system': None}, Network: None, Subnet: None, Router: None
2025-12-15 01:23:06.389 65849 INFO tempest.lib.common.dynamic_creds [-] Created isolated network resources for: credentials: Credentials: {'domain_id': 'default', 'domain_name': 'Default', 'username': 'tempest-KeyPairsV2TestJSON-1299788336-project-member', 'project_domain_id': 'default', 'project_domain_name': 'Default', 'project_id': 'c06c53244788489b80919908a2527f10', 'project_name': 'tempest-KeyPairsV2TestJSON-1299788336', 'tenant_id': 'c06c53244788489b80919908a2527f10', 'tenant_name': 'tempest-KeyPairsV2TestJSON-1299788336', 'user_domain_id': 'default', 'user_domain_name': 'Default', 'user_id': 'e1817a5f5bba4f5b819e8cbd2c62d2d5', 'system': None}, Network: None, Subnet: None, Router: None
2025-12-15 01:23:06.431 65875 INFO tempest.lib.common.rest_client [req-32ac580d-5eb1-4513-900a-a68b301f83a9 req-32ac580d-5eb1-4513-900a-a68b301f83a9 ] Request (ServerShowV247Test:test_update_rebuild_list_server): 200 PUT http://10.180.1.21/compute/v2.1/servers/a1387a17-2ac7-4dd5-9922-4621e0457c5e 2.625s
2025-12-15 01:23:06.440 65833 INFO tempest.lib.common.rest_client [req-79758ab1-3f58-4910-89b6-ae4856a0b698 req-79758ab1-3f58-4910-89b6-ae4856a0b698 ] Request (ServerMetadataNegativeTestJSON:setUpClass): 200 GET http://10.180.1.21/identity/v3/roles 0.060s
2025-12-15 01:23:06.490 65849 INFO tempest.lib.common.rest_client [req-ca2bff8e-f1ae-488c-a011-b0416974b2d4 req-ca2bff8e-f1ae-488c-a011-b0416974b2d4 ] Request (KeyPairsV2TestJSON:setUpClass): 201 POST http://10.180.1.21/identity/v3/auth/tokens 0.098s
2025-12-15 01:23:06.509 65833 INFO tempest.lib.common.rest_client [req-159504ef-df47-4195-a8da-b861a9c50c9b req-159504ef-df47-4195-a8da-b861a9c50c9b ] Request (ServerMetadataNegativeTestJSON:setUpClass): 204 PUT http://10.180.1.21/identity/v3/projects/3cfb0bd049e84b85b8e0526ac31fd2a1/users/ff39168c15be4211b7dcc6e62c573cc6/roles/061a1c2817da4e9e8877d320f4bcff0f 0.069s
2025-12-15 01:23:06.509 65879 INFO tempest.lib.common.rest_client [req-d9a237d8-a0e1-4c78-b626-5750ca600311 req-d9a237d8-a0e1-4c78-b626-5750ca600311 ] Request (VolumesGetTestJSON:test_volume_create_get_delete): 200 GET http://10.180.1.21/compute/v2.1/os-volumes/0e9a0e21-6f94-400c-a9cc-36c96f895a60 2.661s
2025-12-15 01:23:06.509 65833 INFO tempest.lib.common.dynamic_creds [-] Dynamic test user ff39168c15be4211b7dcc6e62c573cc6 is created with scope project and roles: ['member']
2025-12-15 01:23:06.509 65833 INFO tempest.lib.common.dynamic_creds [-] Acquired dynamic creds: credentials: Credentials: {'domain_id': 'default', 'domain_name': 'Default', 'username': 'tempest-ServerMetadataNegativeTestJSON-1367000542-project-member', 'project_domain_id': 'default', 'project_domain_name': 'Default', 'project_id': '3cfb0bd049e84b85b8e0526ac31fd2a1', 'project_name': 'tempest-ServerMetadataNegativeTestJSON-1367000542', 'tenant_id': '3cfb0bd049e84b85b8e0526ac31fd2a1', 'tenant_name': 'tempest-ServerMetadataNegativeTestJSON-1367000542', 'user_domain_id': 'default', 'user_domain_name': 'Default', 'user_id': 'ff39168c15be4211b7dcc6e62c573cc6', 'system': None}, Network: None, Subnet: None, Router: None
2025-12-15 01:23:06.582 65833 INFO tempest.lib.common.rest_client [req-4f5d7b1c-3fa9-4278-a12b-1d116dcbf48c req-4f5d7b1c-3fa9-4278-a12b-1d116dcbf48c ] Request (ServerMetadataNegativeTestJSON:setUpClass): 201 POST http://10.180.1.21/identity/v3/auth/tokens 0.073s
2025-12-15 01:23:06.599 65891 INFO tempest.lib.common.rest_client [req-50509dca-7117-4418-a55c-cb0a1e900a70 req-50509dca-7117-4418-a55c-cb0a1e900a70 ] Request (FloatingIPsAssociationTestJSON:test_associate_disassociate_floating_ip): 202 POST http://10.180.1.21/compute/v2.1/servers/34e974f9-c5c9-474c-8438-4ca5b4228534/action 3.736s
2025-12-15 01:23:06.604 65839 INFO tempest.lib.common.rest_client [req-30652a40-8a50-49ac-ad6b-5b50c052f98f req-30652a40-8a50-49ac-ad6b-5b50c052f98f ] Request (ServerDiskConfigTestJSON:test_rebuild_server_with_auto_disk_config): 200 GET http://10.180.1.21/compute/v2.1/servers/761a0d8a-9be6-48c7-87c2-ee57f7a3cfbd 2.399s
2025-12-15 01:23:06.689 65837 INFO tempest.lib.common.rest_client [req-227e8e56-18f7-4750-a3f8-cfd30246ec70 req-227e8e56-18f7-4750-a3f8-cfd30246ec70 ] Request (ServerActionsTestOtherB:test_create_backup): 200 GET http://10.180.1.21/image/v2/images/943039c0-b3b2-40e6-bf13-e0a4b4af8df1 0.017s
2025-12-15 01:23:06.878 65833 INFO tempest.lib.common.rest_client [req-95504d64-1883-4326-9233-2528a3e529ae req-95504d64-1883-4326-9233-2528a3e529ae ] Request (ServerMetadataNegativeTestJSON:setUpClass): 201 POST http://10.180.1.21/networking/v2.0/networks 0.295s
2025-12-15 01:23:06.911 65863 INFO tempest.lib.common.rest_client [req-83ac27b1-1971-4a88-a4f9-e38752730ebd req-83ac27b1-1971-4a88-a4f9-e38752730ebd ] Request (ServersListShow296Test:test_list_show_update_rebuild_server_296): 200 GET http://10.180.1.21/compute/v2.1/servers/8e2f03c8-86b6-40b1-b9cb-b4d855365bec 2.594s
2025-12-15 01:23:07.112 65833 INFO tempest.lib.common.rest_client [req-87788c9c-240e-49d7-9d32-c3e41e5d8c6c req-87788c9c-240e-49d7-9d32-c3e41e5d8c6c ] Request (ServerMetadataNegativeTestJSON:setUpClass): 201 POST http://10.180.1.21/networking/v2.0/subnets 0.234s
2025-12-15 01:23:07.153 65887 INFO tempest.lib.common.rest_client [req-8920bfc0-71c6-4739-b8ba-9b5f0bfc705a req-8920bfc0-71c6-4739-b8ba-9b5f0bfc705a ] Request (ServersV294TestFqdnHostnames:setUpClass): 200 GET http://10.180.1.21/compute/v2.1/servers/54553808-2e4e-40c5-90e1-dc611b0acb91 2.654s
2025-12-15 01:23:07.163 65887 INFO tempest.common.waiters [-] State transition "BUILD/None" ==> "BUILD/networking" after 12 second wait
2025-12-15 01:23:07.403 65869 WARNING tempest.lib.common.ssh [-] Failed to establish authenticated ssh connection to cirros@10.180.180.212 ([Errno None] Unable to connect to port 22 on 10.180.180.212). Number attempts: 4. Retry after 5 seconds.: paramiko.ssh_exception.NoValidConnectionsError: [Errno None] Unable to connect to port 22 on 10.180.180.212
2025-12-15 01:23:07.723 65837 INFO tempest.lib.common.rest_client [req-cde9d579-adbc-4dfd-9099-fb955fc8fb38 req-cde9d579-adbc-4dfd-9099-fb955fc8fb38 ] Request (ServerActionsTestOtherB:test_create_backup): 200 GET http://10.180.1.21/image/v2/images/943039c0-b3b2-40e6-bf13-e0a4b4af8df1 0.032s
2025-12-15 01:23:07.978 65861 WARNING tempest.lib.common.ssh [-] Failed to establish authenticated ssh connection to cirros@10.180.180.210 ([Errno None] Unable to connect to port 22 on 10.180.180.210). Number attempts: 12. Retry after 13 seconds.: paramiko.ssh_exception.NoValidConnectionsError: [Errno None] Unable to connect to port 22 on 10.180.180.210
2025-12-15 01:23:08.234 65833 INFO tempest.lib.common.rest_client [req-d24daa94-98bd-43e2-a873-4ed63cba3fcb req-d24daa94-98bd-43e2-a873-4ed63cba3fcb ] Request (ServerMetadataNegativeTestJSON:setUpClass): 201 POST http://10.180.1.21/networking/v2.0/routers 1.121s
2025-12-15 01:23:08.269 65889 INFO tempest.lib.common.rest_client [req-a1c46a97-2414-4038-8232-16c99d506741 req-a1c46a97-2414-4038-8232-16c99d506741 ] Request (ServerActionsTestJSON:test_reboot_server_hard): 200 GET http://10.180.1.21/compute/v2.1/servers/64d23e05-fdcd-42c7-8f23-087d08c693c4 3.761s
2025-12-15 01:23:08.279 65889 INFO tempest.lib.common.ssh [-] Creating ssh connection to '10.180.180.150:22' as 'cirros' with public key authentication
2025-12-15 01:23:08.284 65865 INFO tempest.lib.common.rest_client [req-3bac7a18-fd65-4fe4-b6bb-4ae5cff06bb4 req-3bac7a18-fd65-4fe4-b6bb-4ae5cff06bb4 ] Request (ServerPasswordTestJSON:tearDownClass): 200 GET http://10.180.1.21/compute/v2.1/servers/7222d931-bed5-4e42-9627-3dabce076628 3.685s
2025-12-15 01:23:08.331 65841 INFO tempest.lib.common.rest_client [req-234cf6ff-f20b-4a8c-8f84-173055d0533c req-234cf6ff-f20b-4a8c-8f84-173055d0533c ] Request (ListServersNegativeTestJSON:test_list_servers_by_limits_greater_than_actual_count): 200 GET http://10.180.1.21/compute/v2.1/servers?limit=102 3.658s
2025-12-15 01:23:08.476 65867 INFO tempest.lib.common.rest_client [req-9686a464-0ac7-4e0a-ad8b-83c63d5e892d req-9686a464-0ac7-4e0a-ad8b-83c63d5e892d ] Request (ServersAdminTestJSON:test_list_servers_filter_by_exist_host): 200 GET http://10.180.1.21/compute/v2.1/servers?host=cpu-1&all_tenants=1 3.241s
2025-12-15 01:23:08.646 65885 INFO tempest.lib.common.rest_client [req-849dfa48-7dd2-42bd-9e66-f2d4db025969 req-849dfa48-7dd2-42bd-9e66-f2d4db025969 ] Request (SecurityGroupsTestJSON:test_security_group_create_get_delete): 200 GET http://10.180.1.21/compute/v2.1/os-security-groups/cea162d1-0d95-43fd-a645-ef7feb917861 3.263s
2025-12-15 01:23:08.650 65873 INFO tempest.lib.common.rest_client [req-4f087994-fe71-484a-9e37-76a358a58337 req-4f087994-fe71-484a-9e37-76a358a58337 ] Request (HypervisorAdminNegativeUnderV252Test:test_show_servers_with_non_admin_user): 403 GET http://10.180.1.21/compute/v2.1/os-hypervisors/1/servers 3.247s
2025-12-15 01:23:08.745 65837 INFO tempest.lib.common.rest_client [req-7be662a7-e969-4a01-a3a9-9ffd115a60fb req-7be662a7-e969-4a01-a3a9-9ffd115a60fb ] Request (ServerActionsTestOtherB:test_create_backup): 200 GET http://10.180.1.21/image/v2/images/943039c0-b3b2-40e6-bf13-e0a4b4af8df1 0.021s
2025-12-15 01:23:08.850 65857 WARNING tempest.lib.common.ssh [-] Failed to establish authenticated ssh connection to cirros@10.180.180.164 ([Errno None] Unable to connect to port 22 on 10.180.180.164). Number attempts: 5. Retry after 6 seconds.: paramiko.ssh_exception.NoValidConnectionsError: [Errno None] Unable to connect to port 22 on 10.180.180.164
2025-12-15 01:23:09.268 65893 INFO tempest.lib.common.rest_client [req-a67ed518-b4c4-4bb3-92bb-4b121a69df55 req-a67ed518-b4c4-4bb3-92bb-4b121a69df55 ] Request (ImagesTestJSON:test_create_image_from_stopped_server): 202 POST http://10.180.1.21/compute/v2.1/servers/81cbfe3e-eccd-474f-a738-b0404e3f28d9/action 3.397s
2025-12-15 01:23:09.281 65833 INFO tempest.lib.common.rest_client [req-62fb2988-42a4-4fe4-8a96-26c3b5be43b6 req-62fb2988-42a4-4fe4-8a96-26c3b5be43b6 ] Request (ServerMetadataNegativeTestJSON:setUpClass): 200 PUT http://10.180.1.21/networking/v2.0/routers/3b141aa9-45fe-42d2-ab84-845e00ca9c65/add_router_interface 1.046s
2025-12-15 01:23:09.281 65833 INFO tempest.lib.common.dynamic_creds [-] Created isolated network resources for: credentials: Credentials: {'domain_id': 'default', 'domain_name': 'Default', 'username': 'tempest-ServerMetadataNegativeTestJSON-1367000542-project-member', 'project_domain_id': 'default', 'project_domain_name': 'Default', 'project_id': '3cfb0bd049e84b85b8e0526ac31fd2a1', 'project_name': 'tempest-ServerMetadataNegativeTestJSON-1367000542', 'tenant_id': '3cfb0bd049e84b85b8e0526ac31fd2a1', 'tenant_name': 'tempest-ServerMetadataNegativeTestJSON-1367000542', 'user_domain_id': 'default', 'user_domain_name': 'Default', 'user_id': 'ff39168c15be4211b7dcc6e62c573cc6', 'system': None}, Network: {'id': '0675172f-a1fa-43fa-94e7-467d8e9f4153', 'name': 'tempest-ServerMetadataNegativeTestJSON-243421474-network', 'tenant_id': '3cfb0bd049e84b85b8e0526ac31fd2a1', 'project_id': '3cfb0bd049e84b85b8e0526ac31fd2a1', 'admin_state_up': True, 'mtu': 8950, 'status': 'ACTIVE', 'subnets': [], 'shared': False, 'port_security_enabled': True, 'router:external': False, 'provider:network_type': 'vlan', 'provider:physical_network': 'default', 'provider:segmentation_id': 332, 'availability_zone_hints': [], 'availability_zones': [], 'ipv4_address_scope': None, 'ipv6_address_scope': None, 'description': '', 'tags': [], 'created_at': '2025-12-15T01:23:06Z', 'updated_at': '2025-12-15T01:23:06Z', 'revision_number': 1}, Subnet: {'id': 'd0c70c38-dd8c-47ea-a6f8-f3a47607f399', 'name': 'tempest-ServerMetadataNegativeTestJSON-243421474-subnet', 'tenant_id': '3cfb0bd049e84b85b8e0526ac31fd2a1', 'network_id': '0675172f-a1fa-43fa-94e7-467d8e9f4153', 'ip_version': 4, 'subnetpool_id': None, 'enable_dhcp': True, 'ipv6_ra_mode': None, 'ipv6_address_mode': None, 'gateway_ip': '192.168.128.1', 'cidr': '192.168.128.0/28', 'allocation_pools': [{'start': '192.168.128.2', 'end': '192.168.128.14'}], 'host_routes': [], 'dns_nameservers': [], 'description': '', 'router:external': False, 'service_types': [], 'tags': [], 'created_at': '2025-12-15T01:23:06Z', 'updated_at': '2025-12-15T01:23:06Z', 'revision_number': 0, 'project_id': '3cfb0bd049e84b85b8e0526ac31fd2a1'}, Router: {'id': '3b141aa9-45fe-42d2-ab84-845e00ca9c65', 'name': 'tempest-ServerMetadataNegativeTestJSON-243421474-router', 'tenant_id': '3cfb0bd049e84b85b8e0526ac31fd2a1', 'admin_state_up': True, 'status': 'ACTIVE', 'external_gateway_info': {'network_id': 'f2a2cb57-acb6-46fd-a793-091537d513ad', 'external_fixed_ips': [{'subnet_id': 'ee314fe8-6514-4ad7-9100-ec0f7fee7bcc', 'ip_address': '10.180.180.184'}], 'enable_snat': True}, 'description': '', 'availability_zones': [], 'distributed': False, 'ha': False, 'availability_zone_hints': [], 'routes': [], 'flavor_id': None, 'tags': [], 'created_at': '2025-12-15T01:23:07Z', 'updated_at': '2025-12-15T01:23:07Z', 'revision_number': 2, 'project_id': '3cfb0bd049e84b85b8e0526ac31fd2a1'}
2025-12-15 01:23:09.301 65889 WARNING tempest.lib.common.ssh [-] Failed to establish authenticated ssh connection to cirros@10.180.180.150 ([Errno None] Unable to connect to port 22 on 10.180.180.150). Number attempts: 1. Retry after 2 seconds.: paramiko.ssh_exception.NoValidConnectionsError: [Errno None] Unable to connect to port 22 on 10.180.180.150
2025-12-15 01:23:09.307 65831 INFO tempest.lib.common.rest_client [req-f88e6742-768e-4c02-9bca-fcaeab313696 req-f88e6742-768e-4c02-9bca-fcaeab313696 ] Request (ServerMetadataTestJSON:test_update_server_metadata): 200 GET http://10.180.1.21/compute/v2.1/servers/63001002-e802-4957-82af-e161ecbda933/metadata 3.367s
2025-12-15 01:23:09.336 65851 INFO tempest.lib.common.rest_client [req-7a05ceb6-3425-478b-b884-1f2795e3bced req-7a05ceb6-3425-478b-b884-1f2795e3bced ] Request (FlavorsAdminTestJSON:test_list_non_public_flavor): 200 GET http://10.180.1.21/compute/v2.1/flavors/detail 3.303s
2025-12-15 01:23:09.389 65833 INFO tempest.lib.common.rest_client [req-40ae5d40-c830-49b2-8fea-e5e8df848902 req-40ae5d40-c830-49b2-8fea-e5e8df848902 ] Request (ServerMetadataNegativeTestJSON:setUpClass): 201 POST http://10.180.1.21/identity/v3/auth/tokens 0.103s
2025-12-15 01:23:09.433 65833 INFO tempest.lib.common.rest_client [req-8bce2e81-38df-4f2c-9be0-808278b03595 req-8bce2e81-38df-4f2c-9be0-808278b03595 ] Request (ServerMetadataNegativeTestJSON:setUpClass): 201 POST http://10.180.1.21/identity/v3/auth/tokens 0.039s
2025-12-15 01:23:09.434 65833 INFO tempest.lib.common.fixed_network [-] (ServerMetadataNegativeTestJSON:setUpClass) Found network {'id': '0675172f-a1fa-43fa-94e7-467d8e9f4153', 'name': 'tempest-ServerMetadataNegativeTestJSON-243421474-network', 'tenant_id': '3cfb0bd049e84b85b8e0526ac31fd2a1', 'project_id': '3cfb0bd049e84b85b8e0526ac31fd2a1', 'admin_state_up': True, 'mtu': 8950, 'status': 'ACTIVE', 'subnets': [], 'shared': False, 'port_security_enabled': True, 'router:external': False, 'provider:network_type': 'vlan', 'provider:physical_network': 'default', 'provider:segmentation_id': 332, 'availability_zone_hints': [], 'availability_zones': [], 'ipv4_address_scope': None, 'ipv6_address_scope': None, 'description': '', 'tags': [], 'created_at': '2025-12-15T01:23:06Z', 'updated_at': '2025-12-15T01:23:06Z', 'revision_number': 1} available for tenant
2025-12-15 01:23:09.548 65855 INFO tempest.lib.common.rest_client [req-deab5297-65b1-4228-99ff-886f3e05c7c9 req-deab5297-65b1-4228-99ff-886f3e05c7c9 ] Request (ImagesOneServerNegativeTestJSON:tearDown): 200 GET http://10.180.1.21/compute/v2.1/servers/8a37350f-3736-4116-aedd-98bd8e6d8c10 3.448s
2025-12-15 01:23:09.583 65845 INFO tempest.lib.common.rest_client [req-ed8aae6e-c4fd-4aeb-acd1-19132a4e8352 req-ed8aae6e-c4fd-4aeb-acd1-19132a4e8352 ] Request (ServersAdminNegativeTestJSON:test_restore_server_invalid_state): 409 POST http://10.180.1.21/compute/v2.1/servers/cb8e464a-ddb6-4ff3-bebc-0ad76f155d9f/action 3.452s
2025-12-15 01:23:09.692 65875 INFO tempest.lib.common.rest_client [req-23029c03-45cb-47d7-ab03-8ac8bf8f6a58 req-23029c03-45cb-47d7-ab03-8ac8bf8f6a58 ] Request (ServerShowV247Test:test_update_rebuild_list_server): 200 GET http://10.180.1.21/compute/v2.1/servers/a1387a17-2ac7-4dd5-9922-4621e0457c5e 3.254s
2025-12-15 01:23:09.769 65837 INFO tempest.lib.common.rest_client [req-d439b829-fba7-490f-b980-fdfd0ba968aa req-d439b829-fba7-490f-b980-fdfd0ba968aa ] Request (ServerActionsTestOtherB:test_create_backup): 200 GET http://10.180.1.21/image/v2/images/943039c0-b3b2-40e6-bf13-e0a4b4af8df1 0.022s
2025-12-15 01:23:09.891 65849 INFO tempest.lib.common.rest_client [req-a608e275-4396-4cab-a81e-f96b65d1cc92 req-a608e275-4396-4cab-a81e-f96b65d1cc92 ] Request (KeyPairsV2TestJSON:test_get_keypair_detail): 200 POST http://10.180.1.21/compute/v2.1/os-keypairs 3.398s
2025-12-15 01:23:09.950 65879 INFO tempest.lib.common.rest_client [req-6e28b889-e35d-47d1-bdb0-14d9fc13e1d9 req-6e28b889-e35d-47d1-bdb0-14d9fc13e1d9 ] Request (VolumesGetTestJSON:tearDownClass): 202 DELETE http://10.180.1.21/compute/v2.1/os-volumes/0e9a0e21-6f94-400c-a9cc-36c96f895a60 3.432s
2025-12-15 01:23:09.992 65859 INFO tempest.lib.common.rest_client [req-2570aa5e-82e0-48b8-88fe-cec64034ea29 req-2570aa5e-82e0-48b8-88fe-cec64034ea29 ] Request (FloatingIPsAssociationNegativeTestJSON:_run_cleanups): 202 POST http://10.180.1.21/compute/v2.1/servers/c9047f2a-da56-4f45-9c92-3686216a0f94/action 5.230s
2025-12-15 01:23:10.081 65891 INFO tempest.lib.common.rest_client [req-6189acb1-2260-4d67-9d1f-c928023b0cf6 req-6189acb1-2260-4d67-9d1f-c928023b0cf6 ] Request (FloatingIPsAssociationTestJSON:test_associate_disassociate_floating_ip): 200 GET http://10.180.1.21/compute/v2.1/os-floating-ips/6f28d430-9386-4a2c-a76d-22afaa8dac97 3.481s
2025-12-15 01:23:10.112 65843 INFO tempest.lib.common.rest_client [req-ee68bbfb-cb6e-478c-9e57-c082588e89b6 req-ee68bbfb-cb6e-478c-9e57-c082588e89b6 ] Request (ServersTestBootFromVolume:setUpClass): 200 GET http://10.180.1.21/compute/v2.1/servers/d57e1602-6240-4829-a434-7bcd2ab91052 3.098s
2025-12-15 01:23:10.259 65835 INFO tempest.lib.common.rest_client [req-d8d18000-7b35-4415-b11e-c7e6e97edea5 req-d8d18000-7b35-4415-b11e-c7e6e97edea5 ] Request (AttachInterfacesUnderV243Test:test_add_remove_fixed_ip): 200 GET http://10.180.1.21/compute/v2.1/servers/77141f15-bb2c-40fd-8bfc-a30ba89102fc 3.153s
2025-12-15 01:23:10.267 65835 INFO tempest.common.waiters [-] State transition "BUILD/None" ==> "BUILD/block_device_mapping" after 12 second wait
2025-12-15 01:23:10.276 65881 INFO tempest.lib.common.rest_client [req-0bdd491e-a00c-4059-a8b7-94efc3706543 req-0bdd491e-a00c-4059-a8b7-94efc3706543 ] Request (MigrationsAdminTest:test_list_migrations_in_flavor_resize_situation): 200 GET http://10.180.1.21/compute/v2.1/servers/0b6b3766-6844-4aa8-959e-993ec5944807 2.985s
2025-12-15 01:23:10.318 65871 INFO tempest.lib.common.rest_client [req-8c802a42-a909-4a11-905f-e8bee97e9ff9 req-8c802a42-a909-4a11-905f-e8bee97e9ff9 ] Request (TenantUsagesTestJSON:setUpClass): 200 GET http://10.180.1.21/compute/v2.1/servers/28065556-49ce-441a-9f38-22fe341340aa 2.964s
2025-12-15 01:23:10.335 65839 INFO tempest.lib.common.rest_client [req-23a17da8-18b2-4fba-9cf2-1ac50756d38b req-23a17da8-18b2-4fba-9cf2-1ac50756d38b ] Request (ServerDiskConfigTestJSON:test_rebuild_server_with_auto_disk_config): 200 GET http://10.180.1.21/compute/v2.1/servers/761a0d8a-9be6-48c7-87c2-ee57f7a3cfbd 2.720s
2025-12-15 01:23:10.399 65863 INFO tempest.lib.common.rest_client [req-e2d8c415-9415-447d-a880-c0350b844922 req-e2d8c415-9415-447d-a880-c0350b844922 ] Request (ServersListShow296Test:test_list_show_update_rebuild_server_296): 200 GET http://10.180.1.21/compute/v2.1/servers/8e2f03c8-86b6-40b1-b9cb-b4d855365bec 2.476s
2025-12-15 01:23:10.404 65841 INFO tempest.lib.common.rest_client [req-68ec4ea4-cb9b-43e1-9d14-a1e113bce25a req-68ec4ea4-cb9b-43e1-9d14-a1e113bce25a ] Request (ListServersNegativeTestJSON:test_list_servers_by_limits_pass_negative_value): 400 GET http://10.180.1.21/compute/v2.1/servers?limit=-1 2.068s
2025-12-15 01:23:10.408 65863 INFO tempest.common.waiters [-] State transition "BUILD/spawning" ==> "ACTIVE/None" after 21 second wait
2025-12-15 01:23:10.460 65867 INFO tempest.lib.common.rest_client [req-33dd78ce-f6f5-4c2a-a699-66f6bd767365 req-33dd78ce-f6f5-4c2a-a699-66f6bd767365 ] Request (ServersAdminTestJSON:test_list_servers_filter_by_exist_host): 200 GET http://10.180.1.21/compute/v2.1/servers?host=nonexistent_host&all_tenants=1 1.974s
2025-12-15 01:23:10.461 65887 INFO tempest.lib.common.rest_client [req-122fd80b-adeb-4d81-bd25-a7865567f142 req-122fd80b-adeb-4d81-bd25-a7865567f142 ] Request (ServersV294TestFqdnHostnames:setUpClass): 200 GET http://10.180.1.21/compute/v2.1/servers/54553808-2e4e-40c5-90e1-dc611b0acb91 2.297s
2025-12-15 01:23:10.473 65873 INFO tempest.lib.common.rest_client [req-1852ccfc-c27b-498d-af0c-03afbb03c48e req-1852ccfc-c27b-498d-af0c-03afbb03c48e ] Request (HypervisorAdminNegativeUnderV252Test:test_show_servers_with_nonexistent_hypervisor): 404 GET http://10.180.1.21/compute/v2.1/os-hypervisors/a2a54340-bc92-4f1e-8250-4cc7468acc5f/servers 1.821s
2025-12-15 01:23:10.474 65887 INFO tempest.common.waiters [-] State transition "BUILD/networking" ==> "BUILD/spawning" after 15 second wait
2025-12-15 01:23:10.518 65893 INFO tempest.lib.common.rest_client [req-62d1789f-378b-4336-90aa-5dd02d1d4f57 req-62d1789f-378b-4336-90aa-5dd02d1d4f57 ] Request (ImagesTestJSON:test_create_image_from_stopped_server): 200 GET http://10.180.1.21/compute/v2.1/images/471c249d-61f0-426e-ace1-1abf19bb12ff 1.248s
2025-12-15 01:23:10.604 65885 INFO tempest.lib.common.rest_client [req-75fec9a6-1032-4c11-a066-80fd45540b20 req-75fec9a6-1032-4c11-a066-80fd45540b20 ] Request (SecurityGroupsTestJSON:test_security_group_create_get_delete): 202 DELETE http://10.180.1.21/compute/v2.1/os-security-groups/cea162d1-0d95-43fd-a645-ef7feb917861 1.954s
2025-12-15 01:23:10.614 65873 INFO tempest.lib.common.rest_client [req-a579b95d-59e8-4cc9-b9ad-42a21f59016b req-a579b95d-59e8-4cc9-b9ad-42a21f59016b ] Request (HypervisorAdminNegativeUnderV252Test:tearDownClass): 204 DELETE http://10.180.1.21/identity/v3/users/a78079e3553c487c853beaa269bec4af 0.139s
2025-12-15 01:23:10.630 65865 INFO tempest.lib.common.rest_client [req-2708c9d3-3f07-485f-ad68-b741031db97b req-2708c9d3-3f07-485f-ad68-b741031db97b ] Request (ServerPasswordTestJSON:tearDownClass): 200 GET http://10.180.1.21/compute/v2.1/servers/7222d931-bed5-4e42-9627-3dabce076628 1.335s
2025-12-15 01:23:10.638 65865 INFO tempest.common.waiters [-] State transition "ACTIVE/deleting" ==> "DELETED/None" after 2 second wait
2025-12-15 01:23:10.655 65851 INFO tempest.lib.common.rest_client [req-49cf61cf-3da7-446d-8476-c40a5e1ab723 req-49cf61cf-3da7-446d-8476-c40a5e1ab723 ] Request (FlavorsAdminTestJSON:_run_cleanups): 202 DELETE http://10.180.1.21/compute/v2.1/flavors/28062077 1.313s
2025-12-15 01:23:10.738 65831 INFO tempest.lib.common.rest_client [req-5efb5e19-56cc-4fc1-bafd-b7f6b06a2ddf req-5efb5e19-56cc-4fc1-bafd-b7f6b06a2ddf ] Request (ServerMetadataTestJSON:tearDownClass): 204 DELETE http://10.180.1.21/compute/v2.1/servers/63001002-e802-4957-82af-e161ecbda933 1.429s
2025-12-15 01:23:10.762 65873 INFO tempest.lib.common.rest_client [req-4ec2dea0-1242-4add-8524-e7ead2c34fe1 req-4ec2dea0-1242-4add-8524-e7ead2c34fe1 ] Request (HypervisorAdminNegativeUnderV252Test:tearDownClass): 204 DELETE http://10.180.1.21/identity/v3/users/cec702ebcb9840bdbb14fa027e2f1abe 0.147s
2025-12-15 01:23:10.762 65873 INFO tempest.lib.common.dynamic_creds [-] Deleting project and security group for project: 59cb9e52f3bd46678236568d32bbe6c7
2025-12-15 01:23:10.799 65837 INFO tempest.lib.common.rest_client [req-af560245-049d-4201-97c7-0273ac669fb4 req-af560245-049d-4201-97c7-0273ac669fb4 ] Request (ServerActionsTestOtherB:test_create_backup): 200 GET http://10.180.1.21/image/v2/images/943039c0-b3b2-40e6-bf13-e0a4b4af8df1 0.028s
2025-12-15 01:23:10.851 65873 INFO tempest.lib.common.rest_client [req-1692cbb2-9103-4880-bebe-80a05ba38c1c req-1692cbb2-9103-4880-bebe-80a05ba38c1c ] Request (HypervisorAdminNegativeUnderV252Test:tearDownClass): 201 POST http://10.180.1.21/identity/v3/auth/tokens 0.089s
2025-12-15 01:23:11.056 65873 INFO tempest.lib.common.rest_client [req-3ccc213e-de16-4764-984e-1dbb07713c9d req-3ccc213e-de16-4764-984e-1dbb07713c9d ] Request (HypervisorAdminNegativeUnderV252Test:tearDownClass): 200 GET http://10.180.1.21/networking/v2.0/security-groups?tenant_id=59cb9e52f3bd46678236568d32bbe6c7&name=default 0.204s
2025-12-15 01:23:11.094 65855 INFO tempest.lib.common.rest_client [req-c5dbd01b-b9cb-489f-bef4-9a2afff3bc29 req-c5dbd01b-b9cb-489f-bef4-9a2afff3bc29 ] Request (ImagesOneServerNegativeTestJSON:setUp): 200 GET http://10.180.1.21/compute/v2.1/servers/8a37350f-3736-4116-aedd-98bd8e6d8c10 1.530s
2025-12-15 01:23:11.200 65845 INFO tempest.lib.common.rest_client [req-c48c5683-0b56-4146-a197-9127a257bec5 req-c48c5683-0b56-4146-a197-9127a257bec5 ] Request (ServersAdminNegativeTestJSON:tearDownClass): 204 DELETE http://10.180.1.21/compute/v2.1/servers/adc910f5-ef41-440b-a979-de8eb500c86c 1.615s
2025-12-15 01:23:11.214 65849 INFO tempest.lib.common.rest_client [req-83e5a267-e80e-4033-ae34-1100e6856751 req-83e5a267-e80e-4033-ae34-1100e6856751 ] Request (KeyPairsV2TestJSON:test_get_keypair_detail): 200 GET http://10.180.1.21/compute/v2.1/os-keypairs/tempest-keypair-1973704094 1.320s
2025-12-15 01:23:11.239 65879 INFO tempest.lib.common.rest_client [req-c4e5cb9a-74a6-4ab2-9608-a1441191b4db req-c4e5cb9a-74a6-4ab2-9608-a1441191b4db ] Request (VolumesGetTestJSON:tearDownClass): 404 GET http://10.180.1.21/compute/v2.1/os-volumes/0e9a0e21-6f94-400c-a9cc-36c96f895a60 1.288s
2025-12-15 01:23:11.240 65873 INFO tempest.lib.common.rest_client [req-729c6dc9-5934-4c09-8a1d-fbc27468826c req-729c6dc9-5934-4c09-8a1d-fbc27468826c ] Request (HypervisorAdminNegativeUnderV252Test:tearDownClass): 204 DELETE http://10.180.1.21/networking/v2.0/security-groups/f5714c4a-63b4-4e6e-97d4-7e9e87501079 0.184s
2025-12-15 01:23:11.317 65873 INFO tempest.lib.common.rest_client [req-081c491b-05a8-491b-abe6-ca60d4834c44 req-081c491b-05a8-491b-abe6-ca60d4834c44 ] Request (HypervisorAdminNegativeUnderV252Test:tearDownClass): 204 DELETE http://10.180.1.21/identity/v3/projects/59cb9e52f3bd46678236568d32bbe6c7 0.074s
2025-12-15 01:23:11.317 65873 INFO tempest.lib.common.dynamic_creds [-] Deleting project and security group for project: 28f80ffd0eee45f686848089fb6d84a2
2025-12-15 01:23:11.412 65879 INFO tempest.lib.common.rest_client [req-345e6db4-b0c9-438c-a931-294ef5fb7156 req-345e6db4-b0c9-438c-a931-294ef5fb7156 ] Request (VolumesGetTestJSON:tearDownClass): 204 DELETE http://10.180.1.21/identity/v3/users/f9f0808ee7514dccbba6d11db3b1c566 0.172s
2025-12-15 01:23:11.412 65879 INFO tempest.lib.common.dynamic_creds [-] Deleting project and security group for project: af5aec4075844602a9c00bd16e31828d
2025-12-15 01:23:11.484 65879 INFO tempest.lib.common.rest_client [req-c4cf1932-aadd-4427-bddf-8568cb4abb4b req-c4cf1932-aadd-4427-bddf-8568cb4abb4b ] Request (VolumesGetTestJSON:tearDownClass): 201 POST http://10.180.1.21/identity/v3/auth/tokens 0.071s
2025-12-15 01:23:11.499 65873 INFO tempest.lib.common.rest_client [req-9add18ca-f5f2-4a09-92c1-6d26c34e989e req-9add18ca-f5f2-4a09-92c1-6d26c34e989e ] Request (HypervisorAdminNegativeUnderV252Test:tearDownClass): 200 GET http://10.180.1.21/networking/v2.0/security-groups?tenant_id=28f80ffd0eee45f686848089fb6d84a2&name=default 0.182s
2025-12-15 01:23:11.650 65833 INFO tempest.lib.common.rest_client [req-cbd51765-89a8-45b6-b16b-e2c18656f9f5 req-cbd51765-89a8-45b6-b16b-e2c18656f9f5 ] Request (ServerMetadataNegativeTestJSON:setUpClass): 202 POST http://10.180.1.21/compute/v2.1/servers 2.216s
2025-12-15 01:23:11.662 65873 INFO tempest.lib.common.rest_client [req-cbfe6012-2f19-4177-a01f-82c3403032a6 req-cbfe6012-2f19-4177-a01f-82c3403032a6 ] Request (HypervisorAdminNegativeUnderV252Test:tearDownClass): 204 DELETE http://10.180.1.21/networking/v2.0/security-groups/b566d6f7-4709-4221-8d87-3288028cc334 0.162s
2025-12-15 01:23:11.690 65879 INFO tempest.lib.common.rest_client [req-d2a69c65-8b79-4921-8177-fe3e2b367379 req-d2a69c65-8b79-4921-8177-fe3e2b367379 ] Request (VolumesGetTestJSON:tearDownClass): 200 GET http://10.180.1.21/networking/v2.0/security-groups?tenant_id=af5aec4075844602a9c00bd16e31828d&name=default 0.205s
2025-12-15 01:23:11.766 65873 INFO tempest.lib.common.rest_client [req-15b280f7-aa9c-4983-971f-5cb373109cb0 req-15b280f7-aa9c-4983-971f-5cb373109cb0 ] Request (HypervisorAdminNegativeUnderV252Test:tearDownClass): 204 DELETE http://10.180.1.21/identity/v3/projects/28f80ffd0eee45f686848089fb6d84a2 0.104s
2025-12-15 01:23:11.806 65889 WARNING tempest.lib.common.ssh [-] Failed to establish authenticated ssh connection to cirros@10.180.180.150 ([Errno None] Unable to connect to port 22 on 10.180.180.150). Number attempts: 2. Retry after 3 seconds.: paramiko.ssh_exception.NoValidConnectionsError: [Errno None] Unable to connect to port 22 on 10.180.180.150
2025-12-15 01:23:11.831 65837 INFO tempest.lib.common.rest_client [req-de30db6b-ff25-41a8-b1cb-df139ac5db13 req-de30db6b-ff25-41a8-b1cb-df139ac5db13 ] Request (ServerActionsTestOtherB:test_create_backup): 200 GET http://10.180.1.21/image/v2/images/943039c0-b3b2-40e6-bf13-e0a4b4af8df1 0.031s
2025-12-15 01:23:11.859 65873 INFO tempest.lib.common.rest_client [req-68bb7a28-8c24-48a8-b8eb-fbf8e77e3fcc req-68bb7a28-8c24-48a8-b8eb-fbf8e77e3fcc ] Request (ServerDiagnosticsNegativeTest:setUpClass): 201 POST http://10.180.1.21/identity/v3/auth/tokens 0.090s
2025-12-15 01:23:11.862 65879 INFO tempest.lib.common.rest_client [req-e2899e04-182c-4193-92e8-be2e54fad98a req-e2899e04-182c-4193-92e8-be2e54fad98a ] Request (VolumesGetTestJSON:tearDownClass): 204 DELETE http://10.180.1.21/networking/v2.0/security-groups/7225e00f-72ca-4c10-a56b-2641b01bb514 0.172s
2025-12-15 01:23:11.897 65873 INFO tempest.lib.common.rest_client [req-cacf161f-6aca-4ca1-9e3c-064905b30a36 req-cacf161f-6aca-4ca1-9e3c-064905b30a36 ] Request (ServerDiagnosticsNegativeTest:setUpClass): 201 POST http://10.180.1.21/identity/v3/auth/tokens 0.036s
2025-12-15 01:23:11.933 65873 INFO tempest.lib.common.rest_client [req-e69d0489-675f-4f42-99c1-2bbd13e69a88 req-e69d0489-675f-4f42-99c1-2bbd13e69a88 ] Request (ServerDiagnosticsNegativeTest:setUpClass): 200 GET http://10.180.1.21/identity/v3/domains?name=Default 0.035s
2025-12-15 01:23:11.979 65879 INFO tempest.lib.common.rest_client [req-36caff52-8490-457f-9ff6-351d03188038 req-36caff52-8490-457f-9ff6-351d03188038 ] Request (VolumesGetTestJSON:tearDownClass): 204 DELETE http://10.180.1.21/identity/v3/projects/af5aec4075844602a9c00bd16e31828d 0.116s
2025-12-15 01:23:12.023 65859 INFO tempest.lib.common.rest_client [req-18d78be7-adc2-4aea-b02e-08ecd699a5f1 req-18d78be7-adc2-4aea-b02e-08ecd699a5f1 ] Request (FloatingIPsAssociationNegativeTestJSON:_run_cleanups): 202 DELETE http://10.180.1.21/compute/v2.1/os-floating-ips/fe26d8f0-98d4-4d68-a5b3-32da254079f9 2.031s
2025-12-15 01:23:12.026 65873 INFO tempest.lib.common.rest_client [req-fbb6d315-9cf7-44a8-816f-32cbd5a43ffd req-fbb6d315-9cf7-44a8-816f-32cbd5a43ffd ] Request (ServerDiagnosticsNegativeTest:setUpClass): 201 POST http://10.180.1.21/identity/v3/projects 0.093s
2025-12-15 01:23:12.034 65841 INFO tempest.lib.common.rest_client [req-d315e66a-9607-4078-98aa-130f2f9870b4 req-d315e66a-9607-4078-98aa-130f2f9870b4 ] Request (ListServersNegativeTestJSON:test_list_servers_by_limits_pass_string): 400 GET http://10.180.1.21/compute/v2.1/servers?limit=testing 1.629s
2025-12-15 01:23:12.121 65873 INFO tempest.lib.common.rest_client [req-5a412f1e-d195-459c-8ca6-4afa9b4ab772 req-5a412f1e-d195-459c-8ca6-4afa9b4ab772 ] Request (ServerDiagnosticsNegativeTest:setUpClass): 201 POST http://10.180.1.21/identity/v3/users 0.094s
2025-12-15 01:23:12.149 65873 INFO tempest.lib.common.rest_client [req-a04d70d9-69b1-4071-a217-b9cd5f291d32 req-a04d70d9-69b1-4071-a217-b9cd5f291d32 ] Request (ServerDiagnosticsNegativeTest:setUpClass): 200 GET http://10.180.1.21/identity/v3/roles 0.027s
2025-12-15 01:23:12.197 65873 INFO tempest.lib.common.rest_client [req-34ba39e7-49b7-4ce6-8601-0677c5d23756 req-34ba39e7-49b7-4ce6-8601-0677c5d23756 ] Request (ServerDiagnosticsNegativeTest:setUpClass): 204 PUT http://10.180.1.21/identity/v3/projects/a2024289f8fc4ae3a53f18816a4408ac/users/6bdb07858d2b48f7b77ef781791c0d6a/roles/061a1c2817da4e9e8877d320f4bcff0f 0.048s
2025-12-15 01:23:12.198 65873 INFO tempest.lib.common.dynamic_creds [-] Dynamic test user 6bdb07858d2b48f7b77ef781791c0d6a is created with scope project and roles: ['member']
