2025-12-15 01:24:46.165 65859 INFO tempest.lib.common.rest_client [req-255c2aba-3ff1-4f6c-801f-ecbcc537385a req-255c2aba-3ff1-4f6c-801f-ecbcc537385a ] Request (ServerGroupTestJSON:test_create_server_with_scheduler_hint_group): 200 GET http://10.180.1.21/compute/v2.1/servers/353782ff-d92d-49a2-b915-49cd95ac18ef 0.577s
2025-12-15 01:24:46.207 65861 INFO tempest.lib.common.rest_client [req-6a2fdec7-f544-42eb-a255-d308afef4768 req-6a2fdec7-f544-42eb-a255-d308afef4768 ] Request (QuotasAdminTestV257:setUpClass): 201 POST http://10.180.1.21/identity/v3/users 0.082s
2025-12-15 01:24:46.212 65875 INFO tempest.lib.common.rest_client [req-512d714b-be66-438f-9952-5037f5ff959b req-512d714b-be66-438f-9952-5037f5ff959b ] Request (ServerShowV247Test:tearDownClass): 200 GET http://10.180.1.21/compute/v2.1/servers/9f5782bb-3f64-452c-b89c-b08eae0fb35f 0.560s
2025-12-15 01:24:46.231 65861 INFO tempest.lib.common.rest_client [req-9e5e26ce-5807-4db3-8a4a-bae910a7cd70 req-9e5e26ce-5807-4db3-8a4a-bae910a7cd70 ] Request (QuotasAdminTestV257:setUpClass): 200 GET http://10.180.1.21/identity/v3/roles 0.024s
2025-12-15 01:24:46.262 65869 INFO tempest.lib.common.rest_client [req-f3d57c61-84e7-413b-aad4-2f123607e08f req-f3d57c61-84e7-413b-aad4-2f123607e08f ] Request (ServerActionsTestOtherA:test_rebuild_server_in_stop_state): 200 GET http://10.180.1.21/compute/v2.1/servers/149143e9-611e-4845-b98b-f2d852f7bc84 0.603s
2025-12-15 01:24:46.273 65861 INFO tempest.lib.common.rest_client [req-b9ad78d2-bc53-4fb3-bb2a-af87240f7dc4 req-b9ad78d2-bc53-4fb3-bb2a-af87240f7dc4 ] Request (QuotasAdminTestV257:setUpClass): 204 PUT http://10.180.1.21/identity/v3/projects/38c2faa895444aa9b86e8f81e72126b1/users/fa66183f5e2e47a1adfc7a9ba52122aa/roles/5e4ff95ed3b74aeaa9c064a4ede65b9e 0.041s
2025-12-15 01:24:46.316 65863 INFO tempest.lib.common.rest_client [req-65f61a15-b813-4496-965f-a19edca193b0 req-65f61a15-b813-4496-965f-a19edca193b0 ] Request (AttachVolumeNegativeTest:test_attach_attached_volume_to_different_server): 200 GET http://10.180.1.21/compute/v2.1/servers/791a73ef-5509-4a10-ba54-dd0687785649 0.537s
2025-12-15 01:24:46.340 65861 INFO tempest.lib.common.rest_client [req-c9ed0f85-62e0-4d56-a591-6c28b571cb66 req-c9ed0f85-62e0-4d56-a591-6c28b571cb66 ] Request (QuotasAdminTestV257:setUpClass): 200 GET http://10.180.1.21/identity/v3/roles 0.067s
2025-12-15 01:24:46.371 65861 INFO tempest.lib.common.rest_client [req-23f58e8c-8b78-492b-990a-26ac81180301 req-23f58e8c-8b78-492b-990a-26ac81180301 ] Request (QuotasAdminTestV257:setUpClass): 204 PUT http://10.180.1.21/identity/v3/projects/38c2faa895444aa9b86e8f81e72126b1/users/fa66183f5e2e47a1adfc7a9ba52122aa/roles/5e4ff95ed3b74aeaa9c064a4ede65b9e 0.030s
2025-12-15 01:24:46.372 65861 INFO tempest.lib.common.dynamic_creds [-] Dynamic test user fa66183f5e2e47a1adfc7a9ba52122aa is created with scope project and roles: ['admin']
2025-12-15 01:24:46.372 65861 INFO tempest.lib.common.dynamic_creds [-] Acquired dynamic creds: credentials: Credentials: {'domain_id': 'default', 'domain_name': 'Default', 'username': 'tempest-QuotasAdminTestV257-42544794-project-admin', 'project_domain_id': 'default', 'project_domain_name': 'Default', 'project_id': '38c2faa895444aa9b86e8f81e72126b1', 'project_name': 'tempest-QuotasAdminTestV257-42544794', 'tenant_id': '38c2faa895444aa9b86e8f81e72126b1', 'tenant_name': 'tempest-QuotasAdminTestV257-42544794', 'user_domain_id': 'default', 'user_domain_name': 'Default', 'user_id': 'fa66183f5e2e47a1adfc7a9ba52122aa', 'system': None}, Network: None, Subnet: None, Router: None
2025-12-15 01:24:46.372 65861 INFO tempest.lib.common.dynamic_creds [-] Created isolated network resources for: credentials: Credentials: {'domain_id': 'default', 'domain_name': 'Default', 'username': 'tempest-QuotasAdminTestV257-42544794-project-admin', 'project_domain_id': 'default', 'project_domain_name': 'Default', 'project_id': '38c2faa895444aa9b86e8f81e72126b1', 'project_name': 'tempest-QuotasAdminTestV257-42544794', 'tenant_id': '38c2faa895444aa9b86e8f81e72126b1', 'tenant_name': 'tempest-QuotasAdminTestV257-42544794', 'user_domain_id': 'default', 'user_domain_name': 'Default', 'user_id': 'fa66183f5e2e47a1adfc7a9ba52122aa', 'system': None}, Network: None, Subnet: None, Router: None
2025-12-15 01:24:46.466 65861 INFO tempest.lib.common.rest_client [req-036b2b45-8e52-4524-8f46-0328b0741954 req-036b2b45-8e52-4524-8f46-0328b0741954 ] Request (QuotasAdminTestV257:setUpClass): 201 POST http://10.180.1.21/identity/v3/auth/tokens 0.089s
2025-12-15 01:24:46.468 65861 WARNING tempest.lib.common.rest_client [-] Deprecated: "tenant_id" property is deprecated for removal, use "project_id" instead
2025-12-15 01:24:46.480 65867 INFO tempest.lib.common.rest_client [req-15812100-c404-4162-b312-5d5b478d5ef5 req-15812100-c404-4162-b312-5d5b478d5ef5 ] Request (ServersAdminTestJSON:tearDownClass): 200 GET http://10.180.1.21/compute/v2.1/servers/0e801f31-a01c-437c-84c0-4e8cc206b55d 0.317s
2025-12-15 01:24:46.506 65881 INFO tempest.lib.common.rest_client [req-c7e976b2-54e1-4543-b6c0-a659dd39cfac req-c7e976b2-54e1-4543-b6c0-a659dd39cfac ] Request (MigrationsAdminTest:test_resize_server_revert_deleted_flavor): 200 GET http://10.180.1.21/compute/v2.1/servers/afd86801-09c8-4eae-892b-bcbbd9bf7075 0.512s
2025-12-15 01:24:46.522 65861 INFO tempest.lib.common.rest_client [req-ac6eda6f-ad64-4f29-9097-6390caa1cac7 req-ac6eda6f-ad64-4f29-9097-6390caa1cac7 ] Request (QuotasAdminTestV257:test_get_updated_quotas): 200 GET http://10.180.1.21/identity/v3/domains?name=Default 0.048s
2025-12-15 01:24:46.564 65861 INFO tempest.lib.common.rest_client [req-e8c7ad78-9f69-4e68-ae70-39b526193d55 req-e8c7ad78-9f69-4e68-ae70-39b526193d55 ] Request (QuotasAdminTestV257:test_get_updated_quotas): 201 POST http://10.180.1.21/identity/v3/projects 0.039s
2025-12-15 01:24:46.625 65893 INFO tempest.lib.common.rest_client [req-f7bb8f07-9db8-4f26-8fef-75008bec4563 req-f7bb8f07-9db8-4f26-8fef-75008bec4563 ] Request (ImagesTestJSON:test_create_server_from_snapshot): 200 GET http://10.180.1.21/compute/v2.1/servers/9a977650-2aa6-4862-946b-6db958b1945c 0.221s
2025-12-15 01:24:46.639 65861 INFO tempest.lib.common.rest_client [req-213ca6da-e1ff-4e30-bbf9-be539d52c0ed req-213ca6da-e1ff-4e30-bbf9-be539d52c0ed ] Request (QuotasAdminTestV257:test_get_updated_quotas): 200 GET http://10.180.1.21/identity/v3/domains?name=Default 0.074s
2025-12-15 01:24:46.653 65855 INFO tempest.lib.common.rest_client [req-3e72d630-1edc-4faa-a517-850409a9d34d req-3e72d630-1edc-4faa-a517-850409a9d34d ] Request (ImagesOneServerNegativeTestJSON:_run_cleanups): 200 GET http://10.180.1.21/compute/v2.1/servers/404ab8d1-1a57-4caf-9652-e7bc75216ea0 0.321s
2025-12-15 01:24:46.662 65855 INFO tempest.common.waiters [-] State transition "BUILD/spawning" ==> "ACTIVE/None" after 47 second wait
2025-12-15 01:24:46.809 65855 INFO tempest.lib.common.rest_client [req-746dfb6d-8f94-4053-adf9-5563627f9847 req-746dfb6d-8f94-4053-adf9-5563627f9847 ] Request (ImagesOneServerNegativeTestJSON:setUp): 200 GET http://10.180.1.21/compute/v2.1/servers/404ab8d1-1a57-4caf-9652-e7bc75216ea0 0.144s
2025-12-15 01:24:46.813 65861 INFO tempest.lib.common.rest_client [req-f771fffe-df7f-47f2-837f-de8bee76fb28 req-f771fffe-df7f-47f2-837f-de8bee76fb28 ] Request (QuotasAdminTestV257:test_get_updated_quotas): 200 PUT http://10.180.1.21/compute/v2.1/os-quota-sets/4e699d5546fc4704b963bcd0d04dc9c4 0.173s
2025-12-15 01:24:46.843 65889 WARNING tempest.lib.common.ssh [-] Failed to establish authenticated ssh connection to cirros@10.180.180.150 ([Errno None] Unable to connect to port 22 on 10.180.180.150). Number attempts: 2. Retry after 3 seconds.: paramiko.ssh_exception.NoValidConnectionsError: [Errno None] Unable to connect to port 22 on 10.180.180.150
2025-12-15 01:24:46.902 65883 INFO tempest.lib.common.rest_client [req-ff852599-232d-4b10-8f83-ff7141e80ca6 req-ff852599-232d-4b10-8f83-ff7141e80ca6 ] Request (ServersTestJSON:tearDownClass): 204 DELETE http://10.180.1.21/networking/v2.0/routers/2a60d13d-3808-4627-9568-435a09deebfa 0.911s
2025-12-15 01:24:46.978 65843 INFO tempest.lib.common.rest_client [req-09e971db-9a80-4e24-806f-53aafb5826b2 req-09e971db-9a80-4e24-806f-53aafb5826b2 ] Request (ServersTestBootFromVolume:tearDownClass): 200 GET http://10.180.1.21/compute/v2.1/servers/d57e1602-6240-4829-a434-7bcd2ab91052 0.279s
2025-12-15 01:24:46.979 65849 WARNING tempest.lib.common.ssh [-] Failed to establish authenticated ssh connection to cirros@10.180.180.161 ([Errno None] Unable to connect to port 22 on 10.180.180.161). Number attempts: 7. Retry after 8 seconds.: paramiko.ssh_exception.NoValidConnectionsError: [Errno None] Unable to connect to port 22 on 10.180.180.161
2025-12-15 01:24:47.009 65837 INFO tempest.lib.common.rest_client [req-82365c62-8ced-44ae-bd80-f39d6634a959 req-82365c62-8ced-44ae-bd80-f39d6634a959 ] Request (ServerActionsTestOtherB:test_resize_server_confirm_from_stopped): 200 GET http://10.180.1.21/compute/v2.1/servers/6544e3e7-b8b2-4ae0-9f26-b2d6b04c7427 0.279s
2025-12-15 01:24:47.042 65845 INFO tempest.lib.common.rest_client [req-5d468a73-dd8d-45c6-ab8b-b3ad93c69654 req-5d468a73-dd8d-45c6-ab8b-b3ad93c69654 ] Request (ServerTagsTestJSON:setUpClass): 200 GET http://10.180.1.21/compute/v2.1/servers/2bf0a9ed-e0b5-4a96-b6b5-7013e587fe6e 0.259s
2025-12-15 01:24:47.049 65883 INFO tempest.lib.common.rest_client [req-7b3da182-7b8a-45c3-91d5-e30aa614481e req-7b3da182-7b8a-45c3-91d5-e30aa614481e ] Request (ServersTestJSON:tearDownClass): 204 DELETE http://10.180.1.21/networking/v2.0/subnets/2f7ead80-ba13-4aba-9e8b-98d541e07bb1 0.146s
2025-12-15 01:24:47.069 65861 INFO tempest.lib.common.rest_client [req-2df6ac89-7688-4e77-896a-9221b15a3ae6 req-2df6ac89-7688-4e77-896a-9221b15a3ae6 ] Request (QuotasAdminTestV257:test_get_updated_quotas): 200 GET http://10.180.1.21/compute/v2.1/os-quota-sets/4e699d5546fc4704b963bcd0d04dc9c4/detail 0.255s
2025-12-15 01:24:47.099 65861 INFO tempest.lib.common.rest_client [req-edc485bb-1d71-4ad2-9051-936b60457379 req-edc485bb-1d71-4ad2-9051-936b60457379 ] Request (QuotasAdminTestV257:test_get_updated_quotas): 200 GET http://10.180.1.21/identity/v3/domains?name=Default 0.026s
2025-12-15 01:24:47.110 65857 INFO tempest.lib.common.rest_client [req-380c906f-189d-4b2b-8a76-5bee51ce1216 req-380c906f-189d-4b2b-8a76-5bee51ce1216 ] Request (ServersTestManualDisk:tearDownClass): 200 GET http://10.180.1.21/compute/v2.1/servers/45e1bedf-24ff-4d32-90b3-0edbd45ad86c 0.294s
2025-12-15 01:24:47.128 65861 INFO tempest.lib.common.rest_client [req-b26b1e20-e7fc-4d5a-89ed-99ce1faabbb8 req-b26b1e20-e7fc-4d5a-89ed-99ce1faabbb8 ] Request (QuotasAdminTestV257:test_get_updated_quotas): 201 POST http://10.180.1.21/identity/v3/users 0.029s
2025-12-15 01:24:47.152 65861 INFO tempest.lib.common.rest_client [req-243edaf8-93e8-4346-8a00-86be0d935e65 req-243edaf8-93e8-4346-8a00-86be0d935e65 ] Request (QuotasAdminTestV257:test_get_updated_quotas): 200 GET http://10.180.1.21/identity/v3/domains?name=Default 0.023s
2025-12-15 01:24:47.193 65885 INFO tempest.lib.common.rest_client [req-e1d8ca31-44f6-4f0e-adac-52c2b0d4ca52 req-e1d8ca31-44f6-4f0e-adac-52c2b0d4ca52 ] Request (SecurityGroupsTestJSON:test_server_security_groups): 200 GET http://10.180.1.21/compute/v2.1/servers/e34f836a-4432-4a03-b11b-b985e872426a 0.239s
2025-12-15 01:24:47.303 65841 INFO tempest.lib.common.rest_client [req-b4d62a50-6d44-4379-bdc5-faa58b2fe60f req-b4d62a50-6d44-4379-bdc5-faa58b2fe60f ] Request (ServerRescueTestJSON:setUpClass): 200 GET http://10.180.1.21/compute/v2.1/servers/02c1b8ef-1fe2-4f55-8f8f-eac7549cd1bd 0.321s
2025-12-15 01:24:47.304 65883 INFO tempest.lib.common.rest_client [req-e043fa5e-6b72-4651-8946-74595fc09b12 req-e043fa5e-6b72-4651-8946-74595fc09b12 ] Request (ServersTestJSON:tearDownClass): 204 DELETE http://10.180.1.21/networking/v2.0/networks/21eecb9d-4ecd-4b26-8ec0-bfed4b616b1d 0.254s
2025-12-15 01:24:47.380 65851 INFO tempest.lib.common.rest_client [req-a1198539-0c40-4afe-9b45-dc1d38e7bc84 req-a1198539-0c40-4afe-9b45-dc1d38e7bc84 ] Request (ServerShowV257Test:tearDownClass): 200 GET http://10.180.1.21/compute/v2.1/servers/6f518126-0e37-479f-bf4f-c05f8eda360e 0.343s
2025-12-15 01:24:47.419 65883 INFO tempest.lib.common.rest_client [req-507ac576-5497-4a23-a840-5c7505039c5e req-507ac576-5497-4a23-a840-5c7505039c5e ] Request (ServersTestJSON:tearDownClass): 204 DELETE http://10.180.1.21/identity/v3/users/239cbef60fb24f1e8d496c83d32ea69f 0.115s
2025-12-15 01:24:47.419 65883 INFO tempest.lib.common.dynamic_creds [-] Deleting project and security group for project: 1cd6853a34674e15940539072602dce8
2025-12-15 01:24:47.433 65871 INFO tempest.lib.common.rest_client [req-107cf63b-e395-4f18-9393-4d03cf9cb45c req-107cf63b-e395-4f18-9393-4d03cf9cb45c ] Request (InstanceActionsV221TestJSON:test_get_list_deleted_instance_actions): 200 GET http://10.180.1.21/compute/v2.1/servers/c6a8921a-b968-4ced-8c3d-c5c3c2bba40c 0.372s
2025-12-15 01:24:47.460 65883 INFO tempest.lib.common.rest_client [req-76ed3849-2487-4075-8915-6ac03980dd6a req-76ed3849-2487-4075-8915-6ac03980dd6a ] Request (ServersTestJSON:tearDownClass): 200 GET http://10.180.1.21/networking/v2.0/security-groups?tenant_id=1cd6853a34674e15940539072602dce8&name=default 0.040s
2025-12-15 01:24:47.489 65839 INFO tempest.lib.common.rest_client [req-83cbee11-3587-4292-949d-ad57f0588e2f req-83cbee11-3587-4292-949d-ad57f0588e2f ] Request (ServerDiskConfigTestJSON:test_resize_server_from_auto_to_manual): 200 GET http://10.180.1.21/compute/v2.1/servers/b6770c86-a0f8-43fb-acf9-918b8c51babb 0.347s
2025-12-15 01:24:47.519 65855 INFO tempest.lib.common.rest_client [req-f0e8ae70-2e1e-4580-af73-ec8d1b1a006b req-f0e8ae70-2e1e-4580-af73-ec8d1b1a006b ] Request (ImagesOneServerNegativeTestJSON:test_delete_image_that_is_not_yet_active): 202 POST http://10.180.1.21/compute/v2.1/servers/404ab8d1-1a57-4caf-9652-e7bc75216ea0/action 0.701s
2025-12-15 01:24:47.571 65883 INFO tempest.lib.common.rest_client [req-27eb17b5-3583-4520-8aea-136fcc4c9699 req-27eb17b5-3583-4520-8aea-136fcc4c9699 ] Request (ServersTestJSON:tearDownClass): 204 DELETE http://10.180.1.21/networking/v2.0/security-groups/422d65e9-2f7d-47c5-aa11-d95a4765e90e 0.110s
2025-12-15 01:24:47.669 65861 INFO tempest.lib.common.rest_client [req-edecb329-5001-48f1-8874-9ace106d7e70 req-edecb329-5001-48f1-8874-9ace106d7e70 ] Request (QuotasAdminTestV257:test_get_updated_quotas): 200 PUT http://10.180.1.21/compute/v2.1/os-quota-sets/4e699d5546fc4704b963bcd0d04dc9c4?user_id=d97a9550d12e45f495098c934572cbdb 0.517s
2025-12-15 01:24:47.673 65859 INFO tempest.lib.common.rest_client [req-0c38415d-c406-44be-bfd5-8210c486d872 req-0c38415d-c406-44be-bfd5-8210c486d872 ] Request (ServerGroupTestJSON:test_create_server_with_scheduler_hint_group): 200 GET http://10.180.1.21/compute/v2.1/servers/353782ff-d92d-49a2-b915-49cd95ac18ef 0.496s
2025-12-15 01:24:47.676 65883 INFO tempest.lib.common.rest_client [req-def1f64b-0452-46d8-af56-948c9eb9128b req-def1f64b-0452-46d8-af56-948c9eb9128b ] Request (ServersTestJSON:tearDownClass): 204 DELETE http://10.180.1.21/identity/v3/projects/1cd6853a34674e15940539072602dce8 0.105s
2025-12-15 01:24:47.723 65869 INFO tempest.lib.common.rest_client [req-3b1e0c5c-50d1-4274-a01f-5ba2e3060cc1 req-3b1e0c5c-50d1-4274-a01f-5ba2e3060cc1 ] Request (ServerActionsTestOtherA:test_rebuild_server_in_stop_state): 200 GET http://10.180.1.21/compute/v2.1/servers/149143e9-611e-4845-b98b-f2d852f7bc84 0.449s
2025-12-15 01:24:47.742 65875 INFO tempest.lib.common.rest_client [req-51ee0dfb-51db-46d0-9de0-1da2adbcfb0d req-51ee0dfb-51db-46d0-9de0-1da2adbcfb0d ] Request (ServerShowV247Test:tearDownClass): 200 GET http://10.180.1.21/compute/v2.1/servers/9f5782bb-3f64-452c-b89c-b08eae0fb35f 0.519s
2025-12-15 01:24:47.768 65883 INFO tempest.lib.common.rest_client [req-9ba56e2d-505a-4b69-bc0a-414c8a9bdf14 req-9ba56e2d-505a-4b69-bc0a-414c8a9bdf14 ] Request (ServerAddressesNegativeTestJSON:setUpClass): 201 POST http://10.180.1.21/identity/v3/auth/tokens 0.090s
2025-12-15 01:24:47.796 65863 INFO tempest.lib.common.rest_client [req-a8cfe758-bb43-468f-8ddd-c35a1d92260d req-a8cfe758-bb43-468f-8ddd-c35a1d92260d ] Request (AttachVolumeNegativeTest:test_attach_attached_volume_to_different_server): 200 GET http://10.180.1.21/compute/v2.1/servers/791a73ef-5509-4a10-ba54-dd0687785649 0.471s
2025-12-15 01:24:47.814 65883 INFO tempest.lib.common.rest_client [req-a05346e5-cc4a-4e94-a5fb-c405df4be9a3 req-a05346e5-cc4a-4e94-a5fb-c405df4be9a3 ] Request (ServerAddressesNegativeTestJSON:setUpClass): 201 POST http://10.180.1.21/identity/v3/auth/tokens 0.044s
2025-12-15 01:24:47.822 65867 INFO tempest.lib.common.rest_client [req-3fd05e77-ce05-4c08-a80b-cb02d02126f7 req-3fd05e77-ce05-4c08-a80b-cb02d02126f7 ] Request (ServersAdminTestJSON:tearDownClass): 200 GET http://10.180.1.21/compute/v2.1/servers/0e801f31-a01c-437c-84c0-4e8cc206b55d 0.333s
2025-12-15 01:24:47.852 65883 INFO tempest.lib.common.rest_client [req-de3fa1b5-8a40-4d00-96d6-0c423fe4d8c1 req-de3fa1b5-8a40-4d00-96d6-0c423fe4d8c1 ] Request (ServerAddressesNegativeTestJSON:setUpClass): 200 GET http://10.180.1.21/identity/v3/domains?name=Default 0.037s
2025-12-15 01:24:47.897 65883 INFO tempest.lib.common.rest_client [req-0068a40d-75ec-4e2d-8a2c-b010cb486fdb req-0068a40d-75ec-4e2d-8a2c-b010cb486fdb ] Request (ServerAddressesNegativeTestJSON:setUpClass): 201 POST http://10.180.1.21/identity/v3/projects 0.044s
2025-12-15 01:24:47.909 65855 INFO tempest.lib.common.rest_client [req-aee7603f-7989-4b2c-84e2-cefb51d5576b req-aee7603f-7989-4b2c-84e2-cefb51d5576b ] Request (ImagesOneServerNegativeTestJSON:test_delete_image_that_is_not_yet_active): 204 DELETE http://10.180.1.21/compute/v2.1/images/90bcfb0c-0340-4f82-a24e-f3f43e74f745 0.388s
2025-12-15 01:24:47.976 65883 INFO tempest.lib.common.rest_client [req-03cffd2b-eb5c-4c27-91a7-648969024688 req-03cffd2b-eb5c-4c27-91a7-648969024688 ] Request (ServerAddressesNegativeTestJSON:setUpClass): 201 POST http://10.180.1.21/identity/v3/users 0.078s
2025-12-15 01:24:47.983 65881 INFO tempest.lib.common.rest_client [req-3e2c4963-4cd6-4499-8340-e626e1d45256 req-3e2c4963-4cd6-4499-8340-e626e1d45256 ] Request (MigrationsAdminTest:test_resize_server_revert_deleted_flavor): 200 GET http://10.180.1.21/compute/v2.1/servers/afd86801-09c8-4eae-892b-bcbbd9bf7075 0.458s
2025-12-15 01:24:48.015 65887 INFO tempest.lib.common.rest_client [req-27521a57-86f4-4733-b567-5b863d735c53 req-27521a57-86f4-4733-b567-5b863d735c53 ] Request (ServersV294TestFqdnHostnames:tearDownClass): 204 DELETE http://10.180.1.21/compute/v2.1/servers/54553808-2e4e-40c5-90e1-dc611b0acb91 0.465s
2025-12-15 01:24:48.021 65883 INFO tempest.lib.common.rest_client [req-6365156c-0717-499c-8b8b-0a80d439ea11 req-6365156c-0717-499c-8b8b-0a80d439ea11 ] Request (ServerAddressesNegativeTestJSON:setUpClass): 200 GET http://10.180.1.21/identity/v3/roles 0.042s
2025-12-15 01:24:48.059 65893 INFO tempest.lib.common.rest_client [req-37b2bd3c-6213-47c0-af7e-5021a94c911a req-37b2bd3c-6213-47c0-af7e-5021a94c911a ] Request (ImagesTestJSON:test_create_server_from_snapshot): 200 GET http://10.180.1.21/compute/v2.1/servers/9a977650-2aa6-4862-946b-6db958b1945c 0.420s
2025-12-15 01:24:48.068 65883 INFO tempest.lib.common.rest_client [req-c02dcd60-5940-4b2e-97f3-58818f19c318 req-c02dcd60-5940-4b2e-97f3-58818f19c318 ] Request (ServerAddressesNegativeTestJSON:setUpClass): 204 PUT http://10.180.1.21/identity/v3/projects/b039ff02480e485bbd2ddcda97d9756f/users/14d7aa1e819e4bd7a8fe3296c876ede1/roles/061a1c2817da4e9e8877d320f4bcff0f 0.047s
2025-12-15 01:24:48.068 65883 INFO tempest.lib.common.dynamic_creds [-] Dynamic test user 14d7aa1e819e4bd7a8fe3296c876ede1 is created with scope project and roles: ['member']
2025-12-15 01:24:48.069 65883 INFO tempest.lib.common.dynamic_creds [-] Acquired dynamic creds: credentials: Credentials: {'domain_id': 'default', 'domain_name': 'Default', 'username': 'tempest-ServerAddressesNegativeTestJSON-919296396-project-member', 'project_domain_id': 'default', 'project_domain_name': 'Default', 'project_id': 'b039ff02480e485bbd2ddcda97d9756f', 'project_name': 'tempest-ServerAddressesNegativeTestJSON-919296396', 'tenant_id': 'b039ff02480e485bbd2ddcda97d9756f', 'tenant_name': 'tempest-ServerAddressesNegativeTestJSON-919296396', 'user_domain_id': 'default', 'user_domain_name': 'Default', 'user_id': '14d7aa1e819e4bd7a8fe3296c876ede1', 'system': None}, Network: None, Subnet: None, Router: None
2025-12-15 01:24:48.084 65855 INFO tempest.lib.common.rest_client [req-3a7dba02-3791-4296-8a65-1741a100d1be req-3a7dba02-3791-4296-8a65-1741a100d1be ] Request (ImagesOneServerNegativeTestJSON:test_delete_image_that_is_not_yet_active): 404 GET http://10.180.1.21/compute/v2.1/images/90bcfb0c-0340-4f82-a24e-f3f43e74f745 0.174s
2025-12-15 01:24:48.139 65883 INFO tempest.lib.common.rest_client [req-87e1c502-1a06-419e-bf33-a687b57a6153 req-87e1c502-1a06-419e-bf33-a687b57a6153 ] Request (ServerAddressesNegativeTestJSON:setUpClass): 201 POST http://10.180.1.21/identity/v3/auth/tokens 0.070s
2025-12-15 01:24:48.214 65861 INFO tempest.lib.common.rest_client [req-3396233e-06a6-4be6-aed0-59ef5a352f7b req-3396233e-06a6-4be6-aed0-59ef5a352f7b ] Request (QuotasAdminTestV257:test_get_updated_quotas): 200 GET http://10.180.1.21/compute/v2.1/os-quota-sets/4e699d5546fc4704b963bcd0d04dc9c4?user_id=d97a9550d12e45f495098c934572cbdb 0.543s
2025-12-15 01:24:48.220 65843 INFO tempest.lib.common.rest_client [req-0e8c83e1-0710-4538-a63e-bd44a04de70c req-0e8c83e1-0710-4538-a63e-bd44a04de70c ] Request (ServersTestBootFromVolume:tearDownClass): 200 GET http://10.180.1.21/compute/v2.1/servers/d57e1602-6240-4829-a434-7bcd2ab91052 0.229s
2025-12-15 01:24:48.289 65861 INFO tempest.lib.common.rest_client [req-68e61066-8f7c-4813-8ab5-47d7c97b3705 req-68e61066-8f7c-4813-8ab5-47d7c97b3705 ] Request (QuotasAdminTestV257:_run_cleanups): 204 DELETE http://10.180.1.21/identity/v3/users/d97a9550d12e45f495098c934572cbdb 0.072s
2025-12-15 01:24:48.395 65861 INFO tempest.lib.common.rest_client [req-bc3b186f-4062-47b5-816c-6f6cf8488b95 req-bc3b186f-4062-47b5-816c-6f6cf8488b95 ] Request (QuotasAdminTestV257:_run_cleanups): 204 DELETE http://10.180.1.21/identity/v3/projects/4e699d5546fc4704b963bcd0d04dc9c4 0.105s
2025-12-15 01:24:48.444 65883 INFO tempest.lib.common.rest_client [req-7f67902a-921b-40e6-835a-7063109faacc req-7f67902a-921b-40e6-835a-7063109faacc ] Request (ServerAddressesNegativeTestJSON:setUpClass): 201 POST http://10.180.1.21/networking/v2.0/networks 0.305s
2025-12-15 01:24:48.475 65887 INFO tempest.lib.common.rest_client [req-3b2ecf8c-41d7-443a-baa7-23f01dff0980 req-3b2ecf8c-41d7-443a-baa7-23f01dff0980 ] Request (ServersV294TestFqdnHostnames:tearDownClass): 200 GET http://10.180.1.21/compute/v2.1/servers/54553808-2e4e-40c5-90e1-dc611b0acb91 0.459s
2025-12-15 01:24:48.485 65837 INFO tempest.lib.common.rest_client [req-67aea1a2-bb0e-4a8c-9177-6feb11d985ee req-67aea1a2-bb0e-4a8c-9177-6feb11d985ee ] Request (ServerActionsTestOtherB:test_resize_server_confirm_from_stopped): 200 GET http://10.180.1.21/compute/v2.1/servers/6544e3e7-b8b2-4ae0-9f26-b2d6b04c7427 0.460s
2025-12-15 01:24:48.498 65837 INFO tempest.common.waiters [-] State transition "RESIZE/resize_prep" ==> "RESIZE/resize_migrating" after 39 second wait
2025-12-15 01:24:48.553 65845 INFO tempest.lib.common.rest_client [req-7aca881a-6bc9-40f8-b946-aba33b81f3de req-7aca881a-6bc9-40f8-b946-aba33b81f3de ] Request (ServerTagsTestJSON:setUpClass): 200 GET http://10.180.1.21/compute/v2.1/servers/2bf0a9ed-e0b5-4a96-b6b5-7013e587fe6e 0.495s
2025-12-15 01:24:48.593 65861 INFO tempest.lib.common.rest_client [req-1254b9d5-06be-4318-8654-5271bcdac173 req-1254b9d5-06be-4318-8654-5271bcdac173 ] Request (QuotasAdminTestV257:tearDownClass): 204 DELETE http://10.180.1.21/identity/v3/users/9a344795961b4c6eae92046763b002c9 0.196s
2025-12-15 01:24:48.671 65855 INFO tempest.lib.common.rest_client [req-d1506cab-277b-4b7b-8a13-d09c105a60bf req-d1506cab-277b-4b7b-8a13-d09c105a60bf ] Request (ImagesOneServerNegativeTestJSON:tearDown): 200 GET http://10.180.1.21/compute/v2.1/servers/404ab8d1-1a57-4caf-9652-e7bc75216ea0 0.586s
2025-12-15 01:24:48.679 65883 INFO tempest.lib.common.rest_client [req-73c8c31b-4acc-41a4-8280-250a44dc770a req-73c8c31b-4acc-41a4-8280-250a44dc770a ] Request (ServerAddressesNegativeTestJSON:setUpClass): 201 POST http://10.180.1.21/networking/v2.0/subnets 0.234s
2025-12-15 01:24:48.690 65857 INFO tempest.lib.common.rest_client [req-cf86e5c6-2b7c-4a29-8117-fb722494be8b req-cf86e5c6-2b7c-4a29-8117-fb722494be8b ] Request (ServersTestManualDisk:tearDownClass): 200 GET http://10.180.1.21/compute/v2.1/servers/45e1bedf-24ff-4d32-90b3-0edbd45ad86c 0.571s
2025-12-15 01:24:48.739 65861 INFO tempest.lib.common.rest_client [req-13a93e3d-eaae-4095-b8e7-6372a4d6465a req-13a93e3d-eaae-4095-b8e7-6372a4d6465a ] Request (QuotasAdminTestV257:tearDownClass): 204 DELETE http://10.180.1.21/identity/v3/users/fa66183f5e2e47a1adfc7a9ba52122aa 0.145s
2025-12-15 01:24:48.739 65861 INFO tempest.lib.common.dynamic_creds [-] Deleting project and security group for project: 38c2faa895444aa9b86e8f81e72126b1
2025-12-15 01:24:48.843 65861 INFO tempest.lib.common.rest_client [req-ee1f5a60-b7b1-4d3e-b4a3-28876de1fa0f req-ee1f5a60-b7b1-4d3e-b4a3-28876de1fa0f ] Request (QuotasAdminTestV257:tearDownClass): 201 POST http://10.180.1.21/identity/v3/auth/tokens 0.104s
2025-12-15 01:24:49.106 65885 INFO tempest.lib.common.rest_client [req-66818c3b-6a4a-477b-8fbf-7fca617d2a36 req-66818c3b-6a4a-477b-8fbf-7fca617d2a36 ] Request (SecurityGroupsTestJSON:test_server_security_groups): 200 GET http://10.180.1.21/compute/v2.1/servers/e34f836a-4432-4a03-b11b-b985e872426a 0.902s
2025-12-15 01:24:49.502 65883 INFO tempest.lib.common.rest_client [req-cdf6c626-ee14-4aac-a73d-0558ae583f30 req-cdf6c626-ee14-4aac-a73d-0558ae583f30 ] Request (ServerAddressesNegativeTestJSON:setUpClass): 201 POST http://10.180.1.21/networking/v2.0/routers 0.820s
2025-12-15 01:24:49.779 65861 INFO tempest.lib.common.rest_client [req-610e01bd-7733-4a59-8d01-410aad6e49db req-610e01bd-7733-4a59-8d01-410aad6e49db ] Request (QuotasAdminTestV257:tearDownClass): 200 GET http://10.180.1.21/networking/v2.0/security-groups?tenant_id=38c2faa895444aa9b86e8f81e72126b1&name=default 0.935s
2025-12-15 01:24:49.817 65851 INFO tempest.lib.common.rest_client [req-90b72234-9736-4911-9bda-52cfb94ef4a4 req-90b72234-9736-4911-9bda-52cfb94ef4a4 ] Request (ServerShowV257Test:tearDownClass): 200 GET http://10.180.1.21/compute/v2.1/servers/6f518126-0e37-479f-bf4f-c05f8eda360e 1.427s
2025-12-15 01:24:50.351 65889 WARNING tempest.lib.common.ssh [-] Failed to establish authenticated ssh connection to cirros@10.180.180.150 ([Errno None] Unable to connect to port 22 on 10.180.180.150). Number attempts: 3. Retry after 4 seconds.: paramiko.ssh_exception.NoValidConnectionsError: [Errno None] Unable to connect to port 22 on 10.180.180.150
2025-12-15 01:24:50.552 65835 INFO paramiko.transport [-] Connected (version 2.0, client dropbear_2020.81)
2025-12-15 01:24:50.672 65835 INFO paramiko.transport [-] Authentication (publickey) successful!
2025-12-15 01:24:50.673 65835 INFO tempest.lib.common.ssh [-] ssh connection to cirros@10.180.180.214 successfully created
2025-12-15 01:24:50.675 65883 INFO tempest.lib.common.rest_client [req-14ab0635-fba6-42a0-913e-f3e302048a14 req-14ab0635-fba6-42a0-913e-f3e302048a14 ] Request (ServerAddressesNegativeTestJSON:setUpClass): 200 PUT http://10.180.1.21/networking/v2.0/routers/e661ae47-8c16-4b87-a440-9df7cb7cab26/add_router_interface 1.172s
2025-12-15 01:24:50.675 65883 INFO tempest.lib.common.dynamic_creds [-] Created isolated network resources for: credentials: Credentials: {'domain_id': 'default', 'domain_name': 'Default', 'username': 'tempest-ServerAddressesNegativeTestJSON-919296396-project-member', 'project_domain_id': 'default', 'project_domain_name': 'Default', 'project_id': 'b039ff02480e485bbd2ddcda97d9756f', 'project_name': 'tempest-ServerAddressesNegativeTestJSON-919296396', 'tenant_id': 'b039ff02480e485bbd2ddcda97d9756f', 'tenant_name': 'tempest-ServerAddressesNegativeTestJSON-919296396', 'user_domain_id': 'default', 'user_domain_name': 'Default', 'user_id': '14d7aa1e819e4bd7a8fe3296c876ede1', 'system': None}, Network: {'id': '69837b9f-ecce-42e9-9543-0e540d5d631f', 'name': 'tempest-ServerAddressesNegativeTestJSON-78654369-network', 'tenant_id': 'b039ff02480e485bbd2ddcda97d9756f', 'project_id': 'b039ff02480e485bbd2ddcda97d9756f', 'admin_state_up': True, 'mtu': 8950, 'status': 'ACTIVE', 'subnets': [], 'shared': False, 'port_security_enabled': True, 'router:external': False, 'provider:network_type': 'vlan', 'provider:physical_network': 'default', 'provider:segmentation_id': 701, 'availability_zone_hints': [], 'availability_zones': [], 'ipv4_address_scope': None, 'ipv6_address_scope': None, 'description': '', 'tags': [], 'created_at': '2025-12-15T01:24:48Z', 'updated_at': '2025-12-15T01:24:48Z', 'revision_number': 1}, Subnet: {'id': 'b1c72818-a050-4b63-a47d-de52300eb146', 'name': 'tempest-ServerAddressesNegativeTestJSON-78654369-subnet', 'tenant_id': 'b039ff02480e485bbd2ddcda97d9756f', 'network_id': '69837b9f-ecce-42e9-9543-0e540d5d631f', 'ip_version': 4, 'subnetpool_id': None, 'enable_dhcp': True, 'ipv6_ra_mode': None, 'ipv6_address_mode': None, 'gateway_ip': '192.168.128.1', 'cidr': '192.168.128.0/28', 'allocation_pools': [{'start': '192.168.128.2', 'end': '192.168.128.14'}], 'host_routes': [], 'dns_nameservers': [], 'description': '', 'router:external': False, 'service_types': [], 'tags': [], 'created_at': '2025-12-15T01:24:48Z', 'updated_at': '2025-12-15T01:24:48Z', 'revision_number': 0, 'project_id': 'b039ff02480e485bbd2ddcda97d9756f'}, Router: {'id': 'e661ae47-8c16-4b87-a440-9df7cb7cab26', 'name': 'tempest-ServerAddressesNegativeTestJSON-78654369-router', 'tenant_id': 'b039ff02480e485bbd2ddcda97d9756f', 'admin_state_up': True, 'status': 'ACTIVE', 'external_gateway_info': {'network_id': 'f2a2cb57-acb6-46fd-a793-091537d513ad', 'external_fixed_ips': [{'subnet_id': 'ee314fe8-6514-4ad7-9100-ec0f7fee7bcc', 'ip_address': '10.180.180.240'}], 'enable_snat': True}, 'description': '', 'availability_zones': [], 'distributed': False, 'ha': False, 'availability_zone_hints': [], 'routes': [], 'flavor_id': None, 'tags': [], 'created_at': '2025-12-15T01:24:48Z', 'updated_at': '2025-12-15T01:24:49Z', 'revision_number': 2, 'project_id': 'b039ff02480e485bbd2ddcda97d9756f'}
2025-12-15 01:24:50.710 65841 INFO tempest.lib.common.rest_client [req-126523b8-766b-42b6-84a3-74931beade04 req-126523b8-766b-42b6-84a3-74931beade04 ] Request (ServerRescueTestJSON:setUpClass): 200 GET http://10.180.1.21/compute/v2.1/servers/02c1b8ef-1fe2-4f55-8f8f-eac7549cd1bd 2.397s
2025-12-15 01:24:50.775 65883 INFO tempest.lib.common.rest_client [req-9f6f1b78-ade4-4067-8e18-fdfa2105027c req-9f6f1b78-ade4-4067-8e18-fdfa2105027c ] Request (ServerAddressesNegativeTestJSON:setUpClass): 201 POST http://10.180.1.21/identity/v3/auth/tokens 0.094s
2025-12-15 01:24:50.816 65861 INFO tempest.lib.common.rest_client [req-b0507a75-52cc-42de-b2b1-10b7c83d8606 req-b0507a75-52cc-42de-b2b1-10b7c83d8606 ] Request (QuotasAdminTestV257:tearDownClass): 204 DELETE http://10.180.1.21/networking/v2.0/security-groups/22dbda5a-a794-443d-8d35-3289923a85d4 1.035s
2025-12-15 01:24:50.816 65883 INFO tempest.lib.common.rest_client [req-1ec0891a-35d7-44f3-b4a8-125a5b185e5c req-1ec0891a-35d7-44f3-b4a8-125a5b185e5c ] Request (ServerAddressesNegativeTestJSON:setUpClass): 201 POST http://10.180.1.21/identity/v3/auth/tokens 0.038s
2025-12-15 01:24:50.817 65883 INFO tempest.lib.common.fixed_network [-] (ServerAddressesNegativeTestJSON:setUpClass) Found network {'id': '69837b9f-ecce-42e9-9543-0e540d5d631f', 'name': 'tempest-ServerAddressesNegativeTestJSON-78654369-network', 'tenant_id': 'b039ff02480e485bbd2ddcda97d9756f', 'project_id': 'b039ff02480e485bbd2ddcda97d9756f', 'admin_state_up': True, 'mtu': 8950, 'status': 'ACTIVE', 'subnets': [], 'shared': False, 'port_security_enabled': True, 'router:external': False, 'provider:network_type': 'vlan', 'provider:physical_network': 'default', 'provider:segmentation_id': 701, 'availability_zone_hints': [], 'availability_zones': [], 'ipv4_address_scope': None, 'ipv6_address_scope': None, 'description': '', 'tags': [], 'created_at': '2025-12-15T01:24:48Z', 'updated_at': '2025-12-15T01:24:48Z', 'revision_number': 1} available for tenant
2025-12-15 01:24:50.849 65871 INFO tempest.lib.common.rest_client [req-6dea1d6e-c4ee-4a35-85f7-df126a882062 req-6dea1d6e-c4ee-4a35-85f7-df126a882062 ] Request (InstanceActionsV221TestJSON:test_get_list_deleted_instance_actions): 200 GET http://10.180.1.21/compute/v2.1/servers/c6a8921a-b968-4ced-8c3d-c5c3c2bba40c 2.404s
2025-12-15 01:24:50.908 65861 INFO tempest.lib.common.rest_client [req-c2f09364-35d3-4281-8cca-512d0a67c553 req-c2f09364-35d3-4281-8cca-512d0a67c553 ] Request (QuotasAdminTestV257:tearDownClass): 204 DELETE http://10.180.1.21/identity/v3/projects/38c2faa895444aa9b86e8f81e72126b1 0.092s
2025-12-15 01:24:50.909 65861 INFO tempest.lib.common.dynamic_creds [-] Deleting project and security group for project: 6966ca12fabb44e2843f13d867451fd6
2025-12-15 01:24:50.953 65839 INFO tempest.lib.common.rest_client [req-7bcb5415-182c-4e4b-b7e8-5b5e7193487a req-7bcb5415-182c-4e4b-b7e8-5b5e7193487a ] Request (ServerDiskConfigTestJSON:test_resize_server_from_auto_to_manual): 200 GET http://10.180.1.21/compute/v2.1/servers/b6770c86-a0f8-43fb-acf9-918b8c51babb 2.455s
2025-12-15 01:24:51.088 65861 INFO tempest.lib.common.rest_client [req-8a8eadd0-72a5-422a-87fd-cf61f27d9b41 req-8a8eadd0-72a5-422a-87fd-cf61f27d9b41 ] Request (QuotasAdminTestV257:tearDownClass): 200 GET http://10.180.1.21/networking/v2.0/security-groups?tenant_id=6966ca12fabb44e2843f13d867451fd6&name=default 0.179s
2025-12-15 01:24:51.287 65859 INFO tempest.lib.common.rest_client [req-db90ef02-e788-4ca9-b587-cdd661e016ef req-db90ef02-e788-4ca9-b587-cdd661e016ef ] Request (ServerGroupTestJSON:test_create_server_with_scheduler_hint_group): 200 GET http://10.180.1.21/compute/v2.1/servers/353782ff-d92d-49a2-b915-49cd95ac18ef 2.605s
2025-12-15 01:24:51.304 65869 INFO tempest.lib.common.rest_client [req-581fe3e9-c64b-4017-abe9-3bb8984becaa req-581fe3e9-c64b-4017-abe9-3bb8984becaa ] Request (ServerActionsTestOtherA:test_rebuild_server_in_stop_state): 200 GET http://10.180.1.21/compute/v2.1/servers/149143e9-611e-4845-b98b-f2d852f7bc84 2.569s
2025-12-15 01:24:51.381 65861 INFO tempest.lib.common.rest_client [req-6358f830-4bda-4494-81b0-dde95c1f0db2 req-6358f830-4bda-4494-81b0-dde95c1f0db2 ] Request (QuotasAdminTestV257:tearDownClass): 204 DELETE http://10.180.1.21/networking/v2.0/security-groups/86c2f6c2-9eee-478c-8666-356adb9e997a 0.291s
2025-12-15 01:24:51.447 65875 INFO tempest.lib.common.rest_client [req-c94ab5ba-58f8-4572-8a2f-54d83b81fd2d req-c94ab5ba-58f8-4572-8a2f-54d83b81fd2d ] Request (ServerShowV247Test:tearDownClass): 200 GET http://10.180.1.21/compute/v2.1/servers/9f5782bb-3f64-452c-b89c-b08eae0fb35f 2.692s
2025-12-15 01:24:51.474 65861 INFO tempest.lib.common.rest_client [req-fc458fb2-1c91-4e3b-ae2c-4dddd76bfdc9 req-fc458fb2-1c91-4e3b-ae2c-4dddd76bfdc9 ] Request (QuotasAdminTestV257:tearDownClass): 204 DELETE http://10.180.1.21/identity/v3/projects/6966ca12fabb44e2843f13d867451fd6 0.092s
2025-12-15 01:24:51.556 65861 INFO tempest.lib.common.rest_client [req-bf4cfb3a-1320-4ecd-af69-4cab418ca29c req-bf4cfb3a-1320-4ecd-af69-4cab418ca29c ] Request (FlavorsV2NegativeTest:setUpClass): 201 POST http://10.180.1.21/identity/v3/auth/tokens 0.079s
2025-12-15 01:24:51.589 65861 INFO tempest.lib.common.rest_client [req-bd1c6b40-0336-4439-93ab-16329ecb0024 req-bd1c6b40-0336-4439-93ab-16329ecb0024 ] Request (FlavorsV2NegativeTest:setUpClass): 201 POST http://10.180.1.21/identity/v3/auth/tokens 0.029s
2025-12-15 01:24:51.591 65863 INFO tempest.lib.common.rest_client [req-8b3cd8a3-ec57-4454-bb2e-1c0ce732e230 req-8b3cd8a3-ec57-4454-bb2e-1c0ce732e230 ] Request (AttachVolumeNegativeTest:test_attach_attached_volume_to_different_server): 200 GET http://10.180.1.21/compute/v2.1/servers/791a73ef-5509-4a10-ba54-dd0687785649 2.777s
2025-12-15 01:24:51.598 65863 INFO tempest.common.waiters [-] State transition "BUILD/None" ==> "BUILD/spawning" after 40 second wait
2025-12-15 01:24:51.608 65867 INFO tempest.lib.common.rest_client [req-28718c94-c757-4a44-b22a-bb2eabd3899b req-28718c94-c757-4a44-b22a-bb2eabd3899b ] Request (ServersAdminTestJSON:tearDownClass): 200 GET http://10.180.1.21/compute/v2.1/servers/0e801f31-a01c-437c-84c0-4e8cc206b55d 2.776s
2025-12-15 01:24:51.629 65861 INFO tempest.lib.common.rest_client [req-0fa26496-37aa-46fd-be94-eff0e828cae8 req-0fa26496-37aa-46fd-be94-eff0e828cae8 ] Request (FlavorsV2NegativeTest:setUpClass): 200 GET http://10.180.1.21/identity/v3/domains?name=Default 0.040s
2025-12-15 01:24:51.669 65861 INFO tempest.lib.common.rest_client [req-46220498-72ee-4cd8-a39e-8d003b53f125 req-46220498-72ee-4cd8-a39e-8d003b53f125 ] Request (FlavorsV2NegativeTest:setUpClass): 201 POST http://10.180.1.21/identity/v3/projects 0.040s
2025-12-15 01:24:51.750 65893 INFO tempest.lib.common.rest_client [req-7ac11dda-fa8f-4044-aee4-db0496e36a6b req-7ac11dda-fa8f-4044-aee4-db0496e36a6b ] Request (ImagesTestJSON:test_create_server_from_snapshot): 200 GET http://10.180.1.21/compute/v2.1/servers/9a977650-2aa6-4862-946b-6db958b1945c 2.679s
2025-12-15 01:24:51.777 65861 INFO tempest.lib.common.rest_client [req-20a07402-c06f-4da6-b40c-ea01a46c7d7f req-20a07402-c06f-4da6-b40c-ea01a46c7d7f ] Request (FlavorsV2NegativeTest:setUpClass): 201 POST http://10.180.1.21/identity/v3/users 0.107s
2025-12-15 01:24:51.797 65881 INFO tempest.lib.common.rest_client [req-1a623171-7157-4782-bbf7-e268f0f0ea80 req-1a623171-7157-4782-bbf7-e268f0f0ea80 ] Request (MigrationsAdminTest:test_resize_server_revert_deleted_flavor): 200 GET http://10.180.1.21/compute/v2.1/servers/afd86801-09c8-4eae-892b-bcbbd9bf7075 2.803s
2025-12-15 01:24:51.815 65861 INFO tempest.lib.common.rest_client [req-58401925-4fa2-4d3a-82fd-b7ae330c15d8 req-58401925-4fa2-4d3a-82fd-b7ae330c15d8 ] Request (FlavorsV2NegativeTest:setUpClass): 200 GET http://10.180.1.21/identity/v3/roles 0.037s
2025-12-15 01:24:51.862 65861 INFO tempest.lib.common.rest_client [req-5bcbdf0e-1584-4d7f-be24-c7fcbe7e4a5d req-5bcbdf0e-1584-4d7f-be24-c7fcbe7e4a5d ] Request (FlavorsV2NegativeTest:setUpClass): 204 PUT http://10.180.1.21/identity/v3/projects/adf262607f8a460795b2108e13837bd5/users/eac9b94d62444f4da537feb9cfc365fb/roles/061a1c2817da4e9e8877d320f4bcff0f 0.047s
2025-12-15 01:24:51.864 65861 INFO tempest.lib.common.dynamic_creds [-] Dynamic test user eac9b94d62444f4da537feb9cfc365fb is created with scope project and roles: ['member']
2025-12-15 01:24:51.864 65861 INFO tempest.lib.common.dynamic_creds [-] Acquired dynamic creds: credentials: Credentials: {'domain_id': 'default', 'domain_name': 'Default', 'username': 'tempest-FlavorsV2NegativeTest-1069309091-project-member', 'project_domain_id': 'default', 'project_domain_name': 'Default', 'project_id': 'adf262607f8a460795b2108e13837bd5', 'project_name': 'tempest-FlavorsV2NegativeTest-1069309091', 'tenant_id': 'adf262607f8a460795b2108e13837bd5', 'tenant_name': 'tempest-FlavorsV2NegativeTest-1069309091', 'user_domain_id': 'default', 'user_domain_name': 'Default', 'user_id': 'eac9b94d62444f4da537feb9cfc365fb', 'system': None}, Network: None, Subnet: None, Router: None
2025-12-15 01:24:51.864 65861 INFO tempest.lib.common.dynamic_creds [-] Created isolated network resources for: credentials: Credentials: {'domain_id': 'default', 'domain_name': 'Default', 'username': 'tempest-FlavorsV2NegativeTest-1069309091-project-member', 'project_domain_id': 'default', 'project_domain_name': 'Default', 'project_id': 'adf262607f8a460795b2108e13837bd5', 'project_name': 'tempest-FlavorsV2NegativeTest-1069309091', 'tenant_id': 'adf262607f8a460795b2108e13837bd5', 'tenant_name': 'tempest-FlavorsV2NegativeTest-1069309091', 'user_domain_id': 'default', 'user_domain_name': 'Default', 'user_id': 'eac9b94d62444f4da537feb9cfc365fb', 'system': None}, Network: None, Subnet: None, Router: None
2025-12-15 01:24:51.870 65843 INFO tempest.lib.common.rest_client [req-47f2d09a-a5a2-4d74-90b0-90c04b4987c6 req-47f2d09a-a5a2-4d74-90b0-90c04b4987c6 ] Request (ServersTestBootFromVolume:tearDownClass): 200 GET http://10.180.1.21/compute/v2.1/servers/d57e1602-6240-4829-a434-7bcd2ab91052 2.643s
2025-12-15 01:24:51.885 65843 INFO tempest.common.waiters [-] State transition "ACTIVE/deleting" ==> "DELETED/None" after 6 second wait
2025-12-15 01:24:51.915 65887 INFO tempest.lib.common.rest_client [req-e0104fa4-8e34-4d34-9c66-ba5c0fc6c6d7 req-e0104fa4-8e34-4d34-9c66-ba5c0fc6c6d7 ] Request (ServersV294TestFqdnHostnames:tearDownClass): 200 GET http://10.180.1.21/compute/v2.1/servers/54553808-2e4e-40c5-90e1-dc611b0acb91 2.428s
2025-12-15 01:24:51.996 65861 INFO tempest.lib.common.rest_client [req-65fd059a-1a55-41f2-bd70-3681fd06befd req-65fd059a-1a55-41f2-bd70-3681fd06befd ] Request (FlavorsV2NegativeTest:setUpClass): 201 POST http://10.180.1.21/identity/v3/auth/tokens 0.127s
2025-12-15 01:24:52.090 65845 INFO tempest.lib.common.rest_client [req-4357e4ca-9883-4cf0-a486-f0936a4ac71f req-4357e4ca-9883-4cf0-a486-f0936a4ac71f ] Request (ServerTagsTestJSON:setUpClass): 200 GET http://10.180.1.21/compute/v2.1/servers/2bf0a9ed-e0b5-4a96-b6b5-7013e587fe6e 2.525s
2025-12-15 01:24:52.116 65837 INFO tempest.lib.common.rest_client [req-1cbadba6-2d4c-4869-b2e9-f00faa3946a5 req-1cbadba6-2d4c-4869-b2e9-f00faa3946a5 ] Request (ServerActionsTestOtherB:test_resize_server_confirm_from_stopped): 200 GET http://10.180.1.21/compute/v2.1/servers/6544e3e7-b8b2-4ae0-9f26-b2d6b04c7427 2.617s
2025-12-15 01:24:52.249 65857 INFO tempest.lib.common.rest_client [req-3d59a7cb-0ddf-450e-bce0-5312843798e6 req-3d59a7cb-0ddf-450e-bce0-5312843798e6 ] Request (ServersTestManualDisk:tearDownClass): 200 GET http://10.180.1.21/compute/v2.1/servers/45e1bedf-24ff-4d32-90b3-0edbd45ad86c 2.548s
2025-12-15 01:24:52.276 65855 INFO tempest.lib.common.rest_client [req-121ea360-4f8f-400e-adb0-7c17caa39889 req-121ea360-4f8f-400e-adb0-7c17caa39889 ] Request (ImagesOneServerNegativeTestJSON:tearDown): 200 GET http://10.180.1.21/compute/v2.1/servers/404ab8d1-1a57-4caf-9652-e7bc75216ea0 2.595s
2025-12-15 01:24:52.293 65855 INFO tempest.common.waiters [-] State transition "ACTIVE/image_snapshot" ==> "ACTIVE/image_uploading" after 4 second wait
2025-12-15 01:24:52.381 65835 INFO tempest.lib.common.rest_client [req-19df57a0-aa81-4234-926f-57bd31c30e0c req-19df57a0-aa81-4234-926f-57bd31c30e0c ] Request (AttachInterfacesUnderV243Test:test_add_remove_fixed_ip): 200 GET http://10.180.1.21/compute/v2.1/servers/77141f15-bb2c-40fd-8bfc-a30ba89102fc/os-interface 1.708s
2025-12-15 01:24:52.403 65847 WARNING tempest.lib.common.ssh [-] Failed to establish authenticated ssh connection to cirros@10.180.180.189 ([Errno None] Unable to connect to port 22 on 10.180.180.189). Number attempts: 3. Retry after 4 seconds.: paramiko.ssh_exception.NoValidConnectionsError: [Errno None] Unable to connect to port 22 on 10.180.180.189
2025-12-15 01:24:52.406 65885 INFO tempest.lib.common.rest_client [req-afedbe7d-25b8-4fd4-9060-0440ab73e2ac req-afedbe7d-25b8-4fd4-9060-0440ab73e2ac ] Request (SecurityGroupsTestJSON:test_server_security_groups): 200 GET http://10.180.1.21/compute/v2.1/servers/e34f836a-4432-4a03-b11b-b985e872426a 2.291s
2025-12-15 01:24:52.476 65851 INFO tempest.lib.common.rest_client [req-6c50f89a-eb97-4c23-adb7-a6daac4f91e1 req-6c50f89a-eb97-4c23-adb7-a6daac4f91e1 ] Request (ServerShowV257Test:tearDownClass): 200 GET http://10.180.1.21/compute/v2.1/servers/6f518126-0e37-479f-bf4f-c05f8eda360e 1.649s
2025-12-15 01:24:52.683 65841 INFO tempest.lib.common.rest_client [req-be78c128-7d8f-48fe-aff4-1117de8f1c22 req-be78c128-7d8f-48fe-aff4-1117de8f1c22 ] Request (ServerRescueTestJSON:setUpClass): 200 GET http://10.180.1.21/compute/v2.1/servers/02c1b8ef-1fe2-4f55-8f8f-eac7549cd1bd 0.961s
2025-12-15 01:24:52.851 65871 INFO tempest.lib.common.rest_client [req-41bfd52a-dc2e-4e11-aed1-07d436a5bfb6 req-41bfd52a-dc2e-4e11-aed1-07d436a5bfb6 ] Request (InstanceActionsV221TestJSON:test_get_list_deleted_instance_actions): 200 GET http://10.180.1.21/compute/v2.1/servers/c6a8921a-b968-4ced-8c3d-c5c3c2bba40c 0.991s
2025-12-15 01:24:52.861 65871 INFO tempest.common.waiters [-] State transition "BUILD/None" ==> "BUILD/spawning" after 40 second wait
2025-12-15 01:24:52.920 65839 INFO tempest.lib.common.rest_client [req-09d0ad97-41c1-4629-8a34-cea8398ee976 req-09d0ad97-41c1-4629-8a34-cea8398ee976 ] Request (ServerDiskConfigTestJSON:test_resize_server_from_auto_to_manual): 200 GET http://10.180.1.21/compute/v2.1/servers/b6770c86-a0f8-43fb-acf9-918b8c51babb 0.956s
2025-12-15 01:24:52.965 65883 INFO tempest.lib.common.rest_client [req-363a58d2-b892-4b6d-a3ca-2faa123794c8 req-363a58d2-b892-4b6d-a3ca-2faa123794c8 ] Request (ServerAddressesNegativeTestJSON:setUpClass): 202 POST http://10.180.1.21/compute/v2.1/servers 2.148s
2025-12-15 01:24:52.968 65861 INFO tempest.lib.common.rest_client [req-574971f2-ab1c-413a-b3d1-17b765e536de req-574971f2-ab1c-413a-b3d1-17b765e536de ] Request (FlavorsV2NegativeTest:test_boot_with_low_ram): 200 GET http://10.180.1.21/compute/v2.1/flavors/42 0.970s
2025-12-15 01:24:53.025 65869 INFO tempest.lib.common.rest_client [req-4a5c85b7-2352-4c76-9143-aad37618df13 req-4a5c85b7-2352-4c76-9143-aad37618df13 ] Request (ServerActionsTestOtherA:test_rebuild_server_in_stop_state): 200 GET http://10.180.1.21/compute/v2.1/servers/149143e9-611e-4845-b98b-f2d852f7bc84 0.708s
2025-12-15 01:24:53.118 65835 INFO tempest.lib.common.rest_client [req-a9ae5eea-0a6a-40ea-aa0a-b12a2decd5af req-a9ae5eea-0a6a-40ea-aa0a-b12a2decd5af ] Request (AttachInterfacesUnderV243Test:test_add_remove_fixed_ip): 200 GET http://10.180.1.21/compute/v2.1/servers/77141f15-bb2c-40fd-8bfc-a30ba89102fc/os-interface/b7f7d722-3ab2-46c4-9816-de31c8439ed6 0.735s
2025-12-15 01:24:53.211 65859 INFO tempest.lib.common.rest_client [req-ed5e17c6-ff4e-456c-8076-dab8fdc3d0ab req-ed5e17c6-ff4e-456c-8076-dab8fdc3d0ab ] Request (ServerGroupTestJSON:test_create_server_with_scheduler_hint_group): 200 GET http://10.180.1.21/compute/v2.1/servers/353782ff-d92d-49a2-b915-49cd95ac18ef 0.915s
2025-12-15 01:24:53.219 65859 INFO tempest.common.waiters [-] State transition "BUILD/spawning" ==> "ACTIVE/None" after 50 second wait
2025-12-15 01:24:53.238 65875 INFO tempest.lib.common.rest_client [req-c8d5f2b9-a979-46b1-9246-57d200689be3 req-c8d5f2b9-a979-46b1-9246-57d200689be3 ] Request (ServerShowV247Test:tearDownClass): 200 GET http://10.180.1.21/compute/v2.1/servers/9f5782bb-3f64-452c-b89c-b08eae0fb35f 0.780s
2025-12-15 01:24:53.340 65867 INFO tempest.lib.common.rest_client [req-361de171-5d4b-443b-af91-710978a47026 req-361de171-5d4b-443b-af91-710978a47026 ] Request (ServersAdminTestJSON:tearDownClass): 200 GET http://10.180.1.21/compute/v2.1/servers/0e801f31-a01c-437c-84c0-4e8cc206b55d 0.722s
2025-12-15 01:24:53.361 65863 INFO tempest.lib.common.rest_client [req-8749d70b-cbd4-4515-9ffa-a8126de08dbd req-8749d70b-cbd4-4515-9ffa-a8126de08dbd ] Request (AttachVolumeNegativeTest:test_attach_attached_volume_to_different_server): 200 GET http://10.180.1.21/compute/v2.1/servers/791a73ef-5509-4a10-ba54-dd0687785649 0.761s
2025-12-15 01:24:53.396 65893 INFO tempest.lib.common.rest_client [req-832511c9-afef-483b-9c11-102d308c22a8 req-832511c9-afef-483b-9c11-102d308c22a8 ] Request (ImagesTestJSON:test_create_server_from_snapshot): 200 GET http://10.180.1.21/compute/v2.1/servers/9a977650-2aa6-4862-946b-6db958b1945c 0.635s
2025-12-15 01:24:53.397 65861 INFO tempest.lib.common.rest_client [req-7876a25f-a6bf-4206-a754-4b8223709399 req-7876a25f-a6bf-4206-a754-4b8223709399 ] Request (FlavorsV2NegativeTest:test_boot_with_low_ram): 201 POST http://10.180.1.21/image/v2/images 0.424s
2025-12-15 01:24:53.509 65843 INFO tempest.lib.common.rest_client [req-65930892-4e71-432d-ac24-236723ceb5c6 req-65930892-4e71-432d-ac24-236723ceb5c6 ] Request (ServersTestBootFromVolume:tearDownClass): 200 GET http://10.180.1.21/compute/v2.1/servers/d57e1602-6240-4829-a434-7bcd2ab91052 0.623s
2025-12-15 01:24:53.543 65881 INFO tempest.lib.common.rest_client [req-dc08258d-4086-4635-aced-210f2f43d782 req-dc08258d-4086-4635-aced-210f2f43d782 ] Request (MigrationsAdminTest:test_resize_server_revert_deleted_flavor): 200 GET http://10.180.1.21/compute/v2.1/servers/afd86801-09c8-4eae-892b-bcbbd9bf7075 0.738s
2025-12-15 01:24:53.598 65883 INFO tempest.lib.common.rest_client [req-4ef8e0ce-5263-439b-9a7c-05dab0f8c899 req-4ef8e0ce-5263-439b-9a7c-05dab0f8c899 ] Request (ServerAddressesNegativeTestJSON:setUpClass): 200 GET http://10.180.1.21/compute/v2.1/servers/1ed063da-336c-496d-8c33-53ab535f4107 0.631s
2025-12-15 01:24:53.629 65887 INFO tempest.lib.common.rest_client [req-066edf2f-0e5c-41c0-bde5-cb939f5b176d req-066edf2f-0e5c-41c0-bde5-cb939f5b176d ] Request (ServersV294TestFqdnHostnames:tearDownClass): 200 GET http://10.180.1.21/compute/v2.1/servers/54553808-2e4e-40c5-90e1-dc611b0acb91 0.701s
2025-12-15 01:24:53.641 65887 INFO tempest.common.waiters [-] State transition "ACTIVE/deleting" ==> "DELETED/None" after 5 second wait
2025-12-15 01:24:53.659 65845 INFO tempest.lib.common.rest_client [req-256b25d1-ca5a-4833-8949-6007f1ed2975 req-256b25d1-ca5a-4833-8949-6007f1ed2975 ] Request (ServerTagsTestJSON:setUpClass): 200 GET http://10.180.1.21/compute/v2.1/servers/2bf0a9ed-e0b5-4a96-b6b5-7013e587fe6e 0.552s
2025-12-15 01:24:53.664 65835 INFO tempest.lib.common.rest_client [req-675143f6-19a2-43ad-b0e8-1aac09b26e66 req-675143f6-19a2-43ad-b0e8-1aac09b26e66 ] Request (AttachInterfacesUnderV243Test:test_add_remove_fixed_ip): 200 GET http://10.180.1.21/compute/v2.1/servers/77141f15-bb2c-40fd-8bfc-a30ba89102fc/ips 0.544s
2025-12-15 01:24:53.668 65845 INFO tempest.common.waiters [-] State transition "BUILD/None" ==> "BUILD/networking" after 35 second wait
