2025-12-15 14:18:22.492 67092 INFO tempest.lib.common.rest_client [req-e9c54dc9-2b25-47d9-b81a-a5dae6b29ad5 req-e9c54dc9-2b25-47d9-b81a-a5dae6b29ad5 ] Request (ImagesDeleteNegativeTestJSON:setUpClass): 201 POST http://10.180.1.21/identity/v3/auth/tokens 0.072s
2025-12-15 14:18:22.510 67087 INFO tempest.lib.common.rest_client [req-9e0f6c18-9728-45d6-ab9b-229fa0253c4c req-9e0f6c18-9728-45d6-ab9b-229fa0253c4c ] Request (HypervisorAdminUnderV252Test:test_search_hypervisor): 200 GET http://10.180.1.21/compute/v2.1/os-hypervisors/domain-c8.fc996f14-c53b-4953-92e3-bdfa48f5cc28/search 5.112s
2025-12-15 14:18:22.531 67092 INFO tempest.lib.common.rest_client [req-daeb90cb-5e2c-4378-9e9a-0d0ca703f108 req-daeb90cb-5e2c-4378-9e9a-0d0ca703f108 ] Request (ImagesDeleteNegativeTestJSON:setUpClass): 201 POST http://10.180.1.21/identity/v3/auth/tokens 0.034s
2025-12-15 14:18:22.546 67079 INFO tempest.lib.common.rest_client [req-4640bf8a-167f-4c0d-9951-b8de5cbc76ad req-4640bf8a-167f-4c0d-9951-b8de5cbc76ad ] Request (FlavorsV2NegativeTest:tearDownClass): 204 DELETE http://10.180.1.21/networking/v2.0/security-groups/a782f118-f299-4ae3-9d30-96e279929214 0.314s
2025-12-15 14:18:22.569 67045 INFO tempest.lib.common.rest_client [req-09086a76-c953-4693-ba59-b0976c4afa7a req-09086a76-c953-4693-ba59-b0976c4afa7a ] Request (FlavorMetadataValidation:tearDownClass): 204 DELETE http://10.180.1.21/identity/v3/projects/b3bbfb60e4b3449a9b2bb62ed38a5d82 0.121s
2025-12-15 14:18:22.598 67059 INFO tempest.lib.common.rest_client [req-c01943b0-a05e-4fbf-883f-a9478bb6fd62 req-c01943b0-a05e-4fbf-883f-a9478bb6fd62 ] Request (TenantUsagesTestJSON:setUpClass): 200 GET http://10.180.1.21/compute/v2.1/servers/7d8833b0-24c8-4ead-88d2-39862da9ac0f 4.800s
2025-12-15 14:18:22.607 67059 INFO tempest.common.waiters [-] State transition "BUILD/None" ==> "BUILD/networking" after 6 second wait
2025-12-15 14:18:22.607 67092 INFO tempest.lib.common.rest_client [req-2d5133ee-4be1-41fb-a4da-c46c2d56b226 req-2d5133ee-4be1-41fb-a4da-c46c2d56b226 ] Request (ImagesDeleteNegativeTestJSON:setUpClass): 200 GET http://10.180.1.21/identity/v3/domains?name=Default 0.076s
2025-12-15 14:18:22.645 67087 INFO tempest.lib.common.rest_client [req-f93b4c9f-906b-469f-834e-a4c898a0292e req-f93b4c9f-906b-469f-834e-a4c898a0292e ] Request (HypervisorAdminUnderV252Test:tearDownClass): 204 DELETE http://10.180.1.21/identity/v3/users/38cd4d14f4a84c329ef02c0beef786d4 0.126s
2025-12-15 14:18:22.691 67065 INFO tempest.lib.common.rest_client [req-3e41efb2-5e9b-4548-9310-8bec5c0a3d02 req-3e41efb2-5e9b-4548-9310-8bec5c0a3d02 ] Request (ServerDiagnosticsTest:test_get_server_diagnostics): 200 GET http://10.180.1.21/compute/v2.1/servers/ce56a723-5f16-4591-a392-c1e6cf107518 5.420s
2025-12-15 14:18:22.699 67065 INFO tempest.common.waiters [-] State transition "BUILD/None" ==> "BUILD/spawning" after 6 second wait
2025-12-15 14:18:22.774 67045 INFO tempest.lib.common.rest_client [req-e7ba4c4e-08fa-4fce-ba70-76ead1317597 req-e7ba4c4e-08fa-4fce-ba70-76ead1317597 ] Request (HostsAdminNegativeTestJSON:setUpClass): 201 POST http://10.180.1.21/identity/v3/auth/tokens 0.202s
2025-12-15 14:18:22.779 67079 INFO tempest.lib.common.rest_client [req-3bc3143a-b108-4283-9dc9-3c2b9416dc7b req-3bc3143a-b108-4283-9dc9-3c2b9416dc7b ] Request (FlavorsV2NegativeTest:tearDownClass): 204 DELETE http://10.180.1.21/identity/v3/projects/7d65bc7e08fd4938959bc396279628f2 0.232s
2025-12-15 14:18:22.787 67061 INFO tempest.lib.common.rest_client [req-ddbb01bc-1148-48d5-9a92-4ace569faf18 req-ddbb01bc-1148-48d5-9a92-4ace569faf18 ] Request (FloatingIPsAssociationTestJSON:setUpClass): 200 GET http://10.180.1.21/compute/v2.1/servers/721fb8e2-776f-4136-bf49-7913ec2ccc5d 4.642s
2025-12-15 14:18:22.868 67092 INFO tempest.lib.common.rest_client [req-7da93657-2235-445f-a15f-2da142020a3f req-7da93657-2235-445f-a15f-2da142020a3f ] Request (ImagesDeleteNegativeTestJSON:setUpClass): 201 POST http://10.180.1.21/identity/v3/projects 0.261s
2025-12-15 14:18:22.955 67079 INFO tempest.lib.common.rest_client [req-6e523fc0-7749-4f27-9df1-953ebb427762 req-6e523fc0-7749-4f27-9df1-953ebb427762 ] Request (ServerDiskConfigTestJSON:setUpClass): 201 POST http://10.180.1.21/identity/v3/auth/tokens 0.175s
2025-12-15 14:18:22.996 67087 INFO tempest.lib.common.rest_client [req-2462f4f3-b0da-434a-b3c4-584c6f08ed14 req-2462f4f3-b0da-434a-b3c4-584c6f08ed14 ] Request (HypervisorAdminUnderV252Test:tearDownClass): 204 DELETE http://10.180.1.21/identity/v3/users/c7a73116610a49458099472dc6fbec4f 0.350s
2025-12-15 14:18:22.996 67087 INFO tempest.lib.common.dynamic_creds [-] Deleting project and security group for project: 079709d05cc145de9e860cb39fc4485d
2025-12-15 14:18:23.020 67045 INFO tempest.lib.common.rest_client [req-88383ee3-14cd-41fd-a876-d7585eae30a1 req-88383ee3-14cd-41fd-a876-d7585eae30a1 ] Request (HostsAdminNegativeTestJSON:setUpClass): 201 POST http://10.180.1.21/identity/v3/auth/tokens 0.240s
2025-12-15 14:18:23.101 67079 INFO tempest.lib.common.rest_client [req-dd986e9e-ff0f-4956-a1da-4433adf80552 req-dd986e9e-ff0f-4956-a1da-4433adf80552 ] Request (ServerDiskConfigTestJSON:setUpClass): 201 POST http://10.180.1.21/identity/v3/auth/tokens 0.143s
2025-12-15 14:18:23.113 67092 INFO tempest.lib.common.rest_client [req-49a805c9-f9ef-4407-a58f-0337768f792f req-49a805c9-f9ef-4407-a58f-0337768f792f ] Request (ImagesDeleteNegativeTestJSON:setUpClass): 201 POST http://10.180.1.21/identity/v3/users 0.243s
2025-12-15 14:18:23.134 67087 INFO tempest.lib.common.rest_client [req-f5581def-7720-4637-9795-9fb13e499c51 req-f5581def-7720-4637-9795-9fb13e499c51 ] Request (HypervisorAdminUnderV252Test:tearDownClass): 201 POST http://10.180.1.21/identity/v3/auth/tokens 0.137s
2025-12-15 14:18:23.142 67045 INFO tempest.lib.common.rest_client [req-ab78493e-c949-4b78-8c0c-8f7ad94c7b5f req-ab78493e-c949-4b78-8c0c-8f7ad94c7b5f ] Request (HostsAdminNegativeTestJSON:setUpClass): 200 GET http://10.180.1.21/identity/v3/domains?name=Default 0.121s
2025-12-15 14:18:23.164 67079 INFO tempest.lib.common.rest_client [req-60143ff0-0f13-4e4f-bfe0-47425f3718a7 req-60143ff0-0f13-4e4f-bfe0-47425f3718a7 ] Request (ServerDiskConfigTestJSON:setUpClass): 200 GET http://10.180.1.21/identity/v3/domains?name=Default 0.063s
2025-12-15 14:18:23.185 67092 INFO tempest.lib.common.rest_client [req-181685b7-ed3f-4921-ab1e-ed23308149e1 req-181685b7-ed3f-4921-ab1e-ed23308149e1 ] Request (ImagesDeleteNegativeTestJSON:setUpClass): 200 GET http://10.180.1.21/identity/v3/roles 0.072s
2025-12-15 14:18:23.222 67045 INFO tempest.lib.common.rest_client [req-cd1ec7df-a448-4aa8-ae56-076d31cc7e0c req-cd1ec7df-a448-4aa8-ae56-076d31cc7e0c ] Request (HostsAdminNegativeTestJSON:setUpClass): 201 POST http://10.180.1.21/identity/v3/projects 0.079s
2025-12-15 14:18:23.252 67075 INFO tempest.lib.common.rest_client [req-f909c969-91e6-42a4-8f86-6e74fd93575a req-f909c969-91e6-42a4-8f86-6e74fd93575a ] Request (QuotasAdminTestV257:test_get_updated_quotas): 200 PUT http://10.180.1.21/compute/v2.1/os-quota-sets/b819742209304bafa620d1fea58afef9 5.438s
2025-12-15 14:18:23.262 67055 INFO tempest.lib.common.rest_client [req-3cac6539-c997-492f-9efc-da442bd04795 req-3cac6539-c997-492f-9efc-da442bd04795 ] Request (HypervisorAdminNegativeUnderV252Test:test_search_nonexistent_hypervisor): 404 GET http://10.180.1.21/compute/v2.1/os-hypervisors/nonexistent_hypervisor_name/search 4.891s
2025-12-15 14:18:23.301 67079 INFO tempest.lib.common.rest_client [req-0ab278f3-5b0c-4b77-bfd9-b95d68b4f83c req-0ab278f3-5b0c-4b77-bfd9-b95d68b4f83c ] Request (ServerDiskConfigTestJSON:setUpClass): 201 POST http://10.180.1.21/identity/v3/projects 0.137s
2025-12-15 14:18:23.326 67092 INFO tempest.lib.common.rest_client [req-397e9b42-e169-421c-a12f-bb2a2b95246c req-397e9b42-e169-421c-a12f-bb2a2b95246c ] Request (ImagesDeleteNegativeTestJSON:setUpClass): 204 PUT http://10.180.1.21/identity/v3/projects/a53776923b9943568a5e7cdc7188fa87/users/883fe05fca494d22bc39b3524eeb9208/roles/be12d99464854a3a98e36b37a4710508 0.140s
2025-12-15 14:18:23.326 67092 INFO tempest.lib.common.dynamic_creds [-] Dynamic test user 883fe05fca494d22bc39b3524eeb9208 is created with scope project and roles: ['member']
2025-12-15 14:18:23.326 67092 INFO tempest.lib.common.dynamic_creds [-] Acquired dynamic creds: credentials: Credentials: {'domain_id': 'default', 'domain_name': 'Default', 'username': 'tempest-ImagesDeleteNegativeTestJSON-1574395869-project-member', 'project_domain_id': 'default', 'project_domain_name': 'Default', 'project_id': 'a53776923b9943568a5e7cdc7188fa87', 'project_name': 'tempest-ImagesDeleteNegativeTestJSON-1574395869', 'tenant_id': 'a53776923b9943568a5e7cdc7188fa87', 'tenant_name': 'tempest-ImagesDeleteNegativeTestJSON-1574395869', 'user_domain_id': 'default', 'user_domain_name': 'Default', 'user_id': '883fe05fca494d22bc39b3524eeb9208', 'system': None}, Network: None, Subnet: None, Router: None
2025-12-15 14:18:23.326 67092 INFO tempest.lib.common.dynamic_creds [-] Created isolated network resources for: credentials: Credentials: {'domain_id': 'default', 'domain_name': 'Default', 'username': 'tempest-ImagesDeleteNegativeTestJSON-1574395869-project-member', 'project_domain_id': 'default', 'project_domain_name': 'Default', 'project_id': 'a53776923b9943568a5e7cdc7188fa87', 'project_name': 'tempest-ImagesDeleteNegativeTestJSON-1574395869', 'tenant_id': 'a53776923b9943568a5e7cdc7188fa87', 'tenant_name': 'tempest-ImagesDeleteNegativeTestJSON-1574395869', 'user_domain_id': 'default', 'user_domain_name': 'Default', 'user_id': '883fe05fca494d22bc39b3524eeb9208', 'system': None}, Network: None, Subnet: None, Router: None
2025-12-15 14:18:23.394 67079 INFO tempest.lib.common.rest_client [req-f41a773d-ffa6-492d-84aa-87d6bf175b5e req-f41a773d-ffa6-492d-84aa-87d6bf175b5e ] Request (ServerDiskConfigTestJSON:setUpClass): 201 POST http://10.180.1.21/identity/v3/users 0.092s
2025-12-15 14:18:23.411 67045 INFO tempest.lib.common.rest_client [req-e36c143a-dd2f-462e-91b1-d1192e2c66a0 req-e36c143a-dd2f-462e-91b1-d1192e2c66a0 ] Request (HostsAdminNegativeTestJSON:setUpClass): 201 POST http://10.180.1.21/identity/v3/users 0.189s
2025-12-15 14:18:23.432 67087 INFO tempest.lib.common.rest_client [req-2c010d28-ebae-4d89-807c-17cd66cfbcfc req-2c010d28-ebae-4d89-807c-17cd66cfbcfc ] Request (HypervisorAdminUnderV252Test:tearDownClass): 200 GET http://10.180.1.21/networking/v2.0/security-groups?tenant_id=079709d05cc145de9e860cb39fc4485d&name=default 0.298s
2025-12-15 14:18:23.434 67079 INFO tempest.lib.common.rest_client [req-d0bca1dc-3c4d-4ff3-86b0-0828df2c7465 req-d0bca1dc-3c4d-4ff3-86b0-0828df2c7465 ] Request (ServerDiskConfigTestJSON:setUpClass): 200 GET http://10.180.1.21/identity/v3/roles 0.040s
2025-12-15 14:18:23.456 67045 INFO tempest.lib.common.rest_client [req-f1849539-c6f6-492a-a194-67572ce46a40 req-f1849539-c6f6-492a-a194-67572ce46a40 ] Request (HostsAdminNegativeTestJSON:setUpClass): 200 GET http://10.180.1.21/identity/v3/roles 0.042s
2025-12-15 14:18:23.476 67092 INFO tempest.lib.common.rest_client [req-20930355-a674-4bc6-8fa4-02c80033b1ee req-20930355-a674-4bc6-8fa4-02c80033b1ee ] Request (ImagesDeleteNegativeTestJSON:setUpClass): 201 POST http://10.180.1.21/identity/v3/auth/tokens 0.145s
2025-12-15 14:18:23.487 67079 INFO tempest.lib.common.rest_client [req-fd1599a7-c575-4424-8135-ea603ad5ebed req-fd1599a7-c575-4424-8135-ea603ad5ebed ] Request (ServerDiskConfigTestJSON:setUpClass): 204 PUT http://10.180.1.21/identity/v3/projects/5104b0798b6144f78b653f5263b3eab0/users/1208f15d16074c3bb9349793035dba78/roles/be12d99464854a3a98e36b37a4710508 0.053s
2025-12-15 14:18:23.488 67079 INFO tempest.lib.common.dynamic_creds [-] Dynamic test user 1208f15d16074c3bb9349793035dba78 is created with scope project and roles: ['member']
2025-12-15 14:18:23.488 67079 INFO tempest.lib.common.dynamic_creds [-] Acquired dynamic creds: credentials: Credentials: {'domain_id': 'default', 'domain_name': 'Default', 'username': 'tempest-ServerDiskConfigTestJSON-1692840156-project-member', 'project_domain_id': 'default', 'project_domain_name': 'Default', 'project_id': '5104b0798b6144f78b653f5263b3eab0', 'project_name': 'tempest-ServerDiskConfigTestJSON-1692840156', 'tenant_id': '5104b0798b6144f78b653f5263b3eab0', 'tenant_name': 'tempest-ServerDiskConfigTestJSON-1692840156', 'user_domain_id': 'default', 'user_domain_name': 'Default', 'user_id': '1208f15d16074c3bb9349793035dba78', 'system': None}, Network: None, Subnet: None, Router: None
2025-12-15 14:18:23.512 67045 INFO tempest.lib.common.rest_client [req-7f1c2501-ad2a-457b-be21-9385c9831735 req-7f1c2501-ad2a-457b-be21-9385c9831735 ] Request (HostsAdminNegativeTestJSON:setUpClass): 204 PUT http://10.180.1.21/identity/v3/projects/42fc4e674e5f4fbab04a3fa6470c2d52/users/2b58a4bd97b646fa9e24bac6da5897bd/roles/be12d99464854a3a98e36b37a4710508 0.055s
2025-12-15 14:18:23.512 67045 INFO tempest.lib.common.dynamic_creds [-] Dynamic test user 2b58a4bd97b646fa9e24bac6da5897bd is created with scope project and roles: ['member']
2025-12-15 14:18:23.512 67045 INFO tempest.lib.common.dynamic_creds [-] Acquired dynamic creds: credentials: Credentials: {'domain_id': 'default', 'domain_name': 'Default', 'username': 'tempest-HostsAdminNegativeTestJSON-932478060-project-member', 'project_domain_id': 'default', 'project_domain_name': 'Default', 'project_id': '42fc4e674e5f4fbab04a3fa6470c2d52', 'project_name': 'tempest-HostsAdminNegativeTestJSON-932478060', 'tenant_id': '42fc4e674e5f4fbab04a3fa6470c2d52', 'tenant_name': 'tempest-HostsAdminNegativeTestJSON-932478060', 'user_domain_id': 'default', 'user_domain_name': 'Default', 'user_id': '2b58a4bd97b646fa9e24bac6da5897bd', 'system': None}, Network: None, Subnet: None, Router: None
2025-12-15 14:18:23.513 67045 INFO tempest.lib.common.dynamic_creds [-] Created isolated network resources for: credentials: Credentials: {'domain_id': 'default', 'domain_name': 'Default', 'username': 'tempest-HostsAdminNegativeTestJSON-932478060-project-member', 'project_domain_id': 'default', 'project_domain_name': 'Default', 'project_id': '42fc4e674e5f4fbab04a3fa6470c2d52', 'project_name': 'tempest-HostsAdminNegativeTestJSON-932478060', 'tenant_id': '42fc4e674e5f4fbab04a3fa6470c2d52', 'tenant_name': 'tempest-HostsAdminNegativeTestJSON-932478060', 'user_domain_id': 'default', 'user_domain_name': 'Default', 'user_id': '2b58a4bd97b646fa9e24bac6da5897bd', 'system': None}, Network: None, Subnet: None, Router: None
2025-12-15 14:18:23.570 67079 INFO tempest.lib.common.rest_client [req-270f1854-79b9-40a8-b244-facdb2dbaa23 req-270f1854-79b9-40a8-b244-facdb2dbaa23 ] Request (ServerDiskConfigTestJSON:setUpClass): 201 POST http://10.180.1.21/identity/v3/auth/tokens 0.081s
2025-12-15 14:18:23.583 67051 INFO tempest.lib.common.rest_client [req-e330c2ec-f652-4a04-8ea9-4825855e4022 req-e330c2ec-f652-4a04-8ea9-4825855e4022 ] Request (SecurityGroupRulesTestJSON:test_security_group_rules_create_with_optional_group_id): 200 POST http://10.180.1.21/compute/v2.1/os-security-groups 5.278s
2025-12-15 14:18:23.608 67045 INFO tempest.lib.common.rest_client [req-8a0cddc1-3d71-482b-a451-d3434807f60d req-8a0cddc1-3d71-482b-a451-d3434807f60d ] Request (HostsAdminNegativeTestJSON:setUpClass): 201 POST http://10.180.1.21/identity/v3/auth/tokens 0.092s
2025-12-15 14:18:23.614 67041 INFO tempest.lib.common.rest_client [req-d34c589b-c498-404c-9d44-1b174082f3ca req-d34c589b-c498-404c-9d44-1b174082f3ca ] Request (MigrationsAdminTest:test_list_migrations_in_flavor_resize_situation): 200 GET http://10.180.1.21/compute/v2.1/servers/269e4d4e-2948-482d-b94f-359b99dd44ef 4.320s
2025-12-15 14:18:23.664 67045 INFO tempest.lib.common.rest_client [req-49962e6f-ee6f-4032-8fea-8a3a4adf93db req-49962e6f-ee6f-4032-8fea-8a3a4adf93db ] Request (HostsAdminNegativeTestJSON:setUpClass): 201 POST http://10.180.1.21/identity/v3/projects 0.054s
2025-12-15 14:18:23.713 67087 INFO tempest.lib.common.rest_client [req-7a2bf35d-9415-4aa6-a2c6-92b3c78bdaca req-7a2bf35d-9415-4aa6-a2c6-92b3c78bdaca ] Request (HypervisorAdminUnderV252Test:tearDownClass): 204 DELETE http://10.180.1.21/networking/v2.0/security-groups/ca9688ce-3c71-4ce4-9fce-ba52bbc0d902 0.280s
2025-12-15 14:18:23.745 67045 INFO tempest.lib.common.rest_client [req-14135d7e-30bf-4b85-9aaa-3f9612e2c25a req-14135d7e-30bf-4b85-9aaa-3f9612e2c25a ] Request (HostsAdminNegativeTestJSON:setUpClass): 201 POST http://10.180.1.21/identity/v3/users 0.080s
2025-12-15 14:18:23.768 67045 INFO tempest.lib.common.rest_client [req-4c4adcee-387f-4393-8388-cb556458c1b4 req-4c4adcee-387f-4393-8388-cb556458c1b4 ] Request (HostsAdminNegativeTestJSON:setUpClass): 200 GET http://10.180.1.21/identity/v3/roles 0.023s
2025-12-15 14:18:23.804 67087 INFO tempest.lib.common.rest_client [req-0fad0e0c-6d37-48ae-ae59-c73f5ec1e8e3 req-0fad0e0c-6d37-48ae-ae59-c73f5ec1e8e3 ] Request (HypervisorAdminUnderV252Test:tearDownClass): 204 DELETE http://10.180.1.21/identity/v3/projects/079709d05cc145de9e860cb39fc4485d 0.090s
2025-12-15 14:18:23.805 67087 INFO tempest.lib.common.dynamic_creds [-] Deleting project and security group for project: 7cf7e43107694c69a6822e0a06f763f3
2025-12-15 14:18:23.873 67045 INFO tempest.lib.common.rest_client [req-e5176fff-e0dc-402e-8a54-f71d7fdbc5f3 req-e5176fff-e0dc-402e-8a54-f71d7fdbc5f3 ] Request (HostsAdminNegativeTestJSON:setUpClass): 204 PUT http://10.180.1.21/identity/v3/projects/c99944b69f2f4f1683635dbcf8ea8c23/users/5ec965b1b24a4e95817f35bffb7930c4/roles/3911e06b7bbe4ab1be0daade74ab629f 0.104s
2025-12-15 14:18:23.932 67045 INFO tempest.lib.common.rest_client [req-b54831f9-de7c-401e-a039-d0fa466768cb req-b54831f9-de7c-401e-a039-d0fa466768cb ] Request (HostsAdminNegativeTestJSON:setUpClass): 200 GET http://10.180.1.21/identity/v3/roles 0.059s
2025-12-15 14:18:23.961 67045 INFO tempest.lib.common.rest_client [req-5330a8fb-f508-4d87-bde7-94f72aa0846c req-5330a8fb-f508-4d87-bde7-94f72aa0846c ] Request (HostsAdminNegativeTestJSON:setUpClass): 204 PUT http://10.180.1.21/identity/v3/projects/c99944b69f2f4f1683635dbcf8ea8c23/users/5ec965b1b24a4e95817f35bffb7930c4/roles/3911e06b7bbe4ab1be0daade74ab629f 0.028s
2025-12-15 14:18:23.961 67045 INFO tempest.lib.common.dynamic_creds [-] Dynamic test user 5ec965b1b24a4e95817f35bffb7930c4 is created with scope project and roles: ['admin']
2025-12-15 14:18:23.961 67045 INFO tempest.lib.common.dynamic_creds [-] Acquired dynamic creds: credentials: Credentials: {'domain_id': 'default', 'domain_name': 'Default', 'username': 'tempest-HostsAdminNegativeTestJSON-824285973-project-admin', 'project_domain_id': 'default', 'project_domain_name': 'Default', 'project_id': 'c99944b69f2f4f1683635dbcf8ea8c23', 'project_name': 'tempest-HostsAdminNegativeTestJSON-824285973', 'tenant_id': 'c99944b69f2f4f1683635dbcf8ea8c23', 'tenant_name': 'tempest-HostsAdminNegativeTestJSON-824285973', 'user_domain_id': 'default', 'user_domain_name': 'Default', 'user_id': '5ec965b1b24a4e95817f35bffb7930c4', 'system': None}, Network: None, Subnet: None, Router: None
2025-12-15 14:18:23.961 67045 INFO tempest.lib.common.dynamic_creds [-] Created isolated network resources for: credentials: Credentials: {'domain_id': 'default', 'domain_name': 'Default', 'username': 'tempest-HostsAdminNegativeTestJSON-824285973-project-admin', 'project_domain_id': 'default', 'project_domain_name': 'Default', 'project_id': 'c99944b69f2f4f1683635dbcf8ea8c23', 'project_name': 'tempest-HostsAdminNegativeTestJSON-824285973', 'tenant_id': 'c99944b69f2f4f1683635dbcf8ea8c23', 'tenant_name': 'tempest-HostsAdminNegativeTestJSON-824285973', 'user_domain_id': 'default', 'user_domain_name': 'Default', 'user_id': '5ec965b1b24a4e95817f35bffb7930c4', 'system': None}, Network: None, Subnet: None, Router: None
2025-12-15 14:18:24.037 67045 INFO tempest.lib.common.rest_client [req-2688df60-3515-4fd7-92c4-12c5af464085 req-2688df60-3515-4fd7-92c4-12c5af464085 ] Request (HostsAdminNegativeTestJSON:setUpClass): 201 POST http://10.180.1.21/identity/v3/auth/tokens 0.073s
2025-12-15 14:18:24.051 67079 INFO tempest.lib.common.rest_client [req-3c858cf4-a6c3-4701-9841-ded9d6742b66 req-3c858cf4-a6c3-4701-9841-ded9d6742b66 ] Request (ServerDiskConfigTestJSON:setUpClass): 201 POST http://10.180.1.21/networking/v2.0/networks 0.481s
2025-12-15 14:18:24.076 67063 INFO tempest.lib.common.rest_client [req-fc2fb82c-0ecf-4a6f-9d17-2dd199697f98 req-fc2fb82c-0ecf-4a6f-9d17-2dd199697f98 ] Request (ImagesNegativeTestJSON:test_create_image_from_deleted_server): 200 GET http://10.180.1.21/compute/v2.1/servers/dd196a8e-09a3-484d-b568-790f8f54ad51 4.761s
2025-12-15 14:18:24.091 67053 INFO tempest.lib.common.rest_client [req-4f059340-c2f6-4662-b0ae-21369cbb4b8c req-4f059340-c2f6-4662-b0ae-21369cbb4b8c ] Request (ServersTestJSON:setUpClass): 200 GET http://10.180.1.21/compute/v2.1/servers/4b7fd5bc-346a-47e6-bc72-1b460a7b2cf3 4.647s
2025-12-15 14:18:24.092 67067 INFO tempest.lib.common.rest_client [req-bb5f4565-b07c-47a2-91c8-87e33050a5aa req-bb5f4565-b07c-47a2-91c8-87e33050a5aa ] Request (ServersWithSpecificFlavorTestJSON:test_verify_created_server_ephemeral_disk): 200 GET http://10.180.1.21/compute/v2.1/flavors/42/os-extra_specs 4.416s
2025-12-15 14:18:24.122 67073 INFO tempest.lib.common.rest_client [req-0c073990-e998-4884-a2ab-5ebd045698de req-0c073990-e998-4884-a2ab-5ebd045698de ] Request (FlavorsAdminTestJSON:test_create_flavor_verify_entry_in_list_details): 200 GET http://10.180.1.21/compute/v2.1/flavors/detail 4.380s
2025-12-15 14:18:24.203 67087 INFO tempest.lib.common.rest_client [req-fcfcee1b-5a33-40b1-bd6e-99b9be127c56 req-fcfcee1b-5a33-40b1-bd6e-99b9be127c56 ] Request (HypervisorAdminUnderV252Test:tearDownClass): 200 GET http://10.180.1.21/networking/v2.0/security-groups?tenant_id=7cf7e43107694c69a6822e0a06f763f3&name=default 0.398s
2025-12-15 14:18:24.210 67029 INFO tempest.lib.common.rest_client [req-60973fd8-1dde-4454-ac9a-3e2976f60959 req-60973fd8-1dde-4454-ac9a-3e2976f60959 ] Request (AggregatesAdminNegativeTestJSON:_run_cleanups): 200 POST http://10.180.1.21/compute/v2.1/os-aggregates/1/action 4.027s
2025-12-15 14:18:24.367 67079 INFO tempest.lib.common.rest_client [req-9abb2011-bac2-4945-bb2d-406e3b422795 req-9abb2011-bac2-4945-bb2d-406e3b422795 ] Request (ServerDiskConfigTestJSON:setUpClass): 201 POST http://10.180.1.21/networking/v2.0/subnets 0.314s
2025-12-15 14:18:24.417 67090 INFO tempest.lib.common.rest_client [req-a5ccb8df-4f1e-44a4-bd03-b25383f9f1e8 req-a5ccb8df-4f1e-44a4-bd03-b25383f9f1e8 ] Request (ServersTestMultiNic:test_verify_duplicate_network_nics): 200 GET http://10.180.1.21/compute/v2.1/servers/4c3530ae-8d00-43e6-affb-8daddeece22b 3.990s
2025-12-15 14:18:24.506 67087 INFO tempest.lib.common.rest_client [req-a5dff6f5-cd3b-46a2-8dca-4ad6d8d91ad8 req-a5dff6f5-cd3b-46a2-8dca-4ad6d8d91ad8 ] Request (HypervisorAdminUnderV252Test:tearDownClass): 204 DELETE http://10.180.1.21/networking/v2.0/security-groups/c2ff8a28-9814-4a38-b1bd-00879fc3f2e8 0.303s
2025-12-15 14:18:24.586 67083 INFO tempest.lib.common.rest_client [req-b865f9eb-6cb9-4db6-bb5b-840927c5e568 req-b865f9eb-6cb9-4db6-bb5b-840927c5e568 ] Request (QuotasAdminNegativeTest:test_create_server_when_cpu_quota_is_full): 200 GET http://10.180.1.21/compute/v2.1/os-quota-sets/2a02e1fe4f744bc7a2a1421d88f257f9 3.789s
2025-12-15 14:18:24.646 67087 INFO tempest.lib.common.rest_client [req-04a9f316-2db1-4f34-b286-43e0145d0765 req-04a9f316-2db1-4f34-b286-43e0145d0765 ] Request (HypervisorAdminUnderV252Test:tearDownClass): 204 DELETE http://10.180.1.21/identity/v3/projects/7cf7e43107694c69a6822e0a06f763f3 0.139s
2025-12-15 14:18:24.648 67087 INFO tempest.test [-] raised in ServersOnMultiNodesTest.setUpClass. Invoking tearDownClass.
2025-12-15 14:18:24.723 67087 INFO tempest.lib.common.rest_client [req-fc7d1b75-3811-406f-b3b3-a284e02a47e3 req-fc7d1b75-3811-406f-b3b3-a284e02a47e3 ] Request (FloatingIPsAssociationNegativeTestJSON:setUpClass): 201 POST http://10.180.1.21/identity/v3/auth/tokens 0.073s
2025-12-15 14:18:24.762 67087 INFO tempest.lib.common.rest_client [req-6ed9a771-1605-4171-8781-09db991dc1b6 req-6ed9a771-1605-4171-8781-09db991dc1b6 ] Request (FloatingIPsAssociationNegativeTestJSON:setUpClass): 201 POST http://10.180.1.21/identity/v3/auth/tokens 0.035s
2025-12-15 14:18:24.793 67087 INFO tempest.lib.common.rest_client [req-ce7df081-bdf1-45af-a330-6dd38758656b req-ce7df081-bdf1-45af-a330-6dd38758656b ] Request (FloatingIPsAssociationNegativeTestJSON:setUpClass): 200 GET http://10.180.1.21/identity/v3/domains?name=Default 0.031s
2025-12-15 14:18:24.824 67087 INFO tempest.lib.common.rest_client [req-6550a317-9aa4-4d0c-8dff-6a80d26318e1 req-6550a317-9aa4-4d0c-8dff-6a80d26318e1 ] Request (FloatingIPsAssociationNegativeTestJSON:setUpClass): 201 POST http://10.180.1.21/identity/v3/projects 0.030s
2025-12-15 14:18:24.893 67087 INFO tempest.lib.common.rest_client [req-e8f16de3-23b0-42d9-9753-cd119ab05ca4 req-e8f16de3-23b0-42d9-9753-cd119ab05ca4 ] Request (FloatingIPsAssociationNegativeTestJSON:setUpClass): 201 POST http://10.180.1.21/identity/v3/users 0.069s
2025-12-15 14:18:24.924 67087 INFO tempest.lib.common.rest_client [req-d334f6d7-bbdc-4a80-9118-8c40fc316539 req-d334f6d7-bbdc-4a80-9118-8c40fc316539 ] Request (FloatingIPsAssociationNegativeTestJSON:setUpClass): 200 GET http://10.180.1.21/identity/v3/roles 0.030s
2025-12-15 14:18:24.964 67087 INFO tempest.lib.common.rest_client [req-541f74a5-d809-4247-8560-f1f947bc11e2 req-541f74a5-d809-4247-8560-f1f947bc11e2 ] Request (FloatingIPsAssociationNegativeTestJSON:setUpClass): 204 PUT http://10.180.1.21/identity/v3/projects/6a58d02d060e46629c0b9f4396f195e9/users/3d097dbc0efe41a1b8cd046247b94bc0/roles/be12d99464854a3a98e36b37a4710508 0.040s
2025-12-15 14:18:24.964 67087 INFO tempest.lib.common.dynamic_creds [-] Dynamic test user 3d097dbc0efe41a1b8cd046247b94bc0 is created with scope project and roles: ['member']
2025-12-15 14:18:24.965 67087 INFO tempest.lib.common.dynamic_creds [-] Acquired dynamic creds: credentials: Credentials: {'domain_id': 'default', 'domain_name': 'Default', 'username': 'tempest-FloatingIPsAssociationNegativeTestJSON-1697022231-project-member', 'project_domain_id': 'default', 'project_domain_name': 'Default', 'project_id': '6a58d02d060e46629c0b9f4396f195e9', 'project_name': 'tempest-FloatingIPsAssociationNegativeTestJSON-1697022231', 'tenant_id': '6a58d02d060e46629c0b9f4396f195e9', 'tenant_name': 'tempest-FloatingIPsAssociationNegativeTestJSON-1697022231', 'user_domain_id': 'default', 'user_domain_name': 'Default', 'user_id': '3d097dbc0efe41a1b8cd046247b94bc0', 'system': None}, Network: None, Subnet: None, Router: None
2025-12-15 14:18:25.034 67087 INFO tempest.lib.common.rest_client [req-bab688c9-0ea2-45c8-949c-d12761023942 req-bab688c9-0ea2-45c8-949c-d12761023942 ] Request (FloatingIPsAssociationNegativeTestJSON:setUpClass): 201 POST http://10.180.1.21/identity/v3/auth/tokens 0.069s
2025-12-15 14:18:25.155 67031 INFO tempest.lib.common.rest_client [req-e105d1a4-860e-456d-bf4c-488cfd7b9145 req-e105d1a4-860e-456d-bf4c-488cfd7b9145 ] Request (ServerDiagnosticsNegativeTest:test_get_server_diagnostics_by_non_admin): 200 GET http://10.180.1.21/compute/v2.1/servers/8b9fb1f3-704f-4aa7-a981-200589521fd9 4.438s
2025-12-15 14:18:25.179 67069 INFO tempest.lib.common.rest_client [req-3f2abb29-95ed-4a07-b999-acc8d38e3d06 req-3f2abb29-95ed-4a07-b999-acc8d38e3d06 ] Request (FlavorsV261TestJSON:test_crud_flavor): 200 GET http://10.180.1.21/compute/v2.1/flavors 3.813s
2025-12-15 14:18:25.335 67079 INFO tempest.lib.common.rest_client [req-bfb1a457-7b03-42fd-b53f-ffbd5a41e40f req-bfb1a457-7b03-42fd-b53f-ffbd5a41e40f ] Request (ServerDiskConfigTestJSON:setUpClass): 201 POST http://10.180.1.21/networking/v2.0/routers 0.968s
2025-12-15 14:18:25.466 67087 INFO tempest.lib.common.rest_client [req-9b771747-e128-4a9c-9a29-7ddee5c80b4d req-9b771747-e128-4a9c-9a29-7ddee5c80b4d ] Request (FloatingIPsAssociationNegativeTestJSON:setUpClass): 201 POST http://10.180.1.21/networking/v2.0/networks 0.432s
2025-12-15 14:18:25.496 67039 INFO tempest.lib.common.rest_client [req-1604a990-db69-4c67-a84c-100efdbd5121 req-1604a990-db69-4c67-a84c-100efdbd5121 ] Request (ServersAdminTestJSON:setUpClass): 200 GET http://10.180.1.21/compute/v2.1/servers/bf608584-b885-491a-b3b5-f339da6a45cf 4.084s
2025-12-15 14:18:25.513 67033 INFO tempest.lib.common.rest_client [req-ce1ebb1e-ebc0-4406-b3cf-2d1d5240a1a1 req-ce1ebb1e-ebc0-4406-b3cf-2d1d5240a1a1 ] Request (KeyPairsV210TestJSON:test_admin_manage_keypairs_for_other_users): 200 GET http://10.180.1.21/compute/v2.1/os-keypairs?user_id=cf117510cb0b46daa726ab81c541e2ed 4.061s
2025-12-15 14:18:25.928 67087 INFO tempest.lib.common.rest_client [req-d392a190-7920-40b1-a9d3-ab42e9ac20cc req-d392a190-7920-40b1-a9d3-ab42e9ac20cc ] Request (FloatingIPsAssociationNegativeTestJSON:setUpClass): 201 POST http://10.180.1.21/networking/v2.0/subnets 0.460s
2025-12-15 14:18:26.341 67079 INFO tempest.lib.common.rest_client [req-4c56fd54-ba6f-495c-9f48-98c4d1da55c3 req-4c56fd54-ba6f-495c-9f48-98c4d1da55c3 ] Request (ServerDiskConfigTestJSON:setUpClass): 200 PUT http://10.180.1.21/networking/v2.0/routers/a0b6465f-0d41-4800-b84d-d06e97dc7258/add_router_interface 1.006s
2025-12-15 14:18:26.341 67079 INFO tempest.lib.common.dynamic_creds [-] Created isolated network resources for: credentials: Credentials: {'domain_id': 'default', 'domain_name': 'Default', 'username': 'tempest-ServerDiskConfigTestJSON-1692840156-project-member', 'project_domain_id': 'default', 'project_domain_name': 'Default', 'project_id': '5104b0798b6144f78b653f5263b3eab0', 'project_name': 'tempest-ServerDiskConfigTestJSON-1692840156', 'tenant_id': '5104b0798b6144f78b653f5263b3eab0', 'tenant_name': 'tempest-ServerDiskConfigTestJSON-1692840156', 'user_domain_id': 'default', 'user_domain_name': 'Default', 'user_id': '1208f15d16074c3bb9349793035dba78', 'system': None}, Network: {'id': '9d720f76-2992-484c-94b1-c1b6842897a5', 'name': 'tempest-ServerDiskConfigTestJSON-488565786-network', 'tenant_id': '5104b0798b6144f78b653f5263b3eab0', 'project_id': '5104b0798b6144f78b653f5263b3eab0', 'admin_state_up': True, 'mtu': 8950, 'status': 'ACTIVE', 'subnets': [], 'shared': False, 'port_security_enabled': True, 'router:external': False, 'provider:network_type': 'vlan', 'provider:physical_network': 'default', 'provider:segmentation_id': 212, 'availability_zone_hints': [], 'availability_zones': [], 'ipv4_address_scope': None, 'ipv6_address_scope': None, 'description': '', 'tags': [], 'created_at': '2025-12-15T14:18:23Z', 'updated_at': '2025-12-15T14:18:23Z', 'revision_number': 1}, Subnet: {'id': 'b0470f6b-112d-45fb-b637-9355da9bf7fc', 'name': 'tempest-ServerDiskConfigTestJSON-488565786-subnet', 'tenant_id': '5104b0798b6144f78b653f5263b3eab0', 'network_id': '9d720f76-2992-484c-94b1-c1b6842897a5', 'ip_version': 4, 'subnetpool_id': None, 'enable_dhcp': True, 'ipv6_ra_mode': None, 'ipv6_address_mode': None, 'gateway_ip': '192.168.128.1', 'cidr': '192.168.128.0/28', 'allocation_pools': [{'start': '192.168.128.2', 'end': '192.168.128.14'}], 'host_routes': [], 'dns_nameservers': [], 'description': '', 'router:external': False, 'service_types': [], 'tags': [], 'created_at': '2025-12-15T14:18:24Z', 'updated_at': '2025-12-15T14:18:24Z', 'revision_number': 0, 'project_id': '5104b0798b6144f78b653f5263b3eab0'}, Router: {'id': 'a0b6465f-0d41-4800-b84d-d06e97dc7258', 'name': 'tempest-ServerDiskConfigTestJSON-488565786-router', 'tenant_id': '5104b0798b6144f78b653f5263b3eab0', 'admin_state_up': True, 'status': 'ACTIVE', 'external_gateway_info': {'network_id': '7170bd9b-d34a-47f2-bb2b-6be17792d707', 'external_fixed_ips': [{'subnet_id': '123a052d-5733-40cf-95b2-423ad0e6c63d', 'ip_address': '10.180.180.162'}], 'enable_snat': True}, 'description': '', 'availability_zones': [], 'distributed': False, 'ha': False, 'availability_zone_hints': [], 'routes': [], 'flavor_id': None, 'tags': [], 'created_at': '2025-12-15T14:18:24Z', 'updated_at': '2025-12-15T14:18:25Z', 'revision_number': 2, 'project_id': '5104b0798b6144f78b653f5263b3eab0'}
2025-12-15 14:18:26.447 67079 INFO tempest.lib.common.rest_client [req-cdf42baa-6b8f-4d86-abb1-d131c03707f5 req-cdf42baa-6b8f-4d86-abb1-d131c03707f5 ] Request (ServerDiskConfigTestJSON:setUpClass): 201 POST http://10.180.1.21/identity/v3/auth/tokens 0.102s
2025-12-15 14:18:26.478 67079 INFO tempest.lib.common.rest_client [req-bf1c9e7e-e4f2-4466-873c-392fdb661375 req-bf1c9e7e-e4f2-4466-873c-392fdb661375 ] Request (ServerDiskConfigTestJSON:test_rebuild_server_with_auto_disk_config): 201 POST http://10.180.1.21/identity/v3/auth/tokens 0.028s
2025-12-15 14:18:26.479 67079 INFO tempest.lib.common.fixed_network [-] (ServerDiskConfigTestJSON:test_rebuild_server_with_auto_disk_config) Found network {'id': '9d720f76-2992-484c-94b1-c1b6842897a5', 'name': 'tempest-ServerDiskConfigTestJSON-488565786-network', 'tenant_id': '5104b0798b6144f78b653f5263b3eab0', 'project_id': '5104b0798b6144f78b653f5263b3eab0', 'admin_state_up': True, 'mtu': 8950, 'status': 'ACTIVE', 'subnets': [], 'shared': False, 'port_security_enabled': True, 'router:external': False, 'provider:network_type': 'vlan', 'provider:physical_network': 'default', 'provider:segmentation_id': 212, 'availability_zone_hints': [], 'availability_zones': [], 'ipv4_address_scope': None, 'ipv6_address_scope': None, 'description': '', 'tags': [], 'created_at': '2025-12-15T14:18:23Z', 'updated_at': '2025-12-15T14:18:23Z', 'revision_number': 1} available for tenant
2025-12-15 14:18:27.066 67087 INFO tempest.lib.common.rest_client [req-329a721c-8620-4bee-8510-aa1458733374 req-329a721c-8620-4bee-8510-aa1458733374 ] Request (FloatingIPsAssociationNegativeTestJSON:setUpClass): 201 POST http://10.180.1.21/networking/v2.0/routers 1.136s
2025-12-15 14:18:27.830 67085 INFO tempest.lib.common.rest_client [req-ba84727a-2ab4-4b30-b6e6-50c1a187fe7c req-ba84727a-2ab4-4b30-b6e6-50c1a187fe7c ] Request (ListServerFiltersTestJSON:setUpClass): 202 POST http://10.180.1.21/compute/v2.1/servers 6.701s
2025-12-15 14:18:27.861 67081 INFO tempest.lib.common.rest_client [req-d6b3778e-d4e3-4e19-94c6-8d73611dc9b4 req-d6b3778e-d4e3-4e19-94c6-8d73611dc9b4 ] Request (FlavorsAccessTestJSON:test_flavor_access_add_remove): 200 GET http://10.180.1.21/compute/v2.1/flavors/detail 5.674s
2025-12-15 14:18:27.866 67077 INFO tempest.lib.common.rest_client [req-a67f6d7e-0600-476f-89d4-aec6b351330b req-a67f6d7e-0600-476f-89d4-aec6b351330b ] Request (HypervisorAdminNegativeTestJSON:test_get_hypervisor_uptime_with_non_admin_user): 403 GET http://10.180.1.21/compute/v2.1/os-hypervisors/1/uptime 5.599s
2025-12-15 14:18:27.879 67049 INFO tempest.lib.common.rest_client [req-164fc95e-5897-4665-ba87-471736dfaa4e req-164fc95e-5897-4665-ba87-471736dfaa4e ] Request (FlavorsExtraSpecsTestJSON:test_flavor_non_admin_get_specific_key): 200 GET http://10.180.1.21/compute/v2.1/flavors/2104880356/os-extra_specs/hw:numa_nodes 5.591s
2025-12-15 14:18:27.901 67085 INFO tempest.lib.common.rest_client [req-913007aa-7010-4533-a796-ec3fbc757b72 req-913007aa-7010-4533-a796-ec3fbc757b72 ] Request (ListServerFiltersTestJSON:setUpClass): 201 POST http://10.180.1.21/identity/v3/auth/tokens 0.066s
2025-12-15 14:18:27.901 67093 INFO tempest.lib.common.rest_client [req-d4db21a0-a730-4b7b-83e1-92c3abc2af66 req-d4db21a0-a730-4b7b-83e1-92c3abc2af66 ] Request (ServicesAdminNegativeV253TestJSON:test_get_service_by_invalid_params): 200 GET http://10.180.1.21/compute/v2.1/os-services 5.599s
2025-12-15 14:18:27.902 67085 INFO tempest.lib.common.fixed_network [-] (ListServerFiltersTestJSON:setUpClass) Found network {'id': '0ad6c137-d590-4cc5-b4fa-d306932ba225', 'name': 'tempest-ListServerFiltersTestJSON-115630108-network', 'tenant_id': '6982d1302f9b41c09111d8750fee2031', 'project_id': '6982d1302f9b41c09111d8750fee2031', 'admin_state_up': True, 'mtu': 8950, 'status': 'ACTIVE', 'subnets': [], 'shared': False, 'port_security_enabled': True, 'router:external': False, 'provider:network_type': 'vlan', 'provider:physical_network': 'default', 'provider:segmentation_id': 852, 'availability_zone_hints': [], 'availability_zones': [], 'ipv4_address_scope': None, 'ipv6_address_scope': None, 'description': '', 'tags': [], 'created_at': '2025-12-15T14:18:20Z', 'updated_at': '2025-12-15T14:18:20Z', 'revision_number': 1} available for tenant
2025-12-15 14:18:28.102 67087 INFO tempest.lib.common.rest_client [req-b8f43932-45f3-4a60-bf13-4b152ce60b41 req-b8f43932-45f3-4a60-bf13-4b152ce60b41 ] Request (FloatingIPsAssociationNegativeTestJSON:setUpClass): 200 PUT http://10.180.1.21/networking/v2.0/routers/1a05e868-a20b-40cc-83d0-bf7fa83a9bd4/add_router_interface 1.035s
2025-12-15 14:18:28.102 67087 INFO tempest.lib.common.dynamic_creds [-] Created isolated network resources for: credentials: Credentials: {'domain_id': 'default', 'domain_name': 'Default', 'username': 'tempest-FloatingIPsAssociationNegativeTestJSON-1697022231-project-member', 'project_domain_id': 'default', 'project_domain_name': 'Default', 'project_id': '6a58d02d060e46629c0b9f4396f195e9', 'project_name': 'tempest-FloatingIPsAssociationNegativeTestJSON-1697022231', 'tenant_id': '6a58d02d060e46629c0b9f4396f195e9', 'tenant_name': 'tempest-FloatingIPsAssociationNegativeTestJSON-1697022231', 'user_domain_id': 'default', 'user_domain_name': 'Default', 'user_id': '3d097dbc0efe41a1b8cd046247b94bc0', 'system': None}, Network: {'id': 'afd9129a-8e59-4658-95ac-0e1e9dbe8010', 'name': 'tempest-FloatingIPsAssociationNegativeTestJSON-435860101-network', 'tenant_id': '6a58d02d060e46629c0b9f4396f195e9', 'project_id': '6a58d02d060e46629c0b9f4396f195e9', 'admin_state_up': True, 'mtu': 8950, 'status': 'ACTIVE', 'subnets': [], 'shared': False, 'port_security_enabled': True, 'router:external': False, 'provider:network_type': 'vlan', 'provider:physical_network': 'default', 'provider:segmentation_id': 388, 'availability_zone_hints': [], 'availability_zones': [], 'ipv4_address_scope': None, 'ipv6_address_scope': None, 'description': '', 'tags': [], 'created_at': '2025-12-15T14:18:25Z', 'updated_at': '2025-12-15T14:18:25Z', 'revision_number': 1}, Subnet: {'id': 'f606f79a-bc68-432f-aec6-fb0a29c7f5c7', 'name': 'tempest-FloatingIPsAssociationNegativeTestJSON-435860101-subnet', 'tenant_id': '6a58d02d060e46629c0b9f4396f195e9', 'network_id': 'afd9129a-8e59-4658-95ac-0e1e9dbe8010', 'ip_version': 4, 'subnetpool_id': None, 'enable_dhcp': True, 'ipv6_ra_mode': None, 'ipv6_address_mode': None, 'gateway_ip': '192.168.128.1', 'cidr': '192.168.128.0/28', 'allocation_pools': [{'start': '192.168.128.2', 'end': '192.168.128.14'}], 'host_routes': [], 'dns_nameservers': [], 'description': '', 'router:external': False, 'service_types': [], 'tags': [], 'created_at': '2025-12-15T14:18:25Z', 'updated_at': '2025-12-15T14:18:25Z', 'revision_number': 0, 'project_id': '6a58d02d060e46629c0b9f4396f195e9'}, Router: {'id': '1a05e868-a20b-40cc-83d0-bf7fa83a9bd4', 'name': 'tempest-FloatingIPsAssociationNegativeTestJSON-435860101-router', 'tenant_id': '6a58d02d060e46629c0b9f4396f195e9', 'admin_state_up': True, 'status': 'ACTIVE', 'external_gateway_info': {'network_id': '7170bd9b-d34a-47f2-bb2b-6be17792d707', 'external_fixed_ips': [{'subnet_id': '123a052d-5733-40cf-95b2-423ad0e6c63d', 'ip_address': '10.180.180.171'}], 'enable_snat': True}, 'description': '', 'availability_zones': [], 'distributed': False, 'ha': False, 'availability_zone_hints': [], 'routes': [], 'flavor_id': None, 'tags': [], 'created_at': '2025-12-15T14:18:26Z', 'updated_at': '2025-12-15T14:18:26Z', 'revision_number': 2, 'project_id': '6a58d02d060e46629c0b9f4396f195e9'}
2025-12-15 14:18:28.208 67043 INFO tempest.lib.common.rest_client [req-1bd9c8ba-8686-49d1-848b-70a709b57ed2 req-1bd9c8ba-8686-49d1-848b-70a709b57ed2 ] Request (VolumesAdminNegativeTest:test_update_attached_volume_with_nonexistent_volume_in_uri): 200 GET http://10.180.1.21/compute/v2.1/servers/7a2e0631-f687-44df-a1e9-62582c0907f9 5.134s
2025-12-15 14:18:28.255 67087 INFO tempest.lib.common.rest_client [req-9f4cc926-946d-4586-9c66-a12209b881f0 req-9f4cc926-946d-4586-9c66-a12209b881f0 ] Request (FloatingIPsAssociationNegativeTestJSON:setUpClass): 201 POST http://10.180.1.21/identity/v3/auth/tokens 0.146s
2025-12-15 14:18:28.315 67087 INFO tempest.lib.common.rest_client [req-63f5e5aa-39fd-4c97-8ae4-94dc95b68d3d req-63f5e5aa-39fd-4c97-8ae4-94dc95b68d3d ] Request (FloatingIPsAssociationNegativeTestJSON:setUpClass): 201 POST http://10.180.1.21/identity/v3/auth/tokens 0.055s
2025-12-15 14:18:28.316 67087 INFO tempest.lib.common.fixed_network [-] (FloatingIPsAssociationNegativeTestJSON:setUpClass) Found network {'id': 'afd9129a-8e59-4658-95ac-0e1e9dbe8010', 'name': 'tempest-FloatingIPsAssociationNegativeTestJSON-435860101-network', 'tenant_id': '6a58d02d060e46629c0b9f4396f195e9', 'project_id': '6a58d02d060e46629c0b9f4396f195e9', 'admin_state_up': True, 'mtu': 8950, 'status': 'ACTIVE', 'subnets': [], 'shared': False, 'port_security_enabled': True, 'router:external': False, 'provider:network_type': 'vlan', 'provider:physical_network': 'default', 'provider:segmentation_id': 388, 'availability_zone_hints': [], 'availability_zones': [], 'ipv4_address_scope': None, 'ipv6_address_scope': None, 'description': '', 'tags': [], 'created_at': '2025-12-15T14:18:25Z', 'updated_at': '2025-12-15T14:18:25Z', 'revision_number': 1} available for tenant
2025-12-15 14:18:28.384 67035 INFO tempest.lib.common.rest_client [req-ec3e65f4-88e9-46d3-b234-5bb961dfb384 req-ec3e65f4-88e9-46d3-b234-5bb961dfb384 ] Request (VolumesAssistedSnapshotsTest:test_volume_assisted_snapshot_create_delete): 202 POST http://10.180.1.21/compute/v2.1/servers 6.501s
2025-12-15 14:18:28.403 67075 INFO tempest.lib.common.rest_client [req-6521875d-9177-48f6-b8e7-642ae6f1b758 req-6521875d-9177-48f6-b8e7-642ae6f1b758 ] Request (QuotasAdminTestV257:test_get_updated_quotas): 200 GET http://10.180.1.21/compute/v2.1/os-quota-sets/b819742209304bafa620d1fea58afef9/detail 5.149s
2025-12-15 14:18:28.425 67055 INFO tempest.lib.common.rest_client [req-ba31933f-bac4-4b58-ac29-6321e31d5526 req-ba31933f-bac4-4b58-ac29-6321e31d5526 ] Request (HypervisorAdminNegativeUnderV252Test:test_show_servers_with_non_admin_user): 200 GET http://10.180.1.21/compute/v2.1/os-hypervisors 5.162s
2025-12-15 14:18:28.439 67075 INFO tempest.lib.common.rest_client [req-e4e3f9f4-109f-4b11-9a48-c95e4f6b6260 req-e4e3f9f4-109f-4b11-9a48-c95e4f6b6260 ] Request (QuotasAdminTestV257:test_get_updated_quotas): 200 GET http://10.180.1.21/identity/v3/domains?name=Default 0.029s
2025-12-15 14:18:28.484 67092 INFO tempest.lib.common.rest_client [req-d0a011d4-b818-4b61-90de-0fd3c0d912a7 req-d0a011d4-b818-4b61-90de-0fd3c0d912a7 ] Request (ImagesDeleteNegativeTestJSON:test_delete_image_blank_id): 404 DELETE http://10.180.1.21/compute/v2.1/images/ 5.006s
2025-12-15 14:18:28.491 67075 INFO tempest.lib.common.rest_client [req-55088b91-cbc1-4d5b-802e-5f51168c4060 req-55088b91-cbc1-4d5b-802e-5f51168c4060 ] Request (QuotasAdminTestV257:test_get_updated_quotas): 201 POST http://10.180.1.21/identity/v3/users 0.051s
2025-12-15 14:18:28.519 67075 INFO tempest.lib.common.rest_client [req-63420c27-4b0b-4ec5-965e-50e626a8b3e1 req-63420c27-4b0b-4ec5-965e-50e626a8b3e1 ] Request (QuotasAdminTestV257:test_get_updated_quotas): 200 GET http://10.180.1.21/identity/v3/domains?name=Default 0.027s
2025-12-15 14:18:28.681 67051 INFO tempest.lib.common.rest_client [req-4d65ecdd-2818-4b1b-b8a5-cde2c7c3ccb0 req-4d65ecdd-2818-4b1b-b8a5-cde2c7c3ccb0 ] Request (SecurityGroupRulesTestJSON:test_security_group_rules_create_with_optional_group_id): 200 POST http://10.180.1.21/compute/v2.1/os-security-groups 5.092s
2025-12-15 14:18:28.726 67071 INFO tempest.lib.common.rest_client [req-7466ab8d-44b0-43b7-a8f1-107517e74212 req-7466ab8d-44b0-43b7-a8f1-107517e74212 ] Request (DeleteServersAdminTestJSON:test_admin_delete_servers_of_others): 200 GET http://10.180.1.21/compute/v2.1/servers/4d76a8e9-8b74-4361-9c6c-6e0ee1a49304 5.233s
2025-12-15 14:18:28.859 67059 INFO tempest.lib.common.rest_client [req-b88f8ba6-5def-4b92-a593-3d7a9784491d req-b88f8ba6-5def-4b92-a593-3d7a9784491d ] Request (TenantUsagesTestJSON:setUpClass): 200 GET http://10.180.1.21/compute/v2.1/servers/7d8833b0-24c8-4ead-88d2-39862da9ac0f 5.247s
2025-12-15 14:18:28.867 67059 INFO tempest.common.waiters [-] State transition "BUILD/networking" ==> "BUILD/spawning" after 12 second wait
2025-12-15 14:18:28.936 67065 INFO tempest.lib.common.rest_client [req-a962d560-7005-4962-a364-a570c29312fd req-a962d560-7005-4962-a364-a570c29312fd ] Request (ServerDiagnosticsTest:test_get_server_diagnostics): 200 GET http://10.180.1.21/compute/v2.1/servers/ce56a723-5f16-4591-a392-c1e6cf107518 5.235s
2025-12-15 14:18:29.070 67045 INFO tempest.lib.common.rest_client [req-7ec8fee4-6640-4976-ac0b-be9e10440d53 req-7ec8fee4-6640-4976-ac0b-be9e10440d53 ] Request (HostsAdminNegativeTestJSON:setUpClass): 200 GET http://10.180.1.21/compute/v2.1/os-hosts 5.032s
2025-12-15 14:18:29.093 67061 INFO tempest.lib.common.rest_client [req-4859c691-9d49-49c8-9309-a387bc572c73 req-4859c691-9d49-49c8-9309-a387bc572c73 ] Request (FloatingIPsAssociationTestJSON:setUpClass): 200 GET http://10.180.1.21/compute/v2.1/servers/721fb8e2-776f-4136-bf49-7913ec2ccc5d 5.294s
2025-12-15 14:18:29.094 67067 INFO tempest.lib.common.rest_client [req-2ee32262-90b5-43ea-aae4-995d5aa734ee req-2ee32262-90b5-43ea-aae4-995d5aa734ee ] Request (ServersWithSpecificFlavorTestJSON:test_verify_created_server_ephemeral_disk): 200 POST http://10.180.1.21/compute/v2.1/flavors/1378244304/os-extra_specs 5.000s
2025-12-15 14:18:29.103 67061 INFO tempest.common.waiters [-] State transition "BUILD/None" ==> "BUILD/spawning" after 12 second wait
2025-12-15 14:18:29.112 67073 INFO tempest.lib.common.rest_client [req-6a925200-c163-4a98-a5ac-d63e796d52ff req-6a925200-c163-4a98-a5ac-d63e796d52ff ] Request (FlavorsAdminTestJSON:_run_cleanups): 202 DELETE http://10.180.1.21/compute/v2.1/flavors/333637443 4.983s
2025-12-15 14:18:29.119 67029 INFO tempest.lib.common.rest_client [req-5217c2a7-0d81-452d-bd26-a177d2ac2f27 req-5217c2a7-0d81-452d-bd26-a177d2ac2f27 ] Request (AggregatesAdminNegativeTestJSON:_run_cleanups): 200 DELETE http://10.180.1.21/compute/v2.1/os-aggregates/1 4.907s
2025-12-15 14:18:29.191 67041 INFO tempest.lib.common.rest_client [req-8e2cd52a-669b-433e-9969-5198b927cc38 req-8e2cd52a-669b-433e-9969-5198b927cc38 ] Request (MigrationsAdminTest:test_list_migrations_in_flavor_resize_situation): 200 GET http://10.180.1.21/compute/v2.1/servers/269e4d4e-2948-482d-b94f-359b99dd44ef 4.564s
2025-12-15 14:18:29.229 67083 INFO tempest.lib.common.rest_client [req-4ee23332-62db-4995-a6d4-1a8c0dfbcd35 req-4ee23332-62db-4995-a6d4-1a8c0dfbcd35 ] Request (QuotasAdminNegativeTest:test_create_server_when_cpu_quota_is_full): 200 PUT http://10.180.1.21/compute/v2.1/os-quota-sets/2a02e1fe4f744bc7a2a1421d88f257f9 4.641s
2025-12-15 14:18:29.313 67083 INFO tempest.lib.common.rest_client [req-c6b5ad7f-5375-4a75-8cd2-1ac177ae0aa7 req-c6b5ad7f-5375-4a75-8cd2-1ac177ae0aa7 ] Request (QuotasAdminNegativeTest:test_create_server_when_cpu_quota_is_full): 201 POST http://10.180.1.21/identity/v3/auth/tokens 0.076s
2025-12-15 14:18:29.314 67083 INFO tempest.lib.common.fixed_network [-] (QuotasAdminNegativeTest:test_create_server_when_cpu_quota_is_full) Found network None available for tenant
2025-12-15 14:18:29.331 67053 INFO tempest.lib.common.rest_client [req-11986301-8985-4339-9faa-501a077a6b92 req-11986301-8985-4339-9faa-501a077a6b92 ] Request (ServersTestJSON:setUpClass): 200 GET http://10.180.1.21/compute/v2.1/servers/4b7fd5bc-346a-47e6-bc72-1b460a7b2cf3 4.231s
2025-12-15 14:18:29.352 67069 INFO tempest.lib.common.rest_client [req-631554ab-e2e0-46d6-a87f-e9e46be5cc73 req-631554ab-e2e0-46d6-a87f-e9e46be5cc73 ] Request (FlavorsV261TestJSON:_run_cleanups): 202 DELETE http://10.180.1.21/compute/v2.1/flavors/1180406056 4.168s
2025-12-15 14:18:29.359 67063 INFO tempest.lib.common.rest_client [req-78700fc6-7a17-4ab6-b25f-8b88c04b044c req-78700fc6-7a17-4ab6-b25f-8b88c04b044c ] Request (ImagesNegativeTestJSON:test_create_image_from_deleted_server): 200 GET http://10.180.1.21/compute/v2.1/servers/dd196a8e-09a3-484d-b568-790f8f54ad51 4.273s
2025-12-15 14:18:29.366 67063 INFO tempest.common.waiters [-] State transition "BUILD/None" ==> "BUILD/spawning" after 11 second wait
2025-12-15 14:18:29.416 67090 INFO tempest.lib.common.rest_client [req-4f160069-23ad-41b7-8a37-69a54d14cee8 req-4f160069-23ad-41b7-8a37-69a54d14cee8 ] Request (ServersTestMultiNic:test_verify_duplicate_network_nics): 200 GET http://10.180.1.21/compute/v2.1/servers/4c3530ae-8d00-43e6-affb-8daddeece22b 3.988s
2025-12-15 14:18:29.418 67033 INFO tempest.lib.common.rest_client [req-27c49640-9691-4916-afe4-00d1206763f3 req-27c49640-9691-4916-afe4-00d1206763f3 ] Request (KeyPairsV210TestJSON:_run_cleanups): 204 DELETE http://10.180.1.21/compute/v2.1/os-keypairs/tempest-KeyPairsV210TestJSON-keypair-540143452 3.903s
2025-12-15 14:18:29.532 67031 INFO tempest.lib.common.rest_client [req-a2c925e9-f561-4982-bcd6-04050077e2b3 req-a2c925e9-f561-4982-bcd6-04050077e2b3 ] Request (ServerDiagnosticsNegativeTest:test_get_server_diagnostics_by_non_admin): 200 GET http://10.180.1.21/compute/v2.1/servers/8b9fb1f3-704f-4aa7-a981-200589521fd9 3.369s
2025-12-15 14:18:29.589 67039 INFO tempest.lib.common.rest_client [req-4fa24f8c-51c5-40e4-b84c-bb49b0d3e268 req-4fa24f8c-51c5-40e4-b84c-bb49b0d3e268 ] Request (ServersAdminTestJSON:setUpClass): 200 GET http://10.180.1.21/compute/v2.1/servers/bf608584-b885-491a-b3b5-f339da6a45cf 3.080s
2025-12-15 14:18:29.690 67077 INFO tempest.lib.common.rest_client [req-900fbf45-bb5e-42a0-942f-1fbbd628ca18 req-900fbf45-bb5e-42a0-942f-1fbbd628ca18 ] Request (HypervisorAdminNegativeTestJSON:test_get_nonexistent_hypervisor_uptime): 404 GET http://10.180.1.21/compute/v2.1/os-hypervisors/46580538-fd16-43c0-b0b5-b754e4d2dca1/uptime 1.823s
