2025-12-15 14:21:39.816 67049 INFO tempest.lib.common.rest_client [req-fda2c0fc-dfac-4978-a808-154270402af1 req-fda2c0fc-dfac-4978-a808-154270402af1 ] Request (ListServersNegativeTestJSON:test_list_servers_by_non_existing_server_name): 200 GET http://10.180.1.21/compute/v2.1/servers?name=non_existing_server_name 0.246s
2025-12-15 14:21:39.851 67043 INFO tempest.lib.common.rest_client [req-9e42e273-da07-40fd-846f-c1e963ea3c84 req-9e42e273-da07-40fd-846f-c1e963ea3c84 ] Request (ImagesTestJSON:test_create_image_from_suspended_server): 200 GET http://10.180.1.21/compute/v2.1/servers/a69c8ba5-7997-4bdb-b2d8-88da45f41264 0.380s
2025-12-15 14:21:39.882 67085 INFO tempest.lib.common.rest_client [req-e97db312-eb2f-4077-b295-991964ef1e2e req-e97db312-eb2f-4077-b295-991964ef1e2e ] Request (ListServerFiltersTestJSON:tearDownClass): 200 GET http://10.180.1.21/compute/v2.1/servers/2ae6aee0-531e-45e3-9562-da1341d4f55a 0.304s
2025-12-15 14:21:40.000 67031 INFO tempest.lib.common.rest_client [req-6cbc6c8d-17d0-4a2c-a6bb-72ccdb9e03ca req-6cbc6c8d-17d0-4a2c-a6bb-72ccdb9e03ca ] Request (ServerActionsTestOtherB:test_create_backup): 200 GET http://10.180.1.21/compute/v2.1/servers/5d046fca-28c0-48d3-b868-214bc4e7649b 0.222s
2025-12-15 14:21:40.005 67063 INFO tempest.lib.common.rest_client [req-25363244-297a-41f0-a775-3b300688b564 req-25363244-297a-41f0-a775-3b300688b564 ] Request (ServerPasswordTestJSON:tearDownClass): 204 DELETE http://10.180.1.21/compute/v2.1/servers/a474be62-c84e-4bd6-9801-b76305f3f9af 0.213s
2025-12-15 14:21:40.148 67071 INFO tempest.lib.common.rest_client [req-6e372218-3af8-4fe1-ad4e-f88218a7e595 req-6e372218-3af8-4fe1-ad4e-f88218a7e595 ] Request (ServersAdminNegativeTestJSON:setUpClass): 200 GET http://10.180.1.21/compute/v2.1/servers/1cd88e03-c674-45a6-a051-055ea0346bc4 0.187s
2025-12-15 14:21:40.232 67053 INFO tempest.lib.common.rest_client [req-fa3e9299-0aae-470a-8142-12e378bf5c5a req-fa3e9299-0aae-470a-8142-12e378bf5c5a ] Request (ServersTestJSON:tearDownClass): 200 GET http://10.180.1.21/compute/v2.1/servers/4b7fd5bc-346a-47e6-bc72-1b460a7b2cf3 0.250s
2025-12-15 14:21:40.266 67049 INFO tempest.lib.common.rest_client [req-e361b84a-694c-447f-a739-90fd7a187dac req-e361b84a-694c-447f-a739-90fd7a187dac ] Request (ListServersNegativeTestJSON:test_list_servers_detail_server_is_deleted): 200 GET http://10.180.1.21/compute/v2.1/servers/detail 0.447s
2025-12-15 14:21:40.337 67063 INFO tempest.lib.common.rest_client [req-92b7a572-b66b-44c4-849c-10c4d796a7de req-92b7a572-b66b-44c4-849c-10c4d796a7de ] Request (ServerPasswordTestJSON:tearDownClass): 200 GET http://10.180.1.21/compute/v2.1/servers/a474be62-c84e-4bd6-9801-b76305f3f9af 0.332s
2025-12-15 14:21:40.398 67079 INFO tempest.lib.common.rest_client [req-6477833c-35e4-4c9b-8daf-3fad9616efe1 req-6477833c-35e4-4c9b-8daf-3fad9616efe1 ] Request (ServerDiskConfigTestJSON:test_resize_server_from_auto_to_manual): 200 GET http://10.180.1.21/compute/v2.1/servers/bc64e157-2a1e-4c9d-9868-161bb2c4efa6 0.222s
2025-12-15 14:21:40.412 67069 INFO tempest.lib.common.rest_client [req-3be55428-36f8-4716-90d9-93134af2b61d req-3be55428-36f8-4716-90d9-93134af2b61d ] Request (ServerTagsTestJSON:tearDownClass): 200 GET http://10.180.1.21/compute/v2.1/servers/d3ea8fca-9d86-4820-8deb-673e2011f0b9 0.160s
2025-12-15 14:21:40.418 67049 INFO tempest.lib.common.rest_client [req-3ffadd2b-fe43-4449-91bd-0a3bd7e9bb4e req-3ffadd2b-fe43-4449-91bd-0a3bd7e9bb4e ] Request (ListServersNegativeTestJSON:test_list_servers_status_non_existing): 200 GET http://10.180.1.21/compute/v2.1/servers?status=non_existing_status 0.142s
2025-12-15 14:21:40.462 67039 INFO tempest.lib.common.rest_client [req-d9bc933b-8292-4df9-b473-231b13766ca2 req-d9bc933b-8292-4df9-b473-231b13766ca2 ] Request (ServersAdminTestJSON:tearDownClass): 200 GET http://10.180.1.21/compute/v2.1/servers/f27abacf-f798-4d1d-8d21-5ed26c59218f 0.203s
2025-12-15 14:21:40.476 67059 INFO tempest.lib.common.rest_client [req-5bd3e664-a512-47c7-9be0-2c6feb8c9ce6 req-5bd3e664-a512-47c7-9be0-2c6feb8c9ce6 ] Request (ServersTestFqdnHostnames:tearDownClass): 200 GET http://10.180.1.21/compute/v2.1/servers/33f7f46c-f887-4efb-8824-f1e0b69311b0 0.157s
2025-12-15 14:21:40.484 67059 INFO tempest.common.waiters [-] State transition "ACTIVE/deleting" ==> "DELETED/None" after 4 second wait
2025-12-15 14:21:40.521 67061 INFO tempest.lib.common.rest_client [req-8af10c82-8241-4047-9e0e-f945ca3cbc40 req-8af10c82-8241-4047-9e0e-f945ca3cbc40 ] Request (ServerRescueNegativeTestJSON:setUpClass): 200 GET http://10.180.1.21/compute/v2.1/servers/a563a89d-0773-4663-869a-4adb836134e6 0.198s
2025-12-15 14:21:40.537 67047 INFO tempest.lib.common.rest_client [req-f71a8f08-4604-4ef1-b82e-426662cd2cf6 req-f71a8f08-4604-4ef1-b82e-426662cd2cf6 ] Request (SecurityGroupsTestJSON:test_server_security_groups): 200 GET http://10.180.1.21/compute/v2.1/servers/9e7f40e3-2630-4fad-8630-300980dbb448 0.165s
2025-12-15 14:21:40.615 67049 INFO tempest.lib.common.rest_client [req-93f28a05-d461-41e5-bd95-5eaa07ad8096 req-93f28a05-d461-41e5-bd95-5eaa07ad8096 ] Request (ListServersNegativeTestJSON:test_list_servers_with_a_deleted_server): 200 GET http://10.180.1.21/compute/v2.1/servers 0.194s
2025-12-15 14:21:40.633 67029 WARNING tempest.lib.common.ssh [-] Failed to establish authenticated ssh connection to cirros@10.180.180.138 ([Errno None] Unable to connect to port 22 on 10.180.180.138). Number attempts: 2. Retry after 3 seconds.: paramiko.ssh_exception.NoValidConnectionsError: [Errno None] Unable to connect to port 22 on 10.180.180.138
2025-12-15 14:21:40.661 67093 INFO tempest.lib.common.rest_client [req-12bf98f9-015b-47d9-aa87-e4219ccfaa1d req-12bf98f9-015b-47d9-aa87-e4219ccfaa1d ] Request (ImagesOneServerTestJSON:tearDownClass): 200 PUT http://10.180.1.21/networking/v2.0/routers/45e60ec1-5541-44e5-bc30-8df2d1c55419/remove_router_interface 0.987s
2025-12-15 14:21:40.695 67073 INFO tempest.lib.common.rest_client [req-e3cba03e-e99a-494b-a404-9adb3fcd4010 req-e3cba03e-e99a-494b-a404-9adb3fcd4010 ] Request (ServersAdmin275Test:test_rebuild_update_server_275): 200 GET http://10.180.1.21/compute/v2.1/servers/450ebf74-7631-4d0f-bbba-3fd6636ff10b 0.250s
2025-12-15 14:21:40.714 67075 INFO tempest.lib.common.rest_client [req-e82d8429-3249-477a-9f36-b54e7f22fc65 req-e82d8429-3249-477a-9f36-b54e7f22fc65 ] Request (ServerActionsTestJSON:test_lock_unlock_server): 200 GET http://10.180.1.21/compute/v2.1/servers/b46fc148-050f-4e12-b07d-14b79c94feb7 0.292s
2025-12-15 14:21:40.723 67075 INFO tempest.common.waiters [-] State transition "SHUTOFF/powering-on" ==> "ACTIVE/None" after 4 second wait
2025-12-15 14:21:40.767 67065 INFO tempest.lib.common.rest_client [req-e1e49b65-7c96-45c0-8967-7912bdaccca4 req-e1e49b65-7c96-45c0-8967-7912bdaccca4 ] Request (ServersTestManualDisk:tearDownClass): 200 GET http://10.180.1.21/compute/v2.1/servers/6352ed20-fbe8-4851-8787-5de970a48bf4 0.255s
2025-12-15 14:21:40.789 67087 INFO tempest.lib.common.rest_client [req-ab523a33-a6f3-4e58-9568-2baf4da23341 req-ab523a33-a6f3-4e58-9568-2baf4da23341 ] Request (InstanceActionsTestJSON:tearDownClass): 200 GET http://10.180.1.21/compute/v2.1/servers/5823f8c9-2f49-40c2-ac94-2a95dc01cfa1 0.170s
2025-12-15 14:21:40.854 67090 INFO tempest.lib.common.rest_client [req-7f2421b4-453b-4179-b02b-c3448d1110bc req-7f2421b4-453b-4179-b02b-c3448d1110bc ] Request (ServerGroupTestJSON:test_create_server_with_scheduler_hint_group): 200 GET http://10.180.1.21/compute/v2.1/servers/ea30b24f-09a2-4157-ab2d-547493f9fcd6 0.196s
2025-12-15 14:21:40.860 67049 INFO tempest.lib.common.rest_client [req-63e13e4d-2371-4073-b031-53c8706e9579 req-63e13e4d-2371-4073-b031-53c8706e9579 ] Request (ListServersNegativeTestJSON:tearDownClass): 204 DELETE http://10.180.1.21/compute/v2.1/servers/981ab4c1-5b51-47f4-9921-2318fb808aa9 0.240s
2025-12-15 14:21:41.105 67077 INFO paramiko.transport [-] Connected (version 2.0, client dropbear_2020.81)
2025-12-15 14:21:41.153 67075 INFO tempest.lib.common.rest_client [req-4990e0e9-23bd-447f-b26c-4d681ce1342c req-4990e0e9-23bd-447f-b26c-4d681ce1342c ] Request (ServerActionsTestJSON:tearDown): 200 GET http://10.180.1.21/compute/v2.1/servers/b46fc148-050f-4e12-b07d-14b79c94feb7 0.430s
2025-12-15 14:21:41.179 67041 INFO tempest.lib.common.rest_client [req-4870eae6-340c-4700-84f2-bd66ab17ef20 req-4870eae6-340c-4700-84f2-bd66ab17ef20 ] Request (MigrationsAdminTest:test_resize_server_revert_deleted_flavor): 200 GET http://10.180.1.21/compute/v2.1/servers/f6926bb8-2be4-4e1d-b0b5-11f6d675680d 0.431s
2025-12-15 14:21:41.217 67077 INFO paramiko.transport [-] Authentication (publickey) successful!
2025-12-15 14:21:41.217 67077 INFO tempest.lib.common.ssh [-] ssh connection to cirros@10.180.180.161 successfully created
2025-12-15 14:21:41.238 67092 INFO tempest.lib.common.rest_client [req-b4dacdfe-40a7-402d-8dc7-609a4ae57930 req-b4dacdfe-40a7-402d-8dc7-609a4ae57930 ] Request (ServerAddressesNegativeTestJSON:tearDownClass): 200 GET http://10.180.1.21/compute/v2.1/servers/6a779fb5-41bd-4439-a04b-d187e14e6295 0.472s
2025-12-15 14:21:41.254 67093 INFO tempest.lib.common.rest_client [req-25a10baf-ff8c-465f-af9b-4ca20f9027fb req-25a10baf-ff8c-465f-af9b-4ca20f9027fb ] Request (ImagesOneServerTestJSON:tearDownClass): 204 DELETE http://10.180.1.21/networking/v2.0/routers/45e60ec1-5541-44e5-bc30-8df2d1c55419 0.592s
2025-12-15 14:21:41.272 67049 INFO tempest.lib.common.rest_client [req-8b0ee966-7847-4c30-9dd7-413ddbffc61d req-8b0ee966-7847-4c30-9dd7-413ddbffc61d ] Request (ListServersNegativeTestJSON:tearDownClass): 204 DELETE http://10.180.1.21/compute/v2.1/servers/1fe8f5cf-f154-4b50-87bc-713f5a3ade7f 0.411s
2025-12-15 14:21:41.366 67085 INFO tempest.lib.common.rest_client [req-b2294f84-09cf-4539-8905-1e43166d8734 req-b2294f84-09cf-4539-8905-1e43166d8734 ] Request (ListServerFiltersTestJSON:tearDownClass): 200 GET http://10.180.1.21/compute/v2.1/servers/2ae6aee0-531e-45e3-9562-da1341d4f55a 0.475s
2025-12-15 14:21:41.401 67043 INFO tempest.lib.common.rest_client [req-6ada7ae9-a986-4035-9f9b-0b852fe40ccc req-6ada7ae9-a986-4035-9f9b-0b852fe40ccc ] Request (ImagesTestJSON:test_create_image_from_suspended_server): 200 GET http://10.180.1.21/compute/v2.1/servers/a69c8ba5-7997-4bdb-b2d8-88da45f41264 0.538s
2025-12-15 14:21:41.438 67093 INFO tempest.lib.common.rest_client [req-3ce1f12a-8c0c-4bc9-93d5-dfeeaf18d3f2 req-3ce1f12a-8c0c-4bc9-93d5-dfeeaf18d3f2 ] Request (ImagesOneServerTestJSON:tearDownClass): 204 DELETE http://10.180.1.21/networking/v2.0/subnets/d8d5a0cd-8663-4d41-9a7b-2bfaafcfda12 0.183s
2025-12-15 14:21:41.498 67031 INFO tempest.lib.common.rest_client [req-44b0c769-22d2-4298-add8-1fab5d8a3899 req-44b0c769-22d2-4298-add8-1fab5d8a3899 ] Request (ServerActionsTestOtherB:test_create_backup): 200 GET http://10.180.1.21/compute/v2.1/servers/5d046fca-28c0-48d3-b868-214bc4e7649b 0.486s
2025-12-15 14:21:41.506 67031 INFO tempest.common.waiters [-] State transition "ACTIVE/image_uploading" ==> "ACTIVE/None" after 3 second wait
2025-12-15 14:21:41.521 67071 INFO tempest.lib.common.rest_client [req-936d43df-6f58-4e25-9d02-046145af1db3 req-936d43df-6f58-4e25-9d02-046145af1db3 ] Request (ServersAdminNegativeTestJSON:setUpClass): 200 GET http://10.180.1.21/compute/v2.1/servers/1cd88e03-c674-45a6-a051-055ea0346bc4 0.364s
2025-12-15 14:21:41.531 67071 INFO tempest.common.waiters [-] State transition "BUILD/spawning" ==> "ACTIVE/None" after 39 second wait
2025-12-15 14:21:41.546 67077 INFO tempest.lib.common.rest_client [req-43a45dd1-82cc-41d2-8d8d-6aacf5ca0e73 req-43a45dd1-82cc-41d2-8d8d-6aacf5ca0e73 ] Request (AttachVolumeShelveTestJSON:test_attach_volume_shelved_or_offload_server): 200 GET http://10.180.1.21/compute/v2.1/servers/2fa491df-bd37-40a2-88ad-a4310b5ea9ac/ips 0.328s
2025-12-15 14:21:41.561 67075 INFO tempest.lib.common.rest_client [req-96acde33-d6e8-48a4-8456-5046613d9568 req-96acde33-d6e8-48a4-8456-5046613d9568 ] Request (ServerActionsTestJSON:_run_cleanups): 202 POST http://10.180.1.21/compute/v2.1/servers/b46fc148-050f-4e12-b07d-14b79c94feb7/action 0.400s
2025-12-15 14:21:41.580 67049 INFO tempest.lib.common.rest_client [req-843a8fbb-b57a-4c32-bdc1-6ace5d1c579e req-843a8fbb-b57a-4c32-bdc1-6ace5d1c579e ] Request (ListServersNegativeTestJSON:tearDownClass): 404 DELETE http://10.180.1.21/compute/v2.1/servers/0cb0161a-1df4-46af-b751-ab1df05c4f74 0.308s
2025-12-15 14:21:41.615 67053 INFO tempest.lib.common.rest_client [req-8c198688-339f-4c99-b639-24176009e73b req-8c198688-339f-4c99-b639-24176009e73b ] Request (ServersTestJSON:tearDownClass): 200 GET http://10.180.1.21/compute/v2.1/servers/4b7fd5bc-346a-47e6-bc72-1b460a7b2cf3 0.370s
2025-12-15 14:21:41.715 67077 INFO tempest.lib.common.rest_client [req-c0949d18-27c1-48c7-b82b-b04aff5eb38f req-c0949d18-27c1-48c7-b82b-b04aff5eb38f ] Request (AttachVolumeShelveTestJSON:test_attach_volume_shelved_or_offload_server): 202 POST http://10.180.1.21/volume/v3/volumes 0.167s
2025-12-15 14:21:41.724 67093 INFO tempest.lib.common.rest_client [req-bf52a812-9138-4030-ba32-b710dd8d1882 req-bf52a812-9138-4030-ba32-b710dd8d1882 ] Request (ImagesOneServerTestJSON:tearDownClass): 204 DELETE http://10.180.1.21/networking/v2.0/networks/14fab03a-b8d5-4845-a66f-e1335650bd73 0.285s
2025-12-15 14:21:41.747 67077 INFO tempest.lib.common.rest_client [req-0dfe161c-77ab-4088-840e-54b120257e88 req-0dfe161c-77ab-4088-840e-54b120257e88 ] Request (AttachVolumeShelveTestJSON:test_attach_volume_shelved_or_offload_server): 200 GET http://10.180.1.21/volume/v3/volumes/6cae3795-3651-45d7-a8d4-e1570182df9d 0.025s
2025-12-15 14:21:41.757 67063 INFO tempest.lib.common.rest_client [req-4a0d18bf-4fd5-47d3-a061-2c679365413d req-4a0d18bf-4fd5-47d3-a061-2c679365413d ] Request (ServerPasswordTestJSON:tearDownClass): 200 GET http://10.180.1.21/compute/v2.1/servers/a474be62-c84e-4bd6-9801-b76305f3f9af 0.411s
2025-12-15 14:21:41.769 67079 INFO tempest.lib.common.rest_client [req-35ddee9a-10d0-4fc2-a41d-214133e17657 req-35ddee9a-10d0-4fc2-a41d-214133e17657 ] Request (ServerDiskConfigTestJSON:test_resize_server_from_auto_to_manual): 200 GET http://10.180.1.21/compute/v2.1/servers/bc64e157-2a1e-4c9d-9868-161bb2c4efa6 0.360s
2025-12-15 14:21:41.853 67039 INFO tempest.lib.common.rest_client [req-13d33097-2536-460f-b22a-8f0a021c715c req-13d33097-2536-460f-b22a-8f0a021c715c ] Request (ServersAdminTestJSON:tearDownClass): 200 GET http://10.180.1.21/compute/v2.1/servers/f27abacf-f798-4d1d-8d21-5ed26c59218f 0.382s
2025-12-15 14:21:41.856 67069 INFO tempest.lib.common.rest_client [req-6070459c-bbba-404c-8280-ba7b72f39905 req-6070459c-bbba-404c-8280-ba7b72f39905 ] Request (ServerTagsTestJSON:tearDownClass): 200 GET http://10.180.1.21/compute/v2.1/servers/d3ea8fca-9d86-4820-8deb-673e2011f0b9 0.431s
2025-12-15 14:21:41.884 67093 INFO tempest.lib.common.rest_client [req-3d7067bb-880d-4949-a769-6a084a4f2ac2 req-3d7067bb-880d-4949-a769-6a084a4f2ac2 ] Request (ImagesOneServerTestJSON:tearDownClass): 204 DELETE http://10.180.1.21/identity/v3/users/46fed9bed6c14f1095d4428e0bf6626f 0.160s
2025-12-15 14:21:41.885 67093 INFO tempest.lib.common.dynamic_creds [-] Deleting project and security group for project: 43f7a04640334602ac3cf77023489caa
2025-12-15 14:21:41.929 67093 INFO tempest.lib.common.rest_client [req-23ebf5f4-6155-417e-895d-562bc3fc9217 req-23ebf5f4-6155-417e-895d-562bc3fc9217 ] Request (ImagesOneServerTestJSON:tearDownClass): 200 GET http://10.180.1.21/networking/v2.0/security-groups?tenant_id=43f7a04640334602ac3cf77023489caa&name=default 0.044s
2025-12-15 14:21:41.976 67059 INFO tempest.lib.common.rest_client [req-f95b5d9e-b202-4003-a430-9b9e226adce6 req-f95b5d9e-b202-4003-a430-9b9e226adce6 ] Request (ServersTestFqdnHostnames:tearDownClass): 200 GET http://10.180.1.21/compute/v2.1/servers/33f7f46c-f887-4efb-8824-f1e0b69311b0 0.491s
2025-12-15 14:21:41.980 67037 WARNING tempest.lib.common.ssh [-] Failed to establish authenticated ssh connection to cirros@10.180.180.169 ([Errno None] Unable to connect to port 22 on 10.180.180.169). Number attempts: 7. Retry after 8 seconds.: paramiko.ssh_exception.NoValidConnectionsError: [Errno None] Unable to connect to port 22 on 10.180.180.169
2025-12-15 14:21:42.084 67093 INFO tempest.lib.common.rest_client [req-9cc40557-8269-4117-a424-d2f5c3d11a90 req-9cc40557-8269-4117-a424-d2f5c3d11a90 ] Request (ImagesOneServerTestJSON:tearDownClass): 204 DELETE http://10.180.1.21/networking/v2.0/security-groups/ef8ae5b0-74b9-48a2-a376-37d96fd597c3 0.154s
2025-12-15 14:21:42.116 67071 INFO tempest.lib.common.rest_client [req-d6533083-e285-4816-9fab-a1e4cf7507e4 req-d6533083-e285-4816-9fab-a1e4cf7507e4 ] Request (ServersAdminNegativeTestJSON:test_migrate_non_existent_server): 404 POST http://10.180.1.21/compute/v2.1/servers/81d92373-04e2-4b89-8f5d-191f03922820/action 0.584s
2025-12-15 14:21:42.185 67061 INFO tempest.lib.common.rest_client [req-60f6e545-bff1-48e1-9b52-09bb568d41f5 req-60f6e545-bff1-48e1-9b52-09bb568d41f5 ] Request (ServerRescueNegativeTestJSON:setUpClass): 200 GET http://10.180.1.21/compute/v2.1/servers/a563a89d-0773-4663-869a-4adb836134e6 0.652s
2025-12-15 14:21:42.220 67093 INFO tempest.lib.common.rest_client [req-75c213c6-bad6-42f5-8e23-42fd25563512 req-75c213c6-bad6-42f5-8e23-42fd25563512 ] Request (ImagesOneServerTestJSON:tearDownClass): 204 DELETE http://10.180.1.21/identity/v3/projects/43f7a04640334602ac3cf77023489caa 0.135s
2025-12-15 14:21:42.245 67047 INFO tempest.lib.common.rest_client [req-aeb97b44-bf40-4b4f-9da5-3f692049c2b4 req-aeb97b44-bf40-4b4f-9da5-3f692049c2b4 ] Request (SecurityGroupsTestJSON:test_server_security_groups): 200 GET http://10.180.1.21/compute/v2.1/servers/9e7f40e3-2630-4fad-8630-300980dbb448 0.697s
2025-12-15 14:21:42.255 67071 INFO tempest.lib.common.rest_client [req-bbbe56d4-a175-48da-a6ca-fb3c2dcdec51 req-bbbe56d4-a175-48da-a6ca-fb3c2dcdec51 ] Request (ServersAdminNegativeTestJSON:test_migrate_server_invalid_state): 201 POST http://10.180.1.21/identity/v3/auth/tokens 0.134s
2025-12-15 14:21:42.255 67071 INFO tempest.lib.common.fixed_network [-] (ServersAdminNegativeTestJSON:test_migrate_server_invalid_state) Found network None available for tenant
2025-12-15 14:21:42.318 67093 INFO tempest.lib.common.rest_client [req-2aad1632-af32-4c3d-8e5f-ac501f9db5dc req-2aad1632-af32-4c3d-8e5f-ac501f9db5dc ] Request (ListImageFiltersTestJSON:setUpClass): 201 POST http://10.180.1.21/identity/v3/auth/tokens 0.097s
2025-12-15 14:21:42.351 67093 INFO tempest.lib.common.rest_client [req-13666453-6886-4b49-8c8f-1a3741d36274 req-13666453-6886-4b49-8c8f-1a3741d36274 ] Request (ListImageFiltersTestJSON:setUpClass): 201 POST http://10.180.1.21/identity/v3/auth/tokens 0.029s
2025-12-15 14:21:42.358 67075 INFO tempest.lib.common.rest_client [req-9ce3868b-a10e-4198-9703-04178846591f req-9ce3868b-a10e-4198-9703-04178846591f ] Request (ServerActionsTestJSON:setUp): 200 GET http://10.180.1.21/compute/v2.1/servers/b46fc148-050f-4e12-b07d-14b79c94feb7 0.795s
2025-12-15 14:21:42.376 67093 INFO tempest.lib.common.rest_client [req-c71495fa-d946-4b74-96f0-b7d4952f22f8 req-c71495fa-d946-4b74-96f0-b7d4952f22f8 ] Request (ListImageFiltersTestJSON:setUpClass): 200 GET http://10.180.1.21/identity/v3/domains?name=Default 0.024s
2025-12-15 14:21:42.429 67093 INFO tempest.lib.common.rest_client [req-3efd7331-36ce-414e-8d41-a8044a915276 req-3efd7331-36ce-414e-8d41-a8044a915276 ] Request (ListImageFiltersTestJSON:setUpClass): 201 POST http://10.180.1.21/identity/v3/projects 0.053s
2025-12-15 14:21:42.484 67049 INFO tempest.lib.common.rest_client [req-a5df1982-025c-4330-882a-dbaddbfa15e5 req-a5df1982-025c-4330-882a-dbaddbfa15e5 ] Request (ListServersNegativeTestJSON:tearDownClass): 200 GET http://10.180.1.21/compute/v2.1/servers/981ab4c1-5b51-47f4-9921-2318fb808aa9 0.903s
2025-12-15 14:21:42.510 67031 INFO tempest.lib.common.rest_client [req-ca5016f7-7c6a-44d7-b910-3c4ed018a0a6 req-ca5016f7-7c6a-44d7-b910-3c4ed018a0a6 ] Request (ServerActionsTestOtherB:test_create_backup): 202 POST http://10.180.1.21/compute/v2.1/servers/5d046fca-28c0-48d3-b868-214bc4e7649b/action 1.003s
2025-12-15 14:21:42.528 67093 INFO tempest.lib.common.rest_client [req-d2a1a936-822d-4652-8be2-f39bc1eea792 req-d2a1a936-822d-4652-8be2-f39bc1eea792 ] Request (ListImageFiltersTestJSON:setUpClass): 201 POST http://10.180.1.21/identity/v3/users 0.097s
2025-12-15 14:21:42.547 67031 INFO tempest.lib.common.rest_client [req-6fe4a64f-6c23-4586-9c46-3e70577dbb29 req-6fe4a64f-6c23-4586-9c46-3e70577dbb29 ] Request (ServerActionsTestOtherB:test_create_backup): 200 GET http://10.180.1.21/image/v2/images/940bb1b6-3fa9-4038-ba5d-13aa86cc9b00/tasks 0.035s
2025-12-15 14:21:42.559 67093 INFO tempest.lib.common.rest_client [req-45a5a6cf-d6ed-4d0e-b551-ebedb38c0d68 req-45a5a6cf-d6ed-4d0e-b551-ebedb38c0d68 ] Request (ListImageFiltersTestJSON:setUpClass): 200 GET http://10.180.1.21/identity/v3/roles 0.031s
2025-12-15 14:21:42.573 67073 INFO tempest.lib.common.rest_client [req-9d7fe587-82f1-46c2-9587-4ad71bd98230 req-9d7fe587-82f1-46c2-9587-4ad71bd98230 ] Request (ServersAdmin275Test:test_rebuild_update_server_275): 200 GET http://10.180.1.21/compute/v2.1/servers/450ebf74-7631-4d0f-bbba-3fd6636ff10b 0.863s
2025-12-15 14:21:42.591 67065 INFO tempest.lib.common.rest_client [req-cdfd23de-3a41-4253-a908-06a91813ebdc req-cdfd23de-3a41-4253-a908-06a91813ebdc ] Request (ServersTestManualDisk:tearDownClass): 200 GET http://10.180.1.21/compute/v2.1/servers/6352ed20-fbe8-4851-8787-5de970a48bf4 0.814s
2025-12-15 14:21:42.604 67093 INFO tempest.lib.common.rest_client [req-a079bea8-097b-4fa1-aea3-8697c2c271eb req-a079bea8-097b-4fa1-aea3-8697c2c271eb ] Request (ListImageFiltersTestJSON:setUpClass): 204 PUT http://10.180.1.21/identity/v3/projects/fcfef4a858404df78e649e49ae17b5ec/users/42e886eb41c74f0dbaf808fd92d55649/roles/be12d99464854a3a98e36b37a4710508 0.044s
2025-12-15 14:21:42.604 67093 INFO tempest.lib.common.dynamic_creds [-] Dynamic test user 42e886eb41c74f0dbaf808fd92d55649 is created with scope project and roles: ['member']
2025-12-15 14:21:42.604 67093 INFO tempest.lib.common.dynamic_creds [-] Acquired dynamic creds: credentials: Credentials: {'domain_id': 'default', 'domain_name': 'Default', 'username': 'tempest-ListImageFiltersTestJSON-180523223-project-member', 'project_domain_id': 'default', 'project_domain_name': 'Default', 'project_id': 'fcfef4a858404df78e649e49ae17b5ec', 'project_name': 'tempest-ListImageFiltersTestJSON-180523223', 'tenant_id': 'fcfef4a858404df78e649e49ae17b5ec', 'tenant_name': 'tempest-ListImageFiltersTestJSON-180523223', 'user_domain_id': 'default', 'user_domain_name': 'Default', 'user_id': '42e886eb41c74f0dbaf808fd92d55649', 'system': None}, Network: None, Subnet: None, Router: None
2025-12-15 14:21:42.604 67093 INFO tempest.lib.common.dynamic_creds [-] Created isolated network resources for: credentials: Credentials: {'domain_id': 'default', 'domain_name': 'Default', 'username': 'tempest-ListImageFiltersTestJSON-180523223-project-member', 'project_domain_id': 'default', 'project_domain_name': 'Default', 'project_id': 'fcfef4a858404df78e649e49ae17b5ec', 'project_name': 'tempest-ListImageFiltersTestJSON-180523223', 'tenant_id': 'fcfef4a858404df78e649e49ae17b5ec', 'tenant_name': 'tempest-ListImageFiltersTestJSON-180523223', 'user_domain_id': 'default', 'user_domain_name': 'Default', 'user_id': '42e886eb41c74f0dbaf808fd92d55649', 'system': None}, Network: None, Subnet: None, Router: None
2025-12-15 14:21:42.651 67087 INFO tempest.lib.common.rest_client [req-81890e23-1618-443a-812f-254d36c0ef29 req-81890e23-1618-443a-812f-254d36c0ef29 ] Request (InstanceActionsTestJSON:tearDownClass): 200 GET http://10.180.1.21/compute/v2.1/servers/5823f8c9-2f49-40c2-ac94-2a95dc01cfa1 0.854s
2025-12-15 14:21:42.654 67090 INFO tempest.lib.common.rest_client [req-8b42186a-02a2-432c-ac28-4cde3de53180 req-8b42186a-02a2-432c-ac28-4cde3de53180 ] Request (ServerGroupTestJSON:test_create_server_with_scheduler_hint_group): 200 GET http://10.180.1.21/compute/v2.1/servers/ea30b24f-09a2-4157-ab2d-547493f9fcd6 0.786s
2025-12-15 14:21:42.681 67093 INFO tempest.lib.common.rest_client [req-07efdbf7-81af-456d-bc2a-e44f2f6a83c5 req-07efdbf7-81af-456d-bc2a-e44f2f6a83c5 ] Request (ListImageFiltersTestJSON:setUpClass): 201 POST http://10.180.1.21/identity/v3/auth/tokens 0.073s
2025-12-15 14:21:42.722 67092 INFO tempest.lib.common.rest_client [req-3cd237e6-d78a-44d4-ab71-5032aad9a2f8 req-3cd237e6-d78a-44d4-ab71-5032aad9a2f8 ] Request (ServerAddressesNegativeTestJSON:tearDownClass): 200 GET http://10.180.1.21/compute/v2.1/servers/6a779fb5-41bd-4439-a04b-d187e14e6295 0.473s
2025-12-15 14:21:42.762 67041 INFO tempest.lib.common.rest_client [req-ca998969-4439-480c-a7a9-ed128ed203ae req-ca998969-4439-480c-a7a9-ed128ed203ae ] Request (MigrationsAdminTest:test_resize_server_revert_deleted_flavor): 200 GET http://10.180.1.21/compute/v2.1/servers/f6926bb8-2be4-4e1d-b0b5-11f6d675680d 0.571s
2025-12-15 14:21:42.788 67077 INFO tempest.lib.common.rest_client [req-96554dbf-87d4-4ae9-bd29-f15762f538f4 req-96554dbf-87d4-4ae9-bd29-f15762f538f4 ] Request (AttachVolumeShelveTestJSON:test_attach_volume_shelved_or_offload_server): 200 GET http://10.180.1.21/volume/v3/volumes/6cae3795-3651-45d7-a8d4-e1570182df9d 0.033s
2025-12-15 14:21:42.795 67077 INFO tempest.common.waiters [-] volume 6cae3795-3651-45d7-a8d4-e1570182df9d reached available after waiting for 1.795297 seconds
2025-12-15 14:21:42.795 67077 INFO tempest.lib.common.ssh [-] Creating ssh connection to '10.180.180.161:22' as 'cirros' with public key authentication
2025-12-15 14:21:42.800 67077 INFO paramiko.transport [-] Connected (version 2.0, client dropbear_2020.81)
2025-12-15 14:21:42.872 67075 INFO tempest.lib.common.rest_client [req-721b0204-5121-46dd-a5f3-d113066da8e0 req-721b0204-5121-46dd-a5f3-d113066da8e0 ] Request (ServerActionsTestJSON:test_reboot_server_hard): 200 GET http://10.180.1.21/compute/v2.1/servers/b46fc148-050f-4e12-b07d-14b79c94feb7 0.506s
2025-12-15 14:21:42.879 67075 INFO tempest.lib.common.ssh [-] Creating ssh connection to '10.180.180.206:22' as 'cirros' with public key authentication
2025-12-15 14:21:42.897 67085 INFO tempest.lib.common.rest_client [req-3924980e-8b9d-4304-8578-29ae38125780 req-3924980e-8b9d-4304-8578-29ae38125780 ] Request (ListServerFiltersTestJSON:tearDownClass): 404 GET http://10.180.1.21/compute/v2.1/servers/2ae6aee0-531e-45e3-9562-da1341d4f55a 0.520s
2025-12-15 14:21:42.907 67077 INFO paramiko.transport [-] Authentication (publickey) successful!
2025-12-15 14:21:42.908 67077 INFO tempest.lib.common.ssh [-] ssh connection to cirros@10.180.180.161 successfully created
2025-12-15 14:21:42.918 67077 INFO tempest.lib.common.ssh [-] Creating ssh connection to '10.180.180.161:22' as 'cirros' with public key authentication
2025-12-15 14:21:42.922 67077 INFO paramiko.transport [-] Connected (version 2.0, client dropbear_2020.81)
2025-12-15 14:21:43.000 67071 INFO tempest.lib.common.rest_client [req-61eb1365-ff7b-4d20-989b-74a9bdb6a14d req-61eb1365-ff7b-4d20-989b-74a9bdb6a14d ] Request (ServersAdminNegativeTestJSON:test_migrate_server_invalid_state): 202 POST http://10.180.1.21/compute/v2.1/servers 0.744s
2025-12-15 14:21:43.023 67077 INFO paramiko.transport [-] Authentication (publickey) successful!
2025-12-15 14:21:43.027 67077 INFO tempest.lib.common.ssh [-] ssh connection to cirros@10.180.180.161 successfully created
2025-12-15 14:21:43.110 67043 INFO tempest.lib.common.rest_client [req-6ca6ea2d-f45a-49f1-8d00-d59cbba76dba req-6ca6ea2d-f45a-49f1-8d00-d59cbba76dba ] Request (ImagesTestJSON:test_create_image_from_suspended_server): 200 GET http://10.180.1.21/compute/v2.1/servers/a69c8ba5-7997-4bdb-b2d8-88da45f41264 0.701s
2025-12-15 14:21:43.139 67093 INFO tempest.lib.common.rest_client [req-d8e8f7f7-af52-4c7a-96e5-7663b9f6b26c req-d8e8f7f7-af52-4c7a-96e5-7663b9f6b26c ] Request (ListImageFiltersTestJSON:setUpClass): 201 POST http://10.180.1.21/image/v2/images 0.456s
2025-12-15 14:21:43.198 67031 INFO tempest.lib.common.rest_client [req-88700ff5-8184-4d3a-b338-bf9320aee1f7 req-88700ff5-8184-4d3a-b338-bf9320aee1f7 ] Request (ServerActionsTestOtherB:test_create_backup): 200 GET http://10.180.1.21/compute/v2.1/servers/5d046fca-28c0-48d3-b868-214bc4e7649b 0.651s
2025-12-15 14:21:43.220 67053 INFO tempest.lib.common.rest_client [req-7ad16775-9490-42b7-bc2f-59d24638849a req-7ad16775-9490-42b7-bc2f-59d24638849a ] Request (ServersTestJSON:tearDownClass): 200 GET http://10.180.1.21/compute/v2.1/servers/4b7fd5bc-346a-47e6-bc72-1b460a7b2cf3 0.597s
2025-12-15 14:21:43.265 67063 INFO tempest.lib.common.rest_client [req-7664141f-4cab-4b2d-af9a-c196e508701a req-7664141f-4cab-4b2d-af9a-c196e508701a ] Request (ServerPasswordTestJSON:tearDownClass): 200 GET http://10.180.1.21/compute/v2.1/servers/a474be62-c84e-4bd6-9801-b76305f3f9af 0.496s
2025-12-15 14:21:43.331 67079 INFO tempest.lib.common.rest_client [req-f207760e-5b8d-4c6f-a51e-e3a4c116a3fe req-f207760e-5b8d-4c6f-a51e-e3a4c116a3fe ] Request (ServerDiskConfigTestJSON:test_resize_server_from_auto_to_manual): 200 GET http://10.180.1.21/compute/v2.1/servers/bc64e157-2a1e-4c9d-9868-161bb2c4efa6 0.553s
2025-12-15 14:21:43.352 67039 INFO tempest.lib.common.rest_client [req-aa08b2a1-a173-4b06-a70c-e398b9a551f3 req-aa08b2a1-a173-4b06-a70c-e398b9a551f3 ] Request (ServersAdminTestJSON:tearDownClass): 200 GET http://10.180.1.21/compute/v2.1/servers/f27abacf-f798-4d1d-8d21-5ed26c59218f 0.482s
2025-12-15 14:21:43.417 67069 INFO tempest.lib.common.rest_client [req-d3a6bc0a-0b5d-47fb-b786-c00b120e1053 req-d3a6bc0a-0b5d-47fb-b786-c00b120e1053 ] Request (ServerTagsTestJSON:tearDownClass): 200 GET http://10.180.1.21/compute/v2.1/servers/d3ea8fca-9d86-4820-8deb-673e2011f0b9 0.541s
2025-12-15 14:21:43.452 67085 INFO tempest.lib.common.rest_client [req-c5104d9d-6e1d-45ee-b802-8ab9ae7225f2 req-c5104d9d-6e1d-45ee-b802-8ab9ae7225f2 ] Request (ListServerFiltersTestJSON:tearDownClass): 204 DELETE http://10.180.1.21/compute/v2.1/servers/72e25635-ad99-43af-b914-30c39ef296a2 0.554s
2025-12-15 14:21:43.485 67059 INFO tempest.lib.common.rest_client [req-dece7d69-b51f-47e8-8d87-c19b2f7d555d req-dece7d69-b51f-47e8-8d87-c19b2f7d555d ] Request (ServersTestFqdnHostnames:tearDownClass): 200 GET http://10.180.1.21/compute/v2.1/servers/33f7f46c-f887-4efb-8824-f1e0b69311b0 0.499s
2025-12-15 14:21:43.497 67071 INFO tempest.lib.common.rest_client [req-8934be4d-9a6e-4a3f-ae68-982e6e116bea req-8934be4d-9a6e-4a3f-ae68-982e6e116bea ] Request (ServersAdminNegativeTestJSON:test_migrate_server_invalid_state): 200 GET http://10.180.1.21/compute/v2.1/servers/e284e1df-7965-4b72-a8a1-8e97913d6c93 0.495s
2025-12-15 14:21:43.560 67061 INFO tempest.lib.common.rest_client [req-501c3b57-bd92-4666-87b9-75ba6d94ca49 req-501c3b57-bd92-4666-87b9-75ba6d94ca49 ] Request (ServerRescueNegativeTestJSON:setUpClass): 200 GET http://10.180.1.21/compute/v2.1/servers/a563a89d-0773-4663-869a-4adb836134e6 0.364s
2025-12-15 14:21:43.635 67047 INFO tempest.lib.common.rest_client [req-f1d5acdc-c866-4641-9499-fc8cb2fad81b req-f1d5acdc-c866-4641-9499-fc8cb2fad81b ] Request (SecurityGroupsTestJSON:test_server_security_groups): 200 GET http://10.180.1.21/compute/v2.1/servers/9e7f40e3-2630-4fad-8630-300980dbb448 0.380s
2025-12-15 14:21:43.639 67051 WARNING tempest.lib.common.ssh [-] Failed to establish authenticated ssh connection to cirros@10.180.180.185 ([Errno None] Unable to connect to port 22 on 10.180.180.185). Number attempts: 8. Retry after 9 seconds.: paramiko.ssh_exception.NoValidConnectionsError: [Errno None] Unable to connect to port 22 on 10.180.180.185
2025-12-15 14:21:43.854 67085 INFO tempest.lib.common.rest_client [req-f19fe1a3-7e1d-417d-8dfe-abb88242485c req-f19fe1a3-7e1d-417d-8dfe-abb88242485c ] Request (ListServerFiltersTestJSON:tearDownClass): 200 GET http://10.180.1.21/compute/v2.1/servers/72e25635-ad99-43af-b914-30c39ef296a2 0.401s
2025-12-15 14:21:43.931 67049 INFO tempest.lib.common.rest_client [req-2768636f-5c61-45c3-a7fd-871e5682195f req-2768636f-5c61-45c3-a7fd-871e5682195f ] Request (ListServersNegativeTestJSON:tearDownClass): 200 GET http://10.180.1.21/compute/v2.1/servers/981ab4c1-5b51-47f4-9921-2318fb808aa9 0.432s
2025-12-15 14:21:44.005 67077 INFO tempest.lib.common.rest_client [req-14549cb3-531c-4da0-a386-2e09de25003a req-14549cb3-531c-4da0-a386-2e09de25003a ] Request (AttachVolumeShelveTestJSON:test_attach_volume_shelved_or_offload_server): 202 POST http://10.180.1.21/compute/v2.1/servers/2fa491df-bd37-40a2-88ad-a4310b5ea9ac/action 0.978s
2025-12-15 14:21:44.008 67073 INFO tempest.lib.common.rest_client [req-54af6c8e-b5ca-4e62-8466-fd25095d0da7 req-54af6c8e-b5ca-4e62-8466-fd25095d0da7 ] Request (ServersAdmin275Test:test_rebuild_update_server_275): 200 GET http://10.180.1.21/compute/v2.1/servers/450ebf74-7631-4d0f-bbba-3fd6636ff10b 0.420s
2025-12-15 14:21:44.072 67090 INFO tempest.lib.common.rest_client [req-a95f6944-2c6a-4f36-b472-92cd9756819c req-a95f6944-2c6a-4f36-b472-92cd9756819c ] Request (ServerGroupTestJSON:test_create_server_with_scheduler_hint_group): 200 GET http://10.180.1.21/compute/v2.1/servers/ea30b24f-09a2-4157-ab2d-547493f9fcd6 0.407s
2025-12-15 14:21:44.079 67065 INFO tempest.lib.common.rest_client [req-0cb70a70-b1a3-4ee3-9035-b8806feb614e req-0cb70a70-b1a3-4ee3-9035-b8806feb614e ] Request (ServersTestManualDisk:tearDownClass): 200 GET http://10.180.1.21/compute/v2.1/servers/6352ed20-fbe8-4851-8787-5de970a48bf4 0.478s
2025-12-15 14:21:44.133 67087 INFO tempest.lib.common.rest_client [req-c4a5def1-6d29-47a8-b363-f57bfefd4518 req-c4a5def1-6d29-47a8-b363-f57bfefd4518 ] Request (InstanceActionsTestJSON:tearDownClass): 200 GET http://10.180.1.21/compute/v2.1/servers/5823f8c9-2f49-40c2-ac94-2a95dc01cfa1 0.466s
2025-12-15 14:21:44.142 67092 INFO tempest.lib.common.rest_client [req-9d54c91f-f434-4033-a1f9-87974ad7242e req-9d54c91f-f434-4033-a1f9-87974ad7242e ] Request (ServerAddressesNegativeTestJSON:tearDownClass): 200 GET http://10.180.1.21/compute/v2.1/servers/6a779fb5-41bd-4439-a04b-d187e14e6295 0.412s
2025-12-15 14:21:44.296 67041 INFO tempest.lib.common.rest_client [req-343c988a-00e1-46be-896a-cc1b0b4658af req-343c988a-00e1-46be-896a-cc1b0b4658af ] Request (MigrationsAdminTest:test_resize_server_revert_deleted_flavor): 200 GET http://10.180.1.21/compute/v2.1/servers/f6926bb8-2be4-4e1d-b0b5-11f6d675680d 0.523s
2025-12-15 14:21:44.299 67077 INFO tempest.lib.common.rest_client [req-0b2afff6-7d16-4a98-a5cf-d752ac2d6d7d req-0b2afff6-7d16-4a98-a5cf-d752ac2d6d7d ] Request (AttachVolumeShelveTestJSON:test_attach_volume_shelved_or_offload_server): 200 GET http://10.180.1.21/compute/v2.1/servers/2fa491df-bd37-40a2-88ad-a4310b5ea9ac 0.293s
2025-12-15 14:21:44.434 67043 INFO tempest.lib.common.rest_client [req-96105c5f-0905-4b2d-9470-284958e82c12 req-96105c5f-0905-4b2d-9470-284958e82c12 ] Request (ImagesTestJSON:test_create_image_from_suspended_server): 200 GET http://10.180.1.21/compute/v2.1/servers/a69c8ba5-7997-4bdb-b2d8-88da45f41264 0.312s
2025-12-15 14:21:44.437 67031 INFO tempest.lib.common.rest_client [req-cdd66c81-5ae4-4145-a110-6aaf6e180171 req-cdd66c81-5ae4-4145-a110-6aaf6e180171 ] Request (ServerActionsTestOtherB:test_create_backup): 200 GET http://10.180.1.21/compute/v2.1/servers/5d046fca-28c0-48d3-b868-214bc4e7649b 0.229s
2025-12-15 14:21:44.448 67031 INFO tempest.common.waiters [-] State transition "ACTIVE/image_backup" ==> "ACTIVE/image_pending_upload" after 1 second wait
2025-12-15 14:21:44.516 67063 INFO tempest.lib.common.rest_client [req-67b6362f-4be4-4e5c-8b1f-09ffd19dcde8 req-67b6362f-4be4-4e5c-8b1f-09ffd19dcde8 ] Request (ServerPasswordTestJSON:tearDownClass): 200 GET http://10.180.1.21/compute/v2.1/servers/a474be62-c84e-4bd6-9801-b76305f3f9af 0.242s
2025-12-15 14:21:44.522 67053 INFO tempest.lib.common.rest_client [req-2083921b-f758-466b-a296-cdae73427654 req-2083921b-f758-466b-a296-cdae73427654 ] Request (ServersTestJSON:tearDownClass): 200 GET http://10.180.1.21/compute/v2.1/servers/4b7fd5bc-346a-47e6-bc72-1b460a7b2cf3 0.291s
2025-12-15 14:21:44.524 67063 INFO tempest.common.waiters [-] State transition "ACTIVE/deleting" ==> "DELETED/None" after 4 second wait
2025-12-15 14:21:44.587 67039 INFO tempest.lib.common.rest_client [req-fff18206-0540-4be3-9067-2954259825c9 req-fff18206-0540-4be3-9067-2954259825c9 ] Request (ServersAdminTestJSON:tearDownClass): 200 GET http://10.180.1.21/compute/v2.1/servers/f27abacf-f798-4d1d-8d21-5ed26c59218f 0.226s
2025-12-15 14:21:44.651 67079 INFO tempest.lib.common.rest_client [req-e8897f90-8ee9-49c4-8273-22d0c89dfc57 req-e8897f90-8ee9-49c4-8273-22d0c89dfc57 ] Request (ServerDiskConfigTestJSON:test_resize_server_from_auto_to_manual): 200 GET http://10.180.1.21/compute/v2.1/servers/bc64e157-2a1e-4c9d-9868-161bb2c4efa6 0.308s
2025-12-15 14:21:44.652 67069 INFO tempest.lib.common.rest_client [req-0f338afc-a225-4593-ba42-5dd566ea03b2 req-0f338afc-a225-4593-ba42-5dd566ea03b2 ] Request (ServerTagsTestJSON:tearDownClass): 200 GET http://10.180.1.21/compute/v2.1/servers/d3ea8fca-9d86-4820-8deb-673e2011f0b9 0.221s
2025-12-15 14:21:44.714 67059 INFO tempest.lib.common.rest_client [req-9e8834fa-a6aa-4f5d-8c80-b02e911f10a9 req-9e8834fa-a6aa-4f5d-8c80-b02e911f10a9 ] Request (ServersTestFqdnHostnames:tearDownClass): 200 GET http://10.180.1.21/compute/v2.1/servers/33f7f46c-f887-4efb-8824-f1e0b69311b0 0.221s
2025-12-15 14:21:44.714 67071 INFO tempest.lib.common.rest_client [req-b477671b-ac84-47ae-92d6-29963ffdfeca req-b477671b-ac84-47ae-92d6-29963ffdfeca ] Request (ServersAdminNegativeTestJSON:test_migrate_server_invalid_state): 200 GET http://10.180.1.21/compute/v2.1/servers/e284e1df-7965-4b72-a8a1-8e97913d6c93 0.208s
2025-12-15 14:21:44.723 67071 INFO tempest.common.waiters [-] State transition "BUILD/scheduling" ==> "BUILD/None" after 1 second wait
2025-12-15 14:21:44.769 67061 INFO tempest.lib.common.rest_client [req-a7a57606-0586-43d7-a097-2dea453d6ef8 req-a7a57606-0586-43d7-a097-2dea453d6ef8 ] Request (ServerRescueNegativeTestJSON:setUpClass): 200 GET http://10.180.1.21/compute/v2.1/servers/a563a89d-0773-4663-869a-4adb836134e6 0.200s
2025-12-15 14:21:44.771 67047 INFO tempest.lib.common.rest_client [req-4c61d8d8-9d18-4abf-b0a0-ae770d34e5e3 req-4c61d8d8-9d18-4abf-b0a0-ae770d34e5e3 ] Request (SecurityGroupsTestJSON:test_server_security_groups): 200 GET http://10.180.1.21/compute/v2.1/servers/9e7f40e3-2630-4fad-8630-300980dbb448 0.124s
2025-12-15 14:21:44.852 67093 INFO tempest.lib.common.rest_client [req-34024888-f180-4b98-8da4-ddae90c490a8 req-34024888-f180-4b98-8da4-ddae90c490a8 ] Request (ListImageFiltersTestJSON:setUpClass): 204 PUT http://10.180.1.21/image/v2/images/b8647e65-55c5-47e0-a4bf-17c81d630386/file 0.712s
2025-12-15 14:21:44.896 67093 INFO tempest.lib.common.rest_client [req-6d4ff5a3-71ec-494d-b671-eb941671340f req-6d4ff5a3-71ec-494d-b671-eb941671340f ] Request (ListImageFiltersTestJSON:setUpClass): 200 GET http://10.180.1.21/compute/v2.1/images/b8647e65-55c5-47e0-a4bf-17c81d630386 0.043s
2025-12-15 14:21:44.948 67093 INFO tempest.lib.common.rest_client [req-9f8415a6-cb96-435e-a6c5-39b0c640d2fc req-9f8415a6-cb96-435e-a6c5-39b0c640d2fc ] Request (ListImageFiltersTestJSON:setUpClass): 200 GET http://10.180.1.21/compute/v2.1/images/b8647e65-55c5-47e0-a4bf-17c81d630386 0.045s
2025-12-15 14:21:45.038 67049 INFO tempest.lib.common.rest_client [req-d5f6a0a4-105d-48c1-b78c-73ec3c8f44c7 req-d5f6a0a4-105d-48c1-b78c-73ec3c8f44c7 ] Request (ListServersNegativeTestJSON:tearDownClass): 200 GET http://10.180.1.21/compute/v2.1/servers/981ab4c1-5b51-47f4-9921-2318fb808aa9 0.094s
2025-12-15 14:21:45.047 67049 INFO tempest.common.waiters [-] State transition "ACTIVE/deleting" ==> "DELETED/None" after 3 second wait
2025-12-15 14:21:45.069 67085 INFO tempest.lib.common.rest_client [req-de057aea-ac0f-4c07-9113-c1ceec24a09b req-de057aea-ac0f-4c07-9113-c1ceec24a09b ] Request (ListServerFiltersTestJSON:tearDownClass): 200 GET http://10.180.1.21/compute/v2.1/servers/72e25635-ad99-43af-b914-30c39ef296a2 0.204s
2025-12-15 14:21:45.111 67073 INFO tempest.lib.common.rest_client [req-c54d73d8-38b6-4211-927b-b33b7f014f2d req-c54d73d8-38b6-4211-927b-b33b7f014f2d ] Request (ServersAdmin275Test:test_rebuild_update_server_275): 200 GET http://10.180.1.21/compute/v2.1/servers/450ebf74-7631-4d0f-bbba-3fd6636ff10b 0.093s
2025-12-15 14:21:45.123 67073 INFO tempest.common.waiters [-] State transition "BUILD/None" ==> "BUILD/networking" after 39 second wait
2025-12-15 14:21:45.151 67090 INFO tempest.lib.common.rest_client [req-63748a3d-c517-4c6b-8f59-9252c09c6083 req-63748a3d-c517-4c6b-8f59-9252c09c6083 ] Request (ServerGroupTestJSON:test_create_server_with_scheduler_hint_group): 200 GET http://10.180.1.21/compute/v2.1/servers/ea30b24f-09a2-4157-ab2d-547493f9fcd6 0.072s
2025-12-15 14:21:45.181 67065 INFO tempest.lib.common.rest_client [req-8a1556d0-92a2-4523-b2e0-a78d2fe73ea9 req-8a1556d0-92a2-4523-b2e0-a78d2fe73ea9 ] Request (ServersTestManualDisk:tearDownClass): 200 GET http://10.180.1.21/compute/v2.1/servers/6352ed20-fbe8-4851-8787-5de970a48bf4 0.093s
2025-12-15 14:21:45.212 67087 INFO tempest.lib.common.rest_client [req-d965a0b6-a8db-4434-a231-90a37059aa33 req-d965a0b6-a8db-4434-a231-90a37059aa33 ] Request (InstanceActionsTestJSON:tearDownClass): 200 GET http://10.180.1.21/compute/v2.1/servers/5823f8c9-2f49-40c2-ac94-2a95dc01cfa1 0.071s
2025-12-15 14:21:45.244 67092 INFO tempest.lib.common.rest_client [req-f606222f-f36e-493c-8d84-685d20404678 req-f606222f-f36e-493c-8d84-685d20404678 ] Request (ServerAddressesNegativeTestJSON:tearDownClass): 200 GET http://10.180.1.21/compute/v2.1/servers/6a779fb5-41bd-4439-a04b-d187e14e6295 0.091s
2025-12-15 14:21:45.303 67093 INFO tempest.lib.common.rest_client [req-eb4eb629-b07a-46c5-9e89-6b424001e54e req-eb4eb629-b07a-46c5-9e89-6b424001e54e ] Request (ListImageFiltersTestJSON:setUpClass): 201 POST http://10.180.1.21/image/v2/images 0.351s
2025-12-15 14:21:45.404 67041 INFO tempest.lib.common.rest_client [req-4134427a-26d0-484a-b9b3-1fcb1630692c req-4134427a-26d0-484a-b9b3-1fcb1630692c ] Request (MigrationsAdminTest:test_resize_server_revert_deleted_flavor): 200 GET http://10.180.1.21/compute/v2.1/servers/f6926bb8-2be4-4e1d-b0b5-11f6d675680d 0.093s
2025-12-15 14:21:45.409 67077 INFO tempest.lib.common.rest_client [req-92fa6560-b27a-4a41-85c5-387cf675e060 req-92fa6560-b27a-4a41-85c5-387cf675e060 ] Request (AttachVolumeShelveTestJSON:test_attach_volume_shelved_or_offload_server): 200 GET http://10.180.1.21/compute/v2.1/servers/2fa491df-bd37-40a2-88ad-a4310b5ea9ac 0.098s
2025-12-15 14:21:45.553 67031 INFO tempest.lib.common.rest_client [req-c98b8a6b-1e23-4550-a28b-8a3dd1803386 req-c98b8a6b-1e23-4550-a28b-8a3dd1803386 ] Request (ServerActionsTestOtherB:test_create_backup): 200 GET http://10.180.1.21/compute/v2.1/servers/5d046fca-28c0-48d3-b868-214bc4e7649b 0.103s
2025-12-15 14:21:45.562 67045 WARNING tempest.lib.common.ssh [-] Failed to establish authenticated ssh connection to cirros@10.180.180.193 ([Errno None] Unable to connect to port 22 on 10.180.180.193). Number attempts: 5. Retry after 6 seconds.: paramiko.ssh_exception.NoValidConnectionsError: [Errno None] Unable to connect to port 22 on 10.180.180.193
2025-12-15 14:21:45.585 67043 INFO tempest.lib.common.rest_client [req-ee4db7b5-2fe2-42ee-b18c-30bc20e75430 req-ee4db7b5-2fe2-42ee-b18c-30bc20e75430 ] Request (ImagesTestJSON:test_create_image_from_suspended_server): 200 GET http://10.180.1.21/compute/v2.1/servers/a69c8ba5-7997-4bdb-b2d8-88da45f41264 0.136s
2025-12-15 14:21:45.592 67043 INFO tempest.common.waiters [-] State transition "BUILD/spawning" ==> "ACTIVE/None" after 41 second wait
2025-12-15 14:21:45.614 67063 INFO tempest.lib.common.rest_client [req-9b87b00a-11b5-4e5e-b0c4-927fceaf9365 req-9b87b00a-11b5-4e5e-b0c4-927fceaf9365 ] Request (ServerPasswordTestJSON:tearDownClass): 200 GET http://10.180.1.21/compute/v2.1/servers/a474be62-c84e-4bd6-9801-b76305f3f9af 0.089s
2025-12-15 14:21:45.664 67053 INFO tempest.lib.common.rest_client [req-69abc944-9b3f-441b-8863-626415ad5e83 req-69abc944-9b3f-441b-8863-626415ad5e83 ] Request (ServersTestJSON:tearDownClass): 200 GET http://10.180.1.21/compute/v2.1/servers/4b7fd5bc-346a-47e6-bc72-1b460a7b2cf3 0.133s
2025-12-15 14:21:45.690 67067 WARNING tempest.lib.common.ssh [-] Failed to establish authenticated ssh connection to cirros@10.180.180.208 ([Errno None] Unable to connect to port 22 on 10.180.180.208). Number attempts: 12. Retry after 13 seconds.: paramiko.ssh_exception.NoValidConnectionsError: [Errno None] Unable to connect to port 22 on 10.180.180.208
2025-12-15 14:21:45.700 67043 INFO tempest.lib.common.rest_client [req-5eca526f-7a09-4b27-bcb7-33b9bab318e2 req-5eca526f-7a09-4b27-bcb7-33b9bab318e2 ] Request (ImagesTestJSON:test_create_image_from_suspended_server): 202 POST http://10.180.1.21/compute/v2.1/servers/a69c8ba5-7997-4bdb-b2d8-88da45f41264/action 0.107s
2025-12-15 14:21:45.735 67039 INFO tempest.lib.common.rest_client [req-d5b9b47f-9e09-46db-a7f1-254a0d9c70dd req-d5b9b47f-9e09-46db-a7f1-254a0d9c70dd ] Request (ServersAdminTestJSON:tearDownClass): 200 GET http://10.180.1.21/compute/v2.1/servers/f27abacf-f798-4d1d-8d21-5ed26c59218f 0.140s
2025-12-15 14:21:45.819 67029 WARNING tempest.lib.common.ssh [-] Failed to establish authenticated ssh connection to cirros@10.180.180.138 ([Errno None] Unable to connect to port 22 on 10.180.180.138). Number attempts: 3. Retry after 4 seconds.: paramiko.ssh_exception.NoValidConnectionsError: [Errno None] Unable to connect to port 22 on 10.180.180.138
2025-12-15 14:21:45.829 67069 INFO tempest.lib.common.rest_client [req-1d84a483-7575-4a53-8375-a35520079b46 req-1d84a483-7575-4a53-8375-a35520079b46 ] Request (ServerTagsTestJSON:tearDownClass): 200 GET http://10.180.1.21/compute/v2.1/servers/d3ea8fca-9d86-4820-8deb-673e2011f0b9 0.168s
2025-12-15 14:21:45.868 67079 INFO tempest.lib.common.rest_client [req-5eda4b77-d3c1-4bc0-af74-1d2ee2d7a3bb req-5eda4b77-d3c1-4bc0-af74-1d2ee2d7a3bb ] Request (ServerDiskConfigTestJSON:test_resize_server_from_auto_to_manual): 200 GET http://10.180.1.21/compute/v2.1/servers/bc64e157-2a1e-4c9d-9868-161bb2c4efa6 0.208s
2025-12-15 14:21:45.956 67059 INFO tempest.lib.common.rest_client [req-b66c2d16-586f-4e75-bbfc-26dee2e2d60d req-b66c2d16-586f-4e75-bbfc-26dee2e2d60d ] Request (ServersTestFqdnHostnames:tearDownClass): 200 GET http://10.180.1.21/compute/v2.1/servers/33f7f46c-f887-4efb-8824-f1e0b69311b0 0.233s
2025-12-15 14:21:45.998 67043 INFO tempest.lib.common.rest_client [req-9ce6e723-8d64-4b4b-9488-eefd19fe71e0 req-9ce6e723-8d64-4b4b-9488-eefd19fe71e0 ] Request (ImagesTestJSON:test_create_image_from_suspended_server): 200 GET http://10.180.1.21/compute/v2.1/servers/a69c8ba5-7997-4bdb-b2d8-88da45f41264 0.296s
2025-12-15 14:21:46.008 67071 INFO tempest.lib.common.rest_client [req-0bc3eabb-94f7-4661-9492-a366f1319f40 req-0bc3eabb-94f7-4661-9492-a366f1319f40 ] Request (ServersAdminNegativeTestJSON:test_migrate_server_invalid_state): 200 GET http://10.180.1.21/compute/v2.1/servers/e284e1df-7965-4b72-a8a1-8e97913d6c93 0.284s
2025-12-15 14:21:46.059 67061 INFO tempest.lib.common.rest_client [req-8eecde1a-4115-489a-9763-aae6d049725a req-8eecde1a-4115-489a-9763-aae6d049725a ] Request (ServerRescueNegativeTestJSON:setUpClass): 200 GET http://10.180.1.21/compute/v2.1/servers/a563a89d-0773-4663-869a-4adb836134e6 0.282s
2025-12-15 14:21:46.062 67047 INFO tempest.lib.common.rest_client [req-3e74990c-e40a-4042-9a6a-f3473aab1ed5 req-3e74990c-e40a-4042-9a6a-f3473aab1ed5 ] Request (SecurityGroupsTestJSON:test_server_security_groups): 200 GET http://10.180.1.21/compute/v2.1/servers/9e7f40e3-2630-4fad-8630-300980dbb448 0.281s
2025-12-15 14:21:46.122 67049 INFO tempest.lib.common.rest_client [req-80d68406-81ac-4b35-9026-37e5cbef7626 req-80d68406-81ac-4b35-9026-37e5cbef7626 ] Request (ListServersNegativeTestJSON:tearDownClass): 200 GET http://10.180.1.21/compute/v2.1/servers/981ab4c1-5b51-47f4-9921-2318fb808aa9 0.074s
2025-12-15 14:21:46.136 67085 INFO tempest.lib.common.rest_client [req-b205777c-6bca-4e7a-aafe-22c3ffb553c5 req-b205777c-6bca-4e7a-aafe-22c3ffb553c5 ] Request (ListServerFiltersTestJSON:tearDownClass): 200 GET http://10.180.1.21/compute/v2.1/servers/72e25635-ad99-43af-b914-30c39ef296a2 0.058s
2025-12-15 14:21:46.185 67073 INFO tempest.lib.common.rest_client [req-d12ff730-f4b8-428c-9668-56b827521801 req-d12ff730-f4b8-428c-9668-56b827521801 ] Request (ServersAdmin275Test:test_rebuild_update_server_275): 200 GET http://10.180.1.21/compute/v2.1/servers/450ebf74-7631-4d0f-bbba-3fd6636ff10b 0.060s
2025-12-15 14:21:46.194 67073 INFO tempest.common.waiters [-] State transition "BUILD/networking" ==> "BUILD/block_device_mapping" after 40 second wait
2025-12-15 14:21:46.213 67090 INFO tempest.lib.common.rest_client [req-892c97e6-396f-492d-a4dc-28fe868cceb2 req-892c97e6-396f-492d-a4dc-28fe868cceb2 ] Request (ServerGroupTestJSON:test_create_server_with_scheduler_hint_group): 200 GET http://10.180.1.21/compute/v2.1/servers/ea30b24f-09a2-4157-ab2d-547493f9fcd6 0.053s
2025-12-15 14:21:46.261 67065 INFO tempest.lib.common.rest_client [req-fff48ca2-f53e-47fd-979c-4730c9888158 req-fff48ca2-f53e-47fd-979c-4730c9888158 ] Request (ServersTestManualDisk:tearDownClass): 200 GET http://10.180.1.21/compute/v2.1/servers/6352ed20-fbe8-4851-8787-5de970a48bf4 0.068s
2025-12-15 14:21:46.294 67087 INFO tempest.lib.common.rest_client [req-be6bf590-2ee5-4c10-9c4e-80cfc4beeeaa req-be6bf590-2ee5-4c10-9c4e-80cfc4beeeaa ] Request (InstanceActionsTestJSON:tearDownClass): 200 GET http://10.180.1.21/compute/v2.1/servers/5823f8c9-2f49-40c2-ac94-2a95dc01cfa1 0.073s
2025-12-15 14:21:46.331 67092 INFO tempest.lib.common.rest_client [req-caa57112-ff8b-418a-b975-d4a150800cad req-caa57112-ff8b-418a-b975-d4a150800cad ] Request (ServerAddressesNegativeTestJSON:tearDownClass): 200 GET http://10.180.1.21/compute/v2.1/servers/6a779fb5-41bd-4439-a04b-d187e14e6295 0.078s
