2025-12-15 14:19:56.032 67051 INFO tempest.lib.common.rest_client [req-5f073536-a327-4e7a-a324-e3cc935869cd req-5f073536-a327-4e7a-a324-e3cc935869cd ] Request (ServersV294TestFqdnHostnames:setUpClass): 201 POST http://10.180.1.21/networking/v2.0/routers 1.118s
2025-12-15 14:19:56.086 67055 INFO tempest.lib.common.rest_client [req-dbd4b175-c37f-428d-8e4a-7e08c44be79c req-dbd4b175-c37f-428d-8e4a-7e08c44be79c ] Request (TenantUsagesNegativeTestJSON:setUpClass): 201 POST http://10.180.1.21/identity/v3/users 0.099s
2025-12-15 14:19:56.117 67055 INFO tempest.lib.common.rest_client [req-4cacf18b-5eb3-4855-ba32-557def4bc753 req-4cacf18b-5eb3-4855-ba32-557def4bc753 ] Request (TenantUsagesNegativeTestJSON:setUpClass): 200 GET http://10.180.1.21/identity/v3/roles 0.029s
2025-12-15 14:19:56.165 67081 INFO tempest.lib.common.rest_client [req-0ca617bb-9bf7-4450-8ccf-a067e8afd5b5 req-0ca617bb-9bf7-4450-8ccf-a067e8afd5b5 ] Request (FloatingIPDetailsTestJSON:setUpClass): 200 POST http://10.180.1.21/compute/v2.1/os-floating-ips 10.648s
2025-12-15 14:19:56.167 67055 INFO tempest.lib.common.rest_client [req-ed4aec18-5e03-4817-9571-8168bf339896 req-ed4aec18-5e03-4817-9571-8168bf339896 ] Request (TenantUsagesNegativeTestJSON:setUpClass): 204 PUT http://10.180.1.21/identity/v3/projects/b1119102db1e40a98678ac7bf4161363/users/dca00b08e95f4695ac5f376a766bbf60/roles/be12d99464854a3a98e36b37a4710508 0.048s
2025-12-15 14:19:56.167 67055 INFO tempest.lib.common.dynamic_creds [-] Dynamic test user dca00b08e95f4695ac5f376a766bbf60 is created with scope project and roles: ['member']
2025-12-15 14:19:56.167 67055 INFO tempest.lib.common.dynamic_creds [-] Acquired dynamic creds: credentials: Credentials: {'domain_id': 'default', 'domain_name': 'Default', 'username': 'tempest-TenantUsagesNegativeTestJSON-1806721527-project-member', 'project_domain_id': 'default', 'project_domain_name': 'Default', 'project_id': 'b1119102db1e40a98678ac7bf4161363', 'project_name': 'tempest-TenantUsagesNegativeTestJSON-1806721527', 'tenant_id': 'b1119102db1e40a98678ac7bf4161363', 'tenant_name': 'tempest-TenantUsagesNegativeTestJSON-1806721527', 'user_domain_id': 'default', 'user_domain_name': 'Default', 'user_id': 'dca00b08e95f4695ac5f376a766bbf60', 'system': None}, Network: None, Subnet: None, Router: None
2025-12-15 14:19:56.167 67055 INFO tempest.lib.common.dynamic_creds [-] Created isolated network resources for: credentials: Credentials: {'domain_id': 'default', 'domain_name': 'Default', 'username': 'tempest-TenantUsagesNegativeTestJSON-1806721527-project-member', 'project_domain_id': 'default', 'project_domain_name': 'Default', 'project_id': 'b1119102db1e40a98678ac7bf4161363', 'project_name': 'tempest-TenantUsagesNegativeTestJSON-1806721527', 'tenant_id': 'b1119102db1e40a98678ac7bf4161363', 'tenant_name': 'tempest-TenantUsagesNegativeTestJSON-1806721527', 'user_domain_id': 'default', 'user_domain_name': 'Default', 'user_id': 'dca00b08e95f4695ac5f376a766bbf60', 'system': None}, Network: None, Subnet: None, Router: None
2025-12-15 14:19:56.273 67055 INFO tempest.lib.common.rest_client [req-dc40be01-9a00-4a01-9e6f-43fcc1953d90 req-dc40be01-9a00-4a01-9e6f-43fcc1953d90 ] Request (TenantUsagesNegativeTestJSON:setUpClass): 201 POST http://10.180.1.21/identity/v3/auth/tokens 0.102s
2025-12-15 14:19:56.383 67055 INFO tempest.lib.common.rest_client [req-cdbeaad6-aafb-4f88-b7e9-a108f5cb1589 req-cdbeaad6-aafb-4f88-b7e9-a108f5cb1589 ] Request (TenantUsagesNegativeTestJSON:setUpClass): 201 POST http://10.180.1.21/identity/v3/projects 0.108s
2025-12-15 14:19:56.396 67077 INFO tempest.lib.common.rest_client [req-7b8aca8c-fe70-43de-a34e-0c39443e542f req-7b8aca8c-fe70-43de-a34e-0c39443e542f ] Request (AttachVolumeShelveTestJSON:test_attach_volume_shelved_or_offload_server): 200 PUT http://10.180.1.21/networking/v2.0/floatingips/3ce99d7c-9204-4ad4-8490-690f1fffdacd 0.883s
2025-12-15 14:19:56.397 67077 INFO tempest.lib.common.ssh [-] Creating ssh connection to '10.180.180.161:22' as 'cirros' with public key authentication
2025-12-15 14:19:56.470 67037 INFO tempest.lib.common.rest_client [req-a0aea731-6803-4d2c-b22d-839b0ccd8397 req-a0aea731-6803-4d2c-b22d-839b0ccd8397 ] Request (ServerActionsV293TestJSON:setUpClass): 200 GET http://10.180.1.21/volume/v3/volumes/1d99ce85-d4c3-45ec-8adf-f6305716ab87 0.040s
2025-12-15 14:19:56.477 67075 INFO tempest.lib.common.rest_client [req-dfbd9b1d-75da-4124-84cf-ae5e2cb3976d req-dfbd9b1d-75da-4124-84cf-ae5e2cb3976d ] Request (ServerActionsTestJSON:setUpClass): 200 GET http://10.180.1.21/compute/v2.1/servers/b46fc148-050f-4e12-b07d-14b79c94feb7 6.818s
2025-12-15 14:19:56.489 67055 INFO tempest.lib.common.rest_client [req-cda633da-0d44-428a-ab13-502f1118226a req-cda633da-0d44-428a-ab13-502f1118226a ] Request (TenantUsagesNegativeTestJSON:setUpClass): 201 POST http://10.180.1.21/identity/v3/users 0.106s
2025-12-15 14:19:56.519 67055 INFO tempest.lib.common.rest_client [req-ec254265-d7e2-4bcc-899c-163ef092f660 req-ec254265-d7e2-4bcc-899c-163ef092f660 ] Request (TenantUsagesNegativeTestJSON:setUpClass): 200 GET http://10.180.1.21/identity/v3/roles 0.029s
2025-12-15 14:19:56.559 67055 INFO tempest.lib.common.rest_client [req-22dc9772-121a-4ad6-82a5-9bec57d50375 req-22dc9772-121a-4ad6-82a5-9bec57d50375 ] Request (TenantUsagesNegativeTestJSON:setUpClass): 204 PUT http://10.180.1.21/identity/v3/projects/45ac521167344bb6b1a9f58e4b8d3d9e/users/94ecf9ea251c4488b2e8159bf473c43c/roles/3911e06b7bbe4ab1be0daade74ab629f 0.039s
2025-12-15 14:19:56.591 67085 INFO tempest.lib.common.rest_client [req-f9a9daf8-ccce-4915-a411-e4e9286bbd6c req-f9a9daf8-ccce-4915-a411-e4e9286bbd6c ] Request (ListServerFiltersTestJSON:test_list_servers_filter_by_exceed_limit): 200 GET http://10.180.1.21/compute/v2.1/servers?limit=100000 6.731s
2025-12-15 14:19:56.611 67045 INFO tempest.lib.common.rest_client [req-ccc43415-398c-4ee2-b0c3-29bf29c32efc req-ccc43415-398c-4ee2-b0c3-29bf29c32efc ] Request (HypervisorAdminTestJSON:test_get_hypervisor_stats): 200 GET http://10.180.1.21/compute/v2.1/os-hypervisors/statistics 6.433s
2025-12-15 14:19:56.646 67055 INFO tempest.lib.common.rest_client [req-746e8cf3-40cb-41b8-9819-ebeebe5cc384 req-746e8cf3-40cb-41b8-9819-ebeebe5cc384 ] Request (TenantUsagesNegativeTestJSON:setUpClass): 200 GET http://10.180.1.21/identity/v3/roles 0.086s
2025-12-15 14:19:56.672 67055 INFO tempest.lib.common.rest_client [req-c8250153-afed-47b4-9140-b13b1e0ca4af req-c8250153-afed-47b4-9140-b13b1e0ca4af ] Request (TenantUsagesNegativeTestJSON:setUpClass): 204 PUT http://10.180.1.21/identity/v3/projects/45ac521167344bb6b1a9f58e4b8d3d9e/users/94ecf9ea251c4488b2e8159bf473c43c/roles/3911e06b7bbe4ab1be0daade74ab629f 0.026s
2025-12-15 14:19:56.673 67055 INFO tempest.lib.common.dynamic_creds [-] Dynamic test user 94ecf9ea251c4488b2e8159bf473c43c is created with scope project and roles: ['admin']
2025-12-15 14:19:56.673 67055 INFO tempest.lib.common.dynamic_creds [-] Acquired dynamic creds: credentials: Credentials: {'domain_id': 'default', 'domain_name': 'Default', 'username': 'tempest-TenantUsagesNegativeTestJSON-177082743-project-admin', 'project_domain_id': 'default', 'project_domain_name': 'Default', 'project_id': '45ac521167344bb6b1a9f58e4b8d3d9e', 'project_name': 'tempest-TenantUsagesNegativeTestJSON-177082743', 'tenant_id': '45ac521167344bb6b1a9f58e4b8d3d9e', 'tenant_name': 'tempest-TenantUsagesNegativeTestJSON-177082743', 'user_domain_id': 'default', 'user_domain_name': 'Default', 'user_id': '94ecf9ea251c4488b2e8159bf473c43c', 'system': None}, Network: None, Subnet: None, Router: None
2025-12-15 14:19:56.673 67055 INFO tempest.lib.common.dynamic_creds [-] Created isolated network resources for: credentials: Credentials: {'domain_id': 'default', 'domain_name': 'Default', 'username': 'tempest-TenantUsagesNegativeTestJSON-177082743-project-admin', 'project_domain_id': 'default', 'project_domain_name': 'Default', 'project_id': '45ac521167344bb6b1a9f58e4b8d3d9e', 'project_name': 'tempest-TenantUsagesNegativeTestJSON-177082743', 'tenant_id': '45ac521167344bb6b1a9f58e4b8d3d9e', 'tenant_name': 'tempest-TenantUsagesNegativeTestJSON-177082743', 'user_domain_id': 'default', 'user_domain_name': 'Default', 'user_id': '94ecf9ea251c4488b2e8159bf473c43c', 'system': None}, Network: None, Subnet: None, Router: None
2025-12-15 14:19:56.788 67055 INFO tempest.lib.common.rest_client [req-75bf4e37-9a1e-4f52-8dc3-d8cbb278a68a req-75bf4e37-9a1e-4f52-8dc3-d8cbb278a68a ] Request (TenantUsagesNegativeTestJSON:setUpClass): 201 POST http://10.180.1.21/identity/v3/auth/tokens 0.111s
2025-12-15 14:19:56.841 67045 INFO tempest.lib.common.rest_client [req-72ff1faa-5aa6-4006-a4b3-3d5d84db9121 req-72ff1faa-5aa6-4006-a4b3-3d5d84db9121 ] Request (HypervisorAdminTestJSON:tearDownClass): 204 DELETE http://10.180.1.21/identity/v3/users/8d7f1a17ddde4dd7a75ac9aebf04f054 0.222s
2025-12-15 14:19:57.074 67045 INFO tempest.lib.common.rest_client [req-b30f7e33-69b2-431b-bb2d-9403578fab5c req-b30f7e33-69b2-431b-bb2d-9403578fab5c ] Request (HypervisorAdminTestJSON:tearDownClass): 204 DELETE http://10.180.1.21/identity/v3/users/32580590e46247d2a177f2b19755e6a3 0.231s
2025-12-15 14:19:57.074 67045 INFO tempest.lib.common.dynamic_creds [-] Deleting project and security group for project: 73282f66750844a49e64250150c85034
2025-12-15 14:19:57.201 67045 INFO tempest.lib.common.rest_client [req-b05159a4-2bae-464a-8cc4-52516d9664e6 req-b05159a4-2bae-464a-8cc4-52516d9664e6 ] Request (HypervisorAdminTestJSON:tearDownClass): 201 POST http://10.180.1.21/identity/v3/auth/tokens 0.127s
2025-12-15 14:19:57.406 67051 INFO tempest.lib.common.rest_client [req-9d3afaeb-e402-4d39-bb75-24a1d8ac7aa4 req-9d3afaeb-e402-4d39-bb75-24a1d8ac7aa4 ] Request (ServersV294TestFqdnHostnames:setUpClass): 200 PUT http://10.180.1.21/networking/v2.0/routers/a869bee0-d236-48ae-a6f6-c4c585142711/add_router_interface 1.373s
2025-12-15 14:19:57.406 67051 INFO tempest.lib.common.dynamic_creds [-] Created isolated network resources for: credentials: Credentials: {'domain_id': 'default', 'domain_name': 'Default', 'username': 'tempest-ServersV294TestFqdnHostnames-346743849-project-member', 'project_domain_id': 'default', 'project_domain_name': 'Default', 'project_id': '30a13ff5a5f74460a8e024135bf26f42', 'project_name': 'tempest-ServersV294TestFqdnHostnames-346743849', 'tenant_id': '30a13ff5a5f74460a8e024135bf26f42', 'tenant_name': 'tempest-ServersV294TestFqdnHostnames-346743849', 'user_domain_id': 'default', 'user_domain_name': 'Default', 'user_id': '646a460cea74403cad86e9d46cad2846', 'system': None}, Network: {'id': '62627a3d-70ae-4d73-8ef1-9ff305c252e2', 'name': 'tempest-ServersV294TestFqdnHostnames-564139514-network', 'tenant_id': '30a13ff5a5f74460a8e024135bf26f42', 'project_id': '30a13ff5a5f74460a8e024135bf26f42', 'admin_state_up': True, 'mtu': 8950, 'status': 'ACTIVE', 'subnets': [], 'shared': False, 'port_security_enabled': True, 'router:external': False, 'provider:network_type': 'vlan', 'provider:physical_network': 'default', 'provider:segmentation_id': 765, 'availability_zone_hints': [], 'availability_zones': [], 'ipv4_address_scope': None, 'ipv6_address_scope': None, 'description': '', 'tags': [], 'created_at': '2025-12-15T14:19:54Z', 'updated_at': '2025-12-15T14:19:54Z', 'revision_number': 1}, Subnet: {'id': '87c07320-0a37-4db2-b14a-543b30bbabfb', 'name': 'tempest-ServersV294TestFqdnHostnames-564139514-subnet', 'tenant_id': '30a13ff5a5f74460a8e024135bf26f42', 'network_id': '62627a3d-70ae-4d73-8ef1-9ff305c252e2', 'ip_version': 4, 'subnetpool_id': None, 'enable_dhcp': True, 'ipv6_ra_mode': None, 'ipv6_address_mode': None, 'gateway_ip': '192.168.128.1', 'cidr': '192.168.128.0/28', 'allocation_pools': [{'start': '192.168.128.2', 'end': '192.168.128.14'}], 'host_routes': [], 'dns_nameservers': [], 'description': '', 'router:external': False, 'service_types': [], 'tags': [], 'created_at': '2025-12-15T14:19:54Z', 'updated_at': '2025-12-15T14:19:54Z', 'revision_number': 0, 'project_id': '30a13ff5a5f74460a8e024135bf26f42'}, Router: {'id': 'a869bee0-d236-48ae-a6f6-c4c585142711', 'name': 'tempest-ServersV294TestFqdnHostnames-564139514-router', 'tenant_id': '30a13ff5a5f74460a8e024135bf26f42', 'admin_state_up': True, 'status': 'ACTIVE', 'external_gateway_info': {'network_id': '7170bd9b-d34a-47f2-bb2b-6be17792d707', 'external_fixed_ips': [{'subnet_id': '123a052d-5733-40cf-95b2-423ad0e6c63d', 'ip_address': '10.180.180.236'}], 'enable_snat': True}, 'description': '', 'availability_zones': [], 'distributed': False, 'ha': False, 'availability_zone_hints': [], 'routes': [], 'flavor_id': None, 'tags': [], 'created_at': '2025-12-15T14:19:55Z', 'updated_at': '2025-12-15T14:19:55Z', 'revision_number': 2, 'project_id': '30a13ff5a5f74460a8e024135bf26f42'}
2025-12-15 14:19:57.410 67087 INFO tempest.lib.common.rest_client [req-65f13fcc-62bd-4a67-bcdd-04a172bed6dc req-65f13fcc-62bd-4a67-bcdd-04a172bed6dc ] Request (FloatingIPsAssociationNegativeTestJSON:_run_cleanups): 202 DELETE http://10.180.1.21/compute/v2.1/os-floating-ips/678e0f2e-84db-4149-88c0-55de57f2b85e 9.739s
2025-12-15 14:19:57.466 67047 INFO tempest.lib.common.rest_client [req-c7271758-d7d8-4c8a-ba60-50ed45cf7b0f req-c7271758-d7d8-4c8a-ba60-50ed45cf7b0f ] Request (SecurityGroupRulesNegativeTestJSON:test_create_security_group_rule_with_invalid_ip_protocol): 400 POST http://10.180.1.21/compute/v2.1/os-security-group-rules 6.970s
2025-12-15 14:19:57.504 67051 INFO tempest.lib.common.rest_client [req-ba83ccb6-fce4-4ab5-a249-30b814112a92 req-ba83ccb6-fce4-4ab5-a249-30b814112a92 ] Request (ServersV294TestFqdnHostnames:setUpClass): 201 POST http://10.180.1.21/identity/v3/auth/tokens 0.093s
2025-12-15 14:19:57.522 67037 INFO tempest.lib.common.rest_client [req-a80d0e19-391d-4b18-a3e9-a61f8518108e req-a80d0e19-391d-4b18-a3e9-a61f8518108e ] Request (ServerActionsV293TestJSON:setUpClass): 200 GET http://10.180.1.21/volume/v3/volumes/1d99ce85-d4c3-45ec-8adf-f6305716ab87 0.037s
2025-12-15 14:19:57.541 67061 INFO tempest.lib.common.rest_client [req-fbc6c698-9c2b-49fe-ad54-64e07ecf3e95 req-fbc6c698-9c2b-49fe-ad54-64e07ecf3e95 ] Request (FloatingIPsAssociationTestJSON:test_associate_already_associated_floating_ip): 409 POST http://10.180.1.21/compute/v2.1/servers/721fb8e2-776f-4136-bf49-7913ec2ccc5d/action 7.170s
2025-12-15 14:19:57.585 67063 INFO tempest.lib.common.rest_client [req-fa41afb9-f095-4d70-8c6d-c7548a84ad8d req-fa41afb9-f095-4d70-8c6d-c7548a84ad8d ] Request (ServersAaction247Test:test_create_backup): 200 GET http://10.180.1.21/compute/v2.1/servers/9440e0ab-8032-4cec-83a1-a5e419765050 6.936s
2025-12-15 14:19:57.630 67045 INFO tempest.lib.common.rest_client [req-9511710d-e5f9-4d89-9385-19ad7c0b94b2 req-9511710d-e5f9-4d89-9385-19ad7c0b94b2 ] Request (HypervisorAdminTestJSON:tearDownClass): 200 GET http://10.180.1.21/networking/v2.0/security-groups?tenant_id=73282f66750844a49e64250150c85034&name=default 0.428s
2025-12-15 14:19:57.726 67045 INFO tempest.lib.common.rest_client [req-9352910d-11d6-424c-9c7d-be1bbbda4103 req-9352910d-11d6-424c-9c7d-be1bbbda4103 ] Request (HypervisorAdminTestJSON:tearDownClass): 204 DELETE http://10.180.1.21/networking/v2.0/security-groups/8efb16e0-73e6-481d-a846-07c8e6a0dbc5 0.096s
2025-12-15 14:19:57.733 67049 INFO tempest.lib.common.rest_client [req-5e94afb0-c369-4b1a-b2f6-c2ec86430fc8 req-5e94afb0-c369-4b1a-b2f6-c2ec86430fc8 ] Request (QuotasAdminTestJSON:test_update_all_quota_resources_for_tenant): 200 GET http://10.180.1.21/compute/v2.1/os-quota-sets/bd767d0badb548d68a47fe9d35453315/defaults 6.633s
2025-12-15 14:19:57.814 67041 INFO tempest.lib.common.rest_client [req-fe3db59d-d23d-4375-b040-e4007ac868b0 req-fe3db59d-d23d-4375-b040-e4007ac868b0 ] Request (MigrationsAdminTest:test_list_migrations_in_flavor_resize_situation): 204 POST http://10.180.1.21/compute/v2.1/servers/269e4d4e-2948-482d-b94f-359b99dd44ef/action 5.831s
2025-12-15 14:19:57.862 67045 INFO tempest.lib.common.rest_client [req-76618082-ee76-48e8-b201-f90a1a2c813c req-76618082-ee76-48e8-b201-f90a1a2c813c ] Request (HypervisorAdminTestJSON:tearDownClass): 204 DELETE http://10.180.1.21/identity/v3/projects/73282f66750844a49e64250150c85034 0.136s
2025-12-15 14:19:57.863 67045 INFO tempest.lib.common.dynamic_creds [-] Deleting project and security group for project: 7680aff4ab784c1d9eea166acdc16c50
2025-12-15 14:19:57.873 67079 INFO tempest.lib.common.rest_client [req-4f4f157d-7559-4ed7-b252-59ec5cd2b03e req-4f4f157d-7559-4ed7-b252-59ec5cd2b03e ] Request (ServerDiskConfigTestJSON:test_rebuild_server_with_manual_disk_config): 200 GET http://10.180.1.21/compute/v2.1/servers/9f22ba81-f88e-454e-9033-7c7563f12646 7.135s
2025-12-15 14:19:57.893 67071 INFO tempest.lib.common.rest_client [req-5b90b7e8-1e62-4021-88bd-72c8c99f991e req-5b90b7e8-1e62-4021-88bd-72c8c99f991e ] Request (DeleteServersAdminTestJSON:test_delete_server_while_in_error_state): 202 POST http://10.180.1.21/compute/v2.1/servers/59bf87f7-3e35-4ac1-bdca-c1a0a3e5ade3/action 4.839s
2025-12-15 14:19:58.015 67045 INFO tempest.lib.common.rest_client [req-e5b7ff34-cf3f-48f6-8c45-b8c3379d29ca req-e5b7ff34-cf3f-48f6-8c45-b8c3379d29ca ] Request (HypervisorAdminTestJSON:tearDownClass): 200 GET http://10.180.1.21/networking/v2.0/security-groups?tenant_id=7680aff4ab784c1d9eea166acdc16c50&name=default 0.151s
2025-12-15 14:19:58.074 67065 INFO tempest.lib.common.rest_client [req-5a423021-e4b7-4a68-8cf3-3f41b8a39e43 req-5a423021-e4b7-4a68-8cf3-3f41b8a39e43 ] Request (ServersTestManualDisk:setUpClass): 200 GET http://10.180.1.21/compute/v2.1/servers/6352ed20-fbe8-4851-8787-5de970a48bf4 4.551s
2025-12-15 14:19:58.113 67045 INFO tempest.lib.common.rest_client [req-d2d7bc8d-a931-4477-a9ac-7bafe5c8c92d req-d2d7bc8d-a931-4477-a9ac-7bafe5c8c92d ] Request (HypervisorAdminTestJSON:tearDownClass): 204 DELETE http://10.180.1.21/networking/v2.0/security-groups/cfebd7f6-0a88-4841-8b72-5e35c0a16e4a 0.098s
2025-12-15 14:19:58.166 67092 INFO tempest.lib.common.rest_client [req-bfb6e427-7cea-47e5-b0da-ca172e88aa53 req-bfb6e427-7cea-47e5-b0da-ca172e88aa53 ] Request (AttachInterfacesV270Test:tearDownClass): 200 GET http://10.180.1.21/compute/v2.1/servers/8fc11976-a4e2-49c4-8992-b73e7a14c4a9 4.483s
2025-12-15 14:19:58.193 67033 INFO tempest.lib.common.rest_client [req-cc7f0aaa-a968-406a-8971-ef699e971a90 req-cc7f0aaa-a968-406a-8971-ef699e971a90 ] Request (FlavorsV2TestJSON:test_list_flavors_with_detail): 200 GET http://10.180.1.21/compute/v2.1/flavors/detail 4.465s
2025-12-15 14:19:58.250 67045 INFO tempest.lib.common.rest_client [req-717394e4-7210-4d07-aab3-4d05a835ab18 req-717394e4-7210-4d07-aab3-4d05a835ab18 ] Request (HypervisorAdminTestJSON:tearDownClass): 204 DELETE http://10.180.1.21/identity/v3/projects/7680aff4ab784c1d9eea166acdc16c50 0.136s
2025-12-15 14:19:58.426 67035 WARNING tempest.lib.common.ssh [-] Failed to establish authenticated ssh connection to cirros@10.180.180.175 ([Errno None] Unable to connect to port 22 on 10.180.180.175). Number attempts: 7. Retry after 8 seconds.: paramiko.ssh_exception.NoValidConnectionsError: [Errno None] Unable to connect to port 22 on 10.180.180.175
2025-12-15 14:19:58.434 67045 INFO tempest.lib.common.rest_client [req-863cd781-5c46-415f-8f3d-235c894d2475 req-863cd781-5c46-415f-8f3d-235c894d2475 ] Request (KeyPairsNegativeTestJSON:setUpClass): 201 POST http://10.180.1.21/identity/v3/auth/tokens 0.183s
2025-12-15 14:19:58.459 67093 INFO tempest.lib.common.rest_client [req-9b6fad13-5bf1-41f0-b060-a9085197dc2e req-9b6fad13-5bf1-41f0-b060-a9085197dc2e ] Request (ImagesOneServerTestJSON:test_create_delete_image): 202 POST http://10.180.1.21/compute/v2.1/servers/7cfb7220-2f7b-4806-941e-58bda40997fa/action 5.344s
2025-12-15 14:19:58.478 67045 INFO tempest.lib.common.rest_client [req-54bfa793-94f2-42fd-83ef-08fd35769848 req-54bfa793-94f2-42fd-83ef-08fd35769848 ] Request (KeyPairsNegativeTestJSON:setUpClass): 201 POST http://10.180.1.21/identity/v3/auth/tokens 0.040s
2025-12-15 14:19:58.518 67045 INFO tempest.lib.common.rest_client [req-451271db-3098-480d-9d84-bdc6532324b4 req-451271db-3098-480d-9d84-bdc6532324b4 ] Request (KeyPairsNegativeTestJSON:setUpClass): 200 GET http://10.180.1.21/identity/v3/domains?name=Default 0.040s
2025-12-15 14:19:58.557 67045 INFO tempest.lib.common.rest_client [req-d25cd729-b2de-471c-879d-deb773a86636 req-d25cd729-b2de-471c-879d-deb773a86636 ] Request (KeyPairsNegativeTestJSON:setUpClass): 201 POST http://10.180.1.21/identity/v3/projects 0.038s
2025-12-15 14:19:58.568 67037 INFO tempest.lib.common.rest_client [req-7742cd51-7ed8-4e72-920a-9df460a256c7 req-7742cd51-7ed8-4e72-920a-9df460a256c7 ] Request (ServerActionsV293TestJSON:setUpClass): 200 GET http://10.180.1.21/volume/v3/volumes/1d99ce85-d4c3-45ec-8adf-f6305716ab87 0.035s
2025-12-15 14:19:58.603 67039 INFO tempest.lib.common.rest_client [req-ad32cd4d-419d-48c7-9177-b261b5eba5a9 req-ad32cd4d-419d-48c7-9177-b261b5eba5a9 ] Request (ServersAdminTestJSON:test_create_server_with_scheduling_hint): 200 GET http://10.180.1.21/compute/v2.1/servers/b73f1dbb-175b-492c-8988-889e8be2c22f 4.238s
2025-12-15 14:19:58.612 67039 INFO tempest.common.waiters [-] State transition "BUILD/spawning" ==> "ACTIVE/None" after 49 second wait
2025-12-15 14:19:58.638 67045 INFO tempest.lib.common.rest_client [req-bcd5d94c-d58b-4653-a695-676ea47ea8a5 req-bcd5d94c-d58b-4653-a695-676ea47ea8a5 ] Request (KeyPairsNegativeTestJSON:setUpClass): 201 POST http://10.180.1.21/identity/v3/users 0.081s
2025-12-15 14:19:58.658 67045 INFO tempest.lib.common.rest_client [req-af000bcd-9f7d-49a6-863f-7415fa8a3b5d req-af000bcd-9f7d-49a6-863f-7415fa8a3b5d ] Request (KeyPairsNegativeTestJSON:setUpClass): 200 GET http://10.180.1.21/identity/v3/roles 0.020s
2025-12-15 14:19:58.684 67039 INFO tempest.lib.common.rest_client [req-4629587d-ad98-476a-9fd6-04ba30ef00eb req-4629587d-ad98-476a-9fd6-04ba30ef00eb ] Request (ServersAdminTestJSON:test_inject_network_info): 201 POST http://10.180.1.21/identity/v3/auth/tokens 0.062s
2025-12-15 14:19:58.684 67039 INFO tempest.lib.common.fixed_network [-] (ServersAdminTestJSON:test_inject_network_info) Found network {'id': 'eb2ab93f-8219-4619-8a59-69ecb3ad4a97', 'name': 'tempest-ServersAdminTestJSON-1433307461-network', 'tenant_id': '45928fde85024759ba8e45cba0116c6c', 'project_id': '45928fde85024759ba8e45cba0116c6c', 'admin_state_up': True, 'mtu': 8950, 'status': 'ACTIVE', 'subnets': [], 'shared': False, 'port_security_enabled': True, 'router:external': False, 'provider:network_type': 'vlan', 'provider:physical_network': 'default', 'provider:segmentation_id': 26, 'availability_zone_hints': [], 'availability_zones': [], 'ipv4_address_scope': None, 'ipv6_address_scope': None, 'description': '', 'tags': [], 'created_at': '2025-12-15T14:17:58Z', 'updated_at': '2025-12-15T14:17:58Z', 'revision_number': 1} available for tenant
2025-12-15 14:19:58.689 67045 INFO tempest.lib.common.rest_client [req-7965a180-eff7-43b9-a501-74ed79e1071d req-7965a180-eff7-43b9-a501-74ed79e1071d ] Request (KeyPairsNegativeTestJSON:setUpClass): 204 PUT http://10.180.1.21/identity/v3/projects/1ea6c75af24445c08882f5d609beff1c/users/cf93e1ad6a254ac3bf994e44b186cfc4/roles/be12d99464854a3a98e36b37a4710508 0.030s
2025-12-15 14:19:58.689 67045 INFO tempest.lib.common.dynamic_creds [-] Dynamic test user cf93e1ad6a254ac3bf994e44b186cfc4 is created with scope project and roles: ['member']
2025-12-15 14:19:58.689 67045 INFO tempest.lib.common.dynamic_creds [-] Acquired dynamic creds: credentials: Credentials: {'domain_id': 'default', 'domain_name': 'Default', 'username': 'tempest-KeyPairsNegativeTestJSON-838075528-project-member', 'project_domain_id': 'default', 'project_domain_name': 'Default', 'project_id': '1ea6c75af24445c08882f5d609beff1c', 'project_name': 'tempest-KeyPairsNegativeTestJSON-838075528', 'tenant_id': '1ea6c75af24445c08882f5d609beff1c', 'tenant_name': 'tempest-KeyPairsNegativeTestJSON-838075528', 'user_domain_id': 'default', 'user_domain_name': 'Default', 'user_id': 'cf93e1ad6a254ac3bf994e44b186cfc4', 'system': None}, Network: None, Subnet: None, Router: None
2025-12-15 14:19:58.689 67045 INFO tempest.lib.common.dynamic_creds [-] Created isolated network resources for: credentials: Credentials: {'domain_id': 'default', 'domain_name': 'Default', 'username': 'tempest-KeyPairsNegativeTestJSON-838075528-project-member', 'project_domain_id': 'default', 'project_domain_name': 'Default', 'project_id': '1ea6c75af24445c08882f5d609beff1c', 'project_name': 'tempest-KeyPairsNegativeTestJSON-838075528', 'tenant_id': '1ea6c75af24445c08882f5d609beff1c', 'tenant_name': 'tempest-KeyPairsNegativeTestJSON-838075528', 'user_domain_id': 'default', 'user_domain_name': 'Default', 'user_id': 'cf93e1ad6a254ac3bf994e44b186cfc4', 'system': None}, Network: None, Subnet: None, Router: None
2025-12-15 14:19:58.734 67083 INFO tempest.lib.common.rest_client [req-1fdec0e3-f85d-496e-84c1-bd6e3b2fef34 req-1fdec0e3-f85d-496e-84c1-bd6e3b2fef34 ] Request (ServerMetadataTestJSON:setUpClass): 200 GET http://10.180.1.21/compute/v2.1/servers/8821559b-550d-4dde-a7d6-735a74c27f6f 4.317s
2025-12-15 14:19:58.749 67043 INFO tempest.lib.common.rest_client [req-2674e8e8-51d8-48c6-bb7d-3aec8d6797f5 req-2674e8e8-51d8-48c6-bb7d-3aec8d6797f5 ] Request (ImagesTestJSON:test_create_image_from_stopped_server): 202 POST http://10.180.1.21/compute/v2.1/servers 4.764s
2025-12-15 14:19:58.759 67069 INFO tempest.lib.common.rest_client [req-85662a89-841b-40ed-941c-bb776101ba63 req-85662a89-841b-40ed-941c-bb776101ba63 ] Request (InstanceActionsV221TestJSON:test_get_list_deleted_instance_actions): 404 GET http://10.180.1.21/compute/v2.1/servers/24093485-394a-400e-94bf-d65fe5570b31 4.223s
2025-12-15 14:19:58.800 67045 INFO tempest.lib.common.rest_client [req-b6892fb6-61f6-495c-bac0-41ca4669fa28 req-b6892fb6-61f6-495c-bac0-41ca4669fa28 ] Request (KeyPairsNegativeTestJSON:setUpClass): 201 POST http://10.180.1.21/identity/v3/auth/tokens 0.107s
2025-12-15 14:19:58.854 67059 INFO tempest.lib.common.rest_client [req-8d80c765-0315-46aa-9f44-34dc8df6a1df req-8d80c765-0315-46aa-9f44-34dc8df6a1df ] Request (ServersTestFqdnHostnames:test_create_server_with_fqdn_name): 200 GET http://10.180.1.21/compute/v2.1/servers/33f7f46c-f887-4efb-8824-f1e0b69311b0 4.238s
2025-12-15 14:19:58.945 67090 INFO tempest.lib.common.rest_client [req-7c682cb5-fed3-4f2d-b56b-54bbb014a488 req-7c682cb5-fed3-4f2d-b56b-54bbb014a488 ] Request (ServersTestMultiNic:test_verify_multiple_nics_order): 200 GET http://10.180.1.21/compute/v2.1/servers/6bd657dd-b02f-4144-90b6-9aac87af7da4 3.951s
2025-12-15 14:19:58.950 67029 INFO tempest.lib.common.rest_client [req-d2c0d636-6dab-4bc7-9af3-0326db48db9f req-d2c0d636-6dab-4bc7-9af3-0326db48db9f ] Request (AggregatesAdminNegativeTestJSON:test_aggregate_list_as_user): 403 GET http://10.180.1.21/compute/v2.1/os-aggregates 3.943s
2025-12-15 14:19:58.973 67073 INFO tempest.lib.common.rest_client [req-fbe6bb9a-d5ec-4006-9f03-1a5683b51967 req-fbe6bb9a-d5ec-4006-9f03-1a5683b51967 ] Request (FlavorsAdminTestJSON:test_is_public_string_variations): 200 POST http://10.180.1.21/compute/v2.1/flavors 3.937s
2025-12-15 14:19:58.977 67031 INFO tempest.lib.common.rest_client [req-cd501ace-d523-4d27-acac-5c1dcdfe0354 req-cd501ace-d523-4d27-acac-5c1dcdfe0354 ] Request (ServerActionsTestOtherB:setUpClass): 200 GET http://10.180.1.21/compute/v2.1/servers/5d046fca-28c0-48d3-b868-214bc4e7649b 4.165s
2025-12-15 14:19:58.985 67031 INFO tempest.common.waiters [-] State transition "BUILD/spawning" ==> "ACTIVE/None" after 37 second wait
2025-12-15 14:19:59.103 67085 INFO tempest.lib.common.rest_client [req-58c3ee17-6eb6-4b30-ad9a-53eb6a150901 req-58c3ee17-6eb6-4b30-ad9a-53eb6a150901 ] Request (ListServerFiltersTestJSON:test_list_servers_filter_by_exceed_limit): 200 GET http://10.180.1.21/compute/v2.1/servers 2.508s
2025-12-15 14:19:59.237 67055 INFO tempest.lib.common.rest_client [req-b1bbf219-0b2b-418d-97da-798ed9ec2b1a req-b1bbf219-0b2b-418d-97da-798ed9ec2b1a ] Request (TenantUsagesNegativeTestJSON:test_get_usage_tenant_with_empty_tenant_id): 404 GET http://10.180.1.21/compute/v2.1/os-simple-tenant-usage/?start=2025-12-14T14%3A19%3A56.789291&end=2025-12-16T14%3A19%3A56.789291 2.447s
2025-12-15 14:19:59.238 67055 WARNING tempest.lib.common.rest_client [-] Deprecated: "tenant_id" property is deprecated for removal, use "project_id" instead
2025-12-15 14:19:59.241 67087 INFO tempest.lib.common.rest_client [req-0b7e2bfb-0d98-4f1c-a510-4f5da7ae15c3 req-0b7e2bfb-0d98-4f1c-a510-4f5da7ae15c3 ] Request (FloatingIPsAssociationNegativeTestJSON:test_associate_ip_to_server_without_passing_floating_ip): 400 POST http://10.180.1.21/compute/v2.1/servers/9f3fea81-9413-4ea6-9e60-930b7922fb76/action 1.829s
2025-12-15 14:19:59.393 67047 INFO tempest.lib.common.rest_client [req-d28eacb7-ab23-4ef3-a5fe-3b55fddc5723 req-d28eacb7-ab23-4ef3-a5fe-3b55fddc5723 ] Request (SecurityGroupRulesNegativeTestJSON:test_create_security_group_rule_with_invalid_port_range): 200 POST http://10.180.1.21/compute/v2.1/os-security-groups 1.925s
2025-12-15 14:19:59.456 67075 INFO tempest.lib.common.rest_client [req-691a9c7b-2775-4370-886e-02e0c1a53c97 req-691a9c7b-2775-4370-886e-02e0c1a53c97 ] Request (ServerActionsTestJSON:setUpClass): 200 GET http://10.180.1.21/compute/v2.1/servers/b46fc148-050f-4e12-b07d-14b79c94feb7 1.963s
2025-12-15 14:19:59.581 67051 INFO tempest.lib.common.rest_client [req-3da70b4e-a045-4277-951f-59df2327ec78 req-3da70b4e-a045-4277-951f-59df2327ec78 ] Request (ServersV294TestFqdnHostnames:setUpClass): 201 POST http://10.180.1.21/compute/v2.1/os-keypairs 2.074s
2025-12-15 14:19:59.605 67037 INFO tempest.lib.common.rest_client [req-f35158d0-5641-4aeb-bff0-6b7adb37754f req-f35158d0-5641-4aeb-bff0-6b7adb37754f ] Request (ServerActionsV293TestJSON:setUpClass): 200 GET http://10.180.1.21/volume/v3/volumes/1d99ce85-d4c3-45ec-8adf-f6305716ab87 0.027s
2025-12-15 14:19:59.675 67051 INFO tempest.lib.common.rest_client [req-899da9f0-5809-42a6-8738-c1f8f648edcc req-899da9f0-5809-42a6-8738-c1f8f648edcc ] Request (ServersV294TestFqdnHostnames:setUpClass): 201 POST http://10.180.1.21/networking/v2.0/security-groups 0.093s
2025-12-15 14:19:59.736 67081 INFO tempest.lib.common.rest_client [req-14ede366-5d45-4364-af74-d3b06d2b5050 req-14ede366-5d45-4364-af74-d3b06d2b5050 ] Request (FloatingIPDetailsTestJSON:setUpClass): 200 POST http://10.180.1.21/compute/v2.1/os-floating-ips 3.568s
2025-12-15 14:19:59.823 67051 INFO tempest.lib.common.rest_client [req-30641c3b-e9c5-455d-8298-d1f8209fa695 req-30641c3b-e9c5-455d-8298-d1f8209fa695 ] Request (ServersV294TestFqdnHostnames:setUpClass): 201 POST http://10.180.1.21/networking/v2.0/security-group-rules 0.148s
2025-12-15 14:19:59.953 67049 INFO tempest.lib.common.rest_client [req-1e0545e7-d5b9-4552-b8b1-699dcdb7a06e req-1e0545e7-d5b9-4552-b8b1-699dcdb7a06e ] Request (QuotasAdminTestJSON:test_update_all_quota_resources_for_tenant): 200 PUT http://10.180.1.21/compute/v2.1/os-quota-sets/bd767d0badb548d68a47fe9d35453315 2.218s
2025-12-15 14:19:59.960 67051 INFO tempest.lib.common.rest_client [req-840540d6-0031-4868-b18b-b7abcd90ce1f req-840540d6-0031-4868-b18b-b7abcd90ce1f ] Request (ServersV294TestFqdnHostnames:setUpClass): 201 POST http://10.180.1.21/networking/v2.0/security-group-rules 0.136s
2025-12-15 14:20:00.405 67051 INFO tempest.lib.common.rest_client [req-09a105ed-bb9e-4828-9262-fac854f53a1f req-09a105ed-bb9e-4828-9262-fac854f53a1f ] Request (ServersV294TestFqdnHostnames:setUpClass): 201 POST http://10.180.1.21/networking/v2.0/floatingips 0.444s
2025-12-15 14:20:00.453 67041 INFO tempest.lib.common.rest_client [req-0ea70a69-029f-4aa0-a9f5-855e081b01bf req-0ea70a69-029f-4aa0-a9f5-855e081b01bf ] Request (MigrationsAdminTest:test_list_migrations_in_flavor_resize_situation): 200 GET http://10.180.1.21/compute/v2.1/servers/269e4d4e-2948-482d-b94f-359b99dd44ef 2.638s
2025-12-15 14:20:00.464 67051 INFO tempest.lib.common.rest_client [req-1b776fce-e18a-47da-ac62-ce1b08a4649e req-1b776fce-e18a-47da-ac62-ce1b08a4649e ] Request (ServersV294TestFqdnHostnames:setUpClass): 201 POST http://10.180.1.21/identity/v3/auth/tokens 0.056s
2025-12-15 14:20:00.465 67051 INFO tempest.lib.common.fixed_network [-] (ServersV294TestFqdnHostnames:setUpClass) Found network {'id': '62627a3d-70ae-4d73-8ef1-9ff305c252e2', 'name': 'tempest-ServersV294TestFqdnHostnames-564139514-network', 'tenant_id': '30a13ff5a5f74460a8e024135bf26f42', 'project_id': '30a13ff5a5f74460a8e024135bf26f42', 'admin_state_up': True, 'mtu': 8950, 'status': 'ACTIVE', 'subnets': [], 'shared': False, 'port_security_enabled': True, 'router:external': False, 'provider:network_type': 'vlan', 'provider:physical_network': 'default', 'provider:segmentation_id': 765, 'availability_zone_hints': [], 'availability_zones': [], 'ipv4_address_scope': None, 'ipv6_address_scope': None, 'description': '', 'tags': [], 'created_at': '2025-12-15T14:19:54Z', 'updated_at': '2025-12-15T14:19:54Z', 'revision_number': 1} available for tenant
2025-12-15 14:20:00.602 67071 INFO tempest.lib.common.rest_client [req-30e08a91-d6ae-4cca-97e3-b4467c2d3aef req-30e08a91-d6ae-4cca-97e3-b4467c2d3aef ] Request (DeleteServersAdminTestJSON:test_delete_server_while_in_error_state): 200 GET http://10.180.1.21/compute/v2.1/servers/59bf87f7-3e35-4ac1-bdca-c1a0a3e5ade3 2.709s
2025-12-15 14:20:00.621 67033 INFO tempest.lib.common.rest_client [req-99d43fe4-52a6-4c35-9012-0529448d7e8f req-99d43fe4-52a6-4c35-9012-0529448d7e8f ] Request (FlavorsV2TestJSON:test_list_flavors_with_detail): 200 GET http://10.180.1.21/compute/v2.1/flavors/42 2.422s
2025-12-15 14:20:00.666 67037 INFO tempest.lib.common.rest_client [req-9b622b35-158a-48e0-a63f-ae474c6f8feb req-9b622b35-158a-48e0-a63f-ae474c6f8feb ] Request (ServerActionsV293TestJSON:setUpClass): 200 GET http://10.180.1.21/volume/v3/volumes/1d99ce85-d4c3-45ec-8adf-f6305716ab87 0.050s
2025-12-15 14:20:00.689 67093 INFO tempest.lib.common.rest_client [req-1a1cf60b-0113-4d99-9195-40c693bf22cf req-1a1cf60b-0113-4d99-9195-40c693bf22cf ] Request (ImagesOneServerTestJSON:test_create_delete_image): 200 GET http://10.180.1.21/compute/v2.1/images/46b4ad76-184e-43ef-9ae1-03d3e032f722 2.228s
2025-12-15 14:20:00.779 67033 INFO tempest.lib.common.rest_client [req-54b546a3-be7a-4965-8650-0187a77480b1 req-54b546a3-be7a-4965-8650-0187a77480b1 ] Request (FlavorsV2TestJSON:tearDownClass): 204 DELETE http://10.180.1.21/identity/v3/users/9d917aab5099430583860cd05d49809c 0.148s
2025-12-15 14:20:00.779 67033 INFO tempest.lib.common.dynamic_creds [-] Deleting project and security group for project: c45d4a751094473eab9c362b2615b22b
2025-12-15 14:20:00.783 67063 INFO tempest.lib.common.rest_client [req-b34f72c5-851e-4101-86cd-18ef1b07bb4e req-b34f72c5-851e-4101-86cd-18ef1b07bb4e ] Request (ServersAaction247Test:test_create_backup): 200 GET http://10.180.1.21/compute/v2.1/servers/9440e0ab-8032-4cec-83a1-a5e419765050 2.184s
2025-12-15 14:20:00.834 67061 INFO tempest.lib.common.rest_client [req-e81822ba-18a6-4b6d-9a02-785617e48569 req-e81822ba-18a6-4b6d-9a02-785617e48569 ] Request (FloatingIPsAssociationTestJSON:_run_cleanups): 202 POST http://10.180.1.21/compute/v2.1/servers/9f6caf45-dda7-46a2-9a76-4fe52f559b0a/action 3.292s
2025-12-15 14:20:00.904 67043 INFO tempest.lib.common.rest_client [req-af42c510-eae8-402b-841b-d056a03fa8d2 req-af42c510-eae8-402b-841b-d056a03fa8d2 ] Request (ImagesTestJSON:test_create_image_from_stopped_server): 200 GET http://10.180.1.21/compute/v2.1/servers/6369f859-2455-49a3-888c-af270e7d80bb 2.153s
2025-12-15 14:20:01.039 67033 INFO tempest.lib.common.rest_client [req-4455e0f8-b4b8-4525-ab5f-e3d63fcc273c req-4455e0f8-b4b8-4525-ab5f-e3d63fcc273c ] Request (FlavorsV2TestJSON:tearDownClass): 201 POST http://10.180.1.21/identity/v3/auth/tokens 0.260s
2025-12-15 14:20:01.163 67039 INFO tempest.lib.common.rest_client [req-e7724744-4c27-4cd4-bb63-5916593dc08a req-e7724744-4c27-4cd4-bb63-5916593dc08a ] Request (ServersAdminTestJSON:test_inject_network_info): 202 POST http://10.180.1.21/compute/v2.1/servers 2.478s
2025-12-15 14:20:01.210 67069 INFO tempest.lib.common.rest_client [req-d6623859-1cbc-4be4-ab33-296081ef4d8c req-d6623859-1cbc-4be4-ab33-296081ef4d8c ] Request (InstanceActionsV221TestJSON:test_get_list_deleted_instance_actions): 200 GET http://10.180.1.21/compute/v2.1/servers/24093485-394a-400e-94bf-d65fe5570b31/os-instance-actions 2.450s
2025-12-15 14:20:01.254 67033 INFO tempest.lib.common.rest_client [req-6dde35a2-b763-485b-9692-d336e3fdaf56 req-6dde35a2-b763-485b-9692-d336e3fdaf56 ] Request (FlavorsV2TestJSON:tearDownClass): 200 GET http://10.180.1.21/networking/v2.0/security-groups?tenant_id=c45d4a751094473eab9c362b2615b22b&name=default 0.214s
2025-12-15 14:20:01.289 67079 INFO tempest.lib.common.rest_client [req-d6f4cd53-96a3-42db-9846-966aa94ecabd req-d6f4cd53-96a3-42db-9846-966aa94ecabd ] Request (ServerDiskConfigTestJSON:test_rebuild_server_with_manual_disk_config): 200 GET http://10.180.1.21/compute/v2.1/servers/9f22ba81-f88e-454e-9033-7c7563f12646 2.408s
2025-12-15 14:20:01.296 67045 INFO tempest.lib.common.rest_client [req-a2467023-a0c6-4cde-acc2-e123f235ebd2 req-a2467023-a0c6-4cde-acc2-e123f235ebd2 ] Request (KeyPairsNegativeTestJSON:test_create_keypair_invalid_name): 400 POST http://10.180.1.21/compute/v2.1/os-keypairs 2.494s
2025-12-15 14:20:01.321 67073 INFO tempest.lib.common.rest_client [req-a900feeb-9dfc-4de5-9922-a040905cf503 req-a900feeb-9dfc-4de5-9922-a040905cf503 ] Request (FlavorsAdminTestJSON:test_is_public_string_variations): 200 GET http://10.180.1.21/compute/v2.1/flavors/detail?is_public=f 2.345s
2025-12-15 14:20:01.328 67029 INFO tempest.lib.common.rest_client [req-f97b1844-ffe2-4663-8e69-504616e4f83e req-f97b1844-ffe2-4663-8e69-504616e4f83e ] Request (AggregatesAdminNegativeTestJSON:test_aggregate_remove_host_as_user): 200 POST http://10.180.1.21/compute/v2.1/os-aggregates 2.375s
2025-12-15 14:20:01.370 67067 WARNING tempest.lib.common.ssh [-] Failed to establish authenticated ssh connection to cirros@10.180.180.208 ([Errno None] Unable to connect to port 22 on 10.180.180.208). Number attempts: 3. Retry after 4 seconds.: paramiko.ssh_exception.NoValidConnectionsError: [Errno None] Unable to connect to port 22 on 10.180.180.208
2025-12-15 14:20:01.383 67033 INFO tempest.lib.common.rest_client [req-89e35822-b8f4-44b0-9839-87a1708146b2 req-89e35822-b8f4-44b0-9839-87a1708146b2 ] Request (FlavorsV2TestJSON:tearDownClass): 204 DELETE http://10.180.1.21/networking/v2.0/security-groups/31c29796-cae5-4835-acef-c74eeb245507 0.128s
2025-12-15 14:20:01.447 67033 INFO tempest.lib.common.rest_client [req-c31f9943-9423-4cbf-992e-bd88c863c45a req-c31f9943-9423-4cbf-992e-bd88c863c45a ] Request (FlavorsV2TestJSON:tearDownClass): 204 DELETE http://10.180.1.21/identity/v3/projects/c45d4a751094473eab9c362b2615b22b 0.063s
2025-12-15 14:20:01.453 67031 INFO tempest.lib.common.rest_client [req-d62222b4-9300-4fb3-8281-9efe2213a5f5 req-d62222b4-9300-4fb3-8281-9efe2213a5f5 ] Request (ServerActionsTestOtherB:setUpClass): 200 GET http://10.180.1.21/compute/v2.1/servers/5d046fca-28c0-48d3-b868-214bc4e7649b/os-interface 2.468s
2025-12-15 14:20:01.517 67065 INFO tempest.lib.common.rest_client [req-bd171caf-038c-4c12-93c9-048d8ebe5ce7 req-bd171caf-038c-4c12-93c9-048d8ebe5ce7 ] Request (ServersTestManualDisk:setUpClass): 200 GET http://10.180.1.21/compute/v2.1/servers/6352ed20-fbe8-4851-8787-5de970a48bf4 2.431s
2025-12-15 14:20:01.523 67033 INFO tempest.lib.common.rest_client [req-eb889604-2583-451c-8052-9646a1c71e66 req-eb889604-2583-451c-8052-9646a1c71e66 ] Request (ServersTestBootFromVolume:setUpClass): 201 POST http://10.180.1.21/identity/v3/auth/tokens 0.074s
2025-12-15 14:20:01.553 67033 INFO tempest.lib.common.rest_client [req-e5431fca-1545-4e27-b7ba-a33911658b7b req-e5431fca-1545-4e27-b7ba-a33911658b7b ] Request (ServersTestBootFromVolume:setUpClass): 201 POST http://10.180.1.21/identity/v3/auth/tokens 0.026s
2025-12-15 14:20:01.577 67033 INFO tempest.lib.common.rest_client [req-c376eeeb-28f7-4e95-8a62-938d01176dbd req-c376eeeb-28f7-4e95-8a62-938d01176dbd ] Request (ServersTestBootFromVolume:setUpClass): 200 GET http://10.180.1.21/identity/v3/domains?name=Default 0.024s
2025-12-15 14:20:01.582 67085 INFO tempest.lib.common.rest_client [req-535731bb-6152-4447-a0c8-fe0a07629f51 req-535731bb-6152-4447-a0c8-fe0a07629f51 ] Request (ListServerFiltersTestJSON:test_list_servers_filter_by_flavor): 200 GET http://10.180.1.21/compute/v2.1/servers?flavor=84 2.475s
2025-12-15 14:20:01.591 67055 INFO tempest.lib.common.rest_client [req-3d4f7fd0-1a88-4e2a-a83b-3336bbba8482 req-3d4f7fd0-1a88-4e2a-a83b-3336bbba8482 ] Request (TenantUsagesNegativeTestJSON:test_get_usage_tenant_with_invalid_date): 400 GET http://10.180.1.21/compute/v2.1/os-simple-tenant-usage/b1119102db1e40a98678ac7bf4161363?start=2025-12-16T14%3A19%3A56.789291&end=2025-12-14T14%3A19%3A56.789291 2.352s
2025-12-15 14:20:01.617 67033 INFO tempest.lib.common.rest_client [req-33718106-ad57-44e3-9682-598818329b25 req-33718106-ad57-44e3-9682-598818329b25 ] Request (ServersTestBootFromVolume:setUpClass): 201 POST http://10.180.1.21/identity/v3/projects 0.039s
2025-12-15 14:20:01.638 67092 INFO tempest.lib.common.rest_client [req-ada4c75c-d100-4f45-bed0-d1601268caef req-ada4c75c-d100-4f45-bed0-d1601268caef ] Request (AttachInterfacesV270Test:tearDownClass): 200 GET http://10.180.1.21/compute/v2.1/servers/8fc11976-a4e2-49c4-8992-b73e7a14c4a9 2.461s
2025-12-15 14:20:01.697 67033 INFO tempest.lib.common.rest_client [req-dcbf63b7-54f5-4e44-bb41-36418aa71862 req-dcbf63b7-54f5-4e44-bb41-36418aa71862 ] Request (ServersTestBootFromVolume:setUpClass): 201 POST http://10.180.1.21/identity/v3/users 0.079s
2025-12-15 14:20:01.703 67037 INFO tempest.lib.common.rest_client [req-ccb02710-77a9-4f10-973d-c9ae56b80ea3 req-ccb02710-77a9-4f10-973d-c9ae56b80ea3 ] Request (ServerActionsV293TestJSON:setUpClass): 200 GET http://10.180.1.21/volume/v3/volumes/1d99ce85-d4c3-45ec-8adf-f6305716ab87 0.028s
2025-12-15 14:20:01.723 67033 INFO tempest.lib.common.rest_client [req-7b4d349f-5453-4be5-81f8-dbafabe22ffc req-7b4d349f-5453-4be5-81f8-dbafabe22ffc ] Request (ServersTestBootFromVolume:setUpClass): 200 GET http://10.180.1.21/identity/v3/roles 0.025s
2025-12-15 14:20:01.758 67047 INFO tempest.lib.common.rest_client [req-89fe17c3-6df3-49da-b59b-63c8a803ae89 req-89fe17c3-6df3-49da-b59b-63c8a803ae89 ] Request (SecurityGroupRulesNegativeTestJSON:test_create_security_group_rule_with_invalid_port_range): 400 POST http://10.180.1.21/compute/v2.1/os-security-group-rules 2.362s
2025-12-15 14:20:01.779 67087 INFO tempest.lib.common.rest_client [req-f01170eb-e0fb-447f-9b05-a909fa76dfff req-f01170eb-e0fb-447f-9b05-a909fa76dfff ] Request (FloatingIPsAssociationNegativeTestJSON:test_associate_nonexistent_floating_ip): 404 POST http://10.180.1.21/compute/v2.1/servers/9f3fea81-9413-4ea6-9e60-930b7922fb76/action 2.536s
2025-12-15 14:20:01.780 67033 INFO tempest.lib.common.rest_client [req-83e5edb9-c996-4126-a645-88a22f2a6915 req-83e5edb9-c996-4126-a645-88a22f2a6915 ] Request (ServersTestBootFromVolume:setUpClass): 204 PUT http://10.180.1.21/identity/v3/projects/7826caee7c9e47398b932047f07475a7/users/7622e6c9175a48b28ee45532e3a9ae5a/roles/be12d99464854a3a98e36b37a4710508 0.056s
2025-12-15 14:20:01.780 67033 INFO tempest.lib.common.dynamic_creds [-] Dynamic test user 7622e6c9175a48b28ee45532e3a9ae5a is created with scope project and roles: ['member']
2025-12-15 14:20:01.780 67033 INFO tempest.lib.common.dynamic_creds [-] Acquired dynamic creds: credentials: Credentials: {'domain_id': 'default', 'domain_name': 'Default', 'username': 'tempest-ServersTestBootFromVolume-1469906591-project-member', 'project_domain_id': 'default', 'project_domain_name': 'Default', 'project_id': '7826caee7c9e47398b932047f07475a7', 'project_name': 'tempest-ServersTestBootFromVolume-1469906591', 'tenant_id': '7826caee7c9e47398b932047f07475a7', 'tenant_name': 'tempest-ServersTestBootFromVolume-1469906591', 'user_domain_id': 'default', 'user_domain_name': 'Default', 'user_id': '7622e6c9175a48b28ee45532e3a9ae5a', 'system': None}, Network: None, Subnet: None, Router: None
2025-12-15 14:20:01.892 67033 INFO tempest.lib.common.rest_client [req-6f39c476-c88c-4ade-bfb5-2bbad294da73 req-6f39c476-c88c-4ade-bfb5-2bbad294da73 ] Request (ServersTestBootFromVolume:setUpClass): 201 POST http://10.180.1.21/identity/v3/auth/tokens 0.111s
2025-12-15 14:20:02.111 67031 INFO tempest.lib.common.rest_client [req-7a6dce38-b5b4-4835-b7fc-e2053a8b7348 req-7a6dce38-b5b4-4835-b7fc-e2053a8b7348 ] Request (ServerActionsTestOtherB:setUpClass): 200 PUT http://10.180.1.21/networking/v2.0/floatingips/43dab6b8-7942-4a27-bf93-b137ee18c833 0.655s
2025-12-15 14:20:02.112 67031 INFO tempest.lib.common.ssh [-] Creating ssh connection to '10.180.180.253:22' as 'cirros' with public key authentication
2025-12-15 14:20:02.441 67083 INFO tempest.lib.common.rest_client [req-4eaa6aa3-ce5b-4518-83e1-5078fead4821 req-4eaa6aa3-ce5b-4518-83e1-5078fead4821 ] Request (ServerMetadataTestJSON:setUpClass): 200 GET http://10.180.1.21/compute/v2.1/servers/8821559b-550d-4dde-a7d6-735a74c27f6f 2.698s
2025-12-15 14:20:02.452 67083 INFO tempest.common.waiters [-] State transition "BUILD/spawning" ==> "ACTIVE/None" after 39 second wait
2025-12-15 14:20:02.471 67033 INFO tempest.lib.common.rest_client [req-7f5f29ef-d3cf-4243-bd37-50780e8679d9 req-7f5f29ef-d3cf-4243-bd37-50780e8679d9 ] Request (ServersTestBootFromVolume:setUpClass): 201 POST http://10.180.1.21/networking/v2.0/networks 0.579s
2025-12-15 14:20:02.521 67077 WARNING tempest.lib.common.ssh [-] Failed to establish authenticated ssh connection to cirros@10.180.180.161 ([Errno None] Unable to connect to port 22 on 10.180.180.161). Number attempts: 1. Retry after 2 seconds.: paramiko.ssh_exception.NoValidConnectionsError: [Errno None] Unable to connect to port 22 on 10.180.180.161
2025-12-15 14:20:02.569 67081 INFO tempest.lib.common.rest_client [req-fd16d1fe-2699-40cb-8b5d-8b5d77a27181 req-fd16d1fe-2699-40cb-8b5d-8b5d77a27181 ] Request (FloatingIPDetailsTestJSON:test_get_floating_ip_details): 200 POST http://10.180.1.21/compute/v2.1/os-floating-ips 2.830s
2025-12-15 14:20:02.596 67059 INFO tempest.lib.common.rest_client [req-ede8f56a-a859-4722-a3d8-ecc430896fdc req-ede8f56a-a859-4722-a3d8-ecc430896fdc ] Request (ServersTestFqdnHostnames:test_create_server_with_fqdn_name): 200 GET http://10.180.1.21/compute/v2.1/servers/33f7f46c-f887-4efb-8824-f1e0b69311b0 2.731s
2025-12-15 14:20:02.654 67090 INFO tempest.lib.common.rest_client [req-bf918dbb-2f32-4892-9f38-7b86851bb21f req-bf918dbb-2f32-4892-9f38-7b86851bb21f ] Request (ServersTestMultiNic:test_verify_multiple_nics_order): 200 GET http://10.180.1.21/compute/v2.1/servers/6bd657dd-b02f-4144-90b6-9aac87af7da4 2.698s
2025-12-15 14:20:02.691 67033 INFO tempest.lib.common.rest_client [req-21df23b7-b838-40f2-b186-7fd5a422a97d req-21df23b7-b838-40f2-b186-7fd5a422a97d ] Request (ServersTestBootFromVolume:setUpClass): 201 POST http://10.180.1.21/networking/v2.0/subnets 0.219s
2025-12-15 14:20:02.712 67075 INFO tempest.lib.common.rest_client [req-ea1889b3-1cf9-43f6-8729-a52ff816075a req-ea1889b3-1cf9-43f6-8729-a52ff816075a ] Request (ServerActionsTestJSON:setUpClass): 200 GET http://10.180.1.21/compute/v2.1/servers/b46fc148-050f-4e12-b07d-14b79c94feb7 2.247s
2025-12-15 14:20:02.759 67037 INFO tempest.lib.common.rest_client [req-65d5f145-587a-481c-b1a0-0e206a862bf5 req-65d5f145-587a-481c-b1a0-0e206a862bf5 ] Request (ServerActionsV293TestJSON:setUpClass): 200 GET http://10.180.1.21/volume/v3/volumes/1d99ce85-d4c3-45ec-8adf-f6305716ab87 0.044s
2025-12-15 14:20:02.978 67049 INFO tempest.lib.common.rest_client [req-2f67612b-c557-4ba4-87fb-c6372f697ab9 req-2f67612b-c557-4ba4-87fb-c6372f697ab9 ] Request (QuotasAdminTestJSON:_run_cleanups): 200 PUT http://10.180.1.21/compute/v2.1/os-quota-sets/bd767d0badb548d68a47fe9d35453315 3.023s
2025-12-15 14:20:03.073 67049 INFO tempest.lib.common.rest_client [req-090e8f82-a31f-4503-819d-c33f4e4627d9 req-090e8f82-a31f-4503-819d-c33f4e4627d9 ] Request (QuotasAdminTestJSON:tearDownClass): 204 DELETE http://10.180.1.21/identity/v3/users/6a402c9fc2674ecc940fac25738794dc 0.088s
2025-12-15 14:20:03.081 67071 INFO tempest.lib.common.rest_client [req-aa1f5760-4c3d-4a55-ba35-1b07798f8d6f req-aa1f5760-4c3d-4a55-ba35-1b07798f8d6f ] Request (DeleteServersAdminTestJSON:test_delete_server_while_in_error_state): 204 DELETE http://10.180.1.21/compute/v2.1/servers/59bf87f7-3e35-4ac1-bdca-c1a0a3e5ade3 2.467s
2025-12-15 14:20:03.165 67061 INFO tempest.lib.common.rest_client [req-461f3265-d079-4688-adde-fa6a8900f807 req-461f3265-d079-4688-adde-fa6a8900f807 ] Request (FloatingIPsAssociationTestJSON:_run_cleanups): 204 DELETE http://10.180.1.21/compute/v2.1/servers/9f6caf45-dda7-46a2-9a76-4fe52f559b0a 2.330s
2025-12-15 14:20:03.203 67049 INFO tempest.lib.common.rest_client [req-4b6d1da8-469f-41dc-b6bb-270f88ff76c9 req-4b6d1da8-469f-41dc-b6bb-270f88ff76c9 ] Request (QuotasAdminTestJSON:tearDownClass): 204 DELETE http://10.180.1.21/identity/v3/users/3a2fdf86172d4a3ba4c9b7b4c4cdcf11 0.129s
2025-12-15 14:20:03.203 67049 INFO tempest.lib.common.dynamic_creds [-] Deleting project and security group for project: c55c9c7278954991969a66c179da784a
2025-12-15 14:20:03.281 67049 INFO tempest.lib.common.rest_client [req-fa129a38-379b-4365-b285-7bed77dccbf1 req-fa129a38-379b-4365-b285-7bed77dccbf1 ] Request (QuotasAdminTestJSON:tearDownClass): 201 POST http://10.180.1.21/identity/v3/auth/tokens 0.077s
2025-12-15 14:20:03.309 67039 INFO tempest.lib.common.rest_client [req-b2d46de5-ef79-4b66-a42c-b35e4dc575ae req-b2d46de5-ef79-4b66-a42c-b35e4dc575ae ] Request (ServersAdminTestJSON:test_inject_network_info): 200 GET http://10.180.1.21/compute/v2.1/servers/f27abacf-f798-4d1d-8d21-5ed26c59218f 2.144s
2025-12-15 14:20:03.337 67069 INFO tempest.lib.common.rest_client [req-a398f2ea-f19d-4d86-939a-5c695f639a8d req-a398f2ea-f19d-4d86-939a-5c695f639a8d ] Request (InstanceActionsV221TestJSON:tearDownClass): 404 DELETE http://10.180.1.21/compute/v2.1/servers/24093485-394a-400e-94bf-d65fe5570b31 2.124s
