2025-12-15 14:19:04.309 67049 INFO tempest.lib.common.rest_client [req-a0a4b9f3-a505-4c3c-8468-6fb0891f398d req-a0a4b9f3-a505-4c3c-8468-6fb0891f398d ] Request (QuotasAdminTestJSON:setUpClass): 204 PUT http://10.180.1.21/identity/v3/projects/c55c9c7278954991969a66c179da784a/users/3a2fdf86172d4a3ba4c9b7b4c4cdcf11/roles/3911e06b7bbe4ab1be0daade74ab629f 0.033s
2025-12-15 14:19:04.310 67049 INFO tempest.lib.common.dynamic_creds [-] Dynamic test user 3a2fdf86172d4a3ba4c9b7b4c4cdcf11 is created with scope project and roles: ['admin']
2025-12-15 14:19:04.310 67049 INFO tempest.lib.common.dynamic_creds [-] Acquired dynamic creds: credentials: Credentials: {'domain_id': 'default', 'domain_name': 'Default', 'username': 'tempest-QuotasAdminTestJSON-31265238-project-admin', 'project_domain_id': 'default', 'project_domain_name': 'Default', 'project_id': 'c55c9c7278954991969a66c179da784a', 'project_name': 'tempest-QuotasAdminTestJSON-31265238', 'tenant_id': 'c55c9c7278954991969a66c179da784a', 'tenant_name': 'tempest-QuotasAdminTestJSON-31265238', 'user_domain_id': 'default', 'user_domain_name': 'Default', 'user_id': '3a2fdf86172d4a3ba4c9b7b4c4cdcf11', 'system': None}, Network: None, Subnet: None, Router: None
2025-12-15 14:19:04.310 67049 INFO tempest.lib.common.dynamic_creds [-] Created isolated network resources for: credentials: Credentials: {'domain_id': 'default', 'domain_name': 'Default', 'username': 'tempest-QuotasAdminTestJSON-31265238-project-admin', 'project_domain_id': 'default', 'project_domain_name': 'Default', 'project_id': 'c55c9c7278954991969a66c179da784a', 'project_name': 'tempest-QuotasAdminTestJSON-31265238', 'tenant_id': 'c55c9c7278954991969a66c179da784a', 'tenant_name': 'tempest-QuotasAdminTestJSON-31265238', 'user_domain_id': 'default', 'user_domain_name': 'Default', 'user_id': '3a2fdf86172d4a3ba4c9b7b4c4cdcf11', 'system': None}, Network: None, Subnet: None, Router: None
2025-12-15 14:19:04.357 67069 INFO tempest.lib.common.rest_client [req-333c145c-04c8-483f-88e1-05d1bbf26113 req-333c145c-04c8-483f-88e1-05d1bbf26113 ] Request (InstanceActionsV221TestJSON:test_get_list_deleted_instance_actions): 200 GET http://10.180.1.21/compute/v2.1/servers/24093485-394a-400e-94bf-d65fe5570b31 4.047s
2025-12-15 14:19:04.378 67045 INFO tempest.lib.common.rest_client [req-21a7400e-bfb8-44bd-bf12-b16c832be2d3 req-21a7400e-bfb8-44bd-bf12-b16c832be2d3 ] Request (HostsAdminNegativeTestJSON:test_startup_nonexistent_host): 404 GET http://10.180.1.21/compute/v2.1/os-hosts/nonexistent_hostname/startup 3.977s
2025-12-15 14:19:04.401 67033 INFO tempest.lib.common.rest_client [req-155d7125-90d1-419a-bde9-596a2d060712 req-155d7125-90d1-419a-bde9-596a2d060712 ] Request (FlavorsV2TestJSON:test_list_flavors_detailed_filter_by_min_ram): 200 GET http://10.180.1.21/compute/v2.1/flavors/42 3.995s
2025-12-15 14:19:04.415 67029 INFO tempest.lib.common.rest_client [req-a0080209-a492-42d3-9238-0d7f756e3603 req-a0080209-a492-42d3-9238-0d7f756e3603 ] Request (AggregatesAdminNegativeTestJSON:test_aggregate_create_as_user): 403 POST http://10.180.1.21/compute/v2.1/os-aggregates 4.006s
2025-12-15 14:19:04.439 67049 INFO tempest.lib.common.rest_client [req-fb5c456b-3d18-4fd4-bb4b-3636f4085faf req-fb5c456b-3d18-4fd4-bb4b-3636f4085faf ] Request (QuotasAdminTestJSON:setUpClass): 201 POST http://10.180.1.21/identity/v3/auth/tokens 0.124s
2025-12-15 14:19:04.440 67049 WARNING tempest.lib.common.rest_client [-] Deprecated: "tenant_id" property is deprecated for removal, use "project_id" instead
2025-12-15 14:19:04.450 67073 INFO tempest.lib.common.rest_client [req-971e78d1-801a-4717-9e4b-f8a21dead06f req-971e78d1-801a-4717-9e4b-f8a21dead06f ] Request (FlavorsAdminTestJSON:_run_cleanups): 202 DELETE http://10.180.1.21/compute/v2.1/flavors/a94f7158-150c-4cf4-aa67-b3c816904cc2 4.015s
2025-12-15 14:19:04.870 67035 INFO tempest.lib.common.rest_client [req-10d82680-b683-4bbf-affe-addb59b5ba72 req-10d82680-b683-4bbf-affe-addb59b5ba72 ] Request (VolumesAssistedSnapshotsTest:test_volume_assisted_snapshot_create_delete): 200 GET http://10.180.1.21/compute/v2.1/servers/8af320f8-9a0a-4b8d-98c9-a9e6f790b41b 4.543s
2025-12-15 14:19:04.879 67035 INFO tempest.common.waiters [-] State transition "BUILD/spawning" ==> "ACTIVE/None" after 34 second wait
2025-12-15 14:19:05.101 67079 INFO tempest.lib.common.rest_client [req-9de27362-d23b-45d8-a479-eed2a21a52c2 req-9de27362-d23b-45d8-a479-eed2a21a52c2 ] Request (ServerDiskConfigTestJSON:test_rebuild_server_with_auto_disk_config): 200 GET http://10.180.1.21/compute/v2.1/servers/e3e3670c-b615-4486-a71c-044eafd9fad3 4.508s
2025-12-15 14:19:05.111 67079 INFO tempest.common.waiters [-] State transition "BUILD/spawning" ==> "ACTIVE/None" after 34 second wait
2025-12-15 14:19:05.122 67092 INFO tempest.lib.common.rest_client [req-cfa1af88-c0fc-4d6c-b785-cbcdc2c21f8a req-cfa1af88-c0fc-4d6c-b785-cbcdc2c21f8a ] Request (AttachInterfacesV270Test:test_create_get_list_interfaces): 200 GET http://10.180.1.21/compute/v2.1/servers/8fc11976-a4e2-49c4-8992-b73e7a14c4a9 4.420s
2025-12-15 14:19:05.133 67092 INFO tempest.common.waiters [-] State transition "BUILD/scheduling" ==> "BUILD/None" after 6 second wait
2025-12-15 14:19:05.149 67047 INFO tempest.lib.common.rest_client [req-84d42d8b-6cf7-4535-a536-176fc6a90863 req-84d42d8b-6cf7-4535-a536-176fc6a90863 ] Request (QuotaClassesAdmin257Test:test_update_default_quotas): 200 GET http://10.180.1.21/compute/v2.1/os-quota-class-sets/default 4.188s
2025-12-15 14:19:05.602 67090 INFO tempest.lib.common.rest_client [req-d7bde8b6-0b30-4659-b9ee-4b405b9a0bfb req-d7bde8b6-0b30-4659-b9ee-4b405b9a0bfb ] Request (ServersTestMultiNic:_run_cleanups): 200 GET http://10.180.1.21/compute/v2.1/servers/4c3530ae-8d00-43e6-affb-8daddeece22b 4.669s
2025-12-15 14:19:05.612 67031 INFO tempest.lib.common.rest_client [req-bf5b3863-8d7c-4da3-b6d2-6a2e17ff4644 req-bf5b3863-8d7c-4da3-b6d2-6a2e17ff4644 ] Request (ServerActionsTestOtherB:setUpClass): 201 POST http://10.180.1.21/networking/v2.0/routers 1.330s
2025-12-15 14:19:05.626 67085 INFO tempest.lib.common.rest_client [req-c925b34e-43d5-490d-b520-7b845a889742 req-c925b34e-43d5-490d-b520-7b845a889742 ] Request (ListServerFiltersTestJSON:setUpClass): 200 GET http://10.180.1.21/compute/v2.1/servers/2ae6aee0-531e-45e3-9562-da1341d4f55a 4.524s
2025-12-15 14:19:05.635 67085 INFO tempest.common.waiters [-] State transition "BUILD/None" ==> "BUILD/spawning" after 28 second wait
2025-12-15 14:19:05.669 67061 INFO tempest.lib.common.rest_client [req-112931e1-52c5-417e-a940-7ff4826a5743 req-112931e1-52c5-417e-a940-7ff4826a5743 ] Request (FloatingIPsAssociationTestJSON:test_associate_already_associated_floating_ip): 200 GET http://10.180.1.21/compute/v2.1/servers/9f6caf45-dda7-46a2-9a76-4fe52f559b0a 4.502s
2025-12-15 14:19:05.713 67063 INFO tempest.lib.common.rest_client [req-07390740-5210-43fa-aa23-3934d8c1b809 req-07390740-5210-43fa-aa23-3934d8c1b809 ] Request (ImagesNegativeTestJSON:test_create_image_from_deleted_server): 200 GET http://10.180.1.21/compute/v2.1/servers/dd196a8e-09a3-484d-b568-790f8f54ad51 4.471s
2025-12-15 14:19:05.970 67041 INFO tempest.lib.common.rest_client [req-c96c9a41-d5aa-4f69-b20d-c2916ccc77c2 req-c96c9a41-d5aa-4f69-b20d-c2916ccc77c2 ] Request (MigrationsAdminTest:test_list_migrations_in_flavor_resize_situation): 200 GET http://10.180.1.21/compute/v2.1/servers/269e4d4e-2948-482d-b94f-359b99dd44ef 4.591s
2025-12-15 14:19:06.082 67077 INFO tempest.lib.common.rest_client [req-6d9f389b-bdb9-4081-b065-519d7d5181a2 req-6d9f389b-bdb9-4081-b065-519d7d5181a2 ] Request (AttachVolumeShelveTestJSON:test_attach_volume_shelved_or_offload_server): 200 GET http://10.180.1.21/compute/v2.1/servers/2fa491df-bd37-40a2-88ad-a4310b5ea9ac 4.679s
2025-12-15 14:19:06.092 67077 INFO tempest.common.waiters [-] State transition "BUILD/scheduling" ==> "BUILD/None" after 6 second wait
2025-12-15 14:19:06.163 67043 INFO tempest.lib.common.rest_client [req-62dbdce2-1c67-446e-bdf9-1e83c7445b2a req-62dbdce2-1c67-446e-bdf9-1e83c7445b2a ] Request (VolumesAdminNegativeTest:tearDownClass): 204 DELETE http://10.180.1.21/compute/v2.1/servers/7a2e0631-f687-44df-a1e9-62582c0907f9 4.748s
2025-12-15 14:19:06.197 67039 INFO tempest.lib.common.rest_client [req-b5503134-b949-471e-af70-d69a7a6360a3 req-b5503134-b949-471e-af70-d69a7a6360a3 ] Request (ServersAdminTestJSON:test_create_server_with_scheduling_hint): 202 POST http://10.180.1.21/compute/v2.1/servers 4.844s
2025-12-15 14:19:06.278 67067 INFO tempest.lib.common.rest_client [req-f26c8e0c-1b6b-498a-b4a8-7c5aac34ee80 req-f26c8e0c-1b6b-498a-b4a8-7c5aac34ee80 ] Request (ServersWithSpecificFlavorTestJSON:test_verify_created_server_ephemeral_disk): 200 GET http://10.180.1.21/compute/v2.1/servers/2060e135-f9be-44f1-9f2f-faf099416aa6 4.440s
2025-12-15 14:19:06.400 67059 INFO tempest.lib.common.rest_client [req-2cf2c48b-06f7-407a-b88e-de762e8a98c1 req-2cf2c48b-06f7-407a-b88e-de762e8a98c1 ] Request (TenantUsagesTestJSON:tearDownClass): 200 GET http://10.180.1.21/compute/v2.1/servers/7d8833b0-24c8-4ead-88d2-39862da9ac0f 4.500s
2025-12-15 14:19:06.407 67059 INFO tempest.common.waiters [-] State transition "ACTIVE/deleting" ==> "DELETED/None" after 6 second wait
2025-12-15 14:19:06.454 67083 INFO tempest.lib.common.rest_client [req-7a76b704-46b4-4fb9-a7fb-e174633b9e4d req-7a76b704-46b4-4fb9-a7fb-e174633b9e4d ] Request (QuotasAdminNegativeTest:test_create_server_when_memory_quota_is_full): 403 POST http://10.180.1.21/compute/v2.1/servers 4.827s
2025-12-15 14:19:06.574 67031 INFO tempest.lib.common.rest_client [req-cc279f43-320a-4ea8-b779-04d202d4df3e req-cc279f43-320a-4ea8-b779-04d202d4df3e ] Request (ServerActionsTestOtherB:setUpClass): 200 PUT http://10.180.1.21/networking/v2.0/routers/4c1adaad-6260-4b11-98cb-39936563bb9f/add_router_interface 0.961s
2025-12-15 14:19:06.574 67031 INFO tempest.lib.common.dynamic_creds [-] Created isolated network resources for: credentials: Credentials: {'domain_id': 'default', 'domain_name': 'Default', 'username': 'tempest-ServerActionsTestOtherB-509924811-project-member', 'project_domain_id': 'default', 'project_domain_name': 'Default', 'project_id': '1198c2765253499cbe2d6307c4ca7260', 'project_name': 'tempest-ServerActionsTestOtherB-509924811', 'tenant_id': '1198c2765253499cbe2d6307c4ca7260', 'tenant_name': 'tempest-ServerActionsTestOtherB-509924811', 'user_domain_id': 'default', 'user_domain_name': 'Default', 'user_id': '88cb136b28ee4f308164cc3c59b1512e', 'system': None}, Network: {'id': 'aee732d6-6b08-4d85-8877-97b658b0c513', 'name': 'tempest-ServerActionsTestOtherB-833470183-network', 'tenant_id': '1198c2765253499cbe2d6307c4ca7260', 'project_id': '1198c2765253499cbe2d6307c4ca7260', 'admin_state_up': True, 'mtu': 8950, 'status': 'ACTIVE', 'subnets': [], 'shared': False, 'port_security_enabled': True, 'router:external': False, 'provider:network_type': 'vlan', 'provider:physical_network': 'default', 'provider:segmentation_id': 459, 'availability_zone_hints': [], 'availability_zones': [], 'ipv4_address_scope': None, 'ipv6_address_scope': None, 'description': '', 'tags': [], 'created_at': '2025-12-15T14:19:03Z', 'updated_at': '2025-12-15T14:19:03Z', 'revision_number': 1}, Subnet: {'id': 'c8e288ce-6150-4fd0-94ac-f9f51e51489a', 'name': 'tempest-ServerActionsTestOtherB-833470183-subnet', 'tenant_id': '1198c2765253499cbe2d6307c4ca7260', 'network_id': 'aee732d6-6b08-4d85-8877-97b658b0c513', 'ip_version': 4, 'subnetpool_id': None, 'enable_dhcp': True, 'ipv6_ra_mode': None, 'ipv6_address_mode': None, 'gateway_ip': '192.168.128.1', 'cidr': '192.168.128.0/28', 'allocation_pools': [{'start': '192.168.128.2', 'end': '192.168.128.14'}], 'host_routes': [], 'dns_nameservers': [], 'description': '', 'router:external': False, 'service_types': [], 'tags': [], 'created_at': '2025-12-15T14:19:03Z', 'updated_at': '2025-12-15T14:19:03Z', 'revision_number': 0, 'project_id': '1198c2765253499cbe2d6307c4ca7260'}, Router: {'id': '4c1adaad-6260-4b11-98cb-39936563bb9f', 'name': 'tempest-ServerActionsTestOtherB-833470183-router', 'tenant_id': '1198c2765253499cbe2d6307c4ca7260', 'admin_state_up': True, 'status': 'ACTIVE', 'external_gateway_info': {'network_id': '7170bd9b-d34a-47f2-bb2b-6be17792d707', 'external_fixed_ips': [{'subnet_id': '123a052d-5733-40cf-95b2-423ad0e6c63d', 'ip_address': '10.180.180.191'}], 'enable_snat': True}, 'description': '', 'availability_zones': [], 'distributed': False, 'ha': False, 'availability_zone_hints': [], 'routes': [], 'flavor_id': None, 'tags': [], 'created_at': '2025-12-15T14:19:04Z', 'updated_at': '2025-12-15T14:19:05Z', 'revision_number': 2, 'project_id': '1198c2765253499cbe2d6307c4ca7260'}
2025-12-15 14:19:06.668 67071 INFO tempest.lib.common.rest_client [req-64620150-a87c-4873-a6c9-3c9c9515de70 req-64620150-a87c-4873-a6c9-3c9c9515de70 ] Request (DeleteServersAdminTestJSON:test_delete_server_while_in_error_state): 200 GET http://10.180.1.21/compute/v2.1/servers/59bf87f7-3e35-4ac1-bdca-c1a0a3e5ade3 4.363s
2025-12-15 14:19:06.681 67071 INFO tempest.common.waiters [-] State transition "BUILD/scheduling" ==> "BUILD/None" after 5 second wait
2025-12-15 14:19:06.693 67031 INFO tempest.lib.common.rest_client [req-1e279286-470b-4ac4-acd4-1ba3b4dedbd6 req-1e279286-470b-4ac4-acd4-1ba3b4dedbd6 ] Request (ServerActionsTestOtherB:setUpClass): 201 POST http://10.180.1.21/identity/v3/auth/tokens 0.115s
2025-12-15 14:19:06.695 67053 INFO tempest.lib.common.rest_client [req-63e0bc21-0a39-4042-af00-7d8fb1146782 req-63e0bc21-0a39-4042-af00-7d8fb1146782 ] Request (ServersTestJSON:setUpClass): 200 GET http://10.180.1.21/compute/v2.1/servers/4b7fd5bc-346a-47e6-bc72-1b460a7b2cf3 4.458s
2025-12-15 14:19:06.705 67053 INFO tempest.lib.common.ssh [-] Creating ssh connection to '10.180.180.145:22' as 'cirros' with public key authentication
2025-12-15 14:19:06.736 67081 INFO tempest.lib.common.rest_client [req-8c461e91-e6dd-4ba1-8e6c-ba69cf8eb145 req-8c461e91-e6dd-4ba1-8e6c-ba69cf8eb145 ] Request (FlavorsExtraSpecsNegativeTestJSON:test_flavor_non_admin_unset_keys): 200 POST http://10.180.1.21/compute/v2.1/flavors/1305497588/os-extra_specs 3.827s
2025-12-15 14:19:06.809 67037 INFO tempest.lib.common.rest_client [req-dc2ca31e-4f41-48b7-84c7-e558b3d73e68 req-dc2ca31e-4f41-48b7-84c7-e558b3d73e68 ] Request (FloatingIPsTestJSON:test_allocate_floating_ip): 200 GET http://10.180.1.21/compute/v2.1/os-floating-ips/09fc8227-81c5-46f2-86f1-a8d909c6fcf7 4.082s
2025-12-15 14:19:06.925 67075 INFO tempest.lib.common.rest_client [req-9a1aa187-e265-4991-abb6-69b6676692a9 req-9a1aa187-e265-4991-abb6-69b6676692a9 ] Request (ServicesAdminNegativeTestJSON:test_list_services_with_non_admin_user): 403 GET http://10.180.1.21/compute/v2.1/os-services 3.981s
2025-12-15 14:19:06.982 67051 INFO tempest.lib.common.rest_client [req-dd2103b7-9d65-4b02-95ed-1726ce2bb169 req-dd2103b7-9d65-4b02-95ed-1726ce2bb169 ] Request (SecurityGroupRulesTestJSON:test_security_group_rules_list): 200 POST http://10.180.1.21/compute/v2.1/os-security-group-rules 3.999s
2025-12-15 14:19:07.087 67075 INFO tempest.lib.common.rest_client [req-49c1ccfb-240e-468c-bf5a-7c878d91bd35 req-49c1ccfb-240e-468c-bf5a-7c878d91bd35 ] Request (ServicesAdminNegativeTestJSON:tearDownClass): 204 DELETE http://10.180.1.21/identity/v3/users/b32141c8c3ea41e8ab8cdaa866693564 0.160s
2025-12-15 14:19:07.148 67093 INFO tempest.lib.common.rest_client [req-659e9a43-359c-409c-a598-cd2daba982ab req-659e9a43-359c-409c-a598-cd2daba982ab ] Request (ImagesOneServerTestJSON:setUpClass): 200 GET http://10.180.1.21/compute/v2.1/servers/7cfb7220-2f7b-4806-941e-58bda40997fa 3.243s
2025-12-15 14:19:07.154 67045 INFO tempest.lib.common.rest_client [req-6a1f4ed2-a4b0-4ee3-8888-3c431bbb2eea req-6a1f4ed2-a4b0-4ee3-8888-3c431bbb2eea ] Request (HostsAdminNegativeTestJSON:test_update_host_with_invalid_maintenance_mode): 400 PUT http://10.180.1.21/compute/v2.1/os-hosts/devstack 2.775s
2025-12-15 14:19:07.185 67087 INFO tempest.lib.common.rest_client [req-33985031-568d-4aff-87b8-eb658303a878 req-33985031-568d-4aff-87b8-eb658303a878 ] Request (FloatingIPsAssociationNegativeTestJSON:setUpClass): 200 GET http://10.180.1.21/compute/v2.1/servers/9f3fea81-9413-4ea6-9e60-930b7922fb76 3.605s
2025-12-15 14:19:07.192 67033 INFO tempest.lib.common.rest_client [req-d1a45d6e-61e3-4b3d-83fe-9959365ad00f req-d1a45d6e-61e3-4b3d-83fe-9959365ad00f ] Request (FlavorsV2TestJSON:test_list_flavors_detailed_filter_by_min_ram): 200 GET http://10.180.1.21/compute/v2.1/flavors/detail?minRam=193 2.786s
2025-12-15 14:19:07.219 67073 INFO tempest.lib.common.rest_client [req-3bb57c8e-9083-4b1a-ba09-8e76a20e8d1a req-3bb57c8e-9083-4b1a-ba09-8e76a20e8d1a ] Request (FlavorsAdminTestJSON:_run_cleanups): 200 GET http://10.180.1.21/compute/v2.1/flavors/detail 2.768s
2025-12-15 14:19:07.226 67029 INFO tempest.lib.common.rest_client [req-93acc83f-606b-4927-9961-163b96c6f0f9 req-93acc83f-606b-4927-9961-163b96c6f0f9 ] Request (AggregatesAdminNegativeTestJSON:test_aggregate_create_with_existent_aggregate_name): 200 POST http://10.180.1.21/compute/v2.1/os-aggregates 2.809s
2025-12-15 14:19:07.236 67075 INFO tempest.lib.common.rest_client [req-fcc843cd-681f-47b7-939a-48d5f2d7da1c req-fcc843cd-681f-47b7-939a-48d5f2d7da1c ] Request (ServicesAdminNegativeTestJSON:tearDownClass): 204 DELETE http://10.180.1.21/identity/v3/users/5fff8cb3191645128238cea8030dc1d2 0.148s
2025-12-15 14:19:07.236 67075 INFO tempest.lib.common.dynamic_creds [-] Deleting project and security group for project: 017b9abd00444db8ad32c6dca04d9db0
2025-12-15 14:19:07.246 67065 INFO tempest.lib.common.rest_client [req-b6b4f020-cf3f-4606-a7b8-0823f9755771 req-b6b4f020-cf3f-4606-a7b8-0823f9755771 ] Request (ServerDiagnosticsTest:tearDownClass): 404 GET http://10.180.1.21/compute/v2.1/servers/ce56a723-5f16-4591-a392-c1e6cf107518 2.591s
2025-12-15 14:19:07.353 67075 INFO tempest.lib.common.rest_client [req-5b12c003-24cc-4522-a287-598fac11a8bf req-5b12c003-24cc-4522-a287-598fac11a8bf ] Request (ServicesAdminNegativeTestJSON:tearDownClass): 201 POST http://10.180.1.21/identity/v3/auth/tokens 0.116s
2025-12-15 14:19:07.407 67035 INFO tempest.lib.common.rest_client [req-13dab01e-e9fb-48da-b639-153deaaa0ccd req-13dab01e-e9fb-48da-b639-153deaaa0ccd ] Request (VolumesAssistedSnapshotsTest:test_volume_assisted_snapshot_create_delete): 200 GET http://10.180.1.21/compute/v2.1/servers/8af320f8-9a0a-4b8d-98c9-a9e6f790b41b/os-interface 2.528s
2025-12-15 14:19:07.424 67065 INFO tempest.lib.common.rest_client [req-462f7abd-f5ab-4e3b-8ed2-af1972380bbe req-462f7abd-f5ab-4e3b-8ed2-af1972380bbe ] Request (ServerDiagnosticsTest:tearDownClass): 204 DELETE http://10.180.1.21/identity/v3/users/63514c885cc645deb4bc4c3a17de0d11 0.177s
2025-12-15 14:19:07.531 67065 INFO tempest.lib.common.rest_client [req-7accdf37-f78a-4e95-96af-c7c89afb3db8 req-7accdf37-f78a-4e95-96af-c7c89afb3db8 ] Request (ServerDiagnosticsTest:tearDownClass): 204 DELETE http://10.180.1.21/identity/v3/users/b61051bd7d624f5d917cbcb156428f37 0.107s
2025-12-15 14:19:07.531 67065 INFO tempest.lib.common.dynamic_creds [-] Deleting project and security group for project: ccd80573315d483e9c0609a4b871dfdb
2025-12-15 14:19:07.591 67065 INFO tempest.lib.common.rest_client [req-c8d7e484-d631-4f85-b399-557910bef9ad req-c8d7e484-d631-4f85-b399-557910bef9ad ] Request (ServerDiagnosticsTest:tearDownClass): 201 POST http://10.180.1.21/identity/v3/auth/tokens 0.060s
2025-12-15 14:19:07.737 67075 INFO tempest.lib.common.rest_client [req-56942689-0ae6-44bf-adcf-97487560deb0 req-56942689-0ae6-44bf-adcf-97487560deb0 ] Request (ServicesAdminNegativeTestJSON:tearDownClass): 200 GET http://10.180.1.21/networking/v2.0/security-groups?tenant_id=017b9abd00444db8ad32c6dca04d9db0&name=default 0.382s
2025-12-15 14:19:08.305 67035 INFO tempest.lib.common.rest_client [req-6379c6e8-9306-4ee6-81b4-c82ae7715df9 req-6379c6e8-9306-4ee6-81b4-c82ae7715df9 ] Request (VolumesAssistedSnapshotsTest:test_volume_assisted_snapshot_create_delete): 200 PUT http://10.180.1.21/networking/v2.0/floatingips/a5f01a58-2796-484d-b1b0-0ec2065eb982 0.895s
2025-12-15 14:19:08.306 67035 INFO tempest.lib.common.ssh [-] Creating ssh connection to '10.180.180.175:22' as 'cirros' with public key authentication
2025-12-15 14:19:08.353 67055 INFO tempest.lib.common.rest_client [req-439ded02-94a9-415f-aedd-d55a2a0a45c4 req-439ded02-94a9-415f-aedd-d55a2a0a45c4 ] Request (ServerExternalEventsTest:test_create_server_external_events): 200 GET http://10.180.1.21/compute/v2.1/servers/342b517d-73a4-4f3c-80f1-75643a8a4e29 3.534s
2025-12-15 14:19:08.366 67055 INFO tempest.common.waiters [-] State transition "BUILD/None" ==> "BUILD/block_device_mapping" after 21 second wait
2025-12-15 14:19:08.399 67047 INFO tempest.lib.common.rest_client [req-c993fe65-881d-49b3-a218-48a6495318ec req-c993fe65-881d-49b3-a218-48a6495318ec ] Request (QuotaClassesAdmin257Test:_run_cleanups): 200 PUT http://10.180.1.21/compute/v2.1/os-quota-class-sets/default 3.247s
2025-12-15 14:19:08.493 67065 INFO tempest.lib.common.rest_client [req-ac9bed37-04e6-4cab-b6f5-a6d951ce3b90 req-ac9bed37-04e6-4cab-b6f5-a6d951ce3b90 ] Request (ServerDiagnosticsTest:tearDownClass): 200 GET http://10.180.1.21/networking/v2.0/security-groups?tenant_id=ccd80573315d483e9c0609a4b871dfdb&name=default 0.901s
2025-12-15 14:19:08.536 67047 INFO tempest.lib.common.rest_client [req-c34188cf-2cdb-45eb-8d2e-194f123366e5 req-c34188cf-2cdb-45eb-8d2e-194f123366e5 ] Request (QuotaClassesAdmin257Test:tearDownClass): 204 DELETE http://10.180.1.21/identity/v3/users/caf42dff168a4431a34acb1d09f1abf5 0.126s
2025-12-15 14:19:08.560 67049 INFO tempest.lib.common.rest_client [req-d9fd359d-e28c-44d2-a9e1-93bbb9c34f02 req-d9fd359d-e28c-44d2-a9e1-93bbb9c34f02 ] Request (QuotasAdminTestJSON:test_delete_quota): 200 GET http://10.180.1.21/identity/v3/domains?name=Default 0.150s
2025-12-15 14:19:08.638 67075 INFO tempest.lib.common.rest_client [req-110b9230-fcff-4c10-a47c-257e971d4b43 req-110b9230-fcff-4c10-a47c-257e971d4b43 ] Request (ServicesAdminNegativeTestJSON:tearDownClass): 204 DELETE http://10.180.1.21/networking/v2.0/security-groups/0f03b47a-be26-4454-87c1-a27734ad2e3a 0.899s
2025-12-15 14:19:08.692 67047 INFO tempest.lib.common.rest_client [req-5e1fa3fc-6d13-40b4-a788-00aaf67db525 req-5e1fa3fc-6d13-40b4-a788-00aaf67db525 ] Request (QuotaClassesAdmin257Test:tearDownClass): 204 DELETE http://10.180.1.21/identity/v3/users/8b2b792cfe47404ea763d6a32bebc759 0.155s
2025-12-15 14:19:08.692 67047 INFO tempest.lib.common.dynamic_creds [-] Deleting project and security group for project: 9ef99ded7db946d3b7a9f50dc577789f
2025-12-15 14:19:08.703 67079 INFO tempest.lib.common.rest_client [req-69dfef02-3638-4a3f-9ad6-59423357f17f req-69dfef02-3638-4a3f-9ad6-59423357f17f ] Request (ServerDiskConfigTestJSON:test_rebuild_server_with_auto_disk_config): 200 GET http://10.180.1.21/compute/v2.1/servers/e3e3670c-b615-4486-a71c-044eafd9fad3 3.591s
2025-12-15 14:19:08.704 67049 INFO tempest.lib.common.rest_client [req-8db1e28a-8950-475b-b7c7-9005fb8d2c52 req-8db1e28a-8950-475b-b7c7-9005fb8d2c52 ] Request (QuotasAdminTestJSON:test_delete_quota): 201 POST http://10.180.1.21/identity/v3/projects 0.143s
2025-12-15 14:19:08.731 67069 INFO tempest.lib.common.rest_client [req-97a68298-406f-48cf-b1ff-dc414eec7442 req-97a68298-406f-48cf-b1ff-dc414eec7442 ] Request (InstanceActionsV221TestJSON:test_get_list_deleted_instance_actions): 200 GET http://10.180.1.21/compute/v2.1/servers/24093485-394a-400e-94bf-d65fe5570b31 3.357s
2025-12-15 14:19:08.782 67047 INFO tempest.lib.common.rest_client [req-0648566d-629c-4c7a-b36c-605d013d3f5a req-0648566d-629c-4c7a-b36c-605d013d3f5a ] Request (QuotaClassesAdmin257Test:tearDownClass): 201 POST http://10.180.1.21/identity/v3/auth/tokens 0.090s
2025-12-15 14:19:08.848 67049 INFO tempest.lib.common.rest_client [req-9c51bed2-05fc-4311-8b80-d15c2910fb80 req-9c51bed2-05fc-4311-8b80-d15c2910fb80 ] Request (QuotasAdminTestJSON:test_delete_quota): 200 GET http://10.180.1.21/identity/v3/domains?name=Default 0.143s
2025-12-15 14:19:08.861 67065 INFO tempest.lib.common.rest_client [req-05323aba-cf16-45a9-a753-4cd32d7e4ec2 req-05323aba-cf16-45a9-a753-4cd32d7e4ec2 ] Request (ServerDiagnosticsTest:tearDownClass): 204 DELETE http://10.180.1.21/networking/v2.0/security-groups/ba1c7864-6001-4145-8668-f13af7af50ab 0.367s
2025-12-15 14:19:08.866 67075 INFO tempest.lib.common.rest_client [req-9f095c98-bb31-43b7-8a52-618a75df75a2 req-9f095c98-bb31-43b7-8a52-618a75df75a2 ] Request (ServicesAdminNegativeTestJSON:tearDownClass): 204 DELETE http://10.180.1.21/identity/v3/projects/017b9abd00444db8ad32c6dca04d9db0 0.227s
2025-12-15 14:19:08.866 67075 INFO tempest.lib.common.dynamic_creds [-] Deleting project and security group for project: ba3aa79ac2ce4f52b5d605474cb97826
2025-12-15 14:19:08.896 67092 INFO tempest.lib.common.rest_client [req-e4dd6c37-6b7f-48ef-90f1-989771b9f28f req-e4dd6c37-6b7f-48ef-90f1-989771b9f28f ] Request (AttachInterfacesV270Test:test_create_get_list_interfaces): 200 GET http://10.180.1.21/compute/v2.1/servers/8fc11976-a4e2-49c4-8992-b73e7a14c4a9 2.762s
2025-12-15 14:19:08.999 67065 INFO tempest.lib.common.rest_client [req-2faa9c18-e824-4648-890f-b24184fd640a req-2faa9c18-e824-4648-890f-b24184fd640a ] Request (ServerDiagnosticsTest:tearDownClass): 204 DELETE http://10.180.1.21/identity/v3/projects/ccd80573315d483e9c0609a4b871dfdb 0.138s
2025-12-15 14:19:08.999 67065 INFO tempest.lib.common.dynamic_creds [-] Deleting project and security group for project: 64dd88729f584e8eaf6bdaefe47b721d
2025-12-15 14:19:09.183 67075 INFO tempest.lib.common.rest_client [req-4bab3f89-24ea-458b-b400-ee2a202c8823 req-4bab3f89-24ea-458b-b400-ee2a202c8823 ] Request (ServicesAdminNegativeTestJSON:tearDownClass): 200 GET http://10.180.1.21/networking/v2.0/security-groups?tenant_id=ba3aa79ac2ce4f52b5d605474cb97826&name=default 0.317s
2025-12-15 14:19:09.230 67047 INFO tempest.lib.common.rest_client [req-87c9cb9f-4b11-4cff-901c-7ed9075e6483 req-87c9cb9f-4b11-4cff-901c-7ed9075e6483 ] Request (QuotaClassesAdmin257Test:tearDownClass): 200 GET http://10.180.1.21/networking/v2.0/security-groups?tenant_id=9ef99ded7db946d3b7a9f50dc577789f&name=default 0.447s
2025-12-15 14:19:09.254 67039 INFO tempest.lib.common.rest_client [req-2ea42271-0487-42a2-bb14-24e47b656262 req-2ea42271-0487-42a2-bb14-24e47b656262 ] Request (ServersAdminTestJSON:test_create_server_with_scheduling_hint): 200 GET http://10.180.1.21/compute/v2.1/servers/b73f1dbb-175b-492c-8988-889e8be2c22f 3.054s
2025-12-15 14:19:09.267 67043 INFO tempest.lib.common.rest_client [req-126f2588-6382-4957-8c6c-2fe8805aa6d0 req-126f2588-6382-4957-8c6c-2fe8805aa6d0 ] Request (VolumesAdminNegativeTest:tearDownClass): 200 GET http://10.180.1.21/compute/v2.1/servers/7a2e0631-f687-44df-a1e9-62582c0907f9 3.104s
2025-12-15 14:19:09.334 67075 INFO tempest.lib.common.rest_client [req-473ac899-b8e9-423b-bcb1-7aa10e9d8a06 req-473ac899-b8e9-423b-bcb1-7aa10e9d8a06 ] Request (ServicesAdminNegativeTestJSON:tearDownClass): 204 DELETE http://10.180.1.21/networking/v2.0/security-groups/44709139-575b-46b0-a3c3-0127e499afec 0.150s
2025-12-15 14:19:09.345 67065 INFO tempest.lib.common.rest_client [req-f59b7a4a-5dd0-4c6f-bd4b-0169dc9dd93e req-f59b7a4a-5dd0-4c6f-bd4b-0169dc9dd93e ] Request (ServerDiagnosticsTest:tearDownClass): 200 GET http://10.180.1.21/networking/v2.0/security-groups?tenant_id=64dd88729f584e8eaf6bdaefe47b721d&name=default 0.345s
2025-12-15 14:19:09.430 67075 INFO tempest.lib.common.rest_client [req-b7140eca-f049-499c-ab73-633dc42d5ed3 req-b7140eca-f049-499c-ab73-633dc42d5ed3 ] Request (ServicesAdminNegativeTestJSON:tearDownClass): 204 DELETE http://10.180.1.21/identity/v3/projects/ba3aa79ac2ce4f52b5d605474cb97826 0.096s
2025-12-15 14:19:09.438 67083 INFO tempest.lib.common.rest_client [req-3abf0b71-8df4-4f9f-85f5-b44de08a5bb1 req-3abf0b71-8df4-4f9f-85f5-b44de08a5bb1 ] Request (QuotasAdminNegativeTest:_run_cleanups): 200 PUT http://10.180.1.21/compute/v2.1/os-quota-sets/2a02e1fe4f744bc7a2a1421d88f257f9 2.984s
2025-12-15 14:19:09.453 67047 INFO tempest.lib.common.rest_client [req-797bb52d-ae91-40e2-a5aa-7072ae92f79e req-797bb52d-ae91-40e2-a5aa-7072ae92f79e ] Request (QuotaClassesAdmin257Test:tearDownClass): 204 DELETE http://10.180.1.21/networking/v2.0/security-groups/d46026ad-440f-4bc8-8f73-f8bec64db309 0.222s
2025-12-15 14:19:09.490 67090 INFO tempest.lib.common.rest_client [req-8a46ca8e-5a81-41eb-96e0-97719c6449f4 req-8a46ca8e-5a81-41eb-96e0-97719c6449f4 ] Request (ServersTestMultiNic:_run_cleanups): 200 GET http://10.180.1.21/compute/v2.1/servers/4c3530ae-8d00-43e6-affb-8daddeece22b 2.879s
2025-12-15 14:19:09.503 67090 INFO tempest.common.waiters [-] State transition "ACTIVE/deleting" ==> "DELETED/None" after 4 second wait
2025-12-15 14:19:09.513 67075 INFO tempest.lib.common.rest_client [req-0aa19ded-7e80-4d30-85bc-2d393b68a746 req-0aa19ded-7e80-4d30-85bc-2d393b68a746 ] Request (MultipleCreateNegativeTestJSON:setUpClass): 201 POST http://10.180.1.21/identity/v3/auth/tokens 0.080s
2025-12-15 14:19:09.544 67075 INFO tempest.lib.common.rest_client [req-9cf53f03-6549-453a-b7f6-dd2627758d3b req-9cf53f03-6549-453a-b7f6-dd2627758d3b ] Request (MultipleCreateNegativeTestJSON:setUpClass): 201 POST http://10.180.1.21/identity/v3/auth/tokens 0.028s
2025-12-15 14:19:09.565 67065 INFO tempest.lib.common.rest_client [req-3f45f344-038b-46ad-b426-168ee7eaf4d4 req-3f45f344-038b-46ad-b426-168ee7eaf4d4 ] Request (ServerDiagnosticsTest:tearDownClass): 204 DELETE http://10.180.1.21/networking/v2.0/security-groups/f1a7e3ed-f660-4bb8-a34a-cfd585bf2af8 0.219s
2025-12-15 14:19:09.569 67075 INFO tempest.lib.common.rest_client [req-c4f7cea2-5443-4c4e-a733-89bc06c2c270 req-c4f7cea2-5443-4c4e-a733-89bc06c2c270 ] Request (MultipleCreateNegativeTestJSON:setUpClass): 200 GET http://10.180.1.21/identity/v3/domains?name=Default 0.024s
2025-12-15 14:19:09.602 67047 INFO tempest.lib.common.rest_client [req-b8d61c13-9f90-4806-beed-8475445d2693 req-b8d61c13-9f90-4806-beed-8475445d2693 ] Request (QuotaClassesAdmin257Test:tearDownClass): 204 DELETE http://10.180.1.21/identity/v3/projects/9ef99ded7db946d3b7a9f50dc577789f 0.148s
2025-12-15 14:19:09.602 67047 INFO tempest.lib.common.dynamic_creds [-] Deleting project and security group for project: 6bf3e6e336bc464984d38c48038739a3
2025-12-15 14:19:09.623 67061 INFO tempest.lib.common.rest_client [req-ea60a37d-dada-4744-9505-1769b142f78f req-ea60a37d-dada-4744-9505-1769b142f78f ] Request (FloatingIPsAssociationTestJSON:test_associate_already_associated_floating_ip): 200 GET http://10.180.1.21/compute/v2.1/servers/9f6caf45-dda7-46a2-9a76-4fe52f559b0a 2.945s
2025-12-15 14:19:09.659 67085 INFO tempest.lib.common.rest_client [req-101deb6d-025e-46bd-9ce5-c5904aa1d2d0 req-101deb6d-025e-46bd-9ce5-c5904aa1d2d0 ] Request (ListServerFiltersTestJSON:setUpClass): 200 GET http://10.180.1.21/compute/v2.1/servers/2ae6aee0-531e-45e3-9562-da1341d4f55a 3.022s
2025-12-15 14:19:09.698 67065 INFO tempest.lib.common.rest_client [req-bf7f4435-30c7-40a7-b842-b255b55ed942 req-bf7f4435-30c7-40a7-b842-b255b55ed942 ] Request (ServerDiagnosticsTest:tearDownClass): 204 DELETE http://10.180.1.21/identity/v3/projects/64dd88729f584e8eaf6bdaefe47b721d 0.132s
2025-12-15 14:19:09.700 67065 INFO tempest.test [-] raised in UnshelveToHostMultiNodesTest.setUpClass. Invoking tearDownClass.
2025-12-15 14:19:09.750 67075 INFO tempest.lib.common.rest_client [req-0bde3c68-358f-48d5-80f5-3e9732f88015 req-0bde3c68-358f-48d5-80f5-3e9732f88015 ] Request (MultipleCreateNegativeTestJSON:setUpClass): 201 POST http://10.180.1.21/identity/v3/projects 0.180s
2025-12-15 14:19:09.789 67047 INFO tempest.lib.common.rest_client [req-fc52b676-6b56-4758-98c3-405ad6fc3754 req-fc52b676-6b56-4758-98c3-405ad6fc3754 ] Request (QuotaClassesAdmin257Test:tearDownClass): 200 GET http://10.180.1.21/networking/v2.0/security-groups?tenant_id=6bf3e6e336bc464984d38c48038739a3&name=default 0.186s
2025-12-15 14:19:09.797 67053 WARNING tempest.lib.common.ssh [-] Failed to establish authenticated ssh connection to cirros@10.180.180.145 ([Errno None] Unable to connect to port 22 on 10.180.180.145). Number attempts: 1. Retry after 2 seconds.: paramiko.ssh_exception.NoValidConnectionsError: [Errno None] Unable to connect to port 22 on 10.180.180.145
2025-12-15 14:19:09.813 67063 INFO tempest.lib.common.rest_client [req-ff88a7a1-716a-4cbb-8a6d-0cd076c00050 req-ff88a7a1-716a-4cbb-8a6d-0cd076c00050 ] Request (ImagesNegativeTestJSON:test_create_image_from_deleted_server): 200 GET http://10.180.1.21/compute/v2.1/servers/dd196a8e-09a3-484d-b568-790f8f54ad51 3.090s
2025-12-15 14:19:09.822 67081 INFO tempest.lib.common.rest_client [req-6c7af8ec-4c10-4403-9cc2-21fddf67c415 req-6c7af8ec-4c10-4403-9cc2-21fddf67c415 ] Request (FlavorsExtraSpecsNegativeTestJSON:test_flavor_non_admin_unset_keys): 403 DELETE http://10.180.1.21/compute/v2.1/flavors/1305497588/os-extra_specs/hw:numa_nodes 3.084s
2025-12-15 14:19:09.889 67065 INFO tempest.lib.common.rest_client [req-3aa16aa4-df0b-42ae-ba97-852f765d9f2d req-3aa16aa4-df0b-42ae-ba97-852f765d9f2d ] Request (ServersTestManualDisk:setUpClass): 201 POST http://10.180.1.21/identity/v3/auth/tokens 0.182s
2025-12-15 14:19:09.926 67075 INFO tempest.lib.common.rest_client [req-2ea9ffbf-6ef5-47f6-8a5e-015925a51d7e req-2ea9ffbf-6ef5-47f6-8a5e-015925a51d7e ] Request (MultipleCreateNegativeTestJSON:setUpClass): 201 POST http://10.180.1.21/identity/v3/users 0.176s
2025-12-15 14:19:09.943 67047 INFO tempest.lib.common.rest_client [req-2e692626-60ff-4b19-bc95-f8f618a6962c req-2e692626-60ff-4b19-bc95-f8f618a6962c ] Request (QuotaClassesAdmin257Test:tearDownClass): 204 DELETE http://10.180.1.21/networking/v2.0/security-groups/5f420492-61ec-4fa8-bd0f-8bfe66d90468 0.153s
2025-12-15 14:19:09.947 67065 INFO tempest.lib.common.rest_client [req-4028c8bf-6240-415b-81a1-a5180ae0de51 req-4028c8bf-6240-415b-81a1-a5180ae0de51 ] Request (ServersTestManualDisk:setUpClass): 201 POST http://10.180.1.21/identity/v3/auth/tokens 0.055s
2025-12-15 14:19:09.958 67075 INFO tempest.lib.common.rest_client [req-173271ce-7791-4651-b180-15afa4f50d11 req-173271ce-7791-4651-b180-15afa4f50d11 ] Request (MultipleCreateNegativeTestJSON:setUpClass): 200 GET http://10.180.1.21/identity/v3/roles 0.031s
2025-12-15 14:19:09.981 67031 INFO tempest.lib.common.rest_client [req-15cb05ad-b4fc-483d-bd06-3867d1638b1f req-15cb05ad-b4fc-483d-bd06-3867d1638b1f ] Request (ServerActionsTestOtherB:setUpClass): 200 POST http://10.180.1.21/compute/v2.1/os-keypairs 3.284s
2025-12-15 14:19:09.995 67065 INFO tempest.lib.common.rest_client [req-b9404ed7-bc3e-4eeb-99ab-feb8de0241c6 req-b9404ed7-bc3e-4eeb-99ab-feb8de0241c6 ] Request (ServersTestManualDisk:setUpClass): 200 GET http://10.180.1.21/identity/v3/domains?name=Default 0.048s
2025-12-15 14:19:10.048 67075 INFO tempest.lib.common.rest_client [req-2d676c39-5228-42bc-b06e-8c09d07da178 req-2d676c39-5228-42bc-b06e-8c09d07da178 ] Request (MultipleCreateNegativeTestJSON:setUpClass): 204 PUT http://10.180.1.21/identity/v3/projects/4efbbf9e90d74212a62f4af05cea22a6/users/a32ccb5088bf4aa281e2f37e8b9e99a2/roles/be12d99464854a3a98e36b37a4710508 0.089s
2025-12-15 14:19:10.048 67075 INFO tempest.lib.common.dynamic_creds [-] Dynamic test user a32ccb5088bf4aa281e2f37e8b9e99a2 is created with scope project and roles: ['member']
2025-12-15 14:19:10.048 67075 INFO tempest.lib.common.dynamic_creds [-] Acquired dynamic creds: credentials: Credentials: {'domain_id': 'default', 'domain_name': 'Default', 'username': 'tempest-MultipleCreateNegativeTestJSON-847093558-project-member', 'project_domain_id': 'default', 'project_domain_name': 'Default', 'project_id': '4efbbf9e90d74212a62f4af05cea22a6', 'project_name': 'tempest-MultipleCreateNegativeTestJSON-847093558', 'tenant_id': '4efbbf9e90d74212a62f4af05cea22a6', 'tenant_name': 'tempest-MultipleCreateNegativeTestJSON-847093558', 'user_domain_id': 'default', 'user_domain_name': 'Default', 'user_id': 'a32ccb5088bf4aa281e2f37e8b9e99a2', 'system': None}, Network: None, Subnet: None, Router: None
2025-12-15 14:19:10.049 67075 INFO tempest.lib.common.dynamic_creds [-] Created isolated network resources for: credentials: Credentials: {'domain_id': 'default', 'domain_name': 'Default', 'username': 'tempest-MultipleCreateNegativeTestJSON-847093558-project-member', 'project_domain_id': 'default', 'project_domain_name': 'Default', 'project_id': '4efbbf9e90d74212a62f4af05cea22a6', 'project_name': 'tempest-MultipleCreateNegativeTestJSON-847093558', 'tenant_id': '4efbbf9e90d74212a62f4af05cea22a6', 'tenant_name': 'tempest-MultipleCreateNegativeTestJSON-847093558', 'user_domain_id': 'default', 'user_domain_name': 'Default', 'user_id': 'a32ccb5088bf4aa281e2f37e8b9e99a2', 'system': None}, Network: None, Subnet: None, Router: None
2025-12-15 14:19:10.062 67047 INFO tempest.lib.common.rest_client [req-b4a4eaaa-12bd-40df-b9e1-629c382fd066 req-b4a4eaaa-12bd-40df-b9e1-629c382fd066 ] Request (QuotaClassesAdmin257Test:tearDownClass): 204 DELETE http://10.180.1.21/identity/v3/projects/6bf3e6e336bc464984d38c48038739a3 0.118s
2025-12-15 14:19:10.127 67065 INFO tempest.lib.common.rest_client [req-a18f0967-e141-4c95-a46c-c26ba5d59d0f req-a18f0967-e141-4c95-a46c-c26ba5d59d0f ] Request (ServersTestManualDisk:setUpClass): 201 POST http://10.180.1.21/identity/v3/projects 0.131s
2025-12-15 14:19:10.143 67075 INFO tempest.lib.common.rest_client [req-538530c8-172d-420b-ab7b-70621180f349 req-538530c8-172d-420b-ab7b-70621180f349 ] Request (MultipleCreateNegativeTestJSON:setUpClass): 201 POST http://10.180.1.21/identity/v3/auth/tokens 0.089s
2025-12-15 14:19:10.171 67031 INFO tempest.lib.common.rest_client [req-5e73d0c6-9782-47f8-9890-6f2b5be06652 req-5e73d0c6-9782-47f8-9890-6f2b5be06652 ] Request (ServerActionsTestOtherB:setUpClass): 201 POST http://10.180.1.21/networking/v2.0/security-groups 0.187s
2025-12-15 14:19:10.200 67047 INFO tempest.lib.common.rest_client [req-40340acb-d630-45bc-b617-87e35580f14b req-40340acb-d630-45bc-b617-87e35580f14b ] Request (SecurityGroupRulesNegativeTestJSON:setUpClass): 201 POST http://10.180.1.21/identity/v3/auth/tokens 0.136s
2025-12-15 14:19:10.211 67065 INFO tempest.lib.common.rest_client [req-08d8ec4f-257c-432d-ae75-d91dbb7dbbc3 req-08d8ec4f-257c-432d-ae75-d91dbb7dbbc3 ] Request (ServersTestManualDisk:setUpClass): 201 POST http://10.180.1.21/identity/v3/users 0.083s
2025-12-15 14:19:10.239 67047 INFO tempest.lib.common.rest_client [req-9c97c91a-8792-485d-af0d-c3bfd6ba9aad req-9c97c91a-8792-485d-af0d-c3bfd6ba9aad ] Request (SecurityGroupRulesNegativeTestJSON:setUpClass): 201 POST http://10.180.1.21/identity/v3/auth/tokens 0.035s
2025-12-15 14:19:10.255 67065 INFO tempest.lib.common.rest_client [req-19b56a40-4229-4435-ba1f-b27527f2c732 req-19b56a40-4229-4435-ba1f-b27527f2c732 ] Request (ServersTestManualDisk:setUpClass): 200 GET http://10.180.1.21/identity/v3/roles 0.043s
2025-12-15 14:19:10.259 67075 INFO tempest.lib.common.rest_client [req-e536ae28-f303-4a26-b915-431bbf431d0a req-e536ae28-f303-4a26-b915-431bbf431d0a ] Request (MultipleCreateNegativeTestJSON:test_max_count_less_than_min_count): 201 POST http://10.180.1.21/identity/v3/auth/tokens 0.109s
2025-12-15 14:19:10.259 67075 INFO tempest.lib.common.fixed_network [-] (MultipleCreateNegativeTestJSON:test_max_count_less_than_min_count) Found network None available for tenant
2025-12-15 14:19:10.277 67047 INFO tempest.lib.common.rest_client [req-8639daef-2b9a-40a6-a384-17d7934dcc63 req-8639daef-2b9a-40a6-a384-17d7934dcc63 ] Request (SecurityGroupRulesNegativeTestJSON:setUpClass): 200 GET http://10.180.1.21/identity/v3/domains?name=Default 0.038s
2025-12-15 14:19:10.285 67065 INFO tempest.lib.common.rest_client [req-db04df02-bd97-4723-bca0-320fb701b516 req-db04df02-bd97-4723-bca0-320fb701b516 ] Request (ServersTestManualDisk:setUpClass): 204 PUT http://10.180.1.21/identity/v3/projects/6d8b3e2dc77b40eebab855aaaaa7fb77/users/d1f3a53ee28b462ea331e24c787c6328/roles/be12d99464854a3a98e36b37a4710508 0.029s
2025-12-15 14:19:10.286 67065 INFO tempest.lib.common.dynamic_creds [-] Dynamic test user d1f3a53ee28b462ea331e24c787c6328 is created with scope project and roles: ['member']
2025-12-15 14:19:10.286 67065 INFO tempest.lib.common.dynamic_creds [-] Acquired dynamic creds: credentials: Credentials: {'domain_id': 'default', 'domain_name': 'Default', 'username': 'tempest-ServersTestManualDisk-1304808564-project-member', 'project_domain_id': 'default', 'project_domain_name': 'Default', 'project_id': '6d8b3e2dc77b40eebab855aaaaa7fb77', 'project_name': 'tempest-ServersTestManualDisk-1304808564', 'tenant_id': '6d8b3e2dc77b40eebab855aaaaa7fb77', 'tenant_name': 'tempest-ServersTestManualDisk-1304808564', 'user_domain_id': 'default', 'user_domain_name': 'Default', 'user_id': 'd1f3a53ee28b462ea331e24c787c6328', 'system': None}, Network: None, Subnet: None, Router: None
2025-12-15 14:19:10.337 67047 INFO tempest.lib.common.rest_client [req-e905e0ca-d709-4058-90cd-51bf8f6066df req-e905e0ca-d709-4058-90cd-51bf8f6066df ] Request (SecurityGroupRulesNegativeTestJSON:setUpClass): 201 POST http://10.180.1.21/identity/v3/projects 0.059s
2025-12-15 14:19:10.345 67065 INFO tempest.lib.common.rest_client [req-daab5b0f-7823-45ac-bad0-aa837dd1acc5 req-daab5b0f-7823-45ac-bad0-aa837dd1acc5 ] Request (ServersTestManualDisk:setUpClass): 201 POST http://10.180.1.21/identity/v3/auth/tokens 0.058s
2025-12-15 14:19:10.368 67031 INFO tempest.lib.common.rest_client [req-a2107e6c-a8e1-4dec-aedc-a43e44ccd7da req-a2107e6c-a8e1-4dec-aedc-a43e44ccd7da ] Request (ServerActionsTestOtherB:setUpClass): 201 POST http://10.180.1.21/networking/v2.0/security-group-rules 0.196s
2025-12-15 14:19:10.397 67047 INFO tempest.lib.common.rest_client [req-e44795bd-f366-4e2c-bac4-122f34473d7f req-e44795bd-f366-4e2c-bac4-122f34473d7f ] Request (SecurityGroupRulesNegativeTestJSON:setUpClass): 201 POST http://10.180.1.21/identity/v3/users 0.060s
2025-12-15 14:19:10.402 67041 INFO tempest.lib.common.rest_client [req-47d58bf7-cb02-48cb-b6b2-7dafb8692f2d req-47d58bf7-cb02-48cb-b6b2-7dafb8692f2d ] Request (MigrationsAdminTest:test_list_migrations_in_flavor_resize_situation): 200 GET http://10.180.1.21/compute/v2.1/servers/269e4d4e-2948-482d-b94f-359b99dd44ef 3.423s
2025-12-15 14:19:10.403 67037 INFO tempest.lib.common.rest_client [req-833af7e6-545d-4ff6-bc4c-4062241595b9 req-833af7e6-545d-4ff6-bc4c-4062241595b9 ] Request (FloatingIPsTestJSON:test_allocate_floating_ip): 200 GET http://10.180.1.21/compute/v2.1/os-floating-ips 3.592s
2025-12-15 14:19:10.421 67047 INFO tempest.lib.common.rest_client [req-1b4669b3-3c22-4dcc-b990-61b8e712a5fa req-1b4669b3-3c22-4dcc-b990-61b8e712a5fa ] Request (SecurityGroupRulesNegativeTestJSON:setUpClass): 200 GET http://10.180.1.21/identity/v3/roles 0.022s
2025-12-15 14:19:10.450 67047 INFO tempest.lib.common.rest_client [req-efd8316f-783a-42ee-b2d3-a040b77f1795 req-efd8316f-783a-42ee-b2d3-a040b77f1795 ] Request (SecurityGroupRulesNegativeTestJSON:setUpClass): 204 PUT http://10.180.1.21/identity/v3/projects/8a2f45ce0b864ec9a284f2621587ac3f/users/e7ecee8f471247f89a865cc8733bb380/roles/be12d99464854a3a98e36b37a4710508 0.029s
2025-12-15 14:19:10.450 67047 INFO tempest.lib.common.dynamic_creds [-] Dynamic test user e7ecee8f471247f89a865cc8733bb380 is created with scope project and roles: ['member']
2025-12-15 14:19:10.450 67047 INFO tempest.lib.common.dynamic_creds [-] Acquired dynamic creds: credentials: Credentials: {'domain_id': 'default', 'domain_name': 'Default', 'username': 'tempest-SecurityGroupRulesNegativeTestJSON-1166727981-project-member', 'project_domain_id': 'default', 'project_domain_name': 'Default', 'project_id': '8a2f45ce0b864ec9a284f2621587ac3f', 'project_name': 'tempest-SecurityGroupRulesNegativeTestJSON-1166727981', 'tenant_id': '8a2f45ce0b864ec9a284f2621587ac3f', 'tenant_name': 'tempest-SecurityGroupRulesNegativeTestJSON-1166727981', 'user_domain_id': 'default', 'user_domain_name': 'Default', 'user_id': 'e7ecee8f471247f89a865cc8733bb380', 'system': None}, Network: None, Subnet: None, Router: None
2025-12-15 14:19:10.811 67047 INFO tempest.lib.common.rest_client [req-c799e7c2-2c29-469a-b96b-6756ddae2ba4 req-c799e7c2-2c29-469a-b96b-6756ddae2ba4 ] Request (SecurityGroupRulesNegativeTestJSON:setUpClass): 201 POST http://10.180.1.21/identity/v3/auth/tokens 0.360s
2025-12-15 14:19:11.078 67065 INFO tempest.lib.common.rest_client [req-ed846bec-3754-4a8d-9a7c-61c713f97c60 req-ed846bec-3754-4a8d-9a7c-61c713f97c60 ] Request (ServersTestManualDisk:setUpClass): 201 POST http://10.180.1.21/networking/v2.0/networks 0.732s
2025-12-15 14:19:11.174 67031 INFO tempest.lib.common.rest_client [req-0fc41224-af58-4b0a-904e-369a301974d0 req-0fc41224-af58-4b0a-904e-369a301974d0 ] Request (ServerActionsTestOtherB:setUpClass): 201 POST http://10.180.1.21/networking/v2.0/security-group-rules 0.806s
2025-12-15 14:19:11.205 67051 INFO tempest.lib.common.rest_client [req-140ba01c-2e5e-4230-8267-01e702f7512a req-140ba01c-2e5e-4230-8267-01e702f7512a ] Request (SecurityGroupRulesTestJSON:test_security_group_rules_list): 200 GET http://10.180.1.21/compute/v2.1/os-security-groups/0b2d8378-e729-4ab1-8e56-12084ab2a978 4.221s
2025-12-15 14:19:11.215 67045 INFO tempest.lib.common.rest_client [req-9f48a8c2-5abc-46bc-a729-758ae44b1000 req-9f48a8c2-5abc-46bc-a729-758ae44b1000 ] Request (HostsAdminNegativeTestJSON:test_update_host_with_invalid_status): 400 PUT http://10.180.1.21/compute/v2.1/os-hosts/devstack 4.059s
2025-12-15 14:19:11.232 67077 INFO tempest.lib.common.rest_client [req-33f49516-a35c-4c44-8733-56235cb91a90 req-33f49516-a35c-4c44-8733-56235cb91a90 ] Request (AttachVolumeShelveTestJSON:test_attach_volume_shelved_or_offload_server): 200 GET http://10.180.1.21/compute/v2.1/servers/2fa491df-bd37-40a2-88ad-a4310b5ea9ac 4.137s
2025-12-15 14:19:11.243 67033 INFO tempest.lib.common.rest_client [req-f2b11ca6-eb24-4183-880a-bd254ea6c6fb req-f2b11ca6-eb24-4183-880a-bd254ea6c6fb ] Request (FlavorsV2TestJSON:test_list_flavors_detailed_limit_results): 200 GET http://10.180.1.21/compute/v2.1/flavors/detail?limit=1 4.042s
2025-12-15 14:19:11.252 67029 INFO tempest.lib.common.rest_client [req-28a7236b-2ab2-4a73-ad61-d9e446ad0a6b req-28a7236b-2ab2-4a73-ad61-d9e446ad0a6b ] Request (AggregatesAdminNegativeTestJSON:test_aggregate_create_with_existent_aggregate_name): 409 POST http://10.180.1.21/compute/v2.1/os-aggregates 4.022s
2025-12-15 14:19:11.271 67073 INFO tempest.lib.common.rest_client [req-eb108d4e-8955-43fd-8124-2c1ebd8f9778 req-eb108d4e-8955-43fd-8124-2c1ebd8f9778 ] Request (FlavorsAdminTestJSON:test_create_list_flavor_without_extra_data): 200 POST http://10.180.1.21/compute/v2.1/flavors 4.039s
2025-12-15 14:19:11.449 67047 INFO tempest.lib.common.rest_client [req-f54f8edc-0ef3-43a0-93c8-b7bd55ac495e req-f54f8edc-0ef3-43a0-93c8-b7bd55ac495e ] Request (SecurityGroupRulesNegativeTestJSON:setUpClass): 201 POST http://10.180.1.21/networking/v2.0/networks 0.637s
2025-12-15 14:19:11.626 67065 INFO tempest.lib.common.rest_client [req-e3cb756e-f6ef-467e-8fc9-22034e0a2149 req-e3cb756e-f6ef-467e-8fc9-22034e0a2149 ] Request (ServersTestManualDisk:setUpClass): 201 POST http://10.180.1.21/networking/v2.0/subnets 0.547s
2025-12-15 14:19:11.649 67067 INFO tempest.lib.common.rest_client [req-68830c29-db4d-430b-b09d-a2c5efc434b9 req-68830c29-db4d-430b-b09d-a2c5efc434b9 ] Request (ServersWithSpecificFlavorTestJSON:test_verify_created_server_ephemeral_disk): 200 GET http://10.180.1.21/compute/v2.1/servers/2060e135-f9be-44f1-9f2f-faf099416aa6 4.360s
2025-12-15 14:19:11.673 67059 INFO tempest.lib.common.rest_client [req-0515007f-2a10-46e5-8772-732eaf6d1164 req-0515007f-2a10-46e5-8772-732eaf6d1164 ] Request (TenantUsagesTestJSON:tearDownClass): 200 GET http://10.180.1.21/compute/v2.1/servers/7d8833b0-24c8-4ead-88d2-39862da9ac0f 4.263s
2025-12-15 14:19:11.839 67047 INFO tempest.lib.common.rest_client [req-43d32726-16a1-49fc-b3f4-fc0565973749 req-43d32726-16a1-49fc-b3f4-fc0565973749 ] Request (SecurityGroupRulesNegativeTestJSON:setUpClass): 201 POST http://10.180.1.21/networking/v2.0/subnets 0.390s
2025-12-15 14:19:11.945 67031 INFO tempest.lib.common.rest_client [req-f6b059e5-9348-4852-9f14-e6389a46afff req-f6b059e5-9348-4852-9f14-e6389a46afff ] Request (ServerActionsTestOtherB:setUpClass): 201 POST http://10.180.1.21/networking/v2.0/floatingips 0.770s
2025-12-15 14:19:11.979 67071 INFO tempest.lib.common.rest_client [req-94b4ff6c-d353-4bac-97dc-7809a938a6df req-94b4ff6c-d353-4bac-97dc-7809a938a6df ] Request (DeleteServersAdminTestJSON:test_delete_server_while_in_error_state): 200 GET http://10.180.1.21/compute/v2.1/servers/59bf87f7-3e35-4ac1-bdca-c1a0a3e5ade3 4.296s
2025-12-15 14:19:11.985 67093 INFO tempest.lib.common.rest_client [req-ce81e4fb-cbb6-48cb-8bc7-f77c9c79815c req-ce81e4fb-cbb6-48cb-8bc7-f77c9c79815c ] Request (ImagesOneServerTestJSON:setUpClass): 200 GET http://10.180.1.21/compute/v2.1/servers/7cfb7220-2f7b-4806-941e-58bda40997fa 3.828s
2025-12-15 14:19:11.995 67093 INFO tempest.common.waiters [-] State transition "BUILD/scheduling" ==> "BUILD/None" after 9 second wait
2025-12-15 14:19:12.050 67031 INFO tempest.lib.common.rest_client [req-2eba6b17-77e7-4431-aee3-0388b6216349 req-2eba6b17-77e7-4431-aee3-0388b6216349 ] Request (ServerActionsTestOtherB:setUpClass): 201 POST http://10.180.1.21/identity/v3/auth/tokens 0.101s
