2025-12-15 16:11:39.921 65507 INFO tempest.lib.common.rest_client [req-dff0192a-8020-49dc-83bc-16d147151389 req-dff0192a-8020-49dc-83bc-16d147151389 ] Request (FloatingIPsAssociationNegativeTestJSON:tearDownClass): 200 GET http://10.180.1.21/compute/v2.1/servers/cb83d0db-46de-423b-ac00-a1a443c39210 1.360s
2025-12-15 16:11:40.054 65497 INFO tempest.lib.common.rest_client [req-18a51b44-9d9c-4a5c-b0a8-1bf12c328221 req-18a51b44-9d9c-4a5c-b0a8-1bf12c328221 ] Request (MultipleCreateTestJSON:_run_cleanups): 200 GET http://10.180.1.21/compute/v2.1/servers/f384f352-4972-4af0-b9a4-7cc7cd1ba37f 1.429s
2025-12-15 16:11:40.064 65497 INFO tempest.common.waiters [-] State transition "ACTIVE/deleting" ==> "DELETED/None" after 3 second wait
2025-12-15 16:11:40.130 65493 INFO tempest.lib.common.rest_client [req-38fe93ca-543a-4cf1-b74d-c03db6c80e75 req-38fe93ca-543a-4cf1-b74d-c03db6c80e75 ] Request (ImagesTestJSON:test_create_image_from_suspended_server): 200 GET http://10.180.1.21/compute/v2.1/servers/a59c8bf1-e944-437d-9aa2-8855aaa9e74c 1.438s
2025-12-15 16:11:40.140 65515 INFO tempest.lib.common.rest_client [req-66e9ce0c-803c-4e20-92c1-95da177c95bf req-66e9ce0c-803c-4e20-92c1-95da177c95bf ] Request (InstanceActionsTestJSON:setUpClass): 202 POST http://10.180.1.21/compute/v2.1/servers 2.645s
2025-12-15 16:11:40.274 65499 INFO tempest.lib.common.rest_client [req-b19cbb97-01d9-4a5d-bc0a-1e06a07cd36a req-b19cbb97-01d9-4a5d-bc0a-1e06a07cd36a ] Request (FloatingIPsAssociationTestJSON:test_associate_disassociate_floating_ip): 200 GET http://10.180.1.21/compute/v2.1/os-floating-ips/c3bd0b79-70cd-4e5c-8535-df6b90c1b94d 1.368s
2025-12-15 16:11:40.307 65539 INFO tempest.lib.common.rest_client [req-2a6a2586-61eb-4a49-93cf-98a23037bc64 req-2a6a2586-61eb-4a49-93cf-98a23037bc64 ] Request (ListServerFiltersTestJSON:setUpClass): 200 GET http://10.180.1.21/compute/v2.1/servers/c6b84d16-b8bd-4cb7-904c-b7cecb75adff 1.557s
2025-12-15 16:11:40.339 65495 INFO tempest.lib.common.rest_client [req-d5f29a52-84b5-4ffc-b67a-889d799063e0 req-d5f29a52-84b5-4ffc-b67a-889d799063e0 ] Request (ServersNegativeTestMultiTenantJSON:tearDownClass): 200 GET http://10.180.1.21/compute/v2.1/servers/6282b7ae-aea6-4776-bd87-cc21a9e7a5f5 1.334s
2025-12-15 16:11:40.350 65495 INFO tempest.common.waiters [-] State transition "ACTIVE/deleting" ==> "DELETED/None" after 2 second wait
2025-12-15 16:11:40.390 65521 INFO tempest.lib.common.rest_client [req-95e42178-c25f-4ae3-b26e-67b473e8c24f req-95e42178-c25f-4ae3-b26e-67b473e8c24f ] Request (ListServersNegativeTestJSON:test_list_servers_by_changes_since_future_date): 200 GET http://10.180.1.21/compute/v2.1/servers?changes-since=2051-01-01T12%3A34%3A00Z&status=ACTIVE 0.684s
2025-12-15 16:11:40.418 65527 INFO tempest.lib.common.rest_client [req-3513ace8-d129-4895-9955-8d84a7a126c9 req-3513ace8-d129-4895-9955-8d84a7a126c9 ] Request (ServersAdminTestJSON:test_list_servers_filter_by_error_status): 200 GET http://10.180.1.21/compute/v2.1/servers/0e3580fa-6d81-471b-974d-5d25714d40cb 1.021s
2025-12-15 16:11:40.474 65511 INFO tempest.lib.common.rest_client [req-0f80f5b6-c594-47d4-91af-18089c40eae0 req-0f80f5b6-c594-47d4-91af-18089c40eae0 ] Request (FloatingIPDetailsTestJSON:tearDownClass): 200 PUT http://10.180.1.21/networking/v2.0/routers/ee0a46ae-f0db-4800-b2bc-1572a498c7cd/remove_router_interface 0.856s
2025-12-15 16:11:40.496 65505 INFO tempest.lib.common.rest_client [req-398ce0c3-a834-483f-8429-478b01d19d15 req-398ce0c3-a834-483f-8429-478b01d19d15 ] Request (ServerRescueTestJSONUnderV235:setUpClass): 200 GET http://10.180.1.21/compute/v2.1/servers/359f95c8-9afd-49ae-bbd5-88cf4fe8d0ee 0.674s
2025-12-15 16:11:40.521 65509 INFO tempest.lib.common.rest_client [req-611855ed-3d88-4f53-b868-7d960ec3ee08 req-611855ed-3d88-4f53-b868-7d960ec3ee08 ] Request (ServersNegativeTestJSON:setUp): 200 GET http://10.180.1.21/compute/v2.1/servers/72743768-c12c-469f-8636-a23e5ff92b9c 0.739s
2025-12-15 16:11:40.581 65535 INFO tempest.lib.common.rest_client [req-e6a4c637-6c3a-4510-abd2-aaef1b13a954 req-e6a4c637-6c3a-4510-abd2-aaef1b13a954 ] Request (ImagesOneServerNegativeTestJSON:_run_cleanups): 200 GET http://10.180.1.21/compute/v2.1/servers/f9d4a3b9-e97f-42c6-add0-520030b332a6 0.585s
2025-12-15 16:11:40.626 65509 INFO tempest.lib.common.rest_client [req-906edaea-a368-4336-bcae-d275a2e33514 req-906edaea-a368-4336-bcae-d275a2e33514 ] Request (ServersNegativeTestJSON:test_create_numeric_server_name): 201 POST http://10.180.1.21/identity/v3/auth/tokens 0.093s
2025-12-15 16:11:40.626 65509 INFO tempest.lib.common.fixed_network [-] (ServersNegativeTestJSON:test_create_numeric_server_name) Found network {'id': 'd410f478-003f-42bd-92b8-95423e6915fd', 'name': 'tempest-ServersNegativeTestJSON-909390123-network', 'tenant_id': '5237c4d8e47c4a0d974db5bdd13263a7', 'project_id': '5237c4d8e47c4a0d974db5bdd13263a7', 'admin_state_up': True, 'mtu': 8950, 'status': 'ACTIVE', 'subnets': [], 'shared': False, 'port_security_enabled': True, 'router:external': False, 'provider:network_type': 'vlan', 'provider:physical_network': 'default', 'provider:segmentation_id': 84, 'availability_zone_hints': [], 'availability_zones': [], 'ipv4_address_scope': None, 'ipv6_address_scope': None, 'description': '', 'tags': [], 'created_at': '2025-12-15T16:09:49Z', 'updated_at': '2025-12-15T16:09:49Z', 'revision_number': 1} available for tenant
2025-12-15 16:11:40.666 65523 INFO tempest.lib.common.rest_client [req-cda9d149-c11a-4f85-8db0-232162cb40bd req-cda9d149-c11a-4f85-8db0-232162cb40bd ] Request (TenantUsagesTestJSON:setUpClass): 200 GET http://10.180.1.21/compute/v2.1/servers/327e8e52-6c00-4ec4-8d5e-9d378f600d28 0.592s
2025-12-15 16:11:40.697 65541 INFO tempest.lib.common.rest_client [req-a3578965-48a0-4e03-81d9-600cd8993783 req-a3578965-48a0-4e03-81d9-600cd8993783 ] Request (MigrationsAdminTest:test_resize_server_revert_deleted_flavor): 200 GET http://10.180.1.21/compute/v2.1/servers/9701c843-b47f-47fc-912d-00804e71040d 0.683s
2025-12-15 16:11:40.769 65501 INFO tempest.lib.common.rest_client [req-988b778e-0788-49fd-9c75-5aea67eff662 req-988b778e-0788-49fd-9c75-5aea67eff662 ] Request (ServersTestMultiNic:_run_cleanups): 200 GET http://10.180.1.21/compute/v2.1/servers/ad432994-1f96-4227-99a8-fd3ed2e5f014 0.677s
2025-12-15 16:11:40.803 65531 INFO tempest.lib.common.rest_client [req-c736f239-2f88-4073-b01d-fdbaa26e5b4b req-c736f239-2f88-4073-b01d-fdbaa26e5b4b ] Request (DeleteServersTestJSON:test_delete_server_while_in_building_state): 200 GET http://10.180.1.21/compute/v2.1/servers/3bb89881-fc58-430d-a08e-b03bfd846b63 0.663s
2025-12-15 16:11:40.884 65515 INFO tempest.lib.common.rest_client [req-6c64c5b4-9ff2-4981-9859-164b3644ff46 req-6c64c5b4-9ff2-4981-9859-164b3644ff46 ] Request (InstanceActionsTestJSON:setUpClass): 200 GET http://10.180.1.21/compute/v2.1/servers/7edc35fa-d8f9-4ec0-ab96-c04ac7e05816 0.742s
2025-12-15 16:11:40.901 65551 INFO tempest.lib.common.rest_client [req-1ff897d3-3f3e-4b4d-8de5-3b917ed5eaef req-1ff897d3-3f3e-4b4d-8de5-3b917ed5eaef ] Request (ServerActionsV293TestJSON:tearDownClass): 200 GET http://10.180.1.21/compute/v2.1/servers/e21b14eb-cb4b-4efe-a521-792e51d4065f 0.711s
2025-12-15 16:11:40.963 65513 INFO tempest.lib.common.rest_client [req-12a43829-46ba-495d-a15a-dc8844709ef6 req-12a43829-46ba-495d-a15a-dc8844709ef6 ] Request (ImagesNegativeTestJSON:test_create_image_from_deleted_server): 200 GET http://10.180.1.21/compute/v2.1/servers/85dec20f-5a55-4a70-928d-411ea5ccbdbb 0.712s
2025-12-15 16:11:40.972 65511 INFO tempest.lib.common.rest_client [req-2c72ec39-1e50-4706-8ff7-c5dc28d5b4af req-2c72ec39-1e50-4706-8ff7-c5dc28d5b4af ] Request (FloatingIPDetailsTestJSON:tearDownClass): 204 DELETE http://10.180.1.21/networking/v2.0/routers/ee0a46ae-f0db-4800-b2bc-1572a498c7cd 0.498s
2025-12-15 16:11:40.978 65543 INFO tempest.lib.common.rest_client [req-ea14016a-5a7c-4861-8499-a247a7ad38cb req-ea14016a-5a7c-4861-8499-a247a7ad38cb ] Request (AttachInterfacesTestJSON:_run_cleanups): 200 GET http://10.180.1.21/compute/v2.1/servers/191db68f-a674-48fd-9b36-9b6f83a7e255 0.767s
2025-12-15 16:11:41.105 65511 INFO tempest.lib.common.rest_client [req-e12e06ef-1c3a-4bc5-8e43-f5f95320b0a8 req-e12e06ef-1c3a-4bc5-8e43-f5f95320b0a8 ] Request (FloatingIPDetailsTestJSON:tearDownClass): 204 DELETE http://10.180.1.21/networking/v2.0/subnets/ba9aa18a-9ebf-4b1d-a8ef-8ce40277044f 0.130s
2025-12-15 16:11:41.130 65545 INFO tempest.lib.common.rest_client [req-0798ed38-0f55-43b2-b6fb-fd74cb21e457 req-0798ed38-0f55-43b2-b6fb-fd74cb21e457 ] Request (ServersListShow296Test:tearDownClass): 200 GET http://10.180.1.21/compute/v2.1/servers/b7e57154-466d-49ce-bdf2-49289b28726e 0.799s
2025-12-15 16:11:41.148 65521 INFO tempest.lib.common.rest_client [req-7e9fc815-130b-4751-b8de-f089a6342b48 req-7e9fc815-130b-4751-b8de-f089a6342b48 ] Request (ListServersNegativeTestJSON:test_list_servers_by_changes_since_invalid_date): 400 GET http://10.180.1.21/compute/v2.1/servers?changes-since=2011%2F01%2F01 0.754s
2025-12-15 16:11:41.289 65511 INFO tempest.lib.common.rest_client [req-f0ab600b-44f2-44ff-a12b-c45b772727dc req-f0ab600b-44f2-44ff-a12b-c45b772727dc ] Request (FloatingIPDetailsTestJSON:tearDownClass): 204 DELETE http://10.180.1.21/networking/v2.0/networks/3c44ff16-28d8-40ef-b5d8-f2b89379bfe5 0.184s
2025-12-15 16:11:41.310 65527 INFO tempest.lib.common.rest_client [req-4159c102-158e-4da2-b3a9-a7971e10529b req-4159c102-158e-4da2-b3a9-a7971e10529b ] Request (ServersAdminTestJSON:test_list_servers_filter_by_exist_host): 200 GET http://10.180.1.21/compute/v2.1/servers/0e3580fa-6d81-471b-974d-5d25714d40cb 0.882s
2025-12-15 16:11:41.427 65511 INFO tempest.lib.common.rest_client [req-a7168e5d-7e78-48d3-a9a7-c3850c5ea5d9 req-a7168e5d-7e78-48d3-a9a7-c3850c5ea5d9 ] Request (FloatingIPDetailsTestJSON:tearDownClass): 204 DELETE http://10.180.1.21/identity/v3/users/71a28e3eb5334a6ba8a11d2be158d8db 0.137s
2025-12-15 16:11:41.428 65511 INFO tempest.lib.common.dynamic_creds [-] Deleting project and security group for project: e6ab8fcefb5049518095b0807b9053c9
2025-12-15 16:11:41.433 65537 INFO tempest.lib.common.rest_client [req-0e037bd0-bfeb-4544-8c65-f2b57d036021 req-0e037bd0-bfeb-4544-8c65-f2b57d036021 ] Request (ServerDiskConfigTestJSON:test_rebuild_server_with_manual_disk_config): 200 GET http://10.180.1.21/compute/v2.1/servers/ae8be100-3869-4dd5-a0fe-568cf781f772 0.834s
2025-12-15 16:11:41.439 65509 INFO tempest.lib.common.rest_client [req-f5346c7a-3b1c-4a40-891f-2c79195ad76e req-f5346c7a-3b1c-4a40-891f-2c79195ad76e ] Request (ServersNegativeTestJSON:test_create_numeric_server_name): 400 POST http://10.180.1.21/compute/v2.1/servers 0.812s
2025-12-15 16:11:41.455 65511 INFO tempest.lib.common.rest_client [req-e3b48b9f-2849-4370-baa9-7369c94de440 req-e3b48b9f-2849-4370-baa9-7369c94de440 ] Request (FloatingIPDetailsTestJSON:tearDownClass): 200 GET http://10.180.1.21/networking/v2.0/security-groups?tenant_id=e6ab8fcefb5049518095b0807b9053c9&name=default 0.027s
2025-12-15 16:11:41.549 65511 INFO tempest.lib.common.rest_client [req-34cb17ec-f5b3-4820-a6ad-594081ebef97 req-34cb17ec-f5b3-4820-a6ad-594081ebef97 ] Request (FloatingIPDetailsTestJSON:tearDownClass): 204 DELETE http://10.180.1.21/networking/v2.0/security-groups/fb6f73e1-e0c7-4147-8566-585741ca3386 0.093s
2025-12-15 16:11:41.572 65519 INFO tempest.lib.common.rest_client [req-2815dd9f-2542-4722-9dde-f2f355dd47ac req-2815dd9f-2542-4722-9dde-f2f355dd47ac ] Request (ServerRescueTestJSON:test_rescue_unrescue_instance): 200 GET http://10.180.1.21/compute/v2.1/servers/4ae97348-d194-4710-a4e1-b3e4f7a4e0e3 0.881s
2025-12-15 16:11:41.675 65511 INFO tempest.lib.common.rest_client [req-e6065e96-616b-4fdd-8aad-0c56f5b7ef6c req-e6065e96-616b-4fdd-8aad-0c56f5b7ef6c ] Request (FloatingIPDetailsTestJSON:tearDownClass): 204 DELETE http://10.180.1.21/identity/v3/projects/e6ab8fcefb5049518095b0807b9053c9 0.126s
2025-12-15 16:11:41.717 65525 INFO tempest.lib.common.rest_client [req-1c80d96c-8fdc-418a-a3c9-5f4e8eccec3e req-1c80d96c-8fdc-418a-a3c9-5f4e8eccec3e ] Request (ServersWithSpecificFlavorTestJSON:test_verify_created_server_ephemeral_disk): 200 GET http://10.180.1.21/compute/v2.1/servers/a9a2a925-6a54-4c4c-b997-b438fbad207f 0.949s
2025-12-15 16:11:41.765 65511 INFO tempest.lib.common.rest_client [req-8cbef61f-49fa-4794-9cae-d52f8c273740 req-8cbef61f-49fa-4794-9cae-d52f8c273740 ] Request (SecurityGroupsTestJSON:setUpClass): 201 POST http://10.180.1.21/identity/v3/auth/tokens 0.086s
2025-12-15 16:11:41.805 65511 INFO tempest.lib.common.rest_client [req-25a0ce66-fcd5-402d-aed2-75aac4eb8e77 req-25a0ce66-fcd5-402d-aed2-75aac4eb8e77 ] Request (SecurityGroupsTestJSON:setUpClass): 201 POST http://10.180.1.21/identity/v3/auth/tokens 0.037s
2025-12-15 16:11:41.831 65511 INFO tempest.lib.common.rest_client [req-b95a586a-6e2f-4a75-b376-896c6d00cc8d req-b95a586a-6e2f-4a75-b376-896c6d00cc8d ] Request (SecurityGroupsTestJSON:setUpClass): 200 GET http://10.180.1.21/identity/v3/domains?name=Default 0.026s
2025-12-15 16:11:41.836 65507 INFO tempest.lib.common.rest_client [req-2e768021-f8d7-477c-b249-5b595bd5134f req-2e768021-f8d7-477c-b249-5b595bd5134f ] Request (FloatingIPsAssociationNegativeTestJSON:tearDownClass): 200 GET http://10.180.1.21/compute/v2.1/servers/cb83d0db-46de-423b-ac00-a1a443c39210 0.906s
2025-12-15 16:11:41.863 65511 INFO tempest.lib.common.rest_client [req-5a3fd370-e287-4312-a99c-7ebfd8e153f4 req-5a3fd370-e287-4312-a99c-7ebfd8e153f4 ] Request (SecurityGroupsTestJSON:setUpClass): 201 POST http://10.180.1.21/identity/v3/projects 0.031s
2025-12-15 16:11:41.919 65497 INFO tempest.lib.common.rest_client [req-5c046489-054c-473d-9ff3-6e084adf1f51 req-5c046489-054c-473d-9ff3-6e084adf1f51 ] Request (MultipleCreateTestJSON:_run_cleanups): 200 GET http://10.180.1.21/compute/v2.1/servers/f384f352-4972-4af0-b9a4-7cc7cd1ba37f 0.854s
2025-12-15 16:11:41.953 65511 INFO tempest.lib.common.rest_client [req-d4540fb7-c843-477d-9d86-c36f0d30bbcb req-d4540fb7-c843-477d-9d86-c36f0d30bbcb ] Request (SecurityGroupsTestJSON:setUpClass): 201 POST http://10.180.1.21/identity/v3/users 0.089s
2025-12-15 16:11:41.990 65511 INFO tempest.lib.common.rest_client [req-477fca5f-1705-4e35-89cb-e8d1b268f32f req-477fca5f-1705-4e35-89cb-e8d1b268f32f ] Request (SecurityGroupsTestJSON:setUpClass): 200 GET http://10.180.1.21/identity/v3/roles 0.037s
2025-12-15 16:11:42.056 65493 INFO tempest.lib.common.rest_client [req-966a1e5f-8b1f-4ac7-92f7-927a4f81e9b7 req-966a1e5f-8b1f-4ac7-92f7-927a4f81e9b7 ] Request (ImagesTestJSON:test_create_image_from_suspended_server): 200 GET http://10.180.1.21/compute/v2.1/servers/a59c8bf1-e944-437d-9aa2-8855aaa9e74c 0.916s
2025-12-15 16:11:42.088 65499 INFO tempest.lib.common.rest_client [req-823ad467-9f32-4af8-9d86-6b27a2d18233 req-823ad467-9f32-4af8-9d86-6b27a2d18233 ] Request (FloatingIPsAssociationTestJSON:test_associate_disassociate_floating_ip): 202 POST http://10.180.1.21/compute/v2.1/servers/f65835eb-35c1-4685-98e3-ef00796b3a9f/action 1.811s
2025-12-15 16:11:42.095 65511 INFO tempest.lib.common.rest_client [req-04900cb8-f8ec-474e-855a-309066ded192 req-04900cb8-f8ec-474e-855a-309066ded192 ] Request (SecurityGroupsTestJSON:setUpClass): 204 PUT http://10.180.1.21/identity/v3/projects/c62676b462d843d1ba2c9b95c4acb578/users/ba9e9c6b2f394014aeec6d9ff3f7678b/roles/380eb3ad072b411da444d993225343b8 0.104s
2025-12-15 16:11:42.095 65511 INFO tempest.lib.common.dynamic_creds [-] Dynamic test user ba9e9c6b2f394014aeec6d9ff3f7678b is created with scope project and roles: ['member']
2025-12-15 16:11:42.096 65511 INFO tempest.lib.common.dynamic_creds [-] Acquired dynamic creds: credentials: Credentials: {'domain_id': 'default', 'domain_name': 'Default', 'username': 'tempest-SecurityGroupsTestJSON-996945921-project-member', 'project_domain_id': 'default', 'project_domain_name': 'Default', 'project_id': 'c62676b462d843d1ba2c9b95c4acb578', 'project_name': 'tempest-SecurityGroupsTestJSON-996945921', 'tenant_id': 'c62676b462d843d1ba2c9b95c4acb578', 'tenant_name': 'tempest-SecurityGroupsTestJSON-996945921', 'user_domain_id': 'default', 'user_domain_name': 'Default', 'user_id': 'ba9e9c6b2f394014aeec6d9ff3f7678b', 'system': None}, Network: None, Subnet: None, Router: None
2025-12-15 16:11:42.138 65521 INFO tempest.lib.common.rest_client [req-d5abd337-b2b8-4593-9981-c87000494f5c req-d5abd337-b2b8-4593-9981-c87000494f5c ] Request (ListServersNegativeTestJSON:test_list_servers_by_limits_greater_than_actual_count): 200 GET http://10.180.1.21/compute/v2.1/servers 0.989s
2025-12-15 16:11:42.194 65511 INFO tempest.lib.common.rest_client [req-cc911692-5cbc-4e9e-821b-d506e8782e53 req-cc911692-5cbc-4e9e-821b-d506e8782e53 ] Request (SecurityGroupsTestJSON:setUpClass): 201 POST http://10.180.1.21/identity/v3/auth/tokens 0.098s
2025-12-15 16:11:42.228 65527 INFO tempest.lib.common.rest_client [req-9aef2084-818f-4bb0-9b82-3c1ece41bc0a req-9aef2084-818f-4bb0-9b82-3c1ece41bc0a ] Request (ServersAdminTestJSON:test_list_servers_filter_by_exist_host): 200 GET http://10.180.1.21/compute/v2.1/servers?host=cpu-1&all_tenants=1 0.910s
2025-12-15 16:11:42.469 65511 INFO tempest.lib.common.rest_client [req-7085520a-9df1-4f0a-bf73-6bae16447951 req-7085520a-9df1-4f0a-bf73-6bae16447951 ] Request (SecurityGroupsTestJSON:setUpClass): 201 POST http://10.180.1.21/networking/v2.0/networks 0.275s
2025-12-15 16:11:42.557 65495 INFO tempest.lib.common.rest_client [req-147828a7-df65-463f-b642-e84fab42f3c9 req-147828a7-df65-463f-b642-e84fab42f3c9 ] Request (ServersNegativeTestMultiTenantJSON:tearDownClass): 200 GET http://10.180.1.21/compute/v2.1/servers/6282b7ae-aea6-4776-bd87-cc21a9e7a5f5 1.205s
2025-12-15 16:11:42.702 65511 INFO tempest.lib.common.rest_client [req-30264584-7ce0-4afc-aca3-26db3693f8b0 req-30264584-7ce0-4afc-aca3-26db3693f8b0 ] Request (SecurityGroupsTestJSON:setUpClass): 201 POST http://10.180.1.21/networking/v2.0/subnets 0.232s
2025-12-15 16:11:42.743 65539 INFO tempest.lib.common.rest_client [req-156c5f27-47a9-4ef4-89b3-b0d2fb2d9dcb req-156c5f27-47a9-4ef4-89b3-b0d2fb2d9dcb ] Request (ListServerFiltersTestJSON:setUpClass): 200 GET http://10.180.1.21/compute/v2.1/servers/c6b84d16-b8bd-4cb7-904c-b7cecb75adff 1.426s
2025-12-15 16:11:43.761 65529 WARNING tempest.lib.common.ssh [-] Failed to establish authenticated ssh connection to cirros@10.180.180.235 ([Errno None] Unable to connect to port 22 on 10.180.180.235). Number attempts: 12. Retry after 13 seconds.: paramiko.ssh_exception.NoValidConnectionsError: [Errno None] Unable to connect to port 22 on 10.180.180.235
2025-12-15 16:11:43.857 65505 INFO tempest.lib.common.rest_client [req-c077b99b-50ea-40b7-8e12-1ef02c496651 req-c077b99b-50ea-40b7-8e12-1ef02c496651 ] Request (ServerRescueTestJSONUnderV235:setUpClass): 200 GET http://10.180.1.21/compute/v2.1/servers/359f95c8-9afd-49ae-bbd5-88cf4fe8d0ee 2.352s
2025-12-15 16:11:43.882 65509 INFO tempest.lib.common.rest_client [req-e239a5b9-b05d-4d8a-96aa-9136336a348b req-e239a5b9-b05d-4d8a-96aa-9136336a348b ] Request (ServersNegativeTestJSON:tearDown): 200 GET http://10.180.1.21/compute/v2.1/servers/72743768-c12c-469f-8636-a23e5ff92b9c 2.442s
2025-12-15 16:11:43.896 65535 INFO tempest.lib.common.rest_client [req-a1965fab-dd04-4b65-bc2b-2819f8c4d57b req-a1965fab-dd04-4b65-bc2b-2819f8c4d57b ] Request (ImagesOneServerNegativeTestJSON:_run_cleanups): 404 GET http://10.180.1.21/compute/v2.1/servers/f9d4a3b9-e97f-42c6-add0-520030b332a6 2.307s
2025-12-15 16:11:43.905 65511 INFO tempest.lib.common.rest_client [req-93003368-a0d3-4d97-b9c1-9a9d55953999 req-93003368-a0d3-4d97-b9c1-9a9d55953999 ] Request (SecurityGroupsTestJSON:setUpClass): 201 POST http://10.180.1.21/networking/v2.0/routers 1.202s
2025-12-15 16:11:43.998 65535 INFO tempest.lib.common.rest_client [req-73720b75-ecc2-4a77-8926-113412869d07 req-73720b75-ecc2-4a77-8926-113412869d07 ] Request (ImagesOneServerNegativeTestJSON:_run_cleanups): 201 POST http://10.180.1.21/identity/v3/auth/tokens 0.099s
2025-12-15 16:11:43.998 65535 INFO tempest.lib.common.fixed_network [-] (ImagesOneServerNegativeTestJSON:_run_cleanups) Found network {'id': 'dfa0eba3-6d3e-4887-92b3-3dda9394730e', 'name': 'tempest-ImagesOneServerNegativeTestJSON-1142575657-network', 'tenant_id': '43bc3ac5e1a1447f830eda38615c20f4', 'project_id': '43bc3ac5e1a1447f830eda38615c20f4', 'admin_state_up': True, 'mtu': 8950, 'status': 'ACTIVE', 'subnets': [], 'shared': False, 'port_security_enabled': True, 'router:external': False, 'provider:network_type': 'vlan', 'provider:physical_network': 'default', 'provider:segmentation_id': 913, 'availability_zone_hints': [], 'availability_zones': [], 'ipv4_address_scope': None, 'ipv6_address_scope': None, 'description': '', 'tags': [], 'created_at': '2025-12-15T16:08:09Z', 'updated_at': '2025-12-15T16:08:09Z', 'revision_number': 1} available for tenant
2025-12-15 16:11:44.131 65523 INFO tempest.lib.common.rest_client [req-3fb94610-0d80-4a19-a8ca-3dbfc953a14c req-3fb94610-0d80-4a19-a8ca-3dbfc953a14c ] Request (TenantUsagesTestJSON:setUpClass): 200 GET http://10.180.1.21/compute/v2.1/servers/327e8e52-6c00-4ec4-8d5e-9d378f600d28 2.449s
2025-12-15 16:11:44.138 65523 INFO tempest.common.waiters [-] State transition "BUILD/None" ==> "BUILD/spawning" after 30 second wait
2025-12-15 16:11:44.152 65541 INFO tempest.lib.common.rest_client [req-30b1642e-2711-4357-a4a1-e0123f7dccc7 req-30b1642e-2711-4357-a4a1-e0123f7dccc7 ] Request (MigrationsAdminTest:test_resize_server_revert_deleted_flavor): 200 GET http://10.180.1.21/compute/v2.1/servers/9701c843-b47f-47fc-912d-00804e71040d 2.447s
2025-12-15 16:11:44.172 65531 INFO tempest.lib.common.rest_client [req-4869b823-dda0-4496-a32d-e35daf66b8b0 req-4869b823-dda0-4496-a32d-e35daf66b8b0 ] Request (DeleteServersTestJSON:test_delete_server_while_in_building_state): 404 GET http://10.180.1.21/compute/v2.1/servers/3bb89881-fc58-430d-a08e-b03bfd846b63 2.356s
2025-12-15 16:11:44.196 65501 INFO tempest.lib.common.rest_client [req-6da435cf-49a9-469e-a8f9-0e53832f4be8 req-6da435cf-49a9-469e-a8f9-0e53832f4be8 ] Request (ServersTestMultiNic:_run_cleanups): 200 GET http://10.180.1.21/compute/v2.1/servers/ad432994-1f96-4227-99a8-fd3ed2e5f014 2.417s
2025-12-15 16:11:44.221 65551 INFO tempest.lib.common.rest_client [req-c07531cd-6165-4418-8a7b-8aad3697f6a0 req-c07531cd-6165-4418-8a7b-8aad3697f6a0 ] Request (ServerActionsV293TestJSON:tearDownClass): 404 GET http://10.180.1.21/compute/v2.1/servers/e21b14eb-cb4b-4efe-a521-792e51d4065f 2.307s
2025-12-15 16:11:44.228 65515 INFO tempest.lib.common.rest_client [req-211a63a5-3150-4e29-bcb2-063ec8d48784 req-211a63a5-3150-4e29-bcb2-063ec8d48784 ] Request (InstanceActionsTestJSON:setUpClass): 200 GET http://10.180.1.21/compute/v2.1/servers/7edc35fa-d8f9-4ec0-ab96-c04ac7e05816 2.331s
2025-12-15 16:11:44.235 65515 INFO tempest.common.waiters [-] State transition "BUILD/scheduling" ==> "BUILD/None" after 4 second wait
2025-12-15 16:11:44.254 65543 INFO tempest.lib.common.rest_client [req-77cf7ca9-f9cb-4754-8308-c427721e1c04 req-77cf7ca9-f9cb-4754-8308-c427721e1c04 ] Request (AttachInterfacesTestJSON:_run_cleanups): 404 GET http://10.180.1.21/compute/v2.1/servers/191db68f-a674-48fd-9b36-9b6f83a7e255 2.263s
2025-12-15 16:11:44.257 65531 INFO tempest.lib.common.rest_client [req-c3840e83-8591-46d6-b4be-649f4a1cdf26 req-c3840e83-8591-46d6-b4be-649f4a1cdf26 ] Request (DeleteServersTestJSON:test_delete_server_while_in_shelved_state): 201 POST http://10.180.1.21/identity/v3/auth/tokens 0.080s
2025-12-15 16:11:44.258 65531 INFO tempest.lib.common.fixed_network [-] (DeleteServersTestJSON:test_delete_server_while_in_shelved_state) Found network {'id': '4bcb5030-c3c1-4b3f-95d8-eee940148393', 'name': 'tempest-DeleteServersTestJSON-194400501-network', 'tenant_id': '69eda7c2b42447678aa271d96bea6a13', 'project_id': '69eda7c2b42447678aa271d96bea6a13', 'admin_state_up': True, 'mtu': 8950, 'status': 'ACTIVE', 'subnets': [], 'shared': False, 'port_security_enabled': True, 'router:external': False, 'provider:network_type': 'vlan', 'provider:physical_network': 'default', 'provider:segmentation_id': 186, 'availability_zone_hints': [], 'availability_zones': [], 'ipv4_address_scope': None, 'ipv6_address_scope': None, 'description': '', 'tags': [], 'created_at': '2025-12-15T16:09:04Z', 'updated_at': '2025-12-15T16:09:04Z', 'revision_number': 1} available for tenant
2025-12-15 16:11:44.307 65513 INFO tempest.lib.common.rest_client [req-b29e55de-ff55-42aa-be16-5177267c1293 req-b29e55de-ff55-42aa-be16-5177267c1293 ] Request (ImagesNegativeTestJSON:test_create_image_from_deleted_server): 200 GET http://10.180.1.21/compute/v2.1/servers/85dec20f-5a55-4a70-928d-411ea5ccbdbb 2.330s
2025-12-15 16:11:44.333 65499 INFO tempest.lib.common.rest_client [req-2235357b-e53c-4db3-82de-906825091509 req-2235357b-e53c-4db3-82de-906825091509 ] Request (FloatingIPsAssociationTestJSON:tearDownClass): 204 DELETE http://10.180.1.21/compute/v2.1/servers/c9fdfbbc-3e31-4e79-a003-99e75392769c 2.243s
2025-12-15 16:11:44.361 65545 INFO tempest.lib.common.rest_client [req-f8b80c1d-e614-44ad-9f84-4625e1392786 req-f8b80c1d-e614-44ad-9f84-4625e1392786 ] Request (ServersListShow296Test:tearDownClass): 404 GET http://10.180.1.21/compute/v2.1/servers/b7e57154-466d-49ce-bdf2-49289b28726e 2.209s
2025-12-15 16:11:44.363 65521 INFO tempest.lib.common.rest_client [req-1bd147cd-d689-4ae1-9ecf-0f653398b43d req-1bd147cd-d689-4ae1-9ecf-0f653398b43d ] Request (ListServersNegativeTestJSON:test_list_servers_by_limits_greater_than_actual_count): 200 GET http://10.180.1.21/compute/v2.1/servers?limit=102 2.223s
2025-12-15 16:11:44.414 65527 INFO tempest.lib.common.rest_client [req-b742fbd6-07af-4513-bb99-6ef894234e6f req-b742fbd6-07af-4513-bb99-6ef894234e6f ] Request (ServersAdminTestJSON:test_list_servers_filter_by_exist_host): 200 GET http://10.180.1.21/compute/v2.1/servers?host=nonexistent_host&all_tenants=1 2.182s
2025-12-15 16:11:44.459 65545 INFO tempest.lib.common.rest_client [req-059d455a-9463-4e9d-8fe9-9b4159a080fb req-059d455a-9463-4e9d-8fe9-9b4159a080fb ] Request (ServersListShow296Test:tearDownClass): 204 DELETE http://10.180.1.21/identity/v3/users/c6b04c2395374306bc4fd7663995ccb7 0.098s
2025-12-15 16:11:44.459 65545 INFO tempest.lib.common.dynamic_creds [-] Deleting project and security group for project: 4fe8d0d8772a41b1833b9c990fa00923
2025-12-15 16:11:44.523 65545 INFO tempest.lib.common.rest_client [req-e70e91d9-4be0-4dc1-b14f-569fca4b2393 req-e70e91d9-4be0-4dc1-b14f-569fca4b2393 ] Request (ServersListShow296Test:tearDownClass): 201 POST http://10.180.1.21/identity/v3/auth/tokens 0.063s
2025-12-15 16:11:44.727 65511 INFO tempest.lib.common.rest_client [req-0cae4c3b-192f-44e9-87a6-4194946349af req-0cae4c3b-192f-44e9-87a6-4194946349af ] Request (SecurityGroupsTestJSON:setUpClass): 200 PUT http://10.180.1.21/networking/v2.0/routers/34e3b7fb-4db1-40a9-92f8-edf7501a07be/add_router_interface 0.821s
2025-12-15 16:11:44.727 65511 INFO tempest.lib.common.dynamic_creds [-] Created isolated network resources for: credentials: Credentials: {'domain_id': 'default', 'domain_name': 'Default', 'username': 'tempest-SecurityGroupsTestJSON-996945921-project-member', 'project_domain_id': 'default', 'project_domain_name': 'Default', 'project_id': 'c62676b462d843d1ba2c9b95c4acb578', 'project_name': 'tempest-SecurityGroupsTestJSON-996945921', 'tenant_id': 'c62676b462d843d1ba2c9b95c4acb578', 'tenant_name': 'tempest-SecurityGroupsTestJSON-996945921', 'user_domain_id': 'default', 'user_domain_name': 'Default', 'user_id': 'ba9e9c6b2f394014aeec6d9ff3f7678b', 'system': None}, Network: {'id': '7b27579e-92d3-456c-b0d6-bde85f34e7e2', 'name': 'tempest-SecurityGroupsTestJSON-627840099-network', 'tenant_id': 'c62676b462d843d1ba2c9b95c4acb578', 'project_id': 'c62676b462d843d1ba2c9b95c4acb578', 'admin_state_up': True, 'mtu': 8950, 'status': 'ACTIVE', 'subnets': [], 'shared': False, 'port_security_enabled': True, 'router:external': False, 'provider:network_type': 'vlan', 'provider:physical_network': 'default', 'provider:segmentation_id': 289, 'availability_zone_hints': [], 'availability_zones': [], 'ipv4_address_scope': None, 'ipv6_address_scope': None, 'description': '', 'tags': [], 'created_at': '2025-12-15T16:11:42Z', 'updated_at': '2025-12-15T16:11:42Z', 'revision_number': 1}, Subnet: {'id': '2a9c2f73-1762-46de-ae51-9e1bdefd52f4', 'name': 'tempest-SecurityGroupsTestJSON-627840099-subnet', 'tenant_id': 'c62676b462d843d1ba2c9b95c4acb578', 'network_id': '7b27579e-92d3-456c-b0d6-bde85f34e7e2', 'ip_version': 4, 'subnetpool_id': None, 'enable_dhcp': True, 'ipv6_ra_mode': None, 'ipv6_address_mode': None, 'gateway_ip': '192.168.128.1', 'cidr': '192.168.128.0/28', 'allocation_pools': [{'start': '192.168.128.2', 'end': '192.168.128.14'}], 'host_routes': [], 'dns_nameservers': [], 'description': '', 'router:external': False, 'service_types': [], 'tags': [], 'created_at': '2025-12-15T16:11:42Z', 'updated_at': '2025-12-15T16:11:42Z', 'revision_number': 0, 'project_id': 'c62676b462d843d1ba2c9b95c4acb578'}, Router: {'id': '34e3b7fb-4db1-40a9-92f8-edf7501a07be', 'name': 'tempest-SecurityGroupsTestJSON-627840099-router', 'tenant_id': 'c62676b462d843d1ba2c9b95c4acb578', 'admin_state_up': True, 'status': 'ACTIVE', 'external_gateway_info': {'network_id': 'ac962b30-2800-439d-94d9-d5e949ef2f8a', 'external_fixed_ips': [{'subnet_id': 'f913069a-9b6c-4cb1-a49c-521245bad301', 'ip_address': '10.180.180.202'}], 'enable_snat': True}, 'description': '', 'availability_zones': [], 'distributed': False, 'ha': False, 'availability_zone_hints': [], 'routes': [], 'flavor_id': None, 'tags': [], 'created_at': '2025-12-15T16:11:42Z', 'updated_at': '2025-12-15T16:11:43Z', 'revision_number': 2, 'project_id': 'c62676b462d843d1ba2c9b95c4acb578'}
2025-12-15 16:11:44.834 65511 INFO tempest.lib.common.rest_client [req-c0c7d276-72aa-4d57-ae52-fd74549dec72 req-c0c7d276-72aa-4d57-ae52-fd74549dec72 ] Request (SecurityGroupsTestJSON:setUpClass): 201 POST http://10.180.1.21/identity/v3/auth/tokens 0.102s
2025-12-15 16:11:44.874 65545 INFO tempest.lib.common.rest_client [req-ff74c36e-bf8e-4897-a102-60c2be732fc0 req-ff74c36e-bf8e-4897-a102-60c2be732fc0 ] Request (ServersListShow296Test:tearDownClass): 200 GET http://10.180.1.21/networking/v2.0/security-groups?tenant_id=4fe8d0d8772a41b1833b9c990fa00923&name=default 0.351s
2025-12-15 16:11:44.906 65537 INFO tempest.lib.common.rest_client [req-ff7a461c-fd67-41e6-81a4-fe369a59d460 req-ff7a461c-fd67-41e6-81a4-fe369a59d460 ] Request (ServerDiskConfigTestJSON:test_rebuild_server_with_manual_disk_config): 200 GET http://10.180.1.21/compute/v2.1/servers/ae8be100-3869-4dd5-a0fe-568cf781f772 2.465s
2025-12-15 16:11:44.914 65537 INFO tempest.common.waiters [-] State transition "BUILD/spawning" ==> "ACTIVE/None" after 33 second wait
2025-12-15 16:11:44.936 65519 INFO tempest.lib.common.rest_client [req-f2359e90-af8f-4d78-96f1-ff21e0e0a3ca req-f2359e90-af8f-4d78-96f1-ff21e0e0a3ca ] Request (ServerRescueTestJSON:test_rescue_unrescue_instance): 200 GET http://10.180.1.21/compute/v2.1/servers/4ae97348-d194-4710-a4e1-b3e4f7a4e0e3 2.356s
2025-12-15 16:11:44.945 65519 INFO tempest.common.waiters [-] State transition "BUILD/None" ==> "BUILD/networking" after 17 second wait
2025-12-15 16:11:45.099 65545 INFO tempest.lib.common.rest_client [req-44750667-7d2c-4522-9a48-e1bd610d82fd req-44750667-7d2c-4522-9a48-e1bd610d82fd ] Request (ServersListShow296Test:tearDownClass): 204 DELETE http://10.180.1.21/networking/v2.0/security-groups/ef884c4f-f6a0-42ee-9195-6c681e4cdf94 0.224s
2025-12-15 16:11:45.137 65525 INFO tempest.lib.common.rest_client [req-501c6c3f-f4fd-48b2-b317-2000711d223d req-501c6c3f-f4fd-48b2-b317-2000711d223d ] Request (ServersWithSpecificFlavorTestJSON:test_verify_created_server_ephemeral_disk): 200 GET http://10.180.1.21/compute/v2.1/servers/a9a2a925-6a54-4c4c-b997-b438fbad207f 2.411s
2025-12-15 16:11:45.161 65507 INFO tempest.lib.common.rest_client [req-a086cc5a-7034-4f2b-8dec-00cb1d504e2f req-a086cc5a-7034-4f2b-8dec-00cb1d504e2f ] Request (FloatingIPsAssociationNegativeTestJSON:tearDownClass): 200 GET http://10.180.1.21/compute/v2.1/servers/cb83d0db-46de-423b-ac00-a1a443c39210 2.315s
2025-12-15 16:11:45.227 65545 INFO tempest.lib.common.rest_client [req-b9891644-7541-40dd-9a5a-82e61368b01c req-b9891644-7541-40dd-9a5a-82e61368b01c ] Request (ServersListShow296Test:tearDownClass): 204 DELETE http://10.180.1.21/identity/v3/projects/4fe8d0d8772a41b1833b9c990fa00923 0.127s
2025-12-15 16:11:45.251 65497 INFO tempest.lib.common.rest_client [req-56785f7e-c92d-4b8e-87c3-5e22c25568cd req-56785f7e-c92d-4b8e-87c3-5e22c25568cd ] Request (MultipleCreateTestJSON:_run_cleanups): 200 GET http://10.180.1.21/compute/v2.1/servers/f384f352-4972-4af0-b9a4-7cc7cd1ba37f 2.322s
2025-12-15 16:11:45.309 65493 INFO tempest.lib.common.rest_client [req-1da571da-3ef1-4531-8467-3c08c9f39805 req-1da571da-3ef1-4531-8467-3c08c9f39805 ] Request (ImagesTestJSON:test_create_image_from_suspended_server): 200 GET http://10.180.1.21/compute/v2.1/servers/a59c8bf1-e944-437d-9aa2-8855aaa9e74c 2.245s
2025-12-15 16:11:45.361 65495 INFO tempest.lib.common.rest_client [req-069254ff-c966-40d0-a7c9-aa9551649d21 req-069254ff-c966-40d0-a7c9-aa9551649d21 ] Request (ServersNegativeTestMultiTenantJSON:tearDownClass): 200 GET http://10.180.1.21/compute/v2.1/servers/6282b7ae-aea6-4776-bd87-cc21a9e7a5f5 1.795s
2025-12-15 16:11:45.568 65539 INFO tempest.lib.common.rest_client [req-59e9d199-26b7-40be-bb96-6d089020156c req-59e9d199-26b7-40be-bb96-6d089020156c ] Request (ListServerFiltersTestJSON:setUpClass): 200 GET http://10.180.1.21/compute/v2.1/servers/c6b84d16-b8bd-4cb7-904c-b7cecb75adff 1.816s
2025-12-15 16:11:45.589 65509 INFO tempest.lib.common.rest_client [req-cf960d46-3c18-46b6-a477-48e0531ec36c req-cf960d46-3c18-46b6-a477-48e0531ec36c ] Request (ServersNegativeTestJSON:setUp): 200 GET http://10.180.1.21/compute/v2.1/servers/72743768-c12c-469f-8636-a23e5ff92b9c 1.692s
2025-12-15 16:11:45.605 65551 INFO tempest.lib.common.rest_client [req-e4bc4d98-ef24-4ce8-a716-0460f5a8a085 req-e4bc4d98-ef24-4ce8-a716-0460f5a8a085 ] Request (ServerActionsV293TestJSON:tearDownClass): 204 DELETE http://10.180.1.21/compute/v2.1/os-keypairs/tempest-keypair-1810507414 1.384s
2025-12-15 16:11:45.624 65543 INFO tempest.lib.common.rest_client [req-06abcdd1-5bf7-4dd8-a18e-daf20e296b3f req-06abcdd1-5bf7-4dd8-a18e-daf20e296b3f ] Request (AttachInterfacesTestJSON:_run_cleanups): 202 DELETE http://10.180.1.21/compute/v2.1/os-keypairs/tempest-keypair-1677724027 1.369s
2025-12-15 16:11:45.708 65551 INFO tempest.lib.common.rest_client [req-bf776b97-2de3-4bd2-b938-c4b056a93c26 req-bf776b97-2de3-4bd2-b938-c4b056a93c26 ] Request (ServerActionsV293TestJSON:tearDownClass): 204 DELETE http://10.180.1.21/networking/v2.0/security-groups/837b8c63-6d80-45d3-a9be-427d83c5b42a 0.102s
2025-12-15 16:11:45.815 65509 INFO tempest.lib.common.rest_client [req-4e0e454a-6ffb-434b-89f4-cca16ab984c2 req-4e0e454a-6ffb-434b-89f4-cca16ab984c2 ] Request (ServersNegativeTestJSON:test_create_server_from_non_bootable_volume): 202 POST http://10.180.1.21/volume/v3/volumes 0.218s
2025-12-15 16:11:45.854 65509 INFO tempest.lib.common.rest_client [req-b490635c-30a6-43bf-95d6-581b69e1437f req-b490635c-30a6-43bf-95d6-581b69e1437f ] Request (ServersNegativeTestJSON:test_create_server_from_non_bootable_volume): 200 GET http://10.180.1.21/volume/v3/volumes/c9230850-1780-4308-ae94-7e5fbe561e16 0.031s
2025-12-15 16:11:45.881 65543 INFO tempest.lib.common.rest_client [req-aa4cde42-9e25-44cf-8a34-8d6d5de06a8b req-aa4cde42-9e25-44cf-8a34-8d6d5de06a8b ] Request (AttachInterfacesTestJSON:_run_cleanups): 204 DELETE http://10.180.1.21/networking/v2.0/security-groups/0b753815-728e-4ba2-a7f0-1eb90d70cc2a 0.257s
2025-12-15 16:11:45.933 65551 INFO tempest.lib.common.rest_client [req-6a38bf37-d392-4be9-a71c-0b87a8709fc2 req-6a38bf37-d392-4be9-a71c-0b87a8709fc2 ] Request (ServerActionsV293TestJSON:tearDownClass): 404 GET http://10.180.1.21/networking/v2.0/security-groups/837b8c63-6d80-45d3-a9be-427d83c5b42a 0.220s
2025-12-15 16:11:46.021 65543 INFO tempest.lib.common.rest_client [req-254a7c06-47cc-482d-b34e-b9980728b38d req-254a7c06-47cc-482d-b34e-b9980728b38d ] Request (AttachInterfacesTestJSON:_run_cleanups): 404 GET http://10.180.1.21/networking/v2.0/security-groups/0b753815-728e-4ba2-a7f0-1eb90d70cc2a 0.139s
2025-12-15 16:11:46.265 65551 INFO tempest.lib.common.rest_client [req-16573665-bfe6-475d-ae61-d96212baf5d3 req-16573665-bfe6-475d-ae61-d96212baf5d3 ] Request (ServerActionsV293TestJSON:tearDownClass): 204 DELETE http://10.180.1.21/networking/v2.0/floatingips/5ba8cb3c-6f2b-4d40-b3d5-14542e9e49ff 0.331s
2025-12-15 16:11:46.539 65533 WARNING tempest.lib.common.ssh [-] Failed to establish authenticated ssh connection to cirros@10.180.180.215 ([Errno None] Unable to connect to port 22 on 10.180.180.215). Number attempts: 8. Retry after 9 seconds.: paramiko.ssh_exception.NoValidConnectionsError: [Errno None] Unable to connect to port 22 on 10.180.180.215
2025-12-15 16:11:46.554 65543 INFO tempest.lib.common.rest_client [req-499255c1-84b8-47bd-b2fb-b0a038e581a8 req-499255c1-84b8-47bd-b2fb-b0a038e581a8 ] Request (AttachInterfacesTestJSON:_run_cleanups): 204 DELETE http://10.180.1.21/networking/v2.0/floatingips/5050a301-dd34-4a57-b20a-d66d3b4d18eb 0.533s
2025-12-15 16:11:46.818 65535 INFO tempest.lib.common.rest_client [req-517e0656-f35e-4d3a-8dc0-8ee8cdd19ac1 req-517e0656-f35e-4d3a-8dc0-8ee8cdd19ac1 ] Request (ImagesOneServerNegativeTestJSON:_run_cleanups): 202 POST http://10.180.1.21/compute/v2.1/servers 2.819s
2025-12-15 16:11:46.883 65531 INFO tempest.lib.common.rest_client [req-9519aaa0-abaa-46a1-af6a-ea0c9a9cb95c req-9519aaa0-abaa-46a1-af6a-ea0c9a9cb95c ] Request (DeleteServersTestJSON:test_delete_server_while_in_shelved_state): 202 POST http://10.180.1.21/compute/v2.1/servers 2.624s
2025-12-15 16:11:46.891 65521 INFO tempest.lib.common.rest_client [req-606190fa-05a0-4597-9800-c72139e4c035 req-606190fa-05a0-4597-9800-c72139e4c035 ] Request (ListServersNegativeTestJSON:test_list_servers_by_limits_pass_negative_value): 400 GET http://10.180.1.21/compute/v2.1/servers?limit=-1 2.523s
2025-12-15 16:11:46.903 65509 INFO tempest.lib.common.rest_client [req-793ab981-9d5f-4d35-994e-4495d7bde334 req-793ab981-9d5f-4d35-994e-4495d7bde334 ] Request (ServersNegativeTestJSON:test_create_server_from_non_bootable_volume): 200 GET http://10.180.1.21/volume/v3/volumes/c9230850-1780-4308-ae94-7e5fbe561e16 0.038s
2025-12-15 16:11:46.905 65499 INFO tempest.lib.common.rest_client [req-cf934c5f-43da-4039-a21e-4fd60aa7e094 req-cf934c5f-43da-4039-a21e-4fd60aa7e094 ] Request (FloatingIPsAssociationTestJSON:tearDownClass): 200 GET http://10.180.1.21/compute/v2.1/servers/c9fdfbbc-3e31-4e79-a003-99e75392769c 2.572s
2025-12-15 16:11:46.915 65509 INFO tempest.common.waiters [-] volume c9230850-1780-4308-ae94-7e5fbe561e16 reached available after waiting for 1.915111 seconds
2025-12-15 16:11:46.949 65509 INFO tempest.lib.common.rest_client [req-9dec45c2-9655-4b1b-b197-299ea32f08cf req-9dec45c2-9655-4b1b-b197-299ea32f08cf ] Request (ServersNegativeTestJSON:test_create_server_from_non_bootable_volume): 200 POST http://10.180.1.21/volume/v3/volumes/c9230850-1780-4308-ae94-7e5fbe561e16/action 0.034s
2025-12-15 16:11:46.995 65509 INFO tempest.lib.common.rest_client [req-8db889d6-5545-45d1-a902-fb4efc725c8d req-8db889d6-5545-45d1-a902-fb4efc725c8d ] Request (ServersNegativeTestJSON:test_create_server_from_non_bootable_volume): 200 GET http://10.180.1.21/volume/v3/volumes/c9230850-1780-4308-ae94-7e5fbe561e16 0.045s
2025-12-15 16:11:47.071 65527 INFO tempest.lib.common.rest_client [req-79297c8d-f57c-4371-b8cd-0efd2d4af253 req-79297c8d-f57c-4371-b8cd-0efd2d4af253 ] Request (ServersAdminTestJSON:test_rebuild_server_in_error_state): 202 POST http://10.180.1.21/compute/v2.1/servers/0e3580fa-6d81-471b-974d-5d25714d40cb/action 2.652s
2025-12-15 16:11:47.101 65509 INFO tempest.lib.common.rest_client [req-13147d01-52bf-40bd-bec4-1bea91f5ab76 req-13147d01-52bf-40bd-bec4-1bea91f5ab76 ] Request (ServersNegativeTestJSON:test_create_server_from_non_bootable_volume): 201 POST http://10.180.1.21/identity/v3/auth/tokens 0.095s
2025-12-15 16:11:47.101 65509 INFO tempest.lib.common.fixed_network [-] (ServersNegativeTestJSON:test_create_server_from_non_bootable_volume) Found network {'id': 'd410f478-003f-42bd-92b8-95423e6915fd', 'name': 'tempest-ServersNegativeTestJSON-909390123-network', 'tenant_id': '5237c4d8e47c4a0d974db5bdd13263a7', 'project_id': '5237c4d8e47c4a0d974db5bdd13263a7', 'admin_state_up': True, 'mtu': 8950, 'status': 'ACTIVE', 'subnets': [], 'shared': False, 'port_security_enabled': True, 'router:external': False, 'provider:network_type': 'vlan', 'provider:physical_network': 'default', 'provider:segmentation_id': 84, 'availability_zone_hints': [], 'availability_zones': [], 'ipv4_address_scope': None, 'ipv6_address_scope': None, 'description': '', 'tags': [], 'created_at': '2025-12-15T16:09:49Z', 'updated_at': '2025-12-15T16:09:49Z', 'revision_number': 1} available for tenant
2025-12-15 16:11:47.207 65505 INFO tempest.lib.common.rest_client [req-77d7aee8-39b2-4943-b0a1-0ae58b3d77ca req-77d7aee8-39b2-4943-b0a1-0ae58b3d77ca ] Request (ServerRescueTestJSONUnderV235:setUpClass): 200 GET http://10.180.1.21/compute/v2.1/servers/359f95c8-9afd-49ae-bbd5-88cf4fe8d0ee 2.339s
2025-12-15 16:11:47.279 65551 INFO tempest.lib.common.rest_client [req-cefb775e-d292-4106-8b42-5bf3304713d0 req-cefb775e-d292-4106-8b42-5bf3304713d0 ] Request (ServerActionsV293TestJSON:tearDownClass): 200 PUT http://10.180.1.21/networking/v2.0/routers/bc666b85-ebdb-40e2-b636-861c26818308/remove_router_interface 1.013s
2025-12-15 16:11:47.317 65511 INFO tempest.lib.common.rest_client [req-43620743-5818-455f-a50f-c1bc9e42f664 req-43620743-5818-455f-a50f-c1bc9e42f664 ] Request (SecurityGroupsTestJSON:test_list_security_groups_by_server): 200 POST http://10.180.1.21/compute/v2.1/os-security-groups 2.481s
2025-12-15 16:11:47.687 65537 INFO tempest.lib.common.rest_client [req-dd650c18-0a18-49fb-a795-28322cabffad req-dd650c18-0a18-49fb-a795-28322cabffad ] Request (ServerDiskConfigTestJSON:test_rebuild_server_with_manual_disk_config): 200 GET http://10.180.1.21/compute/v2.1/servers/ae8be100-3869-4dd5-a0fe-568cf781f772 2.773s
2025-12-15 16:11:47.766 65551 INFO tempest.lib.common.rest_client [req-0e0fda4a-8ed3-493a-8c81-81ed3dd7ce6c req-0e0fda4a-8ed3-493a-8c81-81ed3dd7ce6c ] Request (ServerActionsV293TestJSON:tearDownClass): 204 DELETE http://10.180.1.21/networking/v2.0/routers/bc666b85-ebdb-40e2-b636-861c26818308 0.486s
2025-12-15 16:11:47.805 65523 INFO tempest.lib.common.rest_client [req-14b2db22-906b-494c-973b-9914e889b0e2 req-14b2db22-906b-494c-973b-9914e889b0e2 ] Request (TenantUsagesTestJSON:setUpClass): 200 GET http://10.180.1.21/compute/v2.1/servers/327e8e52-6c00-4ec4-8d5e-9d378f600d28 2.665s
2025-12-15 16:11:48.046 65551 INFO tempest.lib.common.rest_client [req-096ab407-8a09-4fc9-ac1b-d21fc9fddebd req-096ab407-8a09-4fc9-ac1b-d21fc9fddebd ] Request (ServerActionsV293TestJSON:tearDownClass): 204 DELETE http://10.180.1.21/networking/v2.0/subnets/e1f9b20f-31df-44f4-acb0-46eee52154e6 0.280s
2025-12-15 16:11:48.106 65501 INFO tempest.lib.common.rest_client [req-cf9f3e02-4493-42b3-bb0a-37ee49cfd9a7 req-cf9f3e02-4493-42b3-bb0a-37ee49cfd9a7 ] Request (ServersTestMultiNic:_run_cleanups): 200 GET http://10.180.1.21/compute/v2.1/servers/ad432994-1f96-4227-99a8-fd3ed2e5f014 2.902s
2025-12-15 16:11:48.139 65541 INFO tempest.lib.common.rest_client [req-59a2647a-d39d-453a-a9af-25b26761ee4a req-59a2647a-d39d-453a-a9af-25b26761ee4a ] Request (MigrationsAdminTest:test_resize_server_revert_deleted_flavor): 200 GET http://10.180.1.21/compute/v2.1/servers/9701c843-b47f-47fc-912d-00804e71040d 2.978s
2025-12-15 16:11:48.318 65549 INFO paramiko.transport [-] Connected (version 2.0, client dropbear_2020.81)
2025-12-15 16:11:48.387 65551 INFO tempest.lib.common.rest_client [req-a826e960-fd89-4a6c-9fd3-6e09cb1b8765 req-a826e960-fd89-4a6c-9fd3-6e09cb1b8765 ] Request (ServerActionsV293TestJSON:tearDownClass): 204 DELETE http://10.180.1.21/networking/v2.0/networks/6e8117bc-0aae-4f55-aca0-4adf136673dd 0.340s
2025-12-15 16:11:48.422 65515 INFO tempest.lib.common.rest_client [req-94a4bbad-55e3-4f11-889b-404bf646676c req-94a4bbad-55e3-4f11-889b-404bf646676c ] Request (InstanceActionsTestJSON:setUpClass): 200 GET http://10.180.1.21/compute/v2.1/servers/7edc35fa-d8f9-4ec0-ab96-c04ac7e05816 3.185s
2025-12-15 16:11:48.426 65549 INFO paramiko.transport [-] Authentication (publickey) successful!
2025-12-15 16:11:48.427 65549 INFO tempest.lib.common.ssh [-] ssh connection to cirros@10.180.180.203 successfully created
2025-12-15 16:11:48.436 65513 INFO tempest.lib.common.rest_client [req-970b37a0-93b8-4f17-b5ef-8a88af0d2738 req-970b37a0-93b8-4f17-b5ef-8a88af0d2738 ] Request (ImagesNegativeTestJSON:test_create_image_from_deleted_server): 200 GET http://10.180.1.21/compute/v2.1/servers/85dec20f-5a55-4a70-928d-411ea5ccbdbb 3.119s
2025-12-15 16:11:48.518 65551 INFO tempest.lib.common.rest_client [req-553a352c-3c08-4891-9ec2-9e2411010c3e req-553a352c-3c08-4891-9ec2-9e2411010c3e ] Request (ServerActionsV293TestJSON:tearDownClass): 204 DELETE http://10.180.1.21/identity/v3/users/e8b35d50a627444bb685e709756c797c 0.131s
2025-12-15 16:11:48.519 65551 INFO tempest.lib.common.dynamic_creds [-] Deleting project and security group for project: 56ff01a7d638440097a47c6fd631c4f3
2025-12-15 16:11:48.676 65551 INFO tempest.lib.common.rest_client [req-7c6db028-0e1c-4870-8937-fef24fd8968d req-7c6db028-0e1c-4870-8937-fef24fd8968d ] Request (ServerActionsV293TestJSON:tearDownClass): 200 GET http://10.180.1.21/networking/v2.0/security-groups?tenant_id=56ff01a7d638440097a47c6fd631c4f3&name=default 0.157s
2025-12-15 16:11:48.708 65519 INFO tempest.lib.common.rest_client [req-fe9d8ecb-fdbb-4635-8e0f-1daf3cb7065f req-fe9d8ecb-fdbb-4635-8e0f-1daf3cb7065f ] Request (ServerRescueTestJSON:test_rescue_unrescue_instance): 200 GET http://10.180.1.21/compute/v2.1/servers/4ae97348-d194-4710-a4e1-b3e4f7a4e0e3 2.761s
2025-12-15 16:11:48.715 65519 INFO tempest.common.waiters [-] State transition "BUILD/networking" ==> "BUILD/spawning" after 21 second wait
2025-12-15 16:11:48.736 65525 INFO tempest.lib.common.rest_client [req-af129ad7-085f-4998-b657-27b41b8c75a4 req-af129ad7-085f-4998-b657-27b41b8c75a4 ] Request (ServersWithSpecificFlavorTestJSON:test_verify_created_server_ephemeral_disk): 200 GET http://10.180.1.21/compute/v2.1/servers/a9a2a925-6a54-4c4c-b997-b438fbad207f 2.590s
2025-12-15 16:11:48.749 65525 INFO tempest.common.waiters [-] State transition "BUILD/None" ==> "BUILD/block_device_mapping" after 21 second wait
2025-12-15 16:11:48.852 65551 INFO tempest.lib.common.rest_client [req-559ff38f-f2fe-4a96-9dfa-935b8ca9768f req-559ff38f-f2fe-4a96-9dfa-935b8ca9768f ] Request (ServerActionsV293TestJSON:tearDownClass): 204 DELETE http://10.180.1.21/networking/v2.0/security-groups/56771d8f-3d81-480a-b0f3-cee1c030233b 0.175s
2025-12-15 16:11:48.878 65507 INFO tempest.lib.common.rest_client [req-64b0ef01-209d-4b75-86b0-1b5a99bb3d08 req-64b0ef01-209d-4b75-86b0-1b5a99bb3d08 ] Request (FloatingIPsAssociationNegativeTestJSON:tearDownClass): 200 GET http://10.180.1.21/compute/v2.1/servers/cb83d0db-46de-423b-ac00-a1a443c39210 2.708s
2025-12-15 16:11:48.890 65497 INFO tempest.lib.common.rest_client [req-d903d41d-8500-4f3d-bb76-0da341b293d2 req-d903d41d-8500-4f3d-bb76-0da341b293d2 ] Request (MultipleCreateTestJSON:_run_cleanups): 200 GET http://10.180.1.21/compute/v2.1/servers/f384f352-4972-4af0-b9a4-7cc7cd1ba37f 2.629s
2025-12-15 16:11:48.936 65493 INFO tempest.lib.common.rest_client [req-f534b7d0-2624-49ef-95bc-0be9b3ef8fc1 req-f534b7d0-2624-49ef-95bc-0be9b3ef8fc1 ] Request (ImagesTestJSON:test_create_image_from_suspended_server): 200 GET http://10.180.1.21/compute/v2.1/servers/a59c8bf1-e944-437d-9aa2-8855aaa9e74c 2.616s
2025-12-15 16:11:48.952 65495 INFO tempest.lib.common.rest_client [req-427631da-5c66-42e9-bd03-4ae52c07eabc req-427631da-5c66-42e9-bd03-4ae52c07eabc ] Request (ServersNegativeTestMultiTenantJSON:tearDownClass): 200 GET http://10.180.1.21/compute/v2.1/servers/6282b7ae-aea6-4776-bd87-cc21a9e7a5f5 2.583s
2025-12-15 16:11:48.956 65551 INFO tempest.lib.common.rest_client [req-f9b7ea43-71e4-4da9-a898-547f96d1a203 req-f9b7ea43-71e4-4da9-a898-547f96d1a203 ] Request (ServerActionsV293TestJSON:tearDownClass): 204 DELETE http://10.180.1.21/identity/v3/projects/56ff01a7d638440097a47c6fd631c4f3 0.103s
2025-12-15 16:11:48.979 65543 INFO tempest.lib.common.rest_client [req-ca484e0e-098f-4055-b7af-d854f82e0f2d req-ca484e0e-098f-4055-b7af-d854f82e0f2d ] Request (ValidationResourcesFixture:setUp): 200 POST http://10.180.1.21/compute/v2.1/os-keypairs 2.422s
2025-12-15 16:11:49.046 65551 INFO tempest.lib.common.rest_client [req-bd9aaebb-f724-4bbc-9d3e-9ad86e3444f4 req-bd9aaebb-f724-4bbc-9d3e-9ad86e3444f4 ] Request (ServerShowV247Test:setUpClass): 201 POST http://10.180.1.21/identity/v3/auth/tokens 0.088s
2025-12-15 16:11:49.084 65551 INFO tempest.lib.common.rest_client [req-75764056-27c1-4404-a49c-4baa4a631888 req-75764056-27c1-4404-a49c-4baa4a631888 ] Request (ServerShowV247Test:setUpClass): 201 POST http://10.180.1.21/identity/v3/auth/tokens 0.035s
2025-12-15 16:11:49.102 65543 INFO tempest.lib.common.rest_client [req-8291cf1e-2ad7-4954-9a68-21b4dd2f1af5 req-8291cf1e-2ad7-4954-9a68-21b4dd2f1af5 ] Request (ValidationResourcesFixture:setUp): 201 POST http://10.180.1.21/networking/v2.0/security-groups 0.121s
2025-12-15 16:11:49.124 65551 INFO tempest.lib.common.rest_client [req-56035dc7-fe6c-44f1-aac0-ae9a11a390ff req-56035dc7-fe6c-44f1-aac0-ae9a11a390ff ] Request (ServerShowV247Test:setUpClass): 200 GET http://10.180.1.21/identity/v3/domains?name=Default 0.040s
2025-12-15 16:11:49.162 65551 INFO tempest.lib.common.rest_client [req-7b121bb0-eeef-4978-a1b4-252da5ad7cc2 req-7b121bb0-eeef-4978-a1b4-252da5ad7cc2 ] Request (ServerShowV247Test:setUpClass): 201 POST http://10.180.1.21/identity/v3/projects 0.037s
