2025-12-15 16:10:09.676 65545 INFO tempest.lib.common.rest_client [req-ef3ed4f3-c76a-46ce-b00e-7014c33648ea req-ef3ed4f3-c76a-46ce-b00e-7014c33648ea ] Request (ServerTagsTestJSON:tearDownClass): 204 DELETE http://10.180.1.21/networking/v2.0/security-groups/4016a6d9-0970-467e-9687-5ce3a39e3775 0.872s
2025-12-15 16:10:09.688 65493 INFO tempest.lib.common.rest_client [req-aab01630-1d12-4e65-92a6-2176afc95a01 req-aab01630-1d12-4e65-92a6-2176afc95a01 ] Request (ServerDiagnosticsTest:tearDownClass): 204 DELETE http://10.180.1.21/identity/v3/projects/c1ea3538b622417fb0c42e49228696cc 0.078s
2025-12-15 16:10:09.688 65493 INFO tempest.lib.common.dynamic_creds [-] Deleting project and security group for project: bc4bcc2c761e4fb59ca16db9a656e9fc
2025-12-15 16:10:09.775 65545 INFO tempest.lib.common.rest_client [req-609c80df-e3c5-46c4-8da7-0fbc188f4e2e req-609c80df-e3c5-46c4-8da7-0fbc188f4e2e ] Request (ServerTagsTestJSON:tearDownClass): 204 DELETE http://10.180.1.21/identity/v3/projects/22cdcebb727f47acabd9cd2f81156bf7 0.099s
2025-12-15 16:10:09.840 65545 INFO tempest.lib.common.rest_client [req-35a8b290-2287-457c-8baf-dd10edbec2b6 req-35a8b290-2287-457c-8baf-dd10edbec2b6 ] Request (ServersListShow296Test:setUpClass): 201 POST http://10.180.1.21/identity/v3/auth/tokens 0.063s
2025-12-15 16:10:09.870 65545 INFO tempest.lib.common.rest_client [req-221eab2e-0a43-4aa6-9d11-87bc363f9fc3 req-221eab2e-0a43-4aa6-9d11-87bc363f9fc3 ] Request (ServersListShow296Test:setUpClass): 201 POST http://10.180.1.21/identity/v3/auth/tokens 0.026s
2025-12-15 16:10:09.894 65545 INFO tempest.lib.common.rest_client [req-8448ae3c-e299-4a02-97ef-5a57ee519f4f req-8448ae3c-e299-4a02-97ef-5a57ee519f4f ] Request (ServersListShow296Test:setUpClass): 200 GET http://10.180.1.21/identity/v3/domains?name=Default 0.024s
2025-12-15 16:10:09.928 65545 INFO tempest.lib.common.rest_client [req-6d507134-af4b-443d-9b66-6c41d1c85970 req-6d507134-af4b-443d-9b66-6c41d1c85970 ] Request (ServersListShow296Test:setUpClass): 201 POST http://10.180.1.21/identity/v3/projects 0.033s
2025-12-15 16:10:09.935 65521 INFO tempest.lib.common.rest_client [req-ff9fca84-488e-4821-b487-2b232d22626d req-ff9fca84-488e-4821-b487-2b232d22626d ] Request (ListServersNegativeTestJSON:setUpClass): 201 POST http://10.180.1.21/networking/v2.0/networks 0.884s
2025-12-15 16:10:10.001 65545 INFO tempest.lib.common.rest_client [req-57fe49c5-b65d-469b-b355-dde0a2a4261a req-57fe49c5-b65d-469b-b355-dde0a2a4261a ] Request (ServersListShow296Test:setUpClass): 201 POST http://10.180.1.21/identity/v3/users 0.073s
2025-12-15 16:10:10.024 65545 INFO tempest.lib.common.rest_client [req-80bcade0-df4a-4001-b835-cb5e07ff42e7 req-80bcade0-df4a-4001-b835-cb5e07ff42e7 ] Request (ServersListShow296Test:setUpClass): 200 GET http://10.180.1.21/identity/v3/roles 0.022s
2025-12-15 16:10:10.054 65545 INFO tempest.lib.common.rest_client [req-ba329f25-640c-4b82-81bc-f7a6f7f5c2ad req-ba329f25-640c-4b82-81bc-f7a6f7f5c2ad ] Request (ServersListShow296Test:setUpClass): 204 PUT http://10.180.1.21/identity/v3/projects/4fe8d0d8772a41b1833b9c990fa00923/users/c6b04c2395374306bc4fd7663995ccb7/roles/380eb3ad072b411da444d993225343b8 0.030s
2025-12-15 16:10:10.054 65545 INFO tempest.lib.common.dynamic_creds [-] Dynamic test user c6b04c2395374306bc4fd7663995ccb7 is created with scope project and roles: ['member']
2025-12-15 16:10:10.055 65545 INFO tempest.lib.common.dynamic_creds [-] Acquired dynamic creds: credentials: Credentials: {'domain_id': 'default', 'domain_name': 'Default', 'username': 'tempest-ServersListShow296Test-1882941049-project-member', 'project_domain_id': 'default', 'project_domain_name': 'Default', 'project_id': '4fe8d0d8772a41b1833b9c990fa00923', 'project_name': 'tempest-ServersListShow296Test-1882941049', 'tenant_id': '4fe8d0d8772a41b1833b9c990fa00923', 'tenant_name': 'tempest-ServersListShow296Test-1882941049', 'user_domain_id': 'default', 'user_domain_name': 'Default', 'user_id': 'c6b04c2395374306bc4fd7663995ccb7', 'system': None}, Network: None, Subnet: None, Router: None
2025-12-15 16:10:10.055 65545 INFO tempest.lib.common.dynamic_creds [-] Created isolated network resources for: credentials: Credentials: {'domain_id': 'default', 'domain_name': 'Default', 'username': 'tempest-ServersListShow296Test-1882941049-project-member', 'project_domain_id': 'default', 'project_domain_name': 'Default', 'project_id': '4fe8d0d8772a41b1833b9c990fa00923', 'project_name': 'tempest-ServersListShow296Test-1882941049', 'tenant_id': '4fe8d0d8772a41b1833b9c990fa00923', 'tenant_name': 'tempest-ServersListShow296Test-1882941049', 'user_domain_id': 'default', 'user_domain_name': 'Default', 'user_id': 'c6b04c2395374306bc4fd7663995ccb7', 'system': None}, Network: None, Subnet: None, Router: None
2025-12-15 16:10:10.127 65545 INFO tempest.lib.common.rest_client [req-e7c3d770-eab8-4dbd-8b4e-cc8e56616abf req-e7c3d770-eab8-4dbd-8b4e-cc8e56616abf ] Request (ServersListShow296Test:setUpClass): 201 POST http://10.180.1.21/identity/v3/auth/tokens 0.069s
2025-12-15 16:10:10.142 65555 INFO tempest.lib.common.rest_client [req-ba676722-49bb-46c4-8770-874914f9d863 req-ba676722-49bb-46c4-8770-874914f9d863 ] Request (VolumesAdminNegativeTest:tearDownClass): 204 DELETE http://10.180.1.21/networking/v2.0/subnets/6fbe13a6-8e3b-41a8-8b64-b46a9b84a73c 0.873s
2025-12-15 16:10:10.159 65545 INFO tempest.lib.common.rest_client [req-d3dd2437-3c4c-4478-af13-35827681a1df req-d3dd2437-3c4c-4478-af13-35827681a1df ] Request (ServersListShow296Test:test_list_show_update_rebuild_server_296): 201 POST http://10.180.1.21/identity/v3/auth/tokens 0.029s
2025-12-15 16:10:10.159 65545 INFO tempest.lib.common.fixed_network [-] (ServersListShow296Test:test_list_show_update_rebuild_server_296) Found network None available for tenant
2025-12-15 16:10:10.253 65499 INFO tempest.lib.common.rest_client [req-e78a2bf8-6100-4081-bed9-2c4d28cc4460 req-e78a2bf8-6100-4081-bed9-2c4d28cc4460 ] Request (FloatingIPsAssociationTestJSON:setUpClass): 202 POST http://10.180.1.21/compute/v2.1/servers 6.247s
2025-12-15 16:10:10.266 65541 INFO tempest.lib.common.rest_client [req-cc5d4d68-0e42-475a-80c7-bc07218851d0 req-cc5d4d68-0e42-475a-80c7-bc07218851d0 ] Request (MigrationsAdminTest:test_resize_server_revert_deleted_flavor): 200 GET http://10.180.1.21/compute/v2.1/flavors/42 4.257s
2025-12-15 16:10:10.327 65535 INFO tempest.lib.common.rest_client [req-86df3b8f-9569-45ba-84a3-6cb774520bef req-86df3b8f-9569-45ba-84a3-6cb774520bef ] Request (ImagesOneServerNegativeTestJSON:_run_cleanups): 201 POST http://10.180.1.21/networking/v2.0/security-group-rules 0.904s
2025-12-15 16:10:10.377 65501 INFO tempest.lib.common.rest_client [req-f5d1332e-58b5-40ad-921a-609ec612620b req-f5d1332e-58b5-40ad-921a-609ec612620b ] Request (ServersTestMultiNic:test_verify_duplicate_network_nics): 200 GET http://10.180.1.21/compute/v2.1/servers/1efc880d-c464-49c8-a03e-67d710928a31 5.201s
2025-12-15 16:10:10.379 65519 INFO tempest.lib.common.rest_client [req-28148a86-223a-423a-a33e-0e5854a12f69 req-28148a86-223a-423a-a33e-0e5854a12f69 ] Request (ServicesAdminNegativeTestJSON:test_list_services_with_non_admin_user): 403 GET http://10.180.1.21/compute/v2.1/os-services 4.349s
2025-12-15 16:10:10.404 65517 INFO tempest.lib.common.rest_client [req-e129fa93-0d44-40e2-989e-005e05cca8b3 req-e129fa93-0d44-40e2-989e-005e05cca8b3 ] Request (ServicesAdminNegativeV253TestJSON:test_get_service_by_invalid_service_and_valid_host): 200 GET http://10.180.1.21/compute/v2.1/os-services?host=devstack&binary=xxx 4.325s
2025-12-15 16:10:10.475 65493 INFO tempest.lib.common.rest_client [req-663d6e57-ec44-4393-a999-a07f1da129dc req-663d6e57-ec44-4393-a999-a07f1da129dc ] Request (ServerDiagnosticsTest:tearDownClass): 200 GET http://10.180.1.21/networking/v2.0/security-groups?tenant_id=bc4bcc2c761e4fb59ca16db9a656e9fc&name=default 0.787s
2025-12-15 16:10:10.493 65519 INFO tempest.lib.common.rest_client [req-154ccc87-9738-4e0e-9d58-db73569b2555 req-154ccc87-9738-4e0e-9d58-db73569b2555 ] Request (ServicesAdminNegativeTestJSON:tearDownClass): 204 DELETE http://10.180.1.21/identity/v3/users/21e6ff5dd3454a5e96b40f0b5fdb9fe7 0.112s
2025-12-15 16:10:10.594 65519 INFO tempest.lib.common.rest_client [req-392e3d4a-7e19-4682-b899-9e4d64720885 req-392e3d4a-7e19-4682-b899-9e4d64720885 ] Request (ServicesAdminNegativeTestJSON:tearDownClass): 204 DELETE http://10.180.1.21/identity/v3/users/b1f1b0bc58ed497a863cd2bd81648495 0.101s
2025-12-15 16:10:10.594 65519 INFO tempest.lib.common.dynamic_creds [-] Deleting project and security group for project: d07bbe1482b74ab5bcdeaef62b7b1571
2025-12-15 16:10:10.644 65521 INFO tempest.lib.common.rest_client [req-9704921c-96ed-4fd3-9ff2-c489ab9b9930 req-9704921c-96ed-4fd3-9ff2-c489ab9b9930 ] Request (ListServersNegativeTestJSON:setUpClass): 201 POST http://10.180.1.21/networking/v2.0/subnets 0.708s
2025-12-15 16:10:10.666 65519 INFO tempest.lib.common.rest_client [req-358c7e2a-67de-4b23-b89b-41e0d577479d req-358c7e2a-67de-4b23-b89b-41e0d577479d ] Request (ServicesAdminNegativeTestJSON:tearDownClass): 201 POST http://10.180.1.21/identity/v3/auth/tokens 0.072s
2025-12-15 16:10:10.923 65555 INFO tempest.lib.common.rest_client [req-149b395f-00fe-4a7f-92f7-5b1f6d3d38d5 req-149b395f-00fe-4a7f-92f7-5b1f6d3d38d5 ] Request (VolumesAdminNegativeTest:tearDownClass): 204 DELETE http://10.180.1.21/networking/v2.0/networks/00897e43-74bb-4e5a-b91b-8b8771ffa6c2 0.780s
2025-12-15 16:10:11.266 65493 INFO tempest.lib.common.rest_client [req-2ec11ba7-76fa-4ea1-80d2-c5e97a9eaa6b req-2ec11ba7-76fa-4ea1-80d2-c5e97a9eaa6b ] Request (ServerDiagnosticsTest:tearDownClass): 204 DELETE http://10.180.1.21/networking/v2.0/security-groups/abeebf9d-36cb-421e-a072-5b5661c4df69 0.790s
2025-12-15 16:10:11.358 65493 INFO tempest.lib.common.rest_client [req-70722acb-6125-40b2-8b24-56b4fa2443e6 req-70722acb-6125-40b2-8b24-56b4fa2443e6 ] Request (ServerDiagnosticsTest:tearDownClass): 204 DELETE http://10.180.1.21/identity/v3/projects/bc4bcc2c761e4fb59ca16db9a656e9fc 0.091s
2025-12-15 16:10:11.436 65493 INFO tempest.lib.common.rest_client [req-712d5cc8-9d00-428d-a870-a950fd05bf2f req-712d5cc8-9d00-428d-a870-a950fd05bf2f ] Request (ImagesTestJSON:setUpClass): 201 POST http://10.180.1.21/identity/v3/auth/tokens 0.076s
2025-12-15 16:10:11.447 65535 INFO tempest.lib.common.rest_client [req-3082b306-272f-4395-823b-a23b02102b73 req-3082b306-272f-4395-823b-a23b02102b73 ] Request (ImagesOneServerNegativeTestJSON:_run_cleanups): 201 POST http://10.180.1.21/networking/v2.0/floatingips 1.119s
2025-12-15 16:10:11.474 65493 INFO tempest.lib.common.rest_client [req-000372d2-c2e6-4ae2-b0bc-265a127bb4fb req-000372d2-c2e6-4ae2-b0bc-265a127bb4fb ] Request (ImagesTestJSON:setUpClass): 201 POST http://10.180.1.21/identity/v3/auth/tokens 0.035s
2025-12-15 16:10:11.547 65535 INFO tempest.lib.common.rest_client [req-6d87d8a2-6fad-4407-9140-112c18c97c78 req-6d87d8a2-6fad-4407-9140-112c18c97c78 ] Request (ImagesOneServerNegativeTestJSON:_run_cleanups): 201 POST http://10.180.1.21/identity/v3/auth/tokens 0.094s
2025-12-15 16:10:11.547 65493 INFO tempest.lib.common.rest_client [req-30e215d3-7711-4900-a733-f76710ea9d99 req-30e215d3-7711-4900-a733-f76710ea9d99 ] Request (ImagesTestJSON:setUpClass): 200 GET http://10.180.1.21/identity/v3/domains?name=Default 0.073s
2025-12-15 16:10:11.547 65535 INFO tempest.lib.common.fixed_network [-] (ImagesOneServerNegativeTestJSON:_run_cleanups) Found network {'id': 'dfa0eba3-6d3e-4887-92b3-3dda9394730e', 'name': 'tempest-ImagesOneServerNegativeTestJSON-1142575657-network', 'tenant_id': '43bc3ac5e1a1447f830eda38615c20f4', 'project_id': '43bc3ac5e1a1447f830eda38615c20f4', 'admin_state_up': True, 'mtu': 8950, 'status': 'ACTIVE', 'subnets': [], 'shared': False, 'port_security_enabled': True, 'router:external': False, 'provider:network_type': 'vlan', 'provider:physical_network': 'default', 'provider:segmentation_id': 913, 'availability_zone_hints': [], 'availability_zones': [], 'ipv4_address_scope': None, 'ipv6_address_scope': None, 'description': '', 'tags': [], 'created_at': '2025-12-15T16:08:09Z', 'updated_at': '2025-12-15T16:08:09Z', 'revision_number': 1} available for tenant
2025-12-15 16:10:11.591 65493 INFO tempest.lib.common.rest_client [req-0e09c45b-87a8-48f9-b459-e1d1dcb5bab4 req-0e09c45b-87a8-48f9-b459-e1d1dcb5bab4 ] Request (ImagesTestJSON:setUpClass): 201 POST http://10.180.1.21/identity/v3/projects 0.043s
2025-12-15 16:10:11.654 65519 INFO tempest.lib.common.rest_client [req-32f78f2b-a58f-4cc2-8433-e19c8bc0e310 req-32f78f2b-a58f-4cc2-8433-e19c8bc0e310 ] Request (ServicesAdminNegativeTestJSON:tearDownClass): 200 GET http://10.180.1.21/networking/v2.0/security-groups?tenant_id=d07bbe1482b74ab5bcdeaef62b7b1571&name=default 0.987s
2025-12-15 16:10:11.697 65493 INFO tempest.lib.common.rest_client [req-1cdba401-2eeb-4b8c-8898-f618764af3dc req-1cdba401-2eeb-4b8c-8898-f618764af3dc ] Request (ImagesTestJSON:setUpClass): 201 POST http://10.180.1.21/identity/v3/users 0.105s
2025-12-15 16:10:11.720 65493 INFO tempest.lib.common.rest_client [req-18b0f783-c2b3-444b-9df3-9174a0ca177a req-18b0f783-c2b3-444b-9df3-9174a0ca177a ] Request (ImagesTestJSON:setUpClass): 200 GET http://10.180.1.21/identity/v3/roles 0.022s
2025-12-15 16:10:11.745 65493 INFO tempest.lib.common.rest_client [req-7cde84a7-e6d1-4746-b61d-962b8532f5fe req-7cde84a7-e6d1-4746-b61d-962b8532f5fe ] Request (ImagesTestJSON:setUpClass): 204 PUT http://10.180.1.21/identity/v3/projects/421241008a404fe7a19a8a024d700dc3/users/451e98ea66504077b4f0e4c3dec20f95/roles/380eb3ad072b411da444d993225343b8 0.025s
2025-12-15 16:10:11.746 65493 INFO tempest.lib.common.dynamic_creds [-] Dynamic test user 451e98ea66504077b4f0e4c3dec20f95 is created with scope project and roles: ['member']
2025-12-15 16:10:11.746 65493 INFO tempest.lib.common.dynamic_creds [-] Acquired dynamic creds: credentials: Credentials: {'domain_id': 'default', 'domain_name': 'Default', 'username': 'tempest-ImagesTestJSON-1051903205-project-member', 'project_domain_id': 'default', 'project_domain_name': 'Default', 'project_id': '421241008a404fe7a19a8a024d700dc3', 'project_name': 'tempest-ImagesTestJSON-1051903205', 'tenant_id': '421241008a404fe7a19a8a024d700dc3', 'tenant_name': 'tempest-ImagesTestJSON-1051903205', 'user_domain_id': 'default', 'user_domain_name': 'Default', 'user_id': '451e98ea66504077b4f0e4c3dec20f95', 'system': None}, Network: None, Subnet: None, Router: None
2025-12-15 16:10:11.806 65493 INFO tempest.lib.common.rest_client [req-1dd31305-c0d3-4ced-a813-b0d5f36ff790 req-1dd31305-c0d3-4ced-a813-b0d5f36ff790 ] Request (ImagesTestJSON:setUpClass): 201 POST http://10.180.1.21/identity/v3/auth/tokens 0.059s
2025-12-15 16:10:12.036 65521 INFO tempest.lib.common.rest_client [req-8c1fd8bd-486d-4bd3-9a6c-c894f63ac9e5 req-8c1fd8bd-486d-4bd3-9a6c-c894f63ac9e5 ] Request (ListServersNegativeTestJSON:setUpClass): 201 POST http://10.180.1.21/networking/v2.0/routers 1.391s
2025-12-15 16:10:12.736 65555 INFO tempest.lib.common.rest_client [req-ad7d7cd5-52c9-4613-988a-ad0f1271f1f5 req-ad7d7cd5-52c9-4613-988a-ad0f1271f1f5 ] Request (VolumesAdminNegativeTest:tearDownClass): 200 PUT http://10.180.1.21/networking/v2.0/routers/37894973-c059-4b72-9041-f0a036f3b3f5/remove_router_interface 1.812s
2025-12-15 16:10:12.799 65537 INFO tempest.lib.common.rest_client [req-ec41cba0-c8b7-4205-9c92-f346e0882f5f req-ec41cba0-c8b7-4205-9c92-f346e0882f5f ] Request (ServerDiskConfigTestJSON:test_rebuild_server_with_auto_disk_config): 200 GET http://10.180.1.21/compute/v2.1/servers/c8ecc0a2-af37-4985-92ac-c07d6ede0521 6.703s
2025-12-15 16:10:12.806 65537 INFO tempest.common.waiters [-] State transition "BUILD/networking" ==> "BUILD/spawning" after 32 second wait
2025-12-15 16:10:12.924 65519 INFO tempest.lib.common.rest_client [req-77db0c69-70ac-4aec-bced-31edb3a5604d req-77db0c69-70ac-4aec-bced-31edb3a5604d ] Request (ServicesAdminNegativeTestJSON:tearDownClass): 204 DELETE http://10.180.1.21/networking/v2.0/security-groups/d00cf268-bbe6-4934-8216-6283fedd2ef5 1.269s
2025-12-15 16:10:13.000 65519 INFO tempest.lib.common.rest_client [req-a875bb97-48d5-434e-a7a3-a6d672bab339 req-a875bb97-48d5-434e-a7a3-a6d672bab339 ] Request (ServicesAdminNegativeTestJSON:tearDownClass): 204 DELETE http://10.180.1.21/identity/v3/projects/d07bbe1482b74ab5bcdeaef62b7b1571 0.076s
2025-12-15 16:10:13.000 65519 INFO tempest.lib.common.dynamic_creds [-] Deleting project and security group for project: 657c996e2a2446d89f56d388cc549b80
2025-12-15 16:10:13.247 65493 INFO tempest.lib.common.rest_client [req-b64ab1e9-6074-43ee-bc51-a0e73e8c9c79 req-b64ab1e9-6074-43ee-bc51-a0e73e8c9c79 ] Request (ImagesTestJSON:setUpClass): 201 POST http://10.180.1.21/networking/v2.0/networks 1.441s
2025-12-15 16:10:13.485 65543 INFO paramiko.transport [-] Connected (version 2.0, client dropbear_2020.81)
2025-12-15 16:10:13.593 65543 INFO paramiko.transport [-] Authentication (publickey) successful!
2025-12-15 16:10:13.593 65543 INFO tempest.lib.common.ssh [-] ssh connection to cirros@10.180.180.132 successfully created
2025-12-15 16:10:14.009 65555 INFO tempest.lib.common.rest_client [req-38466d0e-f9a7-4858-ae05-1e5ffa1c38dd req-38466d0e-f9a7-4858-ae05-1e5ffa1c38dd ] Request (VolumesAdminNegativeTest:tearDownClass): 204 DELETE http://10.180.1.21/networking/v2.0/routers/37894973-c059-4b72-9041-f0a036f3b3f5 1.273s
2025-12-15 16:10:14.075 65521 INFO tempest.lib.common.rest_client [req-774d85b4-a7fa-463d-8c76-f8aae22b2a08 req-774d85b4-a7fa-463d-8c76-f8aae22b2a08 ] Request (ListServersNegativeTestJSON:setUpClass): 200 PUT http://10.180.1.21/networking/v2.0/routers/28a0cfb5-8039-42e1-9ed4-8bf0a8c7b099/add_router_interface 2.039s
2025-12-15 16:10:14.075 65521 INFO tempest.lib.common.dynamic_creds [-] Created isolated network resources for: credentials: Credentials: {'domain_id': 'default', 'domain_name': 'Default', 'username': 'tempest-ListServersNegativeTestJSON-1898468254-project-member', 'project_domain_id': 'default', 'project_domain_name': 'Default', 'project_id': '534d5333a40445aeba1c1e49323cf921', 'project_name': 'tempest-ListServersNegativeTestJSON-1898468254', 'tenant_id': '534d5333a40445aeba1c1e49323cf921', 'tenant_name': 'tempest-ListServersNegativeTestJSON-1898468254', 'user_domain_id': 'default', 'user_domain_name': 'Default', 'user_id': 'ae2d7938602249f587a019c2fe088917', 'system': None}, Network: {'id': 'a4951692-5f14-4e02-b9d7-6f9d4015ec96', 'name': 'tempest-ListServersNegativeTestJSON-1030396797-network', 'tenant_id': '534d5333a40445aeba1c1e49323cf921', 'project_id': '534d5333a40445aeba1c1e49323cf921', 'admin_state_up': True, 'mtu': 8950, 'status': 'ACTIVE', 'subnets': [], 'shared': False, 'port_security_enabled': True, 'router:external': False, 'provider:network_type': 'vlan', 'provider:physical_network': 'default', 'provider:segmentation_id': 470, 'availability_zone_hints': [], 'availability_zones': [], 'ipv4_address_scope': None, 'ipv6_address_scope': None, 'description': '', 'tags': [], 'created_at': '2025-12-15T16:10:09Z', 'updated_at': '2025-12-15T16:10:09Z', 'revision_number': 1}, Subnet: {'id': 'a36e64ac-3da7-4d54-9ebd-98822a8d2399', 'name': 'tempest-ListServersNegativeTestJSON-1030396797-subnet', 'tenant_id': '534d5333a40445aeba1c1e49323cf921', 'network_id': 'a4951692-5f14-4e02-b9d7-6f9d4015ec96', 'ip_version': 4, 'subnetpool_id': None, 'enable_dhcp': True, 'ipv6_ra_mode': None, 'ipv6_address_mode': None, 'gateway_ip': '192.168.128.1', 'cidr': '192.168.128.0/28', 'allocation_pools': [{'start': '192.168.128.2', 'end': '192.168.128.14'}], 'host_routes': [], 'dns_nameservers': [], 'description': '', 'router:external': False, 'service_types': [], 'tags': [], 'created_at': '2025-12-15T16:10:10Z', 'updated_at': '2025-12-15T16:10:10Z', 'revision_number': 0, 'project_id': '534d5333a40445aeba1c1e49323cf921'}, Router: {'id': '28a0cfb5-8039-42e1-9ed4-8bf0a8c7b099', 'name': 'tempest-ListServersNegativeTestJSON-1030396797-router', 'tenant_id': '534d5333a40445aeba1c1e49323cf921', 'admin_state_up': True, 'status': 'ACTIVE', 'external_gateway_info': {'network_id': 'ac962b30-2800-439d-94d9-d5e949ef2f8a', 'external_fixed_ips': [{'subnet_id': 'f913069a-9b6c-4cb1-a49c-521245bad301', 'ip_address': '10.180.180.143'}], 'enable_snat': True}, 'description': '', 'availability_zones': [], 'distributed': False, 'ha': False, 'availability_zone_hints': [], 'routes': [], 'flavor_id': None, 'tags': [], 'created_at': '2025-12-15T16:10:11Z', 'updated_at': '2025-12-15T16:10:11Z', 'revision_number': 2, 'project_id': '534d5333a40445aeba1c1e49323cf921'}
2025-12-15 16:10:14.200 65521 INFO tempest.lib.common.rest_client [req-5bee00b6-8085-49b3-b9b4-c66990e7e814 req-5bee00b6-8085-49b3-b9b4-c66990e7e814 ] Request (ListServersNegativeTestJSON:setUpClass): 201 POST http://10.180.1.21/identity/v3/auth/tokens 0.119s
2025-12-15 16:10:14.234 65521 INFO tempest.lib.common.rest_client [req-f09dea02-6da2-4e89-9b18-df3fad251c2d req-f09dea02-6da2-4e89-9b18-df3fad251c2d ] Request (ListServersNegativeTestJSON:setUpClass): 201 POST http://10.180.1.21/identity/v3/auth/tokens 0.030s
2025-12-15 16:10:14.234 65521 INFO tempest.lib.common.fixed_network [-] (ListServersNegativeTestJSON:setUpClass) Found network {'id': 'a4951692-5f14-4e02-b9d7-6f9d4015ec96', 'name': 'tempest-ListServersNegativeTestJSON-1030396797-network', 'tenant_id': '534d5333a40445aeba1c1e49323cf921', 'project_id': '534d5333a40445aeba1c1e49323cf921', 'admin_state_up': True, 'mtu': 8950, 'status': 'ACTIVE', 'subnets': [], 'shared': False, 'port_security_enabled': True, 'router:external': False, 'provider:network_type': 'vlan', 'provider:physical_network': 'default', 'provider:segmentation_id': 470, 'availability_zone_hints': [], 'availability_zones': [], 'ipv4_address_scope': None, 'ipv6_address_scope': None, 'description': '', 'tags': [], 'created_at': '2025-12-15T16:10:09Z', 'updated_at': '2025-12-15T16:10:09Z', 'revision_number': 1} available for tenant
2025-12-15 16:10:14.255 65519 INFO tempest.lib.common.rest_client [req-c2869cdf-eca8-42ba-850c-6a45f898d86c req-c2869cdf-eca8-42ba-850c-6a45f898d86c ] Request (ServicesAdminNegativeTestJSON:tearDownClass): 200 GET http://10.180.1.21/networking/v2.0/security-groups?tenant_id=657c996e2a2446d89f56d388cc549b80&name=default 1.254s
2025-12-15 16:10:14.311 65493 INFO tempest.lib.common.rest_client [req-03d61d53-d216-4f17-8cbe-f821e315291a req-03d61d53-d216-4f17-8cbe-f821e315291a ] Request (ImagesTestJSON:setUpClass): 201 POST http://10.180.1.21/networking/v2.0/subnets 1.063s
2025-12-15 16:10:14.411 65555 INFO tempest.lib.common.rest_client [req-3c650054-8a59-4dc4-9c3a-7af720770842 req-3c650054-8a59-4dc4-9c3a-7af720770842 ] Request (VolumesAdminNegativeTest:tearDownClass): 204 DELETE http://10.180.1.21/networking/v2.0/subnets/7a8b696c-b79d-416d-bb43-1c07d374641c 0.401s
2025-12-15 16:10:14.439 65509 INFO tempest.lib.common.rest_client [req-94148fcd-898b-4bd7-ba99-c50be62259c1 req-94148fcd-898b-4bd7-ba99-c50be62259c1 ] Request (ServersNegativeTestJSON:setUpClass): 200 GET http://10.180.1.21/compute/v2.1/servers/72743768-c12c-469f-8636-a23e5ff92b9c 8.295s
2025-12-15 16:10:14.446 65509 INFO tempest.common.waiters [-] State transition "BUILD/None" ==> "BUILD/spawning" after 15 second wait
2025-12-15 16:10:14.480 65505 INFO tempest.lib.common.rest_client [req-628b116d-6389-4236-a83b-f8ec4ed70472 req-628b116d-6389-4236-a83b-f8ec4ed70472 ] Request (KeyPairsV22TestJSON:test_keypairs_create_list_delete): 201 POST http://10.180.1.21/compute/v2.1/os-keypairs 7.808s
2025-12-15 16:10:14.509 65519 INFO tempest.lib.common.rest_client [req-d6bad801-ec39-49d0-ba97-3ef7f2c55644 req-d6bad801-ec39-49d0-ba97-3ef7f2c55644 ] Request (ServicesAdminNegativeTestJSON:tearDownClass): 204 DELETE http://10.180.1.21/networking/v2.0/security-groups/be0aa637-a1d0-464b-843b-30e4f68c00b9 0.254s
2025-12-15 16:10:14.530 65497 INFO tempest.lib.common.rest_client [req-4d11b899-ec9b-4a6d-8209-92127d612138 req-4d11b899-ec9b-4a6d-8209-92127d612138 ] Request (ImagesOneServerTestJSON:test_create_image_specify_multibyte_character_image_name): 200 GET http://10.180.1.21/compute/v2.1/images/4ff67656-07ae-4ff1-98d6-782f96c7a4c9 7.842s
2025-12-15 16:10:14.562 65539 INFO tempest.lib.common.rest_client [req-d87d7e7a-8f58-4a62-90a4-d55bfbe3c34a req-d87d7e7a-8f58-4a62-90a4-d55bfbe3c34a ] Request (FlavorsAdminTestJSON:test_list_non_public_flavor): 200 GET http://10.180.1.21/compute/v2.1/flavors/detail 7.855s
2025-12-15 16:10:14.604 65519 INFO tempest.lib.common.rest_client [req-d42d90e5-fd62-428c-9a29-43e2f0f437b7 req-d42d90e5-fd62-428c-9a29-43e2f0f437b7 ] Request (ServicesAdminNegativeTestJSON:tearDownClass): 204 DELETE http://10.180.1.21/identity/v3/projects/657c996e2a2446d89f56d388cc549b80 0.094s
2025-12-15 16:10:14.625 65529 WARNING tempest.lib.common.ssh [-] Failed to establish authenticated ssh connection to cirros@10.180.180.235 ([Errno None] Unable to connect to port 22 on 10.180.180.235). Number attempts: 3. Retry after 4 seconds.: paramiko.ssh_exception.NoValidConnectionsError: [Errno None] Unable to connect to port 22 on 10.180.180.235
2025-12-15 16:10:14.627 65503 INFO tempest.lib.common.rest_client [req-960b9dda-6fb2-4125-8c7b-ea2325f54a8f req-960b9dda-6fb2-4125-8c7b-ea2325f54a8f ] Request (VolumesTestJSON:test_volume_list_with_detail_param_offset_and_limit): 200 GET http://10.180.1.21/compute/v2.1/os-volumes/detail 7.913s
2025-12-15 16:10:14.684 65519 INFO tempest.lib.common.rest_client [req-f3e697a8-958f-4f27-b5fb-498e02208567 req-f3e697a8-958f-4f27-b5fb-498e02208567 ] Request (ServerRescueTestJSON:setUpClass): 201 POST http://10.180.1.21/identity/v3/auth/tokens 0.078s
2025-12-15 16:10:14.696 65531 INFO tempest.lib.common.rest_client [req-bb332fb6-6526-4e33-a16e-5b96d4c2dc2e req-bb332fb6-6526-4e33-a16e-5b96d4c2dc2e ] Request (DeleteServersTestJSON:test_delete_server_while_in_attached_volume): 202 POST http://10.180.1.21/compute/v2.1/servers 8.558s
2025-12-15 16:10:14.715 65519 INFO tempest.lib.common.rest_client [req-7bf8e36a-de4f-4b6a-ba8b-e4c202550ab1 req-7bf8e36a-de4f-4b6a-ba8b-e4c202550ab1 ] Request (ServerRescueTestJSON:setUpClass): 201 POST http://10.180.1.21/identity/v3/auth/tokens 0.028s
2025-12-15 16:10:14.761 65519 INFO tempest.lib.common.rest_client [req-445c22c0-68a2-4880-84ca-c4c09c1b8d35 req-445c22c0-68a2-4880-84ca-c4c09c1b8d35 ] Request (ServerRescueTestJSON:setUpClass): 200 GET http://10.180.1.21/identity/v3/domains?name=Default 0.046s
2025-12-15 16:10:14.795 65513 INFO tempest.lib.common.rest_client [req-2e001703-109d-4571-af5c-26c9a8493704 req-2e001703-109d-4571-af5c-26c9a8493704 ] Request (ServersAdminNegativeTestJSON:test_resize_server_using_overlimit_vcpus): 200 GET http://10.180.1.21/compute/v2.1/os-quota-sets/54748e1dccfc4ae3aff55b5a6e36117e 8.052s
2025-12-15 16:10:14.802 65519 INFO tempest.lib.common.rest_client [req-74235158-bd95-4a5b-9d23-48d5c58daf70 req-74235158-bd95-4a5b-9d23-48d5c58daf70 ] Request (ServerRescueTestJSON:setUpClass): 201 POST http://10.180.1.21/identity/v3/projects 0.040s
2025-12-15 16:10:14.876 65555 INFO tempest.lib.common.rest_client [req-e755f130-eec6-4408-ac4d-feb0c2d389e0 req-e755f130-eec6-4408-ac4d-feb0c2d389e0 ] Request (VolumesAdminNegativeTest:tearDownClass): 204 DELETE http://10.180.1.21/networking/v2.0/networks/1ae753e6-18ef-4e3c-a92d-f01ca3e1332c 0.464s
2025-12-15 16:10:14.930 65519 INFO tempest.lib.common.rest_client [req-78b02b29-3a42-4dee-a160-d698e30d642d req-78b02b29-3a42-4dee-a160-d698e30d642d ] Request (ServerRescueTestJSON:setUpClass): 201 POST http://10.180.1.21/identity/v3/users 0.128s
2025-12-15 16:10:14.956 65519 INFO tempest.lib.common.rest_client [req-7d4d4a41-44aa-4e50-9e6b-f26c655bd6ed req-7d4d4a41-44aa-4e50-9e6b-f26c655bd6ed ] Request (ServerRescueTestJSON:setUpClass): 200 GET http://10.180.1.21/identity/v3/roles 0.025s
2025-12-15 16:10:15.014 65555 INFO tempest.lib.common.rest_client [req-ee06979b-bab8-4b15-8a92-ae8ef6fd6671 req-ee06979b-bab8-4b15-8a92-ae8ef6fd6671 ] Request (VolumesAdminNegativeTest:tearDownClass): 204 DELETE http://10.180.1.21/identity/v3/users/122cd9769cc04988b86fd1b5566c8223 0.138s
2025-12-15 16:10:15.031 65519 INFO tempest.lib.common.rest_client [req-b273e123-9c85-432d-8480-60d714b253cc req-b273e123-9c85-432d-8480-60d714b253cc ] Request (ServerRescueTestJSON:setUpClass): 204 PUT http://10.180.1.21/identity/v3/projects/cc29323ad6414ef68cfd798d6c9883d1/users/8f4dd70f3bfb454c8804fa3007d390d1/roles/380eb3ad072b411da444d993225343b8 0.074s
2025-12-15 16:10:15.031 65519 INFO tempest.lib.common.dynamic_creds [-] Dynamic test user 8f4dd70f3bfb454c8804fa3007d390d1 is created with scope project and roles: ['member']
2025-12-15 16:10:15.031 65519 INFO tempest.lib.common.dynamic_creds [-] Acquired dynamic creds: credentials: Credentials: {'domain_id': 'default', 'domain_name': 'Default', 'username': 'tempest-ServerRescueTestJSON-1597968343-project-member', 'project_domain_id': 'default', 'project_domain_name': 'Default', 'project_id': 'cc29323ad6414ef68cfd798d6c9883d1', 'project_name': 'tempest-ServerRescueTestJSON-1597968343', 'tenant_id': 'cc29323ad6414ef68cfd798d6c9883d1', 'tenant_name': 'tempest-ServerRescueTestJSON-1597968343', 'user_domain_id': 'default', 'user_domain_name': 'Default', 'user_id': '8f4dd70f3bfb454c8804fa3007d390d1', 'system': None}, Network: None, Subnet: None, Router: None
2025-12-15 16:10:15.076 65507 INFO tempest.lib.common.rest_client [req-73d02fc4-d71f-43a0-8955-ee1860676744 req-73d02fc4-d71f-43a0-8955-ee1860676744 ] Request (FloatingIPsAssociationNegativeTestJSON:setUpClass): 200 GET http://10.180.1.21/compute/v2.1/servers/cb83d0db-46de-423b-ac00-a1a443c39210 8.095s
2025-12-15 16:10:15.119 65519 INFO tempest.lib.common.rest_client [req-a440bad9-150f-4d7b-8057-3c0b1330ae2e req-a440bad9-150f-4d7b-8057-3c0b1330ae2e ] Request (ServerRescueTestJSON:setUpClass): 201 POST http://10.180.1.21/identity/v3/auth/tokens 0.087s
2025-12-15 16:10:15.167 65555 INFO tempest.lib.common.rest_client [req-2ac4b8e3-dfc4-463d-91b5-4e6a15863d0d req-2ac4b8e3-dfc4-463d-91b5-4e6a15863d0d ] Request (VolumesAdminNegativeTest:tearDownClass): 204 DELETE http://10.180.1.21/identity/v3/users/3b0970957c4d4e4199bc7bb211103578 0.152s
2025-12-15 16:10:15.195 65533 INFO tempest.lib.common.rest_client [req-f2486175-db4b-49a4-9ddf-87a04e502449 req-f2486175-db4b-49a4-9ddf-87a04e502449 ] Request (ServerActionsTestJSON:test_lock_unlock_server): 200 GET http://10.180.1.21/compute/v2.1/servers/87c72a14-a60c-4edd-b7d2-66de483194ad 8.415s
2025-12-15 16:10:15.284 65555 INFO tempest.lib.common.rest_client [req-59940cb1-8af2-463d-8a03-d66cc8a3ac19 req-59940cb1-8af2-463d-8a03-d66cc8a3ac19 ] Request (VolumesAdminNegativeTest:tearDownClass): 204 DELETE http://10.180.1.21/identity/v3/users/09f1d3b841e64b10ba1c437c123b37b5 0.116s
2025-12-15 16:10:15.284 65555 INFO tempest.lib.common.dynamic_creds [-] Deleting project and security group for project: c86ecbba3e8147cb8b9e58bc35543516
2025-12-15 16:10:15.356 65493 INFO tempest.lib.common.rest_client [req-6fd331b4-84fe-4054-bc28-7b99c3b795ef req-6fd331b4-84fe-4054-bc28-7b99c3b795ef ] Request (ImagesTestJSON:setUpClass): 201 POST http://10.180.1.21/networking/v2.0/routers 1.044s
2025-12-15 16:10:15.491 65519 INFO tempest.lib.common.rest_client [req-b5ee6553-752a-468f-96d9-fd0cd29fa6f2 req-b5ee6553-752a-468f-96d9-fd0cd29fa6f2 ] Request (ServerRescueTestJSON:setUpClass): 201 POST http://10.180.1.21/networking/v2.0/networks 0.372s
2025-12-15 16:10:15.507 65495 INFO tempest.lib.common.rest_client [req-5d687bef-7d8e-4645-884a-7bcf4ece3dd0 req-5d687bef-7d8e-4645-884a-7bcf4ece3dd0 ] Request (SecurityGroupRulesNegativeTestJSON:test_delete_security_group_rule_with_non_existent_id): 404 DELETE http://10.180.1.21/compute/v2.1/os-security-group-rules/ce0c5bc4-bd68-4079-b902-93d66e6d9158 7.901s
2025-12-15 16:10:15.519 65555 INFO tempest.lib.common.rest_client [req-63d3c1bd-5b40-442a-b46d-f298692a07ff req-63d3c1bd-5b40-442a-b46d-f298692a07ff ] Request (VolumesAdminNegativeTest:tearDownClass): 200 GET http://10.180.1.21/networking/v2.0/security-groups?tenant_id=c86ecbba3e8147cb8b9e58bc35543516&name=default 0.234s
2025-12-15 16:10:15.535 65515 INFO tempest.lib.common.rest_client [req-d8fc3734-b2bc-48b5-b8cd-1c6e19e0fe7d req-d8fc3734-b2bc-48b5-b8cd-1c6e19e0fe7d ] Request (DeleteServersAdminTestJSON:test_delete_server_while_in_error_state): 404 GET http://10.180.1.21/compute/v2.1/servers/dbaaa9e2-41f6-4de7-a968-779c4ce4fcee 7.889s
2025-12-15 16:10:15.630 65549 INFO tempest.lib.common.rest_client [req-279e0975-ab96-4a1f-ada2-184c4a347bf0 req-279e0975-ab96-4a1f-ada2-184c4a347bf0 ] Request (ServersTestJSON:setUpClass): 200 GET http://10.180.1.21/compute/v2.1/servers/00216a2b-db21-4b3d-8a6d-9996b9cf992b 8.635s
2025-12-15 16:10:15.637 65549 INFO tempest.common.waiters [-] State transition "BUILD/None" ==> "BUILD/spawning" after 16 second wait
2025-12-15 16:10:15.801 65519 INFO tempest.lib.common.rest_client [req-9a3cd8ae-0ac3-49b4-b8f2-dd42d3b01573 req-9a3cd8ae-0ac3-49b4-b8f2-dd42d3b01573 ] Request (ServerRescueTestJSON:setUpClass): 201 POST http://10.180.1.21/networking/v2.0/subnets 0.309s
2025-12-15 16:10:15.886 65555 INFO tempest.lib.common.rest_client [req-8c51dc7c-2ce5-4b20-bf9b-29313bf502f5 req-8c51dc7c-2ce5-4b20-bf9b-29313bf502f5 ] Request (VolumesAdminNegativeTest:tearDownClass): 204 DELETE http://10.180.1.21/networking/v2.0/security-groups/af4dd55c-1428-4b6e-be37-ed8087fe52e1 0.366s
2025-12-15 16:10:16.092 65555 INFO tempest.lib.common.rest_client [req-546e4f81-8b66-439d-81d9-5c79f211ea12 req-546e4f81-8b66-439d-81d9-5c79f211ea12 ] Request (VolumesAdminNegativeTest:tearDownClass): 204 DELETE http://10.180.1.21/identity/v3/projects/c86ecbba3e8147cb8b9e58bc35543516 0.206s
2025-12-15 16:10:16.092 65555 INFO tempest.lib.common.dynamic_creds [-] Deleting project and security group for project: d6574b7788b047a0a4f45f8087948fc7
2025-12-15 16:10:16.339 65527 INFO tempest.lib.common.rest_client [req-3bb2d42d-b165-48f3-a7a4-475cf55addcf req-3bb2d42d-b165-48f3-a7a4-475cf55addcf ] Request (ServersAdminTestJSON:test_create_server_with_scheduling_hint): 200 GET http://10.180.1.21/compute/v2.1/servers/c54b68df-0213-46d4-ad6c-a55982a837dd 8.675s
2025-12-15 16:10:16.395 65523 INFO tempest.lib.common.rest_client [req-5da1d209-f0b1-4d8a-9fb6-6194f7bc69e1 req-5da1d209-f0b1-4d8a-9fb6-6194f7bc69e1 ] Request (VolumesAssistedSnapshotsTest:tearDownClass): 404 GET http://10.180.1.21/compute/v2.1/servers/bec53779-f6ce-4fc0-8c01-18a3336957a0 6.697s
2025-12-15 16:10:16.481 65493 INFO tempest.lib.common.rest_client [req-60b8b880-4daa-4637-bf5e-407d6cf67465 req-60b8b880-4daa-4637-bf5e-407d6cf67465 ] Request (ImagesTestJSON:setUpClass): 200 PUT http://10.180.1.21/networking/v2.0/routers/9de0ad1e-c9c3-4497-bdf2-822706820af5/add_router_interface 1.124s
2025-12-15 16:10:16.481 65493 INFO tempest.lib.common.dynamic_creds [-] Created isolated network resources for: credentials: Credentials: {'domain_id': 'default', 'domain_name': 'Default', 'username': 'tempest-ImagesTestJSON-1051903205-project-member', 'project_domain_id': 'default', 'project_domain_name': 'Default', 'project_id': '421241008a404fe7a19a8a024d700dc3', 'project_name': 'tempest-ImagesTestJSON-1051903205', 'tenant_id': '421241008a404fe7a19a8a024d700dc3', 'tenant_name': 'tempest-ImagesTestJSON-1051903205', 'user_domain_id': 'default', 'user_domain_name': 'Default', 'user_id': '451e98ea66504077b4f0e4c3dec20f95', 'system': None}, Network: {'id': 'b4857836-1746-40f0-b284-1b741b82ea2a', 'name': 'tempest-ImagesTestJSON-2031374849-network', 'tenant_id': '421241008a404fe7a19a8a024d700dc3', 'project_id': '421241008a404fe7a19a8a024d700dc3', 'admin_state_up': True, 'mtu': 8950, 'status': 'ACTIVE', 'subnets': [], 'shared': False, 'port_security_enabled': True, 'router:external': False, 'provider:network_type': 'vlan', 'provider:physical_network': 'default', 'provider:segmentation_id': 63, 'availability_zone_hints': [], 'availability_zones': [], 'ipv4_address_scope': None, 'ipv6_address_scope': None, 'description': '', 'tags': [], 'created_at': '2025-12-15T16:10:13Z', 'updated_at': '2025-12-15T16:10:13Z', 'revision_number': 1}, Subnet: {'id': 'c76579ea-81e2-4185-93ac-01a309c5cc19', 'name': 'tempest-ImagesTestJSON-2031374849-subnet', 'tenant_id': '421241008a404fe7a19a8a024d700dc3', 'network_id': 'b4857836-1746-40f0-b284-1b741b82ea2a', 'ip_version': 4, 'subnetpool_id': None, 'enable_dhcp': True, 'ipv6_ra_mode': None, 'ipv6_address_mode': None, 'gateway_ip': '192.168.128.1', 'cidr': '192.168.128.0/28', 'allocation_pools': [{'start': '192.168.128.2', 'end': '192.168.128.14'}], 'host_routes': [], 'dns_nameservers': [], 'description': '', 'router:external': False, 'service_types': [], 'tags': [], 'created_at': '2025-12-15T16:10:14Z', 'updated_at': '2025-12-15T16:10:14Z', 'revision_number': 0, 'project_id': '421241008a404fe7a19a8a024d700dc3'}, Router: {'id': '9de0ad1e-c9c3-4497-bdf2-822706820af5', 'name': 'tempest-ImagesTestJSON-2031374849-router', 'tenant_id': '421241008a404fe7a19a8a024d700dc3', 'admin_state_up': True, 'status': 'ACTIVE', 'external_gateway_info': {'network_id': 'ac962b30-2800-439d-94d9-d5e949ef2f8a', 'external_fixed_ips': [{'subnet_id': 'f913069a-9b6c-4cb1-a49c-521245bad301', 'ip_address': '10.180.180.176'}], 'enable_snat': True}, 'description': '', 'availability_zones': [], 'distributed': False, 'ha': False, 'availability_zone_hints': [], 'routes': [], 'flavor_id': None, 'tags': [], 'created_at': '2025-12-15T16:10:14Z', 'updated_at': '2025-12-15T16:10:14Z', 'revision_number': 2, 'project_id': '421241008a404fe7a19a8a024d700dc3'}
2025-12-15 16:10:16.508 65555 INFO tempest.lib.common.rest_client [req-41d2d82f-30bc-40d3-849a-963c7ce3ef89 req-41d2d82f-30bc-40d3-849a-963c7ce3ef89 ] Request (VolumesAdminNegativeTest:tearDownClass): 200 GET http://10.180.1.21/networking/v2.0/security-groups?tenant_id=d6574b7788b047a0a4f45f8087948fc7&name=default 0.416s
2025-12-15 16:10:16.583 65493 INFO tempest.lib.common.rest_client [req-ab6f9d15-ca51-454c-9d3e-8722b95d3199 req-ab6f9d15-ca51-454c-9d3e-8722b95d3199 ] Request (ImagesTestJSON:setUpClass): 201 POST http://10.180.1.21/identity/v3/auth/tokens 0.097s
2025-12-15 16:10:16.629 65493 INFO tempest.lib.common.rest_client [req-c61e0a50-6a58-4448-b522-7099e5760109 req-c61e0a50-6a58-4448-b522-7099e5760109 ] Request (ImagesTestJSON:test_create_image_from_stopped_server): 201 POST http://10.180.1.21/identity/v3/auth/tokens 0.038s
2025-12-15 16:10:16.630 65493 INFO tempest.lib.common.fixed_network [-] (ImagesTestJSON:test_create_image_from_stopped_server) Found network {'id': 'b4857836-1746-40f0-b284-1b741b82ea2a', 'name': 'tempest-ImagesTestJSON-2031374849-network', 'tenant_id': '421241008a404fe7a19a8a024d700dc3', 'project_id': '421241008a404fe7a19a8a024d700dc3', 'admin_state_up': True, 'mtu': 8950, 'status': 'ACTIVE', 'subnets': [], 'shared': False, 'port_security_enabled': True, 'router:external': False, 'provider:network_type': 'vlan', 'provider:physical_network': 'default', 'provider:segmentation_id': 63, 'availability_zone_hints': [], 'availability_zones': [], 'ipv4_address_scope': None, 'ipv6_address_scope': None, 'description': '', 'tags': [], 'created_at': '2025-12-15T16:10:13Z', 'updated_at': '2025-12-15T16:10:13Z', 'revision_number': 1} available for tenant
2025-12-15 16:10:16.709 65545 INFO tempest.lib.common.rest_client [req-c432fc7c-59c9-40b8-ae42-744dcc9f58d8 req-c432fc7c-59c9-40b8-ae42-744dcc9f58d8 ] Request (ServersListShow296Test:test_list_show_update_rebuild_server_296): 202 POST http://10.180.1.21/compute/v2.1/servers 6.549s
2025-12-15 16:10:16.994 65525 WARNING tempest.lib.common.ssh [-] Failed to establish authenticated ssh connection to cirros@10.180.180.165 ([Errno None] Unable to connect to port 22 on 10.180.180.165). Number attempts: 8. Retry after 9 seconds.: paramiko.ssh_exception.NoValidConnectionsError: [Errno None] Unable to connect to port 22 on 10.180.180.165
2025-12-15 16:10:17.221 65519 INFO tempest.lib.common.rest_client [req-fc812d6a-0789-46c5-ba70-42f1908e0e56 req-fc812d6a-0789-46c5-ba70-42f1908e0e56 ] Request (ServerRescueTestJSON:setUpClass): 201 POST http://10.180.1.21/networking/v2.0/routers 1.420s
2025-12-15 16:10:17.341 65551 INFO tempest.lib.common.rest_client [req-31490090-5ab8-4961-8e3c-a7fd0a5f1ab1 req-31490090-5ab8-4961-8e3c-a7fd0a5f1ab1 ] Request (ServerActionsV293TestJSON:test_rebuild_volume_backed_server): 200 GET http://10.180.1.21/compute/v2.1/servers/e21b14eb-cb4b-4efe-a521-792e51d4065f 8.340s
2025-12-15 16:10:17.363 65541 INFO tempest.lib.common.rest_client [req-a094efff-aa18-4481-89f6-cd5f07ffbe3e req-a094efff-aa18-4481-89f6-cd5f07ffbe3e ] Request (MigrationsAdminTest:test_resize_server_revert_deleted_flavor): 200 POST http://10.180.1.21/compute/v2.1/flavors 7.094s
2025-12-15 16:10:17.398 65517 INFO tempest.lib.common.rest_client [req-eeedad71-0335-4faa-9011-43650761b706 req-eeedad71-0335-4faa-9011-43650761b706 ] Request (ServicesAdminNegativeV253TestJSON:test_get_service_with_valid_service_and_invalid_host): 200 GET http://10.180.1.21/compute/v2.1/os-services 6.990s
2025-12-15 16:10:17.415 65551 INFO tempest.lib.common.rest_client [req-34dfbb7f-a572-4df8-8604-5ebc9fb4bcab req-34dfbb7f-a572-4df8-8604-5ebc9fb4bcab ] Request (ServerActionsV293TestJSON:test_rebuild_volume_backed_server): 200 GET http://10.180.1.21/volume/v3/volumes/54465aca-1c43-4aae-b008-a0209272f6ff 0.060s
2025-12-15 16:10:17.426 65551 INFO tempest.lib.common.ssh [-] Creating ssh connection to '10.180.180.160:22' as 'cirros' with public key authentication
2025-12-15 16:10:17.461 65555 INFO tempest.lib.common.rest_client [req-02fbfb74-77c4-4def-8a68-38f4778888be req-02fbfb74-77c4-4def-8a68-38f4778888be ] Request (VolumesAdminNegativeTest:tearDownClass): 204 DELETE http://10.180.1.21/networking/v2.0/security-groups/4b70c67f-c559-421c-8bdc-2943731f1140 0.952s
2025-12-15 16:10:17.492 65499 INFO tempest.lib.common.rest_client [req-6af39e76-5267-4551-a9a1-66f8fd62bcfd req-6af39e76-5267-4551-a9a1-66f8fd62bcfd ] Request (FloatingIPsAssociationTestJSON:setUpClass): 200 GET http://10.180.1.21/compute/v2.1/servers/f65835eb-35c1-4685-98e3-ef00796b3a9f 7.238s
2025-12-15 16:10:17.598 65555 INFO tempest.lib.common.rest_client [req-e90602f2-d51c-4bff-b1d9-9a33c1e868d5 req-e90602f2-d51c-4bff-b1d9-9a33c1e868d5 ] Request (VolumesAdminNegativeTest:tearDownClass): 204 DELETE http://10.180.1.21/identity/v3/projects/d6574b7788b047a0a4f45f8087948fc7 0.136s
2025-12-15 16:10:17.598 65555 INFO tempest.lib.common.dynamic_creds [-] Deleting project and security group for project: 5efa7ccbfe8b44d9b7bd76e1924e2acd
2025-12-15 16:10:17.631 65551 WARNING tempest.lib.common.ssh [-] Failed to establish authenticated ssh connection to cirros@10.180.180.160 ([Errno None] Unable to connect to port 22 on 10.180.180.160). Number attempts: 1. Retry after 2 seconds.: paramiko.ssh_exception.NoValidConnectionsError: [Errno None] Unable to connect to port 22 on 10.180.180.160
2025-12-15 16:10:18.401 65555 INFO tempest.lib.common.rest_client [req-387e0a74-e45d-4cb6-8bab-2396de368ce2 req-387e0a74-e45d-4cb6-8bab-2396de368ce2 ] Request (VolumesAdminNegativeTest:tearDownClass): 200 GET http://10.180.1.21/networking/v2.0/security-groups?tenant_id=5efa7ccbfe8b44d9b7bd76e1924e2acd&name=default 0.802s
2025-12-15 16:10:18.465 65519 INFO tempest.lib.common.rest_client [req-e63c44ea-ba98-41af-a765-5b60901d7b2c req-e63c44ea-ba98-41af-a765-5b60901d7b2c ] Request (ServerRescueTestJSON:setUpClass): 200 PUT http://10.180.1.21/networking/v2.0/routers/90ea4d3a-01cc-4d77-baf0-26c8285b80bd/add_router_interface 1.243s
2025-12-15 16:10:18.465 65519 INFO tempest.lib.common.dynamic_creds [-] Created isolated network resources for: credentials: Credentials: {'domain_id': 'default', 'domain_name': 'Default', 'username': 'tempest-ServerRescueTestJSON-1597968343-project-member', 'project_domain_id': 'default', 'project_domain_name': 'Default', 'project_id': 'cc29323ad6414ef68cfd798d6c9883d1', 'project_name': 'tempest-ServerRescueTestJSON-1597968343', 'tenant_id': 'cc29323ad6414ef68cfd798d6c9883d1', 'tenant_name': 'tempest-ServerRescueTestJSON-1597968343', 'user_domain_id': 'default', 'user_domain_name': 'Default', 'user_id': '8f4dd70f3bfb454c8804fa3007d390d1', 'system': None}, Network: {'id': '2119f960-c6d8-41cb-ba91-1f02532a59c8', 'name': 'tempest-ServerRescueTestJSON-1941899567-network', 'tenant_id': 'cc29323ad6414ef68cfd798d6c9883d1', 'project_id': 'cc29323ad6414ef68cfd798d6c9883d1', 'admin_state_up': True, 'mtu': 8950, 'status': 'ACTIVE', 'subnets': [], 'shared': False, 'port_security_enabled': True, 'router:external': False, 'provider:network_type': 'vlan', 'provider:physical_network': 'default', 'provider:segmentation_id': 722, 'availability_zone_hints': [], 'availability_zones': [], 'ipv4_address_scope': None, 'ipv6_address_scope': None, 'description': '', 'tags': [], 'created_at': '2025-12-15T16:10:15Z', 'updated_at': '2025-12-15T16:10:15Z', 'revision_number': 1}, Subnet: {'id': '74f8bde0-6c2e-4a6b-bb54-3053a2360c43', 'name': 'tempest-ServerRescueTestJSON-1941899567-subnet', 'tenant_id': 'cc29323ad6414ef68cfd798d6c9883d1', 'network_id': '2119f960-c6d8-41cb-ba91-1f02532a59c8', 'ip_version': 4, 'subnetpool_id': None, 'enable_dhcp': False, 'ipv6_ra_mode': None, 'ipv6_address_mode': None, 'gateway_ip': '192.168.128.1', 'cidr': '192.168.128.0/28', 'allocation_pools': [{'start': '192.168.128.2', 'end': '192.168.128.14'}], 'host_routes': [], 'dns_nameservers': [], 'description': '', 'router:external': False, 'service_types': [], 'tags': [], 'created_at': '2025-12-15T16:10:15Z', 'updated_at': '2025-12-15T16:10:15Z', 'revision_number': 0, 'project_id': 'cc29323ad6414ef68cfd798d6c9883d1'}, Router: {'id': '90ea4d3a-01cc-4d77-baf0-26c8285b80bd', 'name': 'tempest-ServerRescueTestJSON-1941899567-router', 'tenant_id': 'cc29323ad6414ef68cfd798d6c9883d1', 'admin_state_up': True, 'status': 'ACTIVE', 'external_gateway_info': {'network_id': 'ac962b30-2800-439d-94d9-d5e949ef2f8a', 'external_fixed_ips': [{'subnet_id': 'f913069a-9b6c-4cb1-a49c-521245bad301', 'ip_address': '10.180.180.171'}], 'enable_snat': True}, 'description': '', 'availability_zones': [], 'distributed': False, 'ha': False, 'availability_zone_hints': [], 'routes': [], 'flavor_id': None, 'tags': [], 'created_at': '2025-12-15T16:10:16Z', 'updated_at': '2025-12-15T16:10:16Z', 'revision_number': 2, 'project_id': 'cc29323ad6414ef68cfd798d6c9883d1'}
2025-12-15 16:10:18.500 65501 INFO tempest.lib.common.rest_client [req-990ce727-f060-4966-81c2-0a703257ed50 req-990ce727-f060-4966-81c2-0a703257ed50 ] Request (ServersTestMultiNic:test_verify_duplicate_network_nics): 200 GET http://10.180.1.21/compute/v2.1/servers/1efc880d-c464-49c8-a03e-67d710928a31 7.108s
2025-12-15 16:10:18.509 65501 INFO tempest.common.waiters [-] State transition "BUILD/spawning" ==> "ACTIVE/None" after 40 second wait
2025-12-15 16:10:18.588 65519 INFO tempest.lib.common.rest_client [req-a985194d-9cf3-4cba-9690-fcc9d9222d59 req-a985194d-9cf3-4cba-9690-fcc9d9222d59 ] Request (ServerRescueTestJSON:setUpClass): 201 POST http://10.180.1.21/identity/v3/auth/tokens 0.116s
2025-12-15 16:10:18.623 65555 INFO tempest.lib.common.rest_client [req-2b7e1b55-1b63-4319-a5e0-895461cb2d55 req-2b7e1b55-1b63-4319-a5e0-895461cb2d55 ] Request (VolumesAdminNegativeTest:tearDownClass): 204 DELETE http://10.180.1.21/networking/v2.0/security-groups/11e5b53b-ede1-4280-86c0-dea49365e1fb 0.222s
2025-12-15 16:10:18.636 65519 INFO tempest.lib.common.rest_client [req-387436e7-0d4f-4b6e-a885-0e2171101b94 req-387436e7-0d4f-4b6e-a885-0e2171101b94 ] Request (ServerRescueTestJSON:setUpClass): 201 POST http://10.180.1.21/identity/v3/auth/tokens 0.044s
2025-12-15 16:10:18.636 65519 INFO tempest.lib.common.fixed_network [-] (ServerRescueTestJSON:setUpClass) Found network {'id': '2119f960-c6d8-41cb-ba91-1f02532a59c8', 'name': 'tempest-ServerRescueTestJSON-1941899567-network', 'tenant_id': 'cc29323ad6414ef68cfd798d6c9883d1', 'project_id': 'cc29323ad6414ef68cfd798d6c9883d1', 'admin_state_up': True, 'mtu': 8950, 'status': 'ACTIVE', 'subnets': [], 'shared': False, 'port_security_enabled': True, 'router:external': False, 'provider:network_type': 'vlan', 'provider:physical_network': 'default', 'provider:segmentation_id': 722, 'availability_zone_hints': [], 'availability_zones': [], 'ipv4_address_scope': None, 'ipv6_address_scope': None, 'description': '', 'tags': [], 'created_at': '2025-12-15T16:10:15Z', 'updated_at': '2025-12-15T16:10:15Z', 'revision_number': 1} available for tenant
2025-12-15 16:10:18.763 65555 INFO tempest.lib.common.rest_client [req-26ecd365-51aa-46dc-b30b-c7941d14d123 req-26ecd365-51aa-46dc-b30b-c7941d14d123 ] Request (VolumesAdminNegativeTest:tearDownClass): 204 DELETE http://10.180.1.21/identity/v3/projects/5efa7ccbfe8b44d9b7bd76e1924e2acd 0.139s
2025-12-15 16:10:18.842 65555 INFO tempest.lib.common.rest_client [req-bece72bf-b0a3-4c3e-bc69-b109033d4a33 req-bece72bf-b0a3-4c3e-bc69-b109033d4a33 ] Request (VolumesSnapshotsTestJSON:setUpClass): 201 POST http://10.180.1.21/identity/v3/auth/tokens 0.074s
2025-12-15 16:10:18.873 65543 INFO tempest.lib.common.rest_client [req-04eccdc5-a56b-44d7-b932-0939998d87b8 req-04eccdc5-a56b-44d7-b932-0939998d87b8 ] Request (AttachInterfacesTestJSON:test_create_list_show_delete_interfaces_by_fixed_ip): 200 GET http://10.180.1.21/compute/v2.1/servers/191db68f-a674-48fd-9b36-9b6f83a7e255/os-interface 5.278s
2025-12-15 16:10:18.900 65555 INFO tempest.lib.common.rest_client [req-1dfbc17f-c06e-470a-aaaf-36a781d7c6c9 req-1dfbc17f-c06e-470a-aaaf-36a781d7c6c9 ] Request (VolumesSnapshotsTestJSON:setUpClass): 201 POST http://10.180.1.21/identity/v3/auth/tokens 0.055s
2025-12-15 16:10:18.944 65555 INFO tempest.lib.common.rest_client [req-4c544885-a5ae-4e4e-9c8f-e6f58f10b3ce req-4c544885-a5ae-4e4e-9c8f-e6f58f10b3ce ] Request (VolumesSnapshotsTestJSON:setUpClass): 200 GET http://10.180.1.21/identity/v3/domains?name=Default 0.043s
