2025-12-15 16:09:01.449 65549 INFO tempest.lib.common.rest_client [req-e841f408-d471-408a-a784-38670264d3a7 req-e841f408-d471-408a-a784-38670264d3a7 ] Request (TenantUsagesNegativeTestJSON:setUpClass): 201 POST http://10.180.1.21/identity/v3/auth/tokens 0.096s
2025-12-15 16:09:01.480 65551 INFO tempest.lib.common.rest_client [req-5b1c0513-5480-434d-878a-15ba1322c4b6 req-5b1c0513-5480-434d-878a-15ba1322c4b6 ] Request (ImagesMetadataTestJSON:tearDownClass): 204 DELETE http://10.180.1.21/identity/v3/users/a7fa2c7b0fca491981cd2046fb138b00 0.160s
2025-12-15 16:09:01.480 65551 INFO tempest.lib.common.dynamic_creds [-] Deleting project and security group for project: cfbffc21982d486db6bb9276b5a8a46c
2025-12-15 16:09:01.513 65493 INFO tempest.lib.common.rest_client [req-8894de8c-4d7f-452c-a238-96ba7d1c1ad8 req-8894de8c-4d7f-452c-a238-96ba7d1c1ad8 ] Request (ServerDiagnosticsTest:setUpClass): 201 POST http://10.180.1.21/identity/v3/auth/tokens 0.136s
2025-12-15 16:09:01.554 65551 INFO tempest.lib.common.rest_client [req-0447cc7d-9e48-45ea-9369-de0371187d77 req-0447cc7d-9e48-45ea-9369-de0371187d77 ] Request (ImagesMetadataTestJSON:tearDownClass): 201 POST http://10.180.1.21/identity/v3/auth/tokens 0.073s
2025-12-15 16:09:01.580 65493 INFO tempest.lib.common.rest_client [req-62ce060a-e4be-492d-a618-fef54d6d83f3 req-62ce060a-e4be-492d-a618-fef54d6d83f3 ] Request (ServerDiagnosticsTest:setUpClass): 201 POST http://10.180.1.21/identity/v3/auth/tokens 0.062s
2025-12-15 16:09:01.604 65493 INFO tempest.lib.common.rest_client [req-8ab22249-8e4f-41fe-82ba-6460525272a2 req-8ab22249-8e4f-41fe-82ba-6460525272a2 ] Request (ServerDiagnosticsTest:setUpClass): 200 GET http://10.180.1.21/identity/v3/domains?name=Default 0.024s
2025-12-15 16:09:01.650 65493 INFO tempest.lib.common.rest_client [req-3c5a298d-31e9-4d97-ab45-95aa11ffdbf4 req-3c5a298d-31e9-4d97-ab45-95aa11ffdbf4 ] Request (ServerDiagnosticsTest:setUpClass): 201 POST http://10.180.1.21/identity/v3/projects 0.044s
2025-12-15 16:09:01.710 65493 INFO tempest.lib.common.rest_client [req-feb25ce1-3f85-41b6-9a8f-5eb340122109 req-feb25ce1-3f85-41b6-9a8f-5eb340122109 ] Request (ServerDiagnosticsTest:setUpClass): 201 POST http://10.180.1.21/identity/v3/users 0.059s
2025-12-15 16:09:01.735 65493 INFO tempest.lib.common.rest_client [req-efa7c7e8-8718-4213-b7eb-0355999cb9f4 req-efa7c7e8-8718-4213-b7eb-0355999cb9f4 ] Request (ServerDiagnosticsTest:setUpClass): 200 GET http://10.180.1.21/identity/v3/roles 0.024s
2025-12-15 16:09:01.765 65493 INFO tempest.lib.common.rest_client [req-c039ebb4-94c5-48b7-ba63-39c3f7a0e3ea req-c039ebb4-94c5-48b7-ba63-39c3f7a0e3ea ] Request (ServerDiagnosticsTest:setUpClass): 204 PUT http://10.180.1.21/identity/v3/projects/c1ea3538b622417fb0c42e49228696cc/users/e751187f8e2443978bcd88eaa917bece/roles/380eb3ad072b411da444d993225343b8 0.029s
2025-12-15 16:09:01.765 65493 INFO tempest.lib.common.dynamic_creds [-] Dynamic test user e751187f8e2443978bcd88eaa917bece is created with scope project and roles: ['member']
2025-12-15 16:09:01.765 65493 INFO tempest.lib.common.dynamic_creds [-] Acquired dynamic creds: credentials: Credentials: {'domain_id': 'default', 'domain_name': 'Default', 'username': 'tempest-ServerDiagnosticsTest-3268279-project-member', 'project_domain_id': 'default', 'project_domain_name': 'Default', 'project_id': 'c1ea3538b622417fb0c42e49228696cc', 'project_name': 'tempest-ServerDiagnosticsTest-3268279', 'tenant_id': 'c1ea3538b622417fb0c42e49228696cc', 'tenant_name': 'tempest-ServerDiagnosticsTest-3268279', 'user_domain_id': 'default', 'user_domain_name': 'Default', 'user_id': 'e751187f8e2443978bcd88eaa917bece', 'system': None}, Network: None, Subnet: None, Router: None
2025-12-15 16:09:01.766 65493 INFO tempest.lib.common.dynamic_creds [-] Created isolated network resources for: credentials: Credentials: {'domain_id': 'default', 'domain_name': 'Default', 'username': 'tempest-ServerDiagnosticsTest-3268279-project-member', 'project_domain_id': 'default', 'project_domain_name': 'Default', 'project_id': 'c1ea3538b622417fb0c42e49228696cc', 'project_name': 'tempest-ServerDiagnosticsTest-3268279', 'tenant_id': 'c1ea3538b622417fb0c42e49228696cc', 'tenant_name': 'tempest-ServerDiagnosticsTest-3268279', 'user_domain_id': 'default', 'user_domain_name': 'Default', 'user_id': 'e751187f8e2443978bcd88eaa917bece', 'system': None}, Network: None, Subnet: None, Router: None
2025-12-15 16:09:01.854 65493 INFO tempest.lib.common.rest_client [req-88156dcd-ba3a-49ae-8e10-fd342ddd243f req-88156dcd-ba3a-49ae-8e10-fd342ddd243f ] Request (ServerDiagnosticsTest:setUpClass): 201 POST http://10.180.1.21/identity/v3/auth/tokens 0.085s
2025-12-15 16:09:01.943 65493 INFO tempest.lib.common.rest_client [req-ee00bb59-0f59-4bb0-82b0-280613a301cf req-ee00bb59-0f59-4bb0-82b0-280613a301cf ] Request (ServerDiagnosticsTest:setUpClass): 201 POST http://10.180.1.21/identity/v3/projects 0.088s
2025-12-15 16:09:02.012 65493 INFO tempest.lib.common.rest_client [req-b5673a23-5644-4af4-89cc-a9f8471ae1ae req-b5673a23-5644-4af4-89cc-a9f8471ae1ae ] Request (ServerDiagnosticsTest:setUpClass): 201 POST http://10.180.1.21/identity/v3/users 0.068s
2025-12-15 16:09:02.042 65493 INFO tempest.lib.common.rest_client [req-e05f45d1-e9f3-4040-b88c-64b4d0e854ef req-e05f45d1-e9f3-4040-b88c-64b4d0e854ef ] Request (ServerDiagnosticsTest:setUpClass): 200 GET http://10.180.1.21/identity/v3/roles 0.029s
2025-12-15 16:09:02.065 65523 INFO tempest.lib.common.rest_client [req-b861912b-51c1-4bae-b492-73351d592c06 req-b861912b-51c1-4bae-b492-73351d592c06 ] Request (VolumesAssistedSnapshotsTest:test_volume_assisted_snapshot_create_delete): 200 PUT http://10.180.1.21/networking/v2.0/floatingips/7c31b850-c5ab-4508-96cf-523ec3048115 0.876s
2025-12-15 16:09:02.067 65523 INFO tempest.lib.common.ssh [-] Creating ssh connection to '10.180.180.220:22' as 'cirros' with public key authentication
2025-12-15 16:09:02.079 65493 INFO tempest.lib.common.rest_client [req-b1427315-d9a8-4995-b860-cf511dcc10e0 req-b1427315-d9a8-4995-b860-cf511dcc10e0 ] Request (ServerDiagnosticsTest:setUpClass): 204 PUT http://10.180.1.21/identity/v3/projects/bc4bcc2c761e4fb59ca16db9a656e9fc/users/a67cc8363319464d90158cad4645b93c/roles/fa16a1fd2a9247678b6e840e04f2fe40 0.037s
2025-12-15 16:09:02.143 65493 INFO tempest.lib.common.rest_client [req-45174464-fb92-4ecb-84af-5e2a2dc182aa req-45174464-fb92-4ecb-84af-5e2a2dc182aa ] Request (ServerDiagnosticsTest:setUpClass): 200 GET http://10.180.1.21/identity/v3/roles 0.063s
2025-12-15 16:09:02.164 65493 INFO tempest.lib.common.rest_client [req-04ba800c-5b0f-4ba0-9103-409a5647e3ca req-04ba800c-5b0f-4ba0-9103-409a5647e3ca ] Request (ServerDiagnosticsTest:setUpClass): 204 PUT http://10.180.1.21/identity/v3/projects/bc4bcc2c761e4fb59ca16db9a656e9fc/users/a67cc8363319464d90158cad4645b93c/roles/fa16a1fd2a9247678b6e840e04f2fe40 0.020s
2025-12-15 16:09:02.165 65493 INFO tempest.lib.common.dynamic_creds [-] Dynamic test user a67cc8363319464d90158cad4645b93c is created with scope project and roles: ['admin']
2025-12-15 16:09:02.165 65493 INFO tempest.lib.common.dynamic_creds [-] Acquired dynamic creds: credentials: Credentials: {'domain_id': 'default', 'domain_name': 'Default', 'username': 'tempest-ServerDiagnosticsTest-2041689503-project-admin', 'project_domain_id': 'default', 'project_domain_name': 'Default', 'project_id': 'bc4bcc2c761e4fb59ca16db9a656e9fc', 'project_name': 'tempest-ServerDiagnosticsTest-2041689503', 'tenant_id': 'bc4bcc2c761e4fb59ca16db9a656e9fc', 'tenant_name': 'tempest-ServerDiagnosticsTest-2041689503', 'user_domain_id': 'default', 'user_domain_name': 'Default', 'user_id': 'a67cc8363319464d90158cad4645b93c', 'system': None}, Network: None, Subnet: None, Router: None
2025-12-15 16:09:02.165 65493 INFO tempest.lib.common.dynamic_creds [-] Created isolated network resources for: credentials: Credentials: {'domain_id': 'default', 'domain_name': 'Default', 'username': 'tempest-ServerDiagnosticsTest-2041689503-project-admin', 'project_domain_id': 'default', 'project_domain_name': 'Default', 'project_id': 'bc4bcc2c761e4fb59ca16db9a656e9fc', 'project_name': 'tempest-ServerDiagnosticsTest-2041689503', 'tenant_id': 'bc4bcc2c761e4fb59ca16db9a656e9fc', 'tenant_name': 'tempest-ServerDiagnosticsTest-2041689503', 'user_domain_id': 'default', 'user_domain_name': 'Default', 'user_id': 'a67cc8363319464d90158cad4645b93c', 'system': None}, Network: None, Subnet: None, Router: None
2025-12-15 16:09:02.190 65533 INFO tempest.lib.common.rest_client [req-b0098e5c-7964-4912-b226-5d3993ed1ef0 req-b0098e5c-7964-4912-b226-5d3993ed1ef0 ] Request (ServerActionsTestJSON:setUpClass): 200 GET http://10.180.1.21/compute/v2.1/servers/87c72a14-a60c-4edd-b7d2-66de483194ad/os-interface 1.918s
2025-12-15 16:09:02.259 65493 INFO tempest.lib.common.rest_client [req-7ef3c115-2c47-4350-890c-28fabfdac765 req-7ef3c115-2c47-4350-890c-28fabfdac765 ] Request (ServerDiagnosticsTest:setUpClass): 201 POST http://10.180.1.21/identity/v3/auth/tokens 0.090s
2025-12-15 16:09:02.271 65527 INFO tempest.lib.common.rest_client [req-f6db2806-7534-408a-a2a6-634c459a04eb req-f6db2806-7534-408a-a2a6-634c459a04eb ] Request (QuotaClassesAdmin257Test:test_update_default_quotas): 200 PUT http://10.180.1.21/compute/v2.1/os-quota-class-sets/default 1.856s
2025-12-15 16:09:02.293 65531 INFO tempest.lib.common.rest_client [req-31ba5170-e4a1-4f8f-9216-fa38966c3a65 req-31ba5170-e4a1-4f8f-9216-fa38966c3a65 ] Request (KeyPairsV2TestJSON:_run_cleanups): 202 DELETE http://10.180.1.21/compute/v2.1/os-keypairs/tempest-KeyPairsV2TestJSON-keypair-1043030649 1.862s
2025-12-15 16:09:02.329 65511 INFO tempest.lib.common.rest_client [req-611064cc-b11e-4fb9-aae5-26f235d26390 req-611064cc-b11e-4fb9-aae5-26f235d26390 ] Request (AggregatesAdminNegativeTestJSON:test_aggregate_delete_as_user): 200 POST http://10.180.1.21/compute/v2.1/os-aggregates 1.877s
2025-12-15 16:09:02.342 65493 INFO tempest.lib.common.rest_client [req-d891445c-a92d-4299-9f8c-29c2a919c409 req-d891445c-a92d-4299-9f8c-29c2a919c409 ] Request (ServerDiagnosticsTest:test_get_server_diagnostics): 201 POST http://10.180.1.21/identity/v3/auth/tokens 0.078s
2025-12-15 16:09:02.343 65493 INFO tempest.lib.common.fixed_network [-] (ServerDiagnosticsTest:test_get_server_diagnostics) Found network None available for tenant
2025-12-15 16:09:02.453 65531 INFO tempest.lib.common.rest_client [req-00fd2a91-5971-429d-98bf-b96c368bd248 req-00fd2a91-5971-429d-98bf-b96c368bd248 ] Request (KeyPairsV2TestJSON:tearDownClass): 204 DELETE http://10.180.1.21/identity/v3/users/46a8d3b9f5824b7aa81e81d4b23550a1 0.159s
2025-12-15 16:09:02.453 65531 INFO tempest.lib.common.dynamic_creds [-] Deleting project and security group for project: bd6fe9baa2574dec9c857f967f8705b1
2025-12-15 16:09:02.465 65529 INFO tempest.lib.common.rest_client [req-e760e8c4-eed6-4935-9457-8ec5ac9d0372 req-e760e8c4-eed6-4935-9457-8ec5ac9d0372 ] Request (QuotasAdminNegativeTest:tearDownClass): 200 GET http://10.180.1.21/networking/v2.0/security-groups?tenant_id=9fe3418202664a789b971d4201aaca7d&name=default 1.192s
2025-12-15 16:09:02.512 65531 INFO tempest.lib.common.rest_client [req-97e1f66e-54ce-4f43-9d22-84826c4534f9 req-97e1f66e-54ce-4f43-9d22-84826c4534f9 ] Request (KeyPairsV2TestJSON:tearDownClass): 201 POST http://10.180.1.21/identity/v3/auth/tokens 0.059s
2025-12-15 16:09:02.678 65551 INFO tempest.lib.common.rest_client [req-a8990ae3-9750-45da-88f9-57c71011d060 req-a8990ae3-9750-45da-88f9-57c71011d060 ] Request (ImagesMetadataTestJSON:tearDownClass): 200 GET http://10.180.1.21/networking/v2.0/security-groups?tenant_id=cfbffc21982d486db6bb9276b5a8a46c&name=default 1.123s
2025-12-15 16:09:02.712 65543 INFO tempest.lib.common.rest_client [req-e80e0890-4e65-48bf-b984-be7e7f1d1743 req-e80e0890-4e65-48bf-b984-be7e7f1d1743 ] Request (AttachInterfacesTestJSON:test_create_list_show_delete_interfaces_by_fixed_ip): 200 GET http://10.180.1.21/compute/v2.1/servers/191db68f-a674-48fd-9b36-9b6f83a7e255 2.657s
2025-12-15 16:09:02.720 65543 INFO tempest.common.waiters [-] State transition "BUILD/spawning" ==> "ACTIVE/None" after 26 second wait
2025-12-15 16:09:02.815 65539 INFO tempest.lib.common.rest_client [req-88d91412-796d-4310-95c4-82737d66a89e req-88d91412-796d-4310-95c4-82737d66a89e ] Request (FlavorsAdminTestJSON:test_create_list_flavor_without_extra_data): 200 GET http://10.180.1.21/compute/v2.1/flavors/detail 2.293s
2025-12-15 16:09:02.897 65529 INFO tempest.lib.common.rest_client [req-eb3a0d94-8894-4fa9-ad96-2dbbc3b18d52 req-eb3a0d94-8894-4fa9-ad96-2dbbc3b18d52 ] Request (QuotasAdminNegativeTest:tearDownClass): 204 DELETE http://10.180.1.21/networking/v2.0/security-groups/00f7bf2d-bfe4-4ae6-ac60-b0aeae5c3ffd 0.431s
2025-12-15 16:09:02.986 65529 INFO tempest.lib.common.rest_client [req-a9202e4b-bb70-4f0b-935b-8909b2831abf req-a9202e4b-bb70-4f0b-935b-8909b2831abf ] Request (QuotasAdminNegativeTest:tearDownClass): 204 DELETE http://10.180.1.21/identity/v3/projects/9fe3418202664a789b971d4201aaca7d 0.088s
2025-12-15 16:09:02.986 65529 INFO tempest.lib.common.dynamic_creds [-] Deleting project and security group for project: 8ba49158585f43b6b1801d872da645e9
2025-12-15 16:09:03.280 65531 INFO tempest.lib.common.rest_client [req-18916323-324a-4b78-a11e-87e4b6ab10b4 req-18916323-324a-4b78-a11e-87e4b6ab10b4 ] Request (KeyPairsV2TestJSON:tearDownClass): 200 GET http://10.180.1.21/networking/v2.0/security-groups?tenant_id=bd6fe9baa2574dec9c857f967f8705b1&name=default 0.768s
2025-12-15 16:09:03.408 65551 INFO tempest.lib.common.rest_client [req-f6da7be0-62fa-43a9-ac70-f157caaa8cdd req-f6da7be0-62fa-43a9-ac70-f157caaa8cdd ] Request (ImagesMetadataTestJSON:tearDownClass): 204 DELETE http://10.180.1.21/networking/v2.0/security-groups/9aef5050-f33c-4f0b-aac2-6782d95c4c56 0.730s
2025-12-15 16:09:03.410 65533 INFO tempest.lib.common.rest_client [req-d63bc31c-ae67-4b14-9266-844b33d9f687 req-d63bc31c-ae67-4b14-9266-844b33d9f687 ] Request (ServerActionsTestJSON:setUpClass): 200 PUT http://10.180.1.21/networking/v2.0/floatingips/fc1985e9-348d-4ff7-b0ae-7d9b3afb358d 1.217s
2025-12-15 16:09:03.411 65533 INFO tempest.lib.common.ssh [-] Creating ssh connection to '10.180.180.215:22' as 'cirros' with public key authentication
2025-12-15 16:09:03.456 65541 INFO tempest.lib.common.rest_client [req-254c6c9e-0324-4262-afff-cdb18131d7aa req-254c6c9e-0324-4262-afff-cdb18131d7aa ] Request (MigrationsAdminTest:test_list_migrations_in_flavor_resize_situation): 200 GET http://10.180.1.21/compute/v2.1/servers/3806f80b-ecac-4a9d-bde9-91d6ec1adfc6 2.999s
2025-12-15 16:09:03.490 65551 INFO tempest.lib.common.rest_client [req-b5804883-417b-46b2-b902-e20a8f385dc5 req-b5804883-417b-46b2-b902-e20a8f385dc5 ] Request (ImagesMetadataTestJSON:tearDownClass): 204 DELETE http://10.180.1.21/identity/v3/projects/cfbffc21982d486db6bb9276b5a8a46c 0.081s
2025-12-15 16:09:03.567 65551 INFO tempest.lib.common.rest_client [req-db084d5f-d5b6-408f-9363-2be62beeb23e req-db084d5f-d5b6-408f-9363-2be62beeb23e ] Request (ServerActionsV293TestJSON:setUpClass): 201 POST http://10.180.1.21/identity/v3/auth/tokens 0.076s
2025-12-15 16:09:03.611 65551 INFO tempest.lib.common.rest_client [req-b8c040d6-9748-4150-b91a-934865dd0d84 req-b8c040d6-9748-4150-b91a-934865dd0d84 ] Request (ServerActionsV293TestJSON:setUpClass): 201 POST http://10.180.1.21/identity/v3/auth/tokens 0.040s
2025-12-15 16:09:03.621 65529 INFO tempest.lib.common.rest_client [req-7e3db96c-8d48-40d9-b741-3307f95b8164 req-7e3db96c-8d48-40d9-b741-3307f95b8164 ] Request (QuotasAdminNegativeTest:tearDownClass): 200 GET http://10.180.1.21/networking/v2.0/security-groups?tenant_id=8ba49158585f43b6b1801d872da645e9&name=default 0.634s
2025-12-15 16:09:03.643 65551 INFO tempest.lib.common.rest_client [req-794387aa-4960-4486-9abf-cc410e7879fe req-794387aa-4960-4486-9abf-cc410e7879fe ] Request (ServerActionsV293TestJSON:setUpClass): 200 GET http://10.180.1.21/identity/v3/domains?name=Default 0.031s
2025-12-15 16:09:03.683 65551 INFO tempest.lib.common.rest_client [req-b443d42e-05f9-44f7-baa7-1c4b88392ee5 req-b443d42e-05f9-44f7-baa7-1c4b88392ee5 ] Request (ServerActionsV293TestJSON:setUpClass): 201 POST http://10.180.1.21/identity/v3/projects 0.040s
2025-12-15 16:09:03.764 65551 INFO tempest.lib.common.rest_client [req-12345c29-cc6f-4b31-98cc-6718e1c39a93 req-12345c29-cc6f-4b31-98cc-6718e1c39a93 ] Request (ServerActionsV293TestJSON:setUpClass): 201 POST http://10.180.1.21/identity/v3/users 0.080s
2025-12-15 16:09:03.799 65551 INFO tempest.lib.common.rest_client [req-506ae097-a007-4f27-8fa8-759c9a964b9c req-506ae097-a007-4f27-8fa8-759c9a964b9c ] Request (ServerActionsV293TestJSON:setUpClass): 200 GET http://10.180.1.21/identity/v3/roles 0.034s
2025-12-15 16:09:03.846 65551 INFO tempest.lib.common.rest_client [req-7fd45650-c05d-4e28-82b6-c94c7fb5802b req-7fd45650-c05d-4e28-82b6-c94c7fb5802b ] Request (ServerActionsV293TestJSON:setUpClass): 204 PUT http://10.180.1.21/identity/v3/projects/56ff01a7d638440097a47c6fd631c4f3/users/e8b35d50a627444bb685e709756c797c/roles/380eb3ad072b411da444d993225343b8 0.047s
2025-12-15 16:09:03.847 65551 INFO tempest.lib.common.dynamic_creds [-] Dynamic test user e8b35d50a627444bb685e709756c797c is created with scope project and roles: ['member']
2025-12-15 16:09:03.847 65551 INFO tempest.lib.common.dynamic_creds [-] Acquired dynamic creds: credentials: Credentials: {'domain_id': 'default', 'domain_name': 'Default', 'username': 'tempest-ServerActionsV293TestJSON-1327897741-project-member', 'project_domain_id': 'default', 'project_domain_name': 'Default', 'project_id': '56ff01a7d638440097a47c6fd631c4f3', 'project_name': 'tempest-ServerActionsV293TestJSON-1327897741', 'tenant_id': '56ff01a7d638440097a47c6fd631c4f3', 'tenant_name': 'tempest-ServerActionsV293TestJSON-1327897741', 'user_domain_id': 'default', 'user_domain_name': 'Default', 'user_id': 'e8b35d50a627444bb685e709756c797c', 'system': None}, Network: None, Subnet: None, Router: None
2025-12-15 16:09:03.870 65531 INFO tempest.lib.common.rest_client [req-109ea100-a142-4099-838f-0e88264fc6cf req-109ea100-a142-4099-838f-0e88264fc6cf ] Request (KeyPairsV2TestJSON:tearDownClass): 204 DELETE http://10.180.1.21/networking/v2.0/security-groups/e10cc23d-00c2-42e5-b94b-6ea64250568b 0.589s
2025-12-15 16:09:03.917 65509 INFO tempest.lib.common.rest_client [req-b6b4e30b-3036-4dff-b4b9-e3f742beaf41 req-b6b4e30b-3036-4dff-b4b9-e3f742beaf41 ] Request (InstanceActionsV221TestJSON:test_get_list_deleted_instance_actions): 200 GET http://10.180.1.21/compute/v2.1/servers/e4414d48-559a-412d-9c9f-1e41d88d1136 3.299s
2025-12-15 16:09:03.932 65509 INFO tempest.common.waiters [-] State transition "BUILD/None" ==> "BUILD/spawning" after 9 second wait
2025-12-15 16:09:03.938 65551 INFO tempest.lib.common.rest_client [req-a98f9af1-7417-4cbf-96a2-87ebcb3b4f6a req-a98f9af1-7417-4cbf-96a2-87ebcb3b4f6a ] Request (ServerActionsV293TestJSON:setUpClass): 201 POST http://10.180.1.21/identity/v3/auth/tokens 0.091s
2025-12-15 16:09:04.007 65531 INFO tempest.lib.common.rest_client [req-b7786919-d6a2-42f7-9778-78b881da6501 req-b7786919-d6a2-42f7-9778-78b881da6501 ] Request (KeyPairsV2TestJSON:tearDownClass): 204 DELETE http://10.180.1.21/identity/v3/projects/bd6fe9baa2574dec9c857f967f8705b1 0.136s
2025-12-15 16:09:04.038 65529 INFO tempest.lib.common.rest_client [req-a4ce1d5f-a30b-47cb-8a5d-baf1605254aa req-a4ce1d5f-a30b-47cb-8a5d-baf1605254aa ] Request (QuotasAdminNegativeTest:tearDownClass): 204 DELETE http://10.180.1.21/networking/v2.0/security-groups/3095ed6a-6209-407e-8520-81b5570d01a2 0.417s
2025-12-15 16:09:04.153 65531 INFO tempest.lib.common.rest_client [req-06d120be-a399-474a-b188-546b619d4639 req-06d120be-a399-474a-b188-546b619d4639 ] Request (DeleteServersTestJSON:setUpClass): 201 POST http://10.180.1.21/identity/v3/auth/tokens 0.144s
2025-12-15 16:09:04.179 65507 INFO tempest.lib.common.rest_client [req-cc8e5fa9-6cda-4fdc-8394-a05cfa539cf8 req-cc8e5fa9-6cda-4fdc-8394-a05cfa539cf8 ] Request (FlavorsAccessNegativeTestJSON:_run_cleanups): 200 POST http://10.180.1.21/compute/v2.1/flavors/1075309838/action 3.420s
2025-12-15 16:09:04.233 65529 INFO tempest.lib.common.rest_client [req-98bab94b-d5a1-4d86-9d2b-994823e384ca req-98bab94b-d5a1-4d86-9d2b-994823e384ca ] Request (QuotasAdminNegativeTest:tearDownClass): 204 DELETE http://10.180.1.21/identity/v3/projects/8ba49158585f43b6b1801d872da645e9 0.194s
2025-12-15 16:09:04.256 65545 INFO tempest.lib.common.rest_client [req-f4fcffb4-a545-46fa-81c5-ceb9f1a6478c req-f4fcffb4-a545-46fa-81c5-ceb9f1a6478c ] Request (ServerTagsTestJSON:test_create_delete_tag): 204 DELETE http://10.180.1.21/compute/v2.1/servers/41be3eda-3f49-45a0-ba0f-722e9acbfede/tags/tempest-tag-1153444287 3.318s
2025-12-15 16:09:04.292 65531 INFO tempest.lib.common.rest_client [req-c3bde2cf-626b-4f99-bd13-bb6419e01cdc req-c3bde2cf-626b-4f99-bd13-bb6419e01cdc ] Request (DeleteServersTestJSON:setUpClass): 201 POST http://10.180.1.21/identity/v3/auth/tokens 0.133s
2025-12-15 16:09:04.317 65529 INFO tempest.lib.common.rest_client [req-e165d4e8-6960-4b74-bf35-a2fb4f14d6cc req-e165d4e8-6960-4b74-bf35-a2fb4f14d6cc ] Request (ServersV294TestFqdnHostnames:setUpClass): 201 POST http://10.180.1.21/identity/v3/auth/tokens 0.082s
2025-12-15 16:09:04.317 65531 INFO tempest.lib.common.rest_client [req-f21897c4-b250-4867-8e79-8024b606e106 req-f21897c4-b250-4867-8e79-8024b606e106 ] Request (DeleteServersTestJSON:setUpClass): 200 GET http://10.180.1.21/identity/v3/domains?name=Default 0.024s
2025-12-15 16:09:04.349 65531 INFO tempest.lib.common.rest_client [req-3e775f59-ba29-4786-b589-a1dfb1067b74 req-3e775f59-ba29-4786-b589-a1dfb1067b74 ] Request (DeleteServersTestJSON:setUpClass): 201 POST http://10.180.1.21/identity/v3/projects 0.031s
2025-12-15 16:09:04.392 65529 INFO tempest.lib.common.rest_client [req-2ad4593d-d0b6-42b2-9c26-6e34d2e47003 req-2ad4593d-d0b6-42b2-9c26-6e34d2e47003 ] Request (ServersV294TestFqdnHostnames:setUpClass): 201 POST http://10.180.1.21/identity/v3/auth/tokens 0.071s
2025-12-15 16:09:04.411 65531 INFO tempest.lib.common.rest_client [req-4ce09062-e913-43b2-994b-b6f55ed65900 req-4ce09062-e913-43b2-994b-b6f55ed65900 ] Request (DeleteServersTestJSON:setUpClass): 201 POST http://10.180.1.21/identity/v3/users 0.061s
2025-12-15 16:09:04.417 65529 INFO tempest.lib.common.rest_client [req-84854a86-4fa8-4f05-a94d-a791a4f65322 req-84854a86-4fa8-4f05-a94d-a791a4f65322 ] Request (ServersV294TestFqdnHostnames:setUpClass): 200 GET http://10.180.1.21/identity/v3/domains?name=Default 0.025s
2025-12-15 16:09:04.426 65551 INFO tempest.lib.common.rest_client [req-7a9a09e7-a867-4bd0-8cfd-e2e49533e1ec req-7a9a09e7-a867-4bd0-8cfd-e2e49533e1ec ] Request (ServerActionsV293TestJSON:setUpClass): 201 POST http://10.180.1.21/networking/v2.0/networks 0.487s
2025-12-15 16:09:04.437 65531 INFO tempest.lib.common.rest_client [req-2ab1463f-690f-4cb3-b7e6-c3b3a3523993 req-2ab1463f-690f-4cb3-b7e6-c3b3a3523993 ] Request (DeleteServersTestJSON:setUpClass): 200 GET http://10.180.1.21/identity/v3/roles 0.026s
2025-12-15 16:09:04.452 65529 INFO tempest.lib.common.rest_client [req-299e614d-57e5-4098-9a21-eb2d5f4d6e9c req-299e614d-57e5-4098-9a21-eb2d5f4d6e9c ] Request (ServersV294TestFqdnHostnames:setUpClass): 201 POST http://10.180.1.21/identity/v3/projects 0.034s
2025-12-15 16:09:04.478 65531 INFO tempest.lib.common.rest_client [req-a5cc2da6-f6a1-42f6-b210-2bb35d4988b8 req-a5cc2da6-f6a1-42f6-b210-2bb35d4988b8 ] Request (DeleteServersTestJSON:setUpClass): 204 PUT http://10.180.1.21/identity/v3/projects/69eda7c2b42447678aa271d96bea6a13/users/84607407a385466e880bf86696d8b3f8/roles/380eb3ad072b411da444d993225343b8 0.040s
2025-12-15 16:09:04.478 65531 INFO tempest.lib.common.dynamic_creds [-] Dynamic test user 84607407a385466e880bf86696d8b3f8 is created with scope project and roles: ['member']
2025-12-15 16:09:04.479 65531 INFO tempest.lib.common.dynamic_creds [-] Acquired dynamic creds: credentials: Credentials: {'domain_id': 'default', 'domain_name': 'Default', 'username': 'tempest-DeleteServersTestJSON-1045367082-project-member', 'project_domain_id': 'default', 'project_domain_name': 'Default', 'project_id': '69eda7c2b42447678aa271d96bea6a13', 'project_name': 'tempest-DeleteServersTestJSON-1045367082', 'tenant_id': '69eda7c2b42447678aa271d96bea6a13', 'tenant_name': 'tempest-DeleteServersTestJSON-1045367082', 'user_domain_id': 'default', 'user_domain_name': 'Default', 'user_id': '84607407a385466e880bf86696d8b3f8', 'system': None}, Network: None, Subnet: None, Router: None
2025-12-15 16:09:04.556 65531 INFO tempest.lib.common.rest_client [req-a5025c63-d1b6-4d91-b19a-62641c5e7dd4 req-a5025c63-d1b6-4d91-b19a-62641c5e7dd4 ] Request (DeleteServersTestJSON:setUpClass): 201 POST http://10.180.1.21/identity/v3/auth/tokens 0.076s
2025-12-15 16:09:04.572 65529 INFO tempest.lib.common.rest_client [req-158c4a30-d351-41e9-9e1c-814e53b59010 req-158c4a30-d351-41e9-9e1c-814e53b59010 ] Request (ServersV294TestFqdnHostnames:setUpClass): 201 POST http://10.180.1.21/identity/v3/users 0.119s
2025-12-15 16:09:04.604 65529 INFO tempest.lib.common.rest_client [req-213aec1f-1797-47f2-9540-81118757e3c3 req-213aec1f-1797-47f2-9540-81118757e3c3 ] Request (ServersV294TestFqdnHostnames:setUpClass): 200 GET http://10.180.1.21/identity/v3/roles 0.031s
2025-12-15 16:09:04.649 65529 INFO tempest.lib.common.rest_client [req-111956c5-6fe4-4f5f-bc06-0fa37168ed58 req-111956c5-6fe4-4f5f-bc06-0fa37168ed58 ] Request (ServersV294TestFqdnHostnames:setUpClass): 204 PUT http://10.180.1.21/identity/v3/projects/f0b2e32615d942abadf322a84893d852/users/75e291883ec54b1a9b3d460a80ba66bc/roles/380eb3ad072b411da444d993225343b8 0.045s
2025-12-15 16:09:04.649 65529 INFO tempest.lib.common.dynamic_creds [-] Dynamic test user 75e291883ec54b1a9b3d460a80ba66bc is created with scope project and roles: ['member']
2025-12-15 16:09:04.649 65529 INFO tempest.lib.common.dynamic_creds [-] Acquired dynamic creds: credentials: Credentials: {'domain_id': 'default', 'domain_name': 'Default', 'username': 'tempest-ServersV294TestFqdnHostnames-1024632663-project-member', 'project_domain_id': 'default', 'project_domain_name': 'Default', 'project_id': 'f0b2e32615d942abadf322a84893d852', 'project_name': 'tempest-ServersV294TestFqdnHostnames-1024632663', 'tenant_id': 'f0b2e32615d942abadf322a84893d852', 'tenant_name': 'tempest-ServersV294TestFqdnHostnames-1024632663', 'user_domain_id': 'default', 'user_domain_name': 'Default', 'user_id': '75e291883ec54b1a9b3d460a80ba66bc', 'system': None}, Network: None, Subnet: None, Router: None
2025-12-15 16:09:04.727 65529 INFO tempest.lib.common.rest_client [req-6215de33-df43-4355-af2f-73a2db53b2b8 req-6215de33-df43-4355-af2f-73a2db53b2b8 ] Request (ServersV294TestFqdnHostnames:setUpClass): 201 POST http://10.180.1.21/identity/v3/auth/tokens 0.077s
2025-12-15 16:09:04.734 65551 INFO tempest.lib.common.rest_client [req-84b0b9f7-4776-4001-aa3e-80842d4a30bf req-84b0b9f7-4776-4001-aa3e-80842d4a30bf ] Request (ServerActionsV293TestJSON:setUpClass): 201 POST http://10.180.1.21/networking/v2.0/subnets 0.307s
2025-12-15 16:09:04.750 65537 INFO tempest.lib.common.rest_client [req-2cf6c924-5bdb-4677-aab5-03d3395e36d0 req-2cf6c924-5bdb-4677-aab5-03d3395e36d0 ] Request (FlavorsV2NegativeTest:test_boot_with_low_ram): 400 POST http://10.180.1.21/compute/v2.1/servers 4.075s
2025-12-15 16:09:04.783 65535 INFO tempest.lib.common.rest_client [req-3e1b8eec-0069-4080-b312-b8e44be725f7 req-3e1b8eec-0069-4080-b312-b8e44be725f7 ] Request (ImagesOneServerNegativeTestJSON:setUp): 200 GET http://10.180.1.21/compute/v2.1/servers/1d703ff0-6846-478f-be1f-f2ad83d9cda1 3.801s
2025-12-15 16:09:04.830 65537 INFO tempest.lib.common.rest_client [req-86d98e5e-b79d-447f-9cef-19e7a27ea88c req-86d98e5e-b79d-447f-9cef-19e7a27ea88c ] Request (FlavorsV2NegativeTest:_run_cleanups): 204 DELETE http://10.180.1.21/image/v2/images/3b8beb31-268b-43db-9d5c-ae3c67ade328 0.080s
2025-12-15 16:09:04.929 65537 INFO tempest.lib.common.rest_client [req-97dd84ba-4355-4623-9883-7fdbe24c3696 req-97dd84ba-4355-4623-9883-7fdbe24c3696 ] Request (FlavorsV2NegativeTest:tearDownClass): 204 DELETE http://10.180.1.21/identity/v3/users/471436de4c3d47c4af5c23b5d65e113e 0.098s
2025-12-15 16:09:04.932 65537 INFO tempest.lib.common.dynamic_creds [-] Deleting project and security group for project: f95858aea32d4e1bb0ef0fe06927cceb
2025-12-15 16:09:04.999 65537 INFO tempest.lib.common.rest_client [req-60cdee0d-0413-4897-a46f-7f02f9703818 req-60cdee0d-0413-4897-a46f-7f02f9703818 ] Request (FlavorsV2NegativeTest:tearDownClass): 201 POST http://10.180.1.21/identity/v3/auth/tokens 0.067s
2025-12-15 16:09:05.076 65531 INFO tempest.lib.common.rest_client [req-138706af-dabf-4c12-bf8c-84d347b51a48 req-138706af-dabf-4c12-bf8c-84d347b51a48 ] Request (DeleteServersTestJSON:setUpClass): 201 POST http://10.180.1.21/networking/v2.0/networks 0.520s
2025-12-15 16:09:05.078 65529 INFO tempest.lib.common.rest_client [req-4e9072be-9aa3-451a-97f5-07f7374ae625 req-4e9072be-9aa3-451a-97f5-07f7374ae625 ] Request (ServersV294TestFqdnHostnames:setUpClass): 201 POST http://10.180.1.21/networking/v2.0/networks 0.350s
2025-12-15 16:09:05.727 65551 INFO tempest.lib.common.rest_client [req-a7175c6b-adcd-4dd2-8ca3-cad991605081 req-a7175c6b-adcd-4dd2-8ca3-cad991605081 ] Request (ServerActionsV293TestJSON:setUpClass): 201 POST http://10.180.1.21/networking/v2.0/routers 0.992s
2025-12-15 16:09:05.839 65499 INFO tempest.lib.common.rest_client [req-510e378c-3831-4fae-878e-a8b87e904433 req-510e378c-3831-4fae-878e-a8b87e904433 ] Request (ServerExternalEventsTest:test_create_server_external_events): 200 GET http://10.180.1.21/compute/v2.1/servers/d34a70e9-4676-4ac9-a113-0827a033e4b7 4.635s
2025-12-15 16:09:06.006 65537 INFO tempest.lib.common.rest_client [req-43d3af7c-82b0-4562-adb0-a41f01c40689 req-43d3af7c-82b0-4562-adb0-a41f01c40689 ] Request (FlavorsV2NegativeTest:tearDownClass): 200 GET http://10.180.1.21/networking/v2.0/security-groups?tenant_id=f95858aea32d4e1bb0ef0fe06927cceb&name=default 1.006s
2025-12-15 16:09:06.170 65531 INFO tempest.lib.common.rest_client [req-d4793a2c-2421-4cc0-86b7-5b680635065c req-d4793a2c-2421-4cc0-86b7-5b680635065c ] Request (DeleteServersTestJSON:setUpClass): 201 POST http://10.180.1.21/networking/v2.0/subnets 1.094s
2025-12-15 16:09:06.319 65529 INFO tempest.lib.common.rest_client [req-24c2bdde-9955-4100-a3a6-569839b5596d req-24c2bdde-9955-4100-a3a6-569839b5596d ] Request (ServersV294TestFqdnHostnames:setUpClass): 201 POST http://10.180.1.21/networking/v2.0/subnets 1.241s
2025-12-15 16:09:06.712 65519 INFO tempest.lib.common.rest_client [req-8b6c2426-4f13-4fdc-b90f-6ae2c1a62368 req-8b6c2426-4f13-4fdc-b90f-6ae2c1a62368 ] Request (ServerDiagnosticsNegativeTest:test_get_server_diagnostics_by_non_admin): 200 GET http://10.180.1.21/compute/v2.1/servers/bdc6bc90-45ca-4719-9c23-f2be6b9c42c8 5.574s
2025-12-15 16:09:06.725 65519 INFO tempest.common.waiters [-] State transition "BUILD/None" ==> "BUILD/spawning" after 12 second wait
2025-12-15 16:09:06.729 65555 INFO tempest.lib.common.rest_client [req-fe6db2bb-9ed6-4f28-8f59-13a5723f203b req-fe6db2bb-9ed6-4f28-8f59-13a5723f203b ] Request (VolumesAdminNegativeTest:test_update_attached_volume_with_nonexistent_volume_in_uri): 200 GET http://10.180.1.21/compute/v2.1/servers/e0e1c41e-1cdd-4b40-8caa-c55a676337bd 5.404s
2025-12-15 16:09:06.847 65537 INFO tempest.lib.common.rest_client [req-f035ab9e-63be-4a31-9dec-c48f844dcbca req-f035ab9e-63be-4a31-9dec-c48f844dcbca ] Request (FlavorsV2NegativeTest:tearDownClass): 204 DELETE http://10.180.1.21/networking/v2.0/security-groups/120c14e5-7e5f-453c-8839-37384990455e 0.841s
2025-12-15 16:09:06.885 65549 INFO tempest.lib.common.rest_client [req-eb919412-fe53-41ad-a358-5885286464f3 req-eb919412-fe53-41ad-a358-5885286464f3 ] Request (TenantUsagesNegativeTestJSON:test_get_usage_tenant_with_empty_tenant_id): 404 GET http://10.180.1.21/compute/v2.1/os-simple-tenant-usage/?start=2025-12-14T16%3A09%3A01.449878&end=2025-12-16T16%3A09%3A01.449878 5.435s
2025-12-15 16:09:06.957 65537 INFO tempest.lib.common.rest_client [req-3dbb5cad-4707-48b2-94b4-8ae65203bd2b req-3dbb5cad-4707-48b2-94b4-8ae65203bd2b ] Request (FlavorsV2NegativeTest:tearDownClass): 204 DELETE http://10.180.1.21/identity/v3/projects/f95858aea32d4e1bb0ef0fe06927cceb 0.109s
2025-12-15 16:09:07.039 65537 INFO tempest.lib.common.rest_client [req-8cbe031b-8704-4bc0-a30e-d051a2c5a862 req-8cbe031b-8704-4bc0-a30e-d051a2c5a862 ] Request (ImagesDeleteNegativeTestJSON:setUpClass): 201 POST http://10.180.1.21/identity/v3/auth/tokens 0.080s
2025-12-15 16:09:07.082 65537 INFO tempest.lib.common.rest_client [req-dc7a0286-7a7d-47fb-b9d7-8e36c7392283 req-dc7a0286-7a7d-47fb-b9d7-8e36c7392283 ] Request (ImagesDeleteNegativeTestJSON:setUpClass): 201 POST http://10.180.1.21/identity/v3/auth/tokens 0.037s
2025-12-15 16:09:07.122 65537 INFO tempest.lib.common.rest_client [req-6fd81800-5786-4d58-8b43-3ffcd06e3068 req-6fd81800-5786-4d58-8b43-3ffcd06e3068 ] Request (ImagesDeleteNegativeTestJSON:setUpClass): 200 GET http://10.180.1.21/identity/v3/domains?name=Default 0.040s
2025-12-15 16:09:07.164 65537 INFO tempest.lib.common.rest_client [req-1e53a21c-5051-4e2f-909e-2bf690f37f1b req-1e53a21c-5051-4e2f-909e-2bf690f37f1b ] Request (ImagesDeleteNegativeTestJSON:setUpClass): 201 POST http://10.180.1.21/identity/v3/projects 0.041s
2025-12-15 16:09:07.173 65523 WARNING tempest.lib.common.ssh [-] Failed to establish authenticated ssh connection to cirros@10.180.180.220 ([Errno None] Unable to connect to port 22 on 10.180.180.220). Number attempts: 1. Retry after 2 seconds.: paramiko.ssh_exception.NoValidConnectionsError: [Errno None] Unable to connect to port 22 on 10.180.180.220
2025-12-15 16:09:07.235 65537 INFO tempest.lib.common.rest_client [req-327433dc-d0c6-4f2b-bc9c-d2410e9d547f req-327433dc-d0c6-4f2b-bc9c-d2410e9d547f ] Request (ImagesDeleteNegativeTestJSON:setUpClass): 201 POST http://10.180.1.21/identity/v3/users 0.070s
2025-12-15 16:09:07.250 65551 INFO tempest.lib.common.rest_client [req-f70bf61a-09af-406c-99e5-a739b65d40c8 req-f70bf61a-09af-406c-99e5-a739b65d40c8 ] Request (ServerActionsV293TestJSON:setUpClass): 200 PUT http://10.180.1.21/networking/v2.0/routers/bc666b85-ebdb-40e2-b636-861c26818308/add_router_interface 1.522s
2025-12-15 16:09:07.250 65551 INFO tempest.lib.common.dynamic_creds [-] Created isolated network resources for: credentials: Credentials: {'domain_id': 'default', 'domain_name': 'Default', 'username': 'tempest-ServerActionsV293TestJSON-1327897741-project-member', 'project_domain_id': 'default', 'project_domain_name': 'Default', 'project_id': '56ff01a7d638440097a47c6fd631c4f3', 'project_name': 'tempest-ServerActionsV293TestJSON-1327897741', 'tenant_id': '56ff01a7d638440097a47c6fd631c4f3', 'tenant_name': 'tempest-ServerActionsV293TestJSON-1327897741', 'user_domain_id': 'default', 'user_domain_name': 'Default', 'user_id': 'e8b35d50a627444bb685e709756c797c', 'system': None}, Network: {'id': '6e8117bc-0aae-4f55-aca0-4adf136673dd', 'name': 'tempest-ServerActionsV293TestJSON-1231591832-network', 'tenant_id': '56ff01a7d638440097a47c6fd631c4f3', 'project_id': '56ff01a7d638440097a47c6fd631c4f3', 'admin_state_up': True, 'mtu': 8950, 'status': 'ACTIVE', 'subnets': [], 'shared': False, 'port_security_enabled': True, 'router:external': False, 'provider:network_type': 'vlan', 'provider:physical_network': 'default', 'provider:segmentation_id': 7, 'availability_zone_hints': [], 'availability_zones': [], 'ipv4_address_scope': None, 'ipv6_address_scope': None, 'description': '', 'tags': [], 'created_at': '2025-12-15T16:09:04Z', 'updated_at': '2025-12-15T16:09:04Z', 'revision_number': 1}, Subnet: {'id': 'e1f9b20f-31df-44f4-acb0-46eee52154e6', 'name': 'tempest-ServerActionsV293TestJSON-1231591832-subnet', 'tenant_id': '56ff01a7d638440097a47c6fd631c4f3', 'network_id': '6e8117bc-0aae-4f55-aca0-4adf136673dd', 'ip_version': 4, 'subnetpool_id': None, 'enable_dhcp': True, 'ipv6_ra_mode': None, 'ipv6_address_mode': None, 'gateway_ip': '192.168.128.1', 'cidr': '192.168.128.0/28', 'allocation_pools': [{'start': '192.168.128.2', 'end': '192.168.128.14'}], 'host_routes': [], 'dns_nameservers': [], 'description': '', 'router:external': False, 'service_types': [], 'tags': [], 'created_at': '2025-12-15T16:09:04Z', 'updated_at': '2025-12-15T16:09:04Z', 'revision_number': 0, 'project_id': '56ff01a7d638440097a47c6fd631c4f3'}, Router: {'id': 'bc666b85-ebdb-40e2-b636-861c26818308', 'name': 'tempest-ServerActionsV293TestJSON-1231591832-router', 'tenant_id': '56ff01a7d638440097a47c6fd631c4f3', 'admin_state_up': True, 'status': 'ACTIVE', 'external_gateway_info': {'network_id': 'ac962b30-2800-439d-94d9-d5e949ef2f8a', 'external_fixed_ips': [{'subnet_id': 'f913069a-9b6c-4cb1-a49c-521245bad301', 'ip_address': '10.180.180.155'}], 'enable_snat': True}, 'description': '', 'availability_zones': [], 'distributed': False, 'ha': False, 'availability_zone_hints': [], 'routes': [], 'flavor_id': None, 'tags': [], 'created_at': '2025-12-15T16:09:05Z', 'updated_at': '2025-12-15T16:09:05Z', 'revision_number': 2, 'project_id': '56ff01a7d638440097a47c6fd631c4f3'}
2025-12-15 16:09:07.267 65537 INFO tempest.lib.common.rest_client [req-1cf40cdc-0dec-49d5-90c3-026c7c749cdf req-1cf40cdc-0dec-49d5-90c3-026c7c749cdf ] Request (ImagesDeleteNegativeTestJSON:setUpClass): 200 GET http://10.180.1.21/identity/v3/roles 0.031s
2025-12-15 16:09:07.357 65537 INFO tempest.lib.common.rest_client [req-1f8f4084-7909-43e1-bfff-7a8664f603b5 req-1f8f4084-7909-43e1-bfff-7a8664f603b5 ] Request (ImagesDeleteNegativeTestJSON:setUpClass): 204 PUT http://10.180.1.21/identity/v3/projects/8a2d5f1b8f684c33861cd04cb987ced7/users/8dceca2ac864446b92d7e37cd995bede/roles/380eb3ad072b411da444d993225343b8 0.089s
2025-12-15 16:09:07.357 65537 INFO tempest.lib.common.dynamic_creds [-] Dynamic test user 8dceca2ac864446b92d7e37cd995bede is created with scope project and roles: ['member']
2025-12-15 16:09:07.359 65537 INFO tempest.lib.common.dynamic_creds [-] Acquired dynamic creds: credentials: Credentials: {'domain_id': 'default', 'domain_name': 'Default', 'username': 'tempest-ImagesDeleteNegativeTestJSON-564796140-project-member', 'project_domain_id': 'default', 'project_domain_name': 'Default', 'project_id': '8a2d5f1b8f684c33861cd04cb987ced7', 'project_name': 'tempest-ImagesDeleteNegativeTestJSON-564796140', 'tenant_id': '8a2d5f1b8f684c33861cd04cb987ced7', 'tenant_name': 'tempest-ImagesDeleteNegativeTestJSON-564796140', 'user_domain_id': 'default', 'user_domain_name': 'Default', 'user_id': '8dceca2ac864446b92d7e37cd995bede', 'system': None}, Network: None, Subnet: None, Router: None
2025-12-15 16:09:07.359 65537 INFO tempest.lib.common.dynamic_creds [-] Created isolated network resources for: credentials: Credentials: {'domain_id': 'default', 'domain_name': 'Default', 'username': 'tempest-ImagesDeleteNegativeTestJSON-564796140-project-member', 'project_domain_id': 'default', 'project_domain_name': 'Default', 'project_id': '8a2d5f1b8f684c33861cd04cb987ced7', 'project_name': 'tempest-ImagesDeleteNegativeTestJSON-564796140', 'tenant_id': '8a2d5f1b8f684c33861cd04cb987ced7', 'tenant_name': 'tempest-ImagesDeleteNegativeTestJSON-564796140', 'user_domain_id': 'default', 'user_domain_name': 'Default', 'user_id': '8dceca2ac864446b92d7e37cd995bede', 'system': None}, Network: None, Subnet: None, Router: None
2025-12-15 16:09:07.490 65533 WARNING tempest.lib.common.ssh [-] Failed to establish authenticated ssh connection to cirros@10.180.180.215 ([Errno None] Unable to connect to port 22 on 10.180.180.215). Number attempts: 1. Retry after 2 seconds.: paramiko.ssh_exception.NoValidConnectionsError: [Errno None] Unable to connect to port 22 on 10.180.180.215
2025-12-15 16:09:07.510 65537 INFO tempest.lib.common.rest_client [req-c6aa9782-2aa3-4bbf-8743-8a72dfa4d76f req-c6aa9782-2aa3-4bbf-8743-8a72dfa4d76f ] Request (ImagesDeleteNegativeTestJSON:setUpClass): 201 POST http://10.180.1.21/identity/v3/auth/tokens 0.143s
2025-12-15 16:09:07.513 65551 INFO tempest.lib.common.rest_client [req-7b378201-30a6-440d-9e9e-aa5a658b8d7d req-7b378201-30a6-440d-9e9e-aa5a658b8d7d ] Request (ServerActionsV293TestJSON:setUpClass): 201 POST http://10.180.1.21/identity/v3/auth/tokens 0.257s
2025-12-15 16:09:07.657 65531 INFO tempest.lib.common.rest_client [req-ad89f5f2-f613-47e7-9515-09c257a0f267 req-ad89f5f2-f613-47e7-9515-09c257a0f267 ] Request (DeleteServersTestJSON:setUpClass): 201 POST http://10.180.1.21/networking/v2.0/routers 1.486s
2025-12-15 16:09:07.764 65521 INFO tempest.lib.common.rest_client [req-cf2907d7-6274-48bc-891b-0749f11402b1 req-cf2907d7-6274-48bc-891b-0749f11402b1 ] Request (InstanceActionsNegativeTestJSON:setUpClass): 200 GET http://10.180.1.21/compute/v2.1/servers/3bf8d5e2-6288-4102-897f-ac37fb34bb0c 6.393s
2025-12-15 16:09:07.778 65501 INFO tempest.lib.common.rest_client [req-118e9f4d-7535-411e-a445-d6726dbafeec req-118e9f4d-7535-411e-a445-d6726dbafeec ] Request (AttachInterfacesV270Test:tearDownClass): 200 GET http://10.180.1.21/compute/v2.1/servers/b630f3de-e0bd-43dc-854f-ed7a707991db 6.262s
2025-12-15 16:09:07.798 65501 INFO tempest.common.waiters [-] State transition "ACTIVE/deleting" ==> "DELETED/None" after 7 second wait
2025-12-15 16:09:07.821 65497 INFO tempest.lib.common.rest_client [req-ee736f8c-1ce9-4226-bd2c-cba838dec494 req-ee736f8c-1ce9-4226-bd2c-cba838dec494 ] Request (ImagesOneServerTestJSON:test_create_delete_image): 200 GET http://10.180.1.21/compute/v2.1/images/c94cba3f-65f4-43ca-b50e-108382c6125f 6.255s
2025-12-15 16:09:08.096 65529 INFO tempest.lib.common.rest_client [req-a49c3f09-136f-4e9b-ade7-89b78b93fdb5 req-a49c3f09-136f-4e9b-ade7-89b78b93fdb5 ] Request (ServersV294TestFqdnHostnames:setUpClass): 201 POST http://10.180.1.21/networking/v2.0/routers 1.776s
2025-12-15 16:09:08.629 65505 INFO tempest.lib.common.rest_client [req-87d43f81-34de-4178-895a-28d531851d91 req-87d43f81-34de-4178-895a-28d531851d91 ] Request (ServersAdmin275Test:_run_cleanups): 200 GET http://10.180.1.21/compute/v2.1/servers/3bd0aab9-8d74-4e22-af7e-d784e0d96d17 7.045s
2025-12-15 16:09:08.642 65505 INFO tempest.common.waiters [-] State transition "REBUILD/rebuild_spawning" ==> "ACTIVE/None" after 13 second wait
2025-12-15 16:09:08.645 65515 INFO tempest.lib.common.rest_client [req-fa4979e3-7909-42eb-8239-3a8aacdb2a65 req-fa4979e3-7909-42eb-8239-3a8aacdb2a65 ] Request (DeleteServersAdminTestJSON:test_admin_delete_servers_of_others): 200 GET http://10.180.1.21/compute/v2.1/servers/b157b334-0cfb-41b1-b546-201430ee7b9f 6.880s
2025-12-15 16:09:08.661 65531 INFO tempest.lib.common.rest_client [req-a946d8a7-23a6-4942-b728-3f76d241242f req-a946d8a7-23a6-4942-b728-3f76d241242f ] Request (DeleteServersTestJSON:setUpClass): 200 PUT http://10.180.1.21/networking/v2.0/routers/c2666d1c-e25a-4908-9f1f-b8cd3e5eecf8/add_router_interface 1.003s
2025-12-15 16:09:08.661 65531 INFO tempest.lib.common.dynamic_creds [-] Created isolated network resources for: credentials: Credentials: {'domain_id': 'default', 'domain_name': 'Default', 'username': 'tempest-DeleteServersTestJSON-1045367082-project-member', 'project_domain_id': 'default', 'project_domain_name': 'Default', 'project_id': '69eda7c2b42447678aa271d96bea6a13', 'project_name': 'tempest-DeleteServersTestJSON-1045367082', 'tenant_id': '69eda7c2b42447678aa271d96bea6a13', 'tenant_name': 'tempest-DeleteServersTestJSON-1045367082', 'user_domain_id': 'default', 'user_domain_name': 'Default', 'user_id': '84607407a385466e880bf86696d8b3f8', 'system': None}, Network: {'id': '4bcb5030-c3c1-4b3f-95d8-eee940148393', 'name': 'tempest-DeleteServersTestJSON-194400501-network', 'tenant_id': '69eda7c2b42447678aa271d96bea6a13', 'project_id': '69eda7c2b42447678aa271d96bea6a13', 'admin_state_up': True, 'mtu': 8950, 'status': 'ACTIVE', 'subnets': [], 'shared': False, 'port_security_enabled': True, 'router:external': False, 'provider:network_type': 'vlan', 'provider:physical_network': 'default', 'provider:segmentation_id': 186, 'availability_zone_hints': [], 'availability_zones': [], 'ipv4_address_scope': None, 'ipv6_address_scope': None, 'description': '', 'tags': [], 'created_at': '2025-12-15T16:09:04Z', 'updated_at': '2025-12-15T16:09:04Z', 'revision_number': 1}, Subnet: {'id': '6dabbad6-6e86-486f-b3d9-fcbb9a8ee4b2', 'name': 'tempest-DeleteServersTestJSON-194400501-subnet', 'tenant_id': '69eda7c2b42447678aa271d96bea6a13', 'network_id': '4bcb5030-c3c1-4b3f-95d8-eee940148393', 'ip_version': 4, 'subnetpool_id': None, 'enable_dhcp': True, 'ipv6_ra_mode': None, 'ipv6_address_mode': None, 'gateway_ip': '192.168.128.1', 'cidr': '192.168.128.0/28', 'allocation_pools': [{'start': '192.168.128.2', 'end': '192.168.128.14'}], 'host_routes': [], 'dns_nameservers': [], 'description': '', 'router:external': False, 'service_types': [], 'tags': [], 'created_at': '2025-12-15T16:09:06Z', 'updated_at': '2025-12-15T16:09:06Z', 'revision_number': 0, 'project_id': '69eda7c2b42447678aa271d96bea6a13'}, Router: {'id': 'c2666d1c-e25a-4908-9f1f-b8cd3e5eecf8', 'name': 'tempest-DeleteServersTestJSON-194400501-router', 'tenant_id': '69eda7c2b42447678aa271d96bea6a13', 'admin_state_up': True, 'status': 'ACTIVE', 'external_gateway_info': {'network_id': 'ac962b30-2800-439d-94d9-d5e949ef2f8a', 'external_fixed_ips': [{'subnet_id': 'f913069a-9b6c-4cb1-a49c-521245bad301', 'ip_address': '10.180.180.168'}], 'enable_snat': True}, 'description': '', 'availability_zones': [], 'distributed': False, 'ha': False, 'availability_zone_hints': [], 'routes': [], 'flavor_id': None, 'tags': [], 'created_at': '2025-12-15T16:09:06Z', 'updated_at': '2025-12-15T16:09:07Z', 'revision_number': 2, 'project_id': '69eda7c2b42447678aa271d96bea6a13'}
2025-12-15 16:09:08.794 65531 INFO tempest.lib.common.rest_client [req-29c2cbee-c013-489b-8413-1548790b4a25 req-29c2cbee-c013-489b-8413-1548790b4a25 ] Request (DeleteServersTestJSON:setUpClass): 201 POST http://10.180.1.21/identity/v3/auth/tokens 0.129s
2025-12-15 16:09:08.860 65531 INFO tempest.lib.common.rest_client [req-2c1e2e39-5629-4722-943a-53c88f9abfff req-2c1e2e39-5629-4722-943a-53c88f9abfff ] Request (DeleteServersTestJSON:test_delete_active_server): 201 POST http://10.180.1.21/identity/v3/auth/tokens 0.061s
2025-12-15 16:09:08.861 65531 INFO tempest.lib.common.fixed_network [-] (DeleteServersTestJSON:test_delete_active_server) Found network {'id': '4bcb5030-c3c1-4b3f-95d8-eee940148393', 'name': 'tempest-DeleteServersTestJSON-194400501-network', 'tenant_id': '69eda7c2b42447678aa271d96bea6a13', 'project_id': '69eda7c2b42447678aa271d96bea6a13', 'admin_state_up': True, 'mtu': 8950, 'status': 'ACTIVE', 'subnets': [], 'shared': False, 'port_security_enabled': True, 'router:external': False, 'provider:network_type': 'vlan', 'provider:physical_network': 'default', 'provider:segmentation_id': 186, 'availability_zone_hints': [], 'availability_zones': [], 'ipv4_address_scope': None, 'ipv6_address_scope': None, 'description': '', 'tags': [], 'created_at': '2025-12-15T16:09:04Z', 'updated_at': '2025-12-15T16:09:04Z', 'revision_number': 1} available for tenant
2025-12-15 16:09:09.508 65529 INFO tempest.lib.common.rest_client [req-e0654bb6-63b7-4c50-80a7-2ff3a918a6d8 req-e0654bb6-63b7-4c50-80a7-2ff3a918a6d8 ] Request (ServersV294TestFqdnHostnames:setUpClass): 200 PUT http://10.180.1.21/networking/v2.0/routers/8cda5f7c-a72b-4976-98c8-18aa344ede24/add_router_interface 1.411s
