2025-12-15 16:11:49.207 65535 INFO tempest.lib.common.rest_client [req-f5cea4ec-c6ac-43ce-9344-ba55bc23f97a req-f5cea4ec-c6ac-43ce-9344-ba55bc23f97a ] Request (ImagesOneServerNegativeTestJSON:_run_cleanups): 200 GET http://10.180.1.21/compute/v2.1/servers/d2140db3-a265-4c51-b2b8-79f375f4e33b 2.385s
2025-12-15 16:11:49.254 65551 INFO tempest.lib.common.rest_client [req-267f3610-9ece-460f-bc23-2af34e3f1a87 req-267f3610-9ece-460f-bc23-2af34e3f1a87 ] Request (ServerShowV247Test:setUpClass): 201 POST http://10.180.1.21/identity/v3/users 0.091s
2025-12-15 16:11:49.285 65551 INFO tempest.lib.common.rest_client [req-48eca982-2ff6-40a0-84bf-1eb2175359ab req-48eca982-2ff6-40a0-84bf-1eb2175359ab ] Request (ServerShowV247Test:setUpClass): 200 GET http://10.180.1.21/identity/v3/roles 0.030s
2025-12-15 16:11:49.299 65543 INFO tempest.lib.common.rest_client [req-3b7ea736-9e53-43ee-979a-cf924c626ed8 req-3b7ea736-9e53-43ee-979a-cf924c626ed8 ] Request (ValidationResourcesFixture:setUp): 201 POST http://10.180.1.21/networking/v2.0/security-group-rules 0.197s
2025-12-15 16:11:49.330 65551 INFO tempest.lib.common.rest_client [req-61a38363-7da6-4107-b874-f40be4022de9 req-61a38363-7da6-4107-b874-f40be4022de9 ] Request (ServerShowV247Test:setUpClass): 204 PUT http://10.180.1.21/identity/v3/projects/bb527ad9dc244dd6af3d8caa83429ef1/users/ef1abdc0c7994d8aadf3c5230892664e/roles/380eb3ad072b411da444d993225343b8 0.045s
2025-12-15 16:11:49.330 65551 INFO tempest.lib.common.dynamic_creds [-] Dynamic test user ef1abdc0c7994d8aadf3c5230892664e is created with scope project and roles: ['member']
2025-12-15 16:11:49.330 65551 INFO tempest.lib.common.dynamic_creds [-] Acquired dynamic creds: credentials: Credentials: {'domain_id': 'default', 'domain_name': 'Default', 'username': 'tempest-ServerShowV247Test-859122207-project-member', 'project_domain_id': 'default', 'project_domain_name': 'Default', 'project_id': 'bb527ad9dc244dd6af3d8caa83429ef1', 'project_name': 'tempest-ServerShowV247Test-859122207', 'tenant_id': 'bb527ad9dc244dd6af3d8caa83429ef1', 'tenant_name': 'tempest-ServerShowV247Test-859122207', 'user_domain_id': 'default', 'user_domain_name': 'Default', 'user_id': 'ef1abdc0c7994d8aadf3c5230892664e', 'system': None}, Network: None, Subnet: None, Router: None
2025-12-15 16:11:49.331 65551 INFO tempest.lib.common.dynamic_creds [-] Created isolated network resources for: credentials: Credentials: {'domain_id': 'default', 'domain_name': 'Default', 'username': 'tempest-ServerShowV247Test-859122207-project-member', 'project_domain_id': 'default', 'project_domain_name': 'Default', 'project_id': 'bb527ad9dc244dd6af3d8caa83429ef1', 'project_name': 'tempest-ServerShowV247Test-859122207', 'tenant_id': 'bb527ad9dc244dd6af3d8caa83429ef1', 'tenant_name': 'tempest-ServerShowV247Test-859122207', 'user_domain_id': 'default', 'user_domain_name': 'Default', 'user_id': 'ef1abdc0c7994d8aadf3c5230892664e', 'system': None}, Network: None, Subnet: None, Router: None
2025-12-15 16:11:49.335 65539 INFO tempest.lib.common.rest_client [req-ecf0745c-e235-4bd1-921d-1a11e6138443 req-ecf0745c-e235-4bd1-921d-1a11e6138443 ] Request (ListServerFiltersTestJSON:setUpClass): 200 GET http://10.180.1.21/compute/v2.1/servers/c6b84d16-b8bd-4cb7-904c-b7cecb75adff 2.755s
2025-12-15 16:11:49.345 65521 INFO tempest.lib.common.rest_client [req-af10847b-1e37-460b-a802-8e4878cbf281 req-af10847b-1e37-460b-a802-8e4878cbf281 ] Request (ListServersNegativeTestJSON:test_list_servers_by_limits_pass_string): 400 GET http://10.180.1.21/compute/v2.1/servers?limit=testing 2.452s
2025-12-15 16:11:49.352 65539 INFO tempest.common.waiters [-] State transition "BUILD/spawning" ==> "ACTIVE/None" after 37 second wait
2025-12-15 16:11:49.367 65531 INFO tempest.lib.common.rest_client [req-0692be28-dc28-470b-a013-4fe10195987e req-0692be28-dc28-470b-a013-4fe10195987e ] Request (DeleteServersTestJSON:test_delete_server_while_in_shelved_state): 200 GET http://10.180.1.21/compute/v2.1/servers/1ba96b0e-6f25-4656-b17f-cc447a74a56f 2.482s
2025-12-15 16:11:49.429 65509 INFO tempest.lib.common.rest_client [req-f4e471bf-16f1-4ebb-b0f2-3710b7fa3422 req-f4e471bf-16f1-4ebb-b0f2-3710b7fa3422 ] Request (ServersNegativeTestJSON:test_create_server_from_non_bootable_volume): 400 POST http://10.180.1.21/compute/v2.1/servers 2.327s
2025-12-15 16:11:49.436 65551 INFO tempest.lib.common.rest_client [req-8afbcc0e-eacd-4c51-b178-d77c18868561 req-8afbcc0e-eacd-4c51-b178-d77c18868561 ] Request (ServerShowV247Test:setUpClass): 201 POST http://10.180.1.21/identity/v3/auth/tokens 0.099s
2025-12-15 16:11:49.453 65543 INFO tempest.lib.common.rest_client [req-e5e62f8b-2c6f-42c5-9fbd-f6445bef4c20 req-e5e62f8b-2c6f-42c5-9fbd-f6445bef4c20 ] Request (ValidationResourcesFixture:setUp): 201 POST http://10.180.1.21/networking/v2.0/security-group-rules 0.153s
2025-12-15 16:11:49.489 65551 INFO tempest.lib.common.rest_client [req-d9b2c131-41cb-42cd-93bc-610a30f8bb77 req-d9b2c131-41cb-42cd-93bc-610a30f8bb77 ] Request (ServerShowV247Test:setUpClass): 200 GET http://10.180.1.21/identity/v3/projects/bb527ad9dc244dd6af3d8caa83429ef1 0.053s
2025-12-15 16:11:49.490 65551 INFO tempest.lib.common.dynamic_creds [-] Using the existing project bb527ad9dc244dd6af3d8caa83429ef1 for scope project and roles: ['reader']
2025-12-15 16:11:49.519 65527 INFO tempest.lib.common.rest_client [req-093821f5-3557-434e-ab74-74279140180b req-093821f5-3557-434e-ab74-74279140180b ] Request (ServersAdminTestJSON:test_rebuild_server_in_error_state): 202 POST http://10.180.1.21/compute/v2.1/servers/0e3580fa-6d81-471b-974d-5d25714d40cb/action 2.448s
2025-12-15 16:11:49.522 65551 INFO tempest.lib.common.rest_client [req-e41ada65-70c9-421b-8596-789c2d60efcc req-e41ada65-70c9-421b-8596-789c2d60efcc ] Request (ServerShowV247Test:setUpClass): 201 POST http://10.180.1.21/identity/v3/users 0.032s
2025-12-15 16:11:49.544 65551 INFO tempest.lib.common.rest_client [req-0e629b6b-dce1-4f7c-ab04-66b4aa11fb43 req-0e629b6b-dce1-4f7c-ab04-66b4aa11fb43 ] Request (ServerShowV247Test:setUpClass): 200 GET http://10.180.1.21/identity/v3/roles 0.021s
2025-12-15 16:11:49.557 65511 INFO tempest.lib.common.rest_client [req-af99b0d6-a8b2-4efc-a5fd-b60ae93dfd97 req-af99b0d6-a8b2-4efc-a5fd-b60ae93dfd97 ] Request (SecurityGroupsTestJSON:test_list_security_groups_by_server): 200 POST http://10.180.1.21/compute/v2.1/os-security-groups 2.236s
2025-12-15 16:11:49.579 65551 INFO tempest.lib.common.rest_client [req-a892274c-4109-4e6e-a564-c52faffad984 req-a892274c-4109-4e6e-a564-c52faffad984 ] Request (ServerShowV247Test:setUpClass): 204 PUT http://10.180.1.21/identity/v3/projects/bb527ad9dc244dd6af3d8caa83429ef1/users/76c040f04f2a46b49653a1d3bbd778cf/roles/8ee740b452c14369a743bf6836293fde 0.035s
2025-12-15 16:11:49.580 65551 INFO tempest.lib.common.dynamic_creds [-] Dynamic test user 76c040f04f2a46b49653a1d3bbd778cf is created with scope project and roles: ['reader']
2025-12-15 16:11:49.580 65551 INFO tempest.lib.common.dynamic_creds [-] Acquired dynamic creds: credentials: Credentials: {'domain_id': 'default', 'domain_name': 'Default', 'username': 'tempest-ServerShowV247Test-859122207-project-reader', 'project_domain_id': 'default', 'project_domain_name': 'Default', 'project_id': 'bb527ad9dc244dd6af3d8caa83429ef1', 'project_name': 'tempest-ServerShowV247Test-859122207', 'tenant_id': 'bb527ad9dc244dd6af3d8caa83429ef1', 'tenant_name': 'tempest-ServerShowV247Test-859122207', 'user_domain_id': 'default', 'user_domain_name': 'Default', 'user_id': '76c040f04f2a46b49653a1d3bbd778cf', 'system': None}, Network: None, Subnet: None, Router: None
2025-12-15 16:11:49.580 65551 INFO tempest.lib.common.dynamic_creds [-] Network resources are not created for requested scope: project and credentials: Credentials: {'domain_id': 'default', 'domain_name': 'Default', 'username': 'tempest-ServerShowV247Test-859122207-project-reader', 'project_domain_id': 'default', 'project_domain_name': 'Default', 'project_id': 'bb527ad9dc244dd6af3d8caa83429ef1', 'project_name': 'tempest-ServerShowV247Test-859122207', 'tenant_id': 'bb527ad9dc244dd6af3d8caa83429ef1', 'tenant_name': 'tempest-ServerShowV247Test-859122207', 'user_domain_id': 'default', 'user_domain_name': 'Default', 'user_id': '76c040f04f2a46b49653a1d3bbd778cf', 'system': None}, Network: None, Subnet: None, Router: None
2025-12-15 16:11:49.621 65537 INFO tempest.lib.common.rest_client [req-f19f62f7-4562-4f13-b36e-bf7ac96a8de4 req-f19f62f7-4562-4f13-b36e-bf7ac96a8de4 ] Request (ServerDiskConfigTestJSON:test_rebuild_server_with_manual_disk_config): 200 PUT http://10.180.1.21/compute/v2.1/servers/ae8be100-3869-4dd5-a0fe-568cf781f772 1.923s
2025-12-15 16:11:49.630 65511 INFO tempest.lib.common.rest_client [req-1808874f-0175-40d7-82e9-a11922e28b36 req-1808874f-0175-40d7-82e9-a11922e28b36 ] Request (SecurityGroupsTestJSON:test_list_security_groups_by_server): 201 POST http://10.180.1.21/identity/v3/auth/tokens 0.067s
2025-12-15 16:11:49.630 65511 INFO tempest.lib.common.fixed_network [-] (SecurityGroupsTestJSON:test_list_security_groups_by_server) Found network {'id': '7b27579e-92d3-456c-b0d6-bde85f34e7e2', 'name': 'tempest-SecurityGroupsTestJSON-627840099-network', 'tenant_id': 'c62676b462d843d1ba2c9b95c4acb578', 'project_id': 'c62676b462d843d1ba2c9b95c4acb578', 'admin_state_up': True, 'mtu': 8950, 'status': 'ACTIVE', 'subnets': [], 'shared': False, 'port_security_enabled': True, 'router:external': False, 'provider:network_type': 'vlan', 'provider:physical_network': 'default', 'provider:segmentation_id': 289, 'availability_zone_hints': [], 'availability_zones': [], 'ipv4_address_scope': None, 'ipv6_address_scope': None, 'description': '', 'tags': [], 'created_at': '2025-12-15T16:11:42Z', 'updated_at': '2025-12-15T16:11:42Z', 'revision_number': 1} available for tenant
2025-12-15 16:11:49.632 65499 INFO tempest.lib.common.rest_client [req-8f494b39-072b-44b1-bb2b-5510b823257d req-8f494b39-072b-44b1-bb2b-5510b823257d ] Request (FloatingIPsAssociationTestJSON:tearDownClass): 200 GET http://10.180.1.21/compute/v2.1/servers/c9fdfbbc-3e31-4e79-a003-99e75392769c 1.717s
2025-12-15 16:11:49.652 65551 INFO tempest.lib.common.rest_client [req-e3f875dd-140d-42f2-8a6c-6d2144cbe314 req-e3f875dd-140d-42f2-8a6c-6d2144cbe314 ] Request (ServerShowV247Test:setUpClass): 201 POST http://10.180.1.21/identity/v3/auth/tokens 0.069s
2025-12-15 16:11:49.676 65505 INFO tempest.lib.common.rest_client [req-e64d036c-4554-4136-be05-11ff93cec85a req-e64d036c-4554-4136-be05-11ff93cec85a ] Request (ServerRescueTestJSONUnderV235:setUpClass): 200 GET http://10.180.1.21/compute/v2.1/servers/359f95c8-9afd-49ae-bbd5-88cf4fe8d0ee 1.460s
2025-12-15 16:11:49.694 65549 INFO tempest.lib.common.rest_client [req-a3035b1b-10db-4249-8d48-2a3c786710f6 req-a3035b1b-10db-4249-8d48-2a3c786710f6 ] Request (ServersTestJSON:test_list_servers): 200 GET http://10.180.1.21/compute/v2.1/servers 1.256s
2025-12-15 16:11:49.720 65551 INFO tempest.lib.common.rest_client [req-c8d697d9-a41b-4564-b949-785cf34abaf5 req-c8d697d9-a41b-4564-b949-785cf34abaf5 ] Request (ServerShowV247Test:test_show_server): 201 POST http://10.180.1.21/identity/v3/auth/tokens 0.065s
2025-12-15 16:11:49.721 65551 INFO tempest.lib.common.fixed_network [-] (ServerShowV247Test:test_show_server) Found network None available for tenant
2025-12-15 16:11:49.789 65501 INFO tempest.lib.common.rest_client [req-8cf6e8ab-0d08-409b-bfb9-e417693dbd57 req-8cf6e8ab-0d08-409b-bfb9-e417693dbd57 ] Request (ServersTestMultiNic:_run_cleanups): 200 GET http://10.180.1.21/compute/v2.1/servers/ad432994-1f96-4227-99a8-fd3ed2e5f014 0.676s
2025-12-15 16:11:49.822 65523 INFO tempest.lib.common.rest_client [req-4ef8ae67-fa82-45c6-9b44-092fa4ab1b80 req-4ef8ae67-fa82-45c6-9b44-092fa4ab1b80 ] Request (TenantUsagesTestJSON:setUpClass): 200 GET http://10.180.1.21/compute/v2.1/servers/327e8e52-6c00-4ec4-8d5e-9d378f600d28 1.006s
2025-12-15 16:11:49.858 65521 INFO tempest.lib.common.rest_client [req-388359b3-8451-4828-a508-79b12fc2880a req-388359b3-8451-4828-a508-79b12fc2880a ] Request (ListServersNegativeTestJSON:test_list_servers_by_non_existing_flavor): 200 GET http://10.180.1.21/compute/v2.1/servers?flavor=non_existing_flavor 0.512s
2025-12-15 16:11:49.910 65541 INFO tempest.lib.common.rest_client [req-221d5e6a-ab1b-4251-8f21-fd9fd350ce7e req-221d5e6a-ab1b-4251-8f21-fd9fd350ce7e ] Request (MigrationsAdminTest:test_resize_server_revert_deleted_flavor): 200 GET http://10.180.1.21/compute/v2.1/servers/9701c843-b47f-47fc-912d-00804e71040d 0.759s
2025-12-15 16:11:49.921 65543 INFO tempest.lib.common.rest_client [req-2166bb1f-3b77-4baa-be04-6f93ffbeb703 req-2166bb1f-3b77-4baa-be04-6f93ffbeb703 ] Request (ValidationResourcesFixture:setUp): 201 POST http://10.180.1.21/networking/v2.0/floatingips 0.468s
2025-12-15 16:11:49.972 65539 INFO tempest.lib.common.rest_client [req-282c1737-b9b7-49d0-904d-95e6197a34b2 req-282c1737-b9b7-49d0-904d-95e6197a34b2 ] Request (ListServerFiltersTestJSON:setUpClass): 200 GET http://10.180.1.21/compute/v2.1/servers/31fe353e-946e-450d-88e4-dd0cbbe0bbe5 0.619s
2025-12-15 16:11:49.991 65543 INFO tempest.lib.common.rest_client [req-a09ff2b0-c3ef-4f40-933b-12336a2045a1 req-a09ff2b0-c3ef-4f40-933b-12336a2045a1 ] Request (AttachInterfacesTestJSON:test_create_list_show_delete_interfaces_by_network_port): 201 POST http://10.180.1.21/identity/v3/auth/tokens 0.067s
2025-12-15 16:11:49.992 65543 INFO tempest.lib.common.fixed_network [-] (AttachInterfacesTestJSON:test_create_list_show_delete_interfaces_by_network_port) Found network {'id': 'fb085ea7-b0c2-4b42-a413-e5db88aff5f8', 'name': 'tempest-AttachInterfacesTestJSON-597007333-network', 'tenant_id': 'd55a0fe6fc6341d8abd885cc749d1bda', 'project_id': 'd55a0fe6fc6341d8abd885cc749d1bda', 'admin_state_up': True, 'mtu': 8950, 'status': 'ACTIVE', 'subnets': [], 'shared': False, 'port_security_enabled': True, 'router:external': False, 'provider:network_type': 'vlan', 'provider:physical_network': 'default', 'provider:segmentation_id': 998, 'availability_zone_hints': [], 'availability_zones': [], 'ipv4_address_scope': None, 'ipv6_address_scope': None, 'description': '', 'tags': [], 'created_at': '2025-12-15T16:08:24Z', 'updated_at': '2025-12-15T16:08:24Z', 'revision_number': 1} available for tenant
2025-12-15 16:11:50.028 65509 INFO tempest.lib.common.rest_client [req-0f139a1a-485f-49a6-9ad4-5fd8a9e9cf6c req-0f139a1a-485f-49a6-9ad4-5fd8a9e9cf6c ] Request (ServersNegativeTestJSON:tearDown): 200 GET http://10.180.1.21/compute/v2.1/servers/72743768-c12c-469f-8636-a23e5ff92b9c 0.598s
2025-12-15 16:11:50.035 65515 INFO tempest.lib.common.rest_client [req-77fbba57-89ba-4499-8530-44145da70ede req-77fbba57-89ba-4499-8530-44145da70ede ] Request (InstanceActionsTestJSON:setUpClass): 200 GET http://10.180.1.21/compute/v2.1/servers/7edc35fa-d8f9-4ec0-ab96-c04ac7e05816 0.599s
2025-12-15 16:11:50.094 65513 INFO tempest.lib.common.rest_client [req-6f2db0a5-7c13-4d9e-809a-ac292f3681a7 req-6f2db0a5-7c13-4d9e-809a-ac292f3681a7 ] Request (ImagesNegativeTestJSON:test_create_image_from_deleted_server): 200 GET http://10.180.1.21/compute/v2.1/servers/85dec20f-5a55-4a70-928d-411ea5ccbdbb 0.648s
2025-12-15 16:11:50.189 65527 INFO tempest.lib.common.rest_client [req-aa5dd78f-caa9-4a29-bd38-b175996c5747 req-aa5dd78f-caa9-4a29-bd38-b175996c5747 ] Request (ServersAdminTestJSON:test_rebuild_server_in_error_state): 200 GET http://10.180.1.21/compute/v2.1/servers/0e3580fa-6d81-471b-974d-5d25714d40cb 0.662s
2025-12-15 16:11:50.251 65537 INFO tempest.lib.common.rest_client [req-fdff7192-453f-4471-91bf-461429760824 req-fdff7192-453f-4471-91bf-461429760824 ] Request (ServerDiskConfigTestJSON:test_rebuild_server_with_manual_disk_config): 200 GET http://10.180.1.21/compute/v2.1/servers/ae8be100-3869-4dd5-a0fe-568cf781f772 0.624s
2025-12-15 16:11:50.487 65549 INFO tempest.lib.common.rest_client [req-83427497-692f-4ae3-a4ac-4b6e09ddb354 req-83427497-692f-4ae3-a4ac-4b6e09ddb354 ] Request (ServersTestJSON:test_list_servers_with_detail): 200 GET http://10.180.1.21/compute/v2.1/servers/detail 0.787s
2025-12-15 16:11:50.573 65511 INFO tempest.lib.common.rest_client [req-90ccd9af-6d01-40cf-8573-7f1cd5fa7598 req-90ccd9af-6d01-40cf-8573-7f1cd5fa7598 ] Request (SecurityGroupsTestJSON:test_list_security_groups_by_server): 202 POST http://10.180.1.21/compute/v2.1/servers 0.942s
2025-12-15 16:11:50.640 65519 INFO tempest.lib.common.rest_client [req-c4fea5d4-b26a-4440-99e1-3fa17068a02e req-c4fea5d4-b26a-4440-99e1-3fa17068a02e ] Request (ServerRescueTestJSON:test_rescue_unrescue_instance): 200 GET http://10.180.1.21/compute/v2.1/servers/4ae97348-d194-4710-a4e1-b3e4f7a4e0e3 0.925s
2025-12-15 16:11:50.762 65525 INFO tempest.lib.common.rest_client [req-d318a15b-5ce4-4928-836d-b90af86bbaca req-d318a15b-5ce4-4928-836d-b90af86bbaca ] Request (ServersWithSpecificFlavorTestJSON:test_verify_created_server_ephemeral_disk): 200 GET http://10.180.1.21/compute/v2.1/servers/a9a2a925-6a54-4c4c-b997-b438fbad207f 1.012s
2025-12-15 16:11:50.771 65525 INFO tempest.common.waiters [-] State transition "BUILD/block_device_mapping" ==> "BUILD/spawning" after 23 second wait
2025-12-15 16:11:50.809 65551 INFO tempest.lib.common.rest_client [req-a7538be6-d48e-4491-87d9-320ab455876a req-a7538be6-d48e-4491-87d9-320ab455876a ] Request (ServerShowV247Test:test_show_server): 202 POST http://10.180.1.21/compute/v2.1/servers 1.087s
2025-12-15 16:11:50.820 65521 INFO tempest.lib.common.rest_client [req-ea8f195f-4419-4215-a803-a986189ad22d req-ea8f195f-4419-4215-a803-a986189ad22d ] Request (ListServersNegativeTestJSON:test_list_servers_by_non_existing_image): 200 GET http://10.180.1.21/compute/v2.1/servers?image=non_existing_image 0.958s
2025-12-15 16:11:50.878 65497 INFO tempest.lib.common.rest_client [req-21f29416-ca1c-4433-8fdd-11a5ceba4b97 req-21f29416-ca1c-4433-8fdd-11a5ceba4b97 ] Request (MultipleCreateTestJSON:_run_cleanups): 200 GET http://10.180.1.21/compute/v2.1/servers/f384f352-4972-4af0-b9a4-7cc7cd1ba37f 0.979s
2025-12-15 16:11:50.886 65507 INFO tempest.lib.common.rest_client [req-c268a18c-5b41-4e49-97a4-f1d884f70e0e req-c268a18c-5b41-4e49-97a4-f1d884f70e0e ] Request (FloatingIPsAssociationNegativeTestJSON:tearDownClass): 200 GET http://10.180.1.21/compute/v2.1/servers/cb83d0db-46de-423b-ac00-a1a443c39210 0.999s
2025-12-15 16:11:50.928 65493 INFO tempest.lib.common.rest_client [req-6029a0e5-4de9-45d9-9229-32bd9021ec0c req-6029a0e5-4de9-45d9-9229-32bd9021ec0c ] Request (ImagesTestJSON:test_create_image_from_suspended_server): 200 GET http://10.180.1.21/compute/v2.1/servers/a59c8bf1-e944-437d-9aa2-8855aaa9e74c 0.981s
2025-12-15 16:11:50.952 65495 INFO tempest.lib.common.rest_client [req-c358d6a8-8f31-4010-8757-e05aedacee94 req-c358d6a8-8f31-4010-8757-e05aedacee94 ] Request (ServersNegativeTestMultiTenantJSON:tearDownClass): 200 GET http://10.180.1.21/compute/v2.1/servers/6282b7ae-aea6-4776-bd87-cc21a9e7a5f5 0.989s
2025-12-15 16:11:51.040 65539 INFO tempest.lib.common.rest_client [req-e0755f84-caff-4366-abc7-0d6e39c600a6 req-e0755f84-caff-4366-abc7-0d6e39c600a6 ] Request (ListServerFiltersTestJSON:setUpClass): 200 GET http://10.180.1.21/compute/v2.1/servers/bbaf29e4-e252-41e4-9f47-8e5b099db05a 1.058s
2025-12-15 16:11:51.197 65509 INFO tempest.lib.common.rest_client [req-e21ce61c-2b32-4ef8-93bf-dc1d18d67f67 req-e21ce61c-2b32-4ef8-93bf-dc1d18d67f67 ] Request (ServersNegativeTestJSON:setUp): 200 GET http://10.180.1.21/compute/v2.1/servers/72743768-c12c-469f-8636-a23e5ff92b9c 1.161s
2025-12-15 16:11:51.259 65535 INFO tempest.lib.common.rest_client [req-82025f7c-5e82-4f81-b3fe-909716bc02f5 req-82025f7c-5e82-4f81-b3fe-909716bc02f5 ] Request (ImagesOneServerNegativeTestJSON:_run_cleanups): 200 GET http://10.180.1.21/compute/v2.1/servers/d2140db3-a265-4c51-b2b8-79f375f4e33b 1.042s
2025-12-15 16:11:51.350 65543 INFO tempest.lib.common.rest_client [req-4635a45d-4261-4123-b04e-8cbda20c1e1b req-4635a45d-4261-4123-b04e-8cbda20c1e1b ] Request (AttachInterfacesTestJSON:test_create_list_show_delete_interfaces_by_network_port): 202 POST http://10.180.1.21/compute/v2.1/servers 1.357s
2025-12-15 16:11:51.383 65537 INFO tempest.lib.common.rest_client [req-4943e033-94d2-4cd8-8fdb-89b6c9ab7412 req-4943e033-94d2-4cd8-8fdb-89b6c9ab7412 ] Request (ServerDiskConfigTestJSON:test_rebuild_server_with_manual_disk_config): 200 GET http://10.180.1.21/compute/v2.1/servers/ae8be100-3869-4dd5-a0fe-568cf781f772 1.125s
2025-12-15 16:11:51.399 65509 INFO tempest.lib.common.rest_client [req-06ec3119-280c-4da4-94bf-db7f09648580 req-06ec3119-280c-4da4-94bf-db7f09648580 ] Request (ServersNegativeTestJSON:test_create_server_invalid_bdm_in_2nd_dict): 202 POST http://10.180.1.21/volume/v3/volumes 0.194s
2025-12-15 16:11:51.403 65549 INFO tempest.lib.common.rest_client [req-eb5bf4bd-a041-43ae-9fe9-a2db96f92e9b req-eb5bf4bd-a041-43ae-9fe9-a2db96f92e9b ] Request (ServersTestJSON:test_verify_created_server_vcpus): 200 GET http://10.180.1.21/compute/v2.1/flavors/42 0.903s
2025-12-15 16:11:51.407 65549 INFO tempest.lib.common.ssh [-] Creating ssh connection to '10.180.180.203:22' as 'cirros' with public key authentication
2025-12-15 16:11:51.425 65549 INFO paramiko.transport [-] Connected (version 2.0, client dropbear_2020.81)
2025-12-15 16:11:51.435 65531 INFO tempest.lib.common.rest_client [req-8fe5d59f-7565-43af-ad64-81616f595ee2 req-8fe5d59f-7565-43af-ad64-81616f595ee2 ] Request (DeleteServersTestJSON:test_delete_server_while_in_shelved_state): 200 GET http://10.180.1.21/compute/v2.1/servers/1ba96b0e-6f25-4656-b17f-cc447a74a56f 1.056s
2025-12-15 16:11:51.443 65509 INFO tempest.lib.common.rest_client [req-e7048980-140c-4a83-bcd0-c19b430db10a req-e7048980-140c-4a83-bcd0-c19b430db10a ] Request (ServersNegativeTestJSON:test_create_server_invalid_bdm_in_2nd_dict): 200 GET http://10.180.1.21/volume/v3/volumes/13dab9fa-8ed8-4a33-871f-c39ca86b53dd 0.037s
2025-12-15 16:11:51.477 65511 INFO tempest.lib.common.rest_client [req-45c2f869-2c5b-4bed-a3b7-6ce93fcf5f36 req-45c2f869-2c5b-4bed-a3b7-6ce93fcf5f36 ] Request (SecurityGroupsTestJSON:test_list_security_groups_by_server): 200 GET http://10.180.1.21/compute/v2.1/servers/49e702c7-2753-45b9-ad9d-d34665772caf 0.902s
2025-12-15 16:11:51.526 65499 INFO tempest.lib.common.rest_client [req-ccc407f0-0bf8-4e33-ad3c-6ce1a785245d req-ccc407f0-0bf8-4e33-ad3c-6ce1a785245d ] Request (FloatingIPsAssociationTestJSON:tearDownClass): 200 GET http://10.180.1.21/compute/v2.1/servers/c9fdfbbc-3e31-4e79-a003-99e75392769c 0.887s
2025-12-15 16:11:51.531 65549 INFO paramiko.transport [-] Authentication (publickey) successful!
2025-12-15 16:11:51.531 65549 INFO tempest.lib.common.ssh [-] ssh connection to cirros@10.180.180.203 successfully created
2025-12-15 16:11:51.551 65505 INFO tempest.lib.common.rest_client [req-05c41ca9-9c87-4ace-bb90-3a6a78731a18 req-05c41ca9-9c87-4ace-bb90-3a6a78731a18 ] Request (ServerRescueTestJSONUnderV235:setUpClass): 200 GET http://10.180.1.21/compute/v2.1/servers/359f95c8-9afd-49ae-bbd5-88cf4fe8d0ee 0.866s
2025-12-15 16:11:51.598 65501 INFO tempest.lib.common.rest_client [req-57ebcb9d-cf5a-4440-b983-3f345d27b025 req-57ebcb9d-cf5a-4440-b983-3f345d27b025 ] Request (ServersTestMultiNic:_run_cleanups): 200 GET http://10.180.1.21/compute/v2.1/servers/ad432994-1f96-4227-99a8-fd3ed2e5f014 0.799s
2025-12-15 16:11:51.648 65551 INFO tempest.lib.common.rest_client [req-974520bc-9d6c-43b0-9a7b-a25848eed1e3 req-974520bc-9d6c-43b0-9a7b-a25848eed1e3 ] Request (ServerShowV247Test:test_show_server): 200 GET http://10.180.1.21/compute/v2.1/servers/fbafd7c5-535e-4108-a466-6179637573a6 0.837s
2025-12-15 16:11:51.653 65521 INFO tempest.lib.common.rest_client [req-80a879f8-4c9b-4f93-ae32-01036db8c675 req-80a879f8-4c9b-4f93-ae32-01036db8c675 ] Request (ListServersNegativeTestJSON:test_list_servers_by_non_existing_server_name): 200 GET http://10.180.1.21/compute/v2.1/servers?name=non_existing_server_name 0.830s
2025-12-15 16:11:51.719 65551 INFO tempest.lib.common.rest_client [req-c76252dd-8f47-4b4b-a360-1810495ff3cc req-c76252dd-8f47-4b4b-a360-1810495ff3cc ] Request (ServerShowV247Test:test_update_rebuild_list_server): 201 POST http://10.180.1.21/identity/v3/auth/tokens 0.054s
2025-12-15 16:11:51.719 65551 INFO tempest.lib.common.fixed_network [-] (ServerShowV247Test:test_update_rebuild_list_server) Found network None available for tenant
2025-12-15 16:11:51.794 65523 INFO tempest.lib.common.rest_client [req-e97fb4b2-fe78-4949-ad50-0b6b1f03bd73 req-e97fb4b2-fe78-4949-ad50-0b6b1f03bd73 ] Request (TenantUsagesTestJSON:setUpClass): 200 GET http://10.180.1.21/compute/v2.1/servers/327e8e52-6c00-4ec4-8d5e-9d378f600d28 0.960s
2025-12-15 16:11:51.798 65541 INFO tempest.lib.common.rest_client [req-f4cf7f01-f1bc-4a66-a186-f8295f24c608 req-f4cf7f01-f1bc-4a66-a186-f8295f24c608 ] Request (MigrationsAdminTest:test_resize_server_revert_deleted_flavor): 200 GET http://10.180.1.21/compute/v2.1/servers/9701c843-b47f-47fc-912d-00804e71040d 0.880s
2025-12-15 16:11:51.863 65515 INFO tempest.lib.common.rest_client [req-d0a525ce-c1a7-43e6-89bd-b4eed447d68a req-d0a525ce-c1a7-43e6-89bd-b4eed447d68a ] Request (InstanceActionsTestJSON:setUpClass): 200 GET http://10.180.1.21/compute/v2.1/servers/7edc35fa-d8f9-4ec0-ab96-c04ac7e05816 0.816s
2025-12-15 16:11:51.932 65513 INFO tempest.lib.common.rest_client [req-1e0f1b67-ed2f-40fa-a690-fc178346670c req-1e0f1b67-ed2f-40fa-a690-fc178346670c ] Request (ImagesNegativeTestJSON:test_create_image_from_deleted_server): 200 GET http://10.180.1.21/compute/v2.1/servers/85dec20f-5a55-4a70-928d-411ea5ccbdbb 0.829s
2025-12-15 16:11:52.102 65539 INFO tempest.lib.common.rest_client [req-91b0e8ff-6ac7-4762-959d-be1ac7f96ff0 req-91b0e8ff-6ac7-4762-959d-be1ac7f96ff0 ] Request (ListServerFiltersTestJSON:test_list_servers_detailed_filter_by_flavor): 200 GET http://10.180.1.21/compute/v2.1/servers/detail?flavor=84 1.054s
2025-12-15 16:11:52.109 65527 INFO tempest.lib.common.rest_client [req-f41e0772-92af-471f-aaa5-6c09926fa15e req-f41e0772-92af-471f-aaa5-6c09926fa15e ] Request (ServersAdminTestJSON:test_rebuild_server_in_error_state): 200 GET http://10.180.1.21/compute/v2.1/servers/0e3580fa-6d81-471b-974d-5d25714d40cb 0.912s
2025-12-15 16:11:52.165 65543 INFO tempest.lib.common.rest_client [req-16791902-e1b4-4f14-9a64-ee825d32cbeb req-16791902-e1b4-4f14-9a64-ee825d32cbeb ] Request (AttachInterfacesTestJSON:test_create_list_show_delete_interfaces_by_network_port): 200 GET http://10.180.1.21/compute/v2.1/servers/bcbcb98e-7ca4-4a23-865c-dc3db0be1cbc 0.813s
2025-12-15 16:11:52.248 65549 INFO tempest.lib.common.rest_client [req-2fbdd098-21eb-4dc1-9a31-75c47314c502 req-2fbdd098-21eb-4dc1-9a31-75c47314c502 ] Request (ServersTestJSON:tearDownClass): 204 DELETE http://10.180.1.21/compute/v2.1/servers/00216a2b-db21-4b3d-8a6d-9996b9cf992b 0.702s
2025-12-15 16:11:52.266 65537 INFO tempest.lib.common.rest_client [req-a5d031c2-2935-4b77-95e9-31a02a47f9ed req-a5d031c2-2935-4b77-95e9-31a02a47f9ed ] Request (ServerDiskConfigTestJSON:test_rebuild_server_with_manual_disk_config): 202 POST http://10.180.1.21/compute/v2.1/servers/ae8be100-3869-4dd5-a0fe-568cf781f772/action 0.873s
2025-12-15 16:11:52.362 65519 INFO tempest.lib.common.rest_client [req-9cd0c692-1ef1-42a0-9293-05b477da33f0 req-9cd0c692-1ef1-42a0-9293-05b477da33f0 ] Request (ServerRescueTestJSON:test_rescue_unrescue_instance): 200 GET http://10.180.1.21/compute/v2.1/servers/4ae97348-d194-4710-a4e1-b3e4f7a4e0e3 0.710s
2025-12-15 16:11:52.443 65521 INFO tempest.lib.common.rest_client [req-84e3bc16-0374-49dd-8117-bc1befa4e2b7 req-84e3bc16-0374-49dd-8117-bc1befa4e2b7 ] Request (ListServersNegativeTestJSON:test_list_servers_detail_server_is_deleted): 200 GET http://10.180.1.21/compute/v2.1/servers/detail 0.786s
2025-12-15 16:11:52.481 65551 INFO tempest.lib.common.rest_client [req-d6fc1712-f470-4de4-b953-5dc291a527a6 req-d6fc1712-f470-4de4-b953-5dc291a527a6 ] Request (ServerShowV247Test:test_update_rebuild_list_server): 202 POST http://10.180.1.21/compute/v2.1/servers 0.760s
2025-12-15 16:11:52.482 65509 INFO tempest.lib.common.rest_client [req-0188ae43-8082-4bc8-b7a1-7c29ed276416 req-0188ae43-8082-4bc8-b7a1-7c29ed276416 ] Request (ServersNegativeTestJSON:test_create_server_invalid_bdm_in_2nd_dict): 200 GET http://10.180.1.21/volume/v3/volumes/13dab9fa-8ed8-4a33-871f-c39ca86b53dd 0.030s
2025-12-15 16:11:52.489 65509 INFO tempest.common.waiters [-] volume 13dab9fa-8ed8-4a33-871f-c39ca86b53dd reached available after waiting for 1.489365 seconds
2025-12-15 16:11:52.579 65525 INFO tempest.lib.common.rest_client [req-c9d3dee8-a840-42eb-a88e-20927ff4e37e req-c9d3dee8-a840-42eb-a88e-20927ff4e37e ] Request (ServersWithSpecificFlavorTestJSON:test_verify_created_server_ephemeral_disk): 200 GET http://10.180.1.21/compute/v2.1/servers/a9a2a925-6a54-4c4c-b997-b438fbad207f 0.806s
2025-12-15 16:11:52.585 65509 INFO tempest.lib.common.rest_client [req-93f7e7e7-3991-4fa6-af67-d0ea6f992020 req-93f7e7e7-3991-4fa6-af67-d0ea6f992020 ] Request (ServersNegativeTestJSON:test_create_server_invalid_bdm_in_2nd_dict): 201 POST http://10.180.1.21/identity/v3/auth/tokens 0.092s
2025-12-15 16:11:52.586 65509 INFO tempest.lib.common.fixed_network [-] (ServersNegativeTestJSON:test_create_server_invalid_bdm_in_2nd_dict) Found network {'id': 'd410f478-003f-42bd-92b8-95423e6915fd', 'name': 'tempest-ServersNegativeTestJSON-909390123-network', 'tenant_id': '5237c4d8e47c4a0d974db5bdd13263a7', 'project_id': '5237c4d8e47c4a0d974db5bdd13263a7', 'admin_state_up': True, 'mtu': 8950, 'status': 'ACTIVE', 'subnets': [], 'shared': False, 'port_security_enabled': True, 'router:external': False, 'provider:network_type': 'vlan', 'provider:physical_network': 'default', 'provider:segmentation_id': 84, 'availability_zone_hints': [], 'availability_zones': [], 'ipv4_address_scope': None, 'ipv6_address_scope': None, 'description': '', 'tags': [], 'created_at': '2025-12-15T16:09:49Z', 'updated_at': '2025-12-15T16:09:49Z', 'revision_number': 1} available for tenant
2025-12-15 16:11:52.594 65497 INFO tempest.lib.common.rest_client [req-c276848c-c458-4c70-94f5-f45be9977081 req-c276848c-c458-4c70-94f5-f45be9977081 ] Request (MultipleCreateTestJSON:_run_cleanups): 200 GET http://10.180.1.21/compute/v2.1/servers/f384f352-4972-4af0-b9a4-7cc7cd1ba37f 0.709s
2025-12-15 16:11:52.609 65507 INFO tempest.lib.common.rest_client [req-7afecff4-b454-49c5-9ca2-a278f863025d req-7afecff4-b454-49c5-9ca2-a278f863025d ] Request (FloatingIPsAssociationNegativeTestJSON:tearDownClass): 404 GET http://10.180.1.21/compute/v2.1/servers/cb83d0db-46de-423b-ac00-a1a443c39210 0.716s
2025-12-15 16:11:52.874 65493 INFO tempest.lib.common.rest_client [req-2e153379-79b2-43d0-a1e2-c12664e357af req-2e153379-79b2-43d0-a1e2-c12664e357af ] Request (ImagesTestJSON:test_create_image_from_suspended_server): 200 GET http://10.180.1.21/compute/v2.1/servers/a59c8bf1-e944-437d-9aa2-8855aaa9e74c 0.936s
2025-12-15 16:11:52.885 65495 INFO tempest.lib.common.rest_client [req-33e072a8-4299-4325-be2e-e6d53598a51c req-33e072a8-4299-4325-be2e-e6d53598a51c ] Request (ServersNegativeTestMultiTenantJSON:tearDownClass): 200 GET http://10.180.1.21/compute/v2.1/servers/6282b7ae-aea6-4776-bd87-cc21a9e7a5f5 0.926s
2025-12-15 16:11:53.505 65507 INFO tempest.lib.common.rest_client [req-6c767d74-1a7c-4ac7-8785-7a8b55cdf3c8 req-6c767d74-1a7c-4ac7-8785-7a8b55cdf3c8 ] Request (FloatingIPsAssociationNegativeTestJSON:tearDownClass): 200 PUT http://10.180.1.21/networking/v2.0/routers/9341c04b-0a15-4e52-b74f-ffd43b5ffc62/remove_router_interface 0.894s
2025-12-15 16:11:54.024 65507 INFO tempest.lib.common.rest_client [req-b521ebee-a2df-4e6d-b11d-ea76ccf38af6 req-b521ebee-a2df-4e6d-b11d-ea76ccf38af6 ] Request (FloatingIPsAssociationNegativeTestJSON:tearDownClass): 204 DELETE http://10.180.1.21/networking/v2.0/routers/9341c04b-0a15-4e52-b74f-ffd43b5ffc62 0.519s
2025-12-15 16:11:54.075 65549 INFO tempest.lib.common.rest_client [req-03528fe7-71f0-46da-bd1e-0be816befedd req-03528fe7-71f0-46da-bd1e-0be816befedd ] Request (ServersTestJSON:tearDownClass): 200 GET http://10.180.1.21/compute/v2.1/servers/00216a2b-db21-4b3d-8a6d-9996b9cf992b 1.827s
2025-12-15 16:11:54.096 65539 INFO tempest.lib.common.rest_client [req-a122e285-c362-4915-b347-35ac47f01b1d req-a122e285-c362-4915-b347-35ac47f01b1d ] Request (ListServerFiltersTestJSON:test_list_servers_detailed_filter_by_server_name): 200 GET http://10.180.1.21/compute/v2.1/servers/detail?name=tempest-ListServerFiltersTestJSON-instance-208607051 1.985s
2025-12-15 16:11:54.302 65507 INFO tempest.lib.common.rest_client [req-e1c72b99-59fe-45bd-bbc1-25af6d983bff req-e1c72b99-59fe-45bd-bbc1-25af6d983bff ] Request (FloatingIPsAssociationNegativeTestJSON:tearDownClass): 204 DELETE http://10.180.1.21/networking/v2.0/subnets/c3fef24d-2896-4f73-a06c-1da6d08c0da8 0.277s
2025-12-15 16:11:54.333 65535 INFO tempest.lib.common.rest_client [req-f558fea3-238f-4dd1-86df-3c2b9f5f3a1d req-f558fea3-238f-4dd1-86df-3c2b9f5f3a1d ] Request (ImagesOneServerNegativeTestJSON:_run_cleanups): 200 GET http://10.180.1.21/compute/v2.1/servers/d2140db3-a265-4c51-b2b8-79f375f4e33b 2.067s
2025-12-15 16:11:54.596 65537 INFO tempest.lib.common.rest_client [req-7a90fe00-b025-4d24-90fc-3380b37e6fdd req-7a90fe00-b025-4d24-90fc-3380b37e6fdd ] Request (ServerDiskConfigTestJSON:test_rebuild_server_with_manual_disk_config): 200 GET http://10.180.1.21/compute/v2.1/servers/ae8be100-3869-4dd5-a0fe-568cf781f772 2.325s
2025-12-15 16:11:54.605 65521 INFO tempest.lib.common.rest_client [req-f49e1c07-275d-4186-9f02-593be10a575b req-f49e1c07-275d-4186-9f02-593be10a575b ] Request (ListServersNegativeTestJSON:test_list_servers_status_non_existing): 200 GET http://10.180.1.21/compute/v2.1/servers?status=non_existing_status 2.149s
2025-12-15 16:11:54.613 65531 INFO tempest.lib.common.rest_client [req-84db4222-4e05-4aaa-b3ea-23539bae1e65 req-84db4222-4e05-4aaa-b3ea-23539bae1e65 ] Request (DeleteServersTestJSON:test_delete_server_while_in_shelved_state): 200 GET http://10.180.1.21/compute/v2.1/servers/1ba96b0e-6f25-4656-b17f-cc447a74a56f 2.162s
2025-12-15 16:11:54.639 65507 INFO tempest.lib.common.rest_client [req-6adf77eb-dc64-4002-929f-24a12cb063bb req-6adf77eb-dc64-4002-929f-24a12cb063bb ] Request (FloatingIPsAssociationNegativeTestJSON:tearDownClass): 204 DELETE http://10.180.1.21/networking/v2.0/networks/8715ca94-20a3-43d2-b27b-be971ed71238 0.336s
2025-12-15 16:11:54.675 65551 INFO tempest.lib.common.rest_client [req-150c975f-cdb0-42b6-aed4-af63355cd833 req-150c975f-cdb0-42b6-aed4-af63355cd833 ] Request (ServerShowV247Test:test_update_rebuild_list_server): 200 PUT http://10.180.1.21/compute/v2.1/servers/d9dc8e67-02c9-4f31-a27f-1af796fd4f10 2.193s
2025-12-15 16:11:54.695 65511 INFO tempest.lib.common.rest_client [req-9589c417-95cf-45ac-af76-2490342bd78f req-9589c417-95cf-45ac-af76-2490342bd78f ] Request (SecurityGroupsTestJSON:test_list_security_groups_by_server): 200 GET http://10.180.1.21/compute/v2.1/servers/49e702c7-2753-45b9-ad9d-d34665772caf 2.203s
2025-12-15 16:11:54.706 65511 INFO tempest.common.waiters [-] State transition "BUILD/scheduling" ==> "BUILD/None" after 3 second wait
2025-12-15 16:11:54.749 65499 INFO tempest.lib.common.rest_client [req-d898417a-87fe-4590-a65a-74ef28fe11e1 req-d898417a-87fe-4590-a65a-74ef28fe11e1 ] Request (FloatingIPsAssociationTestJSON:tearDownClass): 200 GET http://10.180.1.21/compute/v2.1/servers/c9fdfbbc-3e31-4e79-a003-99e75392769c 2.215s
2025-12-15 16:11:54.755 65509 INFO tempest.lib.common.rest_client [req-bf90aec9-0252-46b4-807c-fc10f83abbc5 req-bf90aec9-0252-46b4-807c-fc10f83abbc5 ] Request (ServersNegativeTestJSON:test_create_server_invalid_bdm_in_2nd_dict): 400 POST http://10.180.1.21/compute/v2.1/servers 2.169s
2025-12-15 16:11:54.834 65507 INFO tempest.lib.common.rest_client [req-3d3be364-9fef-45ee-8eaa-e38f704c900c req-3d3be364-9fef-45ee-8eaa-e38f704c900c ] Request (FloatingIPsAssociationNegativeTestJSON:tearDownClass): 204 DELETE http://10.180.1.21/identity/v3/users/9555fa497986455b8ba666462f475ff3 0.194s
2025-12-15 16:11:54.834 65507 INFO tempest.lib.common.dynamic_creds [-] Deleting project and security group for project: 358eafc153b7481e89ad73085c4a21c1
2025-12-15 16:11:54.892 65501 INFO tempest.lib.common.rest_client [req-90709d37-57d5-41ac-a97a-e7319fd3c0e2 req-90709d37-57d5-41ac-a97a-e7319fd3c0e2 ] Request (ServersTestMultiNic:_run_cleanups): 200 GET http://10.180.1.21/compute/v2.1/servers/ad432994-1f96-4227-99a8-fd3ed2e5f014 2.287s
2025-12-15 16:11:54.916 65507 INFO tempest.lib.common.rest_client [req-d1ecce83-54be-480d-9ac8-66cd5a83faf7 req-d1ecce83-54be-480d-9ac8-66cd5a83faf7 ] Request (FloatingIPsAssociationNegativeTestJSON:tearDownClass): 200 GET http://10.180.1.21/networking/v2.0/security-groups?tenant_id=358eafc153b7481e89ad73085c4a21c1&name=default 0.081s
2025-12-15 16:11:54.949 65505 INFO tempest.lib.common.rest_client [req-82316ce5-e479-4cf9-aae7-e5cb77ae17e3 req-82316ce5-e479-4cf9-aae7-e5cb77ae17e3 ] Request (ServerRescueTestJSONUnderV235:setUpClass): 200 GET http://10.180.1.21/compute/v2.1/servers/359f95c8-9afd-49ae-bbd5-88cf4fe8d0ee 2.384s
2025-12-15 16:11:54.958 65505 INFO tempest.common.waiters [-] State transition "BUILD/None" ==> "BUILD/spawning" after 25 second wait
2025-12-15 16:11:55.061 65507 INFO tempest.lib.common.rest_client [req-326c811d-5154-4c32-aca3-9cb05bfb71ed req-326c811d-5154-4c32-aca3-9cb05bfb71ed ] Request (FloatingIPsAssociationNegativeTestJSON:tearDownClass): 204 DELETE http://10.180.1.21/networking/v2.0/security-groups/93ccbc3a-3e56-44ad-acca-e50d0d0ea6e5 0.144s
2025-12-15 16:11:55.187 65507 INFO tempest.lib.common.rest_client [req-fbf2c6d4-c29d-406d-9283-cbdf47d02d73 req-fbf2c6d4-c29d-406d-9283-cbdf47d02d73 ] Request (FloatingIPsAssociationNegativeTestJSON:tearDownClass): 204 DELETE http://10.180.1.21/identity/v3/projects/358eafc153b7481e89ad73085c4a21c1 0.126s
2025-12-15 16:11:55.213 65523 INFO tempest.lib.common.rest_client [req-3ce2e2be-0b92-4739-8e06-44ce80499063 req-3ce2e2be-0b92-4739-8e06-44ce80499063 ] Request (TenantUsagesTestJSON:setUpClass): 200 GET http://10.180.1.21/compute/v2.1/servers/327e8e52-6c00-4ec4-8d5e-9d378f600d28 2.409s
2025-12-15 16:11:55.222 65523 INFO tempest.common.waiters [-] State transition "BUILD/spawning" ==> "ACTIVE/None" after 41 second wait
2025-12-15 16:11:55.245 65541 INFO tempest.lib.common.rest_client [req-d4c9125d-3b12-42ef-ac34-7b84a64a7709 req-d4c9125d-3b12-42ef-ac34-7b84a64a7709 ] Request (MigrationsAdminTest:test_resize_server_revert_deleted_flavor): 200 GET http://10.180.1.21/compute/v2.1/servers/9701c843-b47f-47fc-912d-00804e71040d 2.434s
2025-12-15 16:11:55.257 65507 INFO tempest.lib.common.rest_client [req-a39064fc-d174-47f8-ad02-373ca8ddb9ba req-a39064fc-d174-47f8-ad02-373ca8ddb9ba ] Request (ServerAddressesTestJSON:setUpClass): 201 POST http://10.180.1.21/identity/v3/auth/tokens 0.068s
2025-12-15 16:11:55.260 65541 INFO tempest.common.waiters [-] State transition "RESIZE/resize_prep" ==> "RESIZE/resize_migrating" after 26 second wait
2025-12-15 16:11:55.289 65515 INFO tempest.lib.common.rest_client [req-30468522-012d-4d4d-8148-1a6aa50c3181 req-30468522-012d-4d4d-8148-1a6aa50c3181 ] Request (InstanceActionsTestJSON:setUpClass): 200 GET http://10.180.1.21/compute/v2.1/servers/7edc35fa-d8f9-4ec0-ab96-c04ac7e05816 2.417s
2025-12-15 16:11:55.302 65507 INFO tempest.lib.common.rest_client [req-bc8fc054-ec2e-4a87-9fcf-95a7202d6aae req-bc8fc054-ec2e-4a87-9fcf-95a7202d6aae ] Request (ServerAddressesTestJSON:setUpClass): 201 POST http://10.180.1.21/identity/v3/auth/tokens 0.042s
2025-12-15 16:11:55.305 65513 INFO tempest.lib.common.rest_client [req-e1fef162-c200-4e46-a60b-0bec1d56a7e7 req-e1fef162-c200-4e46-a60b-0bec1d56a7e7 ] Request (ImagesNegativeTestJSON:test_create_image_from_deleted_server): 200 GET http://10.180.1.21/compute/v2.1/servers/85dec20f-5a55-4a70-928d-411ea5ccbdbb 2.363s
2025-12-15 16:11:55.312 65513 INFO tempest.common.waiters [-] State transition "BUILD/None" ==> "BUILD/networking" after 23 second wait
2025-12-15 16:11:55.329 65507 INFO tempest.lib.common.rest_client [req-1392f5fd-a998-420b-8664-836453fa85b7 req-1392f5fd-a998-420b-8664-836453fa85b7 ] Request (ServerAddressesTestJSON:setUpClass): 200 GET http://10.180.1.21/identity/v3/domains?name=Default 0.026s
2025-12-15 16:11:55.364 65507 INFO tempest.lib.common.rest_client [req-ff3656a2-94ac-486e-a5bc-109843328bb0 req-ff3656a2-94ac-486e-a5bc-109843328bb0 ] Request (ServerAddressesTestJSON:setUpClass): 201 POST http://10.180.1.21/identity/v3/projects 0.034s
2025-12-15 16:11:55.386 65543 INFO tempest.lib.common.rest_client [req-0eaf28c2-35ac-4d57-8bfe-2ca8f83fd86c req-0eaf28c2-35ac-4d57-8bfe-2ca8f83fd86c ] Request (AttachInterfacesTestJSON:test_create_list_show_delete_interfaces_by_network_port): 200 GET http://10.180.1.21/compute/v2.1/servers/bcbcb98e-7ca4-4a23-865c-dc3db0be1cbc 2.212s
2025-12-15 16:11:55.410 65527 INFO tempest.lib.common.rest_client [req-64dfd95c-1356-4d11-9ad5-09ddc711a5be req-64dfd95c-1356-4d11-9ad5-09ddc711a5be ] Request (ServersAdminTestJSON:test_rebuild_server_in_error_state): 200 GET http://10.180.1.21/compute/v2.1/servers/0e3580fa-6d81-471b-974d-5d25714d40cb 2.291s
2025-12-15 16:11:55.421 65527 INFO tempest.common.waiters [-] State transition "REBUILD/rebuilding" ==> "REBUILD/rebuild_spawning" after 5 second wait
2025-12-15 16:11:55.429 65507 INFO tempest.lib.common.rest_client [req-e4faed40-f614-4606-bbfd-43f3ab964506 req-e4faed40-f614-4606-bbfd-43f3ab964506 ] Request (ServerAddressesTestJSON:setUpClass): 201 POST http://10.180.1.21/identity/v3/users 0.065s
2025-12-15 16:11:55.451 65507 INFO tempest.lib.common.rest_client [req-af94167c-27cd-4cfd-9d95-2e9ba759d740 req-af94167c-27cd-4cfd-9d95-2e9ba759d740 ] Request (ServerAddressesTestJSON:setUpClass): 200 GET http://10.180.1.21/identity/v3/roles 0.021s
2025-12-15 16:11:55.483 65507 INFO tempest.lib.common.rest_client [req-427a59b4-75f0-4e14-a510-d21a205f41d2 req-427a59b4-75f0-4e14-a510-d21a205f41d2 ] Request (ServerAddressesTestJSON:setUpClass): 204 PUT http://10.180.1.21/identity/v3/projects/13e583bc3b4243cea7f7b5767330fbab/users/53c4f873f4d34676b7982ecf6517a37c/roles/380eb3ad072b411da444d993225343b8 0.032s
2025-12-15 16:11:55.484 65507 INFO tempest.lib.common.dynamic_creds [-] Dynamic test user 53c4f873f4d34676b7982ecf6517a37c is created with scope project and roles: ['member']
2025-12-15 16:11:55.484 65507 INFO tempest.lib.common.dynamic_creds [-] Acquired dynamic creds: credentials: Credentials: {'domain_id': 'default', 'domain_name': 'Default', 'username': 'tempest-ServerAddressesTestJSON-1604587442-project-member', 'project_domain_id': 'default', 'project_domain_name': 'Default', 'project_id': '13e583bc3b4243cea7f7b5767330fbab', 'project_name': 'tempest-ServerAddressesTestJSON-1604587442', 'tenant_id': '13e583bc3b4243cea7f7b5767330fbab', 'tenant_name': 'tempest-ServerAddressesTestJSON-1604587442', 'user_domain_id': 'default', 'user_domain_name': 'Default', 'user_id': '53c4f873f4d34676b7982ecf6517a37c', 'system': None}, Network: None, Subnet: None, Router: None
2025-12-15 16:11:55.546 65507 INFO tempest.lib.common.rest_client [req-22c2e3d9-58e0-477b-84c2-20c1fb43a7a6 req-22c2e3d9-58e0-477b-84c2-20c1fb43a7a6 ] Request (ServerAddressesTestJSON:setUpClass): 201 POST http://10.180.1.21/identity/v3/auth/tokens 0.062s
2025-12-15 16:11:55.591 65519 INFO tempest.lib.common.rest_client [req-a624ba54-dc3b-4304-9006-2d58213b239a req-a624ba54-dc3b-4304-9006-2d58213b239a ] Request (ServerRescueTestJSON:test_rescue_unrescue_instance): 200 GET http://10.180.1.21/compute/v2.1/servers/4ae97348-d194-4710-a4e1-b3e4f7a4e0e3 2.222s
2025-12-15 16:11:55.689 65525 INFO tempest.lib.common.rest_client [req-fc316698-e67d-4b6a-913c-deca6229ed7f req-fc316698-e67d-4b6a-913c-deca6229ed7f ] Request (ServersWithSpecificFlavorTestJSON:test_verify_created_server_ephemeral_disk): 200 GET http://10.180.1.21/compute/v2.1/servers/a9a2a925-6a54-4c4c-b997-b438fbad207f 2.099s
2025-12-15 16:11:55.733 65497 INFO tempest.lib.common.rest_client [req-1b155800-8d55-47ac-8a9c-02b8622be2b3 req-1b155800-8d55-47ac-8a9c-02b8622be2b3 ] Request (MultipleCreateTestJSON:_run_cleanups): 200 GET http://10.180.1.21/compute/v2.1/servers/f384f352-4972-4af0-b9a4-7cc7cd1ba37f 2.131s
2025-12-15 16:11:55.889 65507 INFO tempest.lib.common.rest_client [req-b3f01e58-6434-46d5-b430-0a89b8ebbf7b req-b3f01e58-6434-46d5-b430-0a89b8ebbf7b ] Request (ServerAddressesTestJSON:setUpClass): 201 POST http://10.180.1.21/networking/v2.0/networks 0.342s
2025-12-15 16:11:55.928 65493 INFO tempest.lib.common.rest_client [req-8dbf5918-a5de-41fc-80b9-998dfda13c79 req-8dbf5918-a5de-41fc-80b9-998dfda13c79 ] Request (ImagesTestJSON:test_create_image_from_suspended_server): 200 GET http://10.180.1.21/compute/v2.1/servers/a59c8bf1-e944-437d-9aa2-8855aaa9e74c 2.044s
2025-12-15 16:11:55.948 65495 INFO tempest.lib.common.rest_client [req-1f53b38c-3e4d-4343-af86-d44a0a21936c req-1f53b38c-3e4d-4343-af86-d44a0a21936c ] Request (ServersNegativeTestMultiTenantJSON:tearDownClass): 200 GET http://10.180.1.21/compute/v2.1/servers/6282b7ae-aea6-4776-bd87-cc21a9e7a5f5 2.054s
2025-12-15 16:11:56.050 65533 WARNING tempest.lib.common.ssh [-] Failed to establish authenticated ssh connection to cirros@10.180.180.215 ([Errno None] Unable to connect to port 22 on 10.180.180.215). Number attempts: 9. Retry after 10 seconds.: paramiko.ssh_exception.NoValidConnectionsError: [Errno None] Unable to connect to port 22 on 10.180.180.215
2025-12-15 16:11:56.073 65521 INFO tempest.lib.common.rest_client [req-be1a22a8-29f7-4bec-914d-68cd9a7c2e36 req-be1a22a8-29f7-4bec-914d-68cd9a7c2e36 ] Request (ListServersNegativeTestJSON:test_list_servers_with_a_deleted_server): 200 GET http://10.180.1.21/compute/v2.1/servers 1.462s
2025-12-15 16:11:56.193 65507 INFO tempest.lib.common.rest_client [req-862ef764-27ba-4c15-819b-c7a9dc4c4df9 req-862ef764-27ba-4c15-819b-c7a9dc4c4df9 ] Request (ServerAddressesTestJSON:setUpClass): 201 POST http://10.180.1.21/networking/v2.0/subnets 0.304s
2025-12-15 16:11:56.314 65551 INFO tempest.lib.common.rest_client [req-99ced0f9-ef5d-403d-82d7-a4024c7b627a req-99ced0f9-ef5d-403d-82d7-a4024c7b627a ] Request (ServerShowV247Test:test_update_rebuild_list_server): 200 GET http://10.180.1.21/compute/v2.1/servers/d9dc8e67-02c9-4f31-a27f-1af796fd4f10 1.627s
2025-12-15 16:11:57.274 65529 WARNING tempest.lib.common.ssh [-] Failed to establish authenticated ssh connection to cirros@10.180.180.235 ([Errno None] Unable to connect to port 22 on 10.180.180.235). Number attempts: 13. Retry after 14 seconds.: paramiko.ssh_exception.NoValidConnectionsError: [Errno None] Unable to connect to port 22 on 10.180.180.235
2025-12-15 16:11:57.428 65539 INFO tempest.lib.common.rest_client [req-fd733970-88b2-474c-aa2d-0f736b71db6a req-fd733970-88b2-474c-aa2d-0f736b71db6a ] Request (ListServerFiltersTestJSON:test_list_servers_detailed_filter_by_server_status): 200 GET http://10.180.1.21/compute/v2.1/servers/detail?status=active 3.323s
2025-12-15 16:11:57.457 65507 INFO tempest.lib.common.rest_client [req-e2a2e3ea-31de-4dd7-88e6-211acada2a46 req-e2a2e3ea-31de-4dd7-88e6-211acada2a46 ] Request (ServerAddressesTestJSON:setUpClass): 201 POST http://10.180.1.21/networking/v2.0/routers 1.263s
2025-12-15 16:11:57.526 65549 INFO tempest.lib.common.rest_client [req-bde35a8b-37ab-4ea7-8ddf-803c4514ed9e req-bde35a8b-37ab-4ea7-8ddf-803c4514ed9e ] Request (ServersTestJSON:tearDownClass): 200 GET http://10.180.1.21/compute/v2.1/servers/00216a2b-db21-4b3d-8a6d-9996b9cf992b 2.441s
2025-12-15 16:11:57.534 65549 INFO tempest.common.waiters [-] State transition "ACTIVE/deleting" ==> "DELETED/None" after 3 second wait
2025-12-15 16:11:57.590 65509 INFO tempest.lib.common.rest_client [req-836444cf-6fdb-4da4-b6a9-5454a36d7e7c req-836444cf-6fdb-4da4-b6a9-5454a36d7e7c ] Request (ServersNegativeTestJSON:tearDown): 200 GET http://10.180.1.21/compute/v2.1/servers/72743768-c12c-469f-8636-a23e5ff92b9c 2.834s
2025-12-15 16:11:57.659 65535 INFO tempest.lib.common.rest_client [req-34eb6b0f-ef54-43e4-92b6-02bf428411b5 req-34eb6b0f-ef54-43e4-92b6-02bf428411b5 ] Request (ImagesOneServerNegativeTestJSON:_run_cleanups): 200 GET http://10.180.1.21/compute/v2.1/servers/d2140db3-a265-4c51-b2b8-79f375f4e33b 2.317s
2025-12-15 16:11:57.684 65523 INFO tempest.lib.common.rest_client [req-f8c69c06-6751-40bb-9582-6b78559b460d req-f8c69c06-6751-40bb-9582-6b78559b460d ] Request (TenantUsagesTestJSON:test_get_usage_tenant): 200 GET http://10.180.1.21/compute/v2.1/os-simple-tenant-usage/fa1c001bb3cf46d4850b44d021e93899?start=2025-12-14T16%3A11%3A55.222922&end=2025-12-16T16%3A11%3A55.222922 2.461s
2025-12-15 16:11:57.790 65531 INFO tempest.lib.common.rest_client [req-33698acb-57d0-4be2-b730-9da5d772ff10 req-33698acb-57d0-4be2-b730-9da5d772ff10 ] Request (DeleteServersTestJSON:test_delete_server_while_in_shelved_state): 200 GET http://10.180.1.21/compute/v2.1/servers/1ba96b0e-6f25-4656-b17f-cc447a74a56f 2.170s
2025-12-15 16:11:57.820 65537 INFO tempest.lib.common.rest_client [req-79cd9508-f378-4188-8f95-13d7abaf5f1a req-79cd9508-f378-4188-8f95-13d7abaf5f1a ] Request (ServerDiskConfigTestJSON:test_rebuild_server_with_manual_disk_config): 200 GET http://10.180.1.21/compute/v2.1/servers/ae8be100-3869-4dd5-a0fe-568cf781f772 2.215s
2025-12-15 16:11:57.830 65537 INFO tempest.common.waiters [-] State transition "REBUILD/rebuilding" ==> "REBUILD/rebuild_spawning" after 3 second wait
2025-12-15 16:11:57.858 65511 INFO tempest.lib.common.rest_client [req-10c50d24-e205-4baf-a948-c4f5d2fb4407 req-10c50d24-e205-4baf-a948-c4f5d2fb4407 ] Request (SecurityGroupsTestJSON:test_list_security_groups_by_server): 200 GET http://10.180.1.21/compute/v2.1/servers/49e702c7-2753-45b9-ad9d-d34665772caf 2.150s
2025-12-15 16:11:57.876 65501 INFO tempest.lib.common.rest_client [req-f4fb1503-e15c-4c22-b794-9f2dcb4659d2 req-f4fb1503-e15c-4c22-b794-9f2dcb4659d2 ] Request (ServersTestMultiNic:_run_cleanups): 404 GET http://10.180.1.21/compute/v2.1/servers/ad432994-1f96-4227-99a8-fd3ed2e5f014 1.972s
