2025-12-15 16:08:47.699 65499 INFO tempest.lib.common.rest_client [req-f31db74b-ad65-4935-84ad-adcb2c034c51 req-f31db74b-ad65-4935-84ad-adcb2c034c51 ] Request (ServerExternalEventsTest:setUpClass): 204 PUT http://10.180.1.21/identity/v3/projects/c32d70e7ded04cec92f4868af6b2663f/users/91f92abda03f48bb82fd0f5ddb30669b/roles/fa16a1fd2a9247678b6e840e04f2fe40 0.027s
2025-12-15 16:08:47.755 65499 INFO tempest.lib.common.rest_client [req-d7bb9a31-a180-4ae3-8847-7f90f8eff452 req-d7bb9a31-a180-4ae3-8847-7f90f8eff452 ] Request (ServerExternalEventsTest:setUpClass): 200 GET http://10.180.1.21/identity/v3/roles 0.056s
2025-12-15 16:08:47.774 65499 INFO tempest.lib.common.rest_client [req-6d813a19-6b86-4b7f-9e3c-eb596a04933d req-6d813a19-6b86-4b7f-9e3c-eb596a04933d ] Request (ServerExternalEventsTest:setUpClass): 204 PUT http://10.180.1.21/identity/v3/projects/c32d70e7ded04cec92f4868af6b2663f/users/91f92abda03f48bb82fd0f5ddb30669b/roles/574f13b6b24842ae9f6b7e5aa1112f33 0.019s
2025-12-15 16:08:47.775 65499 INFO tempest.lib.common.dynamic_creds [-] Dynamic test user 91f92abda03f48bb82fd0f5ddb30669b is created with scope project and roles: ['admin', 'service']
2025-12-15 16:08:47.775 65499 INFO tempest.lib.common.dynamic_creds [-] Acquired dynamic creds: credentials: Credentials: {'domain_id': 'default', 'domain_name': 'Default', 'username': 'tempest-ServerExternalEventsTest-1699329653-project', 'project_domain_id': 'default', 'project_domain_name': 'Default', 'project_id': 'c32d70e7ded04cec92f4868af6b2663f', 'project_name': 'tempest-ServerExternalEventsTest-1699329653', 'tenant_id': 'c32d70e7ded04cec92f4868af6b2663f', 'tenant_name': 'tempest-ServerExternalEventsTest-1699329653', 'user_domain_id': 'default', 'user_domain_name': 'Default', 'user_id': '91f92abda03f48bb82fd0f5ddb30669b', 'system': None}, Network: None, Subnet: None, Router: None
2025-12-15 16:08:47.775 65499 INFO tempest.lib.common.dynamic_creds [-] Created isolated network resources for: credentials: Credentials: {'domain_id': 'default', 'domain_name': 'Default', 'username': 'tempest-ServerExternalEventsTest-1699329653-project', 'project_domain_id': 'default', 'project_domain_name': 'Default', 'project_id': 'c32d70e7ded04cec92f4868af6b2663f', 'project_name': 'tempest-ServerExternalEventsTest-1699329653', 'tenant_id': 'c32d70e7ded04cec92f4868af6b2663f', 'tenant_name': 'tempest-ServerExternalEventsTest-1699329653', 'user_domain_id': 'default', 'user_domain_name': 'Default', 'user_id': '91f92abda03f48bb82fd0f5ddb30669b', 'system': None}, Network: None, Subnet: None, Router: None
2025-12-15 16:08:47.889 65499 INFO tempest.lib.common.rest_client [req-3eb81263-4083-4f0b-9eae-429e6179f189 req-3eb81263-4083-4f0b-9eae-429e6179f189 ] Request (ServerExternalEventsTest:setUpClass): 201 POST http://10.180.1.21/identity/v3/auth/tokens 0.110s
2025-12-15 16:08:47.951 65499 INFO tempest.lib.common.rest_client [req-5d8c95c2-7c59-47e4-a1a7-82d880b526d9 req-5d8c95c2-7c59-47e4-a1a7-82d880b526d9 ] Request (ServerExternalEventsTest:test_create_server_external_events): 201 POST http://10.180.1.21/identity/v3/auth/tokens 0.058s
2025-12-15 16:08:47.952 65499 INFO tempest.lib.common.fixed_network [-] (ServerExternalEventsTest:test_create_server_external_events) Found network None available for tenant
2025-12-15 16:08:47.968 65555 INFO tempest.lib.common.rest_client [req-d6be7705-e1f7-432c-ba89-c5f04ce2e388 req-d6be7705-e1f7-432c-ba89-c5f04ce2e388 ] Request (VolumesAdminNegativeTest:setUpClass): 201 POST http://10.180.1.21/networking/v2.0/routers 1.310s
2025-12-15 16:08:48.172 65521 INFO tempest.lib.common.rest_client [req-7c142cfb-5c52-477b-8f8b-306b61e44306 req-7c142cfb-5c52-477b-8f8b-306b61e44306 ] Request (InstanceActionsNegativeTestJSON:setUpClass): 201 POST http://10.180.1.21/networking/v2.0/subnets 1.141s
2025-12-15 16:08:48.258 65513 INFO tempest.lib.common.rest_client [req-79503918-5d0c-4b05-b478-23a7e105805d req-79503918-5d0c-4b05-b478-23a7e105805d ] Request (ServersAdminNegativeTestJSON:setUpClass): 200 GET http://10.180.1.21/compute/v2.1/servers/f4acb437-2289-4a5c-bfbf-64c73ab543b0 8.135s
2025-12-15 16:08:48.265 65513 INFO tempest.common.waiters [-] State transition "BUILD/spawning" ==> "ACTIVE/None" after 27 second wait
2025-12-15 16:08:48.364 65547 INFO tempest.lib.common.rest_client [req-6ed76b7b-ed92-46c8-91c1-b59337307564 req-6ed76b7b-ed92-46c8-91c1-b59337307564 ] Request (ExtensionsTest:test_get_extension): 200 GET http://10.180.1.21/compute/v2.1/extensions/os-consoles 7.696s
2025-12-15 16:08:49.027 65555 INFO tempest.lib.common.rest_client [req-078eff8e-a1df-4a73-9634-0ae7c5b94578 req-078eff8e-a1df-4a73-9634-0ae7c5b94578 ] Request (VolumesAdminNegativeTest:setUpClass): 200 PUT http://10.180.1.21/networking/v2.0/routers/37894973-c059-4b72-9041-f0a036f3b3f5/add_router_interface 1.058s
2025-12-15 16:08:49.027 65555 INFO tempest.lib.common.dynamic_creds [-] Created isolated network resources for: credentials: Credentials: {'domain_id': 'default', 'domain_name': 'Default', 'username': 'tempest-VolumesAdminNegativeTest-666312777-project', 'project_domain_id': 'default', 'project_domain_name': 'Default', 'project_id': 'c86ecbba3e8147cb8b9e58bc35543516', 'project_name': 'tempest-VolumesAdminNegativeTest-666312777', 'tenant_id': 'c86ecbba3e8147cb8b9e58bc35543516', 'tenant_name': 'tempest-VolumesAdminNegativeTest-666312777', 'user_domain_id': 'default', 'user_domain_name': 'Default', 'user_id': '09f1d3b841e64b10ba1c437c123b37b5', 'system': None}, Network: {'id': '1ae753e6-18ef-4e3c-a92d-f01ca3e1332c', 'name': 'tempest-VolumesAdminNegativeTest-1178442349-network', 'tenant_id': 'c86ecbba3e8147cb8b9e58bc35543516', 'project_id': 'c86ecbba3e8147cb8b9e58bc35543516', 'admin_state_up': True, 'mtu': 8950, 'status': 'ACTIVE', 'subnets': [], 'shared': False, 'port_security_enabled': True, 'router:external': False, 'provider:network_type': 'vlan', 'provider:physical_network': 'default', 'provider:segmentation_id': 996, 'availability_zone_hints': [], 'availability_zones': [], 'ipv4_address_scope': None, 'ipv6_address_scope': None, 'description': '', 'tags': [], 'created_at': '2025-12-15T16:08:46Z', 'updated_at': '2025-12-15T16:08:46Z', 'revision_number': 1}, Subnet: {'id': '7a8b696c-b79d-416d-bb43-1c07d374641c', 'name': 'tempest-VolumesAdminNegativeTest-1178442349-subnet', 'tenant_id': 'c86ecbba3e8147cb8b9e58bc35543516', 'network_id': '1ae753e6-18ef-4e3c-a92d-f01ca3e1332c', 'ip_version': 4, 'subnetpool_id': None, 'enable_dhcp': True, 'ipv6_ra_mode': None, 'ipv6_address_mode': None, 'gateway_ip': '192.168.128.1', 'cidr': '192.168.128.0/28', 'allocation_pools': [{'start': '192.168.128.2', 'end': '192.168.128.14'}], 'host_routes': [], 'dns_nameservers': [], 'description': '', 'router:external': False, 'service_types': [], 'tags': [], 'created_at': '2025-12-15T16:08:46Z', 'updated_at': '2025-12-15T16:08:46Z', 'revision_number': 0, 'project_id': 'c86ecbba3e8147cb8b9e58bc35543516'}, Router: {'id': '37894973-c059-4b72-9041-f0a036f3b3f5', 'name': 'tempest-VolumesAdminNegativeTest-1178442349-router', 'tenant_id': 'c86ecbba3e8147cb8b9e58bc35543516', 'admin_state_up': True, 'status': 'ACTIVE', 'external_gateway_info': {'network_id': 'ac962b30-2800-439d-94d9-d5e949ef2f8a', 'external_fixed_ips': [{'subnet_id': 'f913069a-9b6c-4cb1-a49c-521245bad301', 'ip_address': '10.180.180.189'}], 'enable_snat': True}, 'description': '', 'availability_zones': [], 'distributed': False, 'ha': False, 'availability_zone_hints': [], 'routes': [], 'flavor_id': None, 'tags': [], 'created_at': '2025-12-15T16:08:47Z', 'updated_at': '2025-12-15T16:08:47Z', 'revision_number': 2, 'project_id': 'c86ecbba3e8147cb8b9e58bc35543516'}
2025-12-15 16:08:49.146 65555 INFO tempest.lib.common.rest_client [req-1ddeca85-5c61-45e0-af7b-1ce8649f3f59 req-1ddeca85-5c61-45e0-af7b-1ce8649f3f59 ] Request (VolumesAdminNegativeTest:setUpClass): 201 POST http://10.180.1.21/identity/v3/auth/tokens 0.115s
2025-12-15 16:08:49.212 65555 INFO tempest.lib.common.rest_client [req-25ac6809-33b7-45fb-a755-e66918ef4b52 req-25ac6809-33b7-45fb-a755-e66918ef4b52 ] Request (VolumesAdminNegativeTest:test_update_attached_volume_with_nonexistent_volume_in_uri): 201 POST http://10.180.1.21/identity/v3/auth/tokens 0.058s
2025-12-15 16:08:49.212 65555 INFO tempest.lib.common.fixed_network [-] (VolumesAdminNegativeTest:test_update_attached_volume_with_nonexistent_volume_in_uri) Found network {'id': 'edd3fb4e-0eb0-4dfa-800b-6483a68e70c3', 'name': 'tempest-VolumesAdminNegativeTest-383001922-network', 'tenant_id': 'd6574b7788b047a0a4f45f8087948fc7', 'project_id': 'd6574b7788b047a0a4f45f8087948fc7', 'admin_state_up': True, 'mtu': 8950, 'status': 'ACTIVE', 'subnets': [], 'shared': False, 'port_security_enabled': True, 'router:external': False, 'provider:network_type': 'vlan', 'provider:physical_network': 'default', 'provider:segmentation_id': 807, 'availability_zone_hints': [], 'availability_zones': [], 'ipv4_address_scope': None, 'ipv6_address_scope': None, 'description': '', 'tags': [], 'created_at': '2025-12-15T16:08:37Z', 'updated_at': '2025-12-15T16:08:37Z', 'revision_number': 1} available for tenant
2025-12-15 16:08:49.365 65521 INFO tempest.lib.common.rest_client [req-e0a14581-751a-48df-8278-d369b87fbbcf req-e0a14581-751a-48df-8278-d369b87fbbcf ] Request (InstanceActionsNegativeTestJSON:setUpClass): 201 POST http://10.180.1.21/networking/v2.0/routers 1.192s
2025-12-15 16:08:50.328 65521 INFO tempest.lib.common.rest_client [req-a7ca85f4-855b-4ae7-93d5-1f2da23f10ae req-a7ca85f4-855b-4ae7-93d5-1f2da23f10ae ] Request (InstanceActionsNegativeTestJSON:setUpClass): 200 PUT http://10.180.1.21/networking/v2.0/routers/888a6770-6cf0-4875-b9dd-ca969eb0098f/add_router_interface 0.963s
2025-12-15 16:08:50.328 65521 INFO tempest.lib.common.dynamic_creds [-] Created isolated network resources for: credentials: Credentials: {'domain_id': 'default', 'domain_name': 'Default', 'username': 'tempest-InstanceActionsNegativeTestJSON-1249202560-project-member', 'project_domain_id': 'default', 'project_domain_name': 'Default', 'project_id': '51cd74c756784255896ef9bc23fb18fd', 'project_name': 'tempest-InstanceActionsNegativeTestJSON-1249202560', 'tenant_id': '51cd74c756784255896ef9bc23fb18fd', 'tenant_name': 'tempest-InstanceActionsNegativeTestJSON-1249202560', 'user_domain_id': 'default', 'user_domain_name': 'Default', 'user_id': 'e41086adf290469095b0ffad41f7f308', 'system': None}, Network: {'id': '0f418b4b-1e3a-4799-9203-3722895a8548', 'name': 'tempest-InstanceActionsNegativeTestJSON-593484340-network', 'tenant_id': '51cd74c756784255896ef9bc23fb18fd', 'project_id': '51cd74c756784255896ef9bc23fb18fd', 'admin_state_up': True, 'mtu': 8950, 'status': 'ACTIVE', 'subnets': [], 'shared': False, 'port_security_enabled': True, 'router:external': False, 'provider:network_type': 'vlan', 'provider:physical_network': 'default', 'provider:segmentation_id': 202, 'availability_zone_hints': [], 'availability_zones': [], 'ipv4_address_scope': None, 'ipv6_address_scope': None, 'description': '', 'tags': [], 'created_at': '2025-12-15T16:08:46Z', 'updated_at': '2025-12-15T16:08:46Z', 'revision_number': 1}, Subnet: {'id': '7e9aec1d-581a-4053-82db-eed55972af90', 'name': 'tempest-InstanceActionsNegativeTestJSON-593484340-subnet', 'tenant_id': '51cd74c756784255896ef9bc23fb18fd', 'network_id': '0f418b4b-1e3a-4799-9203-3722895a8548', 'ip_version': 4, 'subnetpool_id': None, 'enable_dhcp': True, 'ipv6_ra_mode': None, 'ipv6_address_mode': None, 'gateway_ip': '192.168.128.1', 'cidr': '192.168.128.0/28', 'allocation_pools': [{'start': '192.168.128.2', 'end': '192.168.128.14'}], 'host_routes': [], 'dns_nameservers': [], 'description': '', 'router:external': False, 'service_types': [], 'tags': [], 'created_at': '2025-12-15T16:08:48Z', 'updated_at': '2025-12-15T16:08:48Z', 'revision_number': 0, 'project_id': '51cd74c756784255896ef9bc23fb18fd'}, Router: {'id': '888a6770-6cf0-4875-b9dd-ca969eb0098f', 'name': 'tempest-InstanceActionsNegativeTestJSON-593484340-router', 'tenant_id': '51cd74c756784255896ef9bc23fb18fd', 'admin_state_up': True, 'status': 'ACTIVE', 'external_gateway_info': {'network_id': 'ac962b30-2800-439d-94d9-d5e949ef2f8a', 'external_fixed_ips': [{'subnet_id': 'f913069a-9b6c-4cb1-a49c-521245bad301', 'ip_address': '10.180.180.183'}], 'enable_snat': True}, 'description': '', 'availability_zones': [], 'distributed': False, 'ha': False, 'availability_zone_hints': [], 'routes': [], 'flavor_id': None, 'tags': [], 'created_at': '2025-12-15T16:08:48Z', 'updated_at': '2025-12-15T16:08:49Z', 'revision_number': 2, 'project_id': '51cd74c756784255896ef9bc23fb18fd'}
2025-12-15 16:08:50.430 65543 INFO tempest.lib.common.rest_client [req-58835838-39f5-4f36-ba10-3dacfbd30f94 req-58835838-39f5-4f36-ba10-3dacfbd30f94 ] Request (AttachInterfacesTestJSON:test_create_list_show_delete_interfaces_by_fixed_ip): 200 GET http://10.180.1.21/compute/v2.1/servers/191db68f-a674-48fd-9b36-9b6f83a7e255 9.619s
2025-12-15 16:08:50.441 65543 INFO tempest.common.waiters [-] State transition "BUILD/None" ==> "BUILD/spawning" after 14 second wait
2025-12-15 16:08:50.450 65521 INFO tempest.lib.common.rest_client [req-61ee05a3-033e-4dc3-91d5-9226a3268a7b req-61ee05a3-033e-4dc3-91d5-9226a3268a7b ] Request (InstanceActionsNegativeTestJSON:setUpClass): 201 POST http://10.180.1.21/identity/v3/auth/tokens 0.116s
2025-12-15 16:08:50.487 65521 INFO tempest.lib.common.rest_client [req-2d6e6c12-cb55-4c10-b22a-e5130f2db647 req-2d6e6c12-cb55-4c10-b22a-e5130f2db647 ] Request (InstanceActionsNegativeTestJSON:setUpClass): 201 POST http://10.180.1.21/identity/v3/auth/tokens 0.034s
2025-12-15 16:08:50.488 65521 INFO tempest.lib.common.fixed_network [-] (InstanceActionsNegativeTestJSON:setUpClass) Found network {'id': '0f418b4b-1e3a-4799-9203-3722895a8548', 'name': 'tempest-InstanceActionsNegativeTestJSON-593484340-network', 'tenant_id': '51cd74c756784255896ef9bc23fb18fd', 'project_id': '51cd74c756784255896ef9bc23fb18fd', 'admin_state_up': True, 'mtu': 8950, 'status': 'ACTIVE', 'subnets': [], 'shared': False, 'port_security_enabled': True, 'router:external': False, 'provider:network_type': 'vlan', 'provider:physical_network': 'default', 'provider:segmentation_id': 202, 'availability_zone_hints': [], 'availability_zones': [], 'ipv4_address_scope': None, 'ipv6_address_scope': None, 'description': '', 'tags': [], 'created_at': '2025-12-15T16:08:46Z', 'updated_at': '2025-12-15T16:08:46Z', 'revision_number': 1} available for tenant
2025-12-15 16:08:50.671 65515 INFO tempest.lib.common.rest_client [req-f7ee226e-3213-43d1-9f5b-38a0b96d7abd req-f7ee226e-3213-43d1-9f5b-38a0b96d7abd ] Request (DeleteServersAdminTestJSON:test_admin_delete_servers_of_others): 204 DELETE http://10.180.1.21/compute/v2.1/servers/b157b334-0cfb-41b1-b546-201430ee7b9f 9.452s
2025-12-15 16:08:50.749 65525 INFO tempest.lib.common.rest_client [req-bfae5f93-a30c-4882-a120-eb231b531555 req-bfae5f93-a30c-4882-a120-eb231b531555 ] Request (ServersWithSpecificFlavorTestJSON:test_verify_created_server_ephemeral_disk): 202 POST http://10.180.1.21/compute/v2.1/servers 11.037s
2025-12-15 16:08:50.776 65531 INFO tempest.lib.common.rest_client [req-8104ce3c-d61d-4fd2-8371-5d1e3ddcad58 req-8104ce3c-d61d-4fd2-8371-5d1e3ddcad58 ] Request (KeyPairsV2TestJSON:_run_cleanups): 202 DELETE http://10.180.1.21/compute/v2.1/os-keypairs/tempest-keypair-1021011701 8.791s
2025-12-15 16:08:50.807 65553 INFO tempest.lib.common.rest_client [req-68a487c5-23df-4e19-9f10-460fb93db421 req-68a487c5-23df-4e19-9f10-460fb93db421 ] Request (FlavorsAccessTestJSON:test_flavor_access_list_with_private_flavor): 200 GET http://10.180.1.21/compute/v2.1/flavors/1758992491/os-flavor-access 8.796s
2025-12-15 16:08:50.815 65537 INFO tempest.lib.common.rest_client [req-b689eb8e-4186-496b-838a-1a83c76cf2d3 req-b689eb8e-4186-496b-838a-1a83c76cf2d3 ] Request (HostsAdminNegativeTestJSON:test_update_host_with_invalid_status): 400 PUT http://10.180.1.21/compute/v2.1/os-hosts/devstack 8.794s
2025-12-15 16:08:50.847 65507 INFO tempest.lib.common.rest_client [req-16b0e94d-d9e2-4ad8-85a2-749804d49032 req-16b0e94d-d9e2-4ad8-85a2-749804d49032 ] Request (FlavorsAccessNegativeTestJSON:test_flavor_non_admin_add): 200 POST http://10.180.1.21/compute/v2.1/flavors 8.796s
2025-12-15 16:08:50.951 65501 INFO tempest.lib.common.rest_client [req-99b4ac0d-db90-4f57-80f9-7945021fe30e req-99b4ac0d-db90-4f57-80f9-7945021fe30e ] Request (AttachInterfacesV270Test:test_create_get_list_interfaces): 200 GET http://10.180.1.21/compute/v2.1/servers/b630f3de-e0bd-43dc-854f-ed7a707991db 9.652s
2025-12-15 16:08:51.038 65497 INFO tempest.lib.common.rest_client [req-4bdaf78f-76ad-44c1-aec7-01b360956688 req-4bdaf78f-76ad-44c1-aec7-01b360956688 ] Request (ImagesOneServerTestJSON:setUpClass): 200 GET http://10.180.1.21/compute/v2.1/servers/9fecebed-2db8-4b95-ba72-a45b4c3afeb2 8.646s
2025-12-15 16:08:51.100 65523 INFO tempest.lib.common.rest_client [req-8c97edca-6523-4965-966b-fe7f29e693b6 req-8c97edca-6523-4965-966b-fe7f29e693b6 ] Request (VolumesAssistedSnapshotsTest:test_volume_assisted_snapshot_create_delete): 200 GET http://10.180.1.21/compute/v2.1/servers/bec53779-f6ce-4fc0-8c01-18a3336957a0 8.154s
2025-12-15 16:08:51.107 65523 INFO tempest.common.waiters [-] State transition "BUILD/networking" ==> "BUILD/spawning" after 17 second wait
2025-12-15 16:08:51.124 65511 INFO tempest.lib.common.rest_client [req-d38559ab-8599-4746-ae66-66e73568b32a req-d38559ab-8599-4746-ae66-66e73568b32a ] Request (AggregatesAdminNegativeTestJSON:_run_cleanups): 200 DELETE http://10.180.1.21/compute/v2.1/os-aggregates/3 7.624s
2025-12-15 16:08:51.143 65539 INFO tempest.lib.common.rest_client [req-ff93a290-6772-4089-b311-be5d25e64dc4 req-ff93a290-6772-4089-b311-be5d25e64dc4 ] Request (FlavorsAdminTestJSON:_run_cleanups): 202 DELETE http://10.180.1.21/compute/v2.1/flavors/0466ffd9-6689-4c5c-b0c1-4366eaf10eb9 7.636s
2025-12-15 16:08:51.187 65551 INFO tempest.lib.common.rest_client [req-f122ddfb-d8a9-4a72-b7bb-3469799fc47d req-f122ddfb-d8a9-4a72-b7bb-3469799fc47d ] Request (ImagesMetadataTestJSON:test_set_image_metadata): 200 GET http://10.180.1.21/compute/v2.1/images/44a4cb5f-4054-4763-923e-f2a8adeeee81/metadata 7.194s
2025-12-15 16:08:51.278 65517 INFO tempest.lib.common.rest_client [req-8a1c7307-21fa-4a02-a27f-3f3974fc1b76 req-8a1c7307-21fa-4a02-a27f-3f3974fc1b76 ] Request (ServerDiagnosticsV248Test:test_get_server_diagnostics): 202 POST http://10.180.1.21/compute/v2.1/servers 8.161s
2025-12-15 16:08:51.290 65493 INFO tempest.lib.common.rest_client [req-a065a4ca-ebcc-43e5-9f5e-0856f569ce66 req-a065a4ca-ebcc-43e5-9f5e-0856f569ce66 ] Request (FlavorsExtraSpecsTestJSON:test_flavor_set_get_update_show_unset_keys): 200 GET http://10.180.1.21/compute/v2.1/flavors/1019313554/os-extra_specs 7.270s
2025-12-15 16:08:51.389 65535 INFO tempest.lib.common.rest_client [req-68db8c6a-39d8-4eb5-8e55-48990821ca98 req-68db8c6a-39d8-4eb5-8e55-48990821ca98 ] Request (ImagesOneServerNegativeTestJSON:setUpClass): 200 GET http://10.180.1.21/compute/v2.1/servers/1d703ff0-6846-478f-be1f-f2ad83d9cda1 7.394s
2025-12-15 16:08:51.398 65535 INFO tempest.common.waiters [-] State transition "BUILD/spawning" ==> "ACTIVE/None" after 32 second wait
2025-12-15 16:08:51.474 65545 INFO tempest.lib.common.rest_client [req-0b0343a3-3acf-439a-993f-82354b62f466 req-0b0343a3-3acf-439a-993f-82354b62f466 ] Request (ServerTagsTestJSON:setUpClass): 200 GET http://10.180.1.21/compute/v2.1/servers/41be3eda-3f49-45a0-ba0f-722e9acbfede 6.993s
2025-12-15 16:08:51.485 65545 INFO tempest.common.waiters [-] State transition "BUILD/spawning" ==> "ACTIVE/None" after 32 second wait
2025-12-15 16:08:51.522 65533 INFO tempest.lib.common.rest_client [req-548d3072-3282-4d67-b63f-0dc539f279c3 req-548d3072-3282-4d67-b63f-0dc539f279c3 ] Request (ServerActionsTestJSON:setUpClass): 200 GET http://10.180.1.21/compute/v2.1/servers/87c72a14-a60c-4edd-b7d2-66de483194ad 7.032s
2025-12-15 16:08:51.529 65533 INFO tempest.common.waiters [-] State transition "BUILD/None" ==> "BUILD/spawning" after 17 second wait
2025-12-15 16:08:51.579 65505 INFO tempest.lib.common.rest_client [req-4450aa55-c1d4-484e-90d4-16211083d122 req-4450aa55-c1d4-484e-90d4-16211083d122 ] Request (ServersAdmin275Test:test_rebuild_update_server_275): 200 GET http://10.180.1.21/compute/v2.1/servers/3bd0aab9-8d74-4e22-af7e-d784e0d96d17 5.332s
2025-12-15 16:08:51.588 65505 INFO tempest.common.waiters [-] State transition "REBUILD/rebuild_spawning" ==> "ACTIVE/None" after 16 second wait
2025-12-15 16:08:51.643 65549 INFO tempest.lib.common.rest_client [req-09b78093-f04e-4184-aeb6-74f15eb40b01 req-09b78093-f04e-4184-aeb6-74f15eb40b01 ] Request (QuotasAdminTestJSON:test_get_updated_quotas): 200 PUT http://10.180.1.21/compute/v2.1/os-quota-sets/aa557cc7468342e58e37219f7cf5e1a3?user_id=df8f6be334154de0b96968a7271103c3 6.084s
2025-12-15 16:08:51.906 65541 INFO tempest.lib.common.rest_client [req-71acea4e-e432-478a-8503-ffd26ba52b22 req-71acea4e-e432-478a-8503-ffd26ba52b22 ] Request (MigrationsAdminTest:test_list_migrations_in_flavor_resize_situation): 202 POST http://10.180.1.21/compute/v2.1/servers/3806f80b-ecac-4a9d-bde9-91d6ec1adfc6/action 5.439s
2025-12-15 16:08:52.029 65509 INFO tempest.lib.common.rest_client [req-1d744b12-a933-4dbd-b115-d08db5f3922e req-1d744b12-a933-4dbd-b115-d08db5f3922e ] Request (InstanceActionsV221TestJSON:test_get_list_deleted_instance_actions): 202 POST http://10.180.1.21/compute/v2.1/servers 5.769s
2025-12-15 16:08:52.051 65529 INFO tempest.lib.common.rest_client [req-d1e6a719-e1d2-4f5c-8379-3cfed205208f req-d1e6a719-e1d2-4f5c-8379-3cfed205208f ] Request (QuotasAdminNegativeTest:_run_cleanups): 200 PUT http://10.180.1.21/compute/v2.1/os-quota-sets/8ba49158585f43b6b1801d872da645e9 5.571s
2025-12-15 16:08:52.371 65499 INFO tempest.lib.common.rest_client [req-e92df820-b9c0-473c-b3fb-a5aa29d38537 req-e92df820-b9c0-473c-b3fb-a5aa29d38537 ] Request (ServerExternalEventsTest:test_create_server_external_events): 202 POST http://10.180.1.21/compute/v2.1/servers 4.418s
2025-12-15 16:08:52.371 65519 INFO tempest.lib.common.rest_client [req-d3893610-a3b8-4808-959b-32902ad27229 req-d3893610-a3b8-4808-959b-32902ad27229 ] Request (ServerDiagnosticsNegativeTest:test_get_server_diagnostics_by_non_admin): 202 POST http://10.180.1.21/compute/v2.1/servers 5.311s
2025-12-15 16:08:52.397 65547 INFO tempest.lib.common.rest_client [req-88651de4-a20b-447a-99c2-c8c4947cf24f req-88651de4-a20b-447a-99c2-c8c4947cf24f ] Request (ExtensionsTest:test_list_extensions): 200 GET http://10.180.1.21/compute/v2.1/extensions 4.031s
2025-12-15 16:08:52.471 65513 INFO tempest.lib.common.rest_client [req-08b66eec-a9d2-448e-991d-7bf4df8bfa20 req-08b66eec-a9d2-448e-991d-7bf4df8bfa20 ] Request (ServersAdminNegativeTestJSON:test_migrate_non_existent_server): 404 POST http://10.180.1.21/compute/v2.1/servers/9362131b-8220-47a3-a250-161eb2e5c02a/action 4.205s
2025-12-15 16:08:52.620 65513 INFO tempest.lib.common.rest_client [req-75896ea9-e592-442f-b946-c00e6404743b req-75896ea9-e592-442f-b946-c00e6404743b ] Request (ServersAdminNegativeTestJSON:test_migrate_server_invalid_state): 201 POST http://10.180.1.21/identity/v3/auth/tokens 0.144s
2025-12-15 16:08:52.621 65513 INFO tempest.lib.common.fixed_network [-] (ServersAdminNegativeTestJSON:test_migrate_server_invalid_state) Found network None available for tenant
2025-12-15 16:08:52.725 65547 INFO tempest.lib.common.rest_client [req-ee340873-2280-469b-a7b6-20ca7e94a425 req-ee340873-2280-469b-a7b6-20ca7e94a425 ] Request (ExtensionsTest:tearDownClass): 204 DELETE http://10.180.1.21/identity/v3/users/7992927fd52f49bb8812fde6b22d464d 0.306s
2025-12-15 16:08:52.726 65547 INFO tempest.lib.common.dynamic_creds [-] Deleting project and security group for project: dec1fc4d8d724fa8baa47e198b266717
2025-12-15 16:08:52.821 65547 INFO tempest.lib.common.rest_client [req-a95c713b-06b7-4d88-bd82-b4c6aa435c9c req-a95c713b-06b7-4d88-bd82-b4c6aa435c9c ] Request (ExtensionsTest:tearDownClass): 201 POST http://10.180.1.21/identity/v3/auth/tokens 0.095s
2025-12-15 16:08:53.123 65547 INFO tempest.lib.common.rest_client [req-01bfdee1-3ce6-46e6-b8a3-72dc3f55897f req-01bfdee1-3ce6-46e6-b8a3-72dc3f55897f ] Request (ExtensionsTest:tearDownClass): 200 GET http://10.180.1.21/networking/v2.0/security-groups?tenant_id=dec1fc4d8d724fa8baa47e198b266717&name=default 0.302s
2025-12-15 16:08:53.253 65555 INFO tempest.lib.common.rest_client [req-bd61879b-4096-4cbf-9306-0ad5d9bd556c req-bd61879b-4096-4cbf-9306-0ad5d9bd556c ] Request (VolumesAdminNegativeTest:test_update_attached_volume_with_nonexistent_volume_in_uri): 202 POST http://10.180.1.21/compute/v2.1/servers 4.041s
2025-12-15 16:08:53.270 65547 INFO tempest.lib.common.rest_client [req-899f9d32-286c-45f8-8102-9f515939c629 req-899f9d32-286c-45f8-8102-9f515939c629 ] Request (ExtensionsTest:tearDownClass): 204 DELETE http://10.180.1.21/networking/v2.0/security-groups/45309124-d509-46ff-b9a4-5c662f87ec93 0.147s
2025-12-15 16:08:53.304 65521 INFO tempest.lib.common.rest_client [req-297c2675-bdca-49ce-ab8f-895eebc89486 req-297c2675-bdca-49ce-ab8f-895eebc89486 ] Request (InstanceActionsNegativeTestJSON:setUpClass): 202 POST http://10.180.1.21/compute/v2.1/servers 2.815s
2025-12-15 16:08:53.372 65547 INFO tempest.lib.common.rest_client [req-bf6d0c8e-e96f-4aca-a6a6-69508ae0423c req-bf6d0c8e-e96f-4aca-a6a6-69508ae0423c ] Request (ExtensionsTest:tearDownClass): 204 DELETE http://10.180.1.21/identity/v3/projects/dec1fc4d8d724fa8baa47e198b266717 0.101s
2025-12-15 16:08:53.387 65515 INFO tempest.lib.common.rest_client [req-7c5f35c5-b210-4aaa-8796-29a2fe2ae4b8 req-7c5f35c5-b210-4aaa-8796-29a2fe2ae4b8 ] Request (DeleteServersAdminTestJSON:test_admin_delete_servers_of_others): 200 GET http://10.180.1.21/compute/v2.1/servers/b157b334-0cfb-41b1-b546-201430ee7b9f 2.715s
2025-12-15 16:08:53.407 65525 INFO tempest.lib.common.rest_client [req-5bb3f057-4d54-426a-b3f2-ddf8b7c03732 req-5bb3f057-4d54-426a-b3f2-ddf8b7c03732 ] Request (ServersWithSpecificFlavorTestJSON:test_verify_created_server_ephemeral_disk): 200 GET http://10.180.1.21/compute/v2.1/servers/54746fac-e4f7-435c-ada6-3647f77107d2 2.655s
2025-12-15 16:08:53.427 65531 INFO tempest.lib.common.rest_client [req-384f2d16-2e21-4455-a526-68d26cfe56ae req-384f2d16-2e21-4455-a526-68d26cfe56ae ] Request (KeyPairsV2TestJSON:test_keypairs_create_list_delete): 200 POST http://10.180.1.21/compute/v2.1/os-keypairs 2.648s
2025-12-15 16:08:53.436 65553 INFO tempest.lib.common.rest_client [req-0bc2499d-3a8d-4a4f-b1a1-3f16f2cb469e req-0bc2499d-3a8d-4a4f-b1a1-3f16f2cb469e ] Request (FlavorsAccessTestJSON:_run_cleanups): 202 DELETE http://10.180.1.21/compute/v2.1/flavors/1758992491 2.628s
2025-12-15 16:08:53.436 65537 INFO tempest.lib.common.rest_client [req-27783dc6-4fc7-4758-9a6f-710a8ff6ada6 req-27783dc6-4fc7-4758-9a6f-710a8ff6ada6 ] Request (HostsAdminNegativeTestJSON:test_update_host_with_non_admin_user): 403 PUT http://10.180.1.21/compute/v2.1/os-hosts/devstack 2.619s
2025-12-15 16:08:53.442 65511 INFO tempest.lib.common.rest_client [req-05cf8118-4f2e-477e-aad0-cd8c5d6632f6 req-05cf8118-4f2e-477e-aad0-cd8c5d6632f6 ] Request (AggregatesAdminNegativeTestJSON:test_aggregate_create_aggregate_name_length_exceeds_255): 400 POST http://10.180.1.21/compute/v2.1/os-aggregates 2.316s
2025-12-15 16:08:53.465 65539 INFO tempest.lib.common.rest_client [req-c285013b-6466-42c9-9580-cfeee7c790fe req-c285013b-6466-42c9-9580-cfeee7c790fe ] Request (FlavorsAdminTestJSON:_run_cleanups): 200 GET http://10.180.1.21/compute/v2.1/flavors/detail 2.321s
2025-12-15 16:08:53.581 65507 INFO tempest.lib.common.rest_client [req-a55b3627-ec81-4d2f-b3e4-e0095fa90ded req-a55b3627-ec81-4d2f-b3e4-e0095fa90ded ] Request (FlavorsAccessNegativeTestJSON:test_flavor_non_admin_add): 403 POST http://10.180.1.21/compute/v2.1/flavors/1892892604/action 2.728s
2025-12-15 16:08:53.657 65517 INFO tempest.lib.common.rest_client [req-2a8e2202-a253-4a48-a32e-899bc21092f2 req-2a8e2202-a253-4a48-a32e-899bc21092f2 ] Request (ServerDiagnosticsV248Test:test_get_server_diagnostics): 200 GET http://10.180.1.21/compute/v2.1/servers/a0ad094a-ddaa-4397-b926-b9e3ec4a6d6a 2.377s
2025-12-15 16:08:53.680 65493 INFO tempest.lib.common.rest_client [req-db9a4a06-acc6-4d03-9b7f-f46ec9de3144 req-db9a4a06-acc6-4d03-9b7f-f46ec9de3144 ] Request (FlavorsExtraSpecsTestJSON:tearDownClass): 202 DELETE http://10.180.1.21/compute/v2.1/flavors/1019313554 2.388s
2025-12-15 16:08:53.746 65551 INFO tempest.lib.common.rest_client [req-6d22c09a-9204-46a0-9b9e-1ee5e05e6133 req-6d22c09a-9204-46a0-9b9e-1ee5e05e6133 ] Request (ImagesMetadataTestJSON:setUp): 200 PUT http://10.180.1.21/compute/v2.1/images/44a4cb5f-4054-4763-923e-f2a8adeeee81/metadata 2.556s
2025-12-15 16:08:53.828 65535 INFO tempest.lib.common.rest_client [req-abf64d9c-f996-4e9e-968f-9a8e544084b2 req-abf64d9c-f996-4e9e-968f-9a8e544084b2 ] Request (ImagesOneServerNegativeTestJSON:setUp): 200 GET http://10.180.1.21/compute/v2.1/servers/1d703ff0-6846-478f-be1f-f2ad83d9cda1 2.429s
2025-12-15 16:08:53.924 65545 INFO tempest.lib.common.rest_client [req-d7bb1e5d-96a8-4f64-a5e7-0673d1840166 req-d7bb1e5d-96a8-4f64-a5e7-0673d1840166 ] Request (ServerTagsTestJSON:test_check_tag_existence): 201 PUT http://10.180.1.21/compute/v2.1/servers/41be3eda-3f49-45a0-ba0f-722e9acbfede/tags/tempest-tag-1346963727 2.437s
2025-12-15 16:08:53.944 65543 INFO tempest.lib.common.rest_client [req-4d03f93d-2a67-439f-905a-62b750ab91f3 req-4d03f93d-2a67-439f-905a-62b750ab91f3 ] Request (AttachInterfacesTestJSON:test_create_list_show_delete_interfaces_by_fixed_ip): 200 GET http://10.180.1.21/compute/v2.1/servers/191db68f-a674-48fd-9b36-9b6f83a7e255 2.501s
2025-12-15 16:08:54.049 65549 INFO tempest.lib.common.rest_client [req-9f2b0bf7-1666-4ab4-b08b-2c7f4f5d49b1 req-9f2b0bf7-1666-4ab4-b08b-2c7f4f5d49b1 ] Request (QuotasAdminTestJSON:test_get_updated_quotas): 200 GET http://10.180.1.21/compute/v2.1/os-quota-sets/aa557cc7468342e58e37219f7cf5e1a3?user_id=df8f6be334154de0b96968a7271103c3 2.403s
2025-12-15 16:08:54.129 65549 INFO tempest.lib.common.rest_client [req-ed0129a6-2ae9-4b59-80a0-2f9c30c8bd49 req-ed0129a6-2ae9-4b59-80a0-2f9c30c8bd49 ] Request (QuotasAdminTestJSON:_run_cleanups): 204 DELETE http://10.180.1.21/identity/v3/users/df8f6be334154de0b96968a7271103c3 0.078s
2025-12-15 16:08:54.187 65541 INFO tempest.lib.common.rest_client [req-e2860ffa-9aa9-4207-a8fc-a81c7994b92c req-e2860ffa-9aa9-4207-a8fc-a81c7994b92c ] Request (MigrationsAdminTest:test_list_migrations_in_flavor_resize_situation): 200 GET http://10.180.1.21/compute/v2.1/servers/3806f80b-ecac-4a9d-bde9-91d6ec1adfc6 2.280s
2025-12-15 16:08:54.241 65549 INFO tempest.lib.common.rest_client [req-43639ea0-647d-4316-a6a0-26c42f026b9a req-43639ea0-647d-4316-a6a0-26c42f026b9a ] Request (QuotasAdminTestJSON:_run_cleanups): 204 DELETE http://10.180.1.21/identity/v3/projects/aa557cc7468342e58e37219f7cf5e1a3 0.111s
2025-12-15 16:08:54.283 65501 INFO tempest.lib.common.rest_client [req-eb670e7d-0f4c-48ed-a6c9-1e0eb8ef0653 req-eb670e7d-0f4c-48ed-a6c9-1e0eb8ef0653 ] Request (AttachInterfacesV270Test:test_create_get_list_interfaces): 200 GET http://10.180.1.21/compute/v2.1/servers/b630f3de-e0bd-43dc-854f-ed7a707991db 2.320s
2025-12-15 16:08:54.291 65505 INFO tempest.lib.common.rest_client [req-9e28886f-6cc9-402b-a226-6e3222e5a676 req-9e28886f-6cc9-402b-a226-6e3222e5a676 ] Request (ServersAdmin275Test:test_rebuild_update_server_275): 202 POST http://10.180.1.21/compute/v2.1/servers/3bd0aab9-8d74-4e22-af7e-d784e0d96d17/action 2.702s
2025-12-15 16:08:54.293 65501 INFO tempest.common.waiters [-] State transition "BUILD/spawning" ==> "ACTIVE/None" after 20 second wait
2025-12-15 16:08:54.334 65509 INFO tempest.lib.common.rest_client [req-5d0702a0-bc9a-4d3e-9d8a-153e6f92e703 req-5d0702a0-bc9a-4d3e-9d8a-153e6f92e703 ] Request (InstanceActionsV221TestJSON:test_get_list_deleted_instance_actions): 200 GET http://10.180.1.21/compute/v2.1/servers/e4414d48-559a-412d-9c9f-1e41d88d1136 2.303s
2025-12-15 16:08:54.383 65497 INFO tempest.lib.common.rest_client [req-ebe40f13-0d46-4880-98be-6effb69cca6c req-ebe40f13-0d46-4880-98be-6effb69cca6c ] Request (ImagesOneServerTestJSON:setUpClass): 200 GET http://10.180.1.21/compute/v2.1/servers/9fecebed-2db8-4b95-ba72-a45b4c3afeb2 2.337s
2025-12-15 16:08:54.439 65529 INFO tempest.lib.common.rest_client [req-178ca603-c26c-49d9-af54-ef1a786840ad req-178ca603-c26c-49d9-af54-ef1a786840ad ] Request (QuotasAdminNegativeTest:test_create_server_when_memory_quota_is_full): 200 GET http://10.180.1.21/compute/v2.1/os-quota-sets/8ba49158585f43b6b1801d872da645e9 2.382s
2025-12-15 16:08:54.473 65523 INFO tempest.lib.common.rest_client [req-b22222ef-df18-4f1a-89d1-d2c6bd5bc59f req-b22222ef-df18-4f1a-89d1-d2c6bd5bc59f ] Request (VolumesAssistedSnapshotsTest:test_volume_assisted_snapshot_create_delete): 200 GET http://10.180.1.21/compute/v2.1/servers/bec53779-f6ce-4fc0-8c01-18a3336957a0 2.365s
2025-12-15 16:08:54.487 65519 INFO tempest.lib.common.rest_client [req-35b89e57-f756-4f09-a8c3-82795da925b5 req-35b89e57-f756-4f09-a8c3-82795da925b5 ] Request (ServerDiagnosticsNegativeTest:test_get_server_diagnostics_by_non_admin): 200 GET http://10.180.1.21/compute/v2.1/servers/bdc6bc90-45ca-4719-9c23-f2be6b9c42c8 2.113s
2025-12-15 16:08:54.524 65499 INFO tempest.lib.common.rest_client [req-622a94bc-cfd6-45e4-b64b-694ca56d9cc8 req-622a94bc-cfd6-45e4-b64b-694ca56d9cc8 ] Request (ServerExternalEventsTest:test_create_server_external_events): 200 GET http://10.180.1.21/compute/v2.1/servers/d34a70e9-4676-4ac9-a113-0827a033e4b7 2.151s
2025-12-15 16:08:54.595 65533 INFO tempest.lib.common.rest_client [req-953afb5c-b9e1-4e48-8638-ba86b6e97058 req-953afb5c-b9e1-4e48-8638-ba86b6e97058 ] Request (ServerActionsTestJSON:setUpClass): 200 GET http://10.180.1.21/compute/v2.1/servers/87c72a14-a60c-4edd-b7d2-66de483194ad 2.064s
2025-12-15 16:08:54.649 65555 INFO tempest.lib.common.rest_client [req-17b33eb1-777a-4022-8313-c06d7e861702 req-17b33eb1-777a-4022-8313-c06d7e861702 ] Request (VolumesAdminNegativeTest:test_update_attached_volume_with_nonexistent_volume_in_uri): 200 GET http://10.180.1.21/compute/v2.1/servers/e0e1c41e-1cdd-4b40-8caa-c55a676337bd 1.392s
2025-12-15 16:08:54.763 65513 INFO tempest.lib.common.rest_client [req-ff9e0cad-66b4-4fbc-a0de-b7ac22374db7 req-ff9e0cad-66b4-4fbc-a0de-b7ac22374db7 ] Request (ServersAdminNegativeTestJSON:test_migrate_server_invalid_state): 202 POST http://10.180.1.21/compute/v2.1/servers 2.138s
2025-12-15 16:08:54.796 65531 INFO tempest.lib.common.rest_client [req-e2b1d957-a952-4eb5-887e-72b396c5586c req-e2b1d957-a952-4eb5-887e-72b396c5586c ] Request (KeyPairsV2TestJSON:test_keypairs_create_list_delete): 200 POST http://10.180.1.21/compute/v2.1/os-keypairs 1.366s
2025-12-15 16:08:54.827 65553 INFO tempest.lib.common.rest_client [req-5af1c414-dc03-4513-9fd7-edb8708d648c req-5af1c414-dc03-4513-9fd7-edb8708d648c ] Request (FlavorsAccessTestJSON:_run_cleanups): 200 GET http://10.180.1.21/compute/v2.1/flavors/detail 1.390s
2025-12-15 16:08:54.832 65537 INFO tempest.lib.common.rest_client [req-c6785ed3-b61c-4be6-ba75-ed4546e0d5bf req-c6785ed3-b61c-4be6-ba75-ed4546e0d5bf ] Request (HostsAdminNegativeTestJSON:test_update_host_without_param): 400 PUT http://10.180.1.21/compute/v2.1/os-hosts/devstack 1.393s
2025-12-15 16:08:54.840 65511 INFO tempest.lib.common.rest_client [req-d0238865-6047-472b-bbd3-04ef0bb1a4ad req-d0238865-6047-472b-bbd3-04ef0bb1a4ad ] Request (AggregatesAdminNegativeTestJSON:test_aggregate_create_aggregate_name_length_less_than_1): 400 POST http://10.180.1.21/compute/v2.1/os-aggregates 1.396s
2025-12-15 16:08:54.854 65539 INFO tempest.lib.common.rest_client [req-6fd7f092-90bf-42c3-8cb5-166ce3f585ce req-6fd7f092-90bf-42c3-8cb5-166ce3f585ce ] Request (FlavorsAdminTestJSON:test_create_flavor_with_uuid_id): 200 POST http://10.180.1.21/compute/v2.1/flavors 1.379s
2025-12-15 16:08:54.889 65507 INFO tempest.lib.common.rest_client [req-2bfada11-3b87-403c-a4a0-30226843d30e req-2bfada11-3b87-403c-a4a0-30226843d30e ] Request (FlavorsAccessNegativeTestJSON:_run_cleanups): 202 DELETE http://10.180.1.21/compute/v2.1/flavors/1892892604 1.308s
2025-12-15 16:08:54.912 65493 INFO tempest.lib.common.rest_client [req-5a0f086b-742e-4a91-8bee-e929d1be399f req-5a0f086b-742e-4a91-8bee-e929d1be399f ] Request (FlavorsExtraSpecsTestJSON:tearDownClass): 200 GET http://10.180.1.21/compute/v2.1/flavors/detail 1.231s
2025-12-15 16:08:54.973 65553 INFO tempest.lib.common.rest_client [req-677a5e17-7b89-467e-989b-c1d2fe2d55a2 req-677a5e17-7b89-467e-989b-c1d2fe2d55a2 ] Request (FlavorsAccessTestJSON:tearDownClass): 204 DELETE http://10.180.1.21/identity/v3/users/f22b0d1f87014b2aad438f6df89a4cb6 0.137s
2025-12-15 16:08:55.065 65493 INFO tempest.lib.common.rest_client [req-eeaeb5fb-c2df-47d9-8b5e-dde10039ff07 req-eeaeb5fb-c2df-47d9-8b5e-dde10039ff07 ] Request (FlavorsExtraSpecsTestJSON:tearDownClass): 204 DELETE http://10.180.1.21/identity/v3/users/d468c111358c4040b532788f22922396 0.144s
2025-12-15 16:08:55.073 65521 INFO tempest.lib.common.rest_client [req-2f41a45f-da76-4a27-8aa2-a2b0813faf44 req-2f41a45f-da76-4a27-8aa2-a2b0813faf44 ] Request (InstanceActionsNegativeTestJSON:setUpClass): 200 GET http://10.180.1.21/compute/v2.1/servers/3bf8d5e2-6288-4102-897f-ac37fb34bb0c 1.767s
2025-12-15 16:08:55.080 65535 INFO tempest.lib.common.rest_client [req-33b91283-3837-4be9-b1c1-f249d4daf4c6 req-33b91283-3837-4be9-b1c1-f249d4daf4c6 ] Request (ImagesOneServerNegativeTestJSON:test_create_image_specify_invalid_metadata): 400 POST http://10.180.1.21/compute/v2.1/servers/1d703ff0-6846-478f-be1f-f2ad83d9cda1/action 1.242s
2025-12-15 16:08:55.097 65553 INFO tempest.lib.common.rest_client [req-16bbb14e-1562-4e00-a3e3-8a5848e2db0f req-16bbb14e-1562-4e00-a3e3-8a5848e2db0f ] Request (FlavorsAccessTestJSON:tearDownClass): 204 DELETE http://10.180.1.21/identity/v3/users/0f9b7af595ff46789a3882d9e895ef25 0.123s
2025-12-15 16:08:55.097 65553 INFO tempest.lib.common.dynamic_creds [-] Deleting project and security group for project: 990e9d68061344ebb87137f116c32b21
2025-12-15 16:08:55.106 65545 INFO tempest.lib.common.rest_client [req-e92dc4d6-16d2-4970-b6a8-0678d81b766a req-e92dc4d6-16d2-4970-b6a8-0678d81b766a ] Request (ServerTagsTestJSON:test_check_tag_existence): 204 GET http://10.180.1.21/compute/v2.1/servers/41be3eda-3f49-45a0-ba0f-722e9acbfede/tags/tempest-tag-1346963727 1.180s
2025-12-15 16:08:55.154 65551 INFO tempest.lib.common.rest_client [req-fe0acbe2-33dd-4b53-87ec-2916e4a2e85b req-fe0acbe2-33dd-4b53-87ec-2916e4a2e85b ] Request (ImagesMetadataTestJSON:test_set_image_metadata_item): 200 PUT http://10.180.1.21/compute/v2.1/images/44a4cb5f-4054-4763-923e-f2a8adeeee81/metadata/os_version 1.407s
2025-12-15 16:08:55.199 65553 INFO tempest.lib.common.rest_client [req-1776101c-7812-4fa5-9273-268428a5aa25 req-1776101c-7812-4fa5-9273-268428a5aa25 ] Request (FlavorsAccessTestJSON:tearDownClass): 201 POST http://10.180.1.21/identity/v3/auth/tokens 0.101s
2025-12-15 16:08:55.237 65493 INFO tempest.lib.common.rest_client [req-5e454bbc-62ea-4fda-b5b1-cb5fff4ff5cc req-5e454bbc-62ea-4fda-b5b1-cb5fff4ff5cc ] Request (FlavorsExtraSpecsTestJSON:tearDownClass): 204 DELETE http://10.180.1.21/identity/v3/users/af1ca3d8fdd94b2f889aae3da5a50731 0.172s
2025-12-15 16:08:55.237 65493 INFO tempest.lib.common.dynamic_creds [-] Deleting project and security group for project: 452157e38fff454888ff4aed42568b17
2025-12-15 16:08:55.346 65549 INFO tempest.lib.common.rest_client [req-34699753-3c19-4477-b694-006546f8b2db req-34699753-3c19-4477-b694-006546f8b2db ] Request (QuotasAdminTestJSON:test_update_all_quota_resources_for_tenant): 200 GET http://10.180.1.21/compute/v2.1/os-quota-sets/030e81ae23714832b33c5c704607aecb/defaults 1.104s
2025-12-15 16:08:55.350 65493 INFO tempest.lib.common.rest_client [req-4dbda2f2-b133-4be2-90b7-93bff5101c87 req-4dbda2f2-b133-4be2-90b7-93bff5101c87 ] Request (FlavorsExtraSpecsTestJSON:tearDownClass): 201 POST http://10.180.1.21/identity/v3/auth/tokens 0.112s
2025-12-15 16:08:55.455 65553 INFO tempest.lib.common.rest_client [req-8be8a735-3b07-45d3-b085-9e80b430eee7 req-8be8a735-3b07-45d3-b085-9e80b430eee7 ] Request (FlavorsAccessTestJSON:tearDownClass): 200 GET http://10.180.1.21/networking/v2.0/security-groups?tenant_id=990e9d68061344ebb87137f116c32b21&name=default 0.256s
2025-12-15 16:08:55.478 65493 INFO tempest.lib.common.rest_client [req-a467f1fa-6073-4656-82ba-94f177cdd343 req-a467f1fa-6073-4656-82ba-94f177cdd343 ] Request (FlavorsExtraSpecsTestJSON:tearDownClass): 200 GET http://10.180.1.21/networking/v2.0/security-groups?tenant_id=452157e38fff454888ff4aed42568b17&name=default 0.127s
2025-12-15 16:08:55.502 65505 INFO tempest.lib.common.rest_client [req-15a5f9eb-18f8-4faf-bf46-8f8ec2969d6c req-15a5f9eb-18f8-4faf-bf46-8f8ec2969d6c ] Request (ServersAdmin275Test:_run_cleanups): 200 GET http://10.180.1.21/compute/v2.1/servers/3bd0aab9-8d74-4e22-af7e-d784e0d96d17 1.201s
2025-12-15 16:08:55.565 65553 INFO tempest.lib.common.rest_client [req-2c2882e0-2811-4a20-840e-1e0326c48ad1 req-2c2882e0-2811-4a20-840e-1e0326c48ad1 ] Request (FlavorsAccessTestJSON:tearDownClass): 204 DELETE http://10.180.1.21/networking/v2.0/security-groups/49783e1c-ddce-4d0f-ad1a-4b0d453d57c6 0.109s
2025-12-15 16:08:55.566 65493 INFO tempest.lib.common.rest_client [req-cc93865c-69f9-4a47-a37b-d31d40db0ae0 req-cc93865c-69f9-4a47-a37b-d31d40db0ae0 ] Request (FlavorsExtraSpecsTestJSON:tearDownClass): 204 DELETE http://10.180.1.21/networking/v2.0/security-groups/de131d65-c8fc-4cf9-9951-ed527ebf9eea 0.088s
2025-12-15 16:08:55.631 65493 INFO tempest.lib.common.rest_client [req-afd98229-0cb8-4d81-86bb-2df031538558 req-afd98229-0cb8-4d81-86bb-2df031538558 ] Request (FlavorsExtraSpecsTestJSON:tearDownClass): 204 DELETE http://10.180.1.21/identity/v3/projects/452157e38fff454888ff4aed42568b17 0.065s
2025-12-15 16:08:55.632 65493 INFO tempest.lib.common.dynamic_creds [-] Deleting project and security group for project: 0e0782a417374acdba96e7c7e08f1351
2025-12-15 16:08:55.633 65515 INFO tempest.lib.common.rest_client [req-46095fc7-3a99-434c-8c34-98d1ca3b2f66 req-46095fc7-3a99-434c-8c34-98d1ca3b2f66 ] Request (DeleteServersAdminTestJSON:test_admin_delete_servers_of_others): 200 GET http://10.180.1.21/compute/v2.1/servers/b157b334-0cfb-41b1-b546-201430ee7b9f 1.235s
2025-12-15 16:08:55.635 65553 INFO tempest.lib.common.rest_client [req-fce784f9-653e-4d59-aa73-03bb5e1e8a6b req-fce784f9-653e-4d59-aa73-03bb5e1e8a6b ] Request (FlavorsAccessTestJSON:tearDownClass): 204 DELETE http://10.180.1.21/identity/v3/projects/990e9d68061344ebb87137f116c32b21 0.070s
2025-12-15 16:08:55.635 65553 INFO tempest.lib.common.dynamic_creds [-] Deleting project and security group for project: 2010a11e50f648ca95afe304ec7eadfc
2025-12-15 16:08:55.641 65515 INFO tempest.common.waiters [-] State transition "ACTIVE/deleting" ==> "DELETED/None" after 2 second wait
2025-12-15 16:08:55.746 65493 INFO tempest.lib.common.rest_client [req-73dcd331-54ba-4b5f-8f02-0decf27bba8f req-73dcd331-54ba-4b5f-8f02-0decf27bba8f ] Request (FlavorsExtraSpecsTestJSON:tearDownClass): 200 GET http://10.180.1.21/networking/v2.0/security-groups?tenant_id=0e0782a417374acdba96e7c7e08f1351&name=default 0.114s
2025-12-15 16:08:55.748 65553 INFO tempest.lib.common.rest_client [req-abc236e1-16bb-432b-8b33-40cc2df8f585 req-abc236e1-16bb-432b-8b33-40cc2df8f585 ] Request (FlavorsAccessTestJSON:tearDownClass): 200 GET http://10.180.1.21/networking/v2.0/security-groups?tenant_id=2010a11e50f648ca95afe304ec7eadfc&name=default 0.112s
2025-12-15 16:08:55.812 65525 INFO tempest.lib.common.rest_client [req-06e2f2c9-66ae-4cc5-9b7f-b67f32ceeac8 req-06e2f2c9-66ae-4cc5-9b7f-b67f32ceeac8 ] Request (ServersWithSpecificFlavorTestJSON:test_verify_created_server_ephemeral_disk): 200 GET http://10.180.1.21/compute/v2.1/servers/54746fac-e4f7-435c-ada6-3647f77107d2 1.390s
2025-12-15 16:08:55.820 65525 INFO tempest.common.waiters [-] State transition "BUILD/None" ==> "BUILD/networking" after 2 second wait
2025-12-15 16:08:55.906 65493 INFO tempest.lib.common.rest_client [req-dc110c36-31c2-417c-8c2e-e8fb24c5f1c6 req-dc110c36-31c2-417c-8c2e-e8fb24c5f1c6 ] Request (FlavorsExtraSpecsTestJSON:tearDownClass): 204 DELETE http://10.180.1.21/networking/v2.0/security-groups/657e1b9c-0db7-4d07-bef4-a19fd2941c12 0.159s
2025-12-15 16:08:55.992 65553 INFO tempest.lib.common.rest_client [req-4a361fb7-d768-4f86-bb3e-baae38a7c40a req-4a361fb7-d768-4f86-bb3e-baae38a7c40a ] Request (FlavorsAccessTestJSON:tearDownClass): 204 DELETE http://10.180.1.21/networking/v2.0/security-groups/3072d05f-99bb-43ce-8554-d11e0a15ff03 0.244s
2025-12-15 16:08:56.038 65493 INFO tempest.lib.common.rest_client [req-d02a5086-1bdf-4496-b7dc-bffe1a59606f req-d02a5086-1bdf-4496-b7dc-bffe1a59606f ] Request (FlavorsExtraSpecsTestJSON:tearDownClass): 204 DELETE http://10.180.1.21/identity/v3/projects/0e0782a417374acdba96e7c7e08f1351 0.132s
2025-12-15 16:08:56.045 65529 INFO tempest.lib.common.rest_client [req-cfb20f43-a70b-4958-9158-bbd5e373e237 req-cfb20f43-a70b-4958-9158-bbd5e373e237 ] Request (QuotasAdminNegativeTest:test_create_server_when_memory_quota_is_full): 200 PUT http://10.180.1.21/compute/v2.1/os-quota-sets/8ba49158585f43b6b1801d872da645e9 1.603s
2025-12-15 16:08:56.093 65493 INFO tempest.lib.common.rest_client [req-b086ce32-9a77-4d41-a320-d20c11ac3fa9 req-b086ce32-9a77-4d41-a320-d20c11ac3fa9 ] Request (HypervisorAdminV228Test:setUpClass): 201 POST http://10.180.1.21/identity/v3/auth/tokens 0.053s
2025-12-15 16:08:56.139 65553 INFO tempest.lib.common.rest_client [req-e0fbec6b-500c-4ee3-8c88-5de0116beecc req-e0fbec6b-500c-4ee3-8c88-5de0116beecc ] Request (FlavorsAccessTestJSON:tearDownClass): 204 DELETE http://10.180.1.21/identity/v3/projects/2010a11e50f648ca95afe304ec7eadfc 0.146s
2025-12-15 16:08:56.140 65553 INFO tempest.test [-] raised in LiveMigrationRemoteConsolesV26Test.setUpClass. Invoking tearDownClass.
2025-12-15 16:08:56.143 65553 INFO tempest.test [-] raised in AttachVolumeMultiAttachTest.setUpClass. Invoking tearDownClass.
2025-12-15 16:08:56.177 65517 INFO tempest.lib.common.rest_client [req-7546510f-6fb3-4b56-b3d1-856fe69233fb req-7546510f-6fb3-4b56-b3d1-856fe69233fb ] Request (ServerDiagnosticsV248Test:test_get_server_diagnostics): 200 GET http://10.180.1.21/compute/v2.1/servers/a0ad094a-ddaa-4397-b926-b9e3ec4a6d6a 1.509s
2025-12-15 16:08:56.182 65529 INFO tempest.lib.common.rest_client [req-ffb2a50b-0206-4c8b-b744-b51b56525abb req-ffb2a50b-0206-4c8b-b744-b51b56525abb ] Request (QuotasAdminNegativeTest:test_create_server_when_memory_quota_is_full): 201 POST http://10.180.1.21/identity/v3/auth/tokens 0.130s
2025-12-15 16:08:56.187 65529 INFO tempest.lib.common.fixed_network [-] (QuotasAdminNegativeTest:test_create_server_when_memory_quota_is_full) Found network None available for tenant
2025-12-15 16:08:56.205 65493 INFO tempest.lib.common.rest_client [req-ac011782-5951-44b0-a479-e8b7ff124421 req-ac011782-5951-44b0-a479-e8b7ff124421 ] Request (HypervisorAdminV228Test:setUpClass): 201 POST http://10.180.1.21/identity/v3/auth/tokens 0.108s
2025-12-15 16:08:56.234 65493 INFO tempest.lib.common.rest_client [req-c9ad1d92-4626-47b3-84fb-2e73a0f1be5d req-c9ad1d92-4626-47b3-84fb-2e73a0f1be5d ] Request (HypervisorAdminV228Test:setUpClass): 200 GET http://10.180.1.21/identity/v3/domains?name=Default 0.028s
2025-12-15 16:08:56.236 65513 INFO tempest.lib.common.rest_client [req-86d526f5-50d0-4507-8549-1be7b5562619 req-86d526f5-50d0-4507-8549-1be7b5562619 ] Request (ServersAdminNegativeTestJSON:test_migrate_server_invalid_state): 200 GET http://10.180.1.21/compute/v2.1/servers/15b75c12-20a7-47b8-9db4-9d1a29bc48d2 1.470s
2025-12-15 16:08:56.276 65493 INFO tempest.lib.common.rest_client [req-01e06aef-758a-40e3-9bab-07363a932fbc req-01e06aef-758a-40e3-9bab-07363a932fbc ] Request (HypervisorAdminV228Test:setUpClass): 201 POST http://10.180.1.21/identity/v3/projects 0.041s
2025-12-15 16:08:56.277 65531 INFO tempest.lib.common.rest_client [req-e6d493cf-89c0-4815-afac-3c4378233314 req-e6d493cf-89c0-4815-afac-3c4378233314 ] Request (KeyPairsV2TestJSON:test_keypairs_create_list_delete): 200 POST http://10.180.1.21/compute/v2.1/os-keypairs 1.479s
2025-12-15 16:08:56.294 65537 INFO tempest.lib.common.rest_client [req-70f0f709-5662-44e8-8eec-062e452c4762 req-70f0f709-5662-44e8-8eec-062e452c4762 ] Request (HostsAdminNegativeTestJSON:test_update_nonexistent_host): 404 PUT http://10.180.1.21/compute/v2.1/os-hosts/nonexistent_hostname 1.460s
2025-12-15 16:08:56.297 65511 INFO tempest.lib.common.rest_client [req-3506e77a-dc1f-482b-8be6-169972202354 req-3506e77a-dc1f-482b-8be6-169972202354 ] Request (AggregatesAdminNegativeTestJSON:test_aggregate_create_as_user): 403 POST http://10.180.1.21/compute/v2.1/os-aggregates 1.456s
2025-12-15 16:08:56.315 65539 INFO tempest.lib.common.rest_client [req-9b59134e-bc04-4761-8f6b-42b0b89c4eee req-9b59134e-bc04-4761-8f6b-42b0b89c4eee ] Request (FlavorsAdminTestJSON:_run_cleanups): 202 DELETE http://10.180.1.21/compute/v2.1/flavors/f129f92f-8610-42a5-b096-c71204cdcd58 1.458s
2025-12-15 16:08:56.339 65507 INFO tempest.lib.common.rest_client [req-da3954c1-3cd4-4a8f-a61c-f44947cbecb5 req-da3954c1-3cd4-4a8f-a61c-f44947cbecb5 ] Request (FlavorsAccessNegativeTestJSON:_run_cleanups): 200 GET http://10.180.1.21/compute/v2.1/flavors/detail 1.449s
2025-12-15 16:08:56.357 65493 INFO tempest.lib.common.rest_client [req-2967cc3f-ecfb-429a-9880-6a5ca2337a13 req-2967cc3f-ecfb-429a-9880-6a5ca2337a13 ] Request (HypervisorAdminV228Test:setUpClass): 201 POST http://10.180.1.21/identity/v3/users 0.081s
2025-12-15 16:08:56.382 65493 INFO tempest.lib.common.rest_client [req-b77bad70-512d-4b0e-bd77-f415e0c8f90e req-b77bad70-512d-4b0e-bd77-f415e0c8f90e ] Request (HypervisorAdminV228Test:setUpClass): 200 GET http://10.180.1.21/identity/v3/roles 0.024s
