2025-12-15 16:10:29.053 65523 INFO tempest.lib.common.dynamic_creds [-] Created isolated network resources for: credentials: Credentials: {'domain_id': 'default', 'domain_name': 'Default', 'username': 'tempest-FlavorsV255TestJSON-674609123-project-member', 'project_domain_id': 'default', 'project_domain_name': 'Default', 'project_id': '23e7d250246d48938c0e2e875aa96082', 'project_name': 'tempest-FlavorsV255TestJSON-674609123', 'tenant_id': '23e7d250246d48938c0e2e875aa96082', 'tenant_name': 'tempest-FlavorsV255TestJSON-674609123', 'user_domain_id': 'default', 'user_domain_name': 'Default', 'user_id': '9d6dceeb205e4cbaaa4f66863c9936dc', 'system': None}, Network: None, Subnet: None, Router: None
2025-12-15 16:10:29.134 65523 INFO tempest.lib.common.rest_client [req-e311ac13-a739-484a-93e7-0c5029450156 req-e311ac13-a739-484a-93e7-0c5029450156 ] Request (FlavorsV255TestJSON:setUpClass): 201 POST http://10.180.1.21/identity/v3/auth/tokens 0.077s
2025-12-15 16:10:29.210 65523 INFO tempest.lib.common.rest_client [req-4ce8f566-97f0-4fbc-9d43-d0bf205da1c7 req-4ce8f566-97f0-4fbc-9d43-d0bf205da1c7 ] Request (FlavorsV255TestJSON:setUpClass): 201 POST http://10.180.1.21/identity/v3/projects 0.076s
2025-12-15 16:10:29.276 65523 INFO tempest.lib.common.rest_client [req-9886bc8b-f5f2-4564-a9a2-d33063c7cabf req-9886bc8b-f5f2-4564-a9a2-d33063c7cabf ] Request (FlavorsV255TestJSON:setUpClass): 201 POST http://10.180.1.21/identity/v3/users 0.066s
2025-12-15 16:10:29.300 65523 INFO tempest.lib.common.rest_client [req-a28205a5-30ea-4d7e-ac97-3a2cf8557176 req-a28205a5-30ea-4d7e-ac97-3a2cf8557176 ] Request (FlavorsV255TestJSON:setUpClass): 200 GET http://10.180.1.21/identity/v3/roles 0.023s
2025-12-15 16:10:29.338 65523 INFO tempest.lib.common.rest_client [req-20951393-687a-4f3c-b8e9-40cc064fe1b3 req-20951393-687a-4f3c-b8e9-40cc064fe1b3 ] Request (FlavorsV255TestJSON:setUpClass): 204 PUT http://10.180.1.21/identity/v3/projects/b85da55c4db04e40927161031e64a078/users/79bc7e0e7ca8460caa8996f5df221aea/roles/fa16a1fd2a9247678b6e840e04f2fe40 0.037s
2025-12-15 16:10:29.393 65523 INFO tempest.lib.common.rest_client [req-c823ae2e-2c30-4bd5-873b-1055057eaf22 req-c823ae2e-2c30-4bd5-873b-1055057eaf22 ] Request (FlavorsV255TestJSON:setUpClass): 200 GET http://10.180.1.21/identity/v3/roles 0.054s
2025-12-15 16:10:29.415 65523 INFO tempest.lib.common.rest_client [req-d8c46688-264e-4e37-8607-5d5ddc2f13a9 req-d8c46688-264e-4e37-8607-5d5ddc2f13a9 ] Request (FlavorsV255TestJSON:setUpClass): 204 PUT http://10.180.1.21/identity/v3/projects/b85da55c4db04e40927161031e64a078/users/79bc7e0e7ca8460caa8996f5df221aea/roles/fa16a1fd2a9247678b6e840e04f2fe40 0.021s
2025-12-15 16:10:29.415 65523 INFO tempest.lib.common.dynamic_creds [-] Dynamic test user 79bc7e0e7ca8460caa8996f5df221aea is created with scope project and roles: ['admin']
2025-12-15 16:10:29.415 65523 INFO tempest.lib.common.dynamic_creds [-] Acquired dynamic creds: credentials: Credentials: {'domain_id': 'default', 'domain_name': 'Default', 'username': 'tempest-FlavorsV255TestJSON-717766600-project-admin', 'project_domain_id': 'default', 'project_domain_name': 'Default', 'project_id': 'b85da55c4db04e40927161031e64a078', 'project_name': 'tempest-FlavorsV255TestJSON-717766600', 'tenant_id': 'b85da55c4db04e40927161031e64a078', 'tenant_name': 'tempest-FlavorsV255TestJSON-717766600', 'user_domain_id': 'default', 'user_domain_name': 'Default', 'user_id': '79bc7e0e7ca8460caa8996f5df221aea', 'system': None}, Network: None, Subnet: None, Router: None
2025-12-15 16:10:29.415 65523 INFO tempest.lib.common.dynamic_creds [-] Created isolated network resources for: credentials: Credentials: {'domain_id': 'default', 'domain_name': 'Default', 'username': 'tempest-FlavorsV255TestJSON-717766600-project-admin', 'project_domain_id': 'default', 'project_domain_name': 'Default', 'project_id': 'b85da55c4db04e40927161031e64a078', 'project_name': 'tempest-FlavorsV255TestJSON-717766600', 'tenant_id': 'b85da55c4db04e40927161031e64a078', 'tenant_name': 'tempest-FlavorsV255TestJSON-717766600', 'user_domain_id': 'default', 'user_domain_name': 'Default', 'user_id': '79bc7e0e7ca8460caa8996f5df221aea', 'system': None}, Network: None, Subnet: None, Router: None
2025-12-15 16:10:29.521 65523 INFO tempest.lib.common.rest_client [req-2a9eb325-a707-4546-94cd-b158700284bc req-2a9eb325-a707-4546-94cd-b158700284bc ] Request (FlavorsV255TestJSON:setUpClass): 201 POST http://10.180.1.21/identity/v3/auth/tokens 0.102s
2025-12-15 16:10:30.814 65507 INFO tempest.lib.common.rest_client [req-5d5fb8e2-7df9-4e39-ab24-7efe99d7f560 req-5d5fb8e2-7df9-4e39-ab24-7efe99d7f560 ] Request (FloatingIPsAssociationNegativeTestJSON:test_associate_ip_to_server_with_floating_ip): 200 POST http://10.180.1.21/compute/v2.1/os-floating-ips 4.794s
2025-12-15 16:10:30.817 65529 WARNING tempest.lib.common.ssh [-] Failed to establish authenticated ssh connection to cirros@10.180.180.235 ([Errno None] Unable to connect to port 22 on 10.180.180.235). Number attempts: 5. Retry after 6 seconds.: paramiko.ssh_exception.NoValidConnectionsError: [Errno None] Unable to connect to port 22 on 10.180.180.235
2025-12-15 16:10:31.647 65541 INFO tempest.lib.common.rest_client [req-116b53a5-445e-4906-b0e1-4f70721e380a req-116b53a5-445e-4906-b0e1-4f70721e380a ] Request (MigrationsAdminTest:test_resize_server_revert_deleted_flavor): 202 POST http://10.180.1.21/compute/v2.1/servers 5.566s
2025-12-15 16:10:31.766 65501 INFO tempest.lib.common.rest_client [req-667312f2-02c7-4e8e-a93f-36867e1cdd39 req-667312f2-02c7-4e8e-a93f-36867e1cdd39 ] Request (ServersTestMultiNic:_run_cleanups): 200 GET http://10.180.1.21/compute/v2.1/servers/1efc880d-c464-49c8-a03e-67d710928a31 5.573s
2025-12-15 16:10:31.899 65549 INFO tempest.lib.common.rest_client [req-7fb7010d-53fa-416b-a728-a2d4f46866f2 req-7fb7010d-53fa-416b-a728-a2d4f46866f2 ] Request (ServersTestJSON:setUpClass): 200 GET http://10.180.1.21/compute/v2.1/servers/00216a2b-db21-4b3d-8a6d-9996b9cf992b/os-interface 5.677s
2025-12-15 16:10:31.949 65505 INFO tempest.lib.common.rest_client [req-190137d6-7c09-4f70-831d-54f67d6f7e0f req-190137d6-7c09-4f70-831d-54f67d6f7e0f ] Request (KeyPairsV22TestJSON:_run_cleanups): 204 DELETE http://10.180.1.21/compute/v2.1/os-keypairs/tempest-KeyPairsV22TestJSON-keypair-2131498953 5.600s
2025-12-15 16:10:32.099 65555 INFO tempest.lib.common.rest_client [req-00b11fd5-f364-4fad-a64b-4a87aed9ce09 req-00b11fd5-f364-4fad-a64b-4a87aed9ce09 ] Request (VolumesSnapshotsTestJSON:test_volume_snapshot_create_get_list_delete): 200 POST http://10.180.1.21/compute/v2.1/os-snapshots 5.618s
2025-12-15 16:10:32.126 65539 INFO tempest.lib.common.rest_client [req-7e3c6888-829e-4ea5-8c8f-b381fdf69101 req-7e3c6888-829e-4ea5-8c8f-b381fdf69101 ] Request (FlavorsAdminTestJSON:test_list_public_flavor_with_other_user): 200 POST http://10.180.1.21/compute/v2.1/flavors 5.415s
2025-12-15 16:10:32.237 65497 INFO tempest.lib.common.rest_client [req-0f4d6ab5-3d86-4433-9fbc-b2c5dfdac8a7 req-0f4d6ab5-3d86-4433-9fbc-b2c5dfdac8a7 ] Request (ImagesOneServerTestJSON:tearDownClass): 204 DELETE http://10.180.1.21/compute/v2.1/servers/9fecebed-2db8-4b95-ba72-a45b4c3afeb2 5.498s
2025-12-15 16:10:32.583 65549 INFO tempest.lib.common.rest_client [req-3382056d-e056-43d2-929e-6ecf2fa71d1d req-3382056d-e056-43d2-929e-6ecf2fa71d1d ] Request (ServersTestJSON:setUpClass): 200 PUT http://10.180.1.21/networking/v2.0/floatingips/2e7aba2a-75b9-4c4e-8962-827bc362f9e9 0.681s
2025-12-15 16:10:32.825 65531 INFO tempest.lib.common.rest_client [req-982a19d0-f4e5-41db-b55c-aac3d6dff808 req-982a19d0-f4e5-41db-b55c-aac3d6dff808 ] Request (DeleteServersTestJSON:test_delete_server_while_in_attached_volume): 200 GET http://10.180.1.21/compute/v2.1/servers/dfee739b-2535-4cb3-8ea9-1d783b9fdd79 6.021s
2025-12-15 16:10:32.937 65493 INFO tempest.lib.common.rest_client [req-33a5dd6c-1255-4c49-abea-70fe8768b593 req-33a5dd6c-1255-4c49-abea-70fe8768b593 ] Request (ImagesTestJSON:test_create_image_from_stopped_server): 200 GET http://10.180.1.21/compute/v2.1/servers/335d40fc-4d5f-4174-bc69-d9b26dfcd71b 5.946s
2025-12-15 16:10:32.947 65493 INFO tempest.common.waiters [-] State transition "BUILD/scheduling" ==> "BUILD/None" after 7 second wait
2025-12-15 16:10:33.156 65533 INFO tempest.lib.common.rest_client [req-433f9de4-185e-4454-93c8-00b8d70e80c8 req-433f9de4-185e-4454-93c8-00b8d70e80c8 ] Request (ServerActionsTestJSON:test_lock_unlock_server): 200 GET http://10.180.1.21/compute/v2.1/servers/87c72a14-a60c-4edd-b7d2-66de483194ad 5.879s
2025-12-15 16:10:33.183 65513 INFO tempest.lib.common.rest_client [req-d35a65da-2923-4248-a6a1-bb54caac209c req-d35a65da-2923-4248-a6a1-bb54caac209c ] Request (ServersAdminNegativeTestJSON:_run_cleanups): 200 GET http://10.180.1.21/compute/v2.1/flavors/detail 5.871s
2025-12-15 16:10:33.298 65545 INFO tempest.lib.common.rest_client [req-92aa37ed-3dcb-4783-a473-76cca75a8b65 req-92aa37ed-3dcb-4783-a473-76cca75a8b65 ] Request (ServersListShow296Test:test_list_show_update_rebuild_server_296): 200 GET http://10.180.1.21/compute/v2.1/servers/b7e57154-466d-49ce-bdf2-49289b28726e 5.974s
2025-12-15 16:10:33.309 65545 INFO tempest.common.waiters [-] State transition "BUILD/block_device_mapping" ==> "BUILD/spawning" after 12 second wait
2025-12-15 16:10:33.318 65511 INFO tempest.lib.common.rest_client [req-737a532a-2881-416d-94c2-468d96711be6 req-737a532a-2881-416d-94c2-468d96711be6 ] Request (QuotasAdminTestV257:test_get_updated_quotas): 200 GET http://10.180.1.21/identity/v3/domains?name=Default 0.119s
2025-12-15 16:10:33.328 65515 INFO tempest.lib.common.rest_client [req-f35ddf90-fcf8-4332-b4a9-1d5e679e87c2 req-f35ddf90-fcf8-4332-b4a9-1d5e679e87c2 ] Request (DeleteServersAdminTestJSON:tearDownClass): 404 GET http://10.180.1.21/compute/v2.1/servers/b157b334-0cfb-41b1-b546-201430ee7b9f 5.992s
2025-12-15 16:10:33.353 65511 INFO tempest.lib.common.rest_client [req-fc276dd2-992d-4e64-a516-d9fe524ab377 req-fc276dd2-992d-4e64-a516-d9fe524ab377 ] Request (QuotasAdminTestV257:test_get_updated_quotas): 201 POST http://10.180.1.21/identity/v3/projects 0.034s
2025-12-15 16:10:33.411 65511 INFO tempest.lib.common.rest_client [req-ff4e353e-0f24-40b5-ab60-39416ae4ef62 req-ff4e353e-0f24-40b5-ab60-39416ae4ef62 ] Request (QuotasAdminTestV257:test_get_updated_quotas): 200 GET http://10.180.1.21/identity/v3/domains?name=Default 0.057s
2025-12-15 16:10:33.501 65527 INFO tempest.lib.common.rest_client [req-7c837c73-d311-4350-9e82-6b0cadea0a0d req-7c837c73-d311-4350-9e82-6b0cadea0a0d ] Request (ServersAdminTestJSON:test_create_server_with_scheduling_hint): 200 GET http://10.180.1.21/compute/v2.1/servers/c54b68df-0213-46d4-ad6c-a55982a837dd 6.046s
2025-12-15 16:10:33.505 65515 INFO tempest.lib.common.rest_client [req-5551354c-34df-44b8-8b5a-a94a31c88cc0 req-5551354c-34df-44b8-8b5a-a94a31c88cc0 ] Request (DeleteServersAdminTestJSON:tearDownClass): 204 DELETE http://10.180.1.21/identity/v3/users/52eaf6dc408b41808a793baffe87dcc8 0.176s
2025-12-15 16:10:33.509 65527 INFO tempest.common.waiters [-] State transition "BUILD/spawning" ==> "ACTIVE/None" after 27 second wait
2025-12-15 16:10:33.581 65519 INFO tempest.lib.common.rest_client [req-f20259c6-110e-4a63-bc59-38158e41bc85 req-f20259c6-110e-4a63-bc59-38158e41bc85 ] Request (ServerRescueTestJSON:setUpClass): 200 GET http://10.180.1.21/compute/v2.1/servers/9356cd81-232f-4a2a-a5eb-e8ec5c0087e0 5.896s
2025-12-15 16:10:33.589 65527 INFO tempest.lib.common.rest_client [req-cd2c1b4a-5ab9-468f-9b82-1d3e96dc6f9b req-cd2c1b4a-5ab9-468f-9b82-1d3e96dc6f9b ] Request (ServersAdminTestJSON:test_inject_network_info): 201 POST http://10.180.1.21/identity/v3/auth/tokens 0.076s
2025-12-15 16:10:33.590 65527 INFO tempest.lib.common.fixed_network [-] (ServersAdminTestJSON:test_inject_network_info) Found network {'id': '902d9940-3bd0-43a7-8d5b-c9146712b048', 'name': 'tempest-ServersAdminTestJSON-1886906264-network', 'tenant_id': '2f4bb84df7fb4fd4b07000b93a3d3b9b', 'project_id': '2f4bb84df7fb4fd4b07000b93a3d3b9b', 'admin_state_up': True, 'mtu': 8950, 'status': 'ACTIVE', 'subnets': [], 'shared': False, 'port_security_enabled': True, 'router:external': False, 'provider:network_type': 'vlan', 'provider:physical_network': 'default', 'provider:segmentation_id': 718, 'availability_zone_hints': [], 'availability_zones': [], 'ipv4_address_scope': None, 'ipv6_address_scope': None, 'description': '', 'tags': [], 'created_at': '2025-12-15T16:09:16Z', 'updated_at': '2025-12-15T16:09:16Z', 'revision_number': 1} available for tenant
2025-12-15 16:10:33.590 65519 INFO tempest.common.waiters [-] State transition "BUILD/scheduling" ==> "BUILD/None" after 7 second wait
2025-12-15 16:10:33.630 65515 INFO tempest.lib.common.rest_client [req-60ef40ad-7dbf-4710-ab3b-50b9f705f281 req-60ef40ad-7dbf-4710-ab3b-50b9f705f281 ] Request (DeleteServersAdminTestJSON:tearDownClass): 204 DELETE http://10.180.1.21/identity/v3/users/8ddac3847c304b4e903a3218de50f796 0.124s
2025-12-15 16:10:33.630 65515 INFO tempest.lib.common.dynamic_creds [-] Deleting project and security group for project: 986fb4e8429c4b2d8beec9e4daa2a9fb
2025-12-15 16:10:33.655 65551 WARNING tempest.lib.common.ssh [-] Failed to establish authenticated ssh connection to cirros@10.180.180.160 ([Errno None] Unable to connect to port 22 on 10.180.180.160). Number attempts: 5. Retry after 6 seconds.: paramiko.ssh_exception.NoValidConnectionsError: [Errno None] Unable to connect to port 22 on 10.180.180.160
2025-12-15 16:10:33.703 65515 INFO tempest.lib.common.rest_client [req-7d2f9cae-fa96-4411-961b-033ad76514f5 req-7d2f9cae-fa96-4411-961b-033ad76514f5 ] Request (DeleteServersAdminTestJSON:tearDownClass): 201 POST http://10.180.1.21/identity/v3/auth/tokens 0.073s
2025-12-15 16:10:33.723 65495 INFO tempest.lib.common.rest_client [req-5c5bbe89-992e-4651-bfcd-b0ac7a12f55f req-5c5bbe89-992e-4651-bfcd-b0ac7a12f55f ] Request (SecurityGroupRulesNegativeTestJSON:tearDownClass): 202 DELETE http://10.180.1.21/compute/v2.1/os-security-groups/6dcfb729-e02d-468c-a502-8e8c41368076 5.983s
2025-12-15 16:10:33.834 65515 INFO tempest.lib.common.rest_client [req-d1227fb2-ba03-403c-8de6-cef77bd8b0fb req-d1227fb2-ba03-403c-8de6-cef77bd8b0fb ] Request (DeleteServersAdminTestJSON:tearDownClass): 200 GET http://10.180.1.21/networking/v2.0/security-groups?tenant_id=986fb4e8429c4b2d8beec9e4daa2a9fb&name=default 0.130s
2025-12-15 16:10:33.971 65537 INFO tempest.lib.common.rest_client [req-90e6b045-d92f-4e91-96ac-40946e420a66 req-90e6b045-d92f-4e91-96ac-40946e420a66 ] Request (ServerDiskConfigTestJSON:test_rebuild_server_with_auto_disk_config): 202 POST http://10.180.1.21/compute/v2.1/servers/c8ecc0a2-af37-4985-92ac-c07d6ede0521/action 5.930s
2025-12-15 16:10:33.984 65515 INFO tempest.lib.common.rest_client [req-96e203e5-594f-4de5-af06-0f810d953ddb req-96e203e5-594f-4de5-af06-0f810d953ddb ] Request (DeleteServersAdminTestJSON:tearDownClass): 204 DELETE http://10.180.1.21/networking/v2.0/security-groups/c713a5b4-d91d-4c9c-8670-3e057521cf54 0.149s
2025-12-15 16:10:34.099 65515 INFO tempest.lib.common.rest_client [req-b0d1595e-8151-4629-8644-36ea0e39744e req-b0d1595e-8151-4629-8644-36ea0e39744e ] Request (DeleteServersAdminTestJSON:tearDownClass): 204 DELETE http://10.180.1.21/identity/v3/projects/986fb4e8429c4b2d8beec9e4daa2a9fb 0.115s
2025-12-15 16:10:34.100 65515 INFO tempest.lib.common.dynamic_creds [-] Deleting project and security group for project: 13cd68f041b34df1b166c04810144769
2025-12-15 16:10:34.186 65517 INFO tempest.lib.common.rest_client [req-723c92b2-e7e0-42ae-aa5d-f6a6f370dfaf req-723c92b2-e7e0-42ae-aa5d-f6a6f370dfaf ] Request (ImagesMetadataNegativeTestJSON:test_delete_nonexistent_image_metadata_item): 404 DELETE http://10.180.1.21/compute/v2.1/images/9192c960-229f-415f-91a3-912d1272570a/metadata/os_distro 6.001s
2025-12-15 16:10:34.229 65515 INFO tempest.lib.common.rest_client [req-c26551dc-b9f3-4e83-85d6-828be216792a req-c26551dc-b9f3-4e83-85d6-828be216792a ] Request (DeleteServersAdminTestJSON:tearDownClass): 200 GET http://10.180.1.21/networking/v2.0/security-groups?tenant_id=13cd68f041b34df1b166c04810144769&name=default 0.129s
2025-12-15 16:10:34.425 65515 INFO tempest.lib.common.rest_client [req-f4b1fdd2-05d3-4973-9a81-7fcdfbb23991 req-f4b1fdd2-05d3-4973-9a81-7fcdfbb23991 ] Request (DeleteServersAdminTestJSON:tearDownClass): 204 DELETE http://10.180.1.21/networking/v2.0/security-groups/5a4bca62-a4c0-4c7d-a39a-9e3fd8d57bc2 0.195s
2025-12-15 16:10:34.525 65499 INFO tempest.lib.common.rest_client [req-ebfe4269-f6eb-4d88-9e70-4d9f85fe3539 req-ebfe4269-f6eb-4d88-9e70-4d9f85fe3539 ] Request (FloatingIPsAssociationTestJSON:setUpClass): 200 GET http://10.180.1.21/compute/v2.1/servers/f65835eb-35c1-4685-98e3-ef00796b3a9f 6.325s
2025-12-15 16:10:34.575 65515 INFO tempest.lib.common.rest_client [req-aa680732-ff52-49ce-95a7-e7084228f9b5 req-aa680732-ff52-49ce-95a7-e7084228f9b5 ] Request (DeleteServersAdminTestJSON:tearDownClass): 204 DELETE http://10.180.1.21/identity/v3/projects/13cd68f041b34df1b166c04810144769 0.150s
2025-12-15 16:10:34.638 65515 INFO tempest.lib.common.rest_client [req-0acda8de-8de9-485e-8ba6-3eb5d15ac5a6 req-0acda8de-8de9-485e-8ba6-3eb5d15ac5a6 ] Request (FloatingIPsTestJSON:setUpClass): 201 POST http://10.180.1.21/identity/v3/auth/tokens 0.061s
2025-12-15 16:10:34.671 65515 INFO tempest.lib.common.rest_client [req-09e9757a-ad81-4d11-9981-94ab01b35bf6 req-09e9757a-ad81-4d11-9981-94ab01b35bf6 ] Request (FloatingIPsTestJSON:setUpClass): 201 POST http://10.180.1.21/identity/v3/auth/tokens 0.031s
2025-12-15 16:10:34.696 65515 INFO tempest.lib.common.rest_client [req-3f269255-38e7-49a0-88b3-cd824e60dac6 req-3f269255-38e7-49a0-88b3-cd824e60dac6 ] Request (FloatingIPsTestJSON:setUpClass): 200 GET http://10.180.1.21/identity/v3/domains?name=Default 0.024s
2025-12-15 16:10:34.725 65515 INFO tempest.lib.common.rest_client [req-11ab6884-6545-4046-96ba-f1c7527a8be7 req-11ab6884-6545-4046-96ba-f1c7527a8be7 ] Request (FloatingIPsTestJSON:setUpClass): 201 POST http://10.180.1.21/identity/v3/projects 0.028s
2025-12-15 16:10:34.801 65515 INFO tempest.lib.common.rest_client [req-5998a93c-a4b0-460e-8d7f-7516f213ff2a req-5998a93c-a4b0-460e-8d7f-7516f213ff2a ] Request (FloatingIPsTestJSON:setUpClass): 201 POST http://10.180.1.21/identity/v3/users 0.075s
2025-12-15 16:10:34.829 65515 INFO tempest.lib.common.rest_client [req-478d2d50-7789-4c07-b8dd-5d5f161537c4 req-478d2d50-7789-4c07-b8dd-5d5f161537c4 ] Request (FloatingIPsTestJSON:setUpClass): 200 GET http://10.180.1.21/identity/v3/roles 0.027s
2025-12-15 16:10:34.834 65521 INFO tempest.lib.common.rest_client [req-d5c43d00-529d-4c77-a134-b93e604f91c2 req-d5c43d00-529d-4c77-a134-b93e604f91c2 ] Request (ListServersNegativeTestJSON:setUpClass): 200 GET http://10.180.1.21/compute/v2.1/servers/1085f7d7-d2bb-4783-a750-1270bca73332 6.381s
2025-12-15 16:10:34.874 65515 INFO tempest.lib.common.rest_client [req-7738969f-a989-4c20-ad60-d623b51cdd23 req-7738969f-a989-4c20-ad60-d623b51cdd23 ] Request (FloatingIPsTestJSON:setUpClass): 204 PUT http://10.180.1.21/identity/v3/projects/13d7d1ae422b476ba4fa6ea78d2e665a/users/8a82e9c052dd4fc390c3cfd1f3f23610/roles/380eb3ad072b411da444d993225343b8 0.045s
2025-12-15 16:10:34.875 65515 INFO tempest.lib.common.dynamic_creds [-] Dynamic test user 8a82e9c052dd4fc390c3cfd1f3f23610 is created with scope project and roles: ['member']
2025-12-15 16:10:34.875 65515 INFO tempest.lib.common.dynamic_creds [-] Acquired dynamic creds: credentials: Credentials: {'domain_id': 'default', 'domain_name': 'Default', 'username': 'tempest-FloatingIPsTestJSON-425933190-project-member', 'project_domain_id': 'default', 'project_domain_name': 'Default', 'project_id': '13d7d1ae422b476ba4fa6ea78d2e665a', 'project_name': 'tempest-FloatingIPsTestJSON-425933190', 'tenant_id': '13d7d1ae422b476ba4fa6ea78d2e665a', 'tenant_name': 'tempest-FloatingIPsTestJSON-425933190', 'user_domain_id': 'default', 'user_domain_name': 'Default', 'user_id': '8a82e9c052dd4fc390c3cfd1f3f23610', 'system': None}, Network: None, Subnet: None, Router: None
2025-12-15 16:10:34.961 65515 INFO tempest.lib.common.rest_client [req-8cefbf59-5f60-44ba-9562-f1086e3019ed req-8cefbf59-5f60-44ba-9562-f1086e3019ed ] Request (FloatingIPsTestJSON:setUpClass): 201 POST http://10.180.1.21/identity/v3/auth/tokens 0.086s
2025-12-15 16:10:35.338 65515 INFO tempest.lib.common.rest_client [req-8aeeba71-a2f3-4774-a1c1-1a355161967d req-8aeeba71-a2f3-4774-a1c1-1a355161967d ] Request (FloatingIPsTestJSON:setUpClass): 201 POST http://10.180.1.21/networking/v2.0/networks 0.376s
2025-12-15 16:10:35.371 65535 INFO tempest.lib.common.rest_client [req-b005eb92-30c7-4e01-9c38-2d3c4c9cfa67 req-b005eb92-30c7-4e01-9c38-2d3c4c9cfa67 ] Request (ImagesOneServerNegativeTestJSON:_run_cleanups): 200 GET http://10.180.1.21/compute/v2.1/servers/f9d4a3b9-e97f-42c6-add0-520030b332a6 6.805s
2025-12-15 16:10:35.379 65535 INFO tempest.common.waiters [-] State transition "BUILD/None" ==> "BUILD/spawning" after 12 second wait
2025-12-15 16:10:35.625 65515 INFO tempest.lib.common.rest_client [req-ba9b77c8-acc4-4d0a-a72c-6d76589a0395 req-ba9b77c8-acc4-4d0a-a72c-6d76589a0395 ] Request (FloatingIPsTestJSON:setUpClass): 201 POST http://10.180.1.21/networking/v2.0/subnets 0.286s
2025-12-15 16:10:35.649 65509 INFO tempest.lib.common.rest_client [req-3815958b-c01a-4f8f-ad6d-e7e741ae4ac5 req-3815958b-c01a-4f8f-ad6d-e7e741ae4ac5 ] Request (ServersNegativeTestJSON:setUpClass): 200 GET http://10.180.1.21/compute/v2.1/servers/7a4b4b5f-321a-47af-b06f-f3004049aaaf 6.983s
2025-12-15 16:10:35.838 65523 INFO tempest.lib.common.rest_client [req-f29e499c-130a-4d82-9bde-bab00ed8e99d req-f29e499c-130a-4d82-9bde-bab00ed8e99d ] Request (FlavorsV255TestJSON:test_crud_flavor): 200 POST http://10.180.1.21/compute/v2.1/flavors 6.316s
2025-12-15 16:10:36.572 65515 INFO tempest.lib.common.rest_client [req-0741faac-b6c0-4330-8090-ccf22563e19e req-0741faac-b6c0-4330-8090-ccf22563e19e ] Request (FloatingIPsTestJSON:setUpClass): 201 POST http://10.180.1.21/networking/v2.0/routers 0.947s
2025-12-15 16:10:36.720 65543 INFO tempest.lib.common.rest_client [req-cd2154e9-6696-4c64-910e-e9feafa22148 req-cd2154e9-6696-4c64-910e-e9feafa22148 ] Request (AttachInterfacesTestJSON:test_create_list_show_delete_interfaces_by_fixed_ip): 200 POST http://10.180.1.21/compute/v2.1/servers/191db68f-a674-48fd-9b36-9b6f83a7e255/os-interface 12.854s
2025-12-15 16:10:37.021 65525 WARNING tempest.lib.common.ssh [-] Failed to establish authenticated ssh connection to cirros@10.180.180.165 ([Errno None] Unable to connect to port 22 on 10.180.180.165). Number attempts: 10. Retry after 11 seconds.: paramiko.ssh_exception.NoValidConnectionsError: [Errno None] Unable to connect to port 22 on 10.180.180.165
2025-12-15 16:10:37.529 65541 INFO tempest.lib.common.rest_client [req-89a612a3-6509-4f7e-b9a6-16fbf0aa65bd req-89a612a3-6509-4f7e-b9a6-16fbf0aa65bd ] Request (MigrationsAdminTest:test_resize_server_revert_deleted_flavor): 200 GET http://10.180.1.21/compute/v2.1/servers/9701c843-b47f-47fc-912d-00804e71040d 5.880s
2025-12-15 16:10:37.549 65505 INFO tempest.lib.common.rest_client [req-87d2c104-3755-4181-9156-b6c614c0a2c3 req-87d2c104-3755-4181-9156-b6c614c0a2c3 ] Request (KeyPairsV22TestJSON:_run_cleanups): 204 DELETE http://10.180.1.21/compute/v2.1/os-keypairs/tempest-KeyPairsV22TestJSON-keypair-1052820831 5.599s
2025-12-15 16:10:37.595 65555 INFO tempest.lib.common.rest_client [req-574626c6-f210-4900-bb1a-a664d929ce86 req-574626c6-f210-4900-bb1a-a664d929ce86 ] Request (VolumesSnapshotsTestJSON:test_volume_snapshot_create_get_list_delete): 200 GET http://10.180.1.21/compute/v2.1/os-snapshots/23a5c8e6-41b2-4a47-9971-a422dd474a2a 5.494s
2025-12-15 16:10:37.621 65539 INFO tempest.lib.common.rest_client [req-39eeb9aa-90ad-44e9-a0b5-183ab9b0df94 req-39eeb9aa-90ad-44e9-a0b5-183ab9b0df94 ] Request (FlavorsAdminTestJSON:test_list_public_flavor_with_other_user): 200 GET http://10.180.1.21/compute/v2.1/flavors/detail 5.492s
2025-12-15 16:10:37.782 65515 INFO tempest.lib.common.rest_client [req-b813be8f-51c5-4fde-a619-ec8666c17bd9 req-b813be8f-51c5-4fde-a619-ec8666c17bd9 ] Request (FloatingIPsTestJSON:setUpClass): 200 PUT http://10.180.1.21/networking/v2.0/routers/b6b14c3a-6b64-4901-b139-2014a2ccc226/add_router_interface 1.209s
2025-12-15 16:10:37.782 65515 INFO tempest.lib.common.dynamic_creds [-] Created isolated network resources for: credentials: Credentials: {'domain_id': 'default', 'domain_name': 'Default', 'username': 'tempest-FloatingIPsTestJSON-425933190-project-member', 'project_domain_id': 'default', 'project_domain_name': 'Default', 'project_id': '13d7d1ae422b476ba4fa6ea78d2e665a', 'project_name': 'tempest-FloatingIPsTestJSON-425933190', 'tenant_id': '13d7d1ae422b476ba4fa6ea78d2e665a', 'tenant_name': 'tempest-FloatingIPsTestJSON-425933190', 'user_domain_id': 'default', 'user_domain_name': 'Default', 'user_id': '8a82e9c052dd4fc390c3cfd1f3f23610', 'system': None}, Network: {'id': '66429f5b-4b17-422e-9531-3bec020061cb', 'name': 'tempest-FloatingIPsTestJSON-1146134233-network', 'tenant_id': '13d7d1ae422b476ba4fa6ea78d2e665a', 'project_id': '13d7d1ae422b476ba4fa6ea78d2e665a', 'admin_state_up': True, 'mtu': 8950, 'status': 'ACTIVE', 'subnets': [], 'shared': False, 'port_security_enabled': True, 'router:external': False, 'provider:network_type': 'vlan', 'provider:physical_network': 'default', 'provider:segmentation_id': 850, 'availability_zone_hints': [], 'availability_zones': [], 'ipv4_address_scope': None, 'ipv6_address_scope': None, 'description': '', 'tags': [], 'created_at': '2025-12-15T16:10:35Z', 'updated_at': '2025-12-15T16:10:35Z', 'revision_number': 1}, Subnet: {'id': 'd9481e7d-a9c9-4e99-b514-96de771b6985', 'name': 'tempest-FloatingIPsTestJSON-1146134233-subnet', 'tenant_id': '13d7d1ae422b476ba4fa6ea78d2e665a', 'network_id': '66429f5b-4b17-422e-9531-3bec020061cb', 'ip_version': 4, 'subnetpool_id': None, 'enable_dhcp': True, 'ipv6_ra_mode': None, 'ipv6_address_mode': None, 'gateway_ip': '192.168.128.1', 'cidr': '192.168.128.0/28', 'allocation_pools': [{'start': '192.168.128.2', 'end': '192.168.128.14'}], 'host_routes': [], 'dns_nameservers': [], 'description': '', 'router:external': False, 'service_types': [], 'tags': [], 'created_at': '2025-12-15T16:10:35Z', 'updated_at': '2025-12-15T16:10:35Z', 'revision_number': 0, 'project_id': '13d7d1ae422b476ba4fa6ea78d2e665a'}, Router: {'id': 'b6b14c3a-6b64-4901-b139-2014a2ccc226', 'name': 'tempest-FloatingIPsTestJSON-1146134233-router', 'tenant_id': '13d7d1ae422b476ba4fa6ea78d2e665a', 'admin_state_up': True, 'status': 'ACTIVE', 'external_gateway_info': {'network_id': 'ac962b30-2800-439d-94d9-d5e949ef2f8a', 'external_fixed_ips': [{'subnet_id': 'f913069a-9b6c-4cb1-a49c-521245bad301', 'ip_address': '10.180.180.196'}], 'enable_snat': True}, 'description': '', 'availability_zones': [], 'distributed': False, 'ha': False, 'availability_zone_hints': [], 'routes': [], 'flavor_id': None, 'tags': [], 'created_at': '2025-12-15T16:10:35Z', 'updated_at': '2025-12-15T16:10:36Z', 'revision_number': 2, 'project_id': '13d7d1ae422b476ba4fa6ea78d2e665a'}
2025-12-15 16:10:37.860 65497 INFO tempest.lib.common.rest_client [req-e33853dc-d42c-4f44-bba7-7e859bdc0b50 req-e33853dc-d42c-4f44-bba7-7e859bdc0b50 ] Request (ImagesOneServerTestJSON:tearDownClass): 200 GET http://10.180.1.21/compute/v2.1/servers/9fecebed-2db8-4b95-ba72-a45b4c3afeb2 5.623s
2025-12-15 16:10:37.898 65515 INFO tempest.lib.common.rest_client [req-b30e197e-6279-42d8-a8b4-8366a2980b22 req-b30e197e-6279-42d8-a8b4-8366a2980b22 ] Request (FloatingIPsTestJSON:setUpClass): 201 POST http://10.180.1.21/identity/v3/auth/tokens 0.109s
2025-12-15 16:10:38.182 65549 INFO tempest.lib.common.rest_client [req-0f39f37d-d344-4582-adb7-c46e116c7eab req-0f39f37d-d344-4582-adb7-c46e116c7eab ] Request (ServersTestJSON:setUpClass): 200 GET http://10.180.1.21/compute/v2.1/servers/00216a2b-db21-4b3d-8a6d-9996b9cf992b 5.598s
2025-12-15 16:10:38.190 65549 INFO tempest.lib.common.ssh [-] Creating ssh connection to '10.180.180.203:22' as 'cirros' with public key authentication
2025-12-15 16:10:38.208 65549 WARNING tempest.lib.common.ssh [-] Failed to establish authenticated ssh connection to cirros@10.180.180.203 ([Errno None] Unable to connect to port 22 on 10.180.180.203). Number attempts: 1. Retry after 2 seconds.: paramiko.ssh_exception.NoValidConnectionsError: [Errno None] Unable to connect to port 22 on 10.180.180.203
2025-12-15 16:10:38.288 65501 INFO tempest.lib.common.rest_client [req-77c57980-8d0c-4fb0-ba40-6b7603084983 req-77c57980-8d0c-4fb0-ba40-6b7603084983 ] Request (ServersTestMultiNic:_run_cleanups): 200 GET http://10.180.1.21/compute/v2.1/servers/1efc880d-c464-49c8-a03e-67d710928a31 5.508s
2025-12-15 16:10:38.299 65501 INFO tempest.common.waiters [-] State transition "ACTIVE/deleting" ==> "DELETED/None" after 7 second wait
2025-12-15 16:10:38.350 65533 INFO tempest.lib.common.rest_client [req-23571895-e3fe-4e4f-9b21-3543f079573b req-23571895-e3fe-4e4f-9b21-3543f079573b ] Request (ServerActionsTestJSON:test_lock_unlock_server): 202 POST http://10.180.1.21/compute/v2.1/servers/87c72a14-a60c-4edd-b7d2-66de483194ad/action 5.185s
2025-12-15 16:10:38.365 65507 INFO tempest.lib.common.rest_client [req-3ad235d0-5163-43ac-951d-ad4e308aa630 req-3ad235d0-5163-43ac-951d-ad4e308aa630 ] Request (FloatingIPsAssociationNegativeTestJSON:test_associate_ip_to_server_with_floating_ip): 202 POST http://10.180.1.21/compute/v2.1/servers/cb83d0db-46de-423b-ac00-a1a443c39210/action 7.549s
2025-12-15 16:10:38.374 65513 INFO tempest.lib.common.rest_client [req-d0d43a26-8308-4ad0-9d1f-98dd3b81690d req-d0d43a26-8308-4ad0-9d1f-98dd3b81690d ] Request (ServersAdminNegativeTestJSON:test_restore_server_invalid_state): 409 POST http://10.180.1.21/compute/v2.1/servers/f4acb437-2289-4a5c-bfbf-64c73ab543b0/action 5.184s
2025-12-15 16:10:38.556 65511 INFO tempest.lib.common.rest_client [req-563e6617-0723-4baf-b365-9fbb04bb6387 req-563e6617-0723-4baf-b365-9fbb04bb6387 ] Request (QuotasAdminTestV257:test_get_updated_quotas): 200 PUT http://10.180.1.21/compute/v2.1/os-quota-sets/c1a624128ad34bd6856dda2cea9b8329 5.145s
2025-12-15 16:10:38.829 65495 INFO tempest.lib.common.rest_client [req-db20a0ff-b4e2-443b-8918-4eb6a167231f req-db20a0ff-b4e2-443b-8918-4eb6a167231f ] Request (SecurityGroupRulesNegativeTestJSON:tearDownClass): 202 DELETE http://10.180.1.21/compute/v2.1/os-security-groups/fd912571-bc8e-4fb4-80a8-002d5eea3723 5.105s
2025-12-15 16:10:38.985 65527 INFO tempest.lib.common.rest_client [req-6a263e1f-27c2-4e8c-b091-3bce6b138f34 req-6a263e1f-27c2-4e8c-b091-3bce6b138f34 ] Request (ServersAdminTestJSON:test_inject_network_info): 202 POST http://10.180.1.21/compute/v2.1/servers 5.395s
2025-12-15 16:10:39.434 65493 INFO tempest.lib.common.rest_client [req-ceb26c57-6f5e-4c7f-80e5-b02f6289f94b req-ceb26c57-6f5e-4c7f-80e5-b02f6289f94b ] Request (ImagesTestJSON:test_create_image_from_stopped_server): 200 GET http://10.180.1.21/compute/v2.1/servers/335d40fc-4d5f-4174-bc69-d9b26dfcd71b 5.485s
2025-12-15 16:10:39.441 65493 INFO tempest.common.waiters [-] State transition "BUILD/None" ==> "BUILD/networking" after 14 second wait
2025-12-15 16:10:39.471 65531 INFO tempest.lib.common.rest_client [req-6dac7c2c-8934-4f10-a2dc-22ff8d921f24 req-6dac7c2c-8934-4f10-a2dc-22ff8d921f24 ] Request (DeleteServersTestJSON:test_delete_server_while_in_attached_volume): 200 GET http://10.180.1.21/compute/v2.1/servers/dfee739b-2535-4cb3-8ea9-1d783b9fdd79 5.637s
2025-12-15 16:10:39.481 65531 INFO tempest.common.waiters [-] State transition "BUILD/spawning" ==> "ACTIVE/None" after 20 second wait
2025-12-15 16:10:39.497 65517 INFO tempest.lib.common.rest_client [req-bbee763d-1a46-4e0b-b8d8-15966c67257f req-bbee763d-1a46-4e0b-b8d8-15966c67257f ] Request (ImagesMetadataNegativeTestJSON:test_get_nonexistent_image_metadata_item): 404 GET http://10.180.1.21/compute/v2.1/images/7d28479f-c2af-459b-85e5-387ee6084054/metadata/os_version 5.310s
2025-12-15 16:10:39.738 65531 INFO tempest.lib.common.rest_client [req-401fdf13-d6f3-46f8-95a9-bc3b02f0cf45 req-401fdf13-d6f3-46f8-95a9-bc3b02f0cf45 ] Request (DeleteServersTestJSON:test_delete_server_while_in_attached_volume): 202 POST http://10.180.1.21/volume/v3/volumes 0.256s
2025-12-15 16:10:39.789 65531 INFO tempest.lib.common.rest_client [req-43f7b278-b1e0-4fd9-98bb-d9a081bcb710 req-43f7b278-b1e0-4fd9-98bb-d9a081bcb710 ] Request (DeleteServersTestJSON:test_delete_server_while_in_attached_volume): 200 GET http://10.180.1.21/volume/v3/volumes/b97cac46-24c6-41f2-9954-ccf2f68a32da 0.042s
2025-12-15 16:10:39.939 65495 INFO tempest.lib.common.rest_client [req-6e4aa0b4-da11-4327-9de2-99722c3867d7 req-6e4aa0b4-da11-4327-9de2-99722c3867d7 ] Request (SecurityGroupRulesNegativeTestJSON:tearDownClass): 200 PUT http://10.180.1.21/networking/v2.0/routers/869ddb8a-e8ed-4a8c-abba-f7f38477fcf6/remove_router_interface 1.110s
2025-12-15 16:10:40.070 65545 INFO tempest.lib.common.rest_client [req-bed35527-7c07-432a-a856-31d4c4b540fa req-bed35527-7c07-432a-a856-31d4c4b540fa ] Request (ServersListShow296Test:test_list_show_update_rebuild_server_296): 200 GET http://10.180.1.21/compute/v2.1/servers/b7e57154-466d-49ce-bdf2-49289b28726e 5.760s
2025-12-15 16:10:40.083 65545 INFO tempest.common.waiters [-] State transition "BUILD/spawning" ==> "ACTIVE/None" after 19 second wait
2025-12-15 16:10:40.164 65551 WARNING tempest.lib.common.ssh [-] Failed to establish authenticated ssh connection to cirros@10.180.180.160 ([Errno None] Unable to connect to port 22 on 10.180.180.160). Number attempts: 6. Retry after 7 seconds.: paramiko.ssh_exception.NoValidConnectionsError: [Errno None] Unable to connect to port 22 on 10.180.180.160
2025-12-15 16:10:40.417 65529 WARNING tempest.lib.common.ssh [-] Failed to establish authenticated ssh connection to cirros@10.180.180.235 ([Errno None] Unable to connect to port 22 on 10.180.180.235). Number attempts: 6. Retry after 7 seconds.: paramiko.ssh_exception.NoValidConnectionsError: [Errno None] Unable to connect to port 22 on 10.180.180.235
2025-12-15 16:10:40.545 65495 INFO tempest.lib.common.rest_client [req-a6a150cc-3290-4b68-ad26-0c63f11d0e2c req-a6a150cc-3290-4b68-ad26-0c63f11d0e2c ] Request (SecurityGroupRulesNegativeTestJSON:tearDownClass): 204 DELETE http://10.180.1.21/networking/v2.0/routers/869ddb8a-e8ed-4a8c-abba-f7f38477fcf6 0.606s
2025-12-15 16:10:40.578 65537 INFO tempest.lib.common.rest_client [req-792d40c1-2f85-471c-b9e1-65e52f1ef803 req-792d40c1-2f85-471c-b9e1-65e52f1ef803 ] Request (ServerDiskConfigTestJSON:test_rebuild_server_with_auto_disk_config): 200 GET http://10.180.1.21/compute/v2.1/servers/c8ecc0a2-af37-4985-92ac-c07d6ede0521 6.595s
2025-12-15 16:10:40.594 65519 INFO tempest.lib.common.rest_client [req-46764650-8bba-4c5a-a07c-15d74ce6b753 req-46764650-8bba-4c5a-a07c-15d74ce6b753 ] Request (ServerRescueTestJSON:setUpClass): 200 GET http://10.180.1.21/compute/v2.1/servers/9356cd81-232f-4a2a-a5eb-e8ec5c0087e0 6.002s
2025-12-15 16:10:40.692 65523 INFO tempest.lib.common.rest_client [req-aabf962e-6115-4cd6-99ff-f45dbabfba7a req-aabf962e-6115-4cd6-99ff-f45dbabfba7a ] Request (FlavorsV255TestJSON:test_crud_flavor): 200 GET http://10.180.1.21/compute/v2.1/flavors/701671960 4.850s
2025-12-15 16:10:40.711 65549 WARNING tempest.lib.common.ssh [-] Failed to establish authenticated ssh connection to cirros@10.180.180.203 ([Errno None] Unable to connect to port 22 on 10.180.180.203). Number attempts: 2. Retry after 3 seconds.: paramiko.ssh_exception.NoValidConnectionsError: [Errno None] Unable to connect to port 22 on 10.180.180.203
2025-12-15 16:10:40.841 65531 INFO tempest.lib.common.rest_client [req-f9d70429-b1ea-41c1-a063-d935d1bf4bde req-f9d70429-b1ea-41c1-a063-d935d1bf4bde ] Request (DeleteServersTestJSON:test_delete_server_while_in_attached_volume): 200 GET http://10.180.1.21/volume/v3/volumes/b97cac46-24c6-41f2-9954-ccf2f68a32da 0.040s
2025-12-15 16:10:40.847 65531 INFO tempest.common.waiters [-] volume b97cac46-24c6-41f2-9954-ccf2f68a32da reached available after waiting for 1.847757 seconds
2025-12-15 16:10:40.857 65495 INFO tempest.lib.common.rest_client [req-27b0a604-ca2a-41a2-91ab-622f53dc40c2 req-27b0a604-ca2a-41a2-91ab-622f53dc40c2 ] Request (SecurityGroupRulesNegativeTestJSON:tearDownClass): 204 DELETE http://10.180.1.21/networking/v2.0/subnets/24e4a5f9-8624-4799-ad2d-6388a8a71b12 0.309s
2025-12-15 16:10:41.347 65495 INFO tempest.lib.common.rest_client [req-d7c2b79d-d01d-4f12-bffa-061efe8cf0cd req-d7c2b79d-d01d-4f12-bffa-061efe8cf0cd ] Request (SecurityGroupRulesNegativeTestJSON:tearDownClass): 204 DELETE http://10.180.1.21/networking/v2.0/networks/d5228c73-1e07-4aa4-885c-e6e5f1a0fa19 0.489s
2025-12-15 16:10:41.388 65499 INFO tempest.lib.common.rest_client [req-94d9fe86-f65d-41eb-a7aa-13de7a0c46d2 req-94d9fe86-f65d-41eb-a7aa-13de7a0c46d2 ] Request (FloatingIPsAssociationTestJSON:setUpClass): 200 GET http://10.180.1.21/compute/v2.1/servers/f65835eb-35c1-4685-98e3-ef00796b3a9f 5.852s
2025-12-15 16:10:41.395 65499 INFO tempest.common.waiters [-] State transition "BUILD/spawning" ==> "ACTIVE/None" after 24 second wait
2025-12-15 16:10:41.457 65495 INFO tempest.lib.common.rest_client [req-13857e98-01a5-42ea-b06f-7d3051205df3 req-13857e98-01a5-42ea-b06f-7d3051205df3 ] Request (SecurityGroupRulesNegativeTestJSON:tearDownClass): 204 DELETE http://10.180.1.21/identity/v3/users/88dbf9abd95e41e7b72271919224e24a 0.110s
2025-12-15 16:10:41.458 65495 INFO tempest.lib.common.dynamic_creds [-] Deleting project and security group for project: 1bee8b91ab8844fa91fd29a54c221e4f
2025-12-15 16:10:41.471 65521 INFO tempest.lib.common.rest_client [req-8ee8bc91-4fea-408c-8dcb-f005be4f7aaa req-8ee8bc91-4fea-408c-8dcb-f005be4f7aaa ] Request (ListServersNegativeTestJSON:setUpClass): 200 GET http://10.180.1.21/compute/v2.1/servers/1085f7d7-d2bb-4783-a750-1270bca73332 5.629s
2025-12-15 16:10:41.478 65521 INFO tempest.common.waiters [-] State transition "BUILD/None" ==> "BUILD/spawning" after 14 second wait
2025-12-15 16:10:41.573 65495 INFO tempest.lib.common.rest_client [req-54d80f51-36c5-46a1-b267-019ddeeed289 req-54d80f51-36c5-46a1-b267-019ddeeed289 ] Request (SecurityGroupRulesNegativeTestJSON:tearDownClass): 200 GET http://10.180.1.21/networking/v2.0/security-groups?tenant_id=1bee8b91ab8844fa91fd29a54c221e4f&name=default 0.115s
2025-12-15 16:10:41.625 65509 INFO tempest.lib.common.rest_client [req-f2895a7b-6e95-4428-bdfc-fe16a52f8a2d req-f2895a7b-6e95-4428-bdfc-fe16a52f8a2d ] Request (ServersNegativeTestJSON:setUpClass): 200 GET http://10.180.1.21/compute/v2.1/servers/7a4b4b5f-321a-47af-b06f-f3004049aaaf 4.963s
2025-12-15 16:10:41.648 65535 INFO tempest.lib.common.rest_client [req-a71a3cc4-5074-425d-ac83-cbc0d9c78a7b req-a71a3cc4-5074-425d-ac83-cbc0d9c78a7b ] Request (ImagesOneServerNegativeTestJSON:_run_cleanups): 200 GET http://10.180.1.21/compute/v2.1/servers/f9d4a3b9-e97f-42c6-add0-520030b332a6 5.268s
2025-12-15 16:10:41.657 65535 INFO tempest.common.waiters [-] State transition "BUILD/spawning" ==> "ACTIVE/None" after 18 second wait
2025-12-15 16:10:41.711 65505 INFO tempest.lib.common.rest_client [req-922324dd-31f1-40c9-bdf3-c75ebb72a3fd req-922324dd-31f1-40c9-bdf3-c75ebb72a3fd ] Request (KeyPairsV22TestJSON:_run_cleanups): 204 DELETE http://10.180.1.21/compute/v2.1/os-keypairs/tempest-KeyPairsV22TestJSON-keypair-357728972 4.161s
2025-12-15 16:10:41.748 65555 INFO tempest.lib.common.rest_client [req-3077b9ff-a1f8-4471-9eca-5d7bb7fa8b2f req-3077b9ff-a1f8-4471-9eca-5d7bb7fa8b2f ] Request (VolumesSnapshotsTestJSON:test_volume_snapshot_create_get_list_delete): 200 GET http://10.180.1.21/compute/v2.1/os-snapshots 4.150s
2025-12-15 16:10:41.768 65539 INFO tempest.lib.common.rest_client [req-ee12e14d-f50e-4229-8e28-7d5de6dae4db req-ee12e14d-f50e-4229-8e28-7d5de6dae4db ] Request (FlavorsAdminTestJSON:_run_cleanups): 202 DELETE http://10.180.1.21/compute/v2.1/flavors/1181719561 4.139s
2025-12-15 16:10:41.802 65495 INFO tempest.lib.common.rest_client [req-0c216f0d-424d-4290-9aee-3e9a0cfd35f5 req-0c216f0d-424d-4290-9aee-3e9a0cfd35f5 ] Request (SecurityGroupRulesNegativeTestJSON:tearDownClass): 204 DELETE http://10.180.1.21/networking/v2.0/security-groups/3f114b41-5616-4de7-9fff-29dd88a6caba 0.228s
2025-12-15 16:10:41.830 65543 INFO tempest.lib.common.rest_client [req-bb7cd4cf-a2eb-41e6-bab5-7eeda6f8c072 req-bb7cd4cf-a2eb-41e6-bab5-7eeda6f8c072 ] Request (AttachInterfacesTestJSON:test_create_list_show_delete_interfaces_by_fixed_ip): 200 GET http://10.180.1.21/compute/v2.1/servers/191db68f-a674-48fd-9b36-9b6f83a7e255/os-interface/296fe211-5d95-4e6d-a9e4-f4ffefc73ab8 5.107s
2025-12-15 16:10:41.950 65495 INFO tempest.lib.common.rest_client [req-bed842c9-3bae-4c9f-b14b-3b75678e1257 req-bed842c9-3bae-4c9f-b14b-3b75678e1257 ] Request (SecurityGroupRulesNegativeTestJSON:tearDownClass): 204 DELETE http://10.180.1.21/identity/v3/projects/1bee8b91ab8844fa91fd29a54c221e4f 0.147s
2025-12-15 16:10:41.952 65495 INFO tempest.test [-] raised in ServerPersonalityTestJSON.setUpClass. Invoking tearDownClass.
2025-12-15 16:10:42.053 65495 INFO tempest.lib.common.rest_client [req-2fb00386-6220-42b5-8918-61616d919cef req-2fb00386-6220-42b5-8918-61616d919cef ] Request (ServersNegativeTestMultiTenantJSON:setUpClass): 201 POST http://10.180.1.21/identity/v3/auth/tokens 0.096s
2025-12-15 16:10:42.091 65495 INFO tempest.lib.common.rest_client [req-73dff2fa-88f2-4bba-9f77-ad370790b7a6 req-73dff2fa-88f2-4bba-9f77-ad370790b7a6 ] Request (ServersNegativeTestMultiTenantJSON:setUpClass): 201 POST http://10.180.1.21/identity/v3/auth/tokens 0.035s
2025-12-15 16:10:42.098 65533 INFO tempest.lib.common.rest_client [req-a9b840a8-46fc-4d4b-9ae9-e0d896a08654 req-a9b840a8-46fc-4d4b-9ae9-e0d896a08654 ] Request (ServerActionsTestJSON:test_lock_unlock_server): 200 GET http://10.180.1.21/compute/v2.1/servers/87c72a14-a60c-4edd-b7d2-66de483194ad 3.748s
2025-12-15 16:10:42.132 65495 INFO tempest.lib.common.rest_client [req-41e05ff4-72da-4997-a361-c0ad6851e1da req-41e05ff4-72da-4997-a361-c0ad6851e1da ] Request (ServersNegativeTestMultiTenantJSON:setUpClass): 200 GET http://10.180.1.21/identity/v3/domains?name=Default 0.041s
2025-12-15 16:10:42.165 65495 INFO tempest.lib.common.rest_client [req-564838f4-86ac-4633-a7a3-dd6996fc87e7 req-564838f4-86ac-4633-a7a3-dd6996fc87e7 ] Request (ServersNegativeTestMultiTenantJSON:setUpClass): 201 POST http://10.180.1.21/identity/v3/projects 0.032s
2025-12-15 16:10:42.251 65495 INFO tempest.lib.common.rest_client [req-015b0983-6007-4eaf-856f-386e1980372c req-015b0983-6007-4eaf-856f-386e1980372c ] Request (ServersNegativeTestMultiTenantJSON:setUpClass): 201 POST http://10.180.1.21/identity/v3/users 0.086s
2025-12-15 16:10:42.278 65495 INFO tempest.lib.common.rest_client [req-c272a6ab-d153-4e2b-9554-e482d10faef0 req-c272a6ab-d153-4e2b-9554-e482d10faef0 ] Request (ServersNegativeTestMultiTenantJSON:setUpClass): 200 GET http://10.180.1.21/identity/v3/roles 0.026s
2025-12-15 16:10:42.325 65495 INFO tempest.lib.common.rest_client [req-3d742e6d-1d71-4812-89c2-8a4307c0fcb2 req-3d742e6d-1d71-4812-89c2-8a4307c0fcb2 ] Request (ServersNegativeTestMultiTenantJSON:setUpClass): 204 PUT http://10.180.1.21/identity/v3/projects/dd5633bb85924ec9a328d14321219683/users/5feec639c2274616b9c6b5578ff2eb3b/roles/380eb3ad072b411da444d993225343b8 0.046s
2025-12-15 16:10:42.326 65495 INFO tempest.lib.common.dynamic_creds [-] Dynamic test user 5feec639c2274616b9c6b5578ff2eb3b is created with scope project and roles: ['member']
2025-12-15 16:10:42.326 65495 INFO tempest.lib.common.dynamic_creds [-] Acquired dynamic creds: credentials: Credentials: {'domain_id': 'default', 'domain_name': 'Default', 'username': 'tempest-ServersNegativeTestMultiTenantJSON-1714821707-project-member', 'project_domain_id': 'default', 'project_domain_name': 'Default', 'project_id': 'dd5633bb85924ec9a328d14321219683', 'project_name': 'tempest-ServersNegativeTestMultiTenantJSON-1714821707', 'tenant_id': 'dd5633bb85924ec9a328d14321219683', 'tenant_name': 'tempest-ServersNegativeTestMultiTenantJSON-1714821707', 'user_domain_id': 'default', 'user_domain_name': 'Default', 'user_id': '5feec639c2274616b9c6b5578ff2eb3b', 'system': None}, Network: None, Subnet: None, Router: None
2025-12-15 16:10:42.410 65495 INFO tempest.lib.common.rest_client [req-38d50326-2a5d-4329-8f47-5848afddb2ee req-38d50326-2a5d-4329-8f47-5848afddb2ee ] Request (ServersNegativeTestMultiTenantJSON:setUpClass): 201 POST http://10.180.1.21/identity/v3/auth/tokens 0.084s
2025-12-15 16:10:43.393 65495 INFO tempest.lib.common.rest_client [req-83bb8a71-29ce-4358-b4d1-36fffc5bbba2 req-83bb8a71-29ce-4358-b4d1-36fffc5bbba2 ] Request (ServersNegativeTestMultiTenantJSON:setUpClass): 201 POST http://10.180.1.21/networking/v2.0/networks 0.983s
2025-12-15 16:10:43.743 65495 INFO tempest.lib.common.rest_client [req-15288ce2-5a58-4227-8247-15bcd61ff995 req-15288ce2-5a58-4227-8247-15bcd61ff995 ] Request (ServersNegativeTestMultiTenantJSON:setUpClass): 201 POST http://10.180.1.21/networking/v2.0/subnets 0.349s
2025-12-15 16:10:43.860 65507 INFO tempest.lib.common.rest_client [req-d3d00b25-1e4c-4cc3-b443-9eb6349caeea req-d3d00b25-1e4c-4cc3-b443-9eb6349caeea ] Request (FloatingIPsAssociationNegativeTestJSON:test_associate_ip_to_server_with_floating_ip): 200 POST http://10.180.1.21/compute/v2.1/os-floating-ips 5.494s
2025-12-15 16:10:43.985 65513 INFO tempest.lib.common.rest_client [req-4b779823-4063-4ffc-bd93-d31ec2b94f25 req-4b779823-4063-4ffc-bd93-d31ec2b94f25 ] Request (ServersAdminNegativeTestJSON:tearDownClass): 204 DELETE http://10.180.1.21/compute/v2.1/servers/15b75c12-20a7-47b8-9db4-9d1a29bc48d2 5.610s
2025-12-15 16:10:44.126 65515 INFO tempest.lib.common.rest_client [req-7cfc049d-85e7-4e4b-ab29-2f05a3b435ba req-7cfc049d-85e7-4e4b-ab29-2f05a3b435ba ] Request (FloatingIPsTestJSON:test_allocate_floating_ip): 200 POST http://10.180.1.21/compute/v2.1/os-floating-ips 6.226s
2025-12-15 16:10:44.207 65541 INFO tempest.lib.common.rest_client [req-dce57e57-774c-4ff4-ba54-ce66831af949 req-dce57e57-774c-4ff4-ba54-ce66831af949 ] Request (MigrationsAdminTest:test_resize_server_revert_deleted_flavor): 200 GET http://10.180.1.21/compute/v2.1/servers/9701c843-b47f-47fc-912d-00804e71040d 5.671s
2025-12-15 16:10:44.219 65549 WARNING tempest.lib.common.ssh [-] Failed to establish authenticated ssh connection to cirros@10.180.180.203 ([Errno None] Unable to connect to port 22 on 10.180.180.203). Number attempts: 3. Retry after 4 seconds.: paramiko.ssh_exception.NoValidConnectionsError: [Errno None] Unable to connect to port 22 on 10.180.180.203
2025-12-15 16:10:44.282 65511 INFO tempest.lib.common.rest_client [req-df8fe413-5d2d-403d-adda-2d600873459c req-df8fe413-5d2d-403d-adda-2d600873459c ] Request (QuotasAdminTestV257:test_get_updated_quotas): 200 GET http://10.180.1.21/compute/v2.1/os-quota-sets/c1a624128ad34bd6856dda2cea9b8329/detail 5.724s
2025-12-15 16:10:44.314 65511 INFO tempest.lib.common.rest_client [req-ec07ec21-f6db-4577-bd20-8cb9f00b8a82 req-ec07ec21-f6db-4577-bd20-8cb9f00b8a82 ] Request (QuotasAdminTestV257:test_get_updated_quotas): 200 GET http://10.180.1.21/identity/v3/domains?name=Default 0.027s
2025-12-15 16:10:44.342 65511 INFO tempest.lib.common.rest_client [req-7e5c53bb-37c3-4e6b-856f-3348479ab0c6 req-7e5c53bb-37c3-4e6b-856f-3348479ab0c6 ] Request (QuotasAdminTestV257:test_get_updated_quotas): 201 POST http://10.180.1.21/identity/v3/users 0.028s
2025-12-15 16:10:44.364 65511 INFO tempest.lib.common.rest_client [req-45844019-5eba-42ad-8c09-e070ba08de59 req-45844019-5eba-42ad-8c09-e070ba08de59 ] Request (QuotasAdminTestV257:test_get_updated_quotas): 200 GET http://10.180.1.21/identity/v3/domains?name=Default 0.021s
2025-12-15 16:10:44.367 65497 INFO tempest.lib.common.rest_client [req-28b7041a-0476-4b3a-bcf2-cbd58c115d6c req-28b7041a-0476-4b3a-bcf2-cbd58c115d6c ] Request (ImagesOneServerTestJSON:tearDownClass): 200 GET http://10.180.1.21/compute/v2.1/servers/9fecebed-2db8-4b95-ba72-a45b4c3afeb2 5.496s
2025-12-15 16:10:44.391 65501 INFO tempest.lib.common.rest_client [req-9ec9b98c-7018-4fb2-9c05-e7ece862d8d2 req-9ec9b98c-7018-4fb2-9c05-e7ece862d8d2 ] Request (ServersTestMultiNic:_run_cleanups): 404 GET http://10.180.1.21/compute/v2.1/servers/1efc880d-c464-49c8-a03e-67d710928a31 5.091s
2025-12-15 16:10:44.416 65527 INFO tempest.lib.common.rest_client [req-ad0f3204-9981-4f54-ad7c-0796271e852d req-ad0f3204-9981-4f54-ad7c-0796271e852d ] Request (ServersAdminTestJSON:test_inject_network_info): 200 GET http://10.180.1.21/compute/v2.1/servers/c34c77c8-2f29-47bc-9494-8b1c9fccebdb 5.425s
2025-12-15 16:10:44.422 65517 INFO tempest.lib.common.rest_client [req-da1325f2-ddea-4d54-94a8-19307e076615 req-da1325f2-ddea-4d54-94a8-19307e076615 ] Request (ImagesMetadataNegativeTestJSON:test_list_nonexistent_image_metadata): 404 GET http://10.180.1.21/compute/v2.1/images/3dacc4db-b5fd-4060-b1d4-6ead9b20c1e9/metadata 4.923s
2025-12-15 16:10:44.660 65501 INFO tempest.lib.common.rest_client [req-799ad59d-494a-4c9a-8946-ec22905d15cc req-799ad59d-494a-4c9a-8946-ec22905d15cc ] Request (ServersTestMultiNic:_run_cleanups): 204 DELETE http://10.180.1.21/networking/v2.0/subnets/42f26e10-83b3-4aa9-ad21-491e89102a95 0.268s
2025-12-15 16:10:44.716 65495 INFO tempest.lib.common.rest_client [req-d715060e-b95e-4923-ab9e-30503258b104 req-d715060e-b95e-4923-ab9e-30503258b104 ] Request (ServersNegativeTestMultiTenantJSON:setUpClass): 201 POST http://10.180.1.21/networking/v2.0/routers 0.972s
2025-12-15 16:10:44.763 65545 INFO tempest.lib.common.rest_client [req-bbd44d67-ed9a-4a2c-bb16-545a0e1c8e79 req-bbd44d67-ed9a-4a2c-bb16-545a0e1c8e79 ] Request (ServersListShow296Test:test_list_show_update_rebuild_server_296): 200 GET http://10.180.1.21/compute/v2.1/servers/detail 4.678s
2025-12-15 16:10:44.796 65523 INFO tempest.lib.common.rest_client [req-c82ae350-9e3b-4727-8631-fa592690f413 req-c82ae350-9e3b-4727-8631-fa592690f413 ] Request (FlavorsV255TestJSON:test_crud_flavor): 200 PUT http://10.180.1.21/compute/v2.1/flavors/701671960 4.100s
