2025-12-15 16:11:16.612 65505 INFO tempest.lib.common.rest_client [req-c29d1a88-5303-466c-8c85-5a8bfeb89c14 req-c29d1a88-5303-466c-8c85-5a8bfeb89c14 ] Request (ServerRescueTestJSONUnderV235:setUpClass): 201 POST http://10.180.1.21/identity/v3/auth/tokens 0.039s
2025-12-15 16:11:16.641 65505 INFO tempest.lib.common.rest_client [req-66c90c3e-0237-484d-87e6-c14da3dd607f req-66c90c3e-0237-484d-87e6-c14da3dd607f ] Request (ServerRescueTestJSONUnderV235:setUpClass): 200 GET http://10.180.1.21/identity/v3/domains?name=Default 0.028s
2025-12-15 16:11:16.686 65505 INFO tempest.lib.common.rest_client [req-276d0679-3c9f-440a-a476-1cc3c651b6bd req-276d0679-3c9f-440a-a476-1cc3c651b6bd ] Request (ServerRescueTestJSONUnderV235:setUpClass): 201 POST http://10.180.1.21/identity/v3/projects 0.044s
2025-12-15 16:11:16.692 65499 INFO tempest.lib.common.rest_client [req-957181f6-8ea1-4f13-b754-a884607505cd req-957181f6-8ea1-4f13-b754-a884607505cd ] Request (FloatingIPsAssociationTestJSON:test_associate_already_associated_floating_ip): 200 GET http://10.180.1.21/compute/v2.1/servers/c9fdfbbc-3e31-4e79-a003-99e75392769c 2.841s
2025-12-15 16:11:16.696 65555 INFO tempest.lib.common.rest_client [req-bbbe72fa-aa6c-452c-b7d5-68cb462fdd7b req-bbbe72fa-aa6c-452c-b7d5-68cb462fdd7b ] Request (VolumesNegativeTest:test_create_volume_with_invalid_size): 400 POST http://10.180.1.21/compute/v2.1/os-volumes 2.706s
2025-12-15 16:11:16.709 65499 INFO tempest.common.waiters [-] State transition "BUILD/spawning" ==> "ACTIVE/None" after 19 second wait
2025-12-15 16:11:16.756 65505 INFO tempest.lib.common.rest_client [req-9bf41cb9-c53f-4ff6-a8f2-50ae0c597e73 req-9bf41cb9-c53f-4ff6-a8f2-50ae0c597e73 ] Request (ServerRescueTestJSONUnderV235:setUpClass): 201 POST http://10.180.1.21/identity/v3/users 0.069s
2025-12-15 16:11:16.769 65549 WARNING tempest.lib.common.ssh [-] Failed to establish authenticated ssh connection to cirros@10.180.180.203 ([Errno None] Unable to connect to port 22 on 10.180.180.203). Number attempts: 8. Retry after 9 seconds.: paramiko.ssh_exception.NoValidConnectionsError: [Errno None] Unable to connect to port 22 on 10.180.180.203
2025-12-15 16:11:16.782 65505 INFO tempest.lib.common.rest_client [req-bd59f8fe-6ce2-4a5c-9cd1-91b89f6859e0 req-bd59f8fe-6ce2-4a5c-9cd1-91b89f6859e0 ] Request (ServerRescueTestJSONUnderV235:setUpClass): 200 GET http://10.180.1.21/identity/v3/roles 0.025s
2025-12-15 16:11:16.825 65505 INFO tempest.lib.common.rest_client [req-4aa2cfc9-98ae-4fad-9e83-ad19e08b3153 req-4aa2cfc9-98ae-4fad-9e83-ad19e08b3153 ] Request (ServerRescueTestJSONUnderV235:setUpClass): 204 PUT http://10.180.1.21/identity/v3/projects/4248ea2a00694666a69763ee785ef94a/users/066811ae626e4881befd354763a9bd5b/roles/380eb3ad072b411da444d993225343b8 0.042s
2025-12-15 16:11:16.825 65505 INFO tempest.lib.common.dynamic_creds [-] Dynamic test user 066811ae626e4881befd354763a9bd5b is created with scope project and roles: ['member']
2025-12-15 16:11:16.825 65505 INFO tempest.lib.common.dynamic_creds [-] Acquired dynamic creds: credentials: Credentials: {'domain_id': 'default', 'domain_name': 'Default', 'username': 'tempest-ServerRescueTestJSONUnderV235-188472497-project-member', 'project_domain_id': 'default', 'project_domain_name': 'Default', 'project_id': '4248ea2a00694666a69763ee785ef94a', 'project_name': 'tempest-ServerRescueTestJSONUnderV235-188472497', 'tenant_id': '4248ea2a00694666a69763ee785ef94a', 'tenant_name': 'tempest-ServerRescueTestJSONUnderV235-188472497', 'user_domain_id': 'default', 'user_domain_name': 'Default', 'user_id': '066811ae626e4881befd354763a9bd5b', 'system': None}, Network: None, Subnet: None, Router: None
2025-12-15 16:11:16.903 65505 INFO tempest.lib.common.rest_client [req-d5db410d-f421-4104-8718-44530962d171 req-d5db410d-f421-4104-8718-44530962d171 ] Request (ServerRescueTestJSONUnderV235:setUpClass): 201 POST http://10.180.1.21/identity/v3/auth/tokens 0.077s
2025-12-15 16:11:16.981 65501 INFO tempest.lib.common.rest_client [req-2868fab1-a2c7-4382-971b-492f321b0117 req-2868fab1-a2c7-4382-971b-492f321b0117 ] Request (ServersTestMultiNic:test_verify_multiple_nics_order): 200 GET http://10.180.1.21/compute/v2.1/servers/ad432994-1f96-4227-99a8-fd3ed2e5f014 2.434s
2025-12-15 16:11:17.103 65525 INFO tempest.lib.common.rest_client [req-ad0e07d9-8681-40ae-9a62-7fc7a048acdc req-ad0e07d9-8681-40ae-9a62-7fc7a048acdc ] Request (ServersWithSpecificFlavorTestJSON:test_verify_created_server_ephemeral_disk): 204 DELETE http://10.180.1.21/compute/v2.1/servers/54746fac-e4f7-435c-ada6-3647f77107d2 2.389s
2025-12-15 16:11:17.190 65525 INFO tempest.lib.common.rest_client [req-9359a920-352e-4aa4-a802-e4f0525cdd85 req-9359a920-352e-4aa4-a802-e4f0525cdd85 ] Request (ServersWithSpecificFlavorTestJSON:test_verify_created_server_ephemeral_disk): 201 POST http://10.180.1.21/identity/v3/auth/tokens 0.081s
2025-12-15 16:11:17.191 65525 INFO tempest.lib.common.fixed_network [-] (ServersWithSpecificFlavorTestJSON:test_verify_created_server_ephemeral_disk) Found network {'id': '2eed757c-f6dd-4520-b319-7a60dae8f35b', 'name': 'tempest-ServersWithSpecificFlavorTestJSON-1263194441-network', 'tenant_id': '453d19fe5b6f4df4ae3fa2dbf9e380ec', 'project_id': '453d19fe5b6f4df4ae3fa2dbf9e380ec', 'admin_state_up': True, 'mtu': 8950, 'status': 'ACTIVE', 'subnets': [], 'shared': False, 'port_security_enabled': True, 'router:external': False, 'provider:network_type': 'vlan', 'provider:physical_network': 'default', 'provider:segmentation_id': 893, 'availability_zone_hints': [], 'availability_zones': [], 'ipv4_address_scope': None, 'ipv6_address_scope': None, 'description': '', 'tags': [], 'created_at': '2025-12-15T16:08:06Z', 'updated_at': '2025-12-15T16:08:06Z', 'revision_number': 1} available for tenant
2025-12-15 16:11:17.355 65505 INFO tempest.lib.common.rest_client [req-e10fb502-79fd-4e54-9cc5-9c2e69e04be1 req-e10fb502-79fd-4e54-9cc5-9c2e69e04be1 ] Request (ServerRescueTestJSONUnderV235:setUpClass): 201 POST http://10.180.1.21/networking/v2.0/networks 0.451s
2025-12-15 16:11:17.392 65495 INFO tempest.lib.common.rest_client [req-75dd15d8-db44-40ce-b934-9a34ab169d60 req-75dd15d8-db44-40ce-b934-9a34ab169d60 ] Request (ServersNegativeTestMultiTenantJSON:setUpClass): 200 GET http://10.180.1.21/compute/v2.1/servers/6282b7ae-aea6-4776-bd87-cc21a9e7a5f5 2.699s
2025-12-15 16:11:17.471 65515 INFO tempest.lib.common.rest_client [req-7efc4afd-bf96-4742-a259-6c03a1027066 req-7efc4afd-bf96-4742-a259-6c03a1027066 ] Request (FloatingIPsTestJSON:tearDownClass): 200 PUT http://10.180.1.21/networking/v2.0/routers/b6b14c3a-6b64-4901-b139-2014a2ccc226/remove_router_interface 0.927s
2025-12-15 16:11:17.498 65535 INFO tempest.lib.common.rest_client [req-9af6fa32-a03d-4fba-9015-8b119b1e396a req-9af6fa32-a03d-4fba-9015-8b119b1e396a ] Request (ImagesOneServerNegativeTestJSON:_run_cleanups): 200 GET http://10.180.1.21/compute/v2.1/servers/f9d4a3b9-e97f-42c6-add0-520030b332a6 2.671s
2025-12-15 16:11:17.510 65535 INFO tempest.common.waiters [-] State transition "ACTIVE/deleting" ==> "DELETED/None" after 4 second wait
2025-12-15 16:11:17.725 65505 INFO tempest.lib.common.rest_client [req-42497b38-e0eb-4276-bc1a-ee2e3afa77e6 req-42497b38-e0eb-4276-bc1a-ee2e3afa77e6 ] Request (ServerRescueTestJSONUnderV235:setUpClass): 201 POST http://10.180.1.21/networking/v2.0/subnets 0.369s
2025-12-15 16:11:18.310 65523 INFO tempest.lib.common.rest_client [req-c3301208-6f58-4388-b851-abec4fec8911 req-c3301208-6f58-4388-b851-abec4fec8911 ] Request (TenantUsagesTestJSON:setUpClass): 200 GET http://10.180.1.21/compute/v2.1/servers/327e8e52-6c00-4ec4-8d5e-9d378f600d28 3.255s
2025-12-15 16:11:18.501 65533 WARNING tempest.lib.common.ssh [-] Failed to establish authenticated ssh connection to cirros@10.180.180.215 ([Errno None] Unable to connect to port 22 on 10.180.180.215). Number attempts: 4. Retry after 5 seconds.: paramiko.ssh_exception.NoValidConnectionsError: [Errno None] Unable to connect to port 22 on 10.180.180.215
2025-12-15 16:11:18.591 65515 INFO tempest.lib.common.rest_client [req-a269e3e5-0c46-4e5a-8ffe-a69ec0e65d97 req-a269e3e5-0c46-4e5a-8ffe-a69ec0e65d97 ] Request (FloatingIPsTestJSON:tearDownClass): 204 DELETE http://10.180.1.21/networking/v2.0/routers/b6b14c3a-6b64-4901-b139-2014a2ccc226 1.119s
2025-12-15 16:11:18.632 65497 INFO tempest.lib.common.rest_client [req-92689811-d59f-4e18-85cf-f12a5a4df470 req-92689811-d59f-4e18-85cf-f12a5a4df470 ] Request (MultipleCreateTestJSON:test_multiple_create): 200 GET http://10.180.1.21/compute/v2.1/servers/50a6c9eb-3c3e-4982-8891-583b3914d9fc 3.708s
2025-12-15 16:11:18.639 65497 INFO tempest.common.waiters [-] State transition "BUILD/None" ==> "BUILD/block_device_mapping" after 8 second wait
2025-12-15 16:11:19.207 65505 INFO tempest.lib.common.rest_client [req-bcfca424-c7c8-4f7e-9822-f186b9e74d1b req-bcfca424-c7c8-4f7e-9822-f186b9e74d1b ] Request (ServerRescueTestJSONUnderV235:setUpClass): 201 POST http://10.180.1.21/networking/v2.0/routers 1.481s
2025-12-15 16:11:19.329 65507 INFO tempest.lib.common.rest_client [req-4fae8500-0da6-4c1b-969e-ad771af97f19 req-4fae8500-0da6-4c1b-969e-ad771af97f19 ] Request (FloatingIPsAssociationNegativeTestJSON:test_dissociate_nonexistent_floating_ip): 404 POST http://10.180.1.21/compute/v2.1/servers/cb83d0db-46de-423b-ac00-a1a443c39210/action 4.093s
2025-12-15 16:11:19.615 65515 INFO tempest.lib.common.rest_client [req-c39249d8-32ca-4547-af57-8bb1aeab9bd5 req-c39249d8-32ca-4547-af57-8bb1aeab9bd5 ] Request (FloatingIPsTestJSON:tearDownClass): 204 DELETE http://10.180.1.21/networking/v2.0/subnets/d9481e7d-a9c9-4e99-b514-96de771b6985 1.024s
2025-12-15 16:11:19.731 65529 WARNING tempest.lib.common.ssh [-] Failed to establish authenticated ssh connection to cirros@10.180.180.235 ([Errno None] Unable to connect to port 22 on 10.180.180.235). Number attempts: 10. Retry after 11 seconds.: paramiko.ssh_exception.NoValidConnectionsError: [Errno None] Unable to connect to port 22 on 10.180.180.235
2025-12-15 16:11:20.632 65505 INFO tempest.lib.common.rest_client [req-ed705d65-13f6-46fd-95f8-cbdb7151a709 req-ed705d65-13f6-46fd-95f8-cbdb7151a709 ] Request (ServerRescueTestJSONUnderV235:setUpClass): 200 PUT http://10.180.1.21/networking/v2.0/routers/a03af957-5361-440b-a156-c1aaecedc857/add_router_interface 1.425s
2025-12-15 16:11:20.632 65505 INFO tempest.lib.common.dynamic_creds [-] Created isolated network resources for: credentials: Credentials: {'domain_id': 'default', 'domain_name': 'Default', 'username': 'tempest-ServerRescueTestJSONUnderV235-188472497-project-member', 'project_domain_id': 'default', 'project_domain_name': 'Default', 'project_id': '4248ea2a00694666a69763ee785ef94a', 'project_name': 'tempest-ServerRescueTestJSONUnderV235-188472497', 'tenant_id': '4248ea2a00694666a69763ee785ef94a', 'tenant_name': 'tempest-ServerRescueTestJSONUnderV235-188472497', 'user_domain_id': 'default', 'user_domain_name': 'Default', 'user_id': '066811ae626e4881befd354763a9bd5b', 'system': None}, Network: {'id': '632bddeb-5afc-4b07-98d1-bef9b87983f5', 'name': 'tempest-ServerRescueTestJSONUnderV235-715083618-network', 'tenant_id': '4248ea2a00694666a69763ee785ef94a', 'project_id': '4248ea2a00694666a69763ee785ef94a', 'admin_state_up': True, 'mtu': 8950, 'status': 'ACTIVE', 'subnets': [], 'shared': False, 'port_security_enabled': True, 'router:external': False, 'provider:network_type': 'vlan', 'provider:physical_network': 'default', 'provider:segmentation_id': 844, 'availability_zone_hints': [], 'availability_zones': [], 'ipv4_address_scope': None, 'ipv6_address_scope': None, 'description': '', 'tags': [], 'created_at': '2025-12-15T16:11:17Z', 'updated_at': '2025-12-15T16:11:17Z', 'revision_number': 1}, Subnet: {'id': 'cda2df5e-c66d-4e5c-b078-ef04cfb33b38', 'name': 'tempest-ServerRescueTestJSONUnderV235-715083618-subnet', 'tenant_id': '4248ea2a00694666a69763ee785ef94a', 'network_id': '632bddeb-5afc-4b07-98d1-bef9b87983f5', 'ip_version': 4, 'subnetpool_id': None, 'enable_dhcp': False, 'ipv6_ra_mode': None, 'ipv6_address_mode': None, 'gateway_ip': '192.168.128.1', 'cidr': '192.168.128.0/28', 'allocation_pools': [{'start': '192.168.128.2', 'end': '192.168.128.14'}], 'host_routes': [], 'dns_nameservers': [], 'description': '', 'router:external': False, 'service_types': [], 'tags': [], 'created_at': '2025-12-15T16:11:17Z', 'updated_at': '2025-12-15T16:11:17Z', 'revision_number': 0, 'project_id': '4248ea2a00694666a69763ee785ef94a'}, Router: {'id': 'a03af957-5361-440b-a156-c1aaecedc857', 'name': 'tempest-ServerRescueTestJSONUnderV235-715083618-router', 'tenant_id': '4248ea2a00694666a69763ee785ef94a', 'admin_state_up': True, 'status': 'ACTIVE', 'external_gateway_info': {'network_id': 'ac962b30-2800-439d-94d9-d5e949ef2f8a', 'external_fixed_ips': [{'subnet_id': 'f913069a-9b6c-4cb1-a49c-521245bad301', 'ip_address': '10.180.180.222'}], 'enable_snat': True}, 'description': '', 'availability_zones': [], 'distributed': False, 'ha': False, 'availability_zone_hints': [], 'routes': [], 'flavor_id': None, 'tags': [], 'created_at': '2025-12-15T16:11:18Z', 'updated_at': '2025-12-15T16:11:18Z', 'revision_number': 2, 'project_id': '4248ea2a00694666a69763ee785ef94a'}
2025-12-15 16:11:20.744 65505 INFO tempest.lib.common.rest_client [req-741400b4-5751-4243-84f2-9d0cf884fab5 req-741400b4-5751-4243-84f2-9d0cf884fab5 ] Request (ServerRescueTestJSONUnderV235:setUpClass): 201 POST http://10.180.1.21/identity/v3/auth/tokens 0.107s
2025-12-15 16:11:20.785 65505 INFO tempest.lib.common.rest_client [req-9e72c643-bc47-4d16-aa5e-473011a3964f req-9e72c643-bc47-4d16-aa5e-473011a3964f ] Request (ServerRescueTestJSONUnderV235:setUpClass): 201 POST http://10.180.1.21/identity/v3/auth/tokens 0.037s
2025-12-15 16:11:20.786 65505 INFO tempest.lib.common.fixed_network [-] (ServerRescueTestJSONUnderV235:setUpClass) Found network {'id': '632bddeb-5afc-4b07-98d1-bef9b87983f5', 'name': 'tempest-ServerRescueTestJSONUnderV235-715083618-network', 'tenant_id': '4248ea2a00694666a69763ee785ef94a', 'project_id': '4248ea2a00694666a69763ee785ef94a', 'admin_state_up': True, 'mtu': 8950, 'status': 'ACTIVE', 'subnets': [], 'shared': False, 'port_security_enabled': True, 'router:external': False, 'provider:network_type': 'vlan', 'provider:physical_network': 'default', 'provider:segmentation_id': 844, 'availability_zone_hints': [], 'availability_zones': [], 'ipv4_address_scope': None, 'ipv6_address_scope': None, 'description': '', 'tags': [], 'created_at': '2025-12-15T16:11:17Z', 'updated_at': '2025-12-15T16:11:17Z', 'revision_number': 1} available for tenant
2025-12-15 16:11:20.789 65531 INFO tempest.lib.common.rest_client [req-7f76ddd4-528b-4a3b-9287-e5eed1982b84 req-7f76ddd4-528b-4a3b-9287-e5eed1982b84 ] Request (DeleteServersTestJSON:test_delete_server_while_in_building_state): 200 GET http://10.180.1.21/compute/v2.1/servers/3bb89881-fc58-430d-a08e-b03bfd846b63 5.527s
2025-12-15 16:11:20.834 65493 INFO tempest.lib.common.rest_client [req-9187af68-f61c-4f8e-bddc-db1871e61ea9 req-9187af68-f61c-4f8e-bddc-db1871e61ea9 ] Request (ImagesTestJSON:test_create_image_from_stopped_server): 200 GET http://10.180.1.21/compute/v2.1/images/cd316055-9935-4a71-b381-68cedade62f9 5.517s
2025-12-15 16:11:20.863 65541 INFO tempest.lib.common.rest_client [req-5a0bb3a4-ca84-431b-b2f7-209725a06ec9 req-5a0bb3a4-ca84-431b-b2f7-209725a06ec9 ] Request (MigrationsAdminTest:test_resize_server_revert_deleted_flavor): 200 GET http://10.180.1.21/compute/v2.1/flavors/detail 5.424s
2025-12-15 16:11:20.897 65517 INFO tempest.lib.common.rest_client [req-419c4a7a-8421-4f97-aa18-a53069432c50 req-419c4a7a-8421-4f97-aa18-a53069432c50 ] Request (VolumesGetTestJSON:tearDownClass): 404 GET http://10.180.1.21/compute/v2.1/os-volumes/1bf1b14d-9146-4b0e-8a44-97c483c801d4 5.377s
2025-12-15 16:11:21.065 65515 INFO tempest.lib.common.rest_client [req-ab8531fb-5674-4f7f-ae10-e7546d459239 req-ab8531fb-5674-4f7f-ae10-e7546d459239 ] Request (FloatingIPsTestJSON:tearDownClass): 204 DELETE http://10.180.1.21/networking/v2.0/networks/66429f5b-4b17-422e-9531-3bec020061cb 1.449s
2025-12-15 16:11:21.078 65517 INFO tempest.lib.common.rest_client [req-9a4a64ff-4ace-4231-8413-b3dc54b7fdc8 req-9a4a64ff-4ace-4231-8413-b3dc54b7fdc8 ] Request (VolumesGetTestJSON:tearDownClass): 204 DELETE http://10.180.1.21/identity/v3/users/9fe0e9feecdc4495a21de99a81c500b5 0.180s
2025-12-15 16:11:21.079 65517 INFO tempest.lib.common.dynamic_creds [-] Deleting project and security group for project: b304af1e112349a5947749ed9b9a7d42
2025-12-15 16:11:21.193 65517 INFO tempest.lib.common.rest_client [req-3f3ac8e1-810b-4c08-95c8-8845066a6dad req-3f3ac8e1-810b-4c08-95c8-8845066a6dad ] Request (VolumesGetTestJSON:tearDownClass): 201 POST http://10.180.1.21/identity/v3/auth/tokens 0.114s
2025-12-15 16:11:21.241 65515 INFO tempest.lib.common.rest_client [req-8d9a0a65-3f52-47ac-9bdc-b5bc588e4789 req-8d9a0a65-3f52-47ac-9bdc-b5bc588e4789 ] Request (FloatingIPsTestJSON:tearDownClass): 204 DELETE http://10.180.1.21/identity/v3/users/8a82e9c052dd4fc390c3cfd1f3f23610 0.175s
2025-12-15 16:11:21.242 65515 INFO tempest.lib.common.dynamic_creds [-] Deleting project and security group for project: 13d7d1ae422b476ba4fa6ea78d2e665a
2025-12-15 16:11:21.695 65515 INFO tempest.lib.common.rest_client [req-739d623d-3426-4910-a33d-6b70215a7b7f req-739d623d-3426-4910-a33d-6b70215a7b7f ] Request (FloatingIPsTestJSON:tearDownClass): 200 GET http://10.180.1.21/networking/v2.0/security-groups?tenant_id=13d7d1ae422b476ba4fa6ea78d2e665a&name=default 0.453s
2025-12-15 16:11:21.772 65517 INFO tempest.lib.common.rest_client [req-64e66fa8-570f-4a22-8424-57d76d872fba req-64e66fa8-570f-4a22-8424-57d76d872fba ] Request (VolumesGetTestJSON:tearDownClass): 200 GET http://10.180.1.21/networking/v2.0/security-groups?tenant_id=b304af1e112349a5947749ed9b9a7d42&name=default 0.578s
2025-12-15 16:11:21.873 65527 INFO tempest.lib.common.rest_client [req-3b5dc5ff-22c9-4ced-9a3d-9a631a05ed65 req-3b5dc5ff-22c9-4ced-9a3d-9a631a05ed65 ] Request (ServersAdminTestJSON:test_list_servers_by_admin_with_all_tenants): 200 GET http://10.180.1.21/compute/v2.1/servers/detail?all_tenants= 6.326s
2025-12-15 16:11:21.914 65527 WARNING tempest.lib.common.rest_client [-] Deprecated: "tenant_id" property is deprecated for removal, use "project_id" instead
2025-12-15 16:11:21.961 65515 INFO tempest.lib.common.rest_client [req-c35489f8-aee5-453c-9bd6-56bd0ae66cbd req-c35489f8-aee5-453c-9bd6-56bd0ae66cbd ] Request (FloatingIPsTestJSON:tearDownClass): 204 DELETE http://10.180.1.21/networking/v2.0/security-groups/16e9277a-9635-460d-a3ea-1018512bbabf 0.265s
2025-12-15 16:11:22.052 65515 INFO tempest.lib.common.rest_client [req-e11985c5-432f-48a0-b885-5e5f8c8b9bb9 req-e11985c5-432f-48a0-b885-5e5f8c8b9bb9 ] Request (FloatingIPsTestJSON:tearDownClass): 204 DELETE http://10.180.1.21/identity/v3/projects/13d7d1ae422b476ba4fa6ea78d2e665a 0.091s
2025-12-15 16:11:22.081 65517 INFO tempest.lib.common.rest_client [req-25be181d-7516-44d9-93fe-0f85cf2f230e req-25be181d-7516-44d9-93fe-0f85cf2f230e ] Request (VolumesGetTestJSON:tearDownClass): 204 DELETE http://10.180.1.21/networking/v2.0/security-groups/ea7e6f08-1e08-4854-9120-f6b624e08fc6 0.308s
2025-12-15 16:11:22.090 65511 INFO tempest.lib.common.rest_client [req-8c292c34-0f6f-48ca-b3cf-a28975f828cb req-8c292c34-0f6f-48ca-b3cf-a28975f828cb ] Request (FloatingIPDetailsTestJSON:test_get_floating_ip_details): 200 POST http://10.180.1.21/compute/v2.1/os-floating-ips 6.803s
2025-12-15 16:11:22.121 65551 INFO tempest.lib.common.rest_client [req-eaa62f38-f321-49ef-b4c2-27aa3a400807 req-eaa62f38-f321-49ef-b4c2-27aa3a400807 ] Request (ServerActionsV293TestJSON:tearDownClass): 200 GET http://10.180.1.21/compute/v2.1/servers/e21b14eb-cb4b-4efe-a521-792e51d4065f 6.305s
2025-12-15 16:11:22.125 65513 INFO tempest.lib.common.rest_client [req-e0400f98-b159-4fb4-b150-16dd3b8b02f7 req-e0400f98-b159-4fb4-b150-16dd3b8b02f7 ] Request (ServersAdminNegativeTestJSON:tearDownClass): 404 GET http://10.180.1.21/compute/v2.1/servers/f4acb437-2289-4a5c-bfbf-64c73ab543b0 5.701s
2025-12-15 16:11:22.159 65515 INFO tempest.lib.common.rest_client [req-b72ceafb-c11b-4393-9b74-62474af17fd4 req-b72ceafb-c11b-4393-9b74-62474af17fd4 ] Request (FloatingIPsNegativeTestJSON:setUpClass): 201 POST http://10.180.1.21/identity/v3/auth/tokens 0.103s
2025-12-15 16:11:22.249 65513 INFO tempest.lib.common.rest_client [req-8388b510-d099-4735-bf4e-eb0c4dc0e99a req-8388b510-d099-4735-bf4e-eb0c4dc0e99a ] Request (ServersAdminNegativeTestJSON:tearDownClass): 204 DELETE http://10.180.1.21/identity/v3/users/91753a6ff8b54a8db081475366e5ddd0 0.123s
2025-12-15 16:11:22.250 65543 INFO tempest.lib.common.rest_client [req-c3397f6a-d836-4aad-a737-c57d2b3aaf46 req-c3397f6a-d836-4aad-a737-c57d2b3aaf46 ] Request (AttachInterfacesTestJSON:_run_cleanups): 200 GET http://10.180.1.21/compute/v2.1/servers/191db68f-a674-48fd-9b36-9b6f83a7e255 5.774s
2025-12-15 16:11:22.260 65543 INFO tempest.common.waiters [-] State transition "ACTIVE/deleting" ==> "DELETED/None" after 7 second wait
2025-12-15 16:11:22.264 65517 INFO tempest.lib.common.rest_client [req-f5d6878a-0eb5-43f8-bc00-439e20cb20ab req-f5d6878a-0eb5-43f8-bc00-439e20cb20ab ] Request (VolumesGetTestJSON:tearDownClass): 204 DELETE http://10.180.1.21/identity/v3/projects/b304af1e112349a5947749ed9b9a7d42 0.183s
2025-12-15 16:11:22.269 65545 INFO tempest.lib.common.rest_client [req-fed67c12-bda3-481e-810a-05bcdde33374 req-fed67c12-bda3-481e-810a-05bcdde33374 ] Request (ServersListShow296Test:tearDownClass): 200 GET http://10.180.1.21/compute/v2.1/servers/b7e57154-466d-49ce-bdf2-49289b28726e 5.769s
2025-12-15 16:11:22.375 65515 INFO tempest.lib.common.rest_client [req-994b9f74-39e0-4efe-8cc9-3096ad6c78f4 req-994b9f74-39e0-4efe-8cc9-3096ad6c78f4 ] Request (FloatingIPsNegativeTestJSON:setUpClass): 201 POST http://10.180.1.21/identity/v3/auth/tokens 0.213s
2025-12-15 16:11:22.391 65537 INFO tempest.lib.common.rest_client [req-18dfb0fe-7fdf-4338-9075-36d875f73a6f req-18dfb0fe-7fdf-4338-9075-36d875f73a6f ] Request (ServerDiskConfigTestJSON:test_rebuild_server_with_manual_disk_config): 200 GET http://10.180.1.21/compute/v2.1/servers/ae8be100-3869-4dd5-a0fe-568cf781f772 5.703s
2025-12-15 16:11:22.401 65555 INFO tempest.lib.common.rest_client [req-18468abb-f3a3-404d-b16e-016edf2279f7 req-18468abb-f3a3-404d-b16e-016edf2279f7 ] Request (VolumesNegativeTest:test_create_volume_with_size_zero): 400 POST http://10.180.1.21/compute/v2.1/os-volumes 5.703s
2025-12-15 16:11:22.406 65515 INFO tempest.lib.common.rest_client [req-d9b3e9c7-5275-421b-8e6c-dfe6b88bd37b req-d9b3e9c7-5275-421b-8e6c-dfe6b88bd37b ] Request (FloatingIPsNegativeTestJSON:setUpClass): 200 GET http://10.180.1.21/identity/v3/domains?name=Default 0.030s
2025-12-15 16:11:22.444 65515 INFO tempest.lib.common.rest_client [req-75891a73-67b8-4465-a13f-7d83ca530a97 req-75891a73-67b8-4465-a13f-7d83ca530a97 ] Request (FloatingIPsNegativeTestJSON:setUpClass): 201 POST http://10.180.1.21/identity/v3/projects 0.038s
2025-12-15 16:11:22.553 65513 INFO tempest.lib.common.rest_client [req-7ead28c5-552a-48d3-8afb-c7dd0cc6386a req-7ead28c5-552a-48d3-8afb-c7dd0cc6386a ] Request (ServersAdminNegativeTestJSON:tearDownClass): 204 DELETE http://10.180.1.21/identity/v3/users/0a0935ba947c4f40be7c7b32b6e43d34 0.304s
2025-12-15 16:11:22.553 65513 INFO tempest.lib.common.dynamic_creds [-] Deleting project and security group for project: 008151909459491cbb1b7b8ddc63a440
2025-12-15 16:11:22.586 65515 INFO tempest.lib.common.rest_client [req-36b6a38e-99fc-4a98-b6ea-ac3aba168cae req-36b6a38e-99fc-4a98-b6ea-ac3aba168cae ] Request (FloatingIPsNegativeTestJSON:setUpClass): 201 POST http://10.180.1.21/identity/v3/users 0.140s
2025-12-15 16:11:22.632 65513 INFO tempest.lib.common.rest_client [req-975f65f0-0e6e-41aa-b73a-61d9a0b5cf5d req-975f65f0-0e6e-41aa-b73a-61d9a0b5cf5d ] Request (ServersAdminNegativeTestJSON:tearDownClass): 201 POST http://10.180.1.21/identity/v3/auth/tokens 0.079s
2025-12-15 16:11:22.647 65515 INFO tempest.lib.common.rest_client [req-f753bb25-6f20-4ad6-b769-dad7f5e39d43 req-f753bb25-6f20-4ad6-b769-dad7f5e39d43 ] Request (FloatingIPsNegativeTestJSON:setUpClass): 200 GET http://10.180.1.21/identity/v3/roles 0.061s
2025-12-15 16:11:22.678 65515 INFO tempest.lib.common.rest_client [req-75be8781-ab1a-432f-85e0-cb440a37bb4d req-75be8781-ab1a-432f-85e0-cb440a37bb4d ] Request (FloatingIPsNegativeTestJSON:setUpClass): 204 PUT http://10.180.1.21/identity/v3/projects/1b1f215ca97c4a47918d933f57155d14/users/9c38d941145048998b3b84c2c526ca6c/roles/380eb3ad072b411da444d993225343b8 0.030s
2025-12-15 16:11:22.678 65515 INFO tempest.lib.common.dynamic_creds [-] Dynamic test user 9c38d941145048998b3b84c2c526ca6c is created with scope project and roles: ['member']
2025-12-15 16:11:22.679 65515 INFO tempest.lib.common.dynamic_creds [-] Acquired dynamic creds: credentials: Credentials: {'domain_id': 'default', 'domain_name': 'Default', 'username': 'tempest-FloatingIPsNegativeTestJSON-1391106046-project-member', 'project_domain_id': 'default', 'project_domain_name': 'Default', 'project_id': '1b1f215ca97c4a47918d933f57155d14', 'project_name': 'tempest-FloatingIPsNegativeTestJSON-1391106046', 'tenant_id': '1b1f215ca97c4a47918d933f57155d14', 'tenant_name': 'tempest-FloatingIPsNegativeTestJSON-1391106046', 'user_domain_id': 'default', 'user_domain_name': 'Default', 'user_id': '9c38d941145048998b3b84c2c526ca6c', 'system': None}, Network: None, Subnet: None, Router: None
2025-12-15 16:11:22.751 65515 INFO tempest.lib.common.rest_client [req-8826e905-860b-4644-8ec0-9fd783aaeada req-8826e905-860b-4644-8ec0-9fd783aaeada ] Request (FloatingIPsNegativeTestJSON:setUpClass): 201 POST http://10.180.1.21/identity/v3/auth/tokens 0.072s
2025-12-15 16:11:22.825 65513 INFO tempest.lib.common.rest_client [req-888b9a9f-1669-4319-9ec5-44762d3b931b req-888b9a9f-1669-4319-9ec5-44762d3b931b ] Request (ServersAdminNegativeTestJSON:tearDownClass): 200 GET http://10.180.1.21/networking/v2.0/security-groups?tenant_id=008151909459491cbb1b7b8ddc63a440&name=default 0.192s
2025-12-15 16:11:23.123 65515 INFO tempest.lib.common.rest_client [req-336f2326-20c8-47e2-ac0e-6d3d38bc6917 req-336f2326-20c8-47e2-ac0e-6d3d38bc6917 ] Request (FloatingIPsNegativeTestJSON:setUpClass): 201 POST http://10.180.1.21/networking/v2.0/networks 0.372s
2025-12-15 16:11:23.539 65519 INFO tempest.lib.common.rest_client [req-a9b1490d-b08f-4e78-819d-20ac49917fe8 req-a9b1490d-b08f-4e78-819d-20ac49917fe8 ] Request (ServerRescueTestJSON:test_rescue_unrescue_instance): 202 POST http://10.180.1.21/compute/v2.1/servers 6.960s
2025-12-15 16:11:23.556 65513 INFO tempest.lib.common.rest_client [req-36a12a01-121e-4156-a1ef-02da55307697 req-36a12a01-121e-4156-a1ef-02da55307697 ] Request (ServersAdminNegativeTestJSON:tearDownClass): 204 DELETE http://10.180.1.21/networking/v2.0/security-groups/39322202-687d-409e-86ef-4870f36135e8 0.730s
2025-12-15 16:11:23.656 65513 INFO tempest.lib.common.rest_client [req-66489b0c-929c-465f-8f90-f74dfbe7e749 req-66489b0c-929c-465f-8f90-f74dfbe7e749 ] Request (ServersAdminNegativeTestJSON:tearDownClass): 204 DELETE http://10.180.1.21/identity/v3/projects/008151909459491cbb1b7b8ddc63a440 0.100s
2025-12-15 16:11:23.657 65513 INFO tempest.lib.common.dynamic_creds [-] Deleting project and security group for project: 54748e1dccfc4ae3aff55b5a6e36117e
2025-12-15 16:11:23.780 65515 INFO tempest.lib.common.rest_client [req-77e834dc-0643-4c6f-8da6-de286e9b8300 req-77e834dc-0643-4c6f-8da6-de286e9b8300 ] Request (FloatingIPsNegativeTestJSON:setUpClass): 201 POST http://10.180.1.21/networking/v2.0/subnets 0.656s
2025-12-15 16:11:23.830 65521 INFO tempest.lib.common.rest_client [req-f8851dbe-d79d-48d4-85a4-00e9dc958343 req-f8851dbe-d79d-48d4-85a4-00e9dc958343 ] Request (ListServersNegativeTestJSON:setUpClass): 200 GET http://10.180.1.21/compute/v2.1/servers/9102f308-c054-46f2-89e4-5a88301143d7 7.108s
2025-12-15 16:11:23.881 65513 INFO tempest.lib.common.rest_client [req-9c5fff73-c6ed-4983-9918-6d3c39a6e453 req-9c5fff73-c6ed-4983-9918-6d3c39a6e453 ] Request (ServersAdminNegativeTestJSON:tearDownClass): 200 GET http://10.180.1.21/networking/v2.0/security-groups?tenant_id=54748e1dccfc4ae3aff55b5a6e36117e&name=default 0.223s
2025-12-15 16:11:24.008 65533 WARNING tempest.lib.common.ssh [-] Failed to establish authenticated ssh connection to cirros@10.180.180.215 ([Errno None] Unable to connect to port 22 on 10.180.180.215). Number attempts: 5. Retry after 6 seconds.: paramiko.ssh_exception.NoValidConnectionsError: [Errno None] Unable to connect to port 22 on 10.180.180.215
2025-12-15 16:11:24.714 65515 INFO tempest.lib.common.rest_client [req-273325f8-28cd-4790-b196-0808e0fc3ff2 req-273325f8-28cd-4790-b196-0808e0fc3ff2 ] Request (FloatingIPsNegativeTestJSON:setUpClass): 201 POST http://10.180.1.21/networking/v2.0/routers 0.934s
2025-12-15 16:11:24.771 65509 INFO tempest.lib.common.rest_client [req-066d1465-529c-4a14-a5f8-63383b5ba47c req-066d1465-529c-4a14-a5f8-63383b5ba47c ] Request (ServersNegativeTestJSON:setUpClass): 200 GET http://10.180.1.21/compute/v2.1/servers/7a4b4b5f-321a-47af-b06f-f3004049aaaf 7.652s
2025-12-15 16:11:24.863 65513 INFO tempest.lib.common.rest_client [req-117d034b-bf6c-42da-add9-53fa0fc9b821 req-117d034b-bf6c-42da-add9-53fa0fc9b821 ] Request (ServersAdminNegativeTestJSON:tearDownClass): 204 DELETE http://10.180.1.21/networking/v2.0/security-groups/146a7404-789b-4f33-a975-e8f5359ddee9 0.981s
2025-12-15 16:11:25.010 65513 INFO tempest.lib.common.rest_client [req-fb312bfc-a34f-4b13-9c57-75a11f1be48e req-fb312bfc-a34f-4b13-9c57-75a11f1be48e ] Request (ServersAdminNegativeTestJSON:tearDownClass): 204 DELETE http://10.180.1.21/identity/v3/projects/54748e1dccfc4ae3aff55b5a6e36117e 0.147s
2025-12-15 16:11:25.110 65513 INFO tempest.lib.common.rest_client [req-f7096b6d-da6c-4ebb-a9fd-4bf3b541a437 req-f7096b6d-da6c-4ebb-a9fd-4bf3b541a437 ] Request (ImagesNegativeTestJSON:setUpClass): 201 POST http://10.180.1.21/identity/v3/auth/tokens 0.098s
2025-12-15 16:11:25.151 65513 INFO tempest.lib.common.rest_client [req-359e0d30-ea9a-4219-93d5-c7ff92b3668b req-359e0d30-ea9a-4219-93d5-c7ff92b3668b ] Request (ImagesNegativeTestJSON:setUpClass): 201 POST http://10.180.1.21/identity/v3/auth/tokens 0.037s
2025-12-15 16:11:25.177 65513 INFO tempest.lib.common.rest_client [req-0dac2486-4f7a-4818-aabc-0c5abc66a0c6 req-0dac2486-4f7a-4818-aabc-0c5abc66a0c6 ] Request (ImagesNegativeTestJSON:setUpClass): 200 GET http://10.180.1.21/identity/v3/domains?name=Default 0.026s
2025-12-15 16:11:25.225 65513 INFO tempest.lib.common.rest_client [req-535a70d8-3d60-4263-9a64-8654b189a899 req-535a70d8-3d60-4263-9a64-8654b189a899 ] Request (ImagesNegativeTestJSON:setUpClass): 201 POST http://10.180.1.21/identity/v3/projects 0.047s
2025-12-15 16:11:25.314 65513 INFO tempest.lib.common.rest_client [req-7387412e-39b7-443b-899d-67203debd377 req-7387412e-39b7-443b-899d-67203debd377 ] Request (ImagesNegativeTestJSON:setUpClass): 201 POST http://10.180.1.21/identity/v3/users 0.088s
2025-12-15 16:11:25.339 65513 INFO tempest.lib.common.rest_client [req-7883ef64-45aa-4a74-bfa0-1ba32fc13a3b req-7883ef64-45aa-4a74-bfa0-1ba32fc13a3b ] Request (ImagesNegativeTestJSON:setUpClass): 200 GET http://10.180.1.21/identity/v3/roles 0.024s
2025-12-15 16:11:25.361 65499 INFO tempest.lib.common.rest_client [req-a95b582e-fde3-4d68-8274-7b90ff129d69 req-a95b582e-fde3-4d68-8274-7b90ff129d69 ] Request (FloatingIPsAssociationTestJSON:test_associate_already_associated_floating_ip): 202 POST http://10.180.1.21/compute/v2.1/servers/f65835eb-35c1-4685-98e3-ef00796b3a9f/action 8.651s
2025-12-15 16:11:25.376 65513 INFO tempest.lib.common.rest_client [req-f05bb1fe-c1dc-4a58-9a0a-9b358b9fd88f req-f05bb1fe-c1dc-4a58-9a0a-9b358b9fd88f ] Request (ImagesNegativeTestJSON:setUpClass): 204 PUT http://10.180.1.21/identity/v3/projects/6434002bf84f421bbf5027c23f75c2b2/users/ee912a2ebda745a3bfb5466f81c60847/roles/380eb3ad072b411da444d993225343b8 0.036s
2025-12-15 16:11:25.377 65513 INFO tempest.lib.common.dynamic_creds [-] Dynamic test user ee912a2ebda745a3bfb5466f81c60847 is created with scope project and roles: ['member']
2025-12-15 16:11:25.377 65513 INFO tempest.lib.common.dynamic_creds [-] Acquired dynamic creds: credentials: Credentials: {'domain_id': 'default', 'domain_name': 'Default', 'username': 'tempest-ImagesNegativeTestJSON-831765486-project-member', 'project_domain_id': 'default', 'project_domain_name': 'Default', 'project_id': '6434002bf84f421bbf5027c23f75c2b2', 'project_name': 'tempest-ImagesNegativeTestJSON-831765486', 'tenant_id': '6434002bf84f421bbf5027c23f75c2b2', 'tenant_name': 'tempest-ImagesNegativeTestJSON-831765486', 'user_domain_id': 'default', 'user_domain_name': 'Default', 'user_id': 'ee912a2ebda745a3bfb5466f81c60847', 'system': None}, Network: None, Subnet: None, Router: None
2025-12-15 16:11:25.438 65539 INFO tempest.lib.common.rest_client [req-caa6d6c0-280d-4f59-95a8-d10854ada0c4 req-caa6d6c0-280d-4f59-95a8-d10854ada0c4 ] Request (ListServerFiltersTestJSON:setUpClass): 200 GET http://10.180.1.21/compute/v2.1/servers/c6b84d16-b8bd-4cb7-904c-b7cecb75adff 8.042s
2025-12-15 16:11:25.477 65513 INFO tempest.lib.common.rest_client [req-cc9217de-0adf-4c55-82f2-454f99764693 req-cc9217de-0adf-4c55-82f2-454f99764693 ] Request (ImagesNegativeTestJSON:setUpClass): 201 POST http://10.180.1.21/identity/v3/auth/tokens 0.099s
2025-12-15 16:11:25.496 65525 INFO tempest.lib.common.rest_client [req-f02d9fdb-6fad-4be1-9d0d-867f33d7c2c3 req-f02d9fdb-6fad-4be1-9d0d-867f33d7c2c3 ] Request (ServersWithSpecificFlavorTestJSON:test_verify_created_server_ephemeral_disk): 202 POST http://10.180.1.21/compute/v2.1/servers 8.304s
2025-12-15 16:11:25.878 65515 INFO tempest.lib.common.rest_client [req-82951b08-76c6-4d23-bc36-6ad288e5c24c req-82951b08-76c6-4d23-bc36-6ad288e5c24c ] Request (FloatingIPsNegativeTestJSON:setUpClass): 200 PUT http://10.180.1.21/networking/v2.0/routers/061f209f-66c4-4372-82c8-1b8a29cfb83c/add_router_interface 1.163s
2025-12-15 16:11:25.878 65515 INFO tempest.lib.common.dynamic_creds [-] Created isolated network resources for: credentials: Credentials: {'domain_id': 'default', 'domain_name': 'Default', 'username': 'tempest-FloatingIPsNegativeTestJSON-1391106046-project-member', 'project_domain_id': 'default', 'project_domain_name': 'Default', 'project_id': '1b1f215ca97c4a47918d933f57155d14', 'project_name': 'tempest-FloatingIPsNegativeTestJSON-1391106046', 'tenant_id': '1b1f215ca97c4a47918d933f57155d14', 'tenant_name': 'tempest-FloatingIPsNegativeTestJSON-1391106046', 'user_domain_id': 'default', 'user_domain_name': 'Default', 'user_id': '9c38d941145048998b3b84c2c526ca6c', 'system': None}, Network: {'id': 'a81c7466-02e7-4f9d-a6a3-ad4cba66e80e', 'name': 'tempest-FloatingIPsNegativeTestJSON-1912115105-network', 'tenant_id': '1b1f215ca97c4a47918d933f57155d14', 'project_id': '1b1f215ca97c4a47918d933f57155d14', 'admin_state_up': True, 'mtu': 8950, 'status': 'ACTIVE', 'subnets': [], 'shared': False, 'port_security_enabled': True, 'router:external': False, 'provider:network_type': 'vlan', 'provider:physical_network': 'default', 'provider:segmentation_id': 100, 'availability_zone_hints': [], 'availability_zones': [], 'ipv4_address_scope': None, 'ipv6_address_scope': None, 'description': '', 'tags': [], 'created_at': '2025-12-15T16:11:23Z', 'updated_at': '2025-12-15T16:11:23Z', 'revision_number': 1}, Subnet: {'id': '1aaa6b2e-16f1-44f3-b58e-f44f3743d782', 'name': 'tempest-FloatingIPsNegativeTestJSON-1912115105-subnet', 'tenant_id': '1b1f215ca97c4a47918d933f57155d14', 'network_id': 'a81c7466-02e7-4f9d-a6a3-ad4cba66e80e', 'ip_version': 4, 'subnetpool_id': None, 'enable_dhcp': True, 'ipv6_ra_mode': None, 'ipv6_address_mode': None, 'gateway_ip': '192.168.128.1', 'cidr': '192.168.128.0/28', 'allocation_pools': [{'start': '192.168.128.2', 'end': '192.168.128.14'}], 'host_routes': [], 'dns_nameservers': [], 'description': '', 'router:external': False, 'service_types': [], 'tags': [], 'created_at': '2025-12-15T16:11:23Z', 'updated_at': '2025-12-15T16:11:23Z', 'revision_number': 0, 'project_id': '1b1f215ca97c4a47918d933f57155d14'}, Router: {'id': '061f209f-66c4-4372-82c8-1b8a29cfb83c', 'name': 'tempest-FloatingIPsNegativeTestJSON-1912115105-router', 'tenant_id': '1b1f215ca97c4a47918d933f57155d14', 'admin_state_up': True, 'status': 'ACTIVE', 'external_gateway_info': {'network_id': 'ac962b30-2800-439d-94d9-d5e949ef2f8a', 'external_fixed_ips': [{'subnet_id': 'f913069a-9b6c-4cb1-a49c-521245bad301', 'ip_address': '10.180.180.157'}], 'enable_snat': True}, 'description': '', 'availability_zones': [], 'distributed': False, 'ha': False, 'availability_zone_hints': [], 'routes': [], 'flavor_id': None, 'tags': [], 'created_at': '2025-12-15T16:11:23Z', 'updated_at': '2025-12-15T16:11:24Z', 'revision_number': 2, 'project_id': '1b1f215ca97c4a47918d933f57155d14'}
2025-12-15 16:11:25.914 65513 INFO tempest.lib.common.rest_client [req-51645297-0366-4812-8284-1b8f89dd8520 req-51645297-0366-4812-8284-1b8f89dd8520 ] Request (ImagesNegativeTestJSON:setUpClass): 201 POST http://10.180.1.21/networking/v2.0/networks 0.436s
2025-12-15 16:11:25.956 65501 INFO tempest.lib.common.rest_client [req-f032b11d-e9c9-46f7-8428-e1bcbbd33675 req-f032b11d-e9c9-46f7-8428-e1bcbbd33675 ] Request (ServersTestMultiNic:test_verify_multiple_nics_order): 200 GET http://10.180.1.21/compute/v2.1/servers/ad432994-1f96-4227-99a8-fd3ed2e5f014 7.967s
2025-12-15 16:11:25.968 65501 INFO tempest.common.waiters [-] State transition "BUILD/spawning" ==> "ACTIVE/None" after 28 second wait
2025-12-15 16:11:25.972 65515 INFO tempest.lib.common.rest_client [req-80659993-892e-4f8c-9eef-a451d6333f00 req-80659993-892e-4f8c-9eef-a451d6333f00 ] Request (FloatingIPsNegativeTestJSON:setUpClass): 201 POST http://10.180.1.21/identity/v3/auth/tokens 0.090s
2025-12-15 16:11:26.032 65495 INFO tempest.lib.common.rest_client [req-ef44e004-4dbd-4965-bc71-23c0b98f7036 req-ef44e004-4dbd-4965-bc71-23c0b98f7036 ] Request (ServersNegativeTestMultiTenantJSON:setUpClass): 200 GET http://10.180.1.21/compute/v2.1/servers/6282b7ae-aea6-4776-bd87-cc21a9e7a5f5 7.627s
2025-12-15 16:11:26.045 65495 INFO tempest.common.waiters [-] State transition "BUILD/spawning" ==> "ACTIVE/None" after 28 second wait
2025-12-15 16:11:26.073 65535 INFO tempest.lib.common.rest_client [req-32daddd5-0214-43da-9fb4-21dca5d8f2e5 req-32daddd5-0214-43da-9fb4-21dca5d8f2e5 ] Request (ImagesOneServerNegativeTestJSON:_run_cleanups): 200 GET http://10.180.1.21/compute/v2.1/servers/f9d4a3b9-e97f-42c6-add0-520030b332a6 7.562s
2025-12-15 16:11:26.190 65523 INFO tempest.lib.common.rest_client [req-a936a562-6130-4594-ba4a-a31b97c6b540 req-a936a562-6130-4594-ba4a-a31b97c6b540 ] Request (TenantUsagesTestJSON:setUpClass): 200 GET http://10.180.1.21/compute/v2.1/servers/327e8e52-6c00-4ec4-8d5e-9d378f600d28 6.870s
2025-12-15 16:11:26.209 65513 INFO tempest.lib.common.rest_client [req-46685c1e-c83b-43aa-91e1-1d1b1afaca1e req-46685c1e-c83b-43aa-91e1-1d1b1afaca1e ] Request (ImagesNegativeTestJSON:setUpClass): 201 POST http://10.180.1.21/networking/v2.0/subnets 0.294s
2025-12-15 16:11:26.217 65507 INFO tempest.lib.common.rest_client [req-3abd8732-4a8e-4e6b-ad8e-ca54cdfda26b req-3abd8732-4a8e-4e6b-ad8e-ca54cdfda26b ] Request (FloatingIPsAssociationNegativeTestJSON:tearDownClass): 204 DELETE http://10.180.1.21/compute/v2.1/servers/cb83d0db-46de-423b-ac00-a1a443c39210 6.884s
2025-12-15 16:11:26.281 65549 WARNING tempest.lib.common.ssh [-] Failed to establish authenticated ssh connection to cirros@10.180.180.203 ([Errno None] Unable to connect to port 22 on 10.180.180.203). Number attempts: 9. Retry after 10 seconds.: paramiko.ssh_exception.NoValidConnectionsError: [Errno None] Unable to connect to port 22 on 10.180.180.203
2025-12-15 16:11:26.349 65497 INFO tempest.lib.common.rest_client [req-fc25505c-63d4-4608-8efd-a6d134e4a395 req-fc25505c-63d4-4608-8efd-a6d134e4a395 ] Request (MultipleCreateTestJSON:test_multiple_create): 200 GET http://10.180.1.21/compute/v2.1/servers/50a6c9eb-3c3e-4982-8891-583b3914d9fc 6.708s
2025-12-15 16:11:26.356 65497 INFO tempest.common.waiters [-] State transition "BUILD/block_device_mapping" ==> "BUILD/spawning" after 16 second wait
2025-12-15 16:11:26.571 65541 INFO tempest.lib.common.rest_client [req-32673307-6cc5-4c30-9668-b950f6cfaf7c req-32673307-6cc5-4c30-9668-b950f6cfaf7c ] Request (MigrationsAdminTest:test_resize_server_revert_deleted_flavor): 202 POST http://10.180.1.21/compute/v2.1/servers/9701c843-b47f-47fc-912d-00804e71040d/action 5.702s
2025-12-15 16:11:26.791 65531 INFO tempest.lib.common.rest_client [req-4bc5c81a-2a22-4af3-9b58-cc4c13aec276 req-4bc5c81a-2a22-4af3-9b58-cc4c13aec276 ] Request (DeleteServersTestJSON:test_delete_server_while_in_building_state): 200 GET http://10.180.1.21/compute/v2.1/servers/3bb89881-fc58-430d-a08e-b03bfd846b63 4.993s
2025-12-15 16:11:26.807 65531 INFO tempest.common.waiters [-] State transition "ACTIVE/None" ==> "DELETED/None" after 21 second wait
2025-12-15 16:11:26.853 65493 INFO tempest.lib.common.rest_client [req-2424a9bf-58b5-4110-ba63-51c0ca284b40 req-2424a9bf-58b5-4110-ba63-51c0ca284b40 ] Request (ImagesTestJSON:test_create_image_from_stopped_server): 200 GET http://10.180.1.21/compute/v2.1/images/cd316055-9935-4a71-b381-68cedade62f9 5.014s
2025-12-15 16:11:26.868 65505 INFO tempest.lib.common.rest_client [req-dc11abc5-b291-4d35-b06e-19bfc036fb3f req-dc11abc5-b291-4d35-b06e-19bfc036fb3f ] Request (ServerRescueTestJSONUnderV235:setUpClass): 202 POST http://10.180.1.21/compute/v2.1/servers 6.081s
2025-12-15 16:11:26.904 65527 INFO tempest.lib.common.rest_client [req-105bd231-6569-4afa-a02f-71cd9e20e91f req-105bd231-6569-4afa-a02f-71cd9e20e91f ] Request (ServersAdminTestJSON:test_list_servers_by_admin_with_specified_tenant): 200 GET http://10.180.1.21/compute/v2.1/servers/detail?tenant_id=2f4bb84df7fb4fd4b07000b93a3d3b9b 4.989s
2025-12-15 16:11:26.914 65555 INFO tempest.lib.common.rest_client [req-6844a14e-d6f4-496b-a9b3-555d13767870 req-6844a14e-d6f4-496b-a9b3-555d13767870 ] Request (VolumesNegativeTest:test_create_volume_without_passing_size): 400 POST http://10.180.1.21/compute/v2.1/os-volumes 4.511s
2025-12-15 16:11:27.205 65511 INFO tempest.lib.common.rest_client [req-495fb88f-b949-4c03-8aee-3b090ea748a8 req-495fb88f-b949-4c03-8aee-3b090ea748a8 ] Request (FloatingIPDetailsTestJSON:test_get_floating_ip_details): 200 GET http://10.180.1.21/compute/v2.1/os-floating-ips/addc023a-5337-4ca6-8782-c2d94229ec4f 5.112s
2025-12-15 16:11:27.289 65551 INFO tempest.lib.common.rest_client [req-c0a24cd7-2e59-448a-a0d4-880e89f3d1c7 req-c0a24cd7-2e59-448a-a0d4-880e89f3d1c7 ] Request (ServerActionsV293TestJSON:tearDownClass): 200 GET http://10.180.1.21/compute/v2.1/servers/e21b14eb-cb4b-4efe-a521-792e51d4065f 4.148s
2025-12-15 16:11:27.312 65513 INFO tempest.lib.common.rest_client [req-d3ac3aa3-9af8-4891-b9a5-a92e341f1fd8 req-d3ac3aa3-9af8-4891-b9a5-a92e341f1fd8 ] Request (ImagesNegativeTestJSON:setUpClass): 201 POST http://10.180.1.21/networking/v2.0/routers 1.101s
2025-12-15 16:11:27.362 65543 INFO tempest.lib.common.rest_client [req-9a1c1469-8c34-419d-ba11-d2cb3006b446 req-9a1c1469-8c34-419d-ba11-d2cb3006b446 ] Request (AttachInterfacesTestJSON:_run_cleanups): 200 GET http://10.180.1.21/compute/v2.1/servers/191db68f-a674-48fd-9b36-9b6f83a7e255 4.099s
2025-12-15 16:11:27.415 65545 INFO tempest.lib.common.rest_client [req-c3b2efcf-81af-4dd0-8739-f21d605fb504 req-c3b2efcf-81af-4dd0-8739-f21d605fb504 ] Request (ServersListShow296Test:tearDownClass): 200 GET http://10.180.1.21/compute/v2.1/servers/b7e57154-466d-49ce-bdf2-49289b28726e 4.126s
2025-12-15 16:11:27.436 65545 INFO tempest.common.waiters [-] State transition "ACTIVE/deleting" ==> "DELETED/None" after 5 second wait
2025-12-15 16:11:27.464 65537 INFO tempest.lib.common.rest_client [req-94742798-39af-46ca-902b-55b4e4733d4b req-94742798-39af-46ca-902b-55b4e4733d4b ] Request (ServerDiskConfigTestJSON:test_rebuild_server_with_manual_disk_config): 200 GET http://10.180.1.21/compute/v2.1/servers/ae8be100-3869-4dd5-a0fe-568cf781f772 4.055s
2025-12-15 16:11:27.527 65519 INFO tempest.lib.common.rest_client [req-284a6b68-bb68-4fe9-8a85-e2b5ec7a9fbf req-284a6b68-bb68-4fe9-8a85-e2b5ec7a9fbf ] Request (ServerRescueTestJSON:test_rescue_unrescue_instance): 200 GET http://10.180.1.21/compute/v2.1/servers/4ae97348-d194-4710-a4e1-b3e4f7a4e0e3 3.987s
2025-12-15 16:11:27.552 65521 INFO tempest.lib.common.rest_client [req-e2608882-5d5b-4db8-b4ac-06b0be8392eb req-e2608882-5d5b-4db8-b4ac-06b0be8392eb ] Request (ListServersNegativeTestJSON:setUpClass): 200 GET http://10.180.1.21/compute/v2.1/servers/9102f308-c054-46f2-89e4-5a88301143d7 2.714s
2025-12-15 16:11:27.696 65525 INFO tempest.lib.common.rest_client [req-094d887e-d506-4aae-b2db-0179588557f6 req-094d887e-d506-4aae-b2db-0179588557f6 ] Request (ServersWithSpecificFlavorTestJSON:test_verify_created_server_ephemeral_disk): 200 GET http://10.180.1.21/compute/v2.1/servers/a9a2a925-6a54-4c4c-b997-b438fbad207f 2.197s
2025-12-15 16:11:28.453 65513 INFO tempest.lib.common.rest_client [req-a8ab81b7-152c-4a2a-a217-b48967180760 req-a8ab81b7-152c-4a2a-a217-b48967180760 ] Request (ImagesNegativeTestJSON:setUpClass): 200 PUT http://10.180.1.21/networking/v2.0/routers/019f4e69-b616-496b-8d18-afe6eaab38a7/add_router_interface 1.139s
2025-12-15 16:11:28.454 65513 INFO tempest.lib.common.dynamic_creds [-] Created isolated network resources for: credentials: Credentials: {'domain_id': 'default', 'domain_name': 'Default', 'username': 'tempest-ImagesNegativeTestJSON-831765486-project-member', 'project_domain_id': 'default', 'project_domain_name': 'Default', 'project_id': '6434002bf84f421bbf5027c23f75c2b2', 'project_name': 'tempest-ImagesNegativeTestJSON-831765486', 'tenant_id': '6434002bf84f421bbf5027c23f75c2b2', 'tenant_name': 'tempest-ImagesNegativeTestJSON-831765486', 'user_domain_id': 'default', 'user_domain_name': 'Default', 'user_id': 'ee912a2ebda745a3bfb5466f81c60847', 'system': None}, Network: {'id': '10abca65-1480-4cc6-832f-e0ad69053dc4', 'name': 'tempest-ImagesNegativeTestJSON-1192744917-network', 'tenant_id': '6434002bf84f421bbf5027c23f75c2b2', 'project_id': '6434002bf84f421bbf5027c23f75c2b2', 'admin_state_up': True, 'mtu': 8950, 'status': 'ACTIVE', 'subnets': [], 'shared': False, 'port_security_enabled': True, 'router:external': False, 'provider:network_type': 'vlan', 'provider:physical_network': 'default', 'provider:segmentation_id': 24, 'availability_zone_hints': [], 'availability_zones': [], 'ipv4_address_scope': None, 'ipv6_address_scope': None, 'description': '', 'tags': [], 'created_at': '2025-12-15T16:11:25Z', 'updated_at': '2025-12-15T16:11:25Z', 'revision_number': 1}, Subnet: {'id': '5c5c65ee-5500-436a-a340-9dc33995c4ad', 'name': 'tempest-ImagesNegativeTestJSON-1192744917-subnet', 'tenant_id': '6434002bf84f421bbf5027c23f75c2b2', 'network_id': '10abca65-1480-4cc6-832f-e0ad69053dc4', 'ip_version': 4, 'subnetpool_id': None, 'enable_dhcp': True, 'ipv6_ra_mode': None, 'ipv6_address_mode': None, 'gateway_ip': '192.168.128.1', 'cidr': '192.168.128.0/28', 'allocation_pools': [{'start': '192.168.128.2', 'end': '192.168.128.14'}], 'host_routes': [], 'dns_nameservers': [], 'description': '', 'router:external': False, 'service_types': [], 'tags': [], 'created_at': '2025-12-15T16:11:26Z', 'updated_at': '2025-12-15T16:11:26Z', 'revision_number': 0, 'project_id': '6434002bf84f421bbf5027c23f75c2b2'}, Router: {'id': '019f4e69-b616-496b-8d18-afe6eaab38a7', 'name': 'tempest-ImagesNegativeTestJSON-1192744917-router', 'tenant_id': '6434002bf84f421bbf5027c23f75c2b2', 'admin_state_up': True, 'status': 'ACTIVE', 'external_gateway_info': {'network_id': 'ac962b30-2800-439d-94d9-d5e949ef2f8a', 'external_fixed_ips': [{'subnet_id': 'f913069a-9b6c-4cb1-a49c-521245bad301', 'ip_address': '10.180.180.193'}], 'enable_snat': True}, 'description': '', 'availability_zones': [], 'distributed': False, 'ha': False, 'availability_zone_hints': [], 'routes': [], 'flavor_id': None, 'tags': [], 'created_at': '2025-12-15T16:11:26Z', 'updated_at': '2025-12-15T16:11:26Z', 'revision_number': 2, 'project_id': '6434002bf84f421bbf5027c23f75c2b2'}
2025-12-15 16:11:28.487 65509 INFO tempest.lib.common.rest_client [req-8b9de54c-578c-41e7-8b7b-72c7036a0a48 req-8b9de54c-578c-41e7-8b7b-72c7036a0a48 ] Request (ServersNegativeTestJSON:setUpClass): 200 GET http://10.180.1.21/compute/v2.1/servers/7a4b4b5f-321a-47af-b06f-f3004049aaaf 2.707s
2025-12-15 16:11:28.522 65501 INFO tempest.lib.common.rest_client [req-58cebeb3-7fcc-46c4-a908-6b751dd3b25d req-58cebeb3-7fcc-46c4-a908-6b751dd3b25d ] Request (ServersTestMultiNic:test_verify_multiple_nics_order): 200 GET http://10.180.1.21/compute/v2.1/servers/ad432994-1f96-4227-99a8-fd3ed2e5f014/ips 2.554s
2025-12-15 16:11:28.588 65513 INFO tempest.lib.common.rest_client [req-127557e8-5183-4369-84fc-c75032604225 req-127557e8-5183-4369-84fc-c75032604225 ] Request (ImagesNegativeTestJSON:setUpClass): 201 POST http://10.180.1.21/identity/v3/auth/tokens 0.130s
2025-12-15 16:11:28.631 65513 INFO tempest.lib.common.rest_client [req-102eff1c-1f77-4ef7-85a8-1f0252bea8e7 req-102eff1c-1f77-4ef7-85a8-1f0252bea8e7 ] Request (ImagesNegativeTestJSON:test_create_image_from_deleted_server): 201 POST http://10.180.1.21/identity/v3/auth/tokens 0.037s
