2025-12-15 16:10:00.126 65517 INFO tempest.lib.common.rest_client [req-3164005d-3b1f-4cab-8d67-85e0da6688b8 req-3164005d-3b1f-4cab-8d67-85e0da6688b8 ] Request (ServicesAdminNegativeV253TestJSON:test_enable_service_with_invalid_service_id): 404 PUT http://10.180.1.21/compute/v2.1/os-services/ac3b32ae-1678-4370-bc5e-d4cf1382cfa0 1.506s
2025-12-15 16:10:00.172 65499 INFO tempest.lib.common.rest_client [req-a9e91b84-14e6-4c8e-96f5-94f123e86752 req-a9e91b84-14e6-4c8e-96f5-94f123e86752 ] Request (ServerExternalEventsTest:tearDownClass): 204 DELETE http://10.180.1.21/networking/v2.0/security-groups/d8b805ad-6bd1-4fe9-9c55-12939aa8be5e 0.112s
2025-12-15 16:10:00.179 65505 INFO tempest.lib.common.rest_client [req-3e1a53a2-80d3-4a8e-9ba9-48b2bd02c40d req-3e1a53a2-80d3-4a8e-9ba9-48b2bd02c40d ] Request (KeyPairsV22TestJSON:test_keypair_create_delete): 201 POST http://10.180.1.21/compute/v2.1/os-keypairs 1.531s
2025-12-15 16:10:00.208 65511 INFO tempest.lib.common.rest_client [req-9f24d50f-0e0a-4276-ab37-6157f6bddfc0 req-9f24d50f-0e0a-4276-ab37-6157f6bddfc0 ] Request (QuotasAdminTestV257:setUpClass): 201 POST http://10.180.1.21/identity/v3/auth/tokens 0.096s
2025-12-15 16:10:00.209 65511 WARNING tempest.lib.common.rest_client [-] Deprecated: "tenant_id" property is deprecated for removal, use "project_id" instead
2025-12-15 16:10:00.248 65503 INFO tempest.lib.common.rest_client [req-28396148-d9fd-42a4-b71c-d9fe358c3f2f req-28396148-d9fd-42a4-b71c-d9fe358c3f2f ] Request (VolumesTestJSON:test_volume_list_param_limit): 200 GET http://10.180.1.21/compute/v2.1/os-volumes?limit=2 1.527s
2025-12-15 16:10:00.301 65499 INFO tempest.lib.common.rest_client [req-414a4615-8585-44de-83a1-b0264d438d67 req-414a4615-8585-44de-83a1-b0264d438d67 ] Request (ServerExternalEventsTest:tearDownClass): 204 DELETE http://10.180.1.21/identity/v3/projects/cf9c1c9e59d54ad4844751756788c093 0.129s
2025-12-15 16:10:00.302 65499 INFO tempest.lib.common.dynamic_creds [-] Deleting project and security group for project: c32d70e7ded04cec92f4868af6b2663f
2025-12-15 16:10:00.304 65539 INFO tempest.lib.common.rest_client [req-dc352e68-996a-4827-ba60-eba229e2de26 req-dc352e68-996a-4827-ba60-eba229e2de26 ] Request (FlavorsAdminTestJSON:_run_cleanups): 200 GET http://10.180.1.21/compute/v2.1/flavors/detail 1.471s
2025-12-15 16:10:00.437 65499 INFO tempest.lib.common.rest_client [req-b0e7a9f0-dce2-4d4a-9def-dc6e3c095b77 req-b0e7a9f0-dce2-4d4a-9def-dc6e3c095b77 ] Request (ServerExternalEventsTest:tearDownClass): 200 GET http://10.180.1.21/networking/v2.0/security-groups?tenant_id=c32d70e7ded04cec92f4868af6b2663f&name=default 0.135s
2025-12-15 16:10:00.495 65531 INFO tempest.lib.common.rest_client [req-b166de85-1dae-4b51-8f1a-b4d3f42aa068 req-b166de85-1dae-4b51-8f1a-b4d3f42aa068 ] Request (DeleteServersTestJSON:test_delete_active_server): 200 GET http://10.180.1.21/compute/v2.1/servers/3a670d80-1000-45a2-9283-451a08da9764 1.383s
2025-12-15 16:10:00.535 65497 INFO tempest.lib.common.rest_client [req-25de79ed-b971-440f-8032-33f6493e06b0 req-25de79ed-b971-440f-8032-33f6493e06b0 ] Request (ImagesOneServerTestJSON:test_create_image_specify_multibyte_character_image_name): 200 GET http://10.180.1.21/compute/v2.1/images/4ff67656-07ae-4ff1-98d6-782f96c7a4c9 1.373s
2025-12-15 16:10:00.613 65499 INFO tempest.lib.common.rest_client [req-4a4b45ff-6c92-44d2-bfcf-e2eb5161c04a req-4a4b45ff-6c92-44d2-bfcf-e2eb5161c04a ] Request (ServerExternalEventsTest:tearDownClass): 204 DELETE http://10.180.1.21/networking/v2.0/security-groups/d637906f-09c0-482e-9fb0-acb2e7c01927 0.175s
2025-12-15 16:10:00.720 65499 INFO tempest.lib.common.rest_client [req-bac079e9-6bee-4791-be32-f5820ad89ec6 req-bac079e9-6bee-4791-be32-f5820ad89ec6 ] Request (ServerExternalEventsTest:tearDownClass): 204 DELETE http://10.180.1.21/identity/v3/projects/c32d70e7ded04cec92f4868af6b2663f 0.106s
2025-12-15 16:10:00.745 65507 INFO tempest.lib.common.rest_client [req-306c64ce-cc02-470b-9b56-b80925e8948d req-306c64ce-cc02-470b-9b56-b80925e8948d ] Request (FloatingIPsAssociationNegativeTestJSON:setUpClass): 202 POST http://10.180.1.21/compute/v2.1/servers 2.491s
2025-12-15 16:10:00.810 65499 INFO tempest.lib.common.rest_client [req-2d5bed1d-c61a-434b-a5d7-7007341f323b req-2d5bed1d-c61a-434b-a5d7-7007341f323b ] Request (FloatingIPsAssociationTestJSON:setUpClass): 201 POST http://10.180.1.21/identity/v3/auth/tokens 0.087s
2025-12-15 16:10:00.849 65499 INFO tempest.lib.common.rest_client [req-560d42cc-4e58-47e2-a20d-bae03cfdb6c7 req-560d42cc-4e58-47e2-a20d-bae03cfdb6c7 ] Request (FloatingIPsAssociationTestJSON:setUpClass): 201 POST http://10.180.1.21/identity/v3/auth/tokens 0.036s
2025-12-15 16:10:00.889 65499 INFO tempest.lib.common.rest_client [req-9a15a883-715c-49ef-adf1-6c8a3f8a8469 req-9a15a883-715c-49ef-adf1-6c8a3f8a8469 ] Request (FloatingIPsAssociationTestJSON:setUpClass): 200 GET http://10.180.1.21/identity/v3/domains?name=Default 0.039s
2025-12-15 16:10:00.929 65493 INFO tempest.lib.common.rest_client [req-6976698d-158e-4c2c-8935-6e23975d40a2 req-6976698d-158e-4c2c-8935-6e23975d40a2 ] Request (ServerDiagnosticsTest:tearDownClass): 200 GET http://10.180.1.21/compute/v2.1/servers/b3d42404-1a38-4f3f-b647-4a4d8e179d35 1.754s
2025-12-15 16:10:00.944 65499 INFO tempest.lib.common.rest_client [req-f2cf6e39-0f5b-4847-9eb9-118332d99d0b req-f2cf6e39-0f5b-4847-9eb9-118332d99d0b ] Request (FloatingIPsAssociationTestJSON:setUpClass): 201 POST http://10.180.1.21/identity/v3/projects 0.054s
2025-12-15 16:10:01.026 65499 INFO tempest.lib.common.rest_client [req-eab1cfce-65a9-48df-a07b-9f9875f81529 req-eab1cfce-65a9-48df-a07b-9f9875f81529 ] Request (FloatingIPsAssociationTestJSON:setUpClass): 201 POST http://10.180.1.21/identity/v3/users 0.082s
2025-12-15 16:10:01.055 65499 INFO tempest.lib.common.rest_client [req-89431c6d-a6af-41ff-921f-8e78b0a61de9 req-89431c6d-a6af-41ff-921f-8e78b0a61de9 ] Request (FloatingIPsAssociationTestJSON:setUpClass): 200 GET http://10.180.1.21/identity/v3/roles 0.028s
2025-12-15 16:10:01.097 65499 INFO tempest.lib.common.rest_client [req-26e50830-ca27-4bdb-8fee-f485e7c35f4c req-26e50830-ca27-4bdb-8fee-f485e7c35f4c ] Request (FloatingIPsAssociationTestJSON:setUpClass): 204 PUT http://10.180.1.21/identity/v3/projects/463e54782d2141d1988f929c5fe508aa/users/b8d619e347244babb7b43005347342af/roles/380eb3ad072b411da444d993225343b8 0.041s
2025-12-15 16:10:01.098 65499 INFO tempest.lib.common.dynamic_creds [-] Dynamic test user b8d619e347244babb7b43005347342af is created with scope project and roles: ['member']
2025-12-15 16:10:01.098 65499 INFO tempest.lib.common.dynamic_creds [-] Acquired dynamic creds: credentials: Credentials: {'domain_id': 'default', 'domain_name': 'Default', 'username': 'tempest-FloatingIPsAssociationTestJSON-852158796-project-member', 'project_domain_id': 'default', 'project_domain_name': 'Default', 'project_id': '463e54782d2141d1988f929c5fe508aa', 'project_name': 'tempest-FloatingIPsAssociationTestJSON-852158796', 'tenant_id': '463e54782d2141d1988f929c5fe508aa', 'tenant_name': 'tempest-FloatingIPsAssociationTestJSON-852158796', 'user_domain_id': 'default', 'user_domain_name': 'Default', 'user_id': 'b8d619e347244babb7b43005347342af', 'system': None}, Network: None, Subnet: None, Router: None
2025-12-15 16:10:01.147 65527 INFO tempest.lib.common.rest_client [req-68567a9f-6919-445c-87ed-5be5c019fa95 req-68567a9f-6919-445c-87ed-5be5c019fa95 ] Request (ServersAdminTestJSON:setUpClass): 200 GET http://10.180.1.21/compute/v2.1/servers/0e3580fa-6d81-471b-974d-5d25714d40cb 1.954s
2025-12-15 16:10:01.196 65499 INFO tempest.lib.common.rest_client [req-04c7f167-e36a-473b-93ca-45450b710d01 req-04c7f167-e36a-473b-93ca-45450b710d01 ] Request (FloatingIPsAssociationTestJSON:setUpClass): 201 POST http://10.180.1.21/identity/v3/auth/tokens 0.098s
2025-12-15 16:10:01.198 65541 INFO tempest.lib.common.rest_client [req-f0d36b52-f988-484d-a106-f95d3084a1f5 req-f0d36b52-f988-484d-a106-f95d3084a1f5 ] Request (MigrationsAdminTest:test_list_migrations_in_flavor_resize_situation): 200 GET http://10.180.1.21/compute/v2.1/servers/3806f80b-ecac-4a9d-bde9-91d6ec1adfc6 1.780s
2025-12-15 16:10:01.217 65527 INFO tempest.lib.common.rest_client [req-988e69e4-0aec-420c-ace2-9145ca41661b req-988e69e4-0aec-420c-ace2-9145ca41661b ] Request (ServersAdminTestJSON:test_create_server_with_scheduling_hint): 201 POST http://10.180.1.21/identity/v3/auth/tokens 0.055s
2025-12-15 16:10:01.217 65527 INFO tempest.lib.common.fixed_network [-] (ServersAdminTestJSON:test_create_server_with_scheduling_hint) Found network {'id': '902d9940-3bd0-43a7-8d5b-c9146712b048', 'name': 'tempest-ServersAdminTestJSON-1886906264-network', 'tenant_id': '2f4bb84df7fb4fd4b07000b93a3d3b9b', 'project_id': '2f4bb84df7fb4fd4b07000b93a3d3b9b', 'admin_state_up': True, 'mtu': 8950, 'status': 'ACTIVE', 'subnets': [], 'shared': False, 'port_security_enabled': True, 'router:external': False, 'provider:network_type': 'vlan', 'provider:physical_network': 'default', 'provider:segmentation_id': 718, 'availability_zone_hints': [], 'availability_zones': [], 'ipv4_address_scope': None, 'ipv6_address_scope': None, 'description': '', 'tags': [], 'created_at': '2025-12-15T16:09:16Z', 'updated_at': '2025-12-15T16:09:16Z', 'revision_number': 1} available for tenant
2025-12-15 16:10:01.497 65499 INFO tempest.lib.common.rest_client [req-e6dafd83-a566-4a92-bbce-a29e8f3a63e5 req-e6dafd83-a566-4a92-bbce-a29e8f3a63e5 ] Request (FloatingIPsAssociationTestJSON:setUpClass): 201 POST http://10.180.1.21/networking/v2.0/networks 0.300s
2025-12-15 16:10:01.519 65523 INFO tempest.lib.common.rest_client [req-8c43739a-a3d2-404b-b10b-b5599034627b req-8c43739a-a3d2-404b-b10b-b5599034627b ] Request (VolumesAssistedSnapshotsTest:tearDownClass): 200 GET http://10.180.1.21/compute/v2.1/servers/bec53779-f6ce-4fc0-8c01-18a3336957a0 2.016s
2025-12-15 16:10:01.527 65523 INFO tempest.common.waiters [-] State transition "ACTIVE/deleting" ==> "DELETED/None" after 3 second wait
2025-12-15 16:10:01.778 65495 INFO tempest.lib.common.rest_client [req-3d29253d-bd37-4da3-a7a7-5eaeb2ea86e0 req-3d29253d-bd37-4da3-a7a7-5eaeb2ea86e0 ] Request (SecurityGroupRulesNegativeTestJSON:test_create_security_group_rule_with_invalid_port_range): 400 POST http://10.180.1.21/compute/v2.1/os-security-group-rules 1.975s
2025-12-15 16:10:01.830 65499 INFO tempest.lib.common.rest_client [req-42ea1d61-0e35-4903-89ca-90fa5db1846e req-42ea1d61-0e35-4903-89ca-90fa5db1846e ] Request (FloatingIPsAssociationTestJSON:setUpClass): 201 POST http://10.180.1.21/networking/v2.0/subnets 0.333s
2025-12-15 16:10:01.849 65501 INFO tempest.lib.common.rest_client [req-2c06e021-aec4-475b-833e-6cf326343313 req-2c06e021-aec4-475b-833e-6cf326343313 ] Request (ServersTestMultiNic:test_verify_duplicate_network_nics): 200 GET http://10.180.1.21/compute/v2.1/servers/1efc880d-c464-49c8-a03e-67d710928a31 2.234s
2025-12-15 16:10:01.869 65513 INFO tempest.lib.common.rest_client [req-481184f1-4736-463e-aaac-1d68e2191e57 req-481184f1-4736-463e-aaac-1d68e2191e57 ] Request (ServersAdminNegativeTestJSON:test_resize_server_using_overlimit_ram): 200 POST http://10.180.1.21/compute/v2.1/flavors 2.045s
2025-12-15 16:10:01.931 65551 INFO tempest.lib.common.rest_client [req-ea6b1ed6-55fd-4f69-b90c-5e99d583bfbb req-ea6b1ed6-55fd-4f69-b90c-5e99d583bfbb ] Request (ServerActionsV293TestJSON:setUpClass): 200 GET http://10.180.1.21/compute/v2.1/servers/e21b14eb-cb4b-4efe-a521-792e51d4065f 2.108s
2025-12-15 16:10:01.956 65519 INFO tempest.lib.common.rest_client [req-153e6113-5682-44e9-a6c5-bde861a060c0 req-153e6113-5682-44e9-a6c5-bde861a060c0 ] Request (ServicesAdminNegativeTestJSON:test_get_service_by_invalid_service_and_valid_host): 200 GET http://10.180.1.21/compute/v2.1/os-services?host=devstack&binary=xxx 2.126s
2025-12-15 16:10:01.966 65521 INFO tempest.lib.common.rest_client [req-964796fc-1674-4a64-a300-fb8f87290302 req-964796fc-1674-4a64-a300-fb8f87290302 ] Request (InstanceActionsNegativeTestJSON:tearDownClass): 200 GET http://10.180.1.21/compute/v2.1/servers/3bf8d5e2-6288-4102-897f-ac37fb34bb0c 2.140s
2025-12-15 16:10:02.033 65555 INFO tempest.lib.common.rest_client [req-26d97814-8372-497c-8eed-bf8c7e5c9f88 req-26d97814-8372-497c-8eed-bf8c7e5c9f88 ] Request (VolumesAdminNegativeTest:tearDownClass): 200 GET http://10.180.1.21/compute/v2.1/servers/e0e1c41e-1cdd-4b40-8caa-c55a676337bd 2.070s
2025-12-15 16:10:02.050 65535 INFO tempest.lib.common.rest_client [req-3e06fbab-9478-478a-8a05-b1148cd43f99 req-3e06fbab-9478-478a-8a05-b1148cd43f99 ] Request (ImagesOneServerNegativeTestJSON:_run_cleanups): 200 GET http://10.180.1.21/compute/v2.1/servers/1d703ff0-6846-478f-be1f-f2ad83d9cda1 2.072s
2025-12-15 16:10:02.054 65517 INFO tempest.lib.common.rest_client [req-2de8d010-a6e9-4afa-a7b1-b3d578ccf428 req-2de8d010-a6e9-4afa-a7b1-b3d578ccf428 ] Request (ServicesAdminNegativeV253TestJSON:test_get_service_by_invalid_params): 200 GET http://10.180.1.21/compute/v2.1/os-services 1.925s
2025-12-15 16:10:02.069 65505 INFO tempest.lib.common.rest_client [req-d2d63163-7284-44fd-874d-373489f5ff7f req-d2d63163-7284-44fd-874d-373489f5ff7f ] Request (KeyPairsV22TestJSON:_run_cleanups): 204 DELETE http://10.180.1.21/compute/v2.1/os-keypairs/tempest-keypair-1011819055 1.888s
2025-12-15 16:10:02.105 65537 INFO tempest.lib.common.rest_client [req-3b89927c-bea0-445f-be26-f0d8715c1cce req-3b89927c-bea0-445f-be26-f0d8715c1cce ] Request (ServerDiskConfigTestJSON:test_rebuild_server_with_auto_disk_config): 200 GET http://10.180.1.21/compute/v2.1/servers/c8ecc0a2-af37-4985-92ac-c07d6ede0521 1.958s
2025-12-15 16:10:02.107 65503 INFO tempest.lib.common.rest_client [req-cabd25ea-7dc3-4e3f-91ee-24389a054078 req-cabd25ea-7dc3-4e3f-91ee-24389a054078 ] Request (VolumesTestJSON:test_volume_list_param_offset_and_limit): 200 GET http://10.180.1.21/compute/v2.1/os-volumes 1.852s
2025-12-15 16:10:02.126 65539 INFO tempest.lib.common.rest_client [req-232b6304-4c86-4b44-accd-2ab050c0adac req-232b6304-4c86-4b44-accd-2ab050c0adac ] Request (FlavorsAdminTestJSON:_run_cleanups): 202 DELETE http://10.180.1.21/compute/v2.1/flavors/1615530793 1.813s
2025-12-15 16:10:02.180 65509 INFO tempest.lib.common.rest_client [req-274e2316-9813-44a1-88bd-edc735693ead req-274e2316-9813-44a1-88bd-edc735693ead ] Request (ServersNegativeTestJSON:setUpClass): 200 GET http://10.180.1.21/compute/v2.1/servers/72743768-c12c-469f-8636-a23e5ff92b9c 1.567s
2025-12-15 16:10:02.195 65545 INFO tempest.lib.common.rest_client [req-56e9f352-70c2-4722-85f2-1aedb4fe27e4 req-56e9f352-70c2-4722-85f2-1aedb4fe27e4 ] Request (ServerTagsTestJSON:tearDownClass): 200 GET http://10.180.1.21/compute/v2.1/servers/41be3eda-3f49-45a0-ba0f-722e9acbfede 1.720s
2025-12-15 16:10:02.229 65549 INFO tempest.lib.common.rest_client [req-1011f619-7d2f-44a3-8651-c0e0db1f379b req-1011f619-7d2f-44a3-8651-c0e0db1f379b ] Request (ServersTestJSON:setUpClass): 200 GET http://10.180.1.21/compute/v2.1/servers/00216a2b-db21-4b3d-8a6d-9996b9cf992b 1.596s
2025-12-15 16:10:02.245 65507 INFO tempest.lib.common.rest_client [req-29d688f7-a760-49fa-9824-11cb13fa8ffb req-29d688f7-a760-49fa-9824-11cb13fa8ffb ] Request (FloatingIPsAssociationNegativeTestJSON:setUpClass): 200 GET http://10.180.1.21/compute/v2.1/servers/cb83d0db-46de-423b-ac00-a1a443c39210 1.498s
2025-12-15 16:10:02.285 65541 INFO tempest.lib.common.rest_client [req-61303e7a-9fd3-434d-86d4-b67f8f9041df req-61303e7a-9fd3-434d-86d4-b67f8f9041df ] Request (MigrationsAdminTest:test_list_migrations_in_flavor_resize_situation): 200 POST http://10.180.1.21/compute/v2.1/os-keypairs 1.076s
2025-12-15 16:10:02.286 65515 INFO tempest.lib.common.rest_client [req-5f79b3b8-bd9a-4164-ac83-820d06a42108 req-5f79b3b8-bd9a-4164-ac83-820d06a42108 ] Request (DeleteServersAdminTestJSON:test_delete_server_while_in_error_state): 200 GET http://10.180.1.21/compute/v2.1/servers/dbaaa9e2-41f6-4de7-a968-779c4ce4fcee 1.177s
2025-12-15 16:10:02.293 65515 INFO tempest.common.waiters [-] State transition "ERROR/deleting" ==> "DELETED/None" after 2 second wait
2025-12-15 16:10:02.337 65533 INFO paramiko.transport [-] Connected (version 2.0, client dropbear_2020.81)
2025-12-15 16:10:02.434 65541 INFO tempest.lib.common.rest_client [req-7982b84d-cbd5-4932-bdc8-3537c48cf22e req-7982b84d-cbd5-4932-bdc8-3537c48cf22e ] Request (MigrationsAdminTest:test_list_migrations_in_flavor_resize_situation): 201 POST http://10.180.1.21/networking/v2.0/security-groups 0.146s
2025-12-15 16:10:02.447 65533 INFO paramiko.transport [-] Authentication (publickey) successful!
2025-12-15 16:10:02.448 65533 INFO tempest.lib.common.ssh [-] ssh connection to cirros@10.180.180.215 successfully created
2025-12-15 16:10:02.467 65529 WARNING tempest.lib.common.ssh [-] Failed to establish authenticated ssh connection to cirros@10.180.180.235 ([Errno None] Unable to connect to port 22 on 10.180.180.235). Number attempts: 1. Retry after 2 seconds.: paramiko.ssh_exception.NoValidConnectionsError: [Errno None] Unable to connect to port 22 on 10.180.180.235
2025-12-15 16:10:02.499 65531 INFO tempest.lib.common.rest_client [req-8f152777-e35e-461a-ab92-b85dff05c58c req-8f152777-e35e-461a-ab92-b85dff05c58c ] Request (DeleteServersTestJSON:test_delete_active_server): 200 GET http://10.180.1.21/compute/v2.1/servers/3a670d80-1000-45a2-9283-451a08da9764 0.993s
2025-12-15 16:10:02.549 65497 INFO tempest.lib.common.rest_client [req-727a1a01-519b-4969-b803-8a997cc4d1a7 req-727a1a01-519b-4969-b803-8a997cc4d1a7 ] Request (ImagesOneServerTestJSON:test_create_image_specify_multibyte_character_image_name): 200 GET http://10.180.1.21/compute/v2.1/images/4ff67656-07ae-4ff1-98d6-782f96c7a4c9 1.010s
2025-12-15 16:10:02.580 65541 INFO tempest.lib.common.rest_client [req-d5a6e43d-f7e4-4610-8775-1e796e63e812 req-d5a6e43d-f7e4-4610-8775-1e796e63e812 ] Request (MigrationsAdminTest:test_list_migrations_in_flavor_resize_situation): 201 POST http://10.180.1.21/networking/v2.0/security-group-rules 0.146s
2025-12-15 16:10:02.684 65495 INFO tempest.lib.common.rest_client [req-d4bf8db5-d4da-41fb-88d8-0df9000cefe9 req-d4bf8db5-d4da-41fb-88d8-0df9000cefe9 ] Request (SecurityGroupRulesNegativeTestJSON:test_create_security_group_rule_with_invalid_to_port): 200 POST http://10.180.1.21/compute/v2.1/os-security-groups 0.905s
2025-12-15 16:10:02.721 65499 INFO tempest.lib.common.rest_client [req-b3784100-ffdf-4401-b250-524d3af14ea9 req-b3784100-ffdf-4401-b250-524d3af14ea9 ] Request (FloatingIPsAssociationTestJSON:setUpClass): 201 POST http://10.180.1.21/networking/v2.0/routers 0.890s
2025-12-15 16:10:02.767 65541 INFO tempest.lib.common.rest_client [req-0b56d068-8d0d-49f4-807c-8c12c684e9d1 req-0b56d068-8d0d-49f4-807c-8c12c684e9d1 ] Request (MigrationsAdminTest:test_list_migrations_in_flavor_resize_situation): 201 POST http://10.180.1.21/networking/v2.0/security-group-rules 0.186s
2025-12-15 16:10:02.812 65513 INFO tempest.lib.common.rest_client [req-8be5a06f-07a0-42ae-b3f3-429cea87cbdf req-8be5a06f-07a0-42ae-b3f3-429cea87cbdf ] Request (ServersAdminNegativeTestJSON:test_resize_server_using_overlimit_ram): 403 POST http://10.180.1.21/compute/v2.1/servers/f4acb437-2289-4a5c-bfbf-64c73ab543b0/action 0.935s
2025-12-15 16:10:03.327 65541 INFO tempest.lib.common.rest_client [req-0f6fbc74-c717-4551-a6d9-f9bfe274b34d req-0f6fbc74-c717-4551-a6d9-f9bfe274b34d ] Request (MigrationsAdminTest:test_list_migrations_in_flavor_resize_situation): 201 POST http://10.180.1.21/networking/v2.0/floatingips 0.559s
2025-12-15 16:10:03.461 65493 INFO tempest.lib.common.rest_client [req-6fb19475-6732-4e4f-a14b-e9dc70c1b7c8 req-6fb19475-6732-4e4f-a14b-e9dc70c1b7c8 ] Request (ServerDiagnosticsTest:tearDownClass): 200 GET http://10.180.1.21/compute/v2.1/servers/b3d42404-1a38-4f3f-b647-4a4d8e179d35 1.522s
2025-12-15 16:10:03.485 65519 INFO tempest.lib.common.rest_client [req-c356d339-8ec4-4f49-b8e1-3e5285316709 req-c356d339-8ec4-4f49-b8e1-3e5285316709 ] Request (ServicesAdminNegativeTestJSON:test_get_service_with_valid_service_and_invalid_host): 200 GET http://10.180.1.21/compute/v2.1/os-services 1.525s
2025-12-15 16:10:03.509 65517 INFO tempest.lib.common.rest_client [req-a480a600-107b-4e2f-bf6e-23c12e0d55af req-a480a600-107b-4e2f-bf6e-23c12e0d55af ] Request (ServicesAdminNegativeV253TestJSON:test_get_service_by_invalid_params): 200 GET http://10.180.1.21/compute/v2.1/os-services?xxx=nova-compute 1.453s
2025-12-15 16:10:03.532 65527 INFO tempest.lib.common.rest_client [req-868768c7-7267-42b4-b8e1-74f7c294d106 req-868768c7-7267-42b4-b8e1-74f7c294d106 ] Request (ServersAdminTestJSON:test_create_server_with_scheduling_hint): 202 POST http://10.180.1.21/compute/v2.1/servers 2.314s
2025-12-15 16:10:03.573 65505 INFO tempest.lib.common.rest_client [req-ec4e3515-faac-4896-af63-ba63af26f51f req-ec4e3515-faac-4896-af63-ba63af26f51f ] Request (KeyPairsV22TestJSON:test_keypair_create_with_pub_key): 201 POST http://10.180.1.21/compute/v2.1/os-keypairs 1.503s
2025-12-15 16:10:03.594 65503 INFO tempest.lib.common.rest_client [req-09e816e6-a0de-465c-81c7-1084e9cece8e req-09e816e6-a0de-465c-81c7-1084e9cece8e ] Request (VolumesTestJSON:test_volume_list_param_offset_and_limit): 200 GET http://10.180.1.21/compute/v2.1/os-volumes?offset=1&limit=1 1.483s
2025-12-15 16:10:03.611 65539 INFO tempest.lib.common.rest_client [req-699cb4ad-19b8-4336-9852-ace2ed5662c6 req-699cb4ad-19b8-4336-9852-ace2ed5662c6 ] Request (FlavorsAdminTestJSON:_run_cleanups): 200 GET http://10.180.1.21/compute/v2.1/flavors/detail 1.485s
2025-12-15 16:10:03.796 65499 INFO tempest.lib.common.rest_client [req-f499638d-ae19-43a5-84f0-94742d4b21b4 req-f499638d-ae19-43a5-84f0-94742d4b21b4 ] Request (FloatingIPsAssociationTestJSON:setUpClass): 200 PUT http://10.180.1.21/networking/v2.0/routers/1b332b47-bd9c-4e93-acc8-ddd8d9a4b1ed/add_router_interface 1.074s
2025-12-15 16:10:03.796 65499 INFO tempest.lib.common.dynamic_creds [-] Created isolated network resources for: credentials: Credentials: {'domain_id': 'default', 'domain_name': 'Default', 'username': 'tempest-FloatingIPsAssociationTestJSON-852158796-project-member', 'project_domain_id': 'default', 'project_domain_name': 'Default', 'project_id': '463e54782d2141d1988f929c5fe508aa', 'project_name': 'tempest-FloatingIPsAssociationTestJSON-852158796', 'tenant_id': '463e54782d2141d1988f929c5fe508aa', 'tenant_name': 'tempest-FloatingIPsAssociationTestJSON-852158796', 'user_domain_id': 'default', 'user_domain_name': 'Default', 'user_id': 'b8d619e347244babb7b43005347342af', 'system': None}, Network: {'id': '3b9d89cd-d59f-423c-afce-42b32a5ec195', 'name': 'tempest-FloatingIPsAssociationTestJSON-1578998939-network', 'tenant_id': '463e54782d2141d1988f929c5fe508aa', 'project_id': '463e54782d2141d1988f929c5fe508aa', 'admin_state_up': True, 'mtu': 8950, 'status': 'ACTIVE', 'subnets': [], 'shared': False, 'port_security_enabled': True, 'router:external': False, 'provider:network_type': 'vlan', 'provider:physical_network': 'default', 'provider:segmentation_id': 516, 'availability_zone_hints': [], 'availability_zones': [], 'ipv4_address_scope': None, 'ipv6_address_scope': None, 'description': '', 'tags': [], 'created_at': '2025-12-15T16:10:01Z', 'updated_at': '2025-12-15T16:10:01Z', 'revision_number': 1}, Subnet: {'id': '60296213-ee72-4bf6-88c2-c326b93e32ef', 'name': 'tempest-FloatingIPsAssociationTestJSON-1578998939-subnet', 'tenant_id': '463e54782d2141d1988f929c5fe508aa', 'network_id': '3b9d89cd-d59f-423c-afce-42b32a5ec195', 'ip_version': 4, 'subnetpool_id': None, 'enable_dhcp': True, 'ipv6_ra_mode': None, 'ipv6_address_mode': None, 'gateway_ip': '192.168.128.1', 'cidr': '192.168.128.0/28', 'allocation_pools': [{'start': '192.168.128.2', 'end': '192.168.128.14'}], 'host_routes': [], 'dns_nameservers': [], 'description': '', 'router:external': False, 'service_types': [], 'tags': [], 'created_at': '2025-12-15T16:10:01Z', 'updated_at': '2025-12-15T16:10:01Z', 'revision_number': 0, 'project_id': '463e54782d2141d1988f929c5fe508aa'}, Router: {'id': '1b332b47-bd9c-4e93-acc8-ddd8d9a4b1ed', 'name': 'tempest-FloatingIPsAssociationTestJSON-1578998939-router', 'tenant_id': '463e54782d2141d1988f929c5fe508aa', 'admin_state_up': True, 'status': 'ACTIVE', 'external_gateway_info': {'network_id': 'ac962b30-2800-439d-94d9-d5e949ef2f8a', 'external_fixed_ips': [{'subnet_id': 'f913069a-9b6c-4cb1-a49c-521245bad301', 'ip_address': '10.180.180.140'}], 'enable_snat': True}, 'description': '', 'availability_zones': [], 'distributed': False, 'ha': False, 'availability_zone_hints': [], 'routes': [], 'flavor_id': None, 'tags': [], 'created_at': '2025-12-15T16:10:01Z', 'updated_at': '2025-12-15T16:10:02Z', 'revision_number': 2, 'project_id': '463e54782d2141d1988f929c5fe508aa'}
2025-12-15 16:10:03.834 65523 INFO tempest.lib.common.rest_client [req-1d633552-f6b9-43e7-8a76-9221ca6a19a9 req-1d633552-f6b9-43e7-8a76-9221ca6a19a9 ] Request (VolumesAssistedSnapshotsTest:tearDownClass): 200 GET http://10.180.1.21/compute/v2.1/servers/bec53779-f6ce-4fc0-8c01-18a3336957a0 1.305s
2025-12-15 16:10:03.913 65533 INFO tempest.lib.common.rest_client [req-2268d830-6c86-437c-8be0-a8075a7fe19c req-2268d830-6c86-437c-8be0-a8075a7fe19c ] Request (ServerActionsTestJSON:setUp): 200 GET http://10.180.1.21/compute/v2.1/servers/87c72a14-a60c-4edd-b7d2-66de483194ad 1.462s
2025-12-15 16:10:03.949 65513 INFO tempest.lib.common.rest_client [req-51121463-ef18-4427-8797-876d19957f81 req-51121463-ef18-4427-8797-876d19957f81 ] Request (ServersAdminNegativeTestJSON:_run_cleanups): 202 DELETE http://10.180.1.21/compute/v2.1/flavors/1576277587 1.137s
2025-12-15 16:10:03.950 65499 INFO tempest.lib.common.rest_client [req-045f4777-17cc-48c0-9602-c2354fda061b req-045f4777-17cc-48c0-9602-c2354fda061b ] Request (FloatingIPsAssociationTestJSON:setUpClass): 201 POST http://10.180.1.21/identity/v3/auth/tokens 0.149s
2025-12-15 16:10:03.951 65495 INFO tempest.lib.common.rest_client [req-73106e81-804b-4f1d-984f-6414ab97c884 req-73106e81-804b-4f1d-984f-6414ab97c884 ] Request (SecurityGroupRulesNegativeTestJSON:test_create_security_group_rule_with_invalid_to_port): 400 POST http://10.180.1.21/compute/v2.1/os-security-group-rules 1.263s
2025-12-15 16:10:03.970 65543 WARNING tempest.lib.common.ssh [-] Failed to establish authenticated ssh connection to cirros@10.180.180.132 ([Errno None] Unable to connect to port 22 on 10.180.180.132). Number attempts: 8. Retry after 9 seconds.: paramiko.ssh_exception.NoValidConnectionsError: [Errno None] Unable to connect to port 22 on 10.180.180.132
2025-12-15 16:10:04.003 65499 INFO tempest.lib.common.rest_client [req-5ca8d745-a361-4a9f-b854-67a548feb2e7 req-5ca8d745-a361-4a9f-b854-67a548feb2e7 ] Request (FloatingIPsAssociationTestJSON:setUpClass): 201 POST http://10.180.1.21/identity/v3/auth/tokens 0.047s
2025-12-15 16:10:04.004 65499 INFO tempest.lib.common.fixed_network [-] (FloatingIPsAssociationTestJSON:setUpClass) Found network {'id': '3b9d89cd-d59f-423c-afce-42b32a5ec195', 'name': 'tempest-FloatingIPsAssociationTestJSON-1578998939-network', 'tenant_id': '463e54782d2141d1988f929c5fe508aa', 'project_id': '463e54782d2141d1988f929c5fe508aa', 'admin_state_up': True, 'mtu': 8950, 'status': 'ACTIVE', 'subnets': [], 'shared': False, 'port_security_enabled': True, 'router:external': False, 'provider:network_type': 'vlan', 'provider:physical_network': 'default', 'provider:segmentation_id': 516, 'availability_zone_hints': [], 'availability_zones': [], 'ipv4_address_scope': None, 'ipv6_address_scope': None, 'description': '', 'tags': [], 'created_at': '2025-12-15T16:10:01Z', 'updated_at': '2025-12-15T16:10:01Z', 'revision_number': 1} available for tenant
2025-12-15 16:10:04.168 65501 INFO tempest.lib.common.rest_client [req-d6baea4d-6ee0-47a8-853e-72d75650cfa8 req-d6baea4d-6ee0-47a8-853e-72d75650cfa8 ] Request (ServersTestMultiNic:test_verify_duplicate_network_nics): 200 GET http://10.180.1.21/compute/v2.1/servers/1efc880d-c464-49c8-a03e-67d710928a31 1.308s
2025-12-15 16:10:04.192 65521 INFO tempest.lib.common.rest_client [req-0016b436-3deb-4af6-a572-456776004478 req-0016b436-3deb-4af6-a572-456776004478 ] Request (InstanceActionsNegativeTestJSON:tearDownClass): 404 GET http://10.180.1.21/compute/v2.1/servers/3bf8d5e2-6288-4102-897f-ac37fb34bb0c 1.213s
2025-12-15 16:10:04.216 65551 INFO tempest.lib.common.rest_client [req-641fde11-59f6-4ff9-9935-ad61cbdc00f4 req-641fde11-59f6-4ff9-9935-ad61cbdc00f4 ] Request (ServerActionsV293TestJSON:setUpClass): 200 GET http://10.180.1.21/compute/v2.1/servers/e21b14eb-cb4b-4efe-a521-792e51d4065f 1.273s
2025-12-15 16:10:04.216 65555 INFO tempest.lib.common.rest_client [req-e5191c8e-1ebb-4c05-8216-3d74520253bf req-e5191c8e-1ebb-4c05-8216-3d74520253bf ] Request (VolumesAdminNegativeTest:tearDownClass): 404 GET http://10.180.1.21/compute/v2.1/servers/e0e1c41e-1cdd-4b40-8caa-c55a676337bd 1.176s
2025-12-15 16:10:04.231 65551 INFO tempest.common.waiters [-] State transition "BUILD/spawning" ==> "ACTIVE/None" after 26 second wait
2025-12-15 16:10:04.250 65535 INFO tempest.lib.common.rest_client [req-470c11b4-dcd5-4781-a165-ba4347ad3a86 req-470c11b4-dcd5-4781-a165-ba4347ad3a86 ] Request (ImagesOneServerNegativeTestJSON:_run_cleanups): 404 GET http://10.180.1.21/compute/v2.1/servers/1d703ff0-6846-478f-be1f-f2ad83d9cda1 1.190s
2025-12-15 16:10:05.036 65555 INFO tempest.lib.common.rest_client [req-2831efd5-487e-4311-ba2d-b9d4e1ef0612 req-2831efd5-487e-4311-ba2d-b9d4e1ef0612 ] Request (VolumesAdminNegativeTest:tearDownClass): 200 PUT http://10.180.1.21/networking/v2.0/routers/1906bc6d-4da0-4945-85ef-9ccaf0e0b4dc/remove_router_interface 0.819s
2025-12-15 16:10:05.086 65537 INFO tempest.lib.common.rest_client [req-996a2a69-e5e0-49f8-a4a7-44a366686c64 req-996a2a69-e5e0-49f8-a4a7-44a366686c64 ] Request (ServerDiskConfigTestJSON:test_rebuild_server_with_auto_disk_config): 200 GET http://10.180.1.21/compute/v2.1/servers/c8ecc0a2-af37-4985-92ac-c07d6ede0521 1.971s
2025-12-15 16:10:05.088 65521 INFO tempest.lib.common.rest_client [req-b0e15963-b7d2-4ca8-9054-5c4eb3db4801 req-b0e15963-b7d2-4ca8-9054-5c4eb3db4801 ] Request (InstanceActionsNegativeTestJSON:tearDownClass): 200 PUT http://10.180.1.21/networking/v2.0/routers/888a6770-6cf0-4875-b9dd-ca969eb0098f/remove_router_interface 0.896s
2025-12-15 16:10:05.094 65537 INFO tempest.common.waiters [-] State transition "BUILD/None" ==> "BUILD/networking" after 25 second wait
2025-12-15 16:10:05.126 65545 INFO tempest.lib.common.rest_client [req-60a05f47-bc9a-4514-a0ed-3e35b44eb2a1 req-60a05f47-bc9a-4514-a0ed-3e35b44eb2a1 ] Request (ServerTagsTestJSON:tearDownClass): 404 GET http://10.180.1.21/compute/v2.1/servers/41be3eda-3f49-45a0-ba0f-722e9acbfede 1.920s
2025-12-15 16:10:05.129 65509 INFO tempest.lib.common.rest_client [req-ed297a65-132c-4747-ac79-5f052deb2326 req-ed297a65-132c-4747-ac79-5f052deb2326 ] Request (ServersNegativeTestJSON:setUpClass): 200 GET http://10.180.1.21/compute/v2.1/servers/72743768-c12c-469f-8636-a23e5ff92b9c 1.940s
2025-12-15 16:10:05.410 65525 WARNING tempest.lib.common.ssh [-] Failed to establish authenticated ssh connection to cirros@10.180.180.165 ([Errno None] Unable to connect to port 22 on 10.180.180.165). Number attempts: 7. Retry after 8 seconds.: paramiko.ssh_exception.NoValidConnectionsError: [Errno None] Unable to connect to port 22 on 10.180.180.165
2025-12-15 16:10:05.590 65555 INFO tempest.lib.common.rest_client [req-15a444e2-9a08-434d-8f8f-18dcb18a6bdb req-15a444e2-9a08-434d-8f8f-18dcb18a6bdb ] Request (VolumesAdminNegativeTest:tearDownClass): 204 DELETE http://10.180.1.21/networking/v2.0/routers/1906bc6d-4da0-4945-85ef-9ccaf0e0b4dc 0.553s
2025-12-15 16:10:05.941 65521 INFO tempest.lib.common.rest_client [req-dd9683eb-5e56-42dc-bbbb-ca387341729b req-dd9683eb-5e56-42dc-bbbb-ca387341729b ] Request (InstanceActionsNegativeTestJSON:tearDownClass): 204 DELETE http://10.180.1.21/networking/v2.0/routers/888a6770-6cf0-4875-b9dd-ca969eb0098f 0.852s
2025-12-15 16:10:05.967 65507 INFO tempest.lib.common.rest_client [req-a7d27e39-163b-409c-8137-d0174d669149 req-a7d27e39-163b-409c-8137-d0174d669149 ] Request (FloatingIPsAssociationNegativeTestJSON:setUpClass): 200 GET http://10.180.1.21/compute/v2.1/servers/cb83d0db-46de-423b-ac00-a1a443c39210 2.714s
2025-12-15 16:10:05.981 65549 INFO tempest.lib.common.rest_client [req-cd2a1081-51c6-457c-bf36-8acb9f4a2d7b req-cd2a1081-51c6-457c-bf36-8acb9f4a2d7b ] Request (ServersTestJSON:setUpClass): 200 GET http://10.180.1.21/compute/v2.1/servers/00216a2b-db21-4b3d-8a6d-9996b9cf992b 2.743s
2025-12-15 16:10:06.001 65541 INFO tempest.lib.common.rest_client [req-4853091b-de0a-427e-aa68-8f893842e910 req-4853091b-de0a-427e-aa68-8f893842e910 ] Request (MigrationsAdminTest:test_list_migrations_in_flavor_resize_situation): 200 GET http://10.180.1.21/compute/v2.1/os-migrations 2.674s
2025-12-15 16:10:06.027 65519 INFO tempest.lib.common.rest_client [req-99a8ca1d-984b-4dc4-acc4-1f6f0bc1b608 req-99a8ca1d-984b-4dc4-acc4-1f6f0bc1b608 ] Request (ServicesAdminNegativeTestJSON:test_get_service_with_valid_service_and_invalid_host): 200 GET http://10.180.1.21/compute/v2.1/os-services?host=xxx&binary=nova-scheduler 2.539s
2025-12-15 16:10:06.055 65531 INFO tempest.lib.common.rest_client [req-06d7331c-9d92-4df3-aae1-9e212fc1db9b req-06d7331c-9d92-4df3-aae1-9e212fc1db9b ] Request (DeleteServersTestJSON:test_delete_active_server): 404 GET http://10.180.1.21/compute/v2.1/servers/3a670d80-1000-45a2-9283-451a08da9764 2.548s
2025-12-15 16:10:06.077 65517 INFO tempest.lib.common.rest_client [req-0c08c7e4-7372-48d7-8ba2-5471aee2ca98 req-0c08c7e4-7372-48d7-8ba2-5471aee2ca98 ] Request (ServicesAdminNegativeV253TestJSON:test_get_service_by_invalid_service_and_valid_host): 200 GET http://10.180.1.21/compute/v2.1/os-services 2.563s
2025-12-15 16:10:06.138 65531 INFO tempest.lib.common.rest_client [req-1c51d820-02ed-4b10-88c5-561743b5818d req-1c51d820-02ed-4b10-88c5-561743b5818d ] Request (DeleteServersTestJSON:test_delete_server_while_in_attached_volume): 201 POST http://10.180.1.21/identity/v3/auth/tokens 0.079s
2025-12-15 16:10:06.138 65531 INFO tempest.lib.common.fixed_network [-] (DeleteServersTestJSON:test_delete_server_while_in_attached_volume) Found network {'id': '4bcb5030-c3c1-4b3f-95d8-eee940148393', 'name': 'tempest-DeleteServersTestJSON-194400501-network', 'tenant_id': '69eda7c2b42447678aa271d96bea6a13', 'project_id': '69eda7c2b42447678aa271d96bea6a13', 'admin_state_up': True, 'mtu': 8950, 'status': 'ACTIVE', 'subnets': [], 'shared': False, 'port_security_enabled': True, 'router:external': False, 'provider:network_type': 'vlan', 'provider:physical_network': 'default', 'provider:segmentation_id': 186, 'availability_zone_hints': [], 'availability_zones': [], 'ipv4_address_scope': None, 'ipv6_address_scope': None, 'description': '', 'tags': [], 'created_at': '2025-12-15T16:09:04Z', 'updated_at': '2025-12-15T16:09:04Z', 'revision_number': 1} available for tenant
2025-12-15 16:10:06.380 65545 INFO tempest.lib.common.rest_client [req-8a1e2286-0132-462f-a897-cb01d8ad8de8 req-8a1e2286-0132-462f-a897-cb01d8ad8de8 ] Request (ServerTagsTestJSON:tearDownClass): 200 PUT http://10.180.1.21/networking/v2.0/routers/970cc1f5-c233-480b-b021-8dce2c81162e/remove_router_interface 1.253s
2025-12-15 16:10:06.517 65555 INFO tempest.lib.common.rest_client [req-beaa2a54-90c6-4e09-9e85-ec023f4318be req-beaa2a54-90c6-4e09-9e85-ec023f4318be ] Request (VolumesAdminNegativeTest:tearDownClass): 204 DELETE http://10.180.1.21/networking/v2.0/subnets/edc4613e-ad23-4a6c-abde-09efed317b39 0.927s
2025-12-15 16:10:06.617 65521 INFO tempest.lib.common.rest_client [req-f676a660-b557-43d6-bf24-51de4db8aade req-f676a660-b557-43d6-bf24-51de4db8aade ] Request (InstanceActionsNegativeTestJSON:tearDownClass): 204 DELETE http://10.180.1.21/networking/v2.0/subnets/7e9aec1d-581a-4053-82db-eed55972af90 0.675s
2025-12-15 16:10:06.636 65515 INFO tempest.lib.common.rest_client [req-9b5a3680-901b-4802-a797-4edf6a10a090 req-9b5a3680-901b-4802-a797-4edf6a10a090 ] Request (DeleteServersAdminTestJSON:test_delete_server_while_in_error_state): 200 GET http://10.180.1.21/compute/v2.1/servers/dbaaa9e2-41f6-4de7-a968-779c4ce4fcee 3.341s
2025-12-15 16:10:06.653 65527 INFO tempest.lib.common.rest_client [req-3d67ab72-e09b-439d-a0c6-e991cc76c0c4 req-3d67ab72-e09b-439d-a0c6-e991cc76c0c4 ] Request (ServersAdminTestJSON:test_create_server_with_scheduling_hint): 200 GET http://10.180.1.21/compute/v2.1/servers/c54b68df-0213-46d4-ad6c-a55982a837dd 3.118s
2025-12-15 16:10:06.670 65505 INFO tempest.lib.common.rest_client [req-f7de1a9c-78bc-42cd-81ce-b1d2dbceea2c req-f7de1a9c-78bc-42cd-81ce-b1d2dbceea2c ] Request (KeyPairsV22TestJSON:_run_cleanups): 204 DELETE http://10.180.1.21/compute/v2.1/os-keypairs/tempest-keypair-1184975428 3.092s
2025-12-15 16:10:06.684 65497 INFO tempest.lib.common.rest_client [req-c021a765-88fa-478b-ad98-227ecf1c5928 req-c021a765-88fa-478b-ad98-227ecf1c5928 ] Request (ImagesOneServerTestJSON:test_create_image_specify_multibyte_character_image_name): 200 GET http://10.180.1.21/compute/v2.1/images/4ff67656-07ae-4ff1-98d6-782f96c7a4c9 3.129s
2025-12-15 16:10:06.703 65539 INFO tempest.lib.common.rest_client [req-3568f5a2-1bd2-4403-800f-6e5b73673b4d req-3568f5a2-1bd2-4403-800f-6e5b73673b4d ] Request (FlavorsAdminTestJSON:test_list_non_public_flavor): 200 POST http://10.180.1.21/compute/v2.1/flavors 3.082s
2025-12-15 16:10:06.710 65503 INFO tempest.lib.common.rest_client [req-5471d8ce-c517-41b6-a71d-aa2941e2bb1f req-5471d8ce-c517-41b6-a71d-aa2941e2bb1f ] Request (VolumesTestJSON:test_volume_list_with_detail_param_limit): 200 GET http://10.180.1.21/compute/v2.1/os-volumes/detail?limit=2 3.109s
2025-12-15 16:10:06.733 65513 INFO tempest.lib.common.rest_client [req-2a263a75-7028-469c-9368-a62a7720eef7 req-2a263a75-7028-469c-9368-a62a7720eef7 ] Request (ServersAdminNegativeTestJSON:_run_cleanups): 200 GET http://10.180.1.21/compute/v2.1/flavors/detail 2.784s
2025-12-15 16:10:06.779 65533 INFO tempest.lib.common.rest_client [req-93462b16-7763-45df-8a69-37537ada920c req-93462b16-7763-45df-8a69-37537ada920c ] Request (ServerActionsTestJSON:test_lock_unlock_server): 202 POST http://10.180.1.21/compute/v2.1/servers/87c72a14-a60c-4edd-b7d2-66de483194ad/action 2.856s
2025-12-15 16:10:07.040 65545 INFO tempest.lib.common.rest_client [req-2b07e020-b116-4987-b607-b4bd07eb6bed req-2b07e020-b116-4987-b607-b4bd07eb6bed ] Request (ServerTagsTestJSON:tearDownClass): 204 DELETE http://10.180.1.21/networking/v2.0/routers/970cc1f5-c233-480b-b021-8dce2c81162e 0.659s
2025-12-15 16:10:07.360 65555 INFO tempest.lib.common.rest_client [req-d7d93119-f49e-4d2f-8aa4-896c4bea00fa req-d7d93119-f49e-4d2f-8aa4-896c4bea00fa ] Request (VolumesAdminNegativeTest:tearDownClass): 204 DELETE http://10.180.1.21/networking/v2.0/networks/edd3fb4e-0eb0-4dfa-800b-6483a68e70c3 0.842s
2025-12-15 16:10:07.575 65521 INFO tempest.lib.common.rest_client [req-151c341f-0cf9-4e10-8e2e-5f63f82a28c7 req-151c341f-0cf9-4e10-8e2e-5f63f82a28c7 ] Request (InstanceActionsNegativeTestJSON:tearDownClass): 204 DELETE http://10.180.1.21/networking/v2.0/networks/0f418b4b-1e3a-4799-9203-3722895a8548 0.958s
2025-12-15 16:10:07.605 65495 INFO tempest.lib.common.rest_client [req-385cb726-ddd7-4bc3-9065-96855752f844 req-385cb726-ddd7-4bc3-9065-96855752f844 ] Request (SecurityGroupRulesNegativeTestJSON:test_create_security_group_rule_with_non_existent_id): 404 POST http://10.180.1.21/compute/v2.1/os-security-group-rules 3.652s
2025-12-15 16:10:07.690 65521 INFO tempest.lib.common.rest_client [req-cbbadda6-7880-474e-bc45-f89d92b4fe8e req-cbbadda6-7880-474e-bc45-f89d92b4fe8e ] Request (InstanceActionsNegativeTestJSON:tearDownClass): 204 DELETE http://10.180.1.21/identity/v3/users/e41086adf290469095b0ffad41f7f308 0.114s
2025-12-15 16:10:07.691 65521 INFO tempest.lib.common.dynamic_creds [-] Deleting project and security group for project: 51cd74c756784255896ef9bc23fb18fd
2025-12-15 16:10:07.767 65545 INFO tempest.lib.common.rest_client [req-1ced7b5e-2d1b-4ca2-b0f1-51ff181800aa req-1ced7b5e-2d1b-4ca2-b0f1-51ff181800aa ] Request (ServerTagsTestJSON:tearDownClass): 204 DELETE http://10.180.1.21/networking/v2.0/subnets/10c1fcfc-e793-4828-9731-ea6f47e10d8e 0.727s
2025-12-15 16:10:07.861 65551 INFO tempest.lib.common.rest_client [req-adab71d9-ab47-40fe-9d0a-98b67a958b3c req-adab71d9-ab47-40fe-9d0a-98b67a958b3c ] Request (ServerActionsV293TestJSON:setUpClass): 200 GET http://10.180.1.21/compute/v2.1/servers/e21b14eb-cb4b-4efe-a521-792e51d4065f/os-interface 3.629s
2025-12-15 16:10:07.875 65521 INFO tempest.lib.common.rest_client [req-201a9810-701c-47f1-9317-e34a0556fe17 req-201a9810-701c-47f1-9317-e34a0556fe17 ] Request (InstanceActionsNegativeTestJSON:tearDownClass): 200 GET http://10.180.1.21/networking/v2.0/security-groups?tenant_id=51cd74c756784255896ef9bc23fb18fd&name=default 0.183s
2025-12-15 16:10:07.907 65535 INFO tempest.lib.common.rest_client [req-94d64ce3-532c-46be-ac0e-0cde3b7922a3 req-94d64ce3-532c-46be-ac0e-0cde3b7922a3 ] Request (ImagesOneServerNegativeTestJSON:_run_cleanups): 200 POST http://10.180.1.21/compute/v2.1/os-keypairs 3.656s
2025-12-15 16:10:07.934 65493 INFO tempest.lib.common.rest_client [req-c3289f96-1bf0-4382-a769-d9184f96f281 req-c3289f96-1bf0-4382-a769-d9184f96f281 ] Request (ServerDiagnosticsTest:tearDownClass): 404 GET http://10.180.1.21/compute/v2.1/servers/b3d42404-1a38-4f3f-b647-4a4d8e179d35 3.465s
2025-12-15 16:10:08.033 65529 WARNING tempest.lib.common.ssh [-] Failed to establish authenticated ssh connection to cirros@10.180.180.235 ([Errno None] Unable to connect to port 22 on 10.180.180.235). Number attempts: 2. Retry after 3 seconds.: paramiko.ssh_exception.NoValidConnectionsError: [Errno None] Unable to connect to port 22 on 10.180.180.235
2025-12-15 16:10:08.059 65493 INFO tempest.lib.common.rest_client [req-b34d533c-19e7-4a68-b521-5adb1d6fcd94 req-b34d533c-19e7-4a68-b521-5adb1d6fcd94 ] Request (ServerDiagnosticsTest:tearDownClass): 204 DELETE http://10.180.1.21/identity/v3/users/e751187f8e2443978bcd88eaa917bece 0.124s
2025-12-15 16:10:08.172 65493 INFO tempest.lib.common.rest_client [req-12598777-4bdf-41bb-ade4-5b8f82a0a418 req-12598777-4bdf-41bb-ade4-5b8f82a0a418 ] Request (ServerDiagnosticsTest:tearDownClass): 204 DELETE http://10.180.1.21/identity/v3/users/a67cc8363319464d90158cad4645b93c 0.112s
2025-12-15 16:10:08.172 65493 INFO tempest.lib.common.dynamic_creds [-] Deleting project and security group for project: c1ea3538b622417fb0c42e49228696cc
2025-12-15 16:10:08.176 65545 INFO tempest.lib.common.rest_client [req-40476354-6003-41e4-a7c4-3ab4144acd00 req-40476354-6003-41e4-a7c4-3ab4144acd00 ] Request (ServerTagsTestJSON:tearDownClass): 204 DELETE http://10.180.1.21/networking/v2.0/networks/7ac0325f-acad-460e-9071-47a9da52ca87 0.408s
2025-12-15 16:10:08.245 65493 INFO tempest.lib.common.rest_client [req-e3064341-6cff-4d02-82d0-9acc2f762733 req-e3064341-6cff-4d02-82d0-9acc2f762733 ] Request (ServerDiagnosticsTest:tearDownClass): 201 POST http://10.180.1.21/identity/v3/auth/tokens 0.072s
2025-12-15 16:10:08.279 65545 INFO tempest.lib.common.rest_client [req-7e00792c-3b84-42fe-bf88-eb16774b7345 req-7e00792c-3b84-42fe-bf88-eb16774b7345 ] Request (ServerTagsTestJSON:tearDownClass): 204 DELETE http://10.180.1.21/identity/v3/users/953fcc9223e946d1887c8591406d3242 0.102s
2025-12-15 16:10:08.279 65545 INFO tempest.lib.common.dynamic_creds [-] Deleting project and security group for project: 22cdcebb727f47acabd9cd2f81156bf7
2025-12-15 16:10:08.431 65555 INFO tempest.lib.common.rest_client [req-bc4a1a99-6ab2-4fd9-b2b5-a30e5cd50422 req-bc4a1a99-6ab2-4fd9-b2b5-a30e5cd50422 ] Request (VolumesAdminNegativeTest:tearDownClass): 200 PUT http://10.180.1.21/networking/v2.0/routers/cd5ab369-30f8-47dd-9a50-30455859ec50/remove_router_interface 1.070s
2025-12-15 16:10:08.554 65521 INFO tempest.lib.common.rest_client [req-c5c0abdf-2366-42fe-8a37-c0ffd6704ae9 req-c5c0abdf-2366-42fe-8a37-c0ffd6704ae9 ] Request (InstanceActionsNegativeTestJSON:tearDownClass): 204 DELETE http://10.180.1.21/networking/v2.0/security-groups/d789ffc8-c337-422a-bd53-59d582b7cf8f 0.678s
2025-12-15 16:10:08.656 65535 INFO tempest.lib.common.rest_client [req-f809ccbb-05c3-4ba0-a0cc-1b616e2f33af req-f809ccbb-05c3-4ba0-a0cc-1b616e2f33af ] Request (ImagesOneServerNegativeTestJSON:_run_cleanups): 201 POST http://10.180.1.21/networking/v2.0/security-groups 0.747s
2025-12-15 16:10:08.673 65521 INFO tempest.lib.common.rest_client [req-dd36af46-0422-47bc-b165-9065bba3af07 req-dd36af46-0422-47bc-b165-9065bba3af07 ] Request (InstanceActionsNegativeTestJSON:tearDownClass): 204 DELETE http://10.180.1.21/identity/v3/projects/51cd74c756784255896ef9bc23fb18fd 0.119s
2025-12-15 16:10:08.687 65523 INFO tempest.lib.common.rest_client [req-5ad3fec1-56bc-47ef-9676-139908c2c1c7 req-5ad3fec1-56bc-47ef-9676-139908c2c1c7 ] Request (VolumesAssistedSnapshotsTest:tearDownClass): 200 GET http://10.180.1.21/compute/v2.1/servers/bec53779-f6ce-4fc0-8c01-18a3336957a0 3.839s
2025-12-15 16:10:08.742 65521 INFO tempest.lib.common.rest_client [req-6dc9aeb4-f526-4492-8635-81613171faab req-6dc9aeb4-f526-4492-8635-81613171faab ] Request (ListServersNegativeTestJSON:setUpClass): 201 POST http://10.180.1.21/identity/v3/auth/tokens 0.066s
2025-12-15 16:10:08.768 65521 INFO tempest.lib.common.rest_client [req-fe6a6f2f-9ed8-4ca0-b158-836075bb21f2 req-fe6a6f2f-9ed8-4ca0-b158-836075bb21f2 ] Request (ListServersNegativeTestJSON:setUpClass): 201 POST http://10.180.1.21/identity/v3/auth/tokens 0.024s
2025-12-15 16:10:08.783 65493 INFO tempest.lib.common.rest_client [req-7fc6828b-3921-49a5-a9fa-e9039a4fe23f req-7fc6828b-3921-49a5-a9fa-e9039a4fe23f ] Request (ServerDiagnosticsTest:tearDownClass): 200 GET http://10.180.1.21/networking/v2.0/security-groups?tenant_id=c1ea3538b622417fb0c42e49228696cc&name=default 0.538s
2025-12-15 16:10:08.794 65521 INFO tempest.lib.common.rest_client [req-1e7095aa-def9-479b-9664-40a636d49769 req-1e7095aa-def9-479b-9664-40a636d49769 ] Request (ListServersNegativeTestJSON:setUpClass): 200 GET http://10.180.1.21/identity/v3/domains?name=Default 0.026s
2025-12-15 16:10:08.803 65545 INFO tempest.lib.common.rest_client [req-ec3d762c-070b-46e6-aee9-6f57b5781938 req-ec3d762c-070b-46e6-aee9-6f57b5781938 ] Request (ServerTagsTestJSON:tearDownClass): 200 GET http://10.180.1.21/networking/v2.0/security-groups?tenant_id=22cdcebb727f47acabd9cd2f81156bf7&name=default 0.524s
2025-12-15 16:10:08.822 65521 INFO tempest.lib.common.rest_client [req-1161b1ea-77d2-41a2-ae18-3de2c76b9bbb req-1161b1ea-77d2-41a2-ae18-3de2c76b9bbb ] Request (ListServersNegativeTestJSON:setUpClass): 201 POST http://10.180.1.21/identity/v3/projects 0.027s
2025-12-15 16:10:08.900 65521 INFO tempest.lib.common.rest_client [req-2ea610f5-95a5-490c-8fc4-ad384127dbb5 req-2ea610f5-95a5-490c-8fc4-ad384127dbb5 ] Request (ListServersNegativeTestJSON:setUpClass): 201 POST http://10.180.1.21/identity/v3/users 0.078s
2025-12-15 16:10:08.922 65521 INFO tempest.lib.common.rest_client [req-640e8c12-d867-4da0-b0b2-bb4f39853aaf req-640e8c12-d867-4da0-b0b2-bb4f39853aaf ] Request (ListServersNegativeTestJSON:setUpClass): 200 GET http://10.180.1.21/identity/v3/roles 0.021s
2025-12-15 16:10:08.963 65521 INFO tempest.lib.common.rest_client [req-ee100126-3f2b-4fc9-9d77-b4b7d6e362e3 req-ee100126-3f2b-4fc9-9d77-b4b7d6e362e3 ] Request (ListServersNegativeTestJSON:setUpClass): 204 PUT http://10.180.1.21/identity/v3/projects/534d5333a40445aeba1c1e49323cf921/users/ae2d7938602249f587a019c2fe088917/roles/380eb3ad072b411da444d993225343b8 0.041s
2025-12-15 16:10:08.963 65521 INFO tempest.lib.common.dynamic_creds [-] Dynamic test user ae2d7938602249f587a019c2fe088917 is created with scope project and roles: ['member']
2025-12-15 16:10:08.964 65521 INFO tempest.lib.common.dynamic_creds [-] Acquired dynamic creds: credentials: Credentials: {'domain_id': 'default', 'domain_name': 'Default', 'username': 'tempest-ListServersNegativeTestJSON-1898468254-project-member', 'project_domain_id': 'default', 'project_domain_name': 'Default', 'project_id': '534d5333a40445aeba1c1e49323cf921', 'project_name': 'tempest-ListServersNegativeTestJSON-1898468254', 'tenant_id': '534d5333a40445aeba1c1e49323cf921', 'tenant_name': 'tempest-ListServersNegativeTestJSON-1898468254', 'user_domain_id': 'default', 'user_domain_name': 'Default', 'user_id': 'ae2d7938602249f587a019c2fe088917', 'system': None}, Network: None, Subnet: None, Router: None
2025-12-15 16:10:09.000 65551 INFO tempest.lib.common.rest_client [req-ac3c8145-b70c-4ea9-9a7e-6429f7b7982b req-ac3c8145-b70c-4ea9-9a7e-6429f7b7982b ] Request (ServerActionsV293TestJSON:setUpClass): 200 PUT http://10.180.1.21/networking/v2.0/floatingips/5ba8cb3c-6f2b-4d40-b3d5-14542e9e49ff 1.137s
2025-12-15 16:10:09.050 65521 INFO tempest.lib.common.rest_client [req-6cf610ef-7a71-4dbd-bafa-9c176ea4478d req-6cf610ef-7a71-4dbd-bafa-9c176ea4478d ] Request (ListServersNegativeTestJSON:setUpClass): 201 POST http://10.180.1.21/identity/v3/auth/tokens 0.086s
2025-12-15 16:10:09.268 65555 INFO tempest.lib.common.rest_client [req-fba4b04d-4255-4517-9734-ba73020119b8 req-fba4b04d-4255-4517-9734-ba73020119b8 ] Request (VolumesAdminNegativeTest:tearDownClass): 204 DELETE http://10.180.1.21/networking/v2.0/routers/cd5ab369-30f8-47dd-9a50-30455859ec50 0.837s
2025-12-15 16:10:09.423 65535 INFO tempest.lib.common.rest_client [req-2a74dc73-8c82-44c4-beed-0e44065c6c86 req-2a74dc73-8c82-44c4-beed-0e44065c6c86 ] Request (ImagesOneServerNegativeTestJSON:_run_cleanups): 201 POST http://10.180.1.21/networking/v2.0/security-group-rules 0.766s
2025-12-15 16:10:09.609 65493 INFO tempest.lib.common.rest_client [req-0f5c5390-5ad7-4d64-9cab-74cc52ba8283 req-0f5c5390-5ad7-4d64-9cab-74cc52ba8283 ] Request (ServerDiagnosticsTest:tearDownClass): 204 DELETE http://10.180.1.21/networking/v2.0/security-groups/dbb8b9b9-cf98-4843-a063-345334ac585b 0.826s
