2026-02-03 14:40:15.366 66533 INFO tempest.lib.common.rest_client [req-2071ce02-d146-4757-9245-9ce931977882 req-2071ce02-d146-4757-9245-9ce931977882 ] Request (ServerMetadataTestJSON:setUpClass): 200 GET http://10.180.1.21/compute/v2.1/servers/36018dbd-f4b1-4740-a7bb-e96e5c174be0 0.269s
2026-02-03 14:40:15.418 66515 INFO tempest.lib.common.rest_client [req-2b84913b-fa09-4e1f-8dae-f6cfe36a6ba8 req-2b84913b-fa09-4e1f-8dae-f6cfe36a6ba8 ] Request (DeleteServersTestJSON:test_delete_server_while_in_shelved_state): 200 GET http://10.180.1.21/compute/v2.1/servers/26c4f07f-f4de-46b1-a462-b8cf13da075e 0.260s
2026-02-03 14:40:15.474 66495 INFO tempest.lib.common.rest_client [req-fd194759-c85e-4c69-85f3-4a7fd67909b1 req-fd194759-c85e-4c69-85f3-4a7fd67909b1 ] Request (ServersAdminTestJSON:test_inject_network_info): 200 GET http://10.180.1.21/compute/v2.1/servers/5fc40115-fc0a-4401-9083-5bc33290e8c4 0.260s
2026-02-03 14:40:15.500 66537 INFO tempest.lib.common.rest_client [req-e7c3ba6b-ab54-4d7e-94c3-804497789c24 req-e7c3ba6b-ab54-4d7e-94c3-804497789c24 ] Request (VolumesAssistedSnapshotsTest:tearDownClass): 204 DELETE http://10.180.1.21/networking/v2.0/routers/a980ef86-c797-4e08-954b-8c245f162a15 0.439s
2026-02-03 14:40:15.537 66497 INFO tempest.lib.common.rest_client [req-880bd03b-4500-429e-af11-dab61184064d req-880bd03b-4500-429e-af11-dab61184064d ] Request (ServersTestJSON:tearDownClass): 200 GET http://10.180.1.21/compute/v2.1/servers/f0e88cef-300d-42a4-9cb6-843dc85da6a3 0.251s
2026-02-03 14:40:15.594 66489 INFO tempest.lib.common.rest_client [req-9e8047a4-8f69-4393-80f8-33fe6765c1b4 req-9e8047a4-8f69-4393-80f8-33fe6765c1b4 ] Request (ServerPasswordTestJSON:setUpClass): 200 GET http://10.180.1.21/compute/v2.1/servers/1b7bac20-84c0-4b19-b759-b75e84c7abee 0.252s
2026-02-03 14:40:15.621 66537 INFO tempest.lib.common.rest_client [req-060e7fc0-638c-4b94-aebb-200d5ebe0a3f req-060e7fc0-638c-4b94-aebb-200d5ebe0a3f ] Request (VolumesAssistedSnapshotsTest:tearDownClass): 204 DELETE http://10.180.1.21/networking/v2.0/subnets/6836d628-8668-48db-851d-87829b2d732f 0.121s
2026-02-03 14:40:15.646 66527 INFO tempest.lib.common.rest_client [req-f55cacdb-bb8d-4ecc-8a37-58692cfc993f req-f55cacdb-bb8d-4ecc-8a37-58692cfc993f ] Request (ImagesOneServerNegativeTestJSON:_run_cleanups): 200 GET http://10.180.1.21/compute/v2.1/servers/30e11bc9-0bfa-4cbf-bd02-f8262e343b79 0.243s
2026-02-03 14:40:15.785 66493 INFO tempest.lib.common.rest_client [req-118f33d1-3180-437a-bc46-58293cfebb11 req-118f33d1-3180-437a-bc46-58293cfebb11 ] Request (MigrationsAdminTest:test_list_migrations_in_flavor_resize_situation): 200 GET http://10.180.1.21/compute/v2.1/servers/6f6c4cda-9439-47dd-810c-25b0516585e6 0.274s
2026-02-03 14:40:15.800 66551 INFO paramiko.transport [-] Connected (version 2.0, client dropbear_2020.81)
2026-02-03 14:40:15.840 66554 INFO tempest.lib.common.rest_client [req-156ea0d7-3ac8-4d44-8bd8-a229289800ef req-156ea0d7-3ac8-4d44-8bd8-a229289800ef ] Request (AttachVolumeTestJSON:test_attach_detach_volume): 200 GET http://10.180.1.21/compute/v2.1/servers/e2e07720-a241-4382-a684-0835b199e37d 0.264s
2026-02-03 14:40:15.886 66537 INFO tempest.lib.common.rest_client [req-7dee0dda-2719-4cb2-97de-79d898720389 req-7dee0dda-2719-4cb2-97de-79d898720389 ] Request (VolumesAssistedSnapshotsTest:tearDownClass): 204 DELETE http://10.180.1.21/networking/v2.0/networks/6aa9aa76-26c7-42f2-86b4-427eb6b7ad6e 0.264s
2026-02-03 14:40:15.902 66547 INFO tempest.lib.common.rest_client [req-8aa16f39-ddab-4a22-818b-8d390329733c req-8aa16f39-ddab-4a22-818b-8d390329733c ] Request (SecurityGroupsTestJSON:test_list_security_groups_by_server): 200 GET http://10.180.1.21/compute/v2.1/servers/566cb5a1-5b9f-485d-9a00-ad38858e0b8e 0.280s
2026-02-03 14:40:15.908 66551 INFO paramiko.transport [-] Authentication (publickey) successful!
2026-02-03 14:40:15.908 66551 INFO tempest.lib.common.ssh [-] ssh connection to cirros@10.180.180.155 successfully created
2026-02-03 14:40:15.966 66503 INFO tempest.lib.common.rest_client [req-6fc84a18-e708-47ae-b93e-627a9720058e req-6fc84a18-e708-47ae-b93e-627a9720058e ] Request (ServerMetadataNegativeTestJSON:setUpClass): 200 GET http://10.180.1.21/compute/v2.1/servers/560ca9f0-3db2-496c-8024-03859950f4ee 0.287s
2026-02-03 14:40:16.042 66525 INFO tempest.lib.common.rest_client [req-7b6196c6-7eaa-4aa1-bb5e-c8d35fa59f4c req-7b6196c6-7eaa-4aa1-bb5e-c8d35fa59f4c ] Request (ListImageFiltersTestJSON:setUpClass): 200 GET http://10.180.1.21/compute/v2.1/servers/28d4751c-5d09-422a-84b1-e82df32f6b4d 0.290s
2026-02-03 14:40:16.098 66523 INFO tempest.lib.common.rest_client [req-7812f5a7-bd99-4e36-a35f-27af242e7b1c req-7812f5a7-bd99-4e36-a35f-27af242e7b1c ] Request (ServersTestBootFromVolume:setUpClass): 200 GET http://10.180.1.21/compute/v2.1/servers/932f3bea-bf9d-441a-bcdb-71f852c523a9 0.289s
2026-02-03 14:40:16.168 66517 INFO tempest.lib.common.rest_client [req-576ff138-e7e7-4d79-9d10-28f357449c92 req-576ff138-e7e7-4d79-9d10-28f357449c92 ] Request (ListServersNegativeTestJSON:setUpClass): 200 GET http://10.180.1.21/compute/v2.1/servers/a2b3619c-81d9-4788-b745-b541a0678c19 0.304s
2026-02-03 14:40:16.359 66551 INFO tempest.lib.common.rest_client [req-b29ecf01-ca93-47e7-836f-68561060ab79 req-b29ecf01-ca93-47e7-836f-68561060ab79 ] Request (AttachInterfacesUnderV243Test:test_add_remove_fixed_ip): 200 GET http://10.180.1.21/compute/v2.1/servers/d978e71d-2c30-4a76-b000-6ddf3203ab10/os-interface 0.451s
2026-02-03 14:40:16.412 66499 INFO tempest.lib.common.rest_client [req-37c50072-b19d-4bda-9fc9-02d3ea77605e req-37c50072-b19d-4bda-9fc9-02d3ea77605e ] Request (ListServerFiltersTestJSON:setUpClass): 200 GET http://10.180.1.21/compute/v2.1/servers/25ec70f9-947b-4ebe-82df-1a1ddcc59360 0.465s
2026-02-03 14:40:16.475 66539 INFO tempest.lib.common.rest_client [req-9d1975ef-3aaa-4b69-aab9-522c3ac03292 req-9d1975ef-3aaa-4b69-aab9-522c3ac03292 ] Request (ServerExternalEventsTest:test_create_server_external_events): 200 GET http://10.180.1.21/compute/v2.1/servers/77a0e8c4-b77a-45b9-a249-d98866d4048a 0.444s
2026-02-03 14:40:16.537 66519 INFO tempest.lib.common.rest_client [req-85b683fa-b9c3-49a5-ac37-373c3dbd3673 req-85b683fa-b9c3-49a5-ac37-373c3dbd3673 ] Request (ServerRescueNegativeTestJSON:setUpClass): 200 GET http://10.180.1.21/compute/v2.1/servers/6d37dc97-5130-4be4-a7c1-bf304611e810 0.445s
2026-02-03 14:40:16.612 66521 INFO tempest.lib.common.rest_client [req-0b6af5a6-b5f8-42c0-9a77-ce18800d2df7 req-0b6af5a6-b5f8-42c0-9a77-ce18800d2df7 ] Request (ServersListShow2100Test:test_list_show_rebuild_update_server_2100): 200 GET http://10.180.1.21/compute/v2.1/servers/00b6d30d-5de3-4c87-8af4-0fe6d88eb906 0.433s
2026-02-03 14:40:16.675 66509 INFO tempest.lib.common.rest_client [req-030a51f9-a755-41ef-b694-80c8d97bba55 req-030a51f9-a755-41ef-b694-80c8d97bba55 ] Request (ServerActionsV293TestJSON:setUpClass): 200 GET http://10.180.1.21/compute/v2.1/servers/a5f42a18-2651-4205-92a9-f4f6d7311071 0.424s
2026-02-03 14:40:16.729 66513 INFO tempest.lib.common.rest_client [req-e4adfbfa-b082-43e0-a032-a072cc393a39 req-e4adfbfa-b082-43e0-a032-a072cc393a39 ] Request (ServerActionsTestOtherA:test_rebuild_server_in_stop_state): 200 GET http://10.180.1.21/compute/v2.1/servers/d4d3cf75-1781-46ed-afb2-44e6f2c048e2 0.412s
2026-02-03 14:40:16.797 66551 INFO tempest.lib.common.rest_client [req-1ef96c78-2322-444d-8048-c1a5ab8e0a43 req-1ef96c78-2322-444d-8048-c1a5ab8e0a43 ] Request (AttachInterfacesUnderV243Test:test_add_remove_fixed_ip): 200 GET http://10.180.1.21/compute/v2.1/servers/d978e71d-2c30-4a76-b000-6ddf3203ab10/os-interface/a4636485-7b6f-4fbb-ab94-d4f75ada7a1c 0.436s
2026-02-03 14:40:16.851 66533 INFO tempest.lib.common.rest_client [req-c6b683a9-89fc-4402-a863-f118c3356519 req-c6b683a9-89fc-4402-a863-f118c3356519 ] Request (ServerMetadataTestJSON:setUpClass): 200 GET http://10.180.1.21/compute/v2.1/servers/36018dbd-f4b1-4740-a7bb-e96e5c174be0 0.476s
2026-02-03 14:40:16.905 66515 INFO tempest.lib.common.rest_client [req-4ffd75fc-796c-444b-9cb6-9024dbd0e4c7 req-4ffd75fc-796c-444b-9cb6-9024dbd0e4c7 ] Request (DeleteServersTestJSON:test_delete_server_while_in_shelved_state): 200 GET http://10.180.1.21/compute/v2.1/servers/26c4f07f-f4de-46b1-a462-b8cf13da075e 0.477s
2026-02-03 14:40:16.975 66495 INFO tempest.lib.common.rest_client [req-4eff431b-dde7-464f-a0ab-49d669e7731c req-4eff431b-dde7-464f-a0ab-49d669e7731c ] Request (ServersAdminTestJSON:test_inject_network_info): 200 GET http://10.180.1.21/compute/v2.1/servers/5fc40115-fc0a-4401-9083-5bc33290e8c4 0.491s
2026-02-03 14:40:17.055 66497 INFO tempest.lib.common.rest_client [req-25667b93-8b15-4fff-b558-65732bf79230 req-25667b93-8b15-4fff-b558-65732bf79230 ] Request (ServersTestJSON:tearDownClass): 200 GET http://10.180.1.21/compute/v2.1/servers/f0e88cef-300d-42a4-9cb6-843dc85da6a3 0.509s
2026-02-03 14:40:17.121 66489 INFO tempest.lib.common.rest_client [req-0c6306c5-e57c-48f3-bc53-a515af343dde req-0c6306c5-e57c-48f3-bc53-a515af343dde ] Request (ServerPasswordTestJSON:setUpClass): 200 GET http://10.180.1.21/compute/v2.1/servers/1b7bac20-84c0-4b19-b759-b75e84c7abee 0.516s
2026-02-03 14:40:17.179 66527 INFO tempest.lib.common.rest_client [req-e7d255e7-9b05-48ac-90b7-564fff2b34e1 req-e7d255e7-9b05-48ac-90b7-564fff2b34e1 ] Request (ImagesOneServerNegativeTestJSON:_run_cleanups): 200 GET http://10.180.1.21/compute/v2.1/servers/30e11bc9-0bfa-4cbf-bd02-f8262e343b79 0.524s
2026-02-03 14:40:17.210 66507 WARNING tempest.lib.common.ssh [-] Failed to establish authenticated ssh connection to cirros@10.180.180.252 ([Errno None] Unable to connect to port 22 on 10.180.180.252). Number attempts: 8. Retry after 9 seconds.: paramiko.ssh_exception.NoValidConnectionsError: [Errno None] Unable to connect to port 22 on 10.180.180.252
2026-02-03 14:40:17.247 66537 INFO tempest.lib.common.rest_client [req-45b33284-ef30-4875-b28b-ec94b90a4ed1 req-45b33284-ef30-4875-b28b-ec94b90a4ed1 ] Request (VolumesAssistedSnapshotsTest:tearDownClass): 200 PUT http://10.180.1.21/networking/v2.0/routers/a299c458-5f63-428a-8bdd-df49094ba711/remove_router_interface 1.360s
2026-02-03 14:40:17.293 66493 INFO tempest.lib.common.rest_client [req-3caa2d2d-3b1b-4e9a-b1b6-32e93b90ba7d req-3caa2d2d-3b1b-4e9a-b1b6-32e93b90ba7d ] Request (MigrationsAdminTest:test_list_migrations_in_flavor_resize_situation): 200 GET http://10.180.1.21/compute/v2.1/servers/6f6c4cda-9439-47dd-810c-25b0516585e6 0.497s
2026-02-03 14:40:17.319 66551 INFO tempest.lib.common.rest_client [req-5c3a3aac-e16b-44b1-b298-bff329e86fc0 req-5c3a3aac-e16b-44b1-b298-bff329e86fc0 ] Request (AttachInterfacesUnderV243Test:test_add_remove_fixed_ip): 200 GET http://10.180.1.21/compute/v2.1/servers/d978e71d-2c30-4a76-b000-6ddf3203ab10/ips 0.520s
2026-02-03 14:40:17.383 66554 INFO tempest.lib.common.rest_client [req-2c25220b-86bc-49ad-bd96-54359f392f90 req-2c25220b-86bc-49ad-bd96-54359f392f90 ] Request (AttachVolumeTestJSON:test_attach_detach_volume): 200 GET http://10.180.1.21/compute/v2.1/servers/e2e07720-a241-4382-a684-0835b199e37d 0.534s
2026-02-03 14:40:17.435 66547 INFO tempest.lib.common.rest_client [req-5c7bac67-fa25-4fab-bf27-8a51345738c3 req-5c7bac67-fa25-4fab-bf27-8a51345738c3 ] Request (SecurityGroupsTestJSON:test_list_security_groups_by_server): 200 GET http://10.180.1.21/compute/v2.1/servers/566cb5a1-5b9f-485d-9a00-ad38858e0b8e 0.525s
2026-02-03 14:40:17.493 66503 INFO tempest.lib.common.rest_client [req-c5c902b5-c1ee-43cf-86cd-dd6fc8c37be5 req-c5c902b5-c1ee-43cf-86cd-dd6fc8c37be5 ] Request (ServerMetadataNegativeTestJSON:setUpClass): 200 GET http://10.180.1.21/compute/v2.1/servers/560ca9f0-3db2-496c-8024-03859950f4ee 0.514s
2026-02-03 14:40:17.550 66525 INFO tempest.lib.common.rest_client [req-f3d2b0dc-aa3b-414f-9e01-642be6ea5237 req-f3d2b0dc-aa3b-414f-9e01-642be6ea5237 ] Request (ListImageFiltersTestJSON:setUpClass): 200 GET http://10.180.1.21/compute/v2.1/servers/28d4751c-5d09-422a-84b1-e82df32f6b4d 0.495s
2026-02-03 14:40:17.605 66523 INFO tempest.lib.common.rest_client [req-8b5b8f63-a5eb-42c4-8ca0-025822b0ed47 req-8b5b8f63-a5eb-42c4-8ca0-025822b0ed47 ] Request (ServersTestBootFromVolume:setUpClass): 200 GET http://10.180.1.21/compute/v2.1/servers/932f3bea-bf9d-441a-bcdb-71f852c523a9 0.498s
2026-02-03 14:40:17.637 66537 INFO tempest.lib.common.rest_client [req-2388b47c-fa38-40d2-ae19-5cbbd7a4b219 req-2388b47c-fa38-40d2-ae19-5cbbd7a4b219 ] Request (VolumesAssistedSnapshotsTest:tearDownClass): 204 DELETE http://10.180.1.21/networking/v2.0/routers/a299c458-5f63-428a-8bdd-df49094ba711 0.389s
2026-02-03 14:40:17.658 66517 INFO tempest.lib.common.rest_client [req-d04c3955-c5af-4b2e-a56b-d3bdebb55481 req-d04c3955-c5af-4b2e-a56b-d3bdebb55481 ] Request (ListServersNegativeTestJSON:setUpClass): 200 GET http://10.180.1.21/compute/v2.1/servers/a2b3619c-81d9-4788-b745-b541a0678c19 0.482s
2026-02-03 14:40:17.691 66551 INFO tempest.lib.common.rest_client [req-21f3adec-bf06-4a37-976e-15340d27ae0d req-21f3adec-bf06-4a37-976e-15340d27ae0d ] Request (AttachInterfacesUnderV243Test:test_add_remove_fixed_ip): 202 POST http://10.180.1.21/compute/v2.1/servers/d978e71d-2c30-4a76-b000-6ddf3203ab10/action 0.370s
2026-02-03 14:40:17.748 66499 INFO tempest.lib.common.rest_client [req-39ab300d-5b4c-4587-8daf-00041f5aad3d req-39ab300d-5b4c-4587-8daf-00041f5aad3d ] Request (ListServerFiltersTestJSON:setUpClass): 200 GET http://10.180.1.21/compute/v2.1/servers/25ec70f9-947b-4ebe-82df-1a1ddcc59360 0.328s
2026-02-03 14:40:17.769 66537 INFO tempest.lib.common.rest_client [req-7d9fab46-a7ce-4e0b-82e0-bbf93fe49cee req-7d9fab46-a7ce-4e0b-82e0-bbf93fe49cee ] Request (VolumesAssistedSnapshotsTest:tearDownClass): 204 DELETE http://10.180.1.21/networking/v2.0/subnets/b8096381-fa6f-4571-a24f-ce241ba71b8c 0.132s
2026-02-03 14:40:17.801 66539 INFO tempest.lib.common.rest_client [req-bf2b2582-d9fa-4df0-a8aa-098bfae64e39 req-bf2b2582-d9fa-4df0-a8aa-098bfae64e39 ] Request (ServerExternalEventsTest:test_create_server_external_events): 200 GET http://10.180.1.21/compute/v2.1/servers/77a0e8c4-b77a-45b9-a249-d98866d4048a 0.318s
2026-02-03 14:40:17.860 66519 INFO tempest.lib.common.rest_client [req-270c5969-cdb2-46c6-84ce-fd71b61ae403 req-270c5969-cdb2-46c6-84ce-fd71b61ae403 ] Request (ServerRescueNegativeTestJSON:setUpClass): 200 GET http://10.180.1.21/compute/v2.1/servers/6d37dc97-5130-4be4-a7c1-bf304611e810 0.314s
2026-02-03 14:40:17.942 66521 INFO tempest.lib.common.rest_client [req-dbf6e39c-caee-4f39-9d0c-a2eac2ea791d req-dbf6e39c-caee-4f39-9d0c-a2eac2ea791d ] Request (ServersListShow2100Test:test_list_show_rebuild_update_server_2100): 200 GET http://10.180.1.21/compute/v2.1/servers/00b6d30d-5de3-4c87-8af4-0fe6d88eb906 0.309s
2026-02-03 14:40:18.025 66509 INFO tempest.lib.common.rest_client [req-a01697ab-f382-4c14-a542-2605e4158966 req-a01697ab-f382-4c14-a542-2605e4158966 ] Request (ServerActionsV293TestJSON:setUpClass): 200 GET http://10.180.1.21/compute/v2.1/servers/a5f42a18-2651-4205-92a9-f4f6d7311071 0.337s
2026-02-03 14:40:18.059 66551 INFO tempest.lib.common.rest_client [req-f3b22404-6c8c-4a3d-b076-9f88b200c6fb req-f3b22404-6c8c-4a3d-b076-9f88b200c6fb ] Request (AttachInterfacesUnderV243Test:test_add_remove_fixed_ip): 200 GET http://10.180.1.21/compute/v2.1/servers/d978e71d-2c30-4a76-b000-6ddf3203ab10/ips 0.367s
2026-02-03 14:40:18.092 66537 INFO tempest.lib.common.rest_client [req-a9c7b01f-b7de-45f0-a866-3f07b810fbc7 req-a9c7b01f-b7de-45f0-a866-3f07b810fbc7 ] Request (VolumesAssistedSnapshotsTest:tearDownClass): 204 DELETE http://10.180.1.21/networking/v2.0/networks/7d55760d-36d5-4ab8-938f-f29b45788088 0.323s
2026-02-03 14:40:18.117 66513 INFO tempest.lib.common.rest_client [req-c4a911fd-ea5d-4711-9cc5-a2690083f64d req-c4a911fd-ea5d-4711-9cc5-a2690083f64d ] Request (ServerActionsTestOtherA:test_rebuild_server_in_stop_state): 200 GET http://10.180.1.21/compute/v2.1/servers/d4d3cf75-1781-46ed-afb2-44e6f2c048e2 0.378s
2026-02-03 14:40:18.175 66533 INFO tempest.lib.common.rest_client [req-98052159-7e84-4cc0-a300-1e33bbe5a7db req-98052159-7e84-4cc0-a300-1e33bbe5a7db ] Request (ServerMetadataTestJSON:setUpClass): 200 GET http://10.180.1.21/compute/v2.1/servers/36018dbd-f4b1-4740-a7bb-e96e5c174be0 0.314s
2026-02-03 14:40:18.305 66515 INFO tempest.lib.common.rest_client [req-7d597954-c268-416a-99fe-cd494aff867d req-7d597954-c268-416a-99fe-cd494aff867d ] Request (DeleteServersTestJSON:test_delete_server_while_in_shelved_state): 200 GET http://10.180.1.21/compute/v2.1/servers/26c4f07f-f4de-46b1-a462-b8cf13da075e 0.392s
2026-02-03 14:40:18.310 66537 INFO tempest.lib.common.rest_client [req-034dad76-5b06-4b49-be50-24d9e42c2eda req-034dad76-5b06-4b49-be50-24d9e42c2eda ] Request (VolumesAssistedSnapshotsTest:tearDownClass): 204 DELETE http://10.180.1.21/identity/v3/users/aef58c886c5646b9bfdde63265a0a474 0.218s
2026-02-03 14:40:18.361 66505 INFO tempest.lib.common.rest_client [req-934ab4ed-d5e4-47e3-9ab7-a32dc081a771 req-934ab4ed-d5e4-47e3-9ab7-a32dc081a771 ] Request (ServerActionsTestOtherB:test_create_backup): 200 GET http://10.180.1.21/image/v2/images/c8c39da2-6a16-4dab-9d90-ba211440ae15 4.040s
2026-02-03 14:40:18.383 66495 INFO tempest.lib.common.rest_client [req-19e640d9-b31e-4cba-a0bd-91c65b261909 req-19e640d9-b31e-4cba-a0bd-91c65b261909 ] Request (ServersAdminTestJSON:test_inject_network_info): 200 GET http://10.180.1.21/compute/v2.1/servers/5fc40115-fc0a-4401-9083-5bc33290e8c4 0.399s
2026-02-03 14:40:18.389 66535 INFO tempest.lib.common.rest_client [req-7d11865d-1f16-463e-9622-e43bc8030ea3 req-7d11865d-1f16-463e-9622-e43bc8030ea3 ] Request (ImagesOneServerTestJSON:test_create_image_specify_multibyte_character_image_name): 200 GET http://10.180.1.21/compute/v2.1/images/782a4764-0964-46af-bc98-c22388b9ef87 4.502s
2026-02-03 14:40:18.449 66537 INFO tempest.lib.common.rest_client [req-decfb8b7-bf50-4d5d-824a-160793e5f375 req-decfb8b7-bf50-4d5d-824a-160793e5f375 ] Request (VolumesAssistedSnapshotsTest:tearDownClass): 204 DELETE http://10.180.1.21/identity/v3/users/4e01f9d60c4247f4ae63e267a3aa9df9 0.137s
2026-02-03 14:40:18.454 66489 INFO tempest.lib.common.rest_client [req-eacc0663-8922-4047-a5a7-7cdaddf85e98 req-eacc0663-8922-4047-a5a7-7cdaddf85e98 ] Request (ServerPasswordTestJSON:setUpClass): 200 GET http://10.180.1.21/compute/v2.1/servers/1b7bac20-84c0-4b19-b759-b75e84c7abee 0.325s
2026-02-03 14:40:18.470 66497 INFO tempest.lib.common.rest_client [req-bc6ffbca-bb97-4ffd-9d5e-4768a091d229 req-bc6ffbca-bb97-4ffd-9d5e-4768a091d229 ] Request (ServersTestJSON:tearDownClass): 200 GET http://10.180.1.21/compute/v2.1/servers/f0e88cef-300d-42a4-9cb6-843dc85da6a3 0.407s
2026-02-03 14:40:18.509 66527 INFO tempest.lib.common.rest_client [req-49c718ec-639d-4c78-8999-89d9a97811df req-49c718ec-639d-4c78-8999-89d9a97811df ] Request (ImagesOneServerNegativeTestJSON:_run_cleanups): 200 GET http://10.180.1.21/compute/v2.1/servers/30e11bc9-0bfa-4cbf-bd02-f8262e343b79 0.322s
2026-02-03 14:40:18.564 66537 INFO tempest.lib.common.rest_client [req-dd178151-fd95-49e0-9b3f-18568e133661 req-dd178151-fd95-49e0-9b3f-18568e133661 ] Request (VolumesAssistedSnapshotsTest:tearDownClass): 204 DELETE http://10.180.1.21/identity/v3/users/bfeb16b46f8e41a2a0447f9c294964cc 0.115s
2026-02-03 14:40:18.564 66537 INFO tempest.lib.common.dynamic_creds [-] Deleting project and security group for project: a50b9f25e4504b049c2c31b161fa225c
2026-02-03 14:40:18.568 66554 INFO tempest.lib.common.rest_client [req-b0d367c6-4ca9-45c0-b092-9dd4f0e32ab2 req-b0d367c6-4ca9-45c0-b092-9dd4f0e32ab2 ] Request (AttachVolumeTestJSON:test_attach_detach_volume): 200 GET http://10.180.1.21/compute/v2.1/servers/e2e07720-a241-4382-a684-0835b199e37d 0.177s
2026-02-03 14:40:18.595 66493 INFO tempest.lib.common.rest_client [req-fe881df1-5160-4373-960b-2e0b14bf4f74 req-fe881df1-5160-4373-960b-2e0b14bf4f74 ] Request (MigrationsAdminTest:test_list_migrations_in_flavor_resize_situation): 200 GET http://10.180.1.21/compute/v2.1/servers/6f6c4cda-9439-47dd-810c-25b0516585e6 0.292s
2026-02-03 14:40:18.604 66535 INFO tempest.lib.common.rest_client [req-1777a5fd-fe97-4f33-9e05-f1a2ee2f9a0e req-1777a5fd-fe97-4f33-9e05-f1a2ee2f9a0e ] Request (ImagesOneServerTestJSON:test_create_image_specify_multibyte_character_image_name): 200 GET http://10.180.1.21/compute/v2.1/images/782a4764-0964-46af-bc98-c22388b9ef87 0.210s
2026-02-03 14:40:18.612 66537 INFO tempest.lib.common.rest_client [req-ad045dde-ca77-470c-8199-115c7aa60e7e req-ad045dde-ca77-470c-8199-115c7aa60e7e ] Request (VolumesAssistedSnapshotsTest:tearDownClass): 200 GET http://10.180.1.21/networking/v2.0/security-groups?tenant_id=a50b9f25e4504b049c2c31b161fa225c&name=default 0.047s
2026-02-03 14:40:18.701 66537 INFO tempest.lib.common.rest_client [req-898e64e9-ffa2-4ad9-a945-2729aea55a3c req-898e64e9-ffa2-4ad9-a945-2729aea55a3c ] Request (VolumesAssistedSnapshotsTest:tearDownClass): 204 DELETE http://10.180.1.21/networking/v2.0/security-groups/81173e4f-ad9c-4fc9-a325-d28cc3a7ed48 0.089s
2026-02-03 14:40:18.729 66547 INFO tempest.lib.common.rest_client [req-6ff540e6-5688-4ce5-af29-b8ca44b6ba03 req-6ff540e6-5688-4ce5-af29-b8ca44b6ba03 ] Request (SecurityGroupsTestJSON:test_list_security_groups_by_server): 200 GET http://10.180.1.21/compute/v2.1/servers/566cb5a1-5b9f-485d-9a00-ad38858e0b8e 0.285s
2026-02-03 14:40:18.747 66503 INFO tempest.lib.common.rest_client [req-6ddf8bb3-ed6b-422a-81a5-7cb2ead5d546 req-6ddf8bb3-ed6b-422a-81a5-7cb2ead5d546 ] Request (ServerMetadataNegativeTestJSON:setUpClass): 200 GET http://10.180.1.21/compute/v2.1/servers/560ca9f0-3db2-496c-8024-03859950f4ee 0.244s
2026-02-03 14:40:18.798 66525 INFO tempest.lib.common.rest_client [req-fea1e953-8f17-4296-bdf1-98437d7735ce req-fea1e953-8f17-4296-bdf1-98437d7735ce ] Request (ListImageFiltersTestJSON:setUpClass): 200 GET http://10.180.1.21/compute/v2.1/servers/28d4751c-5d09-422a-84b1-e82df32f6b4d 0.238s
2026-02-03 14:40:18.837 66537 INFO tempest.lib.common.rest_client [req-7d98c94f-6e03-488e-ad9d-5c64a2cbfac0 req-7d98c94f-6e03-488e-ad9d-5c64a2cbfac0 ] Request (VolumesAssistedSnapshotsTest:tearDownClass): 204 DELETE http://10.180.1.21/identity/v3/projects/a50b9f25e4504b049c2c31b161fa225c 0.136s
2026-02-03 14:40:18.838 66537 INFO tempest.lib.common.dynamic_creds [-] Deleting project and security group for project: 183f1111bd4a4c13a354835aa7266cc2
2026-02-03 14:40:18.865 66537 INFO tempest.lib.common.rest_client [req-dd68bef4-efb9-452c-a9d3-93cab77644b4 req-dd68bef4-efb9-452c-a9d3-93cab77644b4 ] Request (VolumesAssistedSnapshotsTest:tearDownClass): 200 GET http://10.180.1.21/networking/v2.0/security-groups?tenant_id=183f1111bd4a4c13a354835aa7266cc2&name=default 0.027s
2026-02-03 14:40:18.892 66523 INFO tempest.lib.common.rest_client [req-71c0d9bc-9606-4fa8-85ef-8822919d7822 req-71c0d9bc-9606-4fa8-85ef-8822919d7822 ] Request (ServersTestBootFromVolume:setUpClass): 200 GET http://10.180.1.21/compute/v2.1/servers/932f3bea-bf9d-441a-bcdb-71f852c523a9 0.277s
2026-02-03 14:40:18.925 66535 INFO tempest.lib.common.rest_client [req-07ab1ff0-72e6-42a4-9805-24a61cff997e req-07ab1ff0-72e6-42a4-9805-24a61cff997e ] Request (ImagesOneServerTestJSON:test_create_image_specify_multibyte_character_image_name): 200 GET http://10.180.1.21/compute/v2.1/servers/e9f84a20-8def-4f36-92eb-8625364f7024 0.318s
2026-02-03 14:40:18.995 66537 INFO tempest.lib.common.rest_client [req-510f230b-cf4f-4531-aca9-9a327e99a54b req-510f230b-cf4f-4531-aca9-9a327e99a54b ] Request (VolumesAssistedSnapshotsTest:tearDownClass): 204 DELETE http://10.180.1.21/networking/v2.0/security-groups/c03572b7-91f4-4c1b-8669-51f7770d9d94 0.129s
2026-02-03 14:40:18.997 66517 INFO tempest.lib.common.rest_client [req-9ff92b28-9468-43b6-b357-10c0ed9060b1 req-9ff92b28-9468-43b6-b357-10c0ed9060b1 ] Request (ListServersNegativeTestJSON:setUpClass): 200 GET http://10.180.1.21/compute/v2.1/servers/a2b3619c-81d9-4788-b745-b541a0678c19 0.329s
2026-02-03 14:40:19.009 66499 INFO tempest.lib.common.rest_client [req-4263b772-e7f8-4d8f-8077-43dea754d569 req-4263b772-e7f8-4d8f-8077-43dea754d569 ] Request (ListServerFiltersTestJSON:setUpClass): 200 GET http://10.180.1.21/compute/v2.1/servers/25ec70f9-947b-4ebe-82df-1a1ddcc59360 0.253s
2026-02-03 14:40:19.070 66539 INFO tempest.lib.common.rest_client [req-95c20f81-d7f0-43a9-a226-2d91a4e28f9d req-95c20f81-d7f0-43a9-a226-2d91a4e28f9d ] Request (ServerExternalEventsTest:test_create_server_external_events): 200 GET http://10.180.1.21/compute/v2.1/servers/77a0e8c4-b77a-45b9-a249-d98866d4048a 0.261s
2026-02-03 14:40:19.081 66519 INFO tempest.lib.common.rest_client [req-6e0b78df-ab61-4409-b96a-d9c989367b2b req-6e0b78df-ab61-4409-b96a-d9c989367b2b ] Request (ServerRescueNegativeTestJSON:setUpClass): 200 GET http://10.180.1.21/compute/v2.1/servers/6d37dc97-5130-4be4-a7c1-bf304611e810 0.209s
2026-02-03 14:40:19.114 66537 INFO tempest.lib.common.rest_client [req-5afc8a33-9679-41d4-ab7d-be3beb63f274 req-5afc8a33-9679-41d4-ab7d-be3beb63f274 ] Request (VolumesAssistedSnapshotsTest:tearDownClass): 204 DELETE http://10.180.1.21/identity/v3/projects/183f1111bd4a4c13a354835aa7266cc2 0.119s
2026-02-03 14:40:19.115 66537 INFO tempest.lib.common.dynamic_creds [-] Deleting project and security group for project: 838d39256a4044a8923e7e415affefe8
2026-02-03 14:40:19.134 66509 INFO tempest.lib.common.rest_client [req-d20f6c26-d253-4919-b7c7-bb131fdef3e0 req-d20f6c26-d253-4919-b7c7-bb131fdef3e0 ] Request (ServerActionsV293TestJSON:setUpClass): 200 GET http://10.180.1.21/compute/v2.1/servers/a5f42a18-2651-4205-92a9-f4f6d7311071 0.096s
2026-02-03 14:40:19.135 66521 INFO tempest.lib.common.rest_client [req-03cea14e-dd77-445c-8a68-cedcef8555c4 req-03cea14e-dd77-445c-8a68-cedcef8555c4 ] Request (ServersListShow2100Test:test_list_show_rebuild_update_server_2100): 200 GET http://10.180.1.21/compute/v2.1/servers/00b6d30d-5de3-4c87-8af4-0fe6d88eb906 0.180s
2026-02-03 14:40:19.140 66537 INFO tempest.lib.common.rest_client [req-e58ace6f-6b85-4ce9-bf59-efdc8ee013d3 req-e58ace6f-6b85-4ce9-bf59-efdc8ee013d3 ] Request (VolumesAssistedSnapshotsTest:tearDownClass): 200 GET http://10.180.1.21/networking/v2.0/security-groups?tenant_id=838d39256a4044a8923e7e415affefe8&name=default 0.025s
2026-02-03 14:40:19.160 66551 INFO tempest.lib.common.rest_client [req-80c93c80-1a69-4cab-8b12-8ffe14c22dae req-80c93c80-1a69-4cab-8b12-8ffe14c22dae ] Request (AttachInterfacesUnderV243Test:test_add_remove_fixed_ip): 200 GET http://10.180.1.21/compute/v2.1/servers/d978e71d-2c30-4a76-b000-6ddf3203ab10/ips 0.097s
2026-02-03 14:40:19.185 66513 INFO tempest.lib.common.rest_client [req-eb6a9981-99f6-419d-83c3-036ff4419a11 req-eb6a9981-99f6-419d-83c3-036ff4419a11 ] Request (ServerActionsTestOtherA:test_rebuild_server_in_stop_state): 200 GET http://10.180.1.21/compute/v2.1/servers/d4d3cf75-1781-46ed-afb2-44e6f2c048e2 0.058s
2026-02-03 14:40:19.227 66537 INFO tempest.lib.common.rest_client [req-dc5daaa1-22e2-4279-9717-41518df0e92c req-dc5daaa1-22e2-4279-9717-41518df0e92c ] Request (VolumesAssistedSnapshotsTest:tearDownClass): 204 DELETE http://10.180.1.21/networking/v2.0/security-groups/e0c0c8d7-cfcb-48eb-9475-429b7f70bfe9 0.086s
2026-02-03 14:40:19.236 66533 INFO tempest.lib.common.rest_client [req-2964e22a-7ed9-4228-9cc2-e8b90c114044 req-2964e22a-7ed9-4228-9cc2-e8b90c114044 ] Request (ServerMetadataTestJSON:setUpClass): 200 GET http://10.180.1.21/compute/v2.1/servers/36018dbd-f4b1-4740-a7bb-e96e5c174be0 0.051s
2026-02-03 14:40:19.319 66537 INFO tempest.lib.common.rest_client [req-de4d9c2f-2c71-4aec-b20f-1fd8d62ee74d req-de4d9c2f-2c71-4aec-b20f-1fd8d62ee74d ] Request (VolumesAssistedSnapshotsTest:tearDownClass): 204 DELETE http://10.180.1.21/identity/v3/projects/838d39256a4044a8923e7e415affefe8 0.091s
2026-02-03 14:40:19.320 66537 INFO tempest.test [-] raised in LiveAutoBlockMigrationV225Test.setUpClass. Invoking tearDownClass.
2026-02-03 14:40:19.369 66515 INFO tempest.lib.common.rest_client [req-b1a53771-0947-4660-abe6-3d6cfd84ba84 req-b1a53771-0947-4660-abe6-3d6cfd84ba84 ] Request (DeleteServersTestJSON:test_delete_server_while_in_shelved_state): 200 GET http://10.180.1.21/compute/v2.1/servers/26c4f07f-f4de-46b1-a462-b8cf13da075e 0.056s
2026-02-03 14:40:19.383 66505 INFO tempest.lib.common.rest_client [req-d9a7116b-315f-45d0-aade-57e3816b24f4 req-d9a7116b-315f-45d0-aade-57e3816b24f4 ] Request (ServerActionsTestOtherB:test_create_backup): 200 GET http://10.180.1.21/image/v2/images/c8c39da2-6a16-4dab-9d90-ba211440ae15 0.021s
2026-02-03 14:40:19.396 66537 INFO tempest.lib.common.rest_client [req-d195e6e0-4214-4a83-a34e-5c0a641d75ef req-d195e6e0-4214-4a83-a34e-5c0a641d75ef ] Request (SecurityGroupRulesNegativeTestJSON:setUpClass): 201 POST http://10.180.1.21/identity/v3/auth/tokens 0.073s
2026-02-03 14:40:19.440 66537 INFO tempest.lib.common.rest_client [req-37ea59ae-efd2-453a-995b-63536c48b723 req-37ea59ae-efd2-453a-995b-63536c48b723 ] Request (SecurityGroupRulesNegativeTestJSON:setUpClass): 201 POST http://10.180.1.21/identity/v3/auth/tokens 0.040s
2026-02-03 14:40:19.469 66495 INFO tempest.lib.common.rest_client [req-0b266fa1-5448-428c-b57a-08f8049d38fd req-0b266fa1-5448-428c-b57a-08f8049d38fd ] Request (ServersAdminTestJSON:test_inject_network_info): 200 GET http://10.180.1.21/compute/v2.1/servers/5fc40115-fc0a-4401-9083-5bc33290e8c4 0.078s
2026-02-03 14:40:19.479 66537 INFO tempest.lib.common.rest_client [req-dc0414a6-2905-43fa-a23a-e85bbc91fcf8 req-dc0414a6-2905-43fa-a23a-e85bbc91fcf8 ] Request (SecurityGroupRulesNegativeTestJSON:setUpClass): 200 GET http://10.180.1.21/identity/v3/domains?name=Default 0.038s
2026-02-03 14:40:19.529 66537 INFO tempest.lib.common.rest_client [req-deb24b94-770d-4a0c-ad07-2a1db21015c8 req-deb24b94-770d-4a0c-ad07-2a1db21015c8 ] Request (SecurityGroupRulesNegativeTestJSON:setUpClass): 201 POST http://10.180.1.21/identity/v3/projects 0.049s
2026-02-03 14:40:19.534 66489 INFO tempest.lib.common.rest_client [req-51338aeb-c82f-46ef-ac3a-10e730ede461 req-51338aeb-c82f-46ef-ac3a-10e730ede461 ] Request (ServerPasswordTestJSON:setUpClass): 200 GET http://10.180.1.21/compute/v2.1/servers/1b7bac20-84c0-4b19-b759-b75e84c7abee 0.069s
2026-02-03 14:40:19.564 66497 INFO tempest.lib.common.rest_client [req-c09df686-3b4c-4c41-bf6a-dc9dba6b52ec req-c09df686-3b4c-4c41-bf6a-dc9dba6b52ec ] Request (ServersTestJSON:tearDownClass): 200 GET http://10.180.1.21/compute/v2.1/servers/f0e88cef-300d-42a4-9cb6-843dc85da6a3 0.085s
2026-02-03 14:40:19.596 66527 INFO tempest.lib.common.rest_client [req-e7bc8656-20c5-43c7-ab75-a661b5965c40 req-e7bc8656-20c5-43c7-ab75-a661b5965c40 ] Request (ImagesOneServerNegativeTestJSON:_run_cleanups): 200 GET http://10.180.1.21/compute/v2.1/servers/30e11bc9-0bfa-4cbf-bd02-f8262e343b79 0.078s
2026-02-03 14:40:19.618 66537 INFO tempest.lib.common.rest_client [req-cfe2bf9a-7a89-49e1-9a3b-33491e382332 req-cfe2bf9a-7a89-49e1-9a3b-33491e382332 ] Request (SecurityGroupRulesNegativeTestJSON:setUpClass): 201 POST http://10.180.1.21/identity/v3/users 0.088s
2026-02-03 14:40:19.643 66537 INFO tempest.lib.common.rest_client [req-d77e1adf-4576-4867-b33e-e55d9edf3c00 req-d77e1adf-4576-4867-b33e-e55d9edf3c00 ] Request (SecurityGroupRulesNegativeTestJSON:setUpClass): 200 GET http://10.180.1.21/identity/v3/roles 0.024s
2026-02-03 14:40:19.647 66554 INFO tempest.lib.common.rest_client [req-a4aeb54d-52e0-4a84-8a52-85f84b851614 req-a4aeb54d-52e0-4a84-8a52-85f84b851614 ] Request (AttachVolumeTestJSON:test_attach_detach_volume): 200 GET http://10.180.1.21/compute/v2.1/servers/e2e07720-a241-4382-a684-0835b199e37d 0.066s
2026-02-03 14:40:19.673 66537 INFO tempest.lib.common.rest_client [req-75c0c9b3-6475-4033-9ef3-0a3d7af98555 req-75c0c9b3-6475-4033-9ef3-0a3d7af98555 ] Request (SecurityGroupRulesNegativeTestJSON:setUpClass): 204 PUT http://10.180.1.21/identity/v3/projects/bf8c49a412674ccba23420ca8e265679/users/076217910cb34941bdd3f2f5ceff0f8c/roles/12b6af12e70b4a87acb44bd64dbdbc45 0.029s
2026-02-03 14:40:19.673 66537 INFO tempest.lib.common.dynamic_creds [-] Dynamic test user 076217910cb34941bdd3f2f5ceff0f8c is created with scope project and roles: ['member']
2026-02-03 14:40:19.673 66537 INFO tempest.lib.common.dynamic_creds [-] Acquired dynamic creds: credentials: Credentials: {'domain_id': 'default', 'domain_name': 'Default', 'username': 'tempest-SecurityGroupRulesNegativeTestJSON-1515007618-project-member', 'project_domain_id': 'default', 'project_domain_name': 'Default', 'project_id': 'bf8c49a412674ccba23420ca8e265679', 'project_name': 'tempest-SecurityGroupRulesNegativeTestJSON-1515007618', 'tenant_id': 'bf8c49a412674ccba23420ca8e265679', 'tenant_name': 'tempest-SecurityGroupRulesNegativeTestJSON-1515007618', 'user_domain_id': 'default', 'user_domain_name': 'Default', 'user_id': '076217910cb34941bdd3f2f5ceff0f8c', 'system': None}, Network: None, Subnet: None, Router: None
2026-02-03 14:40:19.722 66493 INFO tempest.lib.common.rest_client [req-b11ed7f5-7424-443a-84f4-1c7067d9e803 req-b11ed7f5-7424-443a-84f4-1c7067d9e803 ] Request (MigrationsAdminTest:test_list_migrations_in_flavor_resize_situation): 200 GET http://10.180.1.21/compute/v2.1/servers/6f6c4cda-9439-47dd-810c-25b0516585e6 0.114s
2026-02-03 14:40:19.741 66537 INFO tempest.lib.common.rest_client [req-cd98a9e5-1f4a-4258-a795-d03eb17a54e0 req-cd98a9e5-1f4a-4258-a795-d03eb17a54e0 ] Request (SecurityGroupRulesNegativeTestJSON:setUpClass): 201 POST http://10.180.1.21/identity/v3/auth/tokens 0.067s
2026-02-03 14:40:19.793 66547 INFO tempest.lib.common.rest_client [req-89da95d8-d436-4ed4-8d37-0237a4cec793 req-89da95d8-d436-4ed4-8d37-0237a4cec793 ] Request (SecurityGroupsTestJSON:test_list_security_groups_by_server): 200 GET http://10.180.1.21/compute/v2.1/servers/566cb5a1-5b9f-485d-9a00-ad38858e0b8e 0.055s
2026-02-03 14:40:19.815 66503 INFO tempest.lib.common.rest_client [req-adb4209d-db3c-48b3-b331-3f699a14ec39 req-adb4209d-db3c-48b3-b331-3f699a14ec39 ] Request (ServerMetadataNegativeTestJSON:setUpClass): 200 GET http://10.180.1.21/compute/v2.1/servers/560ca9f0-3db2-496c-8024-03859950f4ee 0.055s
2026-02-03 14:40:19.867 66525 INFO tempest.lib.common.rest_client [req-d2b417ad-324a-44ea-adfb-ef28e8eb5468 req-d2b417ad-324a-44ea-adfb-ef28e8eb5468 ] Request (ListImageFiltersTestJSON:setUpClass): 200 GET http://10.180.1.21/compute/v2.1/servers/28d4751c-5d09-422a-84b1-e82df32f6b4d 0.061s
2026-02-03 14:40:19.890 66491 WARNING tempest.lib.common.ssh [-] Failed to establish authenticated ssh connection to cirros@10.180.180.179 ([Errno None] Unable to connect to port 22 on 10.180.180.179). Number attempts: 5. Retry after 6 seconds.: paramiko.ssh_exception.NoValidConnectionsError: [Errno None] Unable to connect to port 22 on 10.180.180.179
2026-02-03 14:40:19.993 66523 INFO tempest.lib.common.rest_client [req-5f3d3f3a-7a7d-4ca6-abad-0200cd9b470b req-5f3d3f3a-7a7d-4ca6-abad-0200cd9b470b ] Request (ServersTestBootFromVolume:setUpClass): 200 GET http://10.180.1.21/compute/v2.1/servers/932f3bea-bf9d-441a-bcdb-71f852c523a9 0.092s
2026-02-03 14:40:20.035 66537 INFO tempest.lib.common.rest_client [req-91d6d825-e0af-411f-8f6d-916b0cdd2bfb req-91d6d825-e0af-411f-8f6d-916b0cdd2bfb ] Request (SecurityGroupRulesNegativeTestJSON:setUpClass): 201 POST http://10.180.1.21/networking/v2.0/networks 0.294s
2026-02-03 14:40:20.078 66517 INFO tempest.lib.common.rest_client [req-7d7efcfa-5a3d-4db9-bccf-5a2dc7ead366 req-7d7efcfa-5a3d-4db9-bccf-5a2dc7ead366 ] Request (ListServersNegativeTestJSON:setUpClass): 200 GET http://10.180.1.21/compute/v2.1/servers/a2b3619c-81d9-4788-b745-b541a0678c19 0.073s
2026-02-03 14:40:20.106 66535 INFO tempest.lib.common.rest_client [req-1287bf14-6fc2-426e-99e0-5009eb94e628 req-1287bf14-6fc2-426e-99e0-5009eb94e628 ] Request (ImagesOneServerTestJSON:test_create_image_specify_multibyte_character_image_name): 200 GET http://10.180.1.21/compute/v2.1/servers/e9f84a20-8def-4f36-92eb-8625364f7024 0.170s
2026-02-03 14:40:20.135 66499 INFO tempest.lib.common.rest_client [req-6216b907-295c-46fe-89da-0b80184fafaf req-6216b907-295c-46fe-89da-0b80184fafaf ] Request (ListServerFiltersTestJSON:setUpClass): 200 GET http://10.180.1.21/compute/v2.1/servers/25ec70f9-947b-4ebe-82df-1a1ddcc59360 0.118s
2026-02-03 14:40:20.160 66539 INFO tempest.lib.common.rest_client [req-8a8d7239-e407-4853-9b4f-17890761dbc4 req-8a8d7239-e407-4853-9b4f-17890761dbc4 ] Request (ServerExternalEventsTest:test_create_server_external_events): 200 GET http://10.180.1.21/compute/v2.1/servers/77a0e8c4-b77a-45b9-a249-d98866d4048a 0.082s
2026-02-03 14:40:20.186 66519 INFO tempest.lib.common.rest_client [req-15d91369-f8ae-43f0-9d25-323f79f20850 req-15d91369-f8ae-43f0-9d25-323f79f20850 ] Request (ServerRescueNegativeTestJSON:setUpClass): 200 GET http://10.180.1.21/compute/v2.1/servers/6d37dc97-5130-4be4-a7c1-bf304611e810 0.096s
2026-02-03 14:40:20.218 66537 INFO tempest.lib.common.rest_client [req-2e18be20-a124-48a0-b2b7-7fb8933f4a01 req-2e18be20-a124-48a0-b2b7-7fb8933f4a01 ] Request (SecurityGroupRulesNegativeTestJSON:setUpClass): 201 POST http://10.180.1.21/networking/v2.0/subnets 0.182s
2026-02-03 14:40:20.223 66509 INFO tempest.lib.common.rest_client [req-1bd86d98-3ae6-4e28-b1e9-1e3df5730c08 req-1bd86d98-3ae6-4e28-b1e9-1e3df5730c08 ] Request (ServerActionsV293TestJSON:setUpClass): 200 GET http://10.180.1.21/compute/v2.1/servers/a5f42a18-2651-4205-92a9-f4f6d7311071 0.077s
2026-02-03 14:40:20.250 66551 INFO tempest.lib.common.rest_client [req-4b20904f-dbd8-4f2b-aa5d-3a1347c188af req-4b20904f-dbd8-4f2b-aa5d-3a1347c188af ] Request (AttachInterfacesUnderV243Test:test_add_remove_fixed_ip): 200 GET http://10.180.1.21/compute/v2.1/servers/d978e71d-2c30-4a76-b000-6ddf3203ab10/ips 0.088s
2026-02-03 14:40:20.262 66521 INFO tempest.lib.common.rest_client [req-f5506d34-844a-4a9a-b2ca-485b582503bb req-f5506d34-844a-4a9a-b2ca-485b582503bb ] Request (ServersListShow2100Test:test_list_show_rebuild_update_server_2100): 200 GET http://10.180.1.21/compute/v2.1/servers/00b6d30d-5de3-4c87-8af4-0fe6d88eb906 0.115s
2026-02-03 14:40:20.301 66513 INFO tempest.lib.common.rest_client [req-55c36a69-59b8-4f8b-8d9c-a52662aa768e req-55c36a69-59b8-4f8b-8d9c-a52662aa768e ] Request (ServerActionsTestOtherA:test_rebuild_server_in_stop_state): 200 GET http://10.180.1.21/compute/v2.1/servers/d4d3cf75-1781-46ed-afb2-44e6f2c048e2 0.107s
2026-02-03 14:40:20.317 66533 INFO tempest.lib.common.rest_client [req-f7720508-6726-4df9-98db-568ebf6f8d10 req-f7720508-6726-4df9-98db-568ebf6f8d10 ] Request (ServerMetadataTestJSON:setUpClass): 200 GET http://10.180.1.21/compute/v2.1/servers/36018dbd-f4b1-4740-a7bb-e96e5c174be0 0.072s
2026-02-03 14:40:20.398 66551 INFO tempest.lib.common.rest_client [req-8548d420-4353-4ffa-afad-a01bf4a6a58c req-8548d420-4353-4ffa-afad-a01bf4a6a58c ] Request (AttachInterfacesUnderV243Test:test_add_remove_fixed_ip): 200 GET http://10.180.1.21/compute/v2.1/servers/d978e71d-2c30-4a76-b000-6ddf3203ab10 0.146s
2026-02-03 14:40:20.407 66505 INFO tempest.lib.common.rest_client [req-fd14741f-0ea8-4eff-9c0a-4d25112bee71 req-fd14741f-0ea8-4eff-9c0a-4d25112bee71 ] Request (ServerActionsTestOtherB:test_create_backup): 200 GET http://10.180.1.21/image/v2/images/c8c39da2-6a16-4dab-9d90-ba211440ae15 0.022s
2026-02-03 14:40:20.432 66515 INFO tempest.lib.common.rest_client [req-86d70afa-63df-4f9b-8273-08310a774139 req-86d70afa-63df-4f9b-8273-08310a774139 ] Request (DeleteServersTestJSON:test_delete_server_while_in_shelved_state): 200 GET http://10.180.1.21/compute/v2.1/servers/26c4f07f-f4de-46b1-a462-b8cf13da075e 0.054s
2026-02-03 14:40:20.444 66551 INFO tempest.lib.common.rest_client [req-272acc0a-2e6b-4aa1-a34d-b7af7090ec5b req-272acc0a-2e6b-4aa1-a34d-b7af7090ec5b ] Request (AttachInterfacesUnderV243Test:test_add_remove_fixed_ip): 202 POST http://10.180.1.21/compute/v2.1/servers/d978e71d-2c30-4a76-b000-6ddf3203ab10/action 0.036s
2026-02-03 14:40:20.478 66551 INFO tempest.lib.common.rest_client [req-811fea5e-8b0c-4397-8e89-e826cd581d0b req-811fea5e-8b0c-4397-8e89-e826cd581d0b ] Request (AttachInterfacesUnderV243Test:test_add_remove_fixed_ip): 200 GET http://10.180.1.21/compute/v2.1/servers/d978e71d-2c30-4a76-b000-6ddf3203ab10/ips 0.033s
2026-02-03 14:40:20.539 66495 INFO tempest.lib.common.rest_client [req-d92fab3d-c1c4-445f-8b35-4cc1fed1cd5d req-d92fab3d-c1c4-445f-8b35-4cc1fed1cd5d ] Request (ServersAdminTestJSON:test_inject_network_info): 200 GET http://10.180.1.21/compute/v2.1/servers/5fc40115-fc0a-4401-9083-5bc33290e8c4 0.061s
2026-02-03 14:40:20.598 66489 INFO tempest.lib.common.rest_client [req-c062b0b7-950f-470e-a2c8-b508b42602eb req-c062b0b7-950f-470e-a2c8-b508b42602eb ] Request (ServerPasswordTestJSON:setUpClass): 200 GET http://10.180.1.21/compute/v2.1/servers/1b7bac20-84c0-4b19-b759-b75e84c7abee 0.055s
2026-02-03 14:40:20.643 66497 INFO tempest.lib.common.rest_client [req-b5ab6706-dbd1-4a6e-9a6a-1280868ff40d req-b5ab6706-dbd1-4a6e-9a6a-1280868ff40d ] Request (ServersTestJSON:tearDownClass): 200 GET http://10.180.1.21/compute/v2.1/servers/f0e88cef-300d-42a4-9cb6-843dc85da6a3 0.064s
2026-02-03 14:40:20.662 66527 INFO tempest.lib.common.rest_client [req-c09cd78b-048d-4218-8779-69a76377282d req-c09cd78b-048d-4218-8779-69a76377282d ] Request (ImagesOneServerNegativeTestJSON:_run_cleanups): 200 GET http://10.180.1.21/compute/v2.1/servers/30e11bc9-0bfa-4cbf-bd02-f8262e343b79 0.057s
2026-02-03 14:40:20.710 66554 INFO tempest.lib.common.rest_client [req-be35fe7e-8c88-411f-a9d9-df5272055f10 req-be35fe7e-8c88-411f-a9d9-df5272055f10 ] Request (AttachVolumeTestJSON:test_attach_detach_volume): 200 GET http://10.180.1.21/compute/v2.1/servers/e2e07720-a241-4382-a684-0835b199e37d 0.055s
2026-02-03 14:40:20.883 66547 INFO tempest.lib.common.rest_client [req-231f5226-f50f-46c9-9e21-f0fb0cddd964 req-231f5226-f50f-46c9-9e21-f0fb0cddd964 ] Request (SecurityGroupsTestJSON:test_list_security_groups_by_server): 200 GET http://10.180.1.21/compute/v2.1/servers/566cb5a1-5b9f-485d-9a00-ad38858e0b8e 0.083s
2026-02-03 14:40:20.908 66493 INFO tempest.lib.common.rest_client [req-de327f0d-f838-4f03-acd8-ce9fe6a1bb76 req-de327f0d-f838-4f03-acd8-ce9fe6a1bb76 ] Request (MigrationsAdminTest:test_list_migrations_in_flavor_resize_situation): 200 GET http://10.180.1.21/compute/v2.1/servers/6f6c4cda-9439-47dd-810c-25b0516585e6 0.176s
2026-02-03 14:40:20.957 66503 INFO tempest.lib.common.rest_client [req-7ab1d1d5-8afc-4ecb-98bc-c3fcca82d8fc req-7ab1d1d5-8afc-4ecb-98bc-c3fcca82d8fc ] Request (ServerMetadataNegativeTestJSON:setUpClass): 200 GET http://10.180.1.21/compute/v2.1/servers/560ca9f0-3db2-496c-8024-03859950f4ee 0.132s
2026-02-03 14:40:20.957 66537 INFO tempest.lib.common.rest_client [req-a3e1a3ff-20a6-4f88-8013-0688e5d1a1e0 req-a3e1a3ff-20a6-4f88-8013-0688e5d1a1e0 ] Request (SecurityGroupRulesNegativeTestJSON:setUpClass): 201 POST http://10.180.1.21/networking/v2.0/routers 0.739s
2026-02-03 14:40:20.981 66525 INFO tempest.lib.common.rest_client [req-ded4f783-03a8-42df-9acd-a13c3f570f0f req-ded4f783-03a8-42df-9acd-a13c3f570f0f ] Request (ListImageFiltersTestJSON:setUpClass): 200 GET http://10.180.1.21/compute/v2.1/servers/28d4751c-5d09-422a-84b1-e82df32f6b4d 0.107s
2026-02-03 14:40:21.087 66523 INFO tempest.lib.common.rest_client [req-c2193603-65c1-4a61-8217-bfa507106e72 req-c2193603-65c1-4a61-8217-bfa507106e72 ] Request (ServersTestBootFromVolume:setUpClass): 200 GET http://10.180.1.21/compute/v2.1/servers/932f3bea-bf9d-441a-bcdb-71f852c523a9 0.087s
2026-02-03 14:40:21.150 66517 INFO tempest.lib.common.rest_client [req-11472db6-f6f6-40e3-bf1c-228a05ed2e64 req-11472db6-f6f6-40e3-bf1c-228a05ed2e64 ] Request (ListServersNegativeTestJSON:setUpClass): 200 GET http://10.180.1.21/compute/v2.1/servers/a2b3619c-81d9-4788-b745-b541a0678c19 0.063s
2026-02-03 14:40:21.204 66499 INFO tempest.lib.common.rest_client [req-e16d6ecb-5006-41a3-a131-898f6bab9bd3 req-e16d6ecb-5006-41a3-a131-898f6bab9bd3 ] Request (ListServerFiltersTestJSON:setUpClass): 200 GET http://10.180.1.21/compute/v2.1/servers/25ec70f9-947b-4ebe-82df-1a1ddcc59360 0.060s
2026-02-03 14:40:21.228 66535 INFO tempest.lib.common.rest_client [req-0ede95bd-0a9e-4ccb-ac3d-abe4ad8810ab req-0ede95bd-0a9e-4ccb-ac3d-abe4ad8810ab ] Request (ImagesOneServerTestJSON:test_create_image_specify_multibyte_character_image_name): 200 GET http://10.180.1.21/compute/v2.1/servers/e9f84a20-8def-4f36-92eb-8625364f7024 0.113s
2026-02-03 14:40:21.235 66535 INFO tempest.common.waiters [-] State transition "ACTIVE/image_uploading" ==> "ACTIVE/None" after 3 second wait
2026-02-03 14:40:21.255 66539 INFO tempest.lib.common.rest_client [req-065b1c6f-f3e3-456a-a6a8-6f57afe49dc3 req-065b1c6f-f3e3-456a-a6a8-6f57afe49dc3 ] Request (ServerExternalEventsTest:test_create_server_external_events): 200 GET http://10.180.1.21/compute/v2.1/servers/77a0e8c4-b77a-45b9-a249-d98866d4048a 0.086s
2026-02-03 14:40:21.280 66519 INFO tempest.lib.common.rest_client [req-ea68c21d-3d08-4d0d-9a03-6b1a35de2787 req-ea68c21d-3d08-4d0d-9a03-6b1a35de2787 ] Request (ServerRescueNegativeTestJSON:setUpClass): 200 GET http://10.180.1.21/compute/v2.1/servers/6d37dc97-5130-4be4-a7c1-bf304611e810 0.086s
2026-02-03 14:40:21.318 66509 INFO tempest.lib.common.rest_client [req-55275f8b-3d16-4adc-b018-154103ae7e13 req-55275f8b-3d16-4adc-b018-154103ae7e13 ] Request (ServerActionsV293TestJSON:setUpClass): 200 GET http://10.180.1.21/compute/v2.1/servers/a5f42a18-2651-4205-92a9-f4f6d7311071 0.084s
2026-02-03 14:40:21.387 66535 INFO tempest.lib.common.rest_client [req-362bd0a6-dcb1-484f-b8d9-f639586dcf8b req-362bd0a6-dcb1-484f-b8d9-f639586dcf8b ] Request (ImagesOneServerTestJSON:tearDownClass): 204 DELETE http://10.180.1.21/compute/v2.1/images/782a4764-0964-46af-bc98-c22388b9ef87 0.150s
2026-02-03 14:40:21.397 66521 INFO tempest.lib.common.rest_client [req-30cc3868-a502-4255-a190-2f87fba79009 req-30cc3868-a502-4255-a190-2f87fba79009 ] Request (ServersListShow2100Test:test_list_show_rebuild_update_server_2100): 200 GET http://10.180.1.21/compute/v2.1/servers/00b6d30d-5de3-4c87-8af4-0fe6d88eb906 0.120s
2026-02-03 14:40:21.431 66505 INFO tempest.lib.common.rest_client [req-bbe780b5-7c95-4e84-8ab6-6a2afc4d0b26 req-bbe780b5-7c95-4e84-8ab6-6a2afc4d0b26 ] Request (ServerActionsTestOtherB:test_create_backup): 200 GET http://10.180.1.21/image/v2/images/c8c39da2-6a16-4dab-9d90-ba211440ae15 0.022s
2026-02-03 14:40:21.457 66513 INFO tempest.lib.common.rest_client [req-1299bca9-67f3-4e01-a2b4-cf8d7557bb62 req-1299bca9-67f3-4e01-a2b4-cf8d7557bb62 ] Request (ServerActionsTestOtherA:test_rebuild_server_in_stop_state): 200 GET http://10.180.1.21/compute/v2.1/servers/d4d3cf75-1781-46ed-afb2-44e6f2c048e2 0.148s
2026-02-03 14:40:21.458 66505 INFO tempest.lib.common.rest_client [req-c9baf1e0-27cc-4463-9a19-6e5da187bb4c req-c9baf1e0-27cc-4463-9a19-6e5da187bb4c ] Request (ServerActionsTestOtherB:test_create_backup): 200 GET http://10.180.1.21/image/v2/images/c8c39da2-6a16-4dab-9d90-ba211440ae15/tasks 0.027s
2026-02-03 14:40:21.475 66535 INFO tempest.lib.common.rest_client [req-a5f8b946-4eb5-4137-af27-a8e805e37ed0 req-a5f8b946-4eb5-4137-af27-a8e805e37ed0 ] Request (ImagesOneServerTestJSON:tearDownClass): 404 DELETE http://10.180.1.21/compute/v2.1/images/5d1ee82c-c0b5-44a0-b784-11f74451c1fd 0.088s
2026-02-03 14:40:21.476 66533 INFO tempest.lib.common.rest_client [req-4be0d505-f7fa-4106-8d0f-681f50b0eea4 req-4be0d505-f7fa-4106-8d0f-681f50b0eea4 ] Request (ServerMetadataTestJSON:setUpClass): 200 GET http://10.180.1.21/compute/v2.1/servers/36018dbd-f4b1-4740-a7bb-e96e5c174be0 0.151s
2026-02-03 14:40:21.509 66505 INFO tempest.lib.common.rest_client [req-050b5472-4f4d-4e8e-88af-bd2669ecc234 req-050b5472-4f4d-4e8e-88af-bd2669ecc234 ] Request (ServerActionsTestOtherB:test_create_backup): 200 GET http://10.180.1.21/image/v2/images?status=active&sort_key=created_at&sort_dir=asc&image_type=backup&backup_type=daily&instance_uuid=9b286a00-af27-4012-a596-45bbe98da254 0.049s
2026-02-03 14:40:21.546 66515 INFO tempest.lib.common.rest_client [req-536fb0d6-ab37-4bc6-a30c-32d34070fc0b req-536fb0d6-ab37-4bc6-a30c-32d34070fc0b ] Request (DeleteServersTestJSON:test_delete_server_while_in_shelved_state): 200 GET http://10.180.1.21/compute/v2.1/servers/26c4f07f-f4de-46b1-a462-b8cf13da075e 0.104s
2026-02-03 14:40:21.583 66551 INFO tempest.lib.common.rest_client [req-99de060b-c951-4e34-8a8f-4bae2863859d req-99de060b-c951-4e34-8a8f-4bae2863859d ] Request (AttachInterfacesUnderV243Test:test_add_remove_fixed_ip): 200 GET http://10.180.1.21/compute/v2.1/servers/d978e71d-2c30-4a76-b000-6ddf3203ab10/ips 0.102s
2026-02-03 14:40:21.594 66535 INFO tempest.lib.common.rest_client [req-7aafbaec-45e1-4e9a-845c-8bd62364fbf7 req-7aafbaec-45e1-4e9a-845c-8bd62364fbf7 ] Request (ImagesOneServerTestJSON:tearDownClass): 204 DELETE http://10.180.1.21/compute/v2.1/servers/e9f84a20-8def-4f36-92eb-8625364f7024 0.118s
2026-02-03 14:40:21.734 66495 INFO tempest.lib.common.rest_client [req-88488cdb-8886-4f0d-9f3a-5d1b003a16ef req-88488cdb-8886-4f0d-9f3a-5d1b003a16ef ] Request (ServersAdminTestJSON:test_inject_network_info): 200 GET http://10.180.1.21/compute/v2.1/servers/5fc40115-fc0a-4401-9083-5bc33290e8c4 0.187s
2026-02-03 14:40:21.863 66505 INFO tempest.lib.common.rest_client [req-70e6ca13-5bf9-4469-a727-86d5be0d13db req-70e6ca13-5bf9-4469-a727-86d5be0d13db ] Request (ServerActionsTestOtherB:test_create_backup): 200 GET http://10.180.1.21/compute/v2.1/servers/9b286a00-af27-4012-a596-45bbe98da254 0.354s
2026-02-03 14:40:21.891 66537 INFO tempest.lib.common.rest_client [req-9715abbb-fb52-49ee-b43b-971eec4e1d23 req-9715abbb-fb52-49ee-b43b-971eec4e1d23 ] Request (SecurityGroupRulesNegativeTestJSON:setUpClass): 200 PUT http://10.180.1.21/networking/v2.0/routers/d3779404-ed48-41db-8ddc-7cc03511f5b6/add_router_interface 0.933s
