2026-02-03 14:39:09.134 66539 INFO tempest.lib.common.dynamic_creds [-] Acquired dynamic creds: credentials: Credentials: {'domain_id': 'default', 'domain_name': 'Default', 'username': 'tempest-ServerExternalEventsTest-743771553-project-member', 'project_domain_id': 'default', 'project_domain_name': 'Default', 'project_id': '72b592b2cc8847f8b7a39f4deaaddf00', 'project_name': 'tempest-ServerExternalEventsTest-743771553', 'tenant_id': '72b592b2cc8847f8b7a39f4deaaddf00', 'tenant_name': 'tempest-ServerExternalEventsTest-743771553', 'user_domain_id': 'default', 'user_domain_name': 'Default', 'user_id': '7db7303aab0647ea834bb950eb40ca4c', 'system': None}, Network: None, Subnet: None, Router: None
2026-02-03 14:39:09.134 66539 INFO tempest.lib.common.dynamic_creds [-] Created isolated network resources for: credentials: Credentials: {'domain_id': 'default', 'domain_name': 'Default', 'username': 'tempest-ServerExternalEventsTest-743771553-project-member', 'project_domain_id': 'default', 'project_domain_name': 'Default', 'project_id': '72b592b2cc8847f8b7a39f4deaaddf00', 'project_name': 'tempest-ServerExternalEventsTest-743771553', 'tenant_id': '72b592b2cc8847f8b7a39f4deaaddf00', 'tenant_name': 'tempest-ServerExternalEventsTest-743771553', 'user_domain_id': 'default', 'user_domain_name': 'Default', 'user_id': '7db7303aab0647ea834bb950eb40ca4c', 'system': None}, Network: None, Subnet: None, Router: None
2026-02-03 14:39:09.258 66539 INFO tempest.lib.common.rest_client [req-0a076b2c-a20b-45de-9a62-64207bd4f5b1 req-0a076b2c-a20b-45de-9a62-64207bd4f5b1 ] Request (ServerExternalEventsTest:setUpClass): 201 POST http://10.180.1.21/identity/v3/auth/tokens 0.120s
2026-02-03 14:39:09.348 66539 INFO tempest.lib.common.rest_client [req-2893bbf3-7d29-4333-8e7d-07da51918771 req-2893bbf3-7d29-4333-8e7d-07da51918771 ] Request (ServerExternalEventsTest:setUpClass): 201 POST http://10.180.1.21/identity/v3/projects 0.089s
2026-02-03 14:39:09.387 66523 INFO tempest.lib.common.rest_client [req-28a15e61-84b8-4621-a21e-4c53da5a7af0 req-28a15e61-84b8-4621-a21e-4c53da5a7af0 ] Request (ServersTestBootFromVolume:setUpClass): 202 POST http://10.180.1.21/volume/v3/volumes 0.574s
2026-02-03 14:39:09.422 66509 INFO tempest.lib.common.rest_client [req-659c4419-980c-4b3e-8695-e48a28901ad7 req-659c4419-980c-4b3e-8695-e48a28901ad7 ] Request (ServerActionsV293TestJSON:setUpClass): 201 POST http://10.180.1.21/networking/v2.0/networks 1.018s
2026-02-03 14:39:09.443 66523 INFO tempest.lib.common.rest_client [req-58aed199-a737-45f0-8424-eafaf37caa24 req-58aed199-a737-45f0-8424-eafaf37caa24 ] Request (ServersTestBootFromVolume:setUpClass): 200 GET http://10.180.1.21/volume/v3/volumes/481a4b4d-4de6-4a50-99d1-a2ab7cbcc0dd 0.045s
2026-02-03 14:39:09.453 66539 INFO tempest.lib.common.rest_client [req-4f6eb928-e882-4476-be53-856b1a8aec03 req-4f6eb928-e882-4476-be53-856b1a8aec03 ] Request (ServerExternalEventsTest:setUpClass): 201 POST http://10.180.1.21/identity/v3/users 0.105s
2026-02-03 14:39:09.477 66539 INFO tempest.lib.common.rest_client [req-3923b76d-348a-444f-a22a-5054a0bbec3c req-3923b76d-348a-444f-a22a-5054a0bbec3c ] Request (ServerExternalEventsTest:setUpClass): 200 GET http://10.180.1.21/identity/v3/roles 0.023s
2026-02-03 14:39:09.509 66539 INFO tempest.lib.common.rest_client [req-5fee0165-4c61-4331-be57-899b35938675 req-5fee0165-4c61-4331-be57-899b35938675 ] Request (ServerExternalEventsTest:setUpClass): 204 PUT http://10.180.1.21/identity/v3/projects/3b91011d3d8e4aa5ab1fae1d53a17da2/users/10abad1678a34e1da0535c582f5cd9bf/roles/db4c0fd532a6478f9ff69326e0b471e1 0.031s
2026-02-03 14:39:09.518 66543 INFO tempest.lib.common.rest_client [req-9ba8bc3d-4f07-400a-979b-8f60057435b6 req-9ba8bc3d-4f07-400a-979b-8f60057435b6 ] Request (KeyPairsV210TestJSON:tearDownClass): 200 GET http://10.180.1.21/networking/v2.0/security-groups?tenant_id=16d3cea019cb4cd9bb4180f8ebc1c032&name=default 1.069s
2026-02-03 14:39:09.565 66539 INFO tempest.lib.common.rest_client [req-28fef5e0-960a-4b47-898b-8c7b38b72a50 req-28fef5e0-960a-4b47-898b-8c7b38b72a50 ] Request (ServerExternalEventsTest:setUpClass): 200 GET http://10.180.1.21/identity/v3/roles 0.055s
2026-02-03 14:39:09.586 66539 INFO tempest.lib.common.rest_client [req-c8f9ca1c-93e9-48e7-a5f0-2f4bb59887ad req-c8f9ca1c-93e9-48e7-a5f0-2f4bb59887ad ] Request (ServerExternalEventsTest:setUpClass): 204 PUT http://10.180.1.21/identity/v3/projects/3b91011d3d8e4aa5ab1fae1d53a17da2/users/10abad1678a34e1da0535c582f5cd9bf/roles/db4c0fd532a6478f9ff69326e0b471e1 0.020s
2026-02-03 14:39:09.586 66539 INFO tempest.lib.common.dynamic_creds [-] Dynamic test user 10abad1678a34e1da0535c582f5cd9bf is created with scope project and roles: ['admin']
2026-02-03 14:39:09.587 66539 INFO tempest.lib.common.dynamic_creds [-] Acquired dynamic creds: credentials: Credentials: {'domain_id': 'default', 'domain_name': 'Default', 'username': 'tempest-ServerExternalEventsTest-711536920-project-admin', 'project_domain_id': 'default', 'project_domain_name': 'Default', 'project_id': '3b91011d3d8e4aa5ab1fae1d53a17da2', 'project_name': 'tempest-ServerExternalEventsTest-711536920', 'tenant_id': '3b91011d3d8e4aa5ab1fae1d53a17da2', 'tenant_name': 'tempest-ServerExternalEventsTest-711536920', 'user_domain_id': 'default', 'user_domain_name': 'Default', 'user_id': '10abad1678a34e1da0535c582f5cd9bf', 'system': None}, Network: None, Subnet: None, Router: None
2026-02-03 14:39:09.587 66539 INFO tempest.lib.common.dynamic_creds [-] Created isolated network resources for: credentials: Credentials: {'domain_id': 'default', 'domain_name': 'Default', 'username': 'tempest-ServerExternalEventsTest-711536920-project-admin', 'project_domain_id': 'default', 'project_domain_name': 'Default', 'project_id': '3b91011d3d8e4aa5ab1fae1d53a17da2', 'project_name': 'tempest-ServerExternalEventsTest-711536920', 'tenant_id': '3b91011d3d8e4aa5ab1fae1d53a17da2', 'tenant_name': 'tempest-ServerExternalEventsTest-711536920', 'user_domain_id': 'default', 'user_domain_name': 'Default', 'user_id': '10abad1678a34e1da0535c582f5cd9bf', 'system': None}, Network: None, Subnet: None, Router: None
2026-02-03 14:39:09.608 66511 INFO tempest.lib.common.rest_client [req-d6526eda-febf-4cf9-8cb0-1605efd75290 req-d6526eda-febf-4cf9-8cb0-1605efd75290 ] Request (VolumesTestJSON:tearDownClass): 200 GET http://10.180.1.21/networking/v2.0/security-groups?tenant_id=c44aa043e2fb4b70a0de2b7fd0262147&name=default 0.752s
2026-02-03 14:39:09.631 66515 INFO tempest.lib.common.rest_client [req-0b644f94-9662-438c-a307-85e339034cc6 req-0b644f94-9662-438c-a307-85e339034cc6 ] Request (DeleteServersTestJSON:test_delete_server_while_in_attached_volume): 200 GET http://10.180.1.21/compute/v2.1/servers/28200981-9217-4395-b0a8-c154624c7a1c 2.931s
2026-02-03 14:39:09.685 66539 INFO tempest.lib.common.rest_client [req-83fe64c5-b2b2-4a28-8047-69df3aa3553e req-83fe64c5-b2b2-4a28-8047-69df3aa3553e ] Request (ServerExternalEventsTest:setUpClass): 201 POST http://10.180.1.21/identity/v3/auth/tokens 0.094s
2026-02-03 14:39:09.748 66499 INFO tempest.lib.common.rest_client [req-ecc1b578-833d-495f-840e-a92d4c54b5bf req-ecc1b578-833d-495f-840e-a92d4c54b5bf ] Request (ImagesNegativeTestJSON:tearDownClass): 204 DELETE http://10.180.1.21/networking/v2.0/subnets/ddc5368c-c2e7-474a-8df1-15bb7a19c43a 0.740s
2026-02-03 14:39:09.772 66539 INFO tempest.lib.common.rest_client [req-dbcfbb90-2c71-4bed-b55d-d5016048aa38 req-dbcfbb90-2c71-4bed-b55d-d5016048aa38 ] Request (ServerExternalEventsTest:setUpClass): 201 POST http://10.180.1.21/identity/v3/projects 0.086s
2026-02-03 14:39:09.810 66491 INFO tempest.lib.common.rest_client [req-a069c44c-800a-47cd-a4ca-6f5b3ba3f9eb req-a069c44c-800a-47cd-a4ca-6f5b3ba3f9eb ] Request (ServersWithSpecificFlavorTestJSON:test_verify_created_server_ephemeral_disk): 202 POST http://10.180.1.21/compute/v2.1/servers 3.705s
2026-02-03 14:39:09.911 66539 INFO tempest.lib.common.rest_client [req-4e6b528e-f4cf-4f96-81f2-e997e3355735 req-4e6b528e-f4cf-4f96-81f2-e997e3355735 ] Request (ServerExternalEventsTest:setUpClass): 201 POST http://10.180.1.21/identity/v3/users 0.139s
2026-02-03 14:39:09.920 66543 INFO tempest.lib.common.rest_client [req-e27fb1dd-89e7-425c-9748-51470f4cdc11 req-e27fb1dd-89e7-425c-9748-51470f4cdc11 ] Request (KeyPairsV210TestJSON:tearDownClass): 204 DELETE http://10.180.1.21/networking/v2.0/security-groups/945d7c5d-5bad-46f7-859e-d5e7fd7125f0 0.401s
2026-02-03 14:39:09.949 66539 INFO tempest.lib.common.rest_client [req-b0a91490-54e1-49eb-88bf-40532170bca1 req-b0a91490-54e1-49eb-88bf-40532170bca1 ] Request (ServerExternalEventsTest:setUpClass): 200 GET http://10.180.1.21/identity/v3/roles 0.037s
2026-02-03 14:39:09.990 66509 INFO tempest.lib.common.rest_client [req-2899d209-a818-4b48-ad87-602bf3256864 req-2899d209-a818-4b48-ad87-602bf3256864 ] Request (ServerActionsV293TestJSON:setUpClass): 201 POST http://10.180.1.21/networking/v2.0/subnets 0.567s
2026-02-03 14:39:10.000 66539 INFO tempest.lib.common.rest_client [req-b9498c36-7282-4707-844d-82eae5f2ceb6 req-b9498c36-7282-4707-844d-82eae5f2ceb6 ] Request (ServerExternalEventsTest:setUpClass): 204 PUT http://10.180.1.21/identity/v3/projects/847357e8555841f9b21de1903df8d1cd/users/4f3d0fca024d4cf9b631e98b74fd4d9c/roles/fdd0e9f9f4cd4ddc90177f7987735ab3 0.050s
2026-02-03 14:39:10.045 66543 INFO tempest.lib.common.rest_client [req-0dc40f87-802c-4c07-8685-f3fef45729df req-0dc40f87-802c-4c07-8685-f3fef45729df ] Request (KeyPairsV210TestJSON:tearDownClass): 204 DELETE http://10.180.1.21/identity/v3/projects/16d3cea019cb4cd9bb4180f8ebc1c032 0.125s
2026-02-03 14:39:10.106 66543 INFO tempest.lib.common.rest_client [req-8632eeaf-11f3-4ae6-91f9-3c0cffd4613a req-8632eeaf-11f3-4ae6-91f9-3c0cffd4613a ] Request (ServicesAdminNegativeV253TestJSON:setUpClass): 201 POST http://10.180.1.21/identity/v3/auth/tokens 0.059s
2026-02-03 14:39:10.126 66539 INFO tempest.lib.common.rest_client [req-94451f57-28b4-4272-8dfe-ec7585a31a67 req-94451f57-28b4-4272-8dfe-ec7585a31a67 ] Request (ServerExternalEventsTest:setUpClass): 200 GET http://10.180.1.21/identity/v3/roles 0.126s
2026-02-03 14:39:10.135 66511 INFO tempest.lib.common.rest_client [req-69eb7c70-2398-49f6-83eb-21966a13603b req-69eb7c70-2398-49f6-83eb-21966a13603b ] Request (VolumesTestJSON:tearDownClass): 204 DELETE http://10.180.1.21/networking/v2.0/security-groups/e9795a50-2b43-4243-8939-51d1f81caa63 0.526s
2026-02-03 14:39:10.148 66543 INFO tempest.lib.common.rest_client [req-1b6c16eb-beac-44a4-b266-45ac0f432093 req-1b6c16eb-beac-44a4-b266-45ac0f432093 ] Request (ServicesAdminNegativeV253TestJSON:setUpClass): 201 POST http://10.180.1.21/identity/v3/auth/tokens 0.040s
2026-02-03 14:39:10.173 66539 INFO tempest.lib.common.rest_client [req-f881d8ae-f943-4abf-8c7a-252ca8442cb5 req-f881d8ae-f943-4abf-8c7a-252ca8442cb5 ] Request (ServerExternalEventsTest:setUpClass): 204 PUT http://10.180.1.21/identity/v3/projects/847357e8555841f9b21de1903df8d1cd/users/4f3d0fca024d4cf9b631e98b74fd4d9c/roles/db4c0fd532a6478f9ff69326e0b471e1 0.046s
2026-02-03 14:39:10.173 66539 INFO tempest.lib.common.dynamic_creds [-] Dynamic test user 4f3d0fca024d4cf9b631e98b74fd4d9c is created with scope project and roles: ['service', 'admin']
2026-02-03 14:39:10.173 66539 INFO tempest.lib.common.dynamic_creds [-] Acquired dynamic creds: credentials: Credentials: {'domain_id': 'default', 'domain_name': 'Default', 'username': 'tempest-ServerExternalEventsTest-259702617-project', 'project_domain_id': 'default', 'project_domain_name': 'Default', 'project_id': '847357e8555841f9b21de1903df8d1cd', 'project_name': 'tempest-ServerExternalEventsTest-259702617', 'tenant_id': '847357e8555841f9b21de1903df8d1cd', 'tenant_name': 'tempest-ServerExternalEventsTest-259702617', 'user_domain_id': 'default', 'user_domain_name': 'Default', 'user_id': '4f3d0fca024d4cf9b631e98b74fd4d9c', 'system': None}, Network: None, Subnet: None, Router: None
2026-02-03 14:39:10.173 66539 INFO tempest.lib.common.dynamic_creds [-] Created isolated network resources for: credentials: Credentials: {'domain_id': 'default', 'domain_name': 'Default', 'username': 'tempest-ServerExternalEventsTest-259702617-project', 'project_domain_id': 'default', 'project_domain_name': 'Default', 'project_id': '847357e8555841f9b21de1903df8d1cd', 'project_name': 'tempest-ServerExternalEventsTest-259702617', 'tenant_id': '847357e8555841f9b21de1903df8d1cd', 'tenant_name': 'tempest-ServerExternalEventsTest-259702617', 'user_domain_id': 'default', 'user_domain_name': 'Default', 'user_id': '4f3d0fca024d4cf9b631e98b74fd4d9c', 'system': None}, Network: None, Subnet: None, Router: None
2026-02-03 14:39:10.232 66511 INFO tempest.lib.common.rest_client [req-9a4bbd8c-a965-4303-a44f-53b1f29f01da req-9a4bbd8c-a965-4303-a44f-53b1f29f01da ] Request (VolumesTestJSON:tearDownClass): 204 DELETE http://10.180.1.21/identity/v3/projects/c44aa043e2fb4b70a0de2b7fd0262147 0.096s
2026-02-03 14:39:10.298 66495 INFO tempest.lib.common.rest_client [req-61617125-c1aa-4ff6-b5df-9e1f3b2621fb req-61617125-c1aa-4ff6-b5df-9e1f3b2621fb ] Request (ServersAdminTestJSON:test_create_server_with_scheduling_hint): 200 GET http://10.180.1.21/compute/v2.1/servers/f37353fc-a5c5-41db-9d2c-c1f286fe321b 3.521s
2026-02-03 14:39:10.302 66543 INFO tempest.lib.common.rest_client [req-617fc32b-d6bb-459b-8437-6151d5512833 req-617fc32b-d6bb-459b-8437-6151d5512833 ] Request (ServicesAdminNegativeV253TestJSON:setUpClass): 200 GET http://10.180.1.21/identity/v3/domains?name=Default 0.153s
2026-02-03 14:39:10.320 66539 INFO tempest.lib.common.rest_client [req-30c2aadb-d093-4e6d-b1c6-60122625ba36 req-30c2aadb-d093-4e6d-b1c6-60122625ba36 ] Request (ServerExternalEventsTest:setUpClass): 201 POST http://10.180.1.21/identity/v3/auth/tokens 0.142s
2026-02-03 14:39:10.328 66529 INFO tempest.lib.common.rest_client [req-38ed4daa-b5d4-47f5-8662-78a3e0e2a913 req-38ed4daa-b5d4-47f5-8662-78a3e0e2a913 ] Request (KeyPairsV22TestJSON:_run_cleanups): 204 DELETE http://10.180.1.21/compute/v2.1/os-keypairs/tempest-KeyPairsV22TestJSON-keypair-791826716 3.529s
2026-02-03 14:39:10.358 66543 INFO tempest.lib.common.rest_client [req-5eb0a24e-0fab-4dfb-a899-490ca3f90857 req-5eb0a24e-0fab-4dfb-a899-490ca3f90857 ] Request (ServicesAdminNegativeV253TestJSON:setUpClass): 201 POST http://10.180.1.21/identity/v3/projects 0.054s
2026-02-03 14:39:10.426 66539 INFO tempest.lib.common.rest_client [req-c2bf0392-3065-42ab-b92b-e48dbcec3461 req-c2bf0392-3065-42ab-b92b-e48dbcec3461 ] Request (ServerExternalEventsTest:test_create_server_external_events): 201 POST http://10.180.1.21/identity/v3/auth/tokens 0.093s
2026-02-03 14:39:10.427 66539 INFO tempest.lib.common.fixed_network [-] (ServerExternalEventsTest:test_create_server_external_events) Found network None available for tenant
2026-02-03 14:39:10.448 66543 INFO tempest.lib.common.rest_client [req-4d2a5c75-2f2e-4086-8d77-3f840ff625b2 req-4d2a5c75-2f2e-4086-8d77-3f840ff625b2 ] Request (ServicesAdminNegativeV253TestJSON:setUpClass): 201 POST http://10.180.1.21/identity/v3/users 0.090s
2026-02-03 14:39:10.484 66543 INFO tempest.lib.common.rest_client [req-700f3d32-6505-458a-be1a-8d707444d473 req-700f3d32-6505-458a-be1a-8d707444d473 ] Request (ServicesAdminNegativeV253TestJSON:setUpClass): 200 GET http://10.180.1.21/identity/v3/roles 0.036s
2026-02-03 14:39:10.486 66523 INFO tempest.lib.common.rest_client [req-ea56a544-a6ab-49e7-9f0b-0d57f5678359 req-ea56a544-a6ab-49e7-9f0b-0d57f5678359 ] Request (ServersTestBootFromVolume:setUpClass): 200 GET http://10.180.1.21/volume/v3/volumes/481a4b4d-4de6-4a50-99d1-a2ab7cbcc0dd 0.036s
2026-02-03 14:39:10.537 66543 INFO tempest.lib.common.rest_client [req-815b1498-4757-4295-bdcb-9a3605293dc3 req-815b1498-4757-4295-bdcb-9a3605293dc3 ] Request (ServicesAdminNegativeV253TestJSON:setUpClass): 204 PUT http://10.180.1.21/identity/v3/projects/49b70f19d81b4a7ab5efcdd68cafa68e/users/b0994cfde9964d1f94bcd61ee2989251/roles/12b6af12e70b4a87acb44bd64dbdbc45 0.052s
2026-02-03 14:39:10.537 66543 INFO tempest.lib.common.dynamic_creds [-] Dynamic test user b0994cfde9964d1f94bcd61ee2989251 is created with scope project and roles: ['member']
2026-02-03 14:39:10.537 66543 INFO tempest.lib.common.dynamic_creds [-] Acquired dynamic creds: credentials: Credentials: {'domain_id': 'default', 'domain_name': 'Default', 'username': 'tempest-ServicesAdminNegativeV253TestJSON-480259966-project-member', 'project_domain_id': 'default', 'project_domain_name': 'Default', 'project_id': '49b70f19d81b4a7ab5efcdd68cafa68e', 'project_name': 'tempest-ServicesAdminNegativeV253TestJSON-480259966', 'tenant_id': '49b70f19d81b4a7ab5efcdd68cafa68e', 'tenant_name': 'tempest-ServicesAdminNegativeV253TestJSON-480259966', 'user_domain_id': 'default', 'user_domain_name': 'Default', 'user_id': 'b0994cfde9964d1f94bcd61ee2989251', 'system': None}, Network: None, Subnet: None, Router: None
2026-02-03 14:39:10.537 66543 INFO tempest.lib.common.dynamic_creds [-] Created isolated network resources for: credentials: Credentials: {'domain_id': 'default', 'domain_name': 'Default', 'username': 'tempest-ServicesAdminNegativeV253TestJSON-480259966-project-member', 'project_domain_id': 'default', 'project_domain_name': 'Default', 'project_id': '49b70f19d81b4a7ab5efcdd68cafa68e', 'project_name': 'tempest-ServicesAdminNegativeV253TestJSON-480259966', 'tenant_id': '49b70f19d81b4a7ab5efcdd68cafa68e', 'tenant_name': 'tempest-ServicesAdminNegativeV253TestJSON-480259966', 'user_domain_id': 'default', 'user_domain_name': 'Default', 'user_id': 'b0994cfde9964d1f94bcd61ee2989251', 'system': None}, Network: None, Subnet: None, Router: None
2026-02-03 14:39:10.604 66499 INFO tempest.lib.common.rest_client [req-2e25597a-7ab3-4461-a471-23a0653c135f req-2e25597a-7ab3-4461-a471-23a0653c135f ] Request (ImagesNegativeTestJSON:tearDownClass): 204 DELETE http://10.180.1.21/networking/v2.0/networks/31194553-028e-4d05-9ab4-3398c78882fd 0.856s
2026-02-03 14:39:10.636 66543 INFO tempest.lib.common.rest_client [req-aef46b20-f0e9-4bcc-8424-c1a97f0063d3 req-aef46b20-f0e9-4bcc-8424-c1a97f0063d3 ] Request (ServicesAdminNegativeV253TestJSON:setUpClass): 201 POST http://10.180.1.21/identity/v3/auth/tokens 0.093s
2026-02-03 14:39:10.650 66503 INFO tempest.lib.common.rest_client [req-14530a3b-c7f4-4bc0-808c-b003a2123953 req-14530a3b-c7f4-4bc0-808c-b003a2123953 ] Request (FloatingIPsAssociationTestJSON:tearDownClass): 200 GET http://10.180.1.21/compute/v2.1/servers/caf7856c-4e51-4e6c-ad32-2088e15d5d8f 3.876s
2026-02-03 14:39:10.660 66517 INFO tempest.lib.common.rest_client [req-d67b344a-61e8-4407-ac16-c3e0fac0f6cb req-d67b344a-61e8-4407-ac16-c3e0fac0f6cb ] Request (AggregatesAdminNegativeTestJSON:test_aggregate_remove_host_as_user): 403 POST http://10.180.1.21/compute/v2.1/os-aggregates/7/action 3.689s
2026-02-03 14:39:10.678 66533 INFO tempest.lib.common.rest_client [req-40a12e2e-dc54-41ce-922f-77537c03c006 req-40a12e2e-dc54-41ce-922f-77537c03c006 ] Request (FlavorsAdminTestJSON:test_is_public_string_variations): 200 GET http://10.180.1.21/compute/v2.1/flavors/detail?is_public=no 3.673s
2026-02-03 14:39:10.715 66543 INFO tempest.lib.common.rest_client [req-f7947cf4-8c0d-491c-b8bc-7ec3a4167e88 req-f7947cf4-8c0d-491c-b8bc-7ec3a4167e88 ] Request (ServicesAdminNegativeV253TestJSON:setUpClass): 201 POST http://10.180.1.21/identity/v3/projects 0.078s
2026-02-03 14:39:10.777 66499 INFO tempest.lib.common.rest_client [req-2f602762-bd4e-4485-ac1b-0b69af558353 req-2f602762-bd4e-4485-ac1b-0b69af558353 ] Request (ImagesNegativeTestJSON:tearDownClass): 204 DELETE http://10.180.1.21/identity/v3/users/b91c4271953a42e38e61d9a9b6df447f 0.172s
2026-02-03 14:39:10.798 66543 INFO tempest.lib.common.rest_client [req-df6324de-f362-490c-9562-315e4bc3bd92 req-df6324de-f362-490c-9562-315e4bc3bd92 ] Request (ServicesAdminNegativeV253TestJSON:setUpClass): 201 POST http://10.180.1.21/identity/v3/users 0.083s
2026-02-03 14:39:10.883 66543 INFO tempest.lib.common.rest_client [req-51d28059-53c7-451d-93e0-14752832f95f req-51d28059-53c7-451d-93e0-14752832f95f ] Request (ServicesAdminNegativeV253TestJSON:setUpClass): 200 GET http://10.180.1.21/identity/v3/roles 0.084s
2026-02-03 14:39:10.924 66499 INFO tempest.lib.common.rest_client [req-64ad7653-48fa-4d77-88d3-0002d5c4fdfa req-64ad7653-48fa-4d77-88d3-0002d5c4fdfa ] Request (ImagesNegativeTestJSON:tearDownClass): 204 DELETE http://10.180.1.21/identity/v3/users/3016dafc21994a1db9b1ac8f70be7240 0.146s
2026-02-03 14:39:10.924 66499 INFO tempest.lib.common.dynamic_creds [-] Deleting project and security group for project: 80611f96bf484271ac3c324b95295982
2026-02-03 14:39:10.969 66543 INFO tempest.lib.common.rest_client [req-e95fb549-bb7c-4217-8f10-ccd1fc8e6e0b req-e95fb549-bb7c-4217-8f10-ccd1fc8e6e0b ] Request (ServicesAdminNegativeV253TestJSON:setUpClass): 204 PUT http://10.180.1.21/identity/v3/projects/7c35601144724c00a2fa208a7147faa5/users/d94f3ea132714c388381741994d69cc1/roles/db4c0fd532a6478f9ff69326e0b471e1 0.085s
2026-02-03 14:39:11.075 66535 INFO tempest.lib.common.rest_client [req-71930cc5-350b-45e7-b8b2-148ab13b4e6f req-71930cc5-350b-45e7-b8b2-148ab13b4e6f ] Request (ImagesOneServerTestJSON:setUpClass): 200 GET http://10.180.1.21/compute/v2.1/servers/e9f84a20-8def-4f36-92eb-8625364f7024 3.962s
2026-02-03 14:39:11.076 66543 INFO tempest.lib.common.rest_client [req-47798663-2799-4238-a3c7-fe07fe4b574b req-47798663-2799-4238-a3c7-fe07fe4b574b ] Request (ServicesAdminNegativeV253TestJSON:setUpClass): 200 GET http://10.180.1.21/identity/v3/roles 0.107s
2026-02-03 14:39:11.087 66535 INFO tempest.common.waiters [-] State transition "BUILD/scheduling" ==> "BUILD/None" after 5 second wait
2026-02-03 14:39:11.089 66499 INFO tempest.lib.common.rest_client [req-7ce55ffd-64be-4415-9907-3aa5dbf1d3bb req-7ce55ffd-64be-4415-9907-3aa5dbf1d3bb ] Request (ImagesNegativeTestJSON:tearDownClass): 200 GET http://10.180.1.21/networking/v2.0/security-groups?tenant_id=80611f96bf484271ac3c324b95295982&name=default 0.165s
2026-02-03 14:39:11.102 66543 INFO tempest.lib.common.rest_client [req-b194545a-f498-4e4b-83d0-ab4f62f5ce88 req-b194545a-f498-4e4b-83d0-ab4f62f5ce88 ] Request (ServicesAdminNegativeV253TestJSON:setUpClass): 204 PUT http://10.180.1.21/identity/v3/projects/7c35601144724c00a2fa208a7147faa5/users/d94f3ea132714c388381741994d69cc1/roles/db4c0fd532a6478f9ff69326e0b471e1 0.025s
2026-02-03 14:39:11.103 66543 INFO tempest.lib.common.dynamic_creds [-] Dynamic test user d94f3ea132714c388381741994d69cc1 is created with scope project and roles: ['admin']
2026-02-03 14:39:11.103 66543 INFO tempest.lib.common.dynamic_creds [-] Acquired dynamic creds: credentials: Credentials: {'domain_id': 'default', 'domain_name': 'Default', 'username': 'tempest-ServicesAdminNegativeV253TestJSON-1848722609-project-admin', 'project_domain_id': 'default', 'project_domain_name': 'Default', 'project_id': '7c35601144724c00a2fa208a7147faa5', 'project_name': 'tempest-ServicesAdminNegativeV253TestJSON-1848722609', 'tenant_id': '7c35601144724c00a2fa208a7147faa5', 'tenant_name': 'tempest-ServicesAdminNegativeV253TestJSON-1848722609', 'user_domain_id': 'default', 'user_domain_name': 'Default', 'user_id': 'd94f3ea132714c388381741994d69cc1', 'system': None}, Network: None, Subnet: None, Router: None
2026-02-03 14:39:11.103 66543 INFO tempest.lib.common.dynamic_creds [-] Created isolated network resources for: credentials: Credentials: {'domain_id': 'default', 'domain_name': 'Default', 'username': 'tempest-ServicesAdminNegativeV253TestJSON-1848722609-project-admin', 'project_domain_id': 'default', 'project_domain_name': 'Default', 'project_id': '7c35601144724c00a2fa208a7147faa5', 'project_name': 'tempest-ServicesAdminNegativeV253TestJSON-1848722609', 'tenant_id': '7c35601144724c00a2fa208a7147faa5', 'tenant_name': 'tempest-ServicesAdminNegativeV253TestJSON-1848722609', 'user_domain_id': 'default', 'user_domain_name': 'Default', 'user_id': 'd94f3ea132714c388381741994d69cc1', 'system': None}, Network: None, Subnet: None, Router: None
2026-02-03 14:39:11.196 66543 INFO tempest.lib.common.rest_client [req-a034a42d-d9bb-40b1-96db-d95f8ca2b176 req-a034a42d-d9bb-40b1-96db-d95f8ca2b176 ] Request (ServicesAdminNegativeV253TestJSON:setUpClass): 201 POST http://10.180.1.21/identity/v3/auth/tokens 0.087s
2026-02-03 14:39:11.234 66519 INFO tempest.lib.common.rest_client [req-c8a89ca5-ca1e-4729-bbf2-be35928132e5 req-c8a89ca5-ca1e-4729-bbf2-be35928132e5 ] Request (SecurityGroupRulesTestJSON:test_security_group_rules_list): 200 POST http://10.180.1.21/compute/v2.1/os-security-groups 3.992s
2026-02-03 14:39:11.248 66543 INFO tempest.lib.common.rest_client [req-250eda81-c1d3-4a2b-98de-a9075f72d581 req-250eda81-c1d3-4a2b-98de-a9075f72d581 ] Request (ServicesAdminNegativeV253TestJSON:setUpClass): 200 GET http://10.180.1.21/identity/v3/projects/49b70f19d81b4a7ab5efcdd68cafa68e 0.052s
2026-02-03 14:39:11.248 66543 INFO tempest.lib.common.dynamic_creds [-] Using the existing project 49b70f19d81b4a7ab5efcdd68cafa68e for scope project and roles: ['reader']
2026-02-03 14:39:11.275 66525 INFO tempest.lib.common.rest_client [req-c498e74d-1616-42d1-a24a-9de843c70b09 req-c498e74d-1616-42d1-a24a-9de843c70b09 ] Request (ListImageFiltersTestJSON:setUpClass): 200 GET http://10.180.1.21/compute/v2.1/images/c9537f5c-34cd-4e43-b09a-0096e803723d 3.961s
2026-02-03 14:39:11.283 66543 INFO tempest.lib.common.rest_client [req-0044d852-0d9e-4c4b-afb2-5dec4ce51985 req-0044d852-0d9e-4c4b-afb2-5dec4ce51985 ] Request (ServicesAdminNegativeV253TestJSON:setUpClass): 201 POST http://10.180.1.21/identity/v3/users 0.034s
2026-02-03 14:39:11.308 66543 INFO tempest.lib.common.rest_client [req-7bc53c7d-26fb-466b-b7dc-53405d5464a8 req-7bc53c7d-26fb-466b-b7dc-53405d5464a8 ] Request (ServicesAdminNegativeV253TestJSON:setUpClass): 200 GET http://10.180.1.21/identity/v3/roles 0.024s
2026-02-03 14:39:11.347 66543 INFO tempest.lib.common.rest_client [req-28a80b83-85e3-4366-99bc-bbce63c98ef7 req-28a80b83-85e3-4366-99bc-bbce63c98ef7 ] Request (ServicesAdminNegativeV253TestJSON:setUpClass): 204 PUT http://10.180.1.21/identity/v3/projects/49b70f19d81b4a7ab5efcdd68cafa68e/users/e3b5f0abd6794609b7efa888e2aba8f0/roles/c13ecd211dc74f16bf5df98fae5011f1 0.039s
2026-02-03 14:39:11.348 66543 INFO tempest.lib.common.dynamic_creds [-] Dynamic test user e3b5f0abd6794609b7efa888e2aba8f0 is created with scope project and roles: ['reader']
2026-02-03 14:39:11.348 66543 INFO tempest.lib.common.dynamic_creds [-] Acquired dynamic creds: credentials: Credentials: {'domain_id': 'default', 'domain_name': 'Default', 'username': 'tempest-ServicesAdminNegativeV253TestJSON-480259966-project-reader', 'project_domain_id': 'default', 'project_domain_name': 'Default', 'project_id': '49b70f19d81b4a7ab5efcdd68cafa68e', 'project_name': 'tempest-ServicesAdminNegativeV253TestJSON-480259966', 'tenant_id': '49b70f19d81b4a7ab5efcdd68cafa68e', 'tenant_name': 'tempest-ServicesAdminNegativeV253TestJSON-480259966', 'user_domain_id': 'default', 'user_domain_name': 'Default', 'user_id': 'e3b5f0abd6794609b7efa888e2aba8f0', 'system': None}, Network: None, Subnet: None, Router: None
2026-02-03 14:39:11.348 66543 INFO tempest.lib.common.dynamic_creds [-] Network resources are not created for requested scope: project and credentials: Credentials: {'domain_id': 'default', 'domain_name': 'Default', 'username': 'tempest-ServicesAdminNegativeV253TestJSON-480259966-project-reader', 'project_domain_id': 'default', 'project_domain_name': 'Default', 'project_id': '49b70f19d81b4a7ab5efcdd68cafa68e', 'project_name': 'tempest-ServicesAdminNegativeV253TestJSON-480259966', 'tenant_id': '49b70f19d81b4a7ab5efcdd68cafa68e', 'tenant_name': 'tempest-ServicesAdminNegativeV253TestJSON-480259966', 'user_domain_id': 'default', 'user_domain_name': 'Default', 'user_id': 'e3b5f0abd6794609b7efa888e2aba8f0', 'system': None}, Network: None, Subnet: None, Router: None
2026-02-03 14:39:11.353 66499 INFO tempest.lib.common.rest_client [req-353b7b46-91a8-4c23-adcc-6ed6141fb979 req-353b7b46-91a8-4c23-adcc-6ed6141fb979 ] Request (ImagesNegativeTestJSON:tearDownClass): 204 DELETE http://10.180.1.21/networking/v2.0/security-groups/6a5b9e81-df22-4b7d-986e-fd8d4485f16d 0.264s
2026-02-03 14:39:11.401 66509 INFO tempest.lib.common.rest_client [req-029fee07-2721-401f-a367-b4d677b374df req-029fee07-2721-401f-a367-b4d677b374df ] Request (ServerActionsV293TestJSON:setUpClass): 201 POST http://10.180.1.21/networking/v2.0/routers 1.411s
2026-02-03 14:39:11.425 66543 INFO tempest.lib.common.rest_client [req-ca8034a5-4974-48c3-913a-cd734cf94e5d req-ca8034a5-4974-48c3-913a-cd734cf94e5d ] Request (ServicesAdminNegativeV253TestJSON:setUpClass): 201 POST http://10.180.1.21/identity/v3/auth/tokens 0.073s
2026-02-03 14:39:11.452 66499 INFO tempest.lib.common.rest_client [req-d1c9bdf9-69a4-42dd-86c5-e127b2e5017f req-d1c9bdf9-69a4-42dd-86c5-e127b2e5017f ] Request (ImagesNegativeTestJSON:tearDownClass): 204 DELETE http://10.180.1.21/identity/v3/projects/80611f96bf484271ac3c324b95295982 0.098s
2026-02-03 14:39:11.514 66499 INFO tempest.lib.common.rest_client [req-098762b9-c4e2-449c-b6d6-359ec4c9bf08 req-098762b9-c4e2-449c-b6d6-359ec4c9bf08 ] Request (ListServerFiltersTestJSON:setUpClass): 201 POST http://10.180.1.21/identity/v3/auth/tokens 0.060s
2026-02-03 14:39:11.535 66523 INFO tempest.lib.common.rest_client [req-225bc95e-fd96-4c3a-a455-eccf5f53d2a2 req-225bc95e-fd96-4c3a-a455-eccf5f53d2a2 ] Request (ServersTestBootFromVolume:setUpClass): 200 GET http://10.180.1.21/volume/v3/volumes/481a4b4d-4de6-4a50-99d1-a2ab7cbcc0dd 0.036s
2026-02-03 14:39:11.549 66499 INFO tempest.lib.common.rest_client [req-daf7177a-5295-48d8-b399-6d8f1346e049 req-daf7177a-5295-48d8-b399-6d8f1346e049 ] Request (ListServerFiltersTestJSON:setUpClass): 201 POST http://10.180.1.21/identity/v3/auth/tokens 0.032s
2026-02-03 14:39:11.577 66499 INFO tempest.lib.common.rest_client [req-29f137f9-569a-439d-bd51-41ad85391345 req-29f137f9-569a-439d-bd51-41ad85391345 ] Request (ListServerFiltersTestJSON:setUpClass): 200 GET http://10.180.1.21/identity/v3/domains?name=Default 0.028s
2026-02-03 14:39:11.621 66499 INFO tempest.lib.common.rest_client [req-cdc34245-7c62-47d4-aa52-feb3e44b5bb2 req-cdc34245-7c62-47d4-aa52-feb3e44b5bb2 ] Request (ListServerFiltersTestJSON:setUpClass): 201 POST http://10.180.1.21/identity/v3/projects 0.043s
2026-02-03 14:39:11.642 66547 INFO tempest.lib.common.rest_client [req-80ae7f68-4968-457e-8db2-36dcd852a8b2 req-80ae7f68-4968-457e-8db2-36dcd852a8b2 ] Request (FloatingIPsTestJSON:_run_cleanups): 202 DELETE http://10.180.1.21/compute/v2.1/os-floating-ips/bef5520c-fb30-49da-bbc2-8fc4ba5513d0 4.821s
2026-02-03 14:39:11.681 66493 INFO tempest.lib.common.rest_client [req-d6d64e16-849c-4deb-b251-7d8b86ede1c7 req-d6d64e16-849c-4deb-b251-7d8b86ede1c7 ] Request (MigrationsAdminTest:test_list_migrations_in_flavor_resize_situation): 200 GET http://10.180.1.21/compute/v2.1/servers/6f6c4cda-9439-47dd-810c-25b0516585e6 4.006s
2026-02-03 14:39:11.697 66499 INFO tempest.lib.common.rest_client [req-ae19c6c1-17db-4318-b3f4-63814dfa2c2d req-ae19c6c1-17db-4318-b3f4-63814dfa2c2d ] Request (ListServerFiltersTestJSON:setUpClass): 201 POST http://10.180.1.21/identity/v3/users 0.076s
2026-02-03 14:39:11.702 66501 INFO tempest.lib.common.rest_client [req-edd254ca-f7e5-4486-a0b5-b7a4764f8663 req-edd254ca-f7e5-4486-a0b5-b7a4764f8663 ] Request (FloatingIPsAssociationNegativeTestJSON:tearDownClass): 200 GET http://10.180.1.21/compute/v2.1/servers/eb076624-c76c-47da-9320-5fc13a51b365 3.910s
2026-02-03 14:39:11.706 66521 INFO tempest.lib.common.rest_client [req-59c0ad0e-831f-4e94-b6f4-a5670de21a96 req-59c0ad0e-831f-4e94-b6f4-a5670de21a96 ] Request (InstanceActionsV221TestJSON:tearDownClass): 404 GET http://10.180.1.21/compute/v2.1/servers/b5a974d7-e117-4b99-9b0c-f9c8a7cfec4f 3.463s
2026-02-03 14:39:11.723 66499 INFO tempest.lib.common.rest_client [req-90eb98cc-d298-4d61-b39a-26d3268513db req-90eb98cc-d298-4d61-b39a-26d3268513db ] Request (ListServerFiltersTestJSON:setUpClass): 200 GET http://10.180.1.21/identity/v3/roles 0.025s
2026-02-03 14:39:11.747 66527 INFO tempest.lib.common.rest_client [req-27a49066-1a4f-4181-86bb-bac69ad12a8b req-27a49066-1a4f-4181-86bb-bac69ad12a8b ] Request (ImagesOneServerNegativeTestJSON:_run_cleanups): 200 POST http://10.180.1.21/compute/v2.1/os-keypairs 3.477s
2026-02-03 14:39:11.771 66499 INFO tempest.lib.common.rest_client [req-aed2b24e-79b6-45a1-b1ae-c7523cb77676 req-aed2b24e-79b6-45a1-b1ae-c7523cb77676 ] Request (ListServerFiltersTestJSON:setUpClass): 204 PUT http://10.180.1.21/identity/v3/projects/559841402a03481fa2bd3e1ed3695057/users/5d96f9050e814a9baccec027caeea2df/roles/12b6af12e70b4a87acb44bd64dbdbc45 0.047s
2026-02-03 14:39:11.772 66499 INFO tempest.lib.common.dynamic_creds [-] Dynamic test user 5d96f9050e814a9baccec027caeea2df is created with scope project and roles: ['member']
2026-02-03 14:39:11.772 66499 INFO tempest.lib.common.dynamic_creds [-] Acquired dynamic creds: credentials: Credentials: {'domain_id': 'default', 'domain_name': 'Default', 'username': 'tempest-ListServerFiltersTestJSON-1638126877-project-member', 'project_domain_id': 'default', 'project_domain_name': 'Default', 'project_id': '559841402a03481fa2bd3e1ed3695057', 'project_name': 'tempest-ListServerFiltersTestJSON-1638126877', 'tenant_id': '559841402a03481fa2bd3e1ed3695057', 'tenant_name': 'tempest-ListServerFiltersTestJSON-1638126877', 'user_domain_id': 'default', 'user_domain_name': 'Default', 'user_id': '5d96f9050e814a9baccec027caeea2df', 'system': None}, Network: None, Subnet: None, Router: None
2026-02-03 14:39:11.844 66499 INFO tempest.lib.common.rest_client [req-239ca7ed-cdd4-456a-af23-2d4af0376b19 req-239ca7ed-cdd4-456a-af23-2d4af0376b19 ] Request (ListServerFiltersTestJSON:setUpClass): 201 POST http://10.180.1.21/identity/v3/auth/tokens 0.072s
2026-02-03 14:39:12.243 66541 WARNING tempest.lib.common.ssh [-] Failed to establish authenticated ssh connection to cirros@10.180.180.169 ([Errno None] Unable to connect to port 22 on 10.180.180.169). Number attempts: 8. Retry after 9 seconds.: paramiko.ssh_exception.NoValidConnectionsError: [Errno None] Unable to connect to port 22 on 10.180.180.169
2026-02-03 14:39:12.307 66509 INFO tempest.lib.common.rest_client [req-f9a72dfa-790e-4967-bcc1-898ada49dd2f req-f9a72dfa-790e-4967-bcc1-898ada49dd2f ] Request (ServerActionsV293TestJSON:setUpClass): 200 PUT http://10.180.1.21/networking/v2.0/routers/a28d1688-097b-4a96-958d-320b9a58af40/add_router_interface 0.905s
2026-02-03 14:39:12.308 66497 WARNING tempest.lib.common.ssh [-] Failed to establish authenticated ssh connection to cirros@10.180.180.130 ([Errno None] Unable to connect to port 22 on 10.180.180.130). Number attempts: 1. Retry after 2 seconds.: paramiko.ssh_exception.NoValidConnectionsError: [Errno None] Unable to connect to port 22 on 10.180.180.130
2026-02-03 14:39:12.308 66509 INFO tempest.lib.common.dynamic_creds [-] Created isolated network resources for: credentials: Credentials: {'domain_id': 'default', 'domain_name': 'Default', 'username': 'tempest-ServerActionsV293TestJSON-1885426227-project-member', 'project_domain_id': 'default', 'project_domain_name': 'Default', 'project_id': '11b81ad1632f44cdb447c30fe46912d5', 'project_name': 'tempest-ServerActionsV293TestJSON-1885426227', 'tenant_id': '11b81ad1632f44cdb447c30fe46912d5', 'tenant_name': 'tempest-ServerActionsV293TestJSON-1885426227', 'user_domain_id': 'default', 'user_domain_name': 'Default', 'user_id': 'd3e7f2a2d48e456f813e4822821771ca', 'system': None}, Network: {'id': '0e67240c-adce-4d66-9536-00c94c607b57', 'name': 'tempest-ServerActionsV293TestJSON-32457762-network', 'tenant_id': '11b81ad1632f44cdb447c30fe46912d5', 'project_id': '11b81ad1632f44cdb447c30fe46912d5', 'admin_state_up': True, 'mtu': 8950, 'status': 'ACTIVE', 'subnets': [], 'shared': False, 'port_security_enabled': True, 'router:external': False, 'provider:network_type': 'vlan', 'provider:physical_network': 'default', 'provider:segmentation_id': 991, 'is_default': False, 'availability_zone_hints': [], 'availability_zones': [], 'ipv4_address_scope': None, 'ipv6_address_scope': None, 'description': '', 'tags': [], 'created_at': '2026-02-03T14:39:09Z', 'updated_at': '2026-02-03T14:39:09Z', 'revision_number': 1}, Subnet: {'id': 'c164e5f4-97ad-4f2d-a1ba-65d59b4f193a', 'name': 'tempest-ServerActionsV293TestJSON-32457762-subnet', 'tenant_id': '11b81ad1632f44cdb447c30fe46912d5', 'network_id': '0e67240c-adce-4d66-9536-00c94c607b57', 'ip_version': 4, 'subnetpool_id': None, 'enable_dhcp': True, 'ipv6_ra_mode': None, 'ipv6_address_mode': None, 'gateway_ip': '192.168.128.1', 'cidr': '192.168.128.0/28', 'allocation_pools': [{'start': '192.168.128.2', 'end': '192.168.128.14'}], 'host_routes': [], 'dns_nameservers': [], 'description': '', 'router:external': False, 'service_types': [], 'tags': [], 'created_at': '2026-02-03T14:39:09Z', 'updated_at': '2026-02-03T14:39:09Z', 'revision_number': 0, 'project_id': '11b81ad1632f44cdb447c30fe46912d5'}, Router: {'id': 'a28d1688-097b-4a96-958d-320b9a58af40', 'name': 'tempest-ServerActionsV293TestJSON-32457762-router', 'tenant_id': '11b81ad1632f44cdb447c30fe46912d5', 'admin_state_up': True, 'status': 'ACTIVE', 'external_gateway_info': {'network_id': '6b91c2e0-2d07-4f95-8a39-bb84580e5fa2', 'external_fixed_ips': [{'subnet_id': '9d2ae309-0ca6-4315-984a-9ec9c720f3ed', 'ip_address': '10.180.180.241'}], 'enable_snat': True}, 'description': '', 'availability_zones': [], 'distributed': False, 'ha': False, 'availability_zone_hints': [], 'routes': [], 'flavor_id': None, 'tags': [], 'created_at': '2026-02-03T14:39:10Z', 'updated_at': '2026-02-03T14:39:11Z', 'revision_number': 2, 'project_id': '11b81ad1632f44cdb447c30fe46912d5'}
2026-02-03 14:39:12.391 66509 INFO tempest.lib.common.rest_client [req-5199b3ca-2110-447f-8de8-c035645862e8 req-5199b3ca-2110-447f-8de8-c035645862e8 ] Request (ServerActionsV293TestJSON:setUpClass): 201 POST http://10.180.1.21/identity/v3/auth/tokens 0.080s
2026-02-03 14:39:12.408 66527 INFO tempest.lib.common.rest_client [req-d9c4dad6-4302-4e43-b990-da7e29e83562 req-d9c4dad6-4302-4e43-b990-da7e29e83562 ] Request (ImagesOneServerNegativeTestJSON:_run_cleanups): 201 POST http://10.180.1.21/networking/v2.0/security-groups 0.659s
2026-02-03 14:39:12.422 66509 INFO tempest.lib.common.rest_client [req-ea02f768-bf16-403a-8b80-45173de9033d req-ea02f768-bf16-403a-8b80-45173de9033d ] Request (ServerActionsV293TestJSON:setUpClass): 200 GET http://10.180.1.21/identity/v3/projects/11b81ad1632f44cdb447c30fe46912d5 0.030s
2026-02-03 14:39:12.422 66509 INFO tempest.lib.common.dynamic_creds [-] Using the existing project 11b81ad1632f44cdb447c30fe46912d5 for scope project and roles: ['reader']
2026-02-03 14:39:12.431 66513 INFO paramiko.transport [-] Connected (version 2.0, client dropbear_2020.81)
2026-02-03 14:39:12.440 66507 INFO tempest.lib.common.rest_client [req-08bd5cfa-6e58-4432-9441-0d170c10c9a3 req-08bd5cfa-6e58-4432-9441-0d170c10c9a3 ] Request (ServersV294TestFqdnHostnames:setUpClass): 200 GET http://10.180.1.21/compute/v2.1/servers/fbf21f21-d370-4a6a-ae24-0e6840464e24 3.765s
2026-02-03 14:39:12.459 66507 INFO tempest.common.waiters [-] State transition "BUILD/None" ==> "BUILD/networking" after 12 second wait
2026-02-03 14:39:12.461 66509 INFO tempest.lib.common.rest_client [req-546c2e56-466b-4c13-ac87-ba9af10a2395 req-546c2e56-466b-4c13-ac87-ba9af10a2395 ] Request (ServerActionsV293TestJSON:setUpClass): 201 POST http://10.180.1.21/identity/v3/users 0.039s
2026-02-03 14:39:12.464 66550 INFO tempest.lib.common.rest_client [req-f78dab99-6043-46bd-a45c-3669291e5410 req-f78dab99-6043-46bd-a45c-3669291e5410 ] Request (ServersListShow296Test:test_list_show_update_rebuild_server_296): 200 GET http://10.180.1.21/compute/v2.1/servers/4c0f39b0-e3b5-4cdf-81ea-e1bf02f8e4b3 3.232s
2026-02-03 14:39:12.480 66550 INFO tempest.common.waiters [-] State transition "REBUILD/rebuild_spawning" ==> "ACTIVE/None" after 12 second wait
2026-02-03 14:39:12.496 66554 INFO tempest.lib.common.rest_client [req-c318ce26-07e7-4810-b8c1-ccd83c49954a req-c318ce26-07e7-4810-b8c1-ccd83c49954a ] Request (InstanceActionsTestJSON:tearDownClass): 404 GET http://10.180.1.21/compute/v2.1/servers/4821048b-4b5a-40b5-8888-f00dd28425d1 2.446s
2026-02-03 14:39:12.500 66509 INFO tempest.lib.common.rest_client [req-d6d13ca4-73f0-4990-9eb3-7a012db5b980 req-d6d13ca4-73f0-4990-9eb3-7a012db5b980 ] Request (ServerActionsV293TestJSON:setUpClass): 200 GET http://10.180.1.21/identity/v3/roles 0.038s
2026-02-03 14:39:12.500 66521 INFO tempest.lib.common.rest_client [req-59cf1f1b-290c-489d-a0c8-c91039ce40de req-59cf1f1b-290c-489d-a0c8-c91039ce40de ] Request (InstanceActionsV221TestJSON:tearDownClass): 200 PUT http://10.180.1.21/networking/v2.0/routers/22ceb5ee-c1c9-4048-a27c-e27a59e29775/remove_router_interface 0.793s
2026-02-03 14:39:12.539 66529 INFO tempest.lib.common.rest_client [req-6f126b91-a9eb-4983-9bf3-c90288ea28c4 req-6f126b91-a9eb-4983-9bf3-c90288ea28c4 ] Request (KeyPairsV22TestJSON:_run_cleanups): 204 DELETE http://10.180.1.21/compute/v2.1/os-keypairs/tempest-KeyPairsV22TestJSON-keypair-1016364403 2.209s
2026-02-03 14:39:12.540 66513 INFO paramiko.transport [-] Authentication (publickey) successful!
2026-02-03 14:39:12.541 66513 INFO tempest.lib.common.ssh [-] ssh connection to cirros@10.180.180.154 successfully created
2026-02-03 14:39:12.555 66509 INFO tempest.lib.common.rest_client [req-e012b846-6eaf-48bf-a431-109a25dc2151 req-e012b846-6eaf-48bf-a431-109a25dc2151 ] Request (ServerActionsV293TestJSON:setUpClass): 204 PUT http://10.180.1.21/identity/v3/projects/11b81ad1632f44cdb447c30fe46912d5/users/dcbc791169c247c68457d72c233fa955/roles/c13ecd211dc74f16bf5df98fae5011f1 0.054s
2026-02-03 14:39:12.555 66509 INFO tempest.lib.common.dynamic_creds [-] Dynamic test user dcbc791169c247c68457d72c233fa955 is created with scope project and roles: ['reader']
2026-02-03 14:39:12.556 66509 INFO tempest.lib.common.dynamic_creds [-] Acquired dynamic creds: credentials: Credentials: {'domain_id': 'default', 'domain_name': 'Default', 'username': 'tempest-ServerActionsV293TestJSON-1885426227-project-reader', 'project_domain_id': 'default', 'project_domain_name': 'Default', 'project_id': '11b81ad1632f44cdb447c30fe46912d5', 'project_name': 'tempest-ServerActionsV293TestJSON-1885426227', 'tenant_id': '11b81ad1632f44cdb447c30fe46912d5', 'tenant_name': 'tempest-ServerActionsV293TestJSON-1885426227', 'user_domain_id': 'default', 'user_domain_name': 'Default', 'user_id': 'dcbc791169c247c68457d72c233fa955', 'system': None}, Network: None, Subnet: None, Router: None
2026-02-03 14:39:12.556 66509 INFO tempest.lib.common.dynamic_creds [-] Network resources are not created for requested scope: project and credentials: Credentials: {'domain_id': 'default', 'domain_name': 'Default', 'username': 'tempest-ServerActionsV293TestJSON-1885426227-project-reader', 'project_domain_id': 'default', 'project_domain_name': 'Default', 'project_id': '11b81ad1632f44cdb447c30fe46912d5', 'project_name': 'tempest-ServerActionsV293TestJSON-1885426227', 'tenant_id': '11b81ad1632f44cdb447c30fe46912d5', 'tenant_name': 'tempest-ServerActionsV293TestJSON-1885426227', 'user_domain_id': 'default', 'user_domain_name': 'Default', 'user_id': 'dcbc791169c247c68457d72c233fa955', 'system': None}, Network: None, Subnet: None, Router: None
2026-02-03 14:39:12.580 66523 INFO tempest.lib.common.rest_client [req-8f43b778-db62-4443-945b-3fb2046926d4 req-8f43b778-db62-4443-945b-3fb2046926d4 ] Request (ServersTestBootFromVolume:setUpClass): 200 GET http://10.180.1.21/volume/v3/volumes/481a4b4d-4de6-4a50-99d1-a2ab7cbcc0dd 0.037s
2026-02-03 14:39:12.642 66505 WARNING tempest.lib.common.ssh [-] Failed to establish authenticated ssh connection to cirros@10.180.180.254 ([Errno None] Unable to connect to port 22 on 10.180.180.254). Number attempts: 1. Retry after 2 seconds.: paramiko.ssh_exception.NoValidConnectionsError: [Errno None] Unable to connect to port 22 on 10.180.180.254
2026-02-03 14:39:12.657 66509 INFO tempest.lib.common.rest_client [req-dda3798c-0467-4742-96fb-244dd04fafd4 req-dda3798c-0467-4742-96fb-244dd04fafd4 ] Request (ServerActionsV293TestJSON:setUpClass): 201 POST http://10.180.1.21/identity/v3/auth/tokens 0.096s
2026-02-03 14:39:12.733 66527 INFO tempest.lib.common.rest_client [req-45bea27b-31c6-4949-9bfa-10be52826a99 req-45bea27b-31c6-4949-9bfa-10be52826a99 ] Request (ImagesOneServerNegativeTestJSON:_run_cleanups): 201 POST http://10.180.1.21/networking/v2.0/security-group-rules 0.324s
2026-02-03 14:39:12.797 66491 INFO tempest.lib.common.rest_client [req-812e4561-4d53-4ca3-9e0c-b8e1f7208740 req-812e4561-4d53-4ca3-9e0c-b8e1f7208740 ] Request (ServersWithSpecificFlavorTestJSON:test_verify_created_server_ephemeral_disk): 200 GET http://10.180.1.21/compute/v2.1/servers/ef569806-5f50-44b9-a4a9-0107328a8dfe 2.984s
2026-02-03 14:39:12.819 66499 INFO tempest.lib.common.rest_client [req-b5f6e77e-d206-4d90-a646-8ef9e7048120 req-b5f6e77e-d206-4d90-a646-8ef9e7048120 ] Request (ListServerFiltersTestJSON:setUpClass): 201 POST http://10.180.1.21/networking/v2.0/networks 0.974s
2026-02-03 14:39:13.139 66551 WARNING tempest.lib.common.ssh [-] Failed to establish authenticated ssh connection to cirros@10.180.180.155 ([Errno None] Unable to connect to port 22 on 10.180.180.155). Number attempts: 4. Retry after 5 seconds.: paramiko.ssh_exception.NoValidConnectionsError: [Errno None] Unable to connect to port 22 on 10.180.180.155
2026-02-03 14:39:13.296 66521 INFO tempest.lib.common.rest_client [req-3cccecba-97e6-494e-9f02-5eed7e8cccd8 req-3cccecba-97e6-494e-9f02-5eed7e8cccd8 ] Request (InstanceActionsV221TestJSON:tearDownClass): 204 DELETE http://10.180.1.21/networking/v2.0/routers/22ceb5ee-c1c9-4048-a27c-e27a59e29775 0.794s
2026-02-03 14:39:13.496 66527 INFO tempest.lib.common.rest_client [req-5b805a8e-79d8-4b8e-a85a-f5655545def9 req-5b805a8e-79d8-4b8e-a85a-f5655545def9 ] Request (ImagesOneServerNegativeTestJSON:_run_cleanups): 201 POST http://10.180.1.21/networking/v2.0/security-group-rules 0.762s
2026-02-03 14:39:13.607 66554 INFO tempest.lib.common.rest_client [req-1e85175c-5259-4920-ad26-de33ac029e91 req-1e85175c-5259-4920-ad26-de33ac029e91 ] Request (InstanceActionsTestJSON:tearDownClass): 200 PUT http://10.180.1.21/networking/v2.0/routers/9e5c5ce1-a822-4783-9752-09395d89a192/remove_router_interface 1.110s
2026-02-03 14:39:13.636 66523 INFO tempest.lib.common.rest_client [req-16c2518d-6b26-40ab-9568-9f7c44a7c503 req-16c2518d-6b26-40ab-9568-9f7c44a7c503 ] Request (ServersTestBootFromVolume:setUpClass): 200 GET http://10.180.1.21/volume/v3/volumes/481a4b4d-4de6-4a50-99d1-a2ab7cbcc0dd 0.043s
2026-02-03 14:39:13.649 66515 INFO tempest.lib.common.rest_client [req-8d56a15f-c13a-4fa1-864d-b432b0dbaab5 req-8d56a15f-c13a-4fa1-864d-b432b0dbaab5 ] Request (DeleteServersTestJSON:test_delete_server_while_in_attached_volume): 200 GET http://10.180.1.21/compute/v2.1/servers/28200981-9217-4395-b0a8-c154624c7a1c 3.004s
2026-02-03 14:39:13.730 66499 INFO tempest.lib.common.rest_client [req-6ca77b1e-31f9-476d-8fb6-6485185145ca req-6ca77b1e-31f9-476d-8fb6-6485185145ca ] Request (ListServerFiltersTestJSON:setUpClass): 201 POST http://10.180.1.21/networking/v2.0/subnets 0.910s
2026-02-03 14:39:13.731 66499 INFO tempest.lib.common.dynamic_creds [-] Created isolated network resources for: credentials: Credentials: {'domain_id': 'default', 'domain_name': 'Default', 'username': 'tempest-ListServerFiltersTestJSON-1638126877-project-member', 'project_domain_id': 'default', 'project_domain_name': 'Default', 'project_id': '559841402a03481fa2bd3e1ed3695057', 'project_name': 'tempest-ListServerFiltersTestJSON-1638126877', 'tenant_id': '559841402a03481fa2bd3e1ed3695057', 'tenant_name': 'tempest-ListServerFiltersTestJSON-1638126877', 'user_domain_id': 'default', 'user_domain_name': 'Default', 'user_id': '5d96f9050e814a9baccec027caeea2df', 'system': None}, Network: {'id': '12373e50-6daa-49d7-8e20-f41a910e7fe2', 'name': 'tempest-ListServerFiltersTestJSON-1325386954-network', 'tenant_id': '559841402a03481fa2bd3e1ed3695057', 'project_id': '559841402a03481fa2bd3e1ed3695057', 'admin_state_up': True, 'mtu': 8950, 'status': 'ACTIVE', 'subnets': [], 'shared': False, 'port_security_enabled': True, 'router:external': False, 'provider:network_type': 'vlan', 'provider:physical_network': 'default', 'provider:segmentation_id': 699, 'is_default': False, 'availability_zone_hints': [], 'availability_zones': [], 'ipv4_address_scope': None, 'ipv6_address_scope': None, 'description': '', 'tags': [], 'created_at': '2026-02-03T14:39:12Z', 'updated_at': '2026-02-03T14:39:12Z', 'revision_number': 1}, Subnet: {'id': '3bd084f3-31da-4c11-9516-40178788bc57', 'name': 'tempest-ListServerFiltersTestJSON-1325386954-subnet', 'tenant_id': '559841402a03481fa2bd3e1ed3695057', 'network_id': '12373e50-6daa-49d7-8e20-f41a910e7fe2', 'ip_version': 4, 'subnetpool_id': None, 'enable_dhcp': True, 'ipv6_ra_mode': None, 'ipv6_address_mode': None, 'gateway_ip': '192.168.128.1', 'cidr': '192.168.128.0/28', 'allocation_pools': [{'start': '192.168.128.2', 'end': '192.168.128.14'}], 'host_routes': [], 'dns_nameservers': [], 'description': '', 'router:external': False, 'service_types': [], 'tags': [], 'created_at': '2026-02-03T14:39:13Z', 'updated_at': '2026-02-03T14:39:13Z', 'revision_number': 0, 'project_id': '559841402a03481fa2bd3e1ed3695057'}, Router: None
2026-02-03 14:39:13.862 66521 INFO tempest.lib.common.rest_client [req-5a12c350-1dd7-4766-beba-e049cbca0475 req-5a12c350-1dd7-4766-beba-e049cbca0475 ] Request (InstanceActionsV221TestJSON:tearDownClass): 204 DELETE http://10.180.1.21/networking/v2.0/subnets/71a72669-c039-46ca-a595-4ed033b0bc18 0.565s
2026-02-03 14:39:13.875 66499 INFO tempest.lib.common.rest_client [req-1346275e-93fd-42a1-85aa-eaf1921e3e34 req-1346275e-93fd-42a1-85aa-eaf1921e3e34 ] Request (ListServerFiltersTestJSON:setUpClass): 201 POST http://10.180.1.21/identity/v3/auth/tokens 0.138s
