2026-02-03 14:40:21.891 66537 INFO tempest.lib.common.dynamic_creds [-] Created isolated network resources for: credentials: Credentials: {'domain_id': 'default', 'domain_name': 'Default', 'username': 'tempest-SecurityGroupRulesNegativeTestJSON-1515007618-project-member', 'project_domain_id': 'default', 'project_domain_name': 'Default', 'project_id': 'bf8c49a412674ccba23420ca8e265679', 'project_name': 'tempest-SecurityGroupRulesNegativeTestJSON-1515007618', 'tenant_id': 'bf8c49a412674ccba23420ca8e265679', 'tenant_name': 'tempest-SecurityGroupRulesNegativeTestJSON-1515007618', 'user_domain_id': 'default', 'user_domain_name': 'Default', 'user_id': '076217910cb34941bdd3f2f5ceff0f8c', 'system': None}, Network: {'id': '5fb1d471-5cdb-4352-8fa9-dfe1b81569cb', 'name': 'tempest-SecurityGroupRulesNegativeTestJSON-1869432610-network', 'tenant_id': 'bf8c49a412674ccba23420ca8e265679', 'project_id': 'bf8c49a412674ccba23420ca8e265679', 'admin_state_up': True, 'mtu': 8950, 'status': 'ACTIVE', 'subnets': [], 'shared': False, 'port_security_enabled': True, 'router:external': False, 'provider:network_type': 'vlan', 'provider:physical_network': 'default', 'provider:segmentation_id': 495, 'is_default': False, 'availability_zone_hints': [], 'availability_zones': [], 'ipv4_address_scope': None, 'ipv6_address_scope': None, 'description': '', 'tags': [], 'created_at': '2026-02-03T14:40:19Z', 'updated_at': '2026-02-03T14:40:19Z', 'revision_number': 1}, Subnet: {'id': '832b30f5-9323-4c85-b594-b5c8e2296063', 'name': 'tempest-SecurityGroupRulesNegativeTestJSON-1869432610-subnet', 'tenant_id': 'bf8c49a412674ccba23420ca8e265679', 'network_id': '5fb1d471-5cdb-4352-8fa9-dfe1b81569cb', 'ip_version': 4, 'subnetpool_id': None, 'enable_dhcp': True, 'ipv6_ra_mode': None, 'ipv6_address_mode': None, 'gateway_ip': '192.168.128.1', 'cidr': '192.168.128.0/28', 'allocation_pools': [{'start': '192.168.128.2', 'end': '192.168.128.14'}], 'host_routes': [], 'dns_nameservers': [], 'description': '', 'router:external': False, 'service_types': [], 'tags': [], 'created_at': '2026-02-03T14:40:20Z', 'updated_at': '2026-02-03T14:40:20Z', 'revision_number': 0, 'project_id': 'bf8c49a412674ccba23420ca8e265679'}, Router: {'id': 'd3779404-ed48-41db-8ddc-7cc03511f5b6', 'name': 'tempest-SecurityGroupRulesNegativeTestJSON-1869432610-router', 'tenant_id': 'bf8c49a412674ccba23420ca8e265679', 'admin_state_up': True, 'status': 'ACTIVE', 'external_gateway_info': {'network_id': '6b91c2e0-2d07-4f95-8a39-bb84580e5fa2', 'external_fixed_ips': [{'subnet_id': '9d2ae309-0ca6-4315-984a-9ec9c720f3ed', 'ip_address': '10.180.180.210'}], 'enable_snat': True}, 'description': '', 'availability_zones': [], 'distributed': False, 'ha': False, 'availability_zone_hints': [], 'routes': [], 'flavor_id': None, 'tags': [], 'created_at': '2026-02-03T14:40:20Z', 'updated_at': '2026-02-03T14:40:20Z', 'revision_number': 2, 'project_id': 'bf8c49a412674ccba23420ca8e265679'}
2026-02-03 14:40:21.950 66535 INFO tempest.lib.common.rest_client [req-7ade311f-c7a3-4e42-8893-757ec19874ab req-7ade311f-c7a3-4e42-8893-757ec19874ab ] Request (ImagesOneServerTestJSON:tearDownClass): 200 GET http://10.180.1.21/compute/v2.1/servers/e9f84a20-8def-4f36-92eb-8625364f7024 0.355s
2026-02-03 14:40:21.966 66489 INFO tempest.lib.common.rest_client [req-14a05989-dd32-474b-b54a-13118adf1fa2 req-14a05989-dd32-474b-b54a-13118adf1fa2 ] Request (ServerPasswordTestJSON:setUpClass): 200 GET http://10.180.1.21/compute/v2.1/servers/1b7bac20-84c0-4b19-b759-b75e84c7abee 0.357s
2026-02-03 14:40:22.044 66527 INFO tempest.lib.common.rest_client [req-b05742db-9b77-42e9-91aa-71cfc5441063 req-b05742db-9b77-42e9-91aa-71cfc5441063 ] Request (ImagesOneServerNegativeTestJSON:_run_cleanups): 200 GET http://10.180.1.21/compute/v2.1/servers/30e11bc9-0bfa-4cbf-bd02-f8262e343b79 0.372s
2026-02-03 14:40:22.055 66497 INFO tempest.lib.common.rest_client [req-9336cb47-db31-408b-9676-641096793186 req-9336cb47-db31-408b-9676-641096793186 ] Request (ServersTestJSON:tearDownClass): 200 GET http://10.180.1.21/compute/v2.1/servers/f0e88cef-300d-42a4-9cb6-843dc85da6a3 0.403s
2026-02-03 14:40:22.056 66537 INFO tempest.lib.common.rest_client [req-0e68c3f9-0487-4697-9d78-f83fd8ca73a7 req-0e68c3f9-0487-4697-9d78-f83fd8ca73a7 ] Request (SecurityGroupRulesNegativeTestJSON:setUpClass): 201 POST http://10.180.1.21/identity/v3/auth/tokens 0.161s
2026-02-03 14:40:22.084 66537 INFO tempest.lib.common.rest_client [req-927ad157-076d-48ce-ab01-62b2b45c7145 req-927ad157-076d-48ce-ab01-62b2b45c7145 ] Request (SecurityGroupRulesNegativeTestJSON:setUpClass): 200 GET http://10.180.1.21/identity/v3/projects/bf8c49a412674ccba23420ca8e265679 0.028s
2026-02-03 14:40:22.085 66537 INFO tempest.lib.common.dynamic_creds [-] Using the existing project bf8c49a412674ccba23420ca8e265679 for scope project and roles: ['reader']
2026-02-03 14:40:22.125 66537 INFO tempest.lib.common.rest_client [req-5965907d-5b6a-40a2-b1ec-3999a21ca097 req-5965907d-5b6a-40a2-b1ec-3999a21ca097 ] Request (SecurityGroupRulesNegativeTestJSON:setUpClass): 201 POST http://10.180.1.21/identity/v3/users 0.039s
2026-02-03 14:40:22.140 66554 INFO tempest.lib.common.rest_client [req-d558f0f2-2d5a-45b5-9106-7bce4b40d456 req-d558f0f2-2d5a-45b5-9106-7bce4b40d456 ] Request (AttachVolumeTestJSON:test_attach_detach_volume): 200 GET http://10.180.1.21/compute/v2.1/servers/e2e07720-a241-4382-a684-0835b199e37d 0.420s
2026-02-03 14:40:22.143 66541 WARNING tempest.lib.common.ssh [-] Failed to establish authenticated ssh connection to cirros@10.180.180.169 ([Errno None] Unable to connect to port 22 on 10.180.180.169). Number attempts: 13. Retry after 14 seconds.: paramiko.ssh_exception.NoValidConnectionsError: [Errno None] Unable to connect to port 22 on 10.180.180.169
2026-02-03 14:40:22.152 66537 INFO tempest.lib.common.rest_client [req-5cf4ea93-0c79-437e-abba-b3971a5b77ea req-5cf4ea93-0c79-437e-abba-b3971a5b77ea ] Request (SecurityGroupRulesNegativeTestJSON:setUpClass): 200 GET http://10.180.1.21/identity/v3/roles 0.027s
2026-02-03 14:40:22.168 66547 INFO tempest.lib.common.rest_client [req-574dc73b-cebb-4e05-b9ef-617e64d1c69d req-574dc73b-cebb-4e05-b9ef-617e64d1c69d ] Request (SecurityGroupsTestJSON:test_list_security_groups_by_server): 200 GET http://10.180.1.21/compute/v2.1/servers/566cb5a1-5b9f-485d-9a00-ad38858e0b8e 0.277s
2026-02-03 14:40:22.195 66537 INFO tempest.lib.common.rest_client [req-5d65fbf0-dfb4-4f6b-b666-281b469e3511 req-5d65fbf0-dfb4-4f6b-b666-281b469e3511 ] Request (SecurityGroupRulesNegativeTestJSON:setUpClass): 204 PUT http://10.180.1.21/identity/v3/projects/bf8c49a412674ccba23420ca8e265679/users/bef4ee1450c64186a6762aed9d6f70d6/roles/c13ecd211dc74f16bf5df98fae5011f1 0.042s
2026-02-03 14:40:22.195 66537 INFO tempest.lib.common.dynamic_creds [-] Dynamic test user bef4ee1450c64186a6762aed9d6f70d6 is created with scope project and roles: ['reader']
2026-02-03 14:40:22.195 66537 INFO tempest.lib.common.dynamic_creds [-] Acquired dynamic creds: credentials: Credentials: {'domain_id': 'default', 'domain_name': 'Default', 'username': 'tempest-SecurityGroupRulesNegativeTestJSON-1515007618-project-reader', 'project_domain_id': 'default', 'project_domain_name': 'Default', 'project_id': 'bf8c49a412674ccba23420ca8e265679', 'project_name': 'tempest-SecurityGroupRulesNegativeTestJSON-1515007618', 'tenant_id': 'bf8c49a412674ccba23420ca8e265679', 'tenant_name': 'tempest-SecurityGroupRulesNegativeTestJSON-1515007618', 'user_domain_id': 'default', 'user_domain_name': 'Default', 'user_id': 'bef4ee1450c64186a6762aed9d6f70d6', 'system': None}, Network: None, Subnet: None, Router: None
2026-02-03 14:40:22.195 66537 INFO tempest.lib.common.dynamic_creds [-] Network resources are not created for requested scope: project and credentials: Credentials: {'domain_id': 'default', 'domain_name': 'Default', 'username': 'tempest-SecurityGroupRulesNegativeTestJSON-1515007618-project-reader', 'project_domain_id': 'default', 'project_domain_name': 'Default', 'project_id': 'bf8c49a412674ccba23420ca8e265679', 'project_name': 'tempest-SecurityGroupRulesNegativeTestJSON-1515007618', 'tenant_id': 'bf8c49a412674ccba23420ca8e265679', 'tenant_name': 'tempest-SecurityGroupRulesNegativeTestJSON-1515007618', 'user_domain_id': 'default', 'user_domain_name': 'Default', 'user_id': 'bef4ee1450c64186a6762aed9d6f70d6', 'system': None}, Network: None, Subnet: None, Router: None
2026-02-03 14:40:22.278 66503 INFO tempest.lib.common.rest_client [req-dcff92bb-2aa9-4338-8e7c-fa833f391d06 req-dcff92bb-2aa9-4338-8e7c-fa833f391d06 ] Request (ServerMetadataNegativeTestJSON:setUpClass): 200 GET http://10.180.1.21/compute/v2.1/servers/560ca9f0-3db2-496c-8024-03859950f4ee 0.312s
2026-02-03 14:40:22.290 66537 INFO tempest.lib.common.rest_client [req-caa4bb70-9025-4612-8c49-cec29d7cfd3c req-caa4bb70-9025-4612-8c49-cec29d7cfd3c ] Request (SecurityGroupRulesNegativeTestJSON:setUpClass): 201 POST http://10.180.1.21/identity/v3/auth/tokens 0.092s
2026-02-03 14:40:22.306 66493 INFO tempest.lib.common.rest_client [req-5d55c6f9-71b7-440d-b4eb-d8c5bd5893d5 req-5d55c6f9-71b7-440d-b4eb-d8c5bd5893d5 ] Request (MigrationsAdminTest:test_list_migrations_in_flavor_resize_situation): 200 GET http://10.180.1.21/compute/v2.1/servers/6f6c4cda-9439-47dd-810c-25b0516585e6 0.386s
2026-02-03 14:40:22.342 66525 INFO tempest.lib.common.rest_client [req-1f2c16d8-08f3-4685-b91f-fcc31cf34324 req-1f2c16d8-08f3-4685-b91f-fcc31cf34324 ] Request (ListImageFiltersTestJSON:setUpClass): 200 GET http://10.180.1.21/compute/v2.1/servers/28d4751c-5d09-422a-84b1-e82df32f6b4d 0.351s
2026-02-03 14:40:22.362 66523 INFO tempest.lib.common.rest_client [req-7d3a5eda-7b3a-4136-a0f2-364fcc59c8e7 req-7d3a5eda-7b3a-4136-a0f2-364fcc59c8e7 ] Request (ServersTestBootFromVolume:setUpClass): 200 GET http://10.180.1.21/compute/v2.1/servers/932f3bea-bf9d-441a-bcdb-71f852c523a9 0.263s
2026-02-03 14:40:22.390 66517 INFO tempest.lib.common.rest_client [req-ab1b1b52-0c5f-43ea-9364-3ca0778c7de4 req-ab1b1b52-0c5f-43ea-9364-3ca0778c7de4 ] Request (ListServersNegativeTestJSON:setUpClass): 200 GET http://10.180.1.21/compute/v2.1/servers/a2b3619c-81d9-4788-b745-b541a0678c19 0.226s
2026-02-03 14:40:22.412 66499 INFO tempest.lib.common.rest_client [req-53e0438a-243a-4238-8b3a-e6d2875de432 req-53e0438a-243a-4238-8b3a-e6d2875de432 ] Request (ListServerFiltersTestJSON:setUpClass): 200 GET http://10.180.1.21/compute/v2.1/servers/25ec70f9-947b-4ebe-82df-1a1ddcc59360 0.199s
2026-02-03 14:40:22.439 66539 INFO tempest.lib.common.rest_client [req-84d1646f-163f-47fb-8867-0155c3fdf117 req-84d1646f-163f-47fb-8867-0155c3fdf117 ] Request (ServerExternalEventsTest:test_create_server_external_events): 200 GET http://10.180.1.21/compute/v2.1/servers/77a0e8c4-b77a-45b9-a249-d98866d4048a 0.175s
2026-02-03 14:40:22.483 66519 INFO tempest.lib.common.rest_client [req-026ce031-4344-4f16-8023-1372dee30ed6 req-026ce031-4344-4f16-8023-1372dee30ed6 ] Request (ServerRescueNegativeTestJSON:setUpClass): 200 GET http://10.180.1.21/compute/v2.1/servers/6d37dc97-5130-4be4-a7c1-bf304611e810 0.192s
2026-02-03 14:40:22.545 66509 INFO tempest.lib.common.rest_client [req-517ad4e7-e7df-40e6-959e-784f6a2f0c92 req-517ad4e7-e7df-40e6-959e-784f6a2f0c92 ] Request (ServerActionsV293TestJSON:setUpClass): 200 GET http://10.180.1.21/compute/v2.1/servers/a5f42a18-2651-4205-92a9-f4f6d7311071 0.214s
2026-02-03 14:40:22.612 66521 INFO tempest.lib.common.rest_client [req-5c70d2cf-a888-4952-ba25-17e8c3d3c7d3 req-5c70d2cf-a888-4952-ba25-17e8c3d3c7d3 ] Request (ServersListShow2100Test:test_list_show_rebuild_update_server_2100): 200 GET http://10.180.1.21/compute/v2.1/servers/00b6d30d-5de3-4c87-8af4-0fe6d88eb906 0.198s
2026-02-03 14:40:22.663 66537 INFO tempest.lib.common.rest_client [req-9a6118f6-e05f-4aac-b4db-4ad3b2d44f6e req-9a6118f6-e05f-4aac-b4db-4ad3b2d44f6e ] Request (SecurityGroupRulesNegativeTestJSON:test_create_security_group_rule_duplicate): 200 POST http://10.180.1.21/compute/v2.1/os-security-groups 0.371s
2026-02-03 14:40:22.673 66513 INFO tempest.lib.common.rest_client [req-10a12af6-9438-4bf6-b2e2-20369ae1b235 req-10a12af6-9438-4bf6-b2e2-20369ae1b235 ] Request (ServerActionsTestOtherA:test_rebuild_server_in_stop_state): 200 GET http://10.180.1.21/compute/v2.1/servers/d4d3cf75-1781-46ed-afb2-44e6f2c048e2 0.205s
2026-02-03 14:40:22.726 66533 INFO tempest.lib.common.rest_client [req-81397d88-3a6e-4b66-86eb-2728c857f714 req-81397d88-3a6e-4b66-86eb-2728c857f714 ] Request (ServerMetadataTestJSON:setUpClass): 200 GET http://10.180.1.21/compute/v2.1/servers/36018dbd-f4b1-4740-a7bb-e96e5c174be0 0.240s
2026-02-03 14:40:22.738 66515 INFO tempest.lib.common.rest_client [req-677d8fa9-501a-418f-9b9d-9d3ea7b2852b req-677d8fa9-501a-418f-9b9d-9d3ea7b2852b ] Request (DeleteServersTestJSON:test_delete_server_while_in_shelved_state): 200 GET http://10.180.1.21/compute/v2.1/servers/26c4f07f-f4de-46b1-a462-b8cf13da075e 0.183s
2026-02-03 14:40:22.753 66551 INFO tempest.lib.common.rest_client [req-240a3001-e277-43ff-aa05-ab6fef06a1de req-240a3001-e277-43ff-aa05-ab6fef06a1de ] Request (AttachInterfacesUnderV243Test:test_add_remove_fixed_ip): 200 GET http://10.180.1.21/compute/v2.1/servers/d978e71d-2c30-4a76-b000-6ddf3203ab10/ips 0.166s
2026-02-03 14:40:22.805 66495 INFO tempest.lib.common.rest_client [req-46063708-3537-4d31-908e-84a026eda43f req-46063708-3537-4d31-908e-84a026eda43f ] Request (ServersAdminTestJSON:test_inject_network_info): 200 GET http://10.180.1.21/compute/v2.1/servers/5fc40115-fc0a-4401-9083-5bc33290e8c4 0.061s
2026-02-03 14:40:22.880 66537 INFO tempest.lib.common.rest_client [req-fc8b42ec-0d1f-442f-9340-92ba1c091ddf req-fc8b42ec-0d1f-442f-9340-92ba1c091ddf ] Request (SecurityGroupRulesNegativeTestJSON:test_create_security_group_rule_duplicate): 200 POST http://10.180.1.21/compute/v2.1/os-security-group-rules 0.212s
2026-02-03 14:40:22.929 66537 INFO tempest.lib.common.rest_client [req-6bba457c-91fe-4c5a-91a0-d6b6a8661555 req-6bba457c-91fe-4c5a-91a0-d6b6a8661555 ] Request (SecurityGroupRulesNegativeTestJSON:test_create_security_group_rule_duplicate): 400 POST http://10.180.1.21/compute/v2.1/os-security-group-rules 0.045s
2026-02-03 14:40:23.023 66505 INFO tempest.lib.common.rest_client [req-55503166-480e-4f14-8247-a8f42df5b397 req-55503166-480e-4f14-8247-a8f42df5b397 ] Request (ServerActionsTestOtherB:test_create_backup): 200 GET http://10.180.1.21/compute/v2.1/servers/9b286a00-af27-4012-a596-45bbe98da254 0.148s
2026-02-03 14:40:23.031 66505 INFO tempest.common.waiters [-] State transition "ACTIVE/image_uploading" ==> "ACTIVE/None" after 2 second wait
2026-02-03 14:40:23.096 66537 INFO tempest.lib.common.rest_client [req-57545737-9395-4c1a-8dfe-45336192f420 req-57545737-9395-4c1a-8dfe-45336192f420 ] Request (SecurityGroupRulesNegativeTestJSON:_run_cleanups): 202 DELETE http://10.180.1.21/compute/v2.1/os-security-group-rules/f3ccbaec-03fd-4d0d-a915-7059a45bfff5 0.165s
2026-02-03 14:40:23.146 66489 INFO tempest.lib.common.rest_client [req-1657b9bb-5f62-471f-8d87-ae07213cc389 req-1657b9bb-5f62-471f-8d87-ae07213cc389 ] Request (ServerPasswordTestJSON:setUpClass): 200 GET http://10.180.1.21/compute/v2.1/servers/1b7bac20-84c0-4b19-b759-b75e84c7abee 0.167s
2026-02-03 14:40:23.171 66535 INFO tempest.lib.common.rest_client [req-7c96c230-e4db-44e0-844b-a45002b758d1 req-7c96c230-e4db-44e0-844b-a45002b758d1 ] Request (ImagesOneServerTestJSON:tearDownClass): 200 GET http://10.180.1.21/compute/v2.1/servers/e9f84a20-8def-4f36-92eb-8625364f7024 0.211s
2026-02-03 14:40:23.232 66527 INFO tempest.lib.common.rest_client [req-90c37bba-2fab-4b46-a9fd-1c764b848ea0 req-90c37bba-2fab-4b46-a9fd-1c764b848ea0 ] Request (ImagesOneServerNegativeTestJSON:_run_cleanups): 200 GET http://10.180.1.21/compute/v2.1/servers/30e11bc9-0bfa-4cbf-bd02-f8262e343b79 0.177s
2026-02-03 14:40:23.287 66497 INFO tempest.lib.common.rest_client [req-cbcc02be-9182-4a98-a708-7dd41cfa3ee8 req-cbcc02be-9182-4a98-a708-7dd41cfa3ee8 ] Request (ServersTestJSON:tearDownClass): 200 GET http://10.180.1.21/compute/v2.1/servers/f0e88cef-300d-42a4-9cb6-843dc85da6a3 0.220s
2026-02-03 14:40:23.393 66537 INFO tempest.lib.common.rest_client [req-1f330a26-a19c-4e09-83ae-202cce5878af req-1f330a26-a19c-4e09-83ae-202cce5878af ] Request (SecurityGroupRulesNegativeTestJSON:test_create_security_group_rule_with_invalid_from_port): 200 POST http://10.180.1.21/compute/v2.1/os-security-groups 0.295s
2026-02-03 14:40:23.440 66554 INFO tempest.lib.common.rest_client [req-332f3142-ab26-4191-957f-ecf2f7e69354 req-332f3142-ab26-4191-957f-ecf2f7e69354 ] Request (AttachVolumeTestJSON:test_attach_detach_volume): 200 GET http://10.180.1.21/compute/v2.1/servers/e2e07720-a241-4382-a684-0835b199e37d 0.288s
2026-02-03 14:40:23.487 66547 INFO tempest.lib.common.rest_client [req-251b452d-8fe7-4e0d-83c4-dfc4345f0068 req-251b452d-8fe7-4e0d-83c4-dfc4345f0068 ] Request (SecurityGroupsTestJSON:test_list_security_groups_by_server): 200 GET http://10.180.1.21/compute/v2.1/servers/566cb5a1-5b9f-485d-9a00-ad38858e0b8e 0.308s
2026-02-03 14:40:23.541 66503 INFO tempest.lib.common.rest_client [req-385a2313-e57a-4541-8a5a-34f854cdfbe2 req-385a2313-e57a-4541-8a5a-34f854cdfbe2 ] Request (ServerMetadataNegativeTestJSON:setUpClass): 200 GET http://10.180.1.21/compute/v2.1/servers/560ca9f0-3db2-496c-8024-03859950f4ee 0.252s
2026-02-03 14:40:23.567 66505 INFO tempest.lib.common.rest_client [req-def58cec-3eea-4997-8cd8-e35703002fd2 req-def58cec-3eea-4997-8cd8-e35703002fd2 ] Request (ServerActionsTestOtherB:test_create_backup): 202 POST http://10.180.1.21/compute/v2.1/servers/9b286a00-af27-4012-a596-45bbe98da254/action 0.535s
2026-02-03 14:40:23.587 66505 INFO tempest.lib.common.rest_client [req-7e0c6e8a-b7de-42fd-8d2e-59b496fd6cad req-7e0c6e8a-b7de-42fd-8d2e-59b496fd6cad ] Request (ServerActionsTestOtherB:test_create_backup): 200 GET http://10.180.1.21/image/v2/images/1d1dd84d-7c54-45d2-ace2-3da053a8ae54/tasks 0.019s
2026-02-03 14:40:23.621 66525 INFO tempest.lib.common.rest_client [req-72526914-f810-4bbf-90be-f3dff610cd65 req-72526914-f810-4bbf-90be-f3dff610cd65 ] Request (ListImageFiltersTestJSON:setUpClass): 200 GET http://10.180.1.21/compute/v2.1/servers/28d4751c-5d09-422a-84b1-e82df32f6b4d 0.269s
2026-02-03 14:40:23.649 66493 INFO tempest.lib.common.rest_client [req-8096a753-9222-473f-8f21-619d52a1ca55 req-8096a753-9222-473f-8f21-619d52a1ca55 ] Request (MigrationsAdminTest:test_list_migrations_in_flavor_resize_situation): 200 GET http://10.180.1.21/compute/v2.1/servers/6f6c4cda-9439-47dd-810c-25b0516585e6 0.334s
2026-02-03 14:40:23.672 66523 INFO tempest.lib.common.rest_client [req-e222d00d-fae2-48a7-8f6c-f80f9d3e2f58 req-e222d00d-fae2-48a7-8f6c-f80f9d3e2f58 ] Request (ServersTestBootFromVolume:setUpClass): 200 GET http://10.180.1.21/compute/v2.1/servers/932f3bea-bf9d-441a-bcdb-71f852c523a9 0.302s
2026-02-03 14:40:23.679 66537 INFO tempest.lib.common.rest_client [req-d9287ba1-0015-4f26-b69e-70b60dc37663 req-d9287ba1-0015-4f26-b69e-70b60dc37663 ] Request (SecurityGroupRulesNegativeTestJSON:test_create_security_group_rule_with_invalid_from_port): 400 POST http://10.180.1.21/compute/v2.1/os-security-group-rules 0.284s
2026-02-03 14:40:23.727 66517 INFO tempest.lib.common.rest_client [req-bf75c2d8-64c8-4392-afda-f7e7dbdf4286 req-bf75c2d8-64c8-4392-afda-f7e7dbdf4286 ] Request (ListServersNegativeTestJSON:setUpClass): 200 GET http://10.180.1.21/compute/v2.1/servers/a2b3619c-81d9-4788-b745-b541a0678c19 0.330s
2026-02-03 14:40:23.741 66499 INFO tempest.lib.common.rest_client [req-ffed65c9-6206-4186-895b-76f8333607ed req-ffed65c9-6206-4186-895b-76f8333607ed ] Request (ListServerFiltersTestJSON:setUpClass): 200 GET http://10.180.1.21/compute/v2.1/servers/25ec70f9-947b-4ebe-82df-1a1ddcc59360 0.321s
2026-02-03 14:40:23.783 66539 INFO tempest.lib.common.rest_client [req-ee3cdd82-3e5e-4904-93ea-1d27d233277e req-ee3cdd82-3e5e-4904-93ea-1d27d233277e ] Request (ServerExternalEventsTest:test_create_server_external_events): 200 GET http://10.180.1.21/compute/v2.1/servers/77a0e8c4-b77a-45b9-a249-d98866d4048a 0.335s
2026-02-03 14:40:23.798 66519 INFO tempest.lib.common.rest_client [req-9a5d2c48-af52-474a-aaa3-2dcd7eccc468 req-9a5d2c48-af52-474a-aaa3-2dcd7eccc468 ] Request (ServerRescueNegativeTestJSON:setUpClass): 200 GET http://10.180.1.21/compute/v2.1/servers/6d37dc97-5130-4be4-a7c1-bf304611e810 0.303s
2026-02-03 14:40:23.847 66509 INFO tempest.lib.common.rest_client [req-4deba9cd-2846-4690-9774-6cdadf41f5a2 req-4deba9cd-2846-4690-9774-6cdadf41f5a2 ] Request (ServerActionsV293TestJSON:setUpClass): 200 GET http://10.180.1.21/compute/v2.1/servers/a5f42a18-2651-4205-92a9-f4f6d7311071 0.290s
2026-02-03 14:40:23.924 66505 INFO tempest.lib.common.rest_client [req-01f429bc-9e18-4426-8cac-0e33940445bc req-01f429bc-9e18-4426-8cac-0e33940445bc ] Request (ServerActionsTestOtherB:test_create_backup): 200 GET http://10.180.1.21/compute/v2.1/servers/9b286a00-af27-4012-a596-45bbe98da254 0.335s
2026-02-03 14:40:23.929 66537 INFO tempest.lib.common.rest_client [req-a128df3a-eac0-439f-86c2-2b40f8d6c264 req-a128df3a-eac0-439f-86c2-2b40f8d6c264 ] Request (SecurityGroupRulesNegativeTestJSON:test_create_security_group_rule_with_invalid_id): 400 POST http://10.180.1.21/compute/v2.1/os-security-group-rules 0.248s
2026-02-03 14:40:23.941 66521 INFO tempest.lib.common.rest_client [req-112b2f4b-a5e5-44b6-afba-edd5b5f3d36a req-112b2f4b-a5e5-44b6-afba-edd5b5f3d36a ] Request (ServersListShow2100Test:test_list_show_rebuild_update_server_2100): 200 GET http://10.180.1.21/compute/v2.1/servers/00b6d30d-5de3-4c87-8af4-0fe6d88eb906 0.313s
2026-02-03 14:40:24.013 66533 INFO tempest.lib.common.rest_client [req-5a57d8db-facf-49bf-ba64-0980cb984e96 req-5a57d8db-facf-49bf-ba64-0980cb984e96 ] Request (ServerMetadataTestJSON:setUpClass): 200 GET http://10.180.1.21/compute/v2.1/servers/36018dbd-f4b1-4740-a7bb-e96e5c174be0 0.277s
2026-02-03 14:40:24.027 66513 INFO tempest.lib.common.rest_client [req-015f2865-a064-4fe5-8384-b655f42fcc0f req-015f2865-a064-4fe5-8384-b655f42fcc0f ] Request (ServerActionsTestOtherA:test_rebuild_server_in_stop_state): 200 GET http://10.180.1.21/compute/v2.1/servers/d4d3cf75-1781-46ed-afb2-44e6f2c048e2 0.346s
2026-02-03 14:40:24.060 66551 INFO tempest.lib.common.rest_client [req-2dc56aa3-0adf-4f9a-82b8-9f9c17cc339f req-2dc56aa3-0adf-4f9a-82b8-9f9c17cc339f ] Request (AttachInterfacesUnderV243Test:test_add_remove_fixed_ip): 200 GET http://10.180.1.21/compute/v2.1/servers/d978e71d-2c30-4a76-b000-6ddf3203ab10/ips 0.304s
2026-02-03 14:40:24.086 66515 INFO tempest.lib.common.rest_client [req-d1d67682-870a-49d2-b71f-70e5d9c01699 req-d1d67682-870a-49d2-b71f-70e5d9c01699 ] Request (DeleteServersTestJSON:test_delete_server_while_in_shelved_state): 200 GET http://10.180.1.21/compute/v2.1/servers/26c4f07f-f4de-46b1-a462-b8cf13da075e 0.338s
2026-02-03 14:40:24.115 66495 INFO tempest.lib.common.rest_client [req-005dcfe6-1c45-4add-a62b-2e852d0cbcca req-005dcfe6-1c45-4add-a62b-2e852d0cbcca ] Request (ServersAdminTestJSON:test_inject_network_info): 200 GET http://10.180.1.21/compute/v2.1/servers/5fc40115-fc0a-4401-9083-5bc33290e8c4 0.301s
2026-02-03 14:40:24.211 66537 INFO tempest.lib.common.rest_client [req-3f3dbd48-459d-4cd3-8e46-8bed06e676f8 req-3f3dbd48-459d-4cd3-8e46-8bed06e676f8 ] Request (SecurityGroupRulesNegativeTestJSON:test_create_security_group_rule_with_invalid_ip_protocol): 200 POST http://10.180.1.21/compute/v2.1/os-security-groups 0.280s
2026-02-03 14:40:24.230 66551 INFO tempest.lib.common.rest_client [req-e50383f1-3bca-4d75-8f34-88031cb1709e req-e50383f1-3bca-4d75-8f34-88031cb1709e ] Request (AttachInterfacesUnderV243Test:_run_cleanups): 204 DELETE http://10.180.1.21/compute/v2.1/servers/d978e71d-2c30-4a76-b000-6ddf3203ab10 0.166s
2026-02-03 14:40:24.273 66489 INFO tempest.lib.common.rest_client [req-10822abe-5041-4b04-a0fa-93a5d9ef7488 req-10822abe-5041-4b04-a0fa-93a5d9ef7488 ] Request (ServerPasswordTestJSON:setUpClass): 200 GET http://10.180.1.21/compute/v2.1/servers/1b7bac20-84c0-4b19-b759-b75e84c7abee 0.118s
2026-02-03 14:40:24.287 66535 INFO tempest.lib.common.rest_client [req-1c57fd09-d4b9-4831-9e02-585540183445 req-1c57fd09-d4b9-4831-9e02-585540183445 ] Request (ImagesOneServerTestJSON:tearDownClass): 200 GET http://10.180.1.21/compute/v2.1/servers/e9f84a20-8def-4f36-92eb-8625364f7024 0.108s
2026-02-03 14:40:24.304 66537 INFO tempest.lib.common.rest_client [req-a47bc229-15e3-40bf-bcc7-709da7cfd260 req-a47bc229-15e3-40bf-bcc7-709da7cfd260 ] Request (SecurityGroupRulesNegativeTestJSON:test_create_security_group_rule_with_invalid_ip_protocol): 400 POST http://10.180.1.21/compute/v2.1/os-security-group-rules 0.089s
2026-02-03 14:40:24.375 66527 INFO tempest.lib.common.rest_client [req-26205e35-8c89-4b22-9446-da3858f869e1 req-26205e35-8c89-4b22-9446-da3858f869e1 ] Request (ImagesOneServerNegativeTestJSON:_run_cleanups): 200 GET http://10.180.1.21/compute/v2.1/servers/30e11bc9-0bfa-4cbf-bd02-f8262e343b79 0.135s
2026-02-03 14:40:24.402 66497 INFO tempest.lib.common.rest_client [req-eadb6961-34dd-4ccd-8a1f-766a7a89e2b5 req-eadb6961-34dd-4ccd-8a1f-766a7a89e2b5 ] Request (ServersTestJSON:tearDownClass): 404 GET http://10.180.1.21/compute/v2.1/servers/f0e88cef-300d-42a4-9cb6-843dc85da6a3 0.107s
2026-02-03 14:40:24.412 66551 INFO tempest.lib.common.rest_client [req-af360f5d-77fc-419f-9bd6-8b4ba2ec8d02 req-af360f5d-77fc-419f-9bd6-8b4ba2ec8d02 ] Request (AttachInterfacesUnderV243Test:_run_cleanups): 200 GET http://10.180.1.21/compute/v2.1/servers/d978e71d-2c30-4a76-b000-6ddf3203ab10 0.182s
2026-02-03 14:40:24.429 66497 INFO tempest.lib.common.rest_client [req-6f200af1-5e11-4869-a497-7a97c99b8ec1 req-6f200af1-5e11-4869-a497-7a97c99b8ec1 ] Request (ServersTestJSON:tearDownClass): 202 DELETE http://10.180.1.21/compute/v2.1/os-keypairs/tempest-keypair-1007091010 0.026s
2026-02-03 14:40:24.521 66537 INFO tempest.lib.common.rest_client [req-37895de8-d6f1-4646-af92-873b2e2f060c req-37895de8-d6f1-4646-af92-873b2e2f060c ] Request (SecurityGroupRulesNegativeTestJSON:test_create_security_group_rule_with_invalid_port_range): 200 POST http://10.180.1.21/compute/v2.1/os-security-groups 0.215s
2026-02-03 14:40:24.528 66497 INFO tempest.lib.common.rest_client [req-4ad0f3a6-615d-4357-a585-d32e98093ccc req-4ad0f3a6-615d-4357-a585-d32e98093ccc ] Request (ServersTestJSON:tearDownClass): 204 DELETE http://10.180.1.21/networking/v2.0/security-groups/54082cfd-0140-4ee1-8693-0266f408f676 0.098s
2026-02-03 14:40:24.545 66554 INFO tempest.lib.common.rest_client [req-116338a3-1560-400c-af15-67294ceb5deb req-116338a3-1560-400c-af15-67294ceb5deb ] Request (AttachVolumeTestJSON:test_attach_detach_volume): 200 GET http://10.180.1.21/compute/v2.1/servers/e2e07720-a241-4382-a684-0835b199e37d 0.098s
2026-02-03 14:40:24.545 66497 INFO tempest.lib.common.rest_client [req-302aec62-aed0-4731-909e-f867841a0dfd req-302aec62-aed0-4731-909e-f867841a0dfd ] Request (ServersTestJSON:tearDownClass): 404 GET http://10.180.1.21/networking/v2.0/security-groups/54082cfd-0140-4ee1-8693-0266f408f676 0.017s
2026-02-03 14:40:24.572 66547 INFO tempest.lib.common.rest_client [req-95ea5eb7-836c-4917-966b-8349ab623b04 req-95ea5eb7-836c-4917-966b-8349ab623b04 ] Request (SecurityGroupsTestJSON:test_list_security_groups_by_server): 200 GET http://10.180.1.21/compute/v2.1/servers/566cb5a1-5b9f-485d-9a00-ad38858e0b8e 0.077s
2026-02-03 14:40:24.586 66537 INFO tempest.lib.common.rest_client [req-6e421025-1018-4b5d-ae96-9c02b2de0726 req-6e421025-1018-4b5d-ae96-9c02b2de0726 ] Request (SecurityGroupRulesNegativeTestJSON:test_create_security_group_rule_with_invalid_port_range): 400 POST http://10.180.1.21/compute/v2.1/os-security-group-rules 0.061s
2026-02-03 14:40:24.695 66537 INFO tempest.lib.common.rest_client [req-38032710-bb4b-44f3-b65a-a7348dbd7198 req-38032710-bb4b-44f3-b65a-a7348dbd7198 ] Request (SecurityGroupRulesNegativeTestJSON:test_create_security_group_rule_with_invalid_to_port): 200 POST http://10.180.1.21/compute/v2.1/os-security-groups 0.107s
2026-02-03 14:40:24.712 66503 INFO tempest.lib.common.rest_client [req-430f72b8-ddec-48b9-8201-fd9fdee0cefe req-430f72b8-ddec-48b9-8201-fd9fdee0cefe ] Request (ServerMetadataNegativeTestJSON:setUpClass): 200 GET http://10.180.1.21/compute/v2.1/servers/560ca9f0-3db2-496c-8024-03859950f4ee 0.163s
2026-02-03 14:40:24.758 66525 INFO tempest.lib.common.rest_client [req-a9e7d844-e957-492b-b753-819aae6b445a req-a9e7d844-e957-492b-b753-819aae6b445a ] Request (ListImageFiltersTestJSON:setUpClass): 200 GET http://10.180.1.21/compute/v2.1/servers/28d4751c-5d09-422a-84b1-e82df32f6b4d 0.129s
2026-02-03 14:40:24.762 66497 INFO tempest.lib.common.rest_client [req-c4fdd983-53cf-4a57-83d4-667b9eb9312b req-c4fdd983-53cf-4a57-83d4-667b9eb9312b ] Request (ServersTestJSON:tearDownClass): 204 DELETE http://10.180.1.21/networking/v2.0/floatingips/783cd5ab-764f-4605-9798-ec91ecdc97b7 0.217s
2026-02-03 14:40:24.817 66493 INFO tempest.lib.common.rest_client [req-bffb8ba7-2675-41f9-9285-57bc460f83a1 req-bffb8ba7-2675-41f9-9285-57bc460f83a1 ] Request (MigrationsAdminTest:test_list_migrations_in_flavor_resize_situation): 200 GET http://10.180.1.21/compute/v2.1/servers/6f6c4cda-9439-47dd-810c-25b0516585e6 0.160s
2026-02-03 14:40:24.825 66493 INFO tempest.common.waiters [-] State transition "VERIFY_RESIZE/None" ==> "ACTIVE/None" after 19 second wait
2026-02-03 14:40:24.831 66523 INFO tempest.lib.common.rest_client [req-b744609d-9ca2-4ec9-8db1-dfadcdc6e340 req-b744609d-9ca2-4ec9-8db1-dfadcdc6e340 ] Request (ServersTestBootFromVolume:setUpClass): 200 GET http://10.180.1.21/compute/v2.1/servers/932f3bea-bf9d-441a-bcdb-71f852c523a9 0.151s
2026-02-03 14:40:24.845 66537 INFO tempest.lib.common.rest_client [req-056b2b8f-b630-493a-b076-f8fd15af899a req-056b2b8f-b630-493a-b076-f8fd15af899a ] Request (SecurityGroupRulesNegativeTestJSON:test_create_security_group_rule_with_invalid_to_port): 400 POST http://10.180.1.21/compute/v2.1/os-security-group-rules 0.147s
2026-02-03 14:40:24.901 66517 INFO tempest.lib.common.rest_client [req-b8a639f8-f891-44d0-b33f-6c8d24ec4f20 req-b8a639f8-f891-44d0-b33f-6c8d24ec4f20 ] Request (ListServersNegativeTestJSON:setUpClass): 200 GET http://10.180.1.21/compute/v2.1/servers/a2b3619c-81d9-4788-b745-b541a0678c19 0.164s
2026-02-03 14:40:24.905 66499 INFO tempest.lib.common.rest_client [req-8d335284-e679-463b-b889-027de5df1cdd req-8d335284-e679-463b-b889-027de5df1cdd ] Request (ListServerFiltersTestJSON:setUpClass): 200 GET http://10.180.1.21/compute/v2.1/servers/25ec70f9-947b-4ebe-82df-1a1ddcc59360 0.155s
2026-02-03 14:40:24.956 66539 INFO tempest.lib.common.rest_client [req-b1239b27-9d1a-4004-a090-daf6cc38d1a8 req-b1239b27-9d1a-4004-a090-daf6cc38d1a8 ] Request (ServerExternalEventsTest:test_create_server_external_events): 200 GET http://10.180.1.21/compute/v2.1/servers/77a0e8c4-b77a-45b9-a249-d98866d4048a 0.162s
2026-02-03 14:40:24.962 66519 INFO tempest.lib.common.rest_client [req-ebeb5baa-9363-4222-aa08-ee44096535ee req-ebeb5baa-9363-4222-aa08-ee44096535ee ] Request (ServerRescueNegativeTestJSON:setUpClass): 200 GET http://10.180.1.21/compute/v2.1/servers/6d37dc97-5130-4be4-a7c1-bf304611e810 0.155s
2026-02-03 14:40:24.981 66537 INFO tempest.lib.common.rest_client [req-2277c71b-fafe-47c0-81f2-92ee2cd0cae8 req-2277c71b-fafe-47c0-81f2-92ee2cd0cae8 ] Request (SecurityGroupRulesNegativeTestJSON:test_create_security_group_rule_with_non_existent_id): 404 POST http://10.180.1.21/compute/v2.1/os-security-group-rules 0.134s
2026-02-03 14:40:25.083 66509 INFO tempest.lib.common.rest_client [req-525c6d7a-f4e3-4b89-a68a-417ae80a11e4 req-525c6d7a-f4e3-4b89-a68a-417ae80a11e4 ] Request (ServerActionsV293TestJSON:setUpClass): 200 GET http://10.180.1.21/compute/v2.1/servers/a5f42a18-2651-4205-92a9-f4f6d7311071 0.224s
2026-02-03 14:40:25.102 66493 INFO tempest.lib.common.rest_client [req-66ffbc4f-1778-4cd4-9193-ae91b708695a req-66ffbc4f-1778-4cd4-9193-ae91b708695a ] Request (MigrationsAdminTest:test_list_migrations_in_flavor_resize_situation): 200 GET http://10.180.1.21/compute/v2.1/servers/6f6c4cda-9439-47dd-810c-25b0516585e6 0.277s
2026-02-03 14:40:25.175 66521 INFO tempest.lib.common.rest_client [req-1407e447-974b-4ff3-a14a-dd5a4efae91a req-1407e447-974b-4ff3-a14a-dd5a4efae91a ] Request (ServersListShow2100Test:test_list_show_rebuild_update_server_2100): 200 GET http://10.180.1.21/compute/v2.1/servers/00b6d30d-5de3-4c87-8af4-0fe6d88eb906 0.222s
2026-02-03 14:40:25.185 66505 INFO tempest.lib.common.rest_client [req-bd597c2c-ef93-43f5-aaff-b7940acb2f9b req-bd597c2c-ef93-43f5-aaff-b7940acb2f9b ] Request (ServerActionsTestOtherB:test_create_backup): 200 GET http://10.180.1.21/compute/v2.1/servers/9b286a00-af27-4012-a596-45bbe98da254 0.252s
2026-02-03 14:40:25.189 66537 INFO tempest.lib.common.rest_client [req-e2b5a1d8-a945-46f6-b904-30d78e038ec1 req-e2b5a1d8-a945-46f6-b904-30d78e038ec1 ] Request (SecurityGroupRulesNegativeTestJSON:test_delete_security_group_rule_with_non_existent_id): 404 DELETE http://10.180.1.21/compute/v2.1/os-security-group-rules/103dfb1d-ce51-4cc7-bbf4-114c176676d7 0.206s
2026-02-03 14:40:25.237 66513 INFO tempest.lib.common.rest_client [req-dc6fa764-aef5-4e59-8147-2c8e277f2221 req-dc6fa764-aef5-4e59-8147-2c8e277f2221 ] Request (ServerActionsTestOtherA:test_rebuild_server_in_stop_state): 200 GET http://10.180.1.21/compute/v2.1/servers/d4d3cf75-1781-46ed-afb2-44e6f2c048e2 0.199s
2026-02-03 14:40:25.252 66533 INFO tempest.lib.common.rest_client [req-21fa09f1-d927-4438-86a6-736573b4ec07 req-21fa09f1-d927-4438-86a6-736573b4ec07 ] Request (ServerMetadataTestJSON:setUpClass): 200 GET http://10.180.1.21/compute/v2.1/servers/36018dbd-f4b1-4740-a7bb-e96e5c174be0 0.228s
2026-02-03 14:40:25.286 66515 INFO tempest.lib.common.rest_client [req-7e398113-5623-4f0e-a344-d4e9dffaa092 req-7e398113-5623-4f0e-a344-d4e9dffaa092 ] Request (DeleteServersTestJSON:test_delete_server_while_in_shelved_state): 200 GET http://10.180.1.21/compute/v2.1/servers/26c4f07f-f4de-46b1-a462-b8cf13da075e 0.190s
2026-02-03 14:40:25.287 66493 INFO tempest.lib.common.rest_client [req-bc60192d-8b30-4c6f-9a6e-431a45a0e404 req-bc60192d-8b30-4c6f-9a6e-431a45a0e404 ] Request (MigrationsAdminTest:test_list_migrations_in_flavor_resize_situation): 200 POST http://10.180.1.21/compute/v2.1/os-keypairs 0.175s
2026-02-03 14:40:25.472 66493 INFO tempest.lib.common.rest_client [req-96acf95f-0a53-4da4-896e-9000498afd1d req-96acf95f-0a53-4da4-896e-9000498afd1d ] Request (MigrationsAdminTest:test_list_migrations_in_flavor_resize_situation): 201 POST http://10.180.1.21/networking/v2.0/security-groups 0.183s
2026-02-03 14:40:25.531 66495 INFO tempest.lib.common.rest_client [req-4aa6ce48-fe13-4a09-95d2-d97049e8e5c8 req-4aa6ce48-fe13-4a09-95d2-d97049e8e5c8 ] Request (ServersAdminTestJSON:test_inject_network_info): 200 GET http://10.180.1.21/compute/v2.1/servers/5fc40115-fc0a-4401-9083-5bc33290e8c4 0.409s
2026-02-03 14:40:25.605 66493 INFO tempest.lib.common.rest_client [req-a495022a-4b34-439d-b636-f5f06a7aa673 req-a495022a-4b34-439d-b636-f5f06a7aa673 ] Request (MigrationsAdminTest:test_list_migrations_in_flavor_resize_situation): 201 POST http://10.180.1.21/networking/v2.0/security-group-rules 0.133s
2026-02-03 14:40:25.666 66537 INFO tempest.lib.common.rest_client [req-2910510e-71d4-45bc-8f80-276c6a7d82a0 req-2910510e-71d4-45bc-8f80-276c6a7d82a0 ] Request (SecurityGroupRulesNegativeTestJSON:tearDownClass): 202 DELETE http://10.180.1.21/compute/v2.1/os-security-groups/1ec8f2f3-6d78-494b-b518-8ba851446f30 0.475s
2026-02-03 14:40:25.677 66497 INFO tempest.lib.common.rest_client [req-65b72367-4eb7-473b-b59e-52d5525a3f43 req-65b72367-4eb7-473b-b59e-52d5525a3f43 ] Request (ServersTestJSON:tearDownClass): 200 PUT http://10.180.1.21/networking/v2.0/routers/8cb57547-c465-4f40-8580-fbea8a884e9c/remove_router_interface 0.914s
2026-02-03 14:40:25.690 66489 INFO tempest.lib.common.rest_client [req-aa172241-d026-494b-910d-516de291c628 req-aa172241-d026-494b-910d-516de291c628 ] Request (ServerPasswordTestJSON:setUpClass): 200 GET http://10.180.1.21/compute/v2.1/servers/1b7bac20-84c0-4b19-b759-b75e84c7abee 0.407s
2026-02-03 14:40:25.770 66493 INFO tempest.lib.common.rest_client [req-d8b59a54-c3a0-4959-a736-145458eef328 req-d8b59a54-c3a0-4959-a736-145458eef328 ] Request (MigrationsAdminTest:test_list_migrations_in_flavor_resize_situation): 201 POST http://10.180.1.21/networking/v2.0/security-group-rules 0.165s
2026-02-03 14:40:25.791 66527 INFO tempest.lib.common.rest_client [req-0bded4ca-0f6d-48a8-b481-8cf1071ed6e8 req-0bded4ca-0f6d-48a8-b481-8cf1071ed6e8 ] Request (ImagesOneServerNegativeTestJSON:_run_cleanups): 200 GET http://10.180.1.21/compute/v2.1/servers/30e11bc9-0bfa-4cbf-bd02-f8262e343b79 0.408s
2026-02-03 14:40:25.815 66535 INFO tempest.lib.common.rest_client [req-dcc0614b-a0c7-4c66-9d11-11823b837330 req-dcc0614b-a0c7-4c66-9d11-11823b837330 ] Request (ImagesOneServerTestJSON:tearDownClass): 200 GET http://10.180.1.21/compute/v2.1/servers/e9f84a20-8def-4f36-92eb-8625364f7024 0.515s
2026-02-03 14:40:25.822 66535 INFO tempest.common.waiters [-] State transition "ACTIVE/deleting" ==> "DELETED/None" after 4 second wait
2026-02-03 14:40:26.270 66497 INFO tempest.lib.common.rest_client [req-e10872a2-b787-43e5-b9ea-f47885562607 req-e10872a2-b787-43e5-b9ea-f47885562607 ] Request (ServersTestJSON:tearDownClass): 204 DELETE http://10.180.1.21/networking/v2.0/routers/8cb57547-c465-4f40-8580-fbea8a884e9c 0.593s
2026-02-03 14:40:26.334 66493 INFO tempest.lib.common.rest_client [req-18238f15-aab7-4e78-b3b4-a35c2655cbe4 req-18238f15-aab7-4e78-b3b4-a35c2655cbe4 ] Request (MigrationsAdminTest:test_list_migrations_in_flavor_resize_situation): 201 POST http://10.180.1.21/networking/v2.0/floatingips 0.563s
2026-02-03 14:40:26.366 66554 INFO tempest.lib.common.rest_client [req-6b378e24-8169-45ee-9307-84d037c230b7 req-6b378e24-8169-45ee-9307-84d037c230b7 ] Request (AttachVolumeTestJSON:test_attach_detach_volume): 200 GET http://10.180.1.21/compute/v2.1/servers/e2e07720-a241-4382-a684-0835b199e37d 0.812s
2026-02-03 14:40:26.420 66551 INFO tempest.lib.common.rest_client [req-5a4baf34-6c51-47a1-9ff8-7608fafffce0 req-5a4baf34-6c51-47a1-9ff8-7608fafffce0 ] Request (AttachInterfacesUnderV243Test:_run_cleanups): 200 GET http://10.180.1.21/compute/v2.1/servers/d978e71d-2c30-4a76-b000-6ddf3203ab10 0.998s
2026-02-03 14:40:26.486 66547 INFO tempest.lib.common.rest_client [req-90aaff40-46b2-44b9-b363-de1f6cd377b2 req-90aaff40-46b2-44b9-b363-de1f6cd377b2 ] Request (SecurityGroupsTestJSON:test_list_security_groups_by_server): 200 GET http://10.180.1.21/compute/v2.1/servers/566cb5a1-5b9f-485d-9a00-ad38858e0b8e 0.906s
2026-02-03 14:40:26.498 66497 INFO tempest.lib.common.rest_client [req-4472f813-074d-4e50-a402-c27a55608d26 req-4472f813-074d-4e50-a402-c27a55608d26 ] Request (ServersTestJSON:tearDownClass): 204 DELETE http://10.180.1.21/networking/v2.0/subnets/cfa8c363-dbc3-4970-b2ac-fd58453e43be 0.227s
2026-02-03 14:40:26.585 66537 INFO tempest.lib.common.rest_client [req-a9410fac-6f0c-4ce8-bb19-a532ec989759 req-a9410fac-6f0c-4ce8-bb19-a532ec989759 ] Request (SecurityGroupRulesNegativeTestJSON:tearDownClass): 202 DELETE http://10.180.1.21/compute/v2.1/os-security-groups/69cf5c2b-4463-400a-87b9-006ce92ce7bf 0.919s
2026-02-03 14:40:26.723 66507 INFO paramiko.transport [-] Connected (version 2.0, client dropbear_2020.81)
2026-02-03 14:40:26.825 66507 INFO paramiko.transport [-] Authentication (publickey) successful!
2026-02-03 14:40:26.826 66507 INFO tempest.lib.common.ssh [-] ssh connection to cirros@10.180.180.252 successfully created
2026-02-03 14:40:26.832 66507 INFO tempest.lib.common.ssh [-] Creating ssh connection to '10.180.180.252:22' as 'cirros' with public key authentication
2026-02-03 14:40:26.834 66507 INFO paramiko.transport [-] Connected (version 2.0, client dropbear_2020.81)
2026-02-03 14:40:26.843 66497 INFO tempest.lib.common.rest_client [req-7ad81b58-75f2-40fc-bc5f-19621f108ffd req-7ad81b58-75f2-40fc-bc5f-19621f108ffd ] Request (ServersTestJSON:tearDownClass): 204 DELETE http://10.180.1.21/networking/v2.0/networks/a0fc71cb-b2b3-4c49-84f4-a690fb3e140e 0.344s
2026-02-03 14:40:26.884 66503 INFO tempest.lib.common.rest_client [req-25fe335e-ede5-4b36-a683-6d885f7f0e15 req-25fe335e-ede5-4b36-a683-6d885f7f0e15 ] Request (ServerMetadataNegativeTestJSON:setUpClass): 200 GET http://10.180.1.21/compute/v2.1/servers/560ca9f0-3db2-496c-8024-03859950f4ee 1.164s
2026-02-03 14:40:26.893 66525 INFO tempest.lib.common.rest_client [req-6ac23605-35bc-42e3-9db7-6555b4506a1a req-6ac23605-35bc-42e3-9db7-6555b4506a1a ] Request (ListImageFiltersTestJSON:setUpClass): 200 GET http://10.180.1.21/compute/v2.1/servers/28d4751c-5d09-422a-84b1-e82df32f6b4d 1.124s
2026-02-03 14:40:26.936 66507 INFO paramiko.transport [-] Authentication (publickey) successful!
2026-02-03 14:40:26.936 66507 INFO tempest.lib.common.ssh [-] ssh connection to cirros@10.180.180.252 successfully created
2026-02-03 14:40:26.996 66517 INFO tempest.lib.common.rest_client [req-8f8e717d-289e-4f68-8a66-bf2640f81bf5 req-8f8e717d-289e-4f68-8a66-bf2640f81bf5 ] Request (ListServersNegativeTestJSON:setUpClass): 200 GET http://10.180.1.21/compute/v2.1/servers/a2b3619c-81d9-4788-b745-b541a0678c19 1.086s
2026-02-03 14:40:27.011 66523 INFO tempest.lib.common.rest_client [req-c1f2c942-f441-409c-a686-e302e288b77e req-c1f2c942-f441-409c-a686-e302e288b77e ] Request (ServersTestBootFromVolume:setUpClass): 200 GET http://10.180.1.21/compute/v2.1/servers/932f3bea-bf9d-441a-bcdb-71f852c523a9 1.173s
2026-02-03 14:40:27.101 66499 INFO tempest.lib.common.rest_client [req-ade0f380-0f95-492f-b7d6-45ff380300a4 req-ade0f380-0f95-492f-b7d6-45ff380300a4 ] Request (ListServerFiltersTestJSON:setUpClass): 200 GET http://10.180.1.21/compute/v2.1/servers/25ec70f9-947b-4ebe-82df-1a1ddcc59360 1.188s
2026-02-03 14:40:27.113 66539 INFO tempest.lib.common.rest_client [req-b5ba1b4c-fa08-411d-aae6-48ae1d0dea79 req-b5ba1b4c-fa08-411d-aae6-48ae1d0dea79 ] Request (ServerExternalEventsTest:test_create_server_external_events): 200 GET http://10.180.1.21/compute/v2.1/servers/77a0e8c4-b77a-45b9-a249-d98866d4048a 1.148s
2026-02-03 14:40:27.158 66497 INFO tempest.lib.common.rest_client [req-5fef5389-7d37-4226-ac46-a50d9bcf4d0c req-5fef5389-7d37-4226-ac46-a50d9bcf4d0c ] Request (ServersTestJSON:tearDownClass): 204 DELETE http://10.180.1.21/identity/v3/users/a8d3abe30fcf48d49d0a10fbb8fa2edb 0.315s
2026-02-03 14:40:27.166 66519 INFO tempest.lib.common.rest_client [req-6b06df9e-23e0-4aed-b104-e8db9995f036 req-6b06df9e-23e0-4aed-b104-e8db9995f036 ] Request (ServerRescueNegativeTestJSON:setUpClass): 200 GET http://10.180.1.21/compute/v2.1/servers/6d37dc97-5130-4be4-a7c1-bf304611e810 1.194s
2026-02-03 14:40:27.186 66509 INFO tempest.lib.common.rest_client [req-eac2ea7f-e8a0-450e-ac68-69162d91af1e req-eac2ea7f-e8a0-450e-ac68-69162d91af1e ] Request (ServerActionsV293TestJSON:setUpClass): 200 GET http://10.180.1.21/compute/v2.1/servers/a5f42a18-2651-4205-92a9-f4f6d7311071 1.091s
2026-02-03 14:40:27.309 66521 INFO tempest.lib.common.rest_client [req-30860b18-5d3d-46d8-b2b6-c11fe6d80c4f req-30860b18-5d3d-46d8-b2b6-c11fe6d80c4f ] Request (ServersListShow2100Test:test_list_show_rebuild_update_server_2100): 200 GET http://10.180.1.21/compute/v2.1/servers/00b6d30d-5de3-4c87-8af4-0fe6d88eb906 1.121s
2026-02-03 14:40:27.363 66497 INFO tempest.lib.common.rest_client [req-bff8f9ae-e018-4a56-a586-855367f7d802 req-bff8f9ae-e018-4a56-a586-855367f7d802 ] Request (ServersTestJSON:tearDownClass): 204 DELETE http://10.180.1.21/identity/v3/users/c5a7218a562b4f928ac641affb8783da 0.204s
2026-02-03 14:40:27.363 66497 INFO tempest.lib.common.dynamic_creds [-] Deleting project and security group for project: c85e7e15986e4e379de765011083021f
2026-02-03 14:40:27.420 66497 INFO tempest.lib.common.rest_client [req-981897ed-13fb-4a46-bc5a-8d4aa6193616 req-981897ed-13fb-4a46-bc5a-8d4aa6193616 ] Request (ServersTestJSON:tearDownClass): 200 GET http://10.180.1.21/networking/v2.0/security-groups?tenant_id=c85e7e15986e4e379de765011083021f&name=default 0.056s
2026-02-03 14:40:27.445 66513 INFO tempest.lib.common.rest_client [req-257ae56c-2320-463e-af2a-9f6f356bc80b req-257ae56c-2320-463e-af2a-9f6f356bc80b ] Request (ServerActionsTestOtherA:test_rebuild_server_in_stop_state): 200 GET http://10.180.1.21/compute/v2.1/servers/d4d3cf75-1781-46ed-afb2-44e6f2c048e2 1.197s
2026-02-03 14:40:27.452 66505 INFO tempest.lib.common.rest_client [req-c80b888d-e45b-457c-9d02-1a4f2520d06a req-c80b888d-e45b-457c-9d02-1a4f2520d06a ] Request (ServerActionsTestOtherB:test_create_backup): 200 GET http://10.180.1.21/compute/v2.1/servers/9b286a00-af27-4012-a596-45bbe98da254 1.259s
2026-02-03 14:40:27.459 66505 INFO tempest.common.waiters [-] State transition "ACTIVE/image_backup" ==> "ACTIVE/image_pending_upload" after 4 second wait
2026-02-03 14:40:27.530 66533 INFO tempest.lib.common.rest_client [req-6dd0b907-1cac-498f-83d9-64774f68b494 req-6dd0b907-1cac-498f-83d9-64774f68b494 ] Request (ServerMetadataTestJSON:setUpClass): 200 GET http://10.180.1.21/compute/v2.1/servers/36018dbd-f4b1-4740-a7bb-e96e5c174be0 1.271s
2026-02-03 14:40:27.558 66515 INFO tempest.lib.common.rest_client [req-60864dfe-96a3-473e-a888-17915f9d7196 req-60864dfe-96a3-473e-a888-17915f9d7196 ] Request (DeleteServersTestJSON:test_delete_server_while_in_shelved_state): 200 GET http://10.180.1.21/compute/v2.1/servers/26c4f07f-f4de-46b1-a462-b8cf13da075e 1.263s
2026-02-03 14:40:27.559 66493 INFO tempest.lib.common.rest_client [req-1c1b96db-0e9b-4b7c-a743-22e9799785d8 req-1c1b96db-0e9b-4b7c-a743-22e9799785d8 ] Request (MigrationsAdminTest:test_list_migrations_in_flavor_resize_situation): 200 GET http://10.180.1.21/compute/v2.1/os-migrations 1.224s
2026-02-03 14:40:27.573 66497 INFO tempest.lib.common.rest_client [req-4ec251c0-0e79-4e75-99a1-d6bfbe211feb req-4ec251c0-0e79-4e75-99a1-d6bfbe211feb ] Request (ServersTestJSON:tearDownClass): 204 DELETE http://10.180.1.21/networking/v2.0/security-groups/b854492e-6e53-42cd-9238-efda405694e6 0.152s
2026-02-03 14:40:27.648 66495 INFO tempest.lib.common.rest_client [req-a8f26a3d-4b6a-4974-bd11-bb84f11ef0c8 req-a8f26a3d-4b6a-4974-bd11-bb84f11ef0c8 ] Request (ServersAdminTestJSON:test_inject_network_info): 200 GET http://10.180.1.21/compute/v2.1/servers/5fc40115-fc0a-4401-9083-5bc33290e8c4 1.109s
2026-02-03 14:40:27.700 66489 INFO tempest.lib.common.rest_client [req-45dd8d8b-8059-4ce7-8f17-5b1cffba14b6 req-45dd8d8b-8059-4ce7-8f17-5b1cffba14b6 ] Request (ServerPasswordTestJSON:setUpClass): 200 GET http://10.180.1.21/compute/v2.1/servers/1b7bac20-84c0-4b19-b759-b75e84c7abee 1.002s
2026-02-03 14:40:27.703 66537 INFO tempest.lib.common.rest_client [req-eaa64c80-d132-4500-acc7-8a4b274d7154 req-eaa64c80-d132-4500-acc7-8a4b274d7154 ] Request (SecurityGroupRulesNegativeTestJSON:tearDownClass): 202 DELETE http://10.180.1.21/compute/v2.1/os-security-groups/26f96825-be1d-4d76-9a62-164d27c54d0d 1.117s
2026-02-03 14:40:27.743 66497 INFO tempest.lib.common.rest_client [req-ddf52688-7edc-467c-95a4-1b974567b4ad req-ddf52688-7edc-467c-95a4-1b974567b4ad ] Request (ServersTestJSON:tearDownClass): 204 DELETE http://10.180.1.21/identity/v3/projects/c85e7e15986e4e379de765011083021f 0.169s
2026-02-03 14:40:27.761 66527 INFO tempest.lib.common.rest_client [req-eb61492e-cf4e-4d67-9ad8-eb6030818dc5 req-eb61492e-cf4e-4d67-9ad8-eb6030818dc5 ] Request (ImagesOneServerNegativeTestJSON:_run_cleanups): 200 GET http://10.180.1.21/compute/v2.1/servers/30e11bc9-0bfa-4cbf-bd02-f8262e343b79 0.960s
2026-02-03 14:40:27.775 66535 INFO tempest.lib.common.rest_client [req-a4ca6401-e55a-4e6d-9ef6-9a0da645e6fb req-a4ca6401-e55a-4e6d-9ef6-9a0da645e6fb ] Request (ImagesOneServerTestJSON:tearDownClass): 200 GET http://10.180.1.21/compute/v2.1/servers/e9f84a20-8def-4f36-92eb-8625364f7024 0.952s
2026-02-03 14:40:27.803 66497 INFO tempest.lib.common.rest_client [req-299cea6e-8f9e-43a4-8b2a-1a4434aee4f1 req-299cea6e-8f9e-43a4-8b2a-1a4434aee4f1 ] Request (InstanceActionsNegativeTestJSON:setUpClass): 201 POST http://10.180.1.21/identity/v3/auth/tokens 0.058s
2026-02-03 14:40:27.829 66554 INFO tempest.lib.common.rest_client [req-15cb2e5e-d05e-4642-94dd-fe61a9d20dde req-15cb2e5e-d05e-4642-94dd-fe61a9d20dde ] Request (AttachVolumeTestJSON:test_attach_detach_volume): 200 GET http://10.180.1.21/compute/v2.1/servers/e2e07720-a241-4382-a684-0835b199e37d 0.455s
2026-02-03 14:40:27.832 66497 INFO tempest.lib.common.rest_client [req-5856265e-f2b9-4291-b876-a385813dbc74 req-5856265e-f2b9-4291-b876-a385813dbc74 ] Request (InstanceActionsNegativeTestJSON:setUpClass): 201 POST http://10.180.1.21/identity/v3/auth/tokens 0.027s
2026-02-03 14:40:27.846 66551 INFO tempest.lib.common.rest_client [req-f04cd791-a91d-4e7d-b62e-e1c8576ac3dd req-f04cd791-a91d-4e7d-b62e-e1c8576ac3dd ] Request (AttachInterfacesUnderV243Test:_run_cleanups): 200 GET http://10.180.1.21/compute/v2.1/servers/d978e71d-2c30-4a76-b000-6ddf3203ab10 0.417s
2026-02-03 14:40:27.863 66497 INFO tempest.lib.common.rest_client [req-4a5e5bcb-fa64-4f54-b479-a3c480f538d8 req-4a5e5bcb-fa64-4f54-b479-a3c480f538d8 ] Request (InstanceActionsNegativeTestJSON:setUpClass): 200 GET http://10.180.1.21/identity/v3/domains?name=Default 0.031s
2026-02-03 14:40:27.881 66547 INFO tempest.lib.common.rest_client [req-baefcf77-c7a5-4c05-b9cd-e61da929616d req-baefcf77-c7a5-4c05-b9cd-e61da929616d ] Request (SecurityGroupsTestJSON:test_list_security_groups_by_server): 200 GET http://10.180.1.21/compute/v2.1/servers/566cb5a1-5b9f-485d-9a00-ad38858e0b8e 0.384s
2026-02-03 14:40:27.894 66497 INFO tempest.lib.common.rest_client [req-a6565e31-4c1c-44df-8ab1-12d68c43c2a6 req-a6565e31-4c1c-44df-8ab1-12d68c43c2a6 ] Request (InstanceActionsNegativeTestJSON:setUpClass): 201 POST http://10.180.1.21/identity/v3/projects 0.030s
2026-02-03 14:40:27.923 66493 INFO tempest.lib.common.rest_client [req-98f155aa-39a3-4c8c-8fbc-6578f41666cd req-98f155aa-39a3-4c8c-8fbc-6578f41666cd ] Request (MigrationsAdminTest:test_resize_server_revert_deleted_flavor): 200 GET http://10.180.1.21/compute/v2.1/flavors/42 0.361s
