2026-02-03 14:38:25.226 66543 INFO tempest.lib.common.rest_client [req-3dda9938-d6ac-4d69-8031-243266700755 req-3dda9938-d6ac-4d69-8031-243266700755 ] Request (HypervisorAdminUnderV252Test:setUpClass): 204 PUT http://10.180.1.21/identity/v3/projects/46629fe2ea95473eb2d5219092d0db0a/users/7afd372bdc354eeab7af675a7a282119/roles/db4c0fd532a6478f9ff69326e0b471e1 0.019s
2026-02-03 14:38:25.226 66543 INFO tempest.lib.common.dynamic_creds [-] Dynamic test user 7afd372bdc354eeab7af675a7a282119 is created with scope project and roles: ['admin']
2026-02-03 14:38:25.226 66543 INFO tempest.lib.common.dynamic_creds [-] Acquired dynamic creds: credentials: Credentials: {'domain_id': 'default', 'domain_name': 'Default', 'username': 'tempest-HypervisorAdminUnderV252Test-271737352-project-admin', 'project_domain_id': 'default', 'project_domain_name': 'Default', 'project_id': '46629fe2ea95473eb2d5219092d0db0a', 'project_name': 'tempest-HypervisorAdminUnderV252Test-271737352', 'tenant_id': '46629fe2ea95473eb2d5219092d0db0a', 'tenant_name': 'tempest-HypervisorAdminUnderV252Test-271737352', 'user_domain_id': 'default', 'user_domain_name': 'Default', 'user_id': '7afd372bdc354eeab7af675a7a282119', 'system': None}, Network: None, Subnet: None, Router: None
2026-02-03 14:38:25.226 66543 INFO tempest.lib.common.dynamic_creds [-] Created isolated network resources for: credentials: Credentials: {'domain_id': 'default', 'domain_name': 'Default', 'username': 'tempest-HypervisorAdminUnderV252Test-271737352-project-admin', 'project_domain_id': 'default', 'project_domain_name': 'Default', 'project_id': '46629fe2ea95473eb2d5219092d0db0a', 'project_name': 'tempest-HypervisorAdminUnderV252Test-271737352', 'tenant_id': '46629fe2ea95473eb2d5219092d0db0a', 'tenant_name': 'tempest-HypervisorAdminUnderV252Test-271737352', 'user_domain_id': 'default', 'user_domain_name': 'Default', 'user_id': '7afd372bdc354eeab7af675a7a282119', 'system': None}, Network: None, Subnet: None, Router: None
2026-02-03 14:38:25.346 66543 INFO tempest.lib.common.rest_client [req-30919236-7cb4-4a69-987f-68412884c252 req-30919236-7cb4-4a69-987f-68412884c252 ] Request (HypervisorAdminUnderV252Test:setUpClass): 201 POST http://10.180.1.21/identity/v3/auth/tokens 0.115s
2026-02-03 14:38:25.373 66511 INFO tempest.lib.common.rest_client [req-de1c989f-db5b-449f-bdec-f0441496207a req-de1c989f-db5b-449f-bdec-f0441496207a ] Request (VolumesTestJSON:setUpClass): 202 POST http://10.180.1.21/volume/v3/volumes 0.420s
2026-02-03 14:38:25.423 66511 INFO tempest.lib.common.rest_client [req-76851405-7314-4707-b3f2-31a74c1f25bb req-76851405-7314-4707-b3f2-31a74c1f25bb ] Request (VolumesTestJSON:setUpClass): 200 GET http://10.180.1.21/volume/v3/volumes/e5a42902-290a-49e2-a19f-1d249ef8586c 0.037s
2026-02-03 14:38:25.423 66543 INFO tempest.lib.common.rest_client [req-8fdbc513-5439-4a44-812b-93d6bfc49d73 req-8fdbc513-5439-4a44-812b-93d6bfc49d73 ] Request (HypervisorAdminUnderV252Test:setUpClass): 200 GET http://10.180.1.21/identity/v3/projects/8a2da0a1380a46e9816c6db352561aa1 0.076s
2026-02-03 14:38:25.423 66543 INFO tempest.lib.common.dynamic_creds [-] Using the existing project 8a2da0a1380a46e9816c6db352561aa1 for scope project and roles: ['reader']
2026-02-03 14:38:25.461 66543 INFO tempest.lib.common.rest_client [req-d91cdb4a-bfec-4732-b924-d123a39a26ab req-d91cdb4a-bfec-4732-b924-d123a39a26ab ] Request (HypervisorAdminUnderV252Test:setUpClass): 201 POST http://10.180.1.21/identity/v3/users 0.038s
2026-02-03 14:38:25.492 66543 INFO tempest.lib.common.rest_client [req-ecd19d30-f184-4c98-b648-89d1aac34c66 req-ecd19d30-f184-4c98-b648-89d1aac34c66 ] Request (HypervisorAdminUnderV252Test:setUpClass): 200 GET http://10.180.1.21/identity/v3/roles 0.030s
2026-02-03 14:38:25.540 66543 INFO tempest.lib.common.rest_client [req-0d086e27-003d-4246-b766-60644b0bc55f req-0d086e27-003d-4246-b766-60644b0bc55f ] Request (HypervisorAdminUnderV252Test:setUpClass): 204 PUT http://10.180.1.21/identity/v3/projects/8a2da0a1380a46e9816c6db352561aa1/users/560d72a3563d412eaa06929f9f3a3987/roles/c13ecd211dc74f16bf5df98fae5011f1 0.047s
2026-02-03 14:38:25.541 66543 INFO tempest.lib.common.dynamic_creds [-] Dynamic test user 560d72a3563d412eaa06929f9f3a3987 is created with scope project and roles: ['reader']
2026-02-03 14:38:25.541 66543 INFO tempest.lib.common.dynamic_creds [-] Acquired dynamic creds: credentials: Credentials: {'domain_id': 'default', 'domain_name': 'Default', 'username': 'tempest-HypervisorAdminUnderV252Test-1412590300-project-reader', 'project_domain_id': 'default', 'project_domain_name': 'Default', 'project_id': '8a2da0a1380a46e9816c6db352561aa1', 'project_name': 'tempest-HypervisorAdminUnderV252Test-1412590300', 'tenant_id': '8a2da0a1380a46e9816c6db352561aa1', 'tenant_name': 'tempest-HypervisorAdminUnderV252Test-1412590300', 'user_domain_id': 'default', 'user_domain_name': 'Default', 'user_id': '560d72a3563d412eaa06929f9f3a3987', 'system': None}, Network: None, Subnet: None, Router: None
2026-02-03 14:38:25.541 66543 INFO tempest.lib.common.dynamic_creds [-] Network resources are not created for requested scope: project and credentials: Credentials: {'domain_id': 'default', 'domain_name': 'Default', 'username': 'tempest-HypervisorAdminUnderV252Test-1412590300-project-reader', 'project_domain_id': 'default', 'project_domain_name': 'Default', 'project_id': '8a2da0a1380a46e9816c6db352561aa1', 'project_name': 'tempest-HypervisorAdminUnderV252Test-1412590300', 'tenant_id': '8a2da0a1380a46e9816c6db352561aa1', 'tenant_name': 'tempest-HypervisorAdminUnderV252Test-1412590300', 'user_domain_id': 'default', 'user_domain_name': 'Default', 'user_id': '560d72a3563d412eaa06929f9f3a3987', 'system': None}, Network: None, Subnet: None, Router: None
2026-02-03 14:38:25.580 66491 INFO tempest.lib.common.rest_client [req-1f8846cb-eeda-4017-8691-3f7e646d62eb req-1f8846cb-eeda-4017-8691-3f7e646d62eb ] Request (ServersWithSpecificFlavorTestJSON:test_verify_created_server_ephemeral_disk): 200 PUT http://10.180.1.21/networking/v2.0/floatingips/92028da5-cddd-4c29-9dde-0214279234d2 0.661s
2026-02-03 14:38:25.664 66543 INFO tempest.lib.common.rest_client [req-635003d7-df55-46e3-8047-3590d72f20cf req-635003d7-df55-46e3-8047-3590d72f20cf ] Request (HypervisorAdminUnderV252Test:setUpClass): 201 POST http://10.180.1.21/identity/v3/auth/tokens 0.119s
2026-02-03 14:38:25.709 66505 INFO tempest.lib.common.rest_client [req-d056818b-7ac3-4d9c-810a-e7d55ef4687a req-d056818b-7ac3-4d9c-810a-e7d55ef4687a ] Request (ServerActionsTestOtherB:setUpClass): 201 POST http://10.180.1.21/networking/v2.0/security-groups 0.609s
2026-02-03 14:38:25.730 66519 INFO tempest.lib.common.rest_client [req-6abab26e-32c5-40f4-af7c-0ed264ef6f88 req-6abab26e-32c5-40f4-af7c-0ed264ef6f88 ] Request (FloatingIPDetailsNegativeTestJSON:tearDownClass): 200 PUT http://10.180.1.21/networking/v2.0/routers/b8558f3a-7fdf-4b6a-845d-62c80da876a8/remove_router_interface 1.017s
2026-02-03 14:38:25.765 66509 INFO tempest.lib.common.rest_client [req-901c05d3-dd35-4ac9-bd1f-45c672ec8b9f req-901c05d3-dd35-4ac9-bd1f-45c672ec8b9f ] Request (NetworksTest:test_list_all_networks): 200 GET http://10.180.1.21/compute/v2.1/os-networks 6.691s
2026-02-03 14:38:25.912 66509 INFO tempest.lib.common.rest_client [req-23df25d6-7116-43a0-a2c0-efca4956e51b req-23df25d6-7116-43a0-a2c0-efca4956e51b ] Request (NetworksTest:tearDownClass): 204 DELETE http://10.180.1.21/identity/v3/users/dd9dd1aeb2f84129afae9518d0d7a79e 0.144s
2026-02-03 14:38:25.926 66505 INFO tempest.lib.common.rest_client [req-07531971-3662-429e-99a1-b2300906c00c req-07531971-3662-429e-99a1-b2300906c00c ] Request (ServerActionsTestOtherB:setUpClass): 201 POST http://10.180.1.21/networking/v2.0/security-group-rules 0.216s
2026-02-03 14:38:26.030 66509 INFO tempest.lib.common.rest_client [req-2f29b164-a19c-48f3-b51d-f6f9d53a46fe req-2f29b164-a19c-48f3-b51d-f6f9d53a46fe ] Request (NetworksTest:tearDownClass): 204 DELETE http://10.180.1.21/identity/v3/users/e6813bb6a8d043e1a83db4dffc5f9513 0.117s
2026-02-03 14:38:26.083 66505 INFO tempest.lib.common.rest_client [req-9326315c-37e6-4d78-a7e6-e092b9294051 req-9326315c-37e6-4d78-a7e6-e092b9294051 ] Request (ServerActionsTestOtherB:setUpClass): 201 POST http://10.180.1.21/networking/v2.0/security-group-rules 0.156s
2026-02-03 14:38:26.235 66509 INFO tempest.lib.common.rest_client [req-f08a2f6f-3480-41fb-97e3-057ef8530623 req-f08a2f6f-3480-41fb-97e3-057ef8530623 ] Request (NetworksTest:tearDownClass): 204 DELETE http://10.180.1.21/identity/v3/users/a06ccbe1c0fa4180871801986b703742 0.203s
2026-02-03 14:38:26.235 66509 INFO tempest.lib.common.dynamic_creds [-] Deleting project and security group for project: 6c82655bb28c48db8aa4a09950ff0f4a
2026-02-03 14:38:26.294 66519 INFO tempest.lib.common.rest_client [req-0f7ea4d1-2c82-410b-9cd2-e26baebab8c0 req-0f7ea4d1-2c82-410b-9cd2-e26baebab8c0 ] Request (FloatingIPDetailsNegativeTestJSON:tearDownClass): 204 DELETE http://10.180.1.21/networking/v2.0/routers/b8558f3a-7fdf-4b6a-845d-62c80da876a8 0.563s
2026-02-03 14:38:26.302 66509 INFO tempest.lib.common.rest_client [req-92cfdcd1-5300-42ef-a078-5697445d205a req-92cfdcd1-5300-42ef-a078-5697445d205a ] Request (NetworksTest:tearDownClass): 201 POST http://10.180.1.21/identity/v3/auth/tokens 0.066s
2026-02-03 14:38:26.469 66519 INFO tempest.lib.common.rest_client [req-12ce4c64-cf9d-4743-b0cc-6621aa57c935 req-12ce4c64-cf9d-4743-b0cc-6621aa57c935 ] Request (FloatingIPDetailsNegativeTestJSON:tearDownClass): 204 DELETE http://10.180.1.21/networking/v2.0/subnets/3ff01438-c99c-45ae-b1df-910541f0dee7 0.174s
2026-02-03 14:38:26.474 66511 INFO tempest.lib.common.rest_client [req-097bf5db-ea09-4957-8305-adef72dd1d31 req-097bf5db-ea09-4957-8305-adef72dd1d31 ] Request (VolumesTestJSON:setUpClass): 200 GET http://10.180.1.21/volume/v3/volumes/e5a42902-290a-49e2-a19f-1d249ef8586c 0.039s
2026-02-03 14:38:26.481 66511 INFO tempest.common.waiters [-] volume e5a42902-290a-49e2-a19f-1d249ef8586c reached available after waiting for 1.481171 seconds
2026-02-03 14:38:26.657 66509 INFO tempest.lib.common.rest_client [req-526d4de4-0d61-4301-aae3-d711d2f88cc6 req-526d4de4-0d61-4301-aae3-d711d2f88cc6 ] Request (NetworksTest:tearDownClass): 200 GET http://10.180.1.21/networking/v2.0/security-groups?tenant_id=6c82655bb28c48db8aa4a09950ff0f4a&name=default 0.355s
2026-02-03 14:38:26.659 66505 INFO tempest.lib.common.rest_client [req-84a0c51e-1b7f-4702-ae4f-20e8dfa43785 req-84a0c51e-1b7f-4702-ae4f-20e8dfa43785 ] Request (ServerActionsTestOtherB:setUpClass): 201 POST http://10.180.1.21/networking/v2.0/floatingips 0.575s
2026-02-03 14:38:26.721 66505 INFO tempest.lib.common.rest_client [req-13b3b913-2e99-4240-8292-86bfbd0c293f req-13b3b913-2e99-4240-8292-86bfbd0c293f ] Request (ServerActionsTestOtherB:setUpClass): 201 POST http://10.180.1.21/identity/v3/auth/tokens 0.060s
2026-02-03 14:38:26.722 66505 INFO tempest.lib.common.fixed_network [-] (ServerActionsTestOtherB:setUpClass) Found network {'id': '7cd93ed0-202b-4b24-a579-dd5eacc8ea60', 'name': 'tempest-ServerActionsTestOtherB-2140861423-network', 'tenant_id': '3c6c9b0fcb1f453a8108522a8924bda3', 'project_id': '3c6c9b0fcb1f453a8108522a8924bda3', 'admin_state_up': True, 'mtu': 8950, 'status': 'ACTIVE', 'subnets': [], 'shared': False, 'port_security_enabled': True, 'router:external': False, 'provider:network_type': 'vlan', 'provider:physical_network': 'default', 'provider:segmentation_id': 677, 'is_default': False, 'availability_zone_hints': [], 'availability_zones': [], 'ipv4_address_scope': None, 'ipv6_address_scope': None, 'description': '', 'tags': [], 'created_at': '2026-02-03T14:38:13Z', 'updated_at': '2026-02-03T14:38:13Z', 'revision_number': 1} available for tenant
2026-02-03 14:38:26.817 66515 INFO tempest.lib.common.rest_client [req-dd0394a4-15c6-426e-af99-4451d1dec393 req-dd0394a4-15c6-426e-af99-4451d1dec393 ] Request (DeleteServersTestJSON:test_delete_active_server): 202 POST http://10.180.1.21/compute/v2.1/servers 8.128s
2026-02-03 14:38:26.866 66513 WARNING tempest.lib.common.ssh [-] Failed to establish authenticated ssh connection to cirros@10.180.180.154 ([Errno None] Unable to connect to port 22 on 10.180.180.154). Number attempts: 2. Retry after 3 seconds.: paramiko.ssh_exception.NoValidConnectionsError: [Errno None] Unable to connect to port 22 on 10.180.180.154
2026-02-03 14:38:26.899 66519 INFO tempest.lib.common.rest_client [req-d1471a8f-0ebe-48ae-91c9-c6e24daeae28 req-d1471a8f-0ebe-48ae-91c9-c6e24daeae28 ] Request (FloatingIPDetailsNegativeTestJSON:tearDownClass): 204 DELETE http://10.180.1.21/networking/v2.0/networks/a7c85f48-7c78-4058-9feb-d8c286d7ee4c 0.430s
2026-02-03 14:38:26.947 66509 INFO tempest.lib.common.rest_client [req-28611718-be40-43ce-8285-4d74a5c10fd0 req-28611718-be40-43ce-8285-4d74a5c10fd0 ] Request (NetworksTest:tearDownClass): 204 DELETE http://10.180.1.21/networking/v2.0/security-groups/021a5a32-4780-4a2d-8964-c3f8ff43f5db 0.289s
2026-02-03 14:38:26.996 66519 INFO tempest.lib.common.rest_client [req-c0435c15-0c62-4abf-a9bd-4cd33637a861 req-c0435c15-0c62-4abf-a9bd-4cd33637a861 ] Request (FloatingIPDetailsNegativeTestJSON:tearDownClass): 204 DELETE http://10.180.1.21/identity/v3/users/f91da30af5734ab1877dea5b3131ad65 0.096s
2026-02-03 14:38:27.024 66551 INFO tempest.lib.common.rest_client [req-e8b317bb-22b1-4330-80da-c382bed79bd4 req-e8b317bb-22b1-4330-80da-c382bed79bd4 ] Request (AttachInterfacesUnderV243Test:test_add_remove_fixed_ip): 200 GET http://10.180.1.21/compute/v2.1/servers/d978e71d-2c30-4a76-b000-6ddf3203ab10 5.228s
2026-02-03 14:38:27.085 66509 INFO tempest.lib.common.rest_client [req-c3d5c385-0a22-4e4f-b2c7-494c577ed707 req-c3d5c385-0a22-4e4f-b2c7-494c577ed707 ] Request (NetworksTest:tearDownClass): 204 DELETE http://10.180.1.21/identity/v3/projects/6c82655bb28c48db8aa4a09950ff0f4a 0.137s
2026-02-03 14:38:27.085 66509 INFO tempest.lib.common.dynamic_creds [-] Deleting project and security group for project: a8c354014a4749858d49bad28307c512
2026-02-03 14:38:27.112 66519 INFO tempest.lib.common.rest_client [req-d330aeea-6faf-438b-a0b9-85ed0966ad32 req-d330aeea-6faf-438b-a0b9-85ed0966ad32 ] Request (FloatingIPDetailsNegativeTestJSON:tearDownClass): 204 DELETE http://10.180.1.21/identity/v3/users/1cf141c2995d4e51a6b0a3a3ed0a9780 0.115s
2026-02-03 14:38:27.112 66519 INFO tempest.lib.common.dynamic_creds [-] Deleting project and security group for project: 698c5a0000454b779780d0e4bd9dc6c1
2026-02-03 14:38:27.217 66521 INFO tempest.lib.common.rest_client [req-a7659aac-f172-4cf6-8f1a-58e567a7d1db req-a7659aac-f172-4cf6-8f1a-58e567a7d1db ] Request (InstanceActionsV221TestJSON:test_get_list_deleted_instance_actions): 202 POST http://10.180.1.21/compute/v2.1/servers 6.235s
2026-02-03 14:38:27.246 66517 INFO tempest.lib.common.rest_client [req-f8945a1c-95a7-407e-88f9-b6d3bab679a0 req-f8945a1c-95a7-407e-88f9-b6d3bab679a0 ] Request (AggregatesAdminNegativeTestJSON:test_aggregate_create_with_existent_aggregate_name): 200 POST http://10.180.1.21/compute/v2.1/os-aggregates 5.350s
2026-02-03 14:38:27.273 66509 INFO tempest.lib.common.rest_client [req-3beac228-9e21-477a-b604-170da1235399 req-3beac228-9e21-477a-b604-170da1235399 ] Request (NetworksTest:tearDownClass): 200 GET http://10.180.1.21/networking/v2.0/security-groups?tenant_id=a8c354014a4749858d49bad28307c512&name=default 0.188s
2026-02-03 14:38:27.284 66535 INFO tempest.lib.common.rest_client [req-37bf6e91-3652-45f3-bbc2-86bb5c70828a req-37bf6e91-3652-45f3-bbc2-86bb5c70828a ] Request (FlavorsAccessNegativeTestJSON:test_flavor_non_admin_remove): 200 POST http://10.180.1.21/compute/v2.1/flavors/1237757744/action 5.392s
2026-02-03 14:38:27.314 66533 INFO tempest.lib.common.rest_client [req-7cffa61a-5fe9-4724-b7b2-62d6dc23ef07 req-7cffa61a-5fe9-4724-b7b2-62d6dc23ef07 ] Request (FlavorsAdminTestJSON:_run_cleanups): 200 GET http://10.180.1.21/compute/v2.1/flavors/detail 5.166s
2026-02-03 14:38:27.360 66519 INFO tempest.lib.common.rest_client [req-6d9962be-13fc-4923-bf3f-c84f0ccc1182 req-6d9962be-13fc-4923-bf3f-c84f0ccc1182 ] Request (FloatingIPDetailsNegativeTestJSON:tearDownClass): 200 GET http://10.180.1.21/networking/v2.0/security-groups?tenant_id=698c5a0000454b779780d0e4bd9dc6c1&name=default 0.248s
2026-02-03 14:38:27.420 66497 INFO tempest.lib.common.rest_client [req-284f8f26-7cc2-4e47-a1fb-534d87b9bb60 req-284f8f26-7cc2-4e47-a1fb-534d87b9bb60 ] Request (ServersTestJSON:setUpClass): 200 POST http://10.180.1.21/compute/v2.1/os-keypairs 5.505s
2026-02-03 14:38:27.441 66493 INFO tempest.lib.common.rest_client [req-9560b3c2-424a-4da8-baec-6b242b7ca13c req-9560b3c2-424a-4da8-baec-6b242b7ca13c ] Request (FlavorsExtraSpecsTestJSON:test_flavor_set_get_update_show_unset_keys): 200 GET http://10.180.1.21/compute/v2.1/flavors/79300950/os-extra_specs 5.256s
2026-02-03 14:38:27.475 66509 INFO tempest.lib.common.rest_client [req-f405bd25-5f5e-4002-aa8e-eb1ce619baf4 req-f405bd25-5f5e-4002-aa8e-eb1ce619baf4 ] Request (NetworksTest:tearDownClass): 204 DELETE http://10.180.1.21/networking/v2.0/security-groups/ef84126a-fa56-4715-9548-206c23cb01be 0.201s
2026-02-03 14:38:27.595 66519 INFO tempest.lib.common.rest_client [req-fe546fbd-99e3-4f16-a964-4cecf2731a21 req-fe546fbd-99e3-4f16-a964-4cecf2731a21 ] Request (FloatingIPDetailsNegativeTestJSON:tearDownClass): 204 DELETE http://10.180.1.21/networking/v2.0/security-groups/fdb9e627-e809-424e-9890-da52ed74f61a 0.234s
2026-02-03 14:38:27.601 66509 INFO tempest.lib.common.rest_client [req-029d321b-6b2d-43d9-b14c-66ba560e03af req-029d321b-6b2d-43d9-b14c-66ba560e03af ] Request (NetworksTest:tearDownClass): 204 DELETE http://10.180.1.21/identity/v3/projects/a8c354014a4749858d49bad28307c512 0.125s
2026-02-03 14:38:27.691 66509 INFO tempest.lib.common.rest_client [req-79f15b7c-5380-4522-b643-01251a7bcfcd req-79f15b7c-5380-4522-b643-01251a7bcfcd ] Request (QuotaClassesAdminTestJSON:setUpClass): 201 POST http://10.180.1.21/identity/v3/auth/tokens 0.087s
2026-02-03 14:38:27.723 66519 INFO tempest.lib.common.rest_client [req-2f3bf213-6f8d-4e4c-baa0-a86a3e566b96 req-2f3bf213-6f8d-4e4c-baa0-a86a3e566b96 ] Request (FloatingIPDetailsNegativeTestJSON:tearDownClass): 204 DELETE http://10.180.1.21/identity/v3/projects/698c5a0000454b779780d0e4bd9dc6c1 0.128s
2026-02-03 14:38:27.735 66497 INFO tempest.lib.common.rest_client [req-0e31511c-ef03-458f-8a2a-e5b91a800111 req-0e31511c-ef03-458f-8a2a-e5b91a800111 ] Request (ServersTestJSON:setUpClass): 201 POST http://10.180.1.21/networking/v2.0/security-groups 0.313s
2026-02-03 14:38:27.797 66509 INFO tempest.lib.common.rest_client [req-1188c6b5-57c8-4c72-b399-ea27d5cd6fe8 req-1188c6b5-57c8-4c72-b399-ea27d5cd6fe8 ] Request (QuotaClassesAdminTestJSON:setUpClass): 201 POST http://10.180.1.21/identity/v3/auth/tokens 0.104s
2026-02-03 14:38:27.829 66509 INFO tempest.lib.common.rest_client [req-6735b911-c8b9-4786-b200-73641639983b req-6735b911-c8b9-4786-b200-73641639983b ] Request (QuotaClassesAdminTestJSON:setUpClass): 200 GET http://10.180.1.21/identity/v3/domains?name=Default 0.032s
2026-02-03 14:38:27.859 66519 INFO tempest.lib.common.rest_client [req-12abae1e-bd7f-41e2-89bd-763098fdd6b2 req-12abae1e-bd7f-41e2-89bd-763098fdd6b2 ] Request (SecurityGroupRulesTestJSON:setUpClass): 201 POST http://10.180.1.21/identity/v3/auth/tokens 0.134s
2026-02-03 14:38:27.873 66501 INFO tempest.lib.common.rest_client [req-9d24b52a-e543-473a-a0ed-14eb4c65998b req-9d24b52a-e543-473a-a0ed-14eb4c65998b ] Request (FloatingIPsAssociationNegativeTestJSON:setUpClass): 200 GET http://10.180.1.21/compute/v2.1/servers/eb076624-c76c-47da-9320-5fc13a51b365 5.690s
2026-02-03 14:38:27.881 66509 INFO tempest.lib.common.rest_client [req-40024312-7865-47cd-ae6a-74f468bb4038 req-40024312-7865-47cd-ae6a-74f468bb4038 ] Request (QuotaClassesAdminTestJSON:setUpClass): 201 POST http://10.180.1.21/identity/v3/projects 0.051s
2026-02-03 14:38:27.887 66501 INFO tempest.common.waiters [-] State transition "BUILD/spawning" ==> "ACTIVE/None" after 18 second wait
2026-02-03 14:38:27.955 66519 INFO tempest.lib.common.rest_client [req-f06bfa47-676d-4a00-8654-33881435a540 req-f06bfa47-676d-4a00-8654-33881435a540 ] Request (SecurityGroupRulesTestJSON:setUpClass): 201 POST http://10.180.1.21/identity/v3/auth/tokens 0.092s
2026-02-03 14:38:27.976 66509 INFO tempest.lib.common.rest_client [req-a4a42091-c9d0-4675-90db-6477b39e95b0 req-a4a42091-c9d0-4675-90db-6477b39e95b0 ] Request (QuotaClassesAdminTestJSON:setUpClass): 201 POST http://10.180.1.21/identity/v3/users 0.094s
2026-02-03 14:38:27.988 66519 INFO tempest.lib.common.rest_client [req-5753b840-70eb-4fc7-9d6f-9d6a99ba8854 req-5753b840-70eb-4fc7-9d6f-9d6a99ba8854 ] Request (SecurityGroupRulesTestJSON:setUpClass): 200 GET http://10.180.1.21/identity/v3/domains?name=Default 0.032s
2026-02-03 14:38:28.004 66509 INFO tempest.lib.common.rest_client [req-9a235c74-00b7-42b4-b82d-892bacb2710d req-9a235c74-00b7-42b4-b82d-892bacb2710d ] Request (QuotaClassesAdminTestJSON:setUpClass): 200 GET http://10.180.1.21/identity/v3/roles 0.027s
2026-02-03 14:38:28.024 66519 INFO tempest.lib.common.rest_client [req-68869893-143b-4e84-b835-b492f3fb6b84 req-68869893-143b-4e84-b835-b492f3fb6b84 ] Request (SecurityGroupRulesTestJSON:setUpClass): 201 POST http://10.180.1.21/identity/v3/projects 0.036s
2026-02-03 14:38:28.030 66497 INFO tempest.lib.common.rest_client [req-e693cb2c-b541-4dd2-a000-c92728a29ac4 req-e693cb2c-b541-4dd2-a000-c92728a29ac4 ] Request (ServersTestJSON:setUpClass): 201 POST http://10.180.1.21/networking/v2.0/security-group-rules 0.294s
2026-02-03 14:38:28.048 66509 INFO tempest.lib.common.rest_client [req-989022b8-53d5-4cba-b34b-28a80d8310da req-989022b8-53d5-4cba-b34b-28a80d8310da ] Request (QuotaClassesAdminTestJSON:setUpClass): 204 PUT http://10.180.1.21/identity/v3/projects/cec754fc281e485ca09ff433b741e0e6/users/30f0f06f198744ceb050831fb1586fae/roles/12b6af12e70b4a87acb44bd64dbdbc45 0.043s
2026-02-03 14:38:28.048 66509 INFO tempest.lib.common.dynamic_creds [-] Dynamic test user 30f0f06f198744ceb050831fb1586fae is created with scope project and roles: ['member']
2026-02-03 14:38:28.048 66509 INFO tempest.lib.common.dynamic_creds [-] Acquired dynamic creds: credentials: Credentials: {'domain_id': 'default', 'domain_name': 'Default', 'username': 'tempest-QuotaClassesAdminTestJSON-1436900591-project-member', 'project_domain_id': 'default', 'project_domain_name': 'Default', 'project_id': 'cec754fc281e485ca09ff433b741e0e6', 'project_name': 'tempest-QuotaClassesAdminTestJSON-1436900591', 'tenant_id': 'cec754fc281e485ca09ff433b741e0e6', 'tenant_name': 'tempest-QuotaClassesAdminTestJSON-1436900591', 'user_domain_id': 'default', 'user_domain_name': 'Default', 'user_id': '30f0f06f198744ceb050831fb1586fae', 'system': None}, Network: None, Subnet: None, Router: None
2026-02-03 14:38:28.048 66509 INFO tempest.lib.common.dynamic_creds [-] Created isolated network resources for: credentials: Credentials: {'domain_id': 'default', 'domain_name': 'Default', 'username': 'tempest-QuotaClassesAdminTestJSON-1436900591-project-member', 'project_domain_id': 'default', 'project_domain_name': 'Default', 'project_id': 'cec754fc281e485ca09ff433b741e0e6', 'project_name': 'tempest-QuotaClassesAdminTestJSON-1436900591', 'tenant_id': 'cec754fc281e485ca09ff433b741e0e6', 'tenant_name': 'tempest-QuotaClassesAdminTestJSON-1436900591', 'user_domain_id': 'default', 'user_domain_name': 'Default', 'user_id': '30f0f06f198744ceb050831fb1586fae', 'system': None}, Network: None, Subnet: None, Router: None
2026-02-03 14:38:28.147 66519 INFO tempest.lib.common.rest_client [req-547100e4-a109-4d97-94f8-0e0bd7c37c9c req-547100e4-a109-4d97-94f8-0e0bd7c37c9c ] Request (SecurityGroupRulesTestJSON:setUpClass): 201 POST http://10.180.1.21/identity/v3/users 0.121s
2026-02-03 14:38:28.150 66509 INFO tempest.lib.common.rest_client [req-889c82c7-a5c4-41d3-a0f0-14d914e8572f req-889c82c7-a5c4-41d3-a0f0-14d914e8572f ] Request (QuotaClassesAdminTestJSON:setUpClass): 201 POST http://10.180.1.21/identity/v3/auth/tokens 0.097s
2026-02-03 14:38:28.170 66519 INFO tempest.lib.common.rest_client [req-39566d13-fa67-4483-b4d6-5ec0da636f84 req-39566d13-fa67-4483-b4d6-5ec0da636f84 ] Request (SecurityGroupRulesTestJSON:setUpClass): 200 GET http://10.180.1.21/identity/v3/roles 0.022s
2026-02-03 14:38:28.180 66509 INFO tempest.lib.common.rest_client [req-d036b129-6d17-4016-8002-cdd61383e89a req-d036b129-6d17-4016-8002-cdd61383e89a ] Request (QuotaClassesAdminTestJSON:setUpClass): 201 POST http://10.180.1.21/identity/v3/projects 0.029s
2026-02-03 14:38:28.203 66519 INFO tempest.lib.common.rest_client [req-3a62e19a-55ef-45f9-92b1-a0c3374d2356 req-3a62e19a-55ef-45f9-92b1-a0c3374d2356 ] Request (SecurityGroupRulesTestJSON:setUpClass): 204 PUT http://10.180.1.21/identity/v3/projects/5cc4770f4fb2419dafa6f9f4f8e58a06/users/f07bd1848ad049d98586a073aa835264/roles/12b6af12e70b4a87acb44bd64dbdbc45 0.033s
2026-02-03 14:38:28.203 66519 INFO tempest.lib.common.dynamic_creds [-] Dynamic test user f07bd1848ad049d98586a073aa835264 is created with scope project and roles: ['member']
2026-02-03 14:38:28.204 66519 INFO tempest.lib.common.dynamic_creds [-] Acquired dynamic creds: credentials: Credentials: {'domain_id': 'default', 'domain_name': 'Default', 'username': 'tempest-SecurityGroupRulesTestJSON-69922971-project-member', 'project_domain_id': 'default', 'project_domain_name': 'Default', 'project_id': '5cc4770f4fb2419dafa6f9f4f8e58a06', 'project_name': 'tempest-SecurityGroupRulesTestJSON-69922971', 'tenant_id': '5cc4770f4fb2419dafa6f9f4f8e58a06', 'tenant_name': 'tempest-SecurityGroupRulesTestJSON-69922971', 'user_domain_id': 'default', 'user_domain_name': 'Default', 'user_id': 'f07bd1848ad049d98586a073aa835264', 'system': None}, Network: None, Subnet: None, Router: None
2026-02-03 14:38:28.262 66497 INFO tempest.lib.common.rest_client [req-cde87f00-6020-40ee-bd8f-d1355b882462 req-cde87f00-6020-40ee-bd8f-d1355b882462 ] Request (ServersTestJSON:setUpClass): 201 POST http://10.180.1.21/networking/v2.0/security-group-rules 0.232s
2026-02-03 14:38:28.265 66519 INFO tempest.lib.common.rest_client [req-d885c025-98d6-4d42-9d7c-99ea9bb1994d req-d885c025-98d6-4d42-9d7c-99ea9bb1994d ] Request (SecurityGroupRulesTestJSON:setUpClass): 201 POST http://10.180.1.21/identity/v3/auth/tokens 0.061s
2026-02-03 14:38:28.278 66509 INFO tempest.lib.common.rest_client [req-0a592bc2-b056-4de3-b877-5069a9792b85 req-0a592bc2-b056-4de3-b877-5069a9792b85 ] Request (QuotaClassesAdminTestJSON:setUpClass): 201 POST http://10.180.1.21/identity/v3/users 0.097s
2026-02-03 14:38:28.299 66509 INFO tempest.lib.common.rest_client [req-6690f3bd-9d0b-4fd5-a30a-91e0fcddcc88 req-6690f3bd-9d0b-4fd5-a30a-91e0fcddcc88 ] Request (QuotaClassesAdminTestJSON:setUpClass): 200 GET http://10.180.1.21/identity/v3/roles 0.020s
2026-02-03 14:38:28.310 66499 INFO tempest.lib.common.rest_client [req-38d7c9c3-ace9-42d6-b90c-712e6438529e req-38d7c9c3-ace9-42d6-b90c-712e6438529e ] Request (ImagesNegativeTestJSON:test_create_image_from_deleted_server): 200 GET http://10.180.1.21/compute/v2.1/servers/f01c577a-3995-465a-98ae-21880df54cc0 5.661s
2026-02-03 14:38:28.323 66523 INFO tempest.lib.common.rest_client [req-99221a6e-ebea-46d8-a140-acfa282459a9 req-99221a6e-ebea-46d8-a140-acfa282459a9 ] Request (ServersAdmin275Test:test_rebuild_update_server_275): 202 POST http://10.180.1.21/compute/v2.1/servers/95525483-b7db-427e-87b5-3f946972a250/action 5.905s
2026-02-03 14:38:28.339 66509 INFO tempest.lib.common.rest_client [req-2fd1ab32-a5fd-4ddf-b656-2b6545f469f9 req-2fd1ab32-a5fd-4ddf-b656-2b6545f469f9 ] Request (QuotaClassesAdminTestJSON:setUpClass): 204 PUT http://10.180.1.21/identity/v3/projects/def906296dbd40c1a6c9513bc6ccc853/users/4f3914f9bd3a4804bb4978f305fade47/roles/db4c0fd532a6478f9ff69326e0b471e1 0.039s
2026-02-03 14:38:28.352 66529 INFO tempest.lib.common.rest_client [req-f7284c63-2b73-4e1a-8c19-ca7bf6eb9469 req-f7284c63-2b73-4e1a-8c19-ca7bf6eb9469 ] Request (ServerDiagnosticsV248Test:tearDownClass): 404 GET http://10.180.1.21/compute/v2.1/servers/06b7de0a-c338-44b8-97e7-c80281067528 5.232s
2026-02-03 14:38:28.419 66509 INFO tempest.lib.common.rest_client [req-90b7188f-efa2-4ef5-a3ff-29068b21f9ac req-90b7188f-efa2-4ef5-a3ff-29068b21f9ac ] Request (QuotaClassesAdminTestJSON:setUpClass): 200 GET http://10.180.1.21/identity/v3/roles 0.079s
2026-02-03 14:38:28.440 66509 INFO tempest.lib.common.rest_client [req-49905d1f-039c-4af2-bb1e-5d96098e7fe5 req-49905d1f-039c-4af2-bb1e-5d96098e7fe5 ] Request (QuotaClassesAdminTestJSON:setUpClass): 204 PUT http://10.180.1.21/identity/v3/projects/def906296dbd40c1a6c9513bc6ccc853/users/4f3914f9bd3a4804bb4978f305fade47/roles/db4c0fd532a6478f9ff69326e0b471e1 0.020s
2026-02-03 14:38:28.441 66509 INFO tempest.lib.common.dynamic_creds [-] Dynamic test user 4f3914f9bd3a4804bb4978f305fade47 is created with scope project and roles: ['admin']
2026-02-03 14:38:28.441 66509 INFO tempest.lib.common.dynamic_creds [-] Acquired dynamic creds: credentials: Credentials: {'domain_id': 'default', 'domain_name': 'Default', 'username': 'tempest-QuotaClassesAdminTestJSON-2131702301-project-admin', 'project_domain_id': 'default', 'project_domain_name': 'Default', 'project_id': 'def906296dbd40c1a6c9513bc6ccc853', 'project_name': 'tempest-QuotaClassesAdminTestJSON-2131702301', 'tenant_id': 'def906296dbd40c1a6c9513bc6ccc853', 'tenant_name': 'tempest-QuotaClassesAdminTestJSON-2131702301', 'user_domain_id': 'default', 'user_domain_name': 'Default', 'user_id': '4f3914f9bd3a4804bb4978f305fade47', 'system': None}, Network: None, Subnet: None, Router: None
2026-02-03 14:38:28.441 66509 INFO tempest.lib.common.dynamic_creds [-] Created isolated network resources for: credentials: Credentials: {'domain_id': 'default', 'domain_name': 'Default', 'username': 'tempest-QuotaClassesAdminTestJSON-2131702301-project-admin', 'project_domain_id': 'default', 'project_domain_name': 'Default', 'project_id': 'def906296dbd40c1a6c9513bc6ccc853', 'project_name': 'tempest-QuotaClassesAdminTestJSON-2131702301', 'tenant_id': 'def906296dbd40c1a6c9513bc6ccc853', 'tenant_name': 'tempest-QuotaClassesAdminTestJSON-2131702301', 'user_domain_id': 'default', 'user_domain_name': 'Default', 'user_id': '4f3914f9bd3a4804bb4978f305fade47', 'system': None}, Network: None, Subnet: None, Router: None
2026-02-03 14:38:28.478 66529 INFO tempest.lib.common.rest_client [req-ec05e9f3-2abe-4abc-96ac-18dadaa72cac req-ec05e9f3-2abe-4abc-96ac-18dadaa72cac ] Request (ServerDiagnosticsV248Test:tearDownClass): 204 DELETE http://10.180.1.21/identity/v3/users/5fa8dcf39d6d47be971386ec88c33fb0 0.125s
2026-02-03 14:38:28.559 66509 INFO tempest.lib.common.rest_client [req-4b7bd9e2-ac41-432d-92ea-55ff118b56fa req-4b7bd9e2-ac41-432d-92ea-55ff118b56fa ] Request (QuotaClassesAdminTestJSON:setUpClass): 201 POST http://10.180.1.21/identity/v3/auth/tokens 0.114s
2026-02-03 14:38:28.619 66507 INFO tempest.lib.common.rest_client [req-3a1845e5-41ed-42f3-8101-f0c708c622a9 req-3a1845e5-41ed-42f3-8101-f0c708c622a9 ] Request (QuotasAdminTestJSON:test_get_updated_quotas): 200 GET http://10.180.1.21/compute/v2.1/os-quota-sets/b3a74e9be02045e1ab4d1ebf2e705cc4?user_id=ef49ea7bcfbf4eef915851a26dcfb80e 5.018s
2026-02-03 14:38:28.650 66509 INFO tempest.lib.common.rest_client [req-4d977dce-0aad-4859-a497-6eeb620dd3c8 req-4d977dce-0aad-4859-a497-6eeb620dd3c8 ] Request (QuotaClassesAdminTestJSON:setUpClass): 200 GET http://10.180.1.21/identity/v3/projects/cec754fc281e485ca09ff433b741e0e6 0.090s
2026-02-03 14:38:28.650 66509 INFO tempest.lib.common.dynamic_creds [-] Using the existing project cec754fc281e485ca09ff433b741e0e6 for scope project and roles: ['reader']
2026-02-03 14:38:28.704 66529 INFO tempest.lib.common.rest_client [req-0b73c993-a077-46a9-bbd2-60fd4160cdc8 req-0b73c993-a077-46a9-bbd2-60fd4160cdc8 ] Request (ServerDiagnosticsV248Test:tearDownClass): 204 DELETE http://10.180.1.21/identity/v3/users/52c0b6acb7e748848ea20899588617f3 0.226s
2026-02-03 14:38:28.727 66507 INFO tempest.lib.common.rest_client [req-d48cb532-c756-435a-9225-b3dfe2f123ae req-d48cb532-c756-435a-9225-b3dfe2f123ae ] Request (QuotasAdminTestJSON:_run_cleanups): 204 DELETE http://10.180.1.21/identity/v3/users/ef49ea7bcfbf4eef915851a26dcfb80e 0.104s
2026-02-03 14:38:28.787 66537 WARNING tempest.lib.common.ssh [-] Failed to establish authenticated ssh connection to cirros@10.180.180.209 ([Errno None] Unable to connect to port 22 on 10.180.180.209). Number attempts: 3. Retry after 4 seconds.: paramiko.ssh_exception.NoValidConnectionsError: [Errno None] Unable to connect to port 22 on 10.180.180.209
2026-02-03 14:38:28.791 66545 INFO tempest.lib.common.rest_client [req-2cfeade4-9e04-4bd1-9e4b-2e0076bcd27c req-2cfeade4-9e04-4bd1-9e4b-2e0076bcd27c ] Request (ImagesMetadataTestJSON:setUp): 200 PUT http://10.180.1.21/compute/v2.1/images/72e9032d-0c17-4fad-8342-a6e93b9c019c/metadata 5.153s
2026-02-03 14:38:28.805 66509 INFO tempest.lib.common.rest_client [req-1b20626b-50aa-469d-980c-d91ade2b6510 req-1b20626b-50aa-469d-980c-d91ade2b6510 ] Request (QuotaClassesAdminTestJSON:setUpClass): 201 POST http://10.180.1.21/identity/v3/users 0.154s
2026-02-03 14:38:28.821 66497 INFO tempest.lib.common.rest_client [req-88ab8ddd-e5e5-4bc3-8171-e544260d2108 req-88ab8ddd-e5e5-4bc3-8171-e544260d2108 ] Request (ServersTestJSON:setUpClass): 201 POST http://10.180.1.21/networking/v2.0/floatingips 0.558s
2026-02-03 14:38:28.848 66529 INFO tempest.lib.common.rest_client [req-4f485f07-7745-46bb-af4b-9be80a7d6786 req-4f485f07-7745-46bb-af4b-9be80a7d6786 ] Request (ServerDiagnosticsV248Test:tearDownClass): 204 DELETE http://10.180.1.21/identity/v3/users/154bd0ec2ed048d5a9da35efcf72fc98 0.144s
2026-02-03 14:38:28.849 66529 INFO tempest.lib.common.dynamic_creds [-] Deleting project and security group for project: 2bb5c47db8574e80966a797f214a2a2a
2026-02-03 14:38:28.914 66509 INFO tempest.lib.common.rest_client [req-c3567c3f-a462-4c42-a790-f7fa3d723b35 req-c3567c3f-a462-4c42-a790-f7fa3d723b35 ] Request (QuotaClassesAdminTestJSON:setUpClass): 200 GET http://10.180.1.21/identity/v3/roles 0.109s
2026-02-03 14:38:28.918 66547 INFO tempest.lib.common.rest_client [req-a14955ae-d518-4c21-9718-dc2eaaad5a7b req-a14955ae-d518-4c21-9718-dc2eaaad5a7b ] Request (VolumesAdminNegativeTest:tearDownClass): 204 DELETE http://10.180.1.21/compute/v2.1/servers/6a23cbd2-7031-484c-809e-436397029c7d 5.036s
2026-02-03 14:38:28.969 66507 INFO tempest.lib.common.rest_client [req-c37afd1e-72bf-4c8d-ae65-071d8993942b req-c37afd1e-72bf-4c8d-ae65-071d8993942b ] Request (QuotasAdminTestJSON:_run_cleanups): 204 DELETE http://10.180.1.21/identity/v3/projects/b3a74e9be02045e1ab4d1ebf2e705cc4 0.242s
2026-02-03 14:38:29.019 66497 INFO tempest.lib.common.rest_client [req-5e91fb44-c8a5-4eb2-bb90-d10f07061af2 req-5e91fb44-c8a5-4eb2-bb90-d10f07061af2 ] Request (ServersTestJSON:setUpClass): 201 POST http://10.180.1.21/identity/v3/auth/tokens 0.196s
2026-02-03 14:38:29.020 66497 INFO tempest.lib.common.fixed_network [-] (ServersTestJSON:setUpClass) Found network {'id': 'a0fc71cb-b2b3-4c49-84f4-a690fb3e140e', 'name': 'tempest-ServersTestJSON-389312898-network', 'tenant_id': 'c85e7e15986e4e379de765011083021f', 'project_id': 'c85e7e15986e4e379de765011083021f', 'admin_state_up': True, 'mtu': 8950, 'status': 'ACTIVE', 'subnets': [], 'shared': False, 'port_security_enabled': True, 'router:external': False, 'provider:network_type': 'vlan', 'provider:physical_network': 'default', 'provider:segmentation_id': 940, 'is_default': False, 'availability_zone_hints': [], 'availability_zones': [], 'ipv4_address_scope': None, 'ipv6_address_scope': None, 'description': '', 'tags': [], 'created_at': '2026-02-03T14:38:16Z', 'updated_at': '2026-02-03T14:38:16Z', 'revision_number': 1} available for tenant
2026-02-03 14:38:29.041 66529 INFO tempest.lib.common.rest_client [req-ae791133-c82c-4320-9dff-aa2026635ce6 req-ae791133-c82c-4320-9dff-aa2026635ce6 ] Request (ServerDiagnosticsV248Test:tearDownClass): 201 POST http://10.180.1.21/identity/v3/auth/tokens 0.192s
2026-02-03 14:38:29.061 66509 INFO tempest.lib.common.rest_client [req-5907363e-8021-43d6-abbe-a65b62027107 req-5907363e-8021-43d6-abbe-a65b62027107 ] Request (QuotaClassesAdminTestJSON:setUpClass): 204 PUT http://10.180.1.21/identity/v3/projects/cec754fc281e485ca09ff433b741e0e6/users/c45c3947e4b94f83971da1757b4c6860/roles/c13ecd211dc74f16bf5df98fae5011f1 0.146s
2026-02-03 14:38:29.062 66509 INFO tempest.lib.common.dynamic_creds [-] Dynamic test user c45c3947e4b94f83971da1757b4c6860 is created with scope project and roles: ['reader']
2026-02-03 14:38:29.062 66509 INFO tempest.lib.common.dynamic_creds [-] Acquired dynamic creds: credentials: Credentials: {'domain_id': 'default', 'domain_name': 'Default', 'username': 'tempest-QuotaClassesAdminTestJSON-1436900591-project-reader', 'project_domain_id': 'default', 'project_domain_name': 'Default', 'project_id': 'cec754fc281e485ca09ff433b741e0e6', 'project_name': 'tempest-QuotaClassesAdminTestJSON-1436900591', 'tenant_id': 'cec754fc281e485ca09ff433b741e0e6', 'tenant_name': 'tempest-QuotaClassesAdminTestJSON-1436900591', 'user_domain_id': 'default', 'user_domain_name': 'Default', 'user_id': 'c45c3947e4b94f83971da1757b4c6860', 'system': None}, Network: None, Subnet: None, Router: None
2026-02-03 14:38:29.062 66509 INFO tempest.lib.common.dynamic_creds [-] Network resources are not created for requested scope: project and credentials: Credentials: {'domain_id': 'default', 'domain_name': 'Default', 'username': 'tempest-QuotaClassesAdminTestJSON-1436900591-project-reader', 'project_domain_id': 'default', 'project_domain_name': 'Default', 'project_id': 'cec754fc281e485ca09ff433b741e0e6', 'project_name': 'tempest-QuotaClassesAdminTestJSON-1436900591', 'tenant_id': 'cec754fc281e485ca09ff433b741e0e6', 'tenant_name': 'tempest-QuotaClassesAdminTestJSON-1436900591', 'user_domain_id': 'default', 'user_domain_name': 'Default', 'user_id': 'c45c3947e4b94f83971da1757b4c6860', 'system': None}, Network: None, Subnet: None, Router: None
2026-02-03 14:38:29.133 66509 INFO tempest.lib.common.rest_client [req-cc7da47d-1b67-43fe-ac82-d767d5a7503d req-cc7da47d-1b67-43fe-ac82-d767d5a7503d ] Request (QuotaClassesAdminTestJSON:setUpClass): 201 POST http://10.180.1.21/identity/v3/auth/tokens 0.068s
2026-02-03 14:38:29.221 66519 INFO tempest.lib.common.rest_client [req-91d94474-d891-4ff9-b151-8b4152a9bd32 req-91d94474-d891-4ff9-b151-8b4152a9bd32 ] Request (SecurityGroupRulesTestJSON:setUpClass): 201 POST http://10.180.1.21/networking/v2.0/networks 0.955s
2026-02-03 14:38:29.494 66529 INFO tempest.lib.common.rest_client [req-b30c0fc8-ea58-47b3-b07e-d71445f3e9bd req-b30c0fc8-ea58-47b3-b07e-d71445f3e9bd ] Request (ServerDiagnosticsV248Test:tearDownClass): 200 GET http://10.180.1.21/networking/v2.0/security-groups?tenant_id=2bb5c47db8574e80966a797f214a2a2a&name=default 0.452s
2026-02-03 14:38:29.518 66519 INFO tempest.lib.common.rest_client [req-7179c160-5e3b-4abb-8812-2c9dd57f827e req-7179c160-5e3b-4abb-8812-2c9dd57f827e ] Request (SecurityGroupRulesTestJSON:setUpClass): 201 POST http://10.180.1.21/networking/v2.0/subnets 0.296s
2026-02-03 14:38:29.528 66539 INFO tempest.lib.common.rest_client [req-7b0b5462-f4ef-4683-9ba1-88ae52fd0c45 req-7b0b5462-f4ef-4683-9ba1-88ae52fd0c45 ] Request (DeleteServersAdminTestJSON:test_delete_server_while_in_error_state): 200 GET http://10.180.1.21/compute/v2.1/servers/788343e6-5c24-4e9b-9c74-e14f3b179cdb 5.253s
2026-02-03 14:38:29.688 66529 INFO tempest.lib.common.rest_client [req-8e9db941-9fb8-48e2-8f28-d00e641b64f1 req-8e9db941-9fb8-48e2-8f28-d00e641b64f1 ] Request (ServerDiagnosticsV248Test:tearDownClass): 204 DELETE http://10.180.1.21/networking/v2.0/security-groups/767e3507-d98f-4e3a-bcad-20515eab2dfd 0.194s
2026-02-03 14:38:29.770 66529 INFO tempest.lib.common.rest_client [req-22981197-7fc0-457c-a2ae-1451c3f675c1 req-22981197-7fc0-457c-a2ae-1451c3f675c1 ] Request (ServerDiagnosticsV248Test:tearDownClass): 204 DELETE http://10.180.1.21/identity/v3/projects/2bb5c47db8574e80966a797f214a2a2a 0.081s
2026-02-03 14:38:29.771 66529 INFO tempest.lib.common.dynamic_creds [-] Deleting project and security group for project: fba943d0315b45eb985b61d90b4ca7fa
2026-02-03 14:38:29.906 66550 INFO tempest.lib.common.rest_client [req-d37f4263-4615-4dde-94ef-a8198ab7df5d req-d37f4263-4615-4dde-94ef-a8198ab7df5d ] Request (ServersListShow296Test:test_list_show_update_rebuild_server_296): 200 GET http://10.180.1.21/compute/v2.1/servers/4c0f39b0-e3b5-4cdf-81ea-e1bf02f8e4b3 5.515s
2026-02-03 14:38:30.070 66529 INFO tempest.lib.common.rest_client [req-ebbd86b9-4462-4b3c-8453-813f890e16f9 req-ebbd86b9-4462-4b3c-8453-813f890e16f9 ] Request (ServerDiagnosticsV248Test:tearDownClass): 200 GET http://10.180.1.21/networking/v2.0/security-groups?tenant_id=fba943d0315b45eb985b61d90b4ca7fa&name=default 0.299s
2026-02-03 14:38:30.371 66513 WARNING tempest.lib.common.ssh [-] Failed to establish authenticated ssh connection to cirros@10.180.180.154 ([Errno None] Unable to connect to port 22 on 10.180.180.154). Number attempts: 3. Retry after 4 seconds.: paramiko.ssh_exception.NoValidConnectionsError: [Errno None] Unable to connect to port 22 on 10.180.180.154
2026-02-03 14:38:30.473 66519 INFO tempest.lib.common.rest_client [req-22f4af63-7839-42fe-9c3c-fc92526381f9 req-22f4af63-7839-42fe-9c3c-fc92526381f9 ] Request (SecurityGroupRulesTestJSON:setUpClass): 201 POST http://10.180.1.21/networking/v2.0/routers 0.955s
2026-02-03 14:38:30.689 66529 INFO tempest.lib.common.rest_client [req-9ad146df-3f47-4047-92e4-dd9e7baad57a req-9ad146df-3f47-4047-92e4-dd9e7baad57a ] Request (ServerDiagnosticsV248Test:tearDownClass): 204 DELETE http://10.180.1.21/networking/v2.0/security-groups/09f72004-8317-4720-8709-7e46df45c3ac 0.619s
2026-02-03 14:38:30.691 66495 INFO tempest.lib.common.rest_client [req-6b0b7fe6-d75e-46b8-9722-3a117b58eeca req-6b0b7fe6-d75e-46b8-9722-3a117b58eeca ] Request (ServersAdminTestJSON:setUpClass): 202 POST http://10.180.1.21/compute/v2.1/servers 8.031s
2026-02-03 14:38:30.699 66527 INFO tempest.lib.common.rest_client [req-e9dfaca1-2923-4b28-89b0-20b91634068d req-e9dfaca1-2923-4b28-89b0-20b91634068d ] Request (ImagesOneServerNegativeTestJSON:test_create_image_specify_name_over_character_limit): 400 POST http://10.180.1.21/compute/v2.1/servers/230cc05f-433e-4510-947f-35466335662d/action 6.021s
2026-02-03 14:38:30.857 66529 INFO tempest.lib.common.rest_client [req-c526bf74-eaf0-4bb6-904f-7af0528a1475 req-c526bf74-eaf0-4bb6-904f-7af0528a1475 ] Request (ServerDiagnosticsV248Test:tearDownClass): 204 DELETE http://10.180.1.21/identity/v3/projects/fba943d0315b45eb985b61d90b4ca7fa 0.167s
2026-02-03 14:38:30.956 66529 INFO tempest.lib.common.rest_client [req-100343a4-9810-4635-94a5-2606e7f03f69 req-100343a4-9810-4635-94a5-2606e7f03f69 ] Request (KeyPairsV22TestJSON:setUpClass): 201 POST http://10.180.1.21/identity/v3/auth/tokens 0.097s
2026-02-03 14:38:30.993 66529 INFO tempest.lib.common.rest_client [req-374ac323-25ca-413e-aace-47dfa70132a5 req-374ac323-25ca-413e-aace-47dfa70132a5 ] Request (KeyPairsV22TestJSON:setUpClass): 201 POST http://10.180.1.21/identity/v3/auth/tokens 0.034s
2026-02-03 14:38:31.023 66529 INFO tempest.lib.common.rest_client [req-66b3faf0-005b-4d61-9581-a25423ea0394 req-66b3faf0-005b-4d61-9581-a25423ea0394 ] Request (KeyPairsV22TestJSON:setUpClass): 200 GET http://10.180.1.21/identity/v3/domains?name=Default 0.030s
2026-02-03 14:38:31.054 66529 INFO tempest.lib.common.rest_client [req-319b429c-628f-4b2e-89aa-41f03afe8d3e req-319b429c-628f-4b2e-89aa-41f03afe8d3e ] Request (KeyPairsV22TestJSON:setUpClass): 201 POST http://10.180.1.21/identity/v3/projects 0.030s
2026-02-03 14:38:31.131 66529 INFO tempest.lib.common.rest_client [req-a3827456-8e7a-4da1-9563-fdddd58a14d9 req-a3827456-8e7a-4da1-9563-fdddd58a14d9 ] Request (KeyPairsV22TestJSON:setUpClass): 201 POST http://10.180.1.21/identity/v3/users 0.076s
2026-02-03 14:38:31.155 66529 INFO tempest.lib.common.rest_client [req-15a21803-c2c7-4768-887c-d6a2b44fb40f req-15a21803-c2c7-4768-887c-d6a2b44fb40f ] Request (KeyPairsV22TestJSON:setUpClass): 200 GET http://10.180.1.21/identity/v3/roles 0.024s
2026-02-03 14:38:31.193 66529 INFO tempest.lib.common.rest_client [req-3f76a9e3-4f7f-45bb-aab4-5614e1904bb0 req-3f76a9e3-4f7f-45bb-aab4-5614e1904bb0 ] Request (KeyPairsV22TestJSON:setUpClass): 204 PUT http://10.180.1.21/identity/v3/projects/4c945c0d54d34f5dba609f731f23f585/users/f93c94b5463c4fc7884944f4f4c3a17d/roles/12b6af12e70b4a87acb44bd64dbdbc45 0.037s
2026-02-03 14:38:31.193 66529 INFO tempest.lib.common.dynamic_creds [-] Dynamic test user f93c94b5463c4fc7884944f4f4c3a17d is created with scope project and roles: ['member']
2026-02-03 14:38:31.193 66529 INFO tempest.lib.common.dynamic_creds [-] Acquired dynamic creds: credentials: Credentials: {'domain_id': 'default', 'domain_name': 'Default', 'username': 'tempest-KeyPairsV22TestJSON-911406041-project-member', 'project_domain_id': 'default', 'project_domain_name': 'Default', 'project_id': '4c945c0d54d34f5dba609f731f23f585', 'project_name': 'tempest-KeyPairsV22TestJSON-911406041', 'tenant_id': '4c945c0d54d34f5dba609f731f23f585', 'tenant_name': 'tempest-KeyPairsV22TestJSON-911406041', 'user_domain_id': 'default', 'user_domain_name': 'Default', 'user_id': 'f93c94b5463c4fc7884944f4f4c3a17d', 'system': None}, Network: None, Subnet: None, Router: None
2026-02-03 14:38:31.193 66529 INFO tempest.lib.common.dynamic_creds [-] Created isolated network resources for: credentials: Credentials: {'domain_id': 'default', 'domain_name': 'Default', 'username': 'tempest-KeyPairsV22TestJSON-911406041-project-member', 'project_domain_id': 'default', 'project_domain_name': 'Default', 'project_id': '4c945c0d54d34f5dba609f731f23f585', 'project_name': 'tempest-KeyPairsV22TestJSON-911406041', 'tenant_id': '4c945c0d54d34f5dba609f731f23f585', 'tenant_name': 'tempest-KeyPairsV22TestJSON-911406041', 'user_domain_id': 'default', 'user_domain_name': 'Default', 'user_id': 'f93c94b5463c4fc7884944f4f4c3a17d', 'system': None}, Network: None, Subnet: None, Router: None
2026-02-03 14:38:31.275 66529 INFO tempest.lib.common.rest_client [req-719e240d-0035-498b-8f00-c4480dcc1de3 req-719e240d-0035-498b-8f00-c4480dcc1de3 ] Request (KeyPairsV22TestJSON:setUpClass): 201 POST http://10.180.1.21/identity/v3/auth/tokens 0.079s
2026-02-03 14:38:31.324 66529 INFO tempest.lib.common.rest_client [req-54cabd4f-15f7-4781-bbdd-572170f703a1 req-54cabd4f-15f7-4781-bbdd-572170f703a1 ] Request (KeyPairsV22TestJSON:setUpClass): 200 GET http://10.180.1.21/identity/v3/projects/4c945c0d54d34f5dba609f731f23f585 0.049s
2026-02-03 14:38:31.326 66529 INFO tempest.lib.common.dynamic_creds [-] Using the existing project 4c945c0d54d34f5dba609f731f23f585 for scope project and roles: ['reader']
2026-02-03 14:38:31.366 66529 INFO tempest.lib.common.rest_client [req-c6f148bd-e4c6-41ca-a1df-ec5502d1ab67 req-c6f148bd-e4c6-41ca-a1df-ec5502d1ab67 ] Request (KeyPairsV22TestJSON:setUpClass): 201 POST http://10.180.1.21/identity/v3/users 0.039s
2026-02-03 14:38:31.389 66529 INFO tempest.lib.common.rest_client [req-7e0bdb50-c391-487f-8879-254a359d235d req-7e0bdb50-c391-487f-8879-254a359d235d ] Request (KeyPairsV22TestJSON:setUpClass): 200 GET http://10.180.1.21/identity/v3/roles 0.022s
2026-02-03 14:38:31.423 66529 INFO tempest.lib.common.rest_client [req-5ed1e24b-17ec-406a-8b81-ba6e3a58c243 req-5ed1e24b-17ec-406a-8b81-ba6e3a58c243 ] Request (KeyPairsV22TestJSON:setUpClass): 204 PUT http://10.180.1.21/identity/v3/projects/4c945c0d54d34f5dba609f731f23f585/users/f73ffb29ed80478ead338d510ec6961f/roles/c13ecd211dc74f16bf5df98fae5011f1 0.033s
2026-02-03 14:38:31.423 66529 INFO tempest.lib.common.dynamic_creds [-] Dynamic test user f73ffb29ed80478ead338d510ec6961f is created with scope project and roles: ['reader']
2026-02-03 14:38:31.424 66529 INFO tempest.lib.common.dynamic_creds [-] Acquired dynamic creds: credentials: Credentials: {'domain_id': 'default', 'domain_name': 'Default', 'username': 'tempest-KeyPairsV22TestJSON-911406041-project-reader', 'project_domain_id': 'default', 'project_domain_name': 'Default', 'project_id': '4c945c0d54d34f5dba609f731f23f585', 'project_name': 'tempest-KeyPairsV22TestJSON-911406041', 'tenant_id': '4c945c0d54d34f5dba609f731f23f585', 'tenant_name': 'tempest-KeyPairsV22TestJSON-911406041', 'user_domain_id': 'default', 'user_domain_name': 'Default', 'user_id': 'f73ffb29ed80478ead338d510ec6961f', 'system': None}, Network: None, Subnet: None, Router: None
2026-02-03 14:38:31.424 66529 INFO tempest.lib.common.dynamic_creds [-] Network resources are not created for requested scope: project and credentials: Credentials: {'domain_id': 'default', 'domain_name': 'Default', 'username': 'tempest-KeyPairsV22TestJSON-911406041-project-reader', 'project_domain_id': 'default', 'project_domain_name': 'Default', 'project_id': '4c945c0d54d34f5dba609f731f23f585', 'project_name': 'tempest-KeyPairsV22TestJSON-911406041', 'tenant_id': '4c945c0d54d34f5dba609f731f23f585', 'tenant_name': 'tempest-KeyPairsV22TestJSON-911406041', 'user_domain_id': 'default', 'user_domain_name': 'Default', 'user_id': 'f73ffb29ed80478ead338d510ec6961f', 'system': None}, Network: None, Subnet: None, Router: None
2026-02-03 14:38:31.516 66529 INFO tempest.lib.common.rest_client [req-83633fcb-f031-4262-9655-e74077af0159 req-83633fcb-f031-4262-9655-e74077af0159 ] Request (KeyPairsV22TestJSON:setUpClass): 201 POST http://10.180.1.21/identity/v3/auth/tokens 0.090s
2026-02-03 14:38:31.793 66519 INFO tempest.lib.common.rest_client [req-52cb4290-1d3d-42d5-9cee-16db9652adbf req-52cb4290-1d3d-42d5-9cee-16db9652adbf ] Request (SecurityGroupRulesTestJSON:setUpClass): 200 PUT http://10.180.1.21/networking/v2.0/routers/4e544477-3f7c-4fc8-996a-17d91b051be0/add_router_interface 1.320s
