2026-02-03 14:38:31.794 66519 INFO tempest.lib.common.dynamic_creds [-] Created isolated network resources for: credentials: Credentials: {'domain_id': 'default', 'domain_name': 'Default', 'username': 'tempest-SecurityGroupRulesTestJSON-69922971-project-member', 'project_domain_id': 'default', 'project_domain_name': 'Default', 'project_id': '5cc4770f4fb2419dafa6f9f4f8e58a06', 'project_name': 'tempest-SecurityGroupRulesTestJSON-69922971', 'tenant_id': '5cc4770f4fb2419dafa6f9f4f8e58a06', 'tenant_name': 'tempest-SecurityGroupRulesTestJSON-69922971', 'user_domain_id': 'default', 'user_domain_name': 'Default', 'user_id': 'f07bd1848ad049d98586a073aa835264', 'system': None}, Network: {'id': 'f413dcb8-9d1a-40ed-b0d3-9a4cbd64a028', 'name': 'tempest-SecurityGroupRulesTestJSON-2133728341-network', 'tenant_id': '5cc4770f4fb2419dafa6f9f4f8e58a06', 'project_id': '5cc4770f4fb2419dafa6f9f4f8e58a06', 'admin_state_up': True, 'mtu': 8950, 'status': 'ACTIVE', 'subnets': [], 'shared': False, 'port_security_enabled': True, 'router:external': False, 'provider:network_type': 'vlan', 'provider:physical_network': 'default', 'provider:segmentation_id': 175, 'is_default': False, 'availability_zone_hints': [], 'availability_zones': [], 'ipv4_address_scope': None, 'ipv6_address_scope': None, 'description': '', 'tags': [], 'created_at': '2026-02-03T14:38:29Z', 'updated_at': '2026-02-03T14:38:29Z', 'revision_number': 1}, Subnet: {'id': '8f56da20-4c58-4497-8777-d823a60a8070', 'name': 'tempest-SecurityGroupRulesTestJSON-2133728341-subnet', 'tenant_id': '5cc4770f4fb2419dafa6f9f4f8e58a06', 'network_id': 'f413dcb8-9d1a-40ed-b0d3-9a4cbd64a028', 'ip_version': 4, 'subnetpool_id': None, 'enable_dhcp': True, 'ipv6_ra_mode': None, 'ipv6_address_mode': None, 'gateway_ip': '192.168.128.1', 'cidr': '192.168.128.0/28', 'allocation_pools': [{'start': '192.168.128.2', 'end': '192.168.128.14'}], 'host_routes': [], 'dns_nameservers': [], 'description': '', 'router:external': False, 'service_types': [], 'tags': [], 'created_at': '2026-02-03T14:38:29Z', 'updated_at': '2026-02-03T14:38:29Z', 'revision_number': 0, 'project_id': '5cc4770f4fb2419dafa6f9f4f8e58a06'}, Router: {'id': '4e544477-3f7c-4fc8-996a-17d91b051be0', 'name': 'tempest-SecurityGroupRulesTestJSON-2133728341-router', 'tenant_id': '5cc4770f4fb2419dafa6f9f4f8e58a06', 'admin_state_up': True, 'status': 'ACTIVE', 'external_gateway_info': {'network_id': '6b91c2e0-2d07-4f95-8a39-bb84580e5fa2', 'external_fixed_ips': [{'subnet_id': '9d2ae309-0ca6-4315-984a-9ec9c720f3ed', 'ip_address': '10.180.180.231'}], 'enable_snat': True}, 'description': '', 'availability_zones': [], 'distributed': False, 'ha': False, 'availability_zone_hints': [], 'routes': [], 'flavor_id': None, 'tags': [], 'created_at': '2026-02-03T14:38:29Z', 'updated_at': '2026-02-03T14:38:30Z', 'revision_number': 2, 'project_id': '5cc4770f4fb2419dafa6f9f4f8e58a06'}
2026-02-03 14:38:31.815 66489 INFO tempest.lib.common.rest_client [req-e2a1decd-8187-40cc-81ab-b6a44ebffb47 req-e2a1decd-8187-40cc-81ab-b6a44ebffb47 ] Request (ServersTestManualDisk:setUpClass): 200 GET http://10.180.1.21/compute/v2.1/servers/eb466e5e-a499-4856-9c12-c7ca87b53230/os-interface 6.852s
2026-02-03 14:38:31.896 66519 INFO tempest.lib.common.rest_client [req-7f939345-3029-48d2-bb08-8d899a7d0d33 req-7f939345-3029-48d2-bb08-8d899a7d0d33 ] Request (SecurityGroupRulesTestJSON:setUpClass): 201 POST http://10.180.1.21/identity/v3/auth/tokens 0.098s
2026-02-03 14:38:31.924 66541 WARNING tempest.lib.common.ssh [-] Failed to establish authenticated ssh connection to cirros@10.180.180.169 ([Errno None] Unable to connect to port 22 on 10.180.180.169). Number attempts: 4. Retry after 5 seconds.: paramiko.ssh_exception.NoValidConnectionsError: [Errno None] Unable to connect to port 22 on 10.180.180.169
2026-02-03 14:38:31.970 66519 INFO tempest.lib.common.rest_client [req-0f9ab6ee-0fcd-4554-a547-8954bbf58eaa req-0f9ab6ee-0fcd-4554-a547-8954bbf58eaa ] Request (SecurityGroupRulesTestJSON:setUpClass): 200 GET http://10.180.1.21/identity/v3/projects/5cc4770f4fb2419dafa6f9f4f8e58a06 0.072s
2026-02-03 14:38:31.970 66519 INFO tempest.lib.common.dynamic_creds [-] Using the existing project 5cc4770f4fb2419dafa6f9f4f8e58a06 for scope project and roles: ['reader']
2026-02-03 14:38:32.011 66519 INFO tempest.lib.common.rest_client [req-4d9639a7-1e03-49d5-becf-c25abc5e6629 req-4d9639a7-1e03-49d5-becf-c25abc5e6629 ] Request (SecurityGroupRulesTestJSON:setUpClass): 201 POST http://10.180.1.21/identity/v3/users 0.041s
2026-02-03 14:38:32.040 66519 INFO tempest.lib.common.rest_client [req-3f130632-55b0-4882-8212-ac8e98d4ac5e req-3f130632-55b0-4882-8212-ac8e98d4ac5e ] Request (SecurityGroupRulesTestJSON:setUpClass): 200 GET http://10.180.1.21/identity/v3/roles 0.028s
2026-02-03 14:38:32.088 66519 INFO tempest.lib.common.rest_client [req-0e969898-66cf-4a21-957a-649793fe73ba req-0e969898-66cf-4a21-957a-649793fe73ba ] Request (SecurityGroupRulesTestJSON:setUpClass): 204 PUT http://10.180.1.21/identity/v3/projects/5cc4770f4fb2419dafa6f9f4f8e58a06/users/743eaa866b5c408d99f9e7ada10b8489/roles/c13ecd211dc74f16bf5df98fae5011f1 0.047s
2026-02-03 14:38:32.089 66519 INFO tempest.lib.common.dynamic_creds [-] Dynamic test user 743eaa866b5c408d99f9e7ada10b8489 is created with scope project and roles: ['reader']
2026-02-03 14:38:32.089 66519 INFO tempest.lib.common.dynamic_creds [-] Acquired dynamic creds: credentials: Credentials: {'domain_id': 'default', 'domain_name': 'Default', 'username': 'tempest-SecurityGroupRulesTestJSON-69922971-project-reader', 'project_domain_id': 'default', 'project_domain_name': 'Default', 'project_id': '5cc4770f4fb2419dafa6f9f4f8e58a06', 'project_name': 'tempest-SecurityGroupRulesTestJSON-69922971', 'tenant_id': '5cc4770f4fb2419dafa6f9f4f8e58a06', 'tenant_name': 'tempest-SecurityGroupRulesTestJSON-69922971', 'user_domain_id': 'default', 'user_domain_name': 'Default', 'user_id': '743eaa866b5c408d99f9e7ada10b8489', 'system': None}, Network: None, Subnet: None, Router: None
2026-02-03 14:38:32.089 66519 INFO tempest.lib.common.dynamic_creds [-] Network resources are not created for requested scope: project and credentials: Credentials: {'domain_id': 'default', 'domain_name': 'Default', 'username': 'tempest-SecurityGroupRulesTestJSON-69922971-project-reader', 'project_domain_id': 'default', 'project_domain_name': 'Default', 'project_id': '5cc4770f4fb2419dafa6f9f4f8e58a06', 'project_name': 'tempest-SecurityGroupRulesTestJSON-69922971', 'tenant_id': '5cc4770f4fb2419dafa6f9f4f8e58a06', 'tenant_name': 'tempest-SecurityGroupRulesTestJSON-69922971', 'user_domain_id': 'default', 'user_domain_name': 'Default', 'user_id': '743eaa866b5c408d99f9e7ada10b8489', 'system': None}, Network: None, Subnet: None, Router: None
2026-02-03 14:38:32.196 66519 INFO tempest.lib.common.rest_client [req-f8f72a90-d1c1-48d6-8b24-40c6036b8bb1 req-f8f72a90-d1c1-48d6-8b24-40c6036b8bb1 ] Request (SecurityGroupRulesTestJSON:setUpClass): 201 POST http://10.180.1.21/identity/v3/auth/tokens 0.104s
2026-02-03 14:38:32.925 66489 INFO tempest.lib.common.rest_client [req-b98510fa-3961-49f3-b4bc-49434f058be5 req-b98510fa-3961-49f3-b4bc-49434f058be5 ] Request (ServersTestManualDisk:setUpClass): 200 PUT http://10.180.1.21/networking/v2.0/floatingips/ee1fac70-a007-4d0a-b42d-5e68881359b8 1.106s
2026-02-03 14:38:33.089 66554 INFO tempest.lib.common.rest_client [req-f5bd643b-7e89-472b-9022-cb89daa99c6c req-f5bd643b-7e89-472b-9022-cb89daa99c6c ] Request (InstanceActionsTestJSON:setUpClass): 200 GET http://10.180.1.21/compute/v2.1/servers/4821048b-4b5a-40b5-8888-f00dd28425d1 7.995s
2026-02-03 14:38:33.098 66554 INFO tempest.common.waiters [-] State transition "BUILD/spawning" ==> "ACTIVE/None" after 9 second wait
2026-02-03 14:38:33.260 66491 INFO tempest.lib.common.rest_client [req-dd223036-58e3-4734-bcf0-20d06dd276da req-dd223036-58e3-4734-bcf0-20d06dd276da ] Request (ServersWithSpecificFlavorTestJSON:test_verify_created_server_ephemeral_disk): 200 GET http://10.180.1.21/compute/v2.1/servers/4f7fb80a-cb05-4bd5-bb10-380d95b2e892 7.680s
2026-02-03 14:38:33.271 66491 INFO tempest.lib.common.ssh [-] Creating ssh connection to '10.180.180.179:22' as 'cirros' with public key authentication
2026-02-03 14:38:33.404 66543 INFO tempest.lib.common.rest_client [req-4e18e2b4-c3c5-4067-9ed2-c5b92e160889 req-4e18e2b4-c3c5-4067-9ed2-c5b92e160889 ] Request (HypervisorAdminUnderV252Test:test_get_hypervisor_show_servers): 200 GET http://10.180.1.21/compute/v2.1/os-hypervisors 7.739s
2026-02-03 14:38:33.448 66511 INFO tempest.lib.common.rest_client [req-41f0ea54-8b57-4749-8f5e-17c52f6bcd62 req-41f0ea54-8b57-4749-8f5e-17c52f6bcd62 ] Request (VolumesTestJSON:setUpClass): 200 GET http://10.180.1.21/compute/v2.1/os-volumes/e5a42902-290a-49e2-a19f-1d249ef8586c 6.966s
2026-02-03 14:38:33.611 66511 INFO tempest.lib.common.rest_client [req-1900f030-3c19-4d43-95be-fccddb29d9d8 req-1900f030-3c19-4d43-95be-fccddb29d9d8 ] Request (VolumesTestJSON:setUpClass): 202 POST http://10.180.1.21/volume/v3/volumes 0.160s
2026-02-03 14:38:33.660 66511 INFO tempest.lib.common.rest_client [req-825c07ac-e0a0-4177-8511-97f8230d0850 req-825c07ac-e0a0-4177-8511-97f8230d0850 ] Request (VolumesTestJSON:setUpClass): 200 GET http://10.180.1.21/volume/v3/volumes/dfe541bf-aaa1-4b10-9f24-0924629aa827 0.039s
2026-02-03 14:38:33.761 66503 INFO tempest.lib.common.rest_client [req-b6110bf2-0927-4836-a2d1-5ea0ce0e4e62 req-b6110bf2-0927-4836-a2d1-5ea0ce0e4e62 ] Request (FloatingIPsAssociationTestJSON:test_associate_already_associated_floating_ip): 202 POST http://10.180.1.21/compute/v2.1/servers/88cd130c-b811-4789-aea2-964848abdd69/action 9.263s
2026-02-03 14:38:33.849 66515 INFO tempest.lib.common.rest_client [req-0b14d84d-9c68-4233-b920-b2d75bc90531 req-0b14d84d-9c68-4233-b920-b2d75bc90531 ] Request (DeleteServersTestJSON:test_delete_active_server): 200 GET http://10.180.1.21/compute/v2.1/servers/6ef7bbde-0ba8-44a9-8643-e674a14f3cbc 7.029s
2026-02-03 14:38:33.883 66505 INFO tempest.lib.common.rest_client [req-dde5fd7a-1304-47c8-a187-ad9bf03e5361 req-dde5fd7a-1304-47c8-a187-ad9bf03e5361 ] Request (ServerActionsTestOtherB:setUpClass): 202 POST http://10.180.1.21/compute/v2.1/servers 7.160s
2026-02-03 14:38:33.907 66517 INFO tempest.lib.common.rest_client [req-4ee77c48-9eec-48f1-89f4-afb2f43ce26a req-4ee77c48-9eec-48f1-89f4-afb2f43ce26a ] Request (AggregatesAdminNegativeTestJSON:test_aggregate_create_with_existent_aggregate_name): 409 POST http://10.180.1.21/compute/v2.1/os-aggregates 6.657s
2026-02-03 14:38:33.914 66535 INFO tempest.lib.common.rest_client [req-00099fa8-b9e6-4a2a-92d4-e6dbc9fe6ffd req-00099fa8-b9e6-4a2a-92d4-e6dbc9fe6ffd ] Request (FlavorsAccessNegativeTestJSON:test_flavor_non_admin_remove): 403 POST http://10.180.1.21/compute/v2.1/flavors/1237757744/action 6.629s
2026-02-03 14:38:33.935 66533 INFO tempest.lib.common.rest_client [req-d48846d6-cfa5-4ebd-8031-cd0ef702fb69 req-d48846d6-cfa5-4ebd-8031-cd0ef702fb69 ] Request (FlavorsAdminTestJSON:test_create_list_flavor_without_extra_data): 200 POST http://10.180.1.21/compute/v2.1/flavors 6.600s
2026-02-03 14:38:33.960 66521 INFO tempest.lib.common.rest_client [req-6a937bcb-dec8-4656-be72-24d67f9dc5ac req-6a937bcb-dec8-4656-be72-24d67f9dc5ac ] Request (InstanceActionsV221TestJSON:test_get_list_deleted_instance_actions): 200 GET http://10.180.1.21/compute/v2.1/servers/b5a974d7-e117-4b99-9b0c-f9c8a7cfec4f 6.741s
2026-02-03 14:38:33.963 66493 INFO tempest.lib.common.rest_client [req-b6eb28ca-ac77-43fb-ac2a-deb494b53577 req-b6eb28ca-ac77-43fb-ac2a-deb494b53577 ] Request (FlavorsExtraSpecsTestJSON:test_flavor_set_get_update_show_unset_keys): 200 DELETE http://10.180.1.21/compute/v2.1/flavors/79300950/os-extra_specs/hw:numa_nodes 6.518s
2026-02-03 14:38:34.293 66491 WARNING tempest.lib.common.ssh [-] Failed to establish authenticated ssh connection to cirros@10.180.180.179 ([Errno None] Unable to connect to port 22 on 10.180.180.179). Number attempts: 1. Retry after 2 seconds.: paramiko.ssh_exception.NoValidConnectionsError: [Errno None] Unable to connect to port 22 on 10.180.180.179
2026-02-03 14:38:34.626 66551 INFO tempest.lib.common.rest_client [req-ad7d12d5-401c-4529-80de-e35c74fe2355 req-ad7d12d5-401c-4529-80de-e35c74fe2355 ] Request (AttachInterfacesUnderV243Test:test_add_remove_fixed_ip): 200 GET http://10.180.1.21/compute/v2.1/servers/d978e71d-2c30-4a76-b000-6ddf3203ab10 6.592s
2026-02-03 14:38:34.633 66551 INFO tempest.common.waiters [-] State transition "BUILD/networking" ==> "BUILD/spawning" after 7 second wait
2026-02-03 14:38:34.713 66511 INFO tempest.lib.common.rest_client [req-a81090bc-dc16-4b72-b920-01113114d814 req-a81090bc-dc16-4b72-b920-01113114d814 ] Request (VolumesTestJSON:setUpClass): 200 GET http://10.180.1.21/volume/v3/volumes/dfe541bf-aaa1-4b10-9f24-0924629aa827 0.044s
2026-02-03 14:38:34.720 66511 INFO tempest.common.waiters [-] volume dfe541bf-aaa1-4b10-9f24-0924629aa827 reached available after waiting for 1.720740 seconds
2026-02-03 14:38:34.812 66523 INFO tempest.lib.common.rest_client [req-2c80216e-6976-4c04-8b1f-44646246e153 req-2c80216e-6976-4c04-8b1f-44646246e153 ] Request (ServersAdmin275Test:_run_cleanups): 200 GET http://10.180.1.21/compute/v2.1/servers/95525483-b7db-427e-87b5-3f946972a250 6.475s
2026-02-03 14:38:34.867 66545 INFO tempest.lib.common.rest_client [req-9ad579fe-6420-49ca-ac27-60f95e256eae req-9ad579fe-6420-49ca-ac27-60f95e256eae ] Request (ImagesMetadataTestJSON:test_list_image_metadata): 200 GET http://10.180.1.21/compute/v2.1/images/72e9032d-0c17-4fad-8342-a6e93b9c019c/metadata 6.075s
2026-02-03 14:38:34.878 66513 WARNING tempest.lib.common.ssh [-] Failed to establish authenticated ssh connection to cirros@10.180.180.154 ([Errno None] Unable to connect to port 22 on 10.180.180.154). Number attempts: 4. Retry after 5 seconds.: paramiko.ssh_exception.NoValidConnectionsError: [Errno None] Unable to connect to port 22 on 10.180.180.154
2026-02-03 14:38:34.994 66501 INFO tempest.lib.common.rest_client [req-1d459f0b-e85b-48ed-bd0f-73ea9e165124 req-1d459f0b-e85b-48ed-bd0f-73ea9e165124 ] Request (FloatingIPsAssociationNegativeTestJSON:test_associate_ip_to_server_with_floating_ip): 200 POST http://10.180.1.21/compute/v2.1/os-floating-ips 7.106s
2026-02-03 14:38:35.042 66547 INFO tempest.lib.common.rest_client [req-e6f04e7c-438a-4213-ae58-17bd3d46b35e req-e6f04e7c-438a-4213-ae58-17bd3d46b35e ] Request (VolumesAdminNegativeTest:tearDownClass): 200 GET http://10.180.1.21/compute/v2.1/servers/6a23cbd2-7031-484c-809e-436397029c7d 6.123s
2026-02-03 14:38:35.089 66507 INFO tempest.lib.common.rest_client [req-4cd0e57d-f3bc-4884-a0cc-e18404023d9f req-4cd0e57d-f3bc-4884-a0cc-e18404023d9f ] Request (QuotasAdminTestJSON:test_update_all_quota_resources_for_tenant): 200 GET http://10.180.1.21/compute/v2.1/os-quota-sets/8ce7cf12fc1b49adb1511076651d6b4f/defaults 6.118s
2026-02-03 14:38:35.357 66499 INFO tempest.lib.common.rest_client [req-0316d013-8e19-4a17-86fd-774db7dc7702 req-0316d013-8e19-4a17-86fd-774db7dc7702 ] Request (ImagesNegativeTestJSON:test_create_image_from_deleted_server): 200 GET http://10.180.1.21/compute/v2.1/servers/f01c577a-3995-465a-98ae-21880df54cc0 6.036s
2026-02-03 14:38:35.369 66499 INFO tempest.common.waiters [-] State transition "BUILD/spawning" ==> "ACTIVE/None" after 14 second wait
2026-02-03 14:38:35.582 66539 INFO tempest.lib.common.rest_client [req-b951e328-9aaf-4fd8-9223-b43a0f2fd4b3 req-b951e328-9aaf-4fd8-9223-b43a0f2fd4b3 ] Request (DeleteServersAdminTestJSON:test_delete_server_while_in_error_state): 200 GET http://10.180.1.21/compute/v2.1/servers/788343e6-5c24-4e9b-9c74-e14f3b179cdb 5.045s
2026-02-03 14:38:35.595 66539 INFO tempest.common.waiters [-] State transition "BUILD/spawning" ==> "ACTIVE/None" after 24 second wait
2026-02-03 14:38:35.663 66495 INFO tempest.lib.common.rest_client [req-c048463f-2503-40bd-92ee-199867285262 req-c048463f-2503-40bd-92ee-199867285262 ] Request (ServersAdminTestJSON:setUpClass): 200 GET http://10.180.1.21/compute/v2.1/servers/c0545749-bc03-4f28-a0d4-ebaf55049095 4.970s
2026-02-03 14:38:35.735 66497 INFO tempest.lib.common.rest_client [req-8552b672-a0ed-4c24-8d2a-6760714747af req-8552b672-a0ed-4c24-8d2a-6760714747af ] Request (ServersTestJSON:setUpClass): 202 POST http://10.180.1.21/compute/v2.1/servers 6.714s
2026-02-03 14:38:35.804 66527 INFO tempest.lib.common.rest_client [req-dea47218-4615-421b-ab38-056e90b8a3f7 req-dea47218-4615-421b-ab38-056e90b8a3f7 ] Request (ImagesOneServerNegativeTestJSON:tearDown): 200 GET http://10.180.1.21/compute/v2.1/servers/230cc05f-433e-4510-947f-35466335662d 5.105s
2026-02-03 14:38:35.819 66550 INFO tempest.lib.common.rest_client [req-54ef1436-7bc7-46da-8703-9841eb3703fa req-54ef1436-7bc7-46da-8703-9841eb3703fa ] Request (ServersListShow296Test:test_list_show_update_rebuild_server_296): 200 GET http://10.180.1.21/compute/v2.1/servers/4c0f39b0-e3b5-4cdf-81ea-e1bf02f8e4b3 4.898s
2026-02-03 14:38:35.831 66550 INFO tempest.common.waiters [-] State transition "BUILD/None" ==> "BUILD/spawning" after 6 second wait
2026-02-03 14:38:35.922 66529 INFO tempest.lib.common.rest_client [req-37017e6a-0ef2-4091-9f44-751acce64abc req-37017e6a-0ef2-4091-9f44-751acce64abc ] Request (KeyPairsV22TestJSON:test_get_keypair_detail): 201 POST http://10.180.1.21/compute/v2.1/os-keypairs 4.403s
2026-02-03 14:38:36.010 66519 INFO tempest.lib.common.rest_client [req-20a21421-3b29-4e5c-9ae2-906ef95304e0 req-20a21421-3b29-4e5c-9ae2-906ef95304e0 ] Request (SecurityGroupRulesTestJSON:test_security_group_rules_create): 200 POST http://10.180.1.21/compute/v2.1/os-security-groups 3.812s
2026-02-03 14:38:36.110 66554 INFO tempest.lib.common.rest_client [req-7101f1d7-6d72-49a6-9b6d-aba500b16c12 req-7101f1d7-6d72-49a6-9b6d-aba500b16c12 ] Request (InstanceActionsTestJSON:test_get_instance_action): 200 GET http://10.180.1.21/compute/v2.1/servers/4821048b-4b5a-40b5-8888-f00dd28425d1/os-instance-actions/req-7be8f3b0-52ce-4aa1-8406-1a9bbf5db177 3.010s
2026-02-03 14:38:36.151 66489 INFO tempest.lib.common.rest_client [req-72322f2a-1e31-45a2-823c-6be12814f1ee req-72322f2a-1e31-45a2-823c-6be12814f1ee ] Request (ServersTestManualDisk:setUpClass): 200 GET http://10.180.1.21/compute/v2.1/servers/eb466e5e-a499-4856-9c12-c7ca87b53230 3.225s
2026-02-03 14:38:36.163 66489 INFO tempest.lib.common.ssh [-] Creating ssh connection to '10.180.180.206:22' as 'cirros' with public key authentication
2026-02-03 14:38:36.169 66543 INFO tempest.lib.common.rest_client [req-4efae95a-d23f-45f4-9826-9ed669fbe1f0 req-4efae95a-d23f-45f4-9826-9ed669fbe1f0 ] Request (HypervisorAdminUnderV252Test:test_get_hypervisor_show_servers): 200 GET http://10.180.1.21/compute/v2.1/os-hypervisors/domain-c8.fc996f14-c53b-4953-92e3-bdfa48f5cc28/servers 2.763s
2026-02-03 14:38:36.239 66505 INFO tempest.lib.common.rest_client [req-175fb3ba-fa58-4399-880e-342475b7db5c req-175fb3ba-fa58-4399-880e-342475b7db5c ] Request (ServerActionsTestOtherB:setUpClass): 200 GET http://10.180.1.21/compute/v2.1/servers/9b286a00-af27-4012-a596-45bbe98da254 2.354s
2026-02-03 14:38:36.265 66517 INFO tempest.lib.common.rest_client [req-078e0c5a-cce7-4efc-9d8c-62e3a1fafd37 req-078e0c5a-cce7-4efc-9d8c-62e3a1fafd37 ] Request (AggregatesAdminNegativeTestJSON:_run_cleanups): 200 DELETE http://10.180.1.21/compute/v2.1/os-aggregates/4 2.354s
2026-02-03 14:38:36.385 66535 INFO tempest.lib.common.rest_client [req-8f06cf0f-1454-4bad-850d-8f2f6429b87f req-8f06cf0f-1454-4bad-850d-8f2f6429b87f ] Request (FlavorsAccessNegativeTestJSON:_run_cleanups): 200 POST http://10.180.1.21/compute/v2.1/flavors/1237757744/action 2.470s
2026-02-03 14:38:36.405 66533 INFO tempest.lib.common.rest_client [req-d5a71702-9966-438a-82e0-8a4afc55adff req-d5a71702-9966-438a-82e0-8a4afc55adff ] Request (FlavorsAdminTestJSON:test_create_list_flavor_without_extra_data): 200 GET http://10.180.1.21/compute/v2.1/flavors/1644759939 2.464s
2026-02-03 14:38:36.406 66537 WARNING tempest.lib.common.ssh [-] Failed to establish authenticated ssh connection to cirros@10.180.180.209 ([Errno None] Unable to connect to port 22 on 10.180.180.209). Number attempts: 4. Retry after 5 seconds.: paramiko.ssh_exception.NoValidConnectionsError: [Errno None] Unable to connect to port 22 on 10.180.180.209
2026-02-03 14:38:36.430 66493 INFO tempest.lib.common.rest_client [req-c0a65a51-c340-495d-afea-800f70c5fb80 req-c0a65a51-c340-495d-afea-800f70c5fb80 ] Request (FlavorsExtraSpecsTestJSON:test_flavor_set_get_update_show_unset_keys): 200 DELETE http://10.180.1.21/compute/v2.1/flavors/79300950/os-extra_specs/hw:cpu_policy 2.467s
2026-02-03 14:38:36.484 66511 INFO tempest.lib.common.rest_client [req-7a2408be-f721-4413-a3e0-60d72054c9b3 req-7a2408be-f721-4413-a3e0-60d72054c9b3 ] Request (VolumesTestJSON:setUpClass): 200 GET http://10.180.1.21/compute/v2.1/os-volumes/dfe541bf-aaa1-4b10-9f24-0924629aa827 1.763s
2026-02-03 14:38:36.638 66511 INFO tempest.lib.common.rest_client [req-5b0adb23-316b-4e9e-a401-ad7daba6fc8b req-5b0adb23-316b-4e9e-a401-ad7daba6fc8b ] Request (VolumesTestJSON:setUpClass): 202 POST http://10.180.1.21/volume/v3/volumes 0.151s
2026-02-03 14:38:36.670 66511 INFO tempest.lib.common.rest_client [req-4490f63e-85ed-436e-bc77-026b468f7efe req-4490f63e-85ed-436e-bc77-026b468f7efe ] Request (VolumesTestJSON:setUpClass): 200 GET http://10.180.1.21/volume/v3/volumes/c2b8115c-3c2e-44d0-a06c-8b93395abaf5 0.025s
2026-02-03 14:38:36.689 66503 INFO tempest.lib.common.rest_client [req-77626ae5-e235-49d7-b2f1-3896dbb996cd req-77626ae5-e235-49d7-b2f1-3896dbb996cd ] Request (FloatingIPsAssociationTestJSON:test_associate_already_associated_floating_ip): 409 POST http://10.180.1.21/compute/v2.1/servers/caf7856c-4e51-4e6c-ad32-2088e15d5d8f/action 2.927s
2026-02-03 14:38:36.747 66515 INFO tempest.lib.common.rest_client [req-bbfb958a-be7f-4829-b98d-b65f0afd0814 req-bbfb958a-be7f-4829-b98d-b65f0afd0814 ] Request (DeleteServersTestJSON:test_delete_active_server): 200 GET http://10.180.1.21/compute/v2.1/servers/6ef7bbde-0ba8-44a9-8643-e674a14f3cbc 1.887s
2026-02-03 14:38:36.759 66515 INFO tempest.common.waiters [-] State transition "BUILD/networking" ==> "BUILD/spawning" after 3 second wait
2026-02-03 14:38:36.797 66491 WARNING tempest.lib.common.ssh [-] Failed to establish authenticated ssh connection to cirros@10.180.180.179 ([Errno None] Unable to connect to port 22 on 10.180.180.179). Number attempts: 2. Retry after 3 seconds.: paramiko.ssh_exception.NoValidConnectionsError: [Errno None] Unable to connect to port 22 on 10.180.180.179
2026-02-03 14:38:36.867 66521 INFO tempest.lib.common.rest_client [req-2aefe6f0-5819-46e4-a073-ec50482f751d req-2aefe6f0-5819-46e4-a073-ec50482f751d ] Request (InstanceActionsV221TestJSON:test_get_list_deleted_instance_actions): 200 GET http://10.180.1.21/compute/v2.1/servers/b5a974d7-e117-4b99-9b0c-f9c8a7cfec4f 1.893s
2026-02-03 14:38:36.876 66521 INFO tempest.common.waiters [-] State transition "BUILD/None" ==> "BUILD/networking" after 3 second wait
2026-02-03 14:38:36.907 66545 INFO tempest.lib.common.rest_client [req-da59ee18-a1ef-43e9-9941-4d910a56870f req-da59ee18-a1ef-43e9-9941-4d910a56870f ] Request (ImagesMetadataTestJSON:setUp): 200 PUT http://10.180.1.21/compute/v2.1/images/72e9032d-0c17-4fad-8342-a6e93b9c019c/metadata 2.035s
2026-02-03 14:38:37.114 66507 INFO tempest.lib.common.rest_client [req-f6a61b47-6937-4869-9479-2711e279667e req-f6a61b47-6937-4869-9479-2711e279667e ] Request (QuotasAdminTestJSON:test_update_all_quota_resources_for_tenant): 200 PUT http://10.180.1.21/compute/v2.1/os-quota-sets/8ce7cf12fc1b49adb1511076651d6b4f 2.022s
2026-02-03 14:38:37.173 66489 WARNING tempest.lib.common.ssh [-] Failed to establish authenticated ssh connection to cirros@10.180.180.206 ([Errno None] Unable to connect to port 22 on 10.180.180.206). Number attempts: 1. Retry after 2 seconds.: paramiko.ssh_exception.NoValidConnectionsError: [Errno None] Unable to connect to port 22 on 10.180.180.206
2026-02-03 14:38:37.214 66499 INFO tempest.lib.common.rest_client [req-4701e196-8cbe-49fd-9944-fe22f057bf5b req-4701e196-8cbe-49fd-9944-fe22f057bf5b ] Request (ImagesNegativeTestJSON:test_create_image_from_deleted_server): 204 DELETE http://10.180.1.21/compute/v2.1/servers/f01c577a-3995-465a-98ae-21880df54cc0 1.844s
2026-02-03 14:38:37.296 66539 INFO tempest.lib.common.rest_client [req-62940b4e-dc48-4076-ae64-1c44d393bb47 req-62940b4e-dc48-4076-ae64-1c44d393bb47 ] Request (DeleteServersAdminTestJSON:test_delete_server_while_in_error_state): 202 POST http://10.180.1.21/compute/v2.1/servers/788343e6-5c24-4e9b-9c74-e14f3b179cdb/action 1.700s
2026-02-03 14:38:37.709 66511 INFO tempest.lib.common.rest_client [req-592a50f5-da64-4c0b-9b16-6c760cb15946 req-592a50f5-da64-4c0b-9b16-6c760cb15946 ] Request (VolumesTestJSON:setUpClass): 200 GET http://10.180.1.21/volume/v3/volumes/c2b8115c-3c2e-44d0-a06c-8b93395abaf5 0.031s
2026-02-03 14:38:37.718 66511 INFO tempest.common.waiters [-] volume c2b8115c-3c2e-44d0-a06c-8b93395abaf5 reached available after waiting for 1.717920 seconds
2026-02-03 14:38:37.856 66551 INFO tempest.lib.common.rest_client [req-b166596c-e505-4798-8451-d6cd530d9dcc req-b166596c-e505-4798-8451-d6cd530d9dcc ] Request (AttachInterfacesUnderV243Test:test_add_remove_fixed_ip): 200 GET http://10.180.1.21/compute/v2.1/servers/d978e71d-2c30-4a76-b000-6ddf3203ab10 2.221s
2026-02-03 14:38:37.960 66497 INFO tempest.lib.common.rest_client [req-185fce1a-571c-4a9f-bac4-49e692bbb309 req-185fce1a-571c-4a9f-bac4-49e692bbb309 ] Request (ServersTestJSON:setUpClass): 200 GET http://10.180.1.21/compute/v2.1/servers/f0e88cef-300d-42a4-9cb6-843dc85da6a3 2.222s
2026-02-03 14:38:38.195 66527 INFO tempest.lib.common.rest_client [req-3436d5e1-2f8d-4ff5-8ae5-e7cf729b1063 req-3436d5e1-2f8d-4ff5-8ae5-e7cf729b1063 ] Request (ImagesOneServerNegativeTestJSON:setUp): 200 GET http://10.180.1.21/compute/v2.1/servers/230cc05f-433e-4510-947f-35466335662d 2.380s
2026-02-03 14:38:38.270 66501 INFO tempest.lib.common.rest_client [req-5ecaf0c9-e868-4832-88dc-fb86327208c8 req-5ecaf0c9-e868-4832-88dc-fb86327208c8 ] Request (FloatingIPsAssociationNegativeTestJSON:test_associate_ip_to_server_with_floating_ip): 202 POST http://10.180.1.21/compute/v2.1/servers/eb076624-c76c-47da-9320-5fc13a51b365/action 3.273s
2026-02-03 14:38:38.283 66529 INFO tempest.lib.common.rest_client [req-fd70760b-505e-45bd-a8c5-6a80bf28a579 req-fd70760b-505e-45bd-a8c5-6a80bf28a579 ] Request (KeyPairsV22TestJSON:test_get_keypair_detail): 200 GET http://10.180.1.21/compute/v2.1/os-keypairs/tempest-keypair-1115352438 2.360s
2026-02-03 14:38:38.290 66523 INFO tempest.lib.common.rest_client [req-c487d12a-c30a-4757-9d29-906e8283c6bf req-c487d12a-c30a-4757-9d29-906e8283c6bf ] Request (ServersAdmin275Test:_run_cleanups): 200 GET http://10.180.1.21/compute/v2.1/servers/95525483-b7db-427e-87b5-3f946972a250 2.464s
2026-02-03 14:38:38.301 66523 INFO tempest.common.waiters [-] State transition "REBUILD/rebuild_spawning" ==> "ACTIVE/None" after 4 second wait
2026-02-03 14:38:38.436 66519 INFO tempest.lib.common.rest_client [req-a92fc694-5354-4b7f-8dba-015d92b92717 req-a92fc694-5354-4b7f-8dba-015d92b92717 ] Request (SecurityGroupRulesTestJSON:test_security_group_rules_create): 200 POST http://10.180.1.21/compute/v2.1/os-security-group-rules 2.422s
2026-02-03 14:38:38.455 66547 INFO tempest.lib.common.rest_client [req-409106ee-2b40-4726-a0b0-7fdb33cbdf22 req-409106ee-2b40-4726-a0b0-7fdb33cbdf22 ] Request (VolumesAdminNegativeTest:tearDownClass): 200 GET http://10.180.1.21/compute/v2.1/servers/6a23cbd2-7031-484c-809e-436397029c7d 2.403s
2026-02-03 14:38:38.477 66543 INFO tempest.lib.common.rest_client [req-ed6d305c-e51c-4ac2-b06a-09b419a8c991 req-ed6d305c-e51c-4ac2-b06a-09b419a8c991 ] Request (HypervisorAdminUnderV252Test:test_search_hypervisor): 200 GET http://10.180.1.21/compute/v2.1/os-hypervisors 2.304s
2026-02-03 14:38:38.502 66517 INFO tempest.lib.common.rest_client [req-d86704ec-fd14-4d40-a3e9-7b7913c13111 req-d86704ec-fd14-4d40-a3e9-7b7913c13111 ] Request (AggregatesAdminNegativeTestJSON:test_aggregate_delete_as_user): 200 POST http://10.180.1.21/compute/v2.1/os-aggregates 2.235s
2026-02-03 14:38:38.505 66554 INFO tempest.lib.common.rest_client [req-3b40bd7d-b500-4ca0-a2b8-64a64345af4b req-3b40bd7d-b500-4ca0-a2b8-64a64345af4b ] Request (InstanceActionsTestJSON:test_list_instance_actions): 202 POST http://10.180.1.21/compute/v2.1/servers/4821048b-4b5a-40b5-8888-f00dd28425d1/action 2.389s
2026-02-03 14:38:38.523 66535 INFO tempest.lib.common.rest_client [req-6f374da3-f1d9-48dc-af42-3d7f2aa9d62c req-6f374da3-f1d9-48dc-af42-3d7f2aa9d62c ] Request (FlavorsAccessNegativeTestJSON:_run_cleanups): 202 DELETE http://10.180.1.21/compute/v2.1/flavors/1237757744 2.136s
2026-02-03 14:38:38.532 66533 INFO tempest.lib.common.rest_client [req-ac26204d-bb11-47fa-90a5-80bca28fae11 req-ac26204d-bb11-47fa-90a5-80bca28fae11 ] Request (FlavorsAdminTestJSON:test_create_list_flavor_without_extra_data): 200 GET http://10.180.1.21/compute/v2.1/flavors/detail 2.122s
2026-02-03 14:38:38.542 66493 INFO tempest.lib.common.rest_client [req-b2ef61a9-eb03-4c52-acf6-9239bc3c4eb1 req-b2ef61a9-eb03-4c52-acf6-9239bc3c4eb1 ] Request (FlavorsExtraSpecsTestJSON:test_flavor_set_get_update_show_unset_keys): 200 GET http://10.180.1.21/compute/v2.1/flavors/79300950/os-extra_specs 2.111s
2026-02-03 14:38:38.611 66495 INFO tempest.lib.common.rest_client [req-645ab3e8-16a3-4e38-ba90-987a87425138 req-645ab3e8-16a3-4e38-ba90-987a87425138 ] Request (ServersAdminTestJSON:setUpClass): 200 GET http://10.180.1.21/compute/v2.1/servers/c0545749-bc03-4f28-a0d4-ebaf55049095 1.938s
2026-02-03 14:38:38.706 66550 INFO tempest.lib.common.rest_client [req-f6b9e151-be9f-483c-951f-54d08367a6bd req-f6b9e151-be9f-483c-951f-54d08367a6bd ] Request (ServersListShow296Test:test_list_show_update_rebuild_server_296): 200 GET http://10.180.1.21/compute/v2.1/servers/4c0f39b0-e3b5-4cdf-81ea-e1bf02f8e4b3 1.873s
2026-02-03 14:38:39.030 66545 INFO tempest.lib.common.rest_client [req-35c16786-2f50-4d8b-99a0-862f69469a5d req-35c16786-2f50-4d8b-99a0-862f69469a5d ] Request (ImagesMetadataTestJSON:test_set_image_metadata): 200 PUT http://10.180.1.21/compute/v2.1/images/72e9032d-0c17-4fad-8342-a6e93b9c019c/metadata 2.122s
2026-02-03 14:38:39.235 66507 INFO tempest.lib.common.rest_client [req-8d8a4ec9-4b74-4314-bfb9-3af94a852434 req-8d8a4ec9-4b74-4314-bfb9-3af94a852434 ] Request (QuotasAdminTestJSON:_run_cleanups): 200 PUT http://10.180.1.21/compute/v2.1/os-quota-sets/8ce7cf12fc1b49adb1511076651d6b4f 2.118s
2026-02-03 14:38:39.329 66525 INFO tempest.lib.common.rest_client [req-d8817a22-1d75-4e61-b28d-1f3221c8dc99 req-d8817a22-1d75-4e61-b28d-1f3221c8dc99 ] Request (QuotasAdminTestV257:test_get_updated_quotas): 200 GET http://10.180.1.21/identity/v3/domains?name=Default 0.090s
2026-02-03 14:38:39.372 66525 INFO tempest.lib.common.rest_client [req-ea527ed8-8006-40ec-a304-f3506b8cc4c1 req-ea527ed8-8006-40ec-a304-f3506b8cc4c1 ] Request (QuotasAdminTestV257:test_get_updated_quotas): 201 POST http://10.180.1.21/identity/v3/projects 0.042s
2026-02-03 14:38:39.397 66499 INFO tempest.lib.common.rest_client [req-3a1805cd-2db3-4fff-a201-e07ea483b4ab req-3a1805cd-2db3-4fff-a201-e07ea483b4ab ] Request (ImagesNegativeTestJSON:test_create_image_from_deleted_server): 200 GET http://10.180.1.21/compute/v2.1/servers/f01c577a-3995-465a-98ae-21880df54cc0 2.183s
2026-02-03 14:38:39.426 66507 INFO tempest.lib.common.rest_client [req-6c6c734c-fb4f-49af-9902-a7b43a550a8c req-6c6c734c-fb4f-49af-9902-a7b43a550a8c ] Request (QuotasAdminTestJSON:tearDownClass): 204 DELETE http://10.180.1.21/identity/v3/users/e7aa77f201334591ab6b6245a832fa3e 0.187s
2026-02-03 14:38:39.478 66505 INFO tempest.lib.common.rest_client [req-206fd3ec-a8bd-4a25-aeef-b25dced28dd5 req-206fd3ec-a8bd-4a25-aeef-b25dced28dd5 ] Request (ServerActionsTestOtherB:setUpClass): 200 GET http://10.180.1.21/compute/v2.1/servers/9b286a00-af27-4012-a596-45bbe98da254 2.226s
2026-02-03 14:38:39.485 66525 INFO tempest.lib.common.rest_client [req-9ca29278-b202-4d81-b89e-c5a65088e712 req-9ca29278-b202-4d81-b89e-c5a65088e712 ] Request (QuotasAdminTestV257:test_get_updated_quotas): 200 GET http://10.180.1.21/identity/v3/domains?name=Default 0.113s
2026-02-03 14:38:39.533 66507 INFO tempest.lib.common.rest_client [req-f69c69d4-159f-4188-b89a-846e7cdb4ec0 req-f69c69d4-159f-4188-b89a-846e7cdb4ec0 ] Request (QuotasAdminTestJSON:tearDownClass): 204 DELETE http://10.180.1.21/identity/v3/users/eb62bf814c9b431ca7545a250401caff 0.106s
2026-02-03 14:38:39.547 66503 INFO tempest.lib.common.rest_client [req-d30e947b-e999-4dc7-a67d-6e2c1e61453e req-d30e947b-e999-4dc7-a67d-6e2c1e61453e ] Request (FloatingIPsAssociationTestJSON:_run_cleanups): 202 POST http://10.180.1.21/compute/v2.1/servers/88cd130c-b811-4789-aea2-964848abdd69/action 2.858s
2026-02-03 14:38:39.592 66511 INFO tempest.lib.common.rest_client [req-1ba0da1a-dfc3-4b70-8de8-ce0464fafa56 req-1ba0da1a-dfc3-4b70-8de8-ce0464fafa56 ] Request (VolumesTestJSON:setUpClass): 200 GET http://10.180.1.21/compute/v2.1/os-volumes/c2b8115c-3c2e-44d0-a06c-8b93395abaf5 1.874s
2026-02-03 14:38:39.667 66507 INFO tempest.lib.common.rest_client [req-cc49b9fa-f69b-4c9d-abee-78500abae17c req-cc49b9fa-f69b-4c9d-abee-78500abae17c ] Request (QuotasAdminTestJSON:tearDownClass): 204 DELETE http://10.180.1.21/identity/v3/users/49c73d4a82194284a897f48069987233 0.134s
2026-02-03 14:38:39.668 66507 INFO tempest.lib.common.dynamic_creds [-] Deleting project and security group for project: 161d163d35f84b1b80c10fda6f3fbf7f
2026-02-03 14:38:39.677 66489 WARNING tempest.lib.common.ssh [-] Failed to establish authenticated ssh connection to cirros@10.180.180.206 ([Errno None] Unable to connect to port 22 on 10.180.180.206). Number attempts: 2. Retry after 3 seconds.: paramiko.ssh_exception.NoValidConnectionsError: [Errno None] Unable to connect to port 22 on 10.180.180.206
2026-02-03 14:38:39.746 66507 INFO tempest.lib.common.rest_client [req-11013494-92d0-4a7f-9ec9-469cc1a3c131 req-11013494-92d0-4a7f-9ec9-469cc1a3c131 ] Request (QuotasAdminTestJSON:tearDownClass): 201 POST http://10.180.1.21/identity/v3/auth/tokens 0.078s
2026-02-03 14:38:39.787 66515 INFO tempest.lib.common.rest_client [req-79e5f887-0e69-4cb3-a26f-0d3d8097ebc9 req-79e5f887-0e69-4cb3-a26f-0d3d8097ebc9 ] Request (DeleteServersTestJSON:test_delete_active_server): 200 GET http://10.180.1.21/compute/v2.1/servers/6ef7bbde-0ba8-44a9-8643-e674a14f3cbc 2.027s
2026-02-03 14:38:39.837 66539 INFO tempest.lib.common.rest_client [req-9ce54a28-f188-45eb-9274-22f104a62cca req-9ce54a28-f188-45eb-9274-22f104a62cca ] Request (DeleteServersAdminTestJSON:test_delete_server_while_in_error_state): 200 GET http://10.180.1.21/compute/v2.1/servers/788343e6-5c24-4e9b-9c74-e14f3b179cdb 2.541s
2026-02-03 14:38:39.974 66507 INFO tempest.lib.common.rest_client [req-c62a78a2-3da5-408f-8fe4-8b4ddab294e1 req-c62a78a2-3da5-408f-8fe4-8b4ddab294e1 ] Request (QuotasAdminTestJSON:tearDownClass): 200 GET http://10.180.1.21/networking/v2.0/security-groups?tenant_id=161d163d35f84b1b80c10fda6f3fbf7f&name=default 0.227s
2026-02-03 14:38:40.015 66521 INFO tempest.lib.common.rest_client [req-fc38e86a-0f3d-46d5-b5f2-6ea600f8de12 req-fc38e86a-0f3d-46d5-b5f2-6ea600f8de12 ] Request (InstanceActionsV221TestJSON:test_get_list_deleted_instance_actions): 200 GET http://10.180.1.21/compute/v2.1/servers/b5a974d7-e117-4b99-9b0c-f9c8a7cfec4f 2.138s
2026-02-03 14:38:40.027 66521 INFO tempest.common.waiters [-] State transition "BUILD/networking" ==> "BUILD/spawning" after 7 second wait
2026-02-03 14:38:40.086 66507 INFO tempest.lib.common.rest_client [req-a625e277-8fd2-4b78-96ef-b9e7065241b1 req-a625e277-8fd2-4b78-96ef-b9e7065241b1 ] Request (QuotasAdminTestJSON:tearDownClass): 204 DELETE http://10.180.1.21/networking/v2.0/security-groups/f49199d9-4dc1-48ac-82ca-7fde4a8d207a 0.111s
2026-02-03 14:38:40.169 66507 INFO tempest.lib.common.rest_client [req-619891e7-fdf2-41f0-9fee-df1ccdfb70c0 req-619891e7-fdf2-41f0-9fee-df1ccdfb70c0 ] Request (QuotasAdminTestJSON:tearDownClass): 204 DELETE http://10.180.1.21/identity/v3/projects/161d163d35f84b1b80c10fda6f3fbf7f 0.083s
2026-02-03 14:38:40.169 66507 INFO tempest.lib.common.dynamic_creds [-] Deleting project and security group for project: 8ce7cf12fc1b49adb1511076651d6b4f
2026-02-03 14:38:40.302 66491 WARNING tempest.lib.common.ssh [-] Failed to establish authenticated ssh connection to cirros@10.180.180.179 ([Errno None] Unable to connect to port 22 on 10.180.180.179). Number attempts: 3. Retry after 4 seconds.: paramiko.ssh_exception.NoValidConnectionsError: [Errno None] Unable to connect to port 22 on 10.180.180.179
2026-02-03 14:38:40.310 66507 INFO tempest.lib.common.rest_client [req-6e197f6f-c29e-4b70-97bd-98d6d1445178 req-6e197f6f-c29e-4b70-97bd-98d6d1445178 ] Request (QuotasAdminTestJSON:tearDownClass): 200 GET http://10.180.1.21/networking/v2.0/security-groups?tenant_id=8ce7cf12fc1b49adb1511076651d6b4f&name=default 0.140s
2026-02-03 14:38:40.385 66513 WARNING tempest.lib.common.ssh [-] Failed to establish authenticated ssh connection to cirros@10.180.180.154 ([Errno None] Unable to connect to port 22 on 10.180.180.154). Number attempts: 5. Retry after 6 seconds.: paramiko.ssh_exception.NoValidConnectionsError: [Errno None] Unable to connect to port 22 on 10.180.180.154
2026-02-03 14:38:40.400 66527 INFO tempest.lib.common.rest_client [req-47106f9d-4e6d-4e2c-aec3-9fc64ddd93de req-47106f9d-4e6d-4e2c-aec3-9fc64ddd93de ] Request (ImagesOneServerNegativeTestJSON:test_create_second_image_when_first_image_is_being_saved): 202 POST http://10.180.1.21/compute/v2.1/servers/230cc05f-433e-4510-947f-35466335662d/action 2.193s
2026-02-03 14:38:40.422 66529 INFO tempest.lib.common.rest_client [req-89615dcd-f8c4-4b1a-8fe8-3ded260b3c0d req-89615dcd-f8c4-4b1a-8fe8-3ded260b3c0d ] Request (KeyPairsV22TestJSON:_run_cleanups): 204 DELETE http://10.180.1.21/compute/v2.1/os-keypairs/tempest-keypair-1115352438 2.136s
2026-02-03 14:38:40.499 66541 WARNING tempest.lib.common.ssh [-] Failed to establish authenticated ssh connection to cirros@10.180.180.169 ([Errno None] Unable to connect to port 22 on 10.180.180.169). Number attempts: 5. Retry after 6 seconds.: paramiko.ssh_exception.NoValidConnectionsError: [Errno None] Unable to connect to port 22 on 10.180.180.169
2026-02-03 14:38:40.526 66507 INFO tempest.lib.common.rest_client [req-c668da56-042f-49e4-b53b-262ebdcfdbf7 req-c668da56-042f-49e4-b53b-262ebdcfdbf7 ] Request (QuotasAdminTestJSON:tearDownClass): 204 DELETE http://10.180.1.21/networking/v2.0/security-groups/eb048b88-15fa-448d-b876-c4ce2f0e7c4b 0.216s
2026-02-03 14:38:40.534 66523 INFO tempest.lib.common.rest_client [req-6d5bdd95-d08b-49e1-a220-8b7cc0eba72c req-6d5bdd95-d08b-49e1-a220-8b7cc0eba72c ] Request (ServersAdmin275Test:tearDownClass): 204 DELETE http://10.180.1.21/compute/v2.1/servers/95525483-b7db-427e-87b5-3f946972a250 2.230s
2026-02-03 14:38:40.691 66507 INFO tempest.lib.common.rest_client [req-7a9d8a2c-8d92-4095-a2db-09446be6e84d req-7a9d8a2c-8d92-4095-a2db-09446be6e84d ] Request (QuotasAdminTestJSON:tearDownClass): 204 DELETE http://10.180.1.21/identity/v3/projects/8ce7cf12fc1b49adb1511076651d6b4f 0.164s
2026-02-03 14:38:40.796 66519 INFO tempest.lib.common.rest_client [req-f30870c8-3679-4940-bcd2-0fe2cb85bd85 req-f30870c8-3679-4940-bcd2-0fe2cb85bd85 ] Request (SecurityGroupRulesTestJSON:test_security_group_rules_create_with_optional_cidr): 200 POST http://10.180.1.21/compute/v2.1/os-security-groups 2.356s
2026-02-03 14:38:40.804 66507 INFO tempest.lib.common.rest_client [req-e15f95be-07b0-467f-8814-0e6f3eab2e26 req-e15f95be-07b0-467f-8814-0e6f3eab2e26 ] Request (AbsoluteLimitsTestJSON:setUpClass): 201 POST http://10.180.1.21/identity/v3/auth/tokens 0.111s
2026-02-03 14:38:40.833 66543 INFO tempest.lib.common.rest_client [req-7d92fbe7-6538-4934-b3e1-f5bf5fbc5d01 req-7d92fbe7-6538-4934-b3e1-f5bf5fbc5d01 ] Request (HypervisorAdminUnderV252Test:test_search_hypervisor): 200 GET http://10.180.1.21/compute/v2.1/os-hypervisors/domain-c8.fc996f14-c53b-4953-92e3-bdfa48f5cc28/search 2.354s
2026-02-03 14:38:40.841 66517 INFO tempest.lib.common.rest_client [req-0b0fc1d6-7a67-499c-a217-8e426e191eab req-0b0fc1d6-7a67-499c-a217-8e426e191eab ] Request (AggregatesAdminNegativeTestJSON:test_aggregate_delete_as_user): 403 DELETE http://10.180.1.21/compute/v2.1/os-aggregates/5 2.337s
2026-02-03 14:38:40.864 66507 INFO tempest.lib.common.rest_client [req-7c828ace-d2f5-4a6d-a1a0-53e18ad05e0f req-7c828ace-d2f5-4a6d-a1a0-53e18ad05e0f ] Request (AbsoluteLimitsTestJSON:setUpClass): 201 POST http://10.180.1.21/identity/v3/auth/tokens 0.055s
2026-02-03 14:38:40.913 66507 INFO tempest.lib.common.rest_client [req-55a23210-5a38-4a89-80d9-4763a9dc39db req-55a23210-5a38-4a89-80d9-4763a9dc39db ] Request (AbsoluteLimitsTestJSON:setUpClass): 200 GET http://10.180.1.21/identity/v3/domains?name=Default 0.048s
2026-02-03 14:38:40.959 66543 INFO tempest.lib.common.rest_client [req-cfa3853d-0fc7-437e-a447-f0256de4bdd6 req-cfa3853d-0fc7-437e-a447-f0256de4bdd6 ] Request (HypervisorAdminUnderV252Test:tearDownClass): 204 DELETE http://10.180.1.21/identity/v3/users/78ac26580e1644be85db21b11c74c2bc 0.123s
2026-02-03 14:38:40.967 66501 INFO tempest.lib.common.rest_client [req-7115b461-d75c-4789-a090-0d2637950f1c req-7115b461-d75c-4789-a090-0d2637950f1c ] Request (FloatingIPsAssociationNegativeTestJSON:test_associate_ip_to_server_with_floating_ip): 200 POST http://10.180.1.21/compute/v2.1/os-floating-ips 2.696s
2026-02-03 14:38:40.993 66535 INFO tempest.lib.common.rest_client [req-871b15d2-965b-4bcd-a4c8-1dbe34158203 req-871b15d2-965b-4bcd-a4c8-1dbe34158203 ] Request (FlavorsAccessNegativeTestJSON:_run_cleanups): 200 GET http://10.180.1.21/compute/v2.1/flavors/detail 2.470s
2026-02-03 14:38:41.022 66533 INFO tempest.lib.common.rest_client [req-70c402b8-9741-4906-a63b-85874e0f3274 req-70c402b8-9741-4906-a63b-85874e0f3274 ] Request (FlavorsAdminTestJSON:_run_cleanups): 202 DELETE http://10.180.1.21/compute/v2.1/flavors/1644759939 2.481s
2026-02-03 14:38:41.037 66507 INFO tempest.lib.common.rest_client [req-bc9f13eb-8feb-4cc2-949f-faabf5ed1f5d req-bc9f13eb-8feb-4cc2-949f-faabf5ed1f5d ] Request (AbsoluteLimitsTestJSON:setUpClass): 201 POST http://10.180.1.21/identity/v3/projects 0.123s
2026-02-03 14:38:41.046 66493 INFO tempest.lib.common.rest_client [req-d07e070a-5026-4009-9633-52f1384d5d4e req-d07e070a-5026-4009-9633-52f1384d5d4e ] Request (FlavorsExtraSpecsTestJSON:tearDownClass): 202 DELETE http://10.180.1.21/compute/v2.1/flavors/79300950 2.502s
2026-02-03 14:38:41.111 66507 INFO tempest.lib.common.rest_client [req-c2f98104-7d44-4628-b350-24b8c8b6be70 req-c2f98104-7d44-4628-b350-24b8c8b6be70 ] Request (AbsoluteLimitsTestJSON:setUpClass): 201 POST http://10.180.1.21/identity/v3/users 0.074s
2026-02-03 14:38:41.144 66543 INFO tempest.lib.common.rest_client [req-98e04109-99bb-4c3e-9c67-5bdd7d1074fe req-98e04109-99bb-4c3e-9c67-5bdd7d1074fe ] Request (HypervisorAdminUnderV252Test:tearDownClass): 204 DELETE http://10.180.1.21/identity/v3/users/7afd372bdc354eeab7af675a7a282119 0.185s
2026-02-03 14:38:41.172 66507 INFO tempest.lib.common.rest_client [req-e75030bd-7ab0-4812-a91c-800b5867c12e req-e75030bd-7ab0-4812-a91c-800b5867c12e ] Request (AbsoluteLimitsTestJSON:setUpClass): 200 GET http://10.180.1.21/identity/v3/roles 0.058s
2026-02-03 14:38:41.215 66507 INFO tempest.lib.common.rest_client [req-abd0de53-eac4-4ee4-ac1a-13fc60c012f3 req-abd0de53-eac4-4ee4-ac1a-13fc60c012f3 ] Request (AbsoluteLimitsTestJSON:setUpClass): 204 PUT http://10.180.1.21/identity/v3/projects/3613635dc2954aecb7877716c071e02a/users/7e50ef9943dd4cbd92c13e545b766aa2/roles/12b6af12e70b4a87acb44bd64dbdbc45 0.043s
2026-02-03 14:38:41.215 66507 INFO tempest.lib.common.dynamic_creds [-] Dynamic test user 7e50ef9943dd4cbd92c13e545b766aa2 is created with scope project and roles: ['member']
2026-02-03 14:38:41.216 66507 INFO tempest.lib.common.dynamic_creds [-] Acquired dynamic creds: credentials: Credentials: {'domain_id': 'default', 'domain_name': 'Default', 'username': 'tempest-AbsoluteLimitsTestJSON-642530970-project-member', 'project_domain_id': 'default', 'project_domain_name': 'Default', 'project_id': '3613635dc2954aecb7877716c071e02a', 'project_name': 'tempest-AbsoluteLimitsTestJSON-642530970', 'tenant_id': '3613635dc2954aecb7877716c071e02a', 'tenant_name': 'tempest-AbsoluteLimitsTestJSON-642530970', 'user_domain_id': 'default', 'user_domain_name': 'Default', 'user_id': '7e50ef9943dd4cbd92c13e545b766aa2', 'system': None}, Network: None, Subnet: None, Router: None
2026-02-03 14:38:41.216 66507 INFO tempest.lib.common.dynamic_creds [-] Created isolated network resources for: credentials: Credentials: {'domain_id': 'default', 'domain_name': 'Default', 'username': 'tempest-AbsoluteLimitsTestJSON-642530970-project-member', 'project_domain_id': 'default', 'project_domain_name': 'Default', 'project_id': '3613635dc2954aecb7877716c071e02a', 'project_name': 'tempest-AbsoluteLimitsTestJSON-642530970', 'tenant_id': '3613635dc2954aecb7877716c071e02a', 'tenant_name': 'tempest-AbsoluteLimitsTestJSON-642530970', 'user_domain_id': 'default', 'user_domain_name': 'Default', 'user_id': '7e50ef9943dd4cbd92c13e545b766aa2', 'system': None}, Network: None, Subnet: None, Router: None
2026-02-03 14:38:41.252 66543 INFO tempest.lib.common.rest_client [req-8ab05d6c-99aa-42a6-9b97-98366fd096c6 req-8ab05d6c-99aa-42a6-9b97-98366fd096c6 ] Request (HypervisorAdminUnderV252Test:tearDownClass): 204 DELETE http://10.180.1.21/identity/v3/users/560d72a3563d412eaa06929f9f3a3987 0.107s
2026-02-03 14:38:41.252 66543 INFO tempest.lib.common.dynamic_creds [-] Deleting project and security group for project: 46629fe2ea95473eb2d5219092d0db0a
2026-02-03 14:38:41.304 66507 INFO tempest.lib.common.rest_client [req-389aaf1d-54fe-418e-b3f6-a2ab6906c569 req-389aaf1d-54fe-418e-b3f6-a2ab6906c569 ] Request (AbsoluteLimitsTestJSON:setUpClass): 201 POST http://10.180.1.21/identity/v3/auth/tokens 0.085s
2026-02-03 14:38:41.328 66543 INFO tempest.lib.common.rest_client [req-4151facd-ae2e-493c-87ee-ed5b874dd2f7 req-4151facd-ae2e-493c-87ee-ed5b874dd2f7 ] Request (HypervisorAdminUnderV252Test:tearDownClass): 201 POST http://10.180.1.21/identity/v3/auth/tokens 0.076s
2026-02-03 14:38:41.329 66554 INFO tempest.lib.common.rest_client [req-7d9a4f39-9088-4c34-8592-65b75df3afa0 req-7d9a4f39-9088-4c34-8592-65b75df3afa0 ] Request (InstanceActionsTestJSON:test_list_instance_actions): 200 GET http://10.180.1.21/compute/v2.1/servers/4821048b-4b5a-40b5-8888-f00dd28425d1 2.824s
2026-02-03 14:38:41.354 66551 INFO tempest.lib.common.rest_client [req-aadb18d9-13da-4b88-8bd6-7eda252cbab8 req-aadb18d9-13da-4b88-8bd6-7eda252cbab8 ] Request (AttachInterfacesUnderV243Test:test_add_remove_fixed_ip): 200 GET http://10.180.1.21/compute/v2.1/servers/d978e71d-2c30-4a76-b000-6ddf3203ab10 2.490s
2026-02-03 14:38:41.365 66551 INFO tempest.common.waiters [-] State transition "BUILD/spawning" ==> "ACTIVE/None" after 14 second wait
2026-02-03 14:38:41.388 66507 INFO tempest.lib.common.rest_client [req-dd8e10e6-b044-462f-a4ad-e7b11b154886 req-dd8e10e6-b044-462f-a4ad-e7b11b154886 ] Request (AbsoluteLimitsTestJSON:setUpClass): 200 GET http://10.180.1.21/identity/v3/projects/3613635dc2954aecb7877716c071e02a 0.083s
2026-02-03 14:38:41.388 66507 INFO tempest.lib.common.dynamic_creds [-] Using the existing project 3613635dc2954aecb7877716c071e02a for scope project and roles: ['reader']
2026-02-03 14:38:41.398 66545 INFO tempest.lib.common.rest_client [req-96517d04-87e5-4f7a-b64c-19a50b197c93 req-96517d04-87e5-4f7a-b64c-19a50b197c93 ] Request (ImagesMetadataTestJSON:test_set_image_metadata): 200 GET http://10.180.1.21/compute/v2.1/images/72e9032d-0c17-4fad-8342-a6e93b9c019c/metadata 2.367s
2026-02-03 14:38:41.413 66507 INFO tempest.lib.common.rest_client [req-9f3f1d0d-79cf-47b2-bd42-a835a292ecbe req-9f3f1d0d-79cf-47b2-bd42-a835a292ecbe ] Request (AbsoluteLimitsTestJSON:setUpClass): 201 POST http://10.180.1.21/identity/v3/users 0.024s
2026-02-03 14:38:41.437 66507 INFO tempest.lib.common.rest_client [req-f45ea3b3-15f8-4049-81aa-8ac0ffd6fa40 req-f45ea3b3-15f8-4049-81aa-8ac0ffd6fa40 ] Request (AbsoluteLimitsTestJSON:setUpClass): 200 GET http://10.180.1.21/identity/v3/roles 0.024s
2026-02-03 14:38:41.483 66507 INFO tempest.lib.common.rest_client [req-7e385ea7-2900-49bc-98be-69565cc8de63 req-7e385ea7-2900-49bc-98be-69565cc8de63 ] Request (AbsoluteLimitsTestJSON:setUpClass): 204 PUT http://10.180.1.21/identity/v3/projects/3613635dc2954aecb7877716c071e02a/users/34ae0c0146e54f93afc6ccb574470eb0/roles/c13ecd211dc74f16bf5df98fae5011f1 0.045s
2026-02-03 14:38:41.483 66507 INFO tempest.lib.common.dynamic_creds [-] Dynamic test user 34ae0c0146e54f93afc6ccb574470eb0 is created with scope project and roles: ['reader']
2026-02-03 14:38:41.483 66507 INFO tempest.lib.common.dynamic_creds [-] Acquired dynamic creds: credentials: Credentials: {'domain_id': 'default', 'domain_name': 'Default', 'username': 'tempest-AbsoluteLimitsTestJSON-642530970-project-reader', 'project_domain_id': 'default', 'project_domain_name': 'Default', 'project_id': '3613635dc2954aecb7877716c071e02a', 'project_name': 'tempest-AbsoluteLimitsTestJSON-642530970', 'tenant_id': '3613635dc2954aecb7877716c071e02a', 'tenant_name': 'tempest-AbsoluteLimitsTestJSON-642530970', 'user_domain_id': 'default', 'user_domain_name': 'Default', 'user_id': '34ae0c0146e54f93afc6ccb574470eb0', 'system': None}, Network: None, Subnet: None, Router: None
