2026-01-26 14:12:26.743 90379 INFO tempest.lib.common.rest_client [req-79581db5-f455-4a91-b4b4-3406363c62f6 req-79581db5-f455-4a91-b4b4-3406363c62f6 ] Request (AttachInterfacesTestJSON:setUpClass): 201 POST http://10.180.1.21/identity/v3/auth/tokens 0.065s
2026-01-26 14:12:26.789 90393 INFO tempest.lib.common.rest_client [req-803fd3e2-ae62-4d47-ac4b-929132006cb5 req-803fd3e2-ae62-4d47-ac4b-929132006cb5 ] Request (MigrationsAdminTest:test_list_migrations_in_flavor_resize_situation): 200 GET http://10.180.1.21/compute/v2.1/servers/8cadebb6-e983-4bdd-94dd-5b0e1f90fa7b 2.146s
2026-01-26 14:12:26.809 90385 INFO tempest.lib.common.rest_client [req-29169294-d972-4834-841b-82dbd265298f req-29169294-d972-4834-841b-82dbd265298f ] Request (FloatingIPDetailsTestJSON:setUpClass): 201 POST http://10.180.1.21/identity/v3/auth/tokens 0.125s
2026-01-26 14:12:26.819 90439 INFO tempest.lib.common.rest_client [req-01f05ee5-5834-4ae8-b810-b0be239c8ad7 req-01f05ee5-5834-4ae8-b810-b0be239c8ad7 ] Request (ServicesAdminNegativeTestJSON:test_get_service_with_valid_service_and_invalid_host): 200 GET http://10.180.1.21/compute/v2.1/os-services 2.145s
2026-01-26 14:12:26.854 90415 INFO tempest.lib.common.rest_client [req-763c654b-dd52-4c82-9aa9-0737db36096c req-763c654b-dd52-4c82-9aa9-0737db36096c ] Request (KeyPairsV22TestJSON:test_keypairs_create_list_delete): 201 POST http://10.180.1.21/compute/v2.1/os-keypairs 2.149s
2026-01-26 14:12:26.859 90435 INFO tempest.lib.common.rest_client [req-f449fdf4-7028-4a43-9ebf-8dc80d109574 req-f449fdf4-7028-4a43-9ebf-8dc80d109574 ] Request (TestVersions:test_get_version_details): 200 GET http://10.180.1.21/compute/v2/ 2.144s
2026-01-26 14:12:26.870 90405 INFO tempest.lib.common.rest_client [req-8f615a61-d358-4860-9aae-9c595ec256e3 req-8f615a61-d358-4860-9aae-9c595ec256e3 ] Request (HypervisorAdminNegativeTestJSON:test_show_nonexistent_hypervisor): 404 GET http://10.180.1.21/compute/v2.1/os-hypervisors/825556fc-5cce-4394-8de1-8b3dcf28109b 2.146s
2026-01-26 14:12:26.982 90405 INFO tempest.lib.common.rest_client [req-d074df24-391c-4cf2-b531-4b6eaaf3e9ef req-d074df24-391c-4cf2-b531-4b6eaaf3e9ef ] Request (HypervisorAdminNegativeTestJSON:tearDownClass): 204 DELETE http://10.180.1.21/identity/v3/users/caf0716cea9d4a4fbed7a36607f77d9a 0.110s
2026-01-26 14:12:26.989 90423 INFO tempest.lib.common.rest_client [req-968b46b7-7204-4ae7-a362-4249dbc567c9 req-968b46b7-7204-4ae7-a362-4249dbc567c9 ] Request (QuotasAdminTestJSON:test_update_all_quota_resources_for_tenant): 200 PUT http://10.180.1.21/compute/v2.1/os-quota-sets/a8f8fd0200f84e9d85c07a94496a1060 2.443s
2026-01-26 14:12:27.145 90405 INFO tempest.lib.common.rest_client [req-641cb30e-4c73-4564-ab0e-e5a65806e37a req-641cb30e-4c73-4564-ab0e-e5a65806e37a ] Request (HypervisorAdminNegativeTestJSON:tearDownClass): 204 DELETE http://10.180.1.21/identity/v3/users/6b620aab6bf648be87e7042286b4d156 0.162s
2026-01-26 14:12:27.211 90385 INFO tempest.lib.common.rest_client [req-fc336f1d-7ef5-4505-bb8a-0dffd948093e req-fc336f1d-7ef5-4505-bb8a-0dffd948093e ] Request (FloatingIPDetailsTestJSON:setUpClass): 201 POST http://10.180.1.21/networking/v2.0/networks 0.401s
2026-01-26 14:12:27.214 90437 INFO tempest.lib.common.rest_client [req-18e5921b-e87d-4694-8384-a52463fe1179 req-18e5921b-e87d-4694-8384-a52463fe1179 ] Request (ServerActionsV293TestJSON:setUpClass): 200 GET http://10.180.1.21/volume/v3/volumes/bc712936-897d-454e-bab0-01b3e27411fa 0.045s
2026-01-26 14:12:27.248 90405 INFO tempest.lib.common.rest_client [req-5c9a7331-54fc-462f-bd3d-916d794544cd req-5c9a7331-54fc-462f-bd3d-916d794544cd ] Request (HypervisorAdminNegativeTestJSON:tearDownClass): 204 DELETE http://10.180.1.21/identity/v3/users/5ad357d2be9a4feb8ed8864bcd410b00 0.102s
2026-01-26 14:12:27.248 90405 INFO tempest.lib.common.dynamic_creds [-] Deleting project and security group for project: 55472aec18dd46c2ac687c414bd30821
2026-01-26 14:12:27.273 90397 INFO tempest.lib.common.rest_client [req-37705a6f-1a4a-4b60-9d0d-5bf54e84a961 req-37705a6f-1a4a-4b60-9d0d-5bf54e84a961 ] Request (ServersWithSpecificFlavorTestJSON:test_verify_created_server_ephemeral_disk): 200 GET http://10.180.1.21/compute/v2.1/servers/8f675322-e13c-4678-9a76-ab194f94c0d0 2.511s
2026-01-26 14:12:27.283 90397 INFO tempest.common.waiters [-] State transition "BUILD/spawning" ==> "ACTIVE/None" after 19 second wait
2026-01-26 14:12:27.336 90405 INFO tempest.lib.common.rest_client [req-67127f6c-d320-4120-9214-3ce5fb84151e req-67127f6c-d320-4120-9214-3ce5fb84151e ] Request (HypervisorAdminNegativeTestJSON:tearDownClass): 201 POST http://10.180.1.21/identity/v3/auth/tokens 0.088s
2026-01-26 14:12:27.371 90413 WARNING tempest.lib.common.ssh [-] Failed to establish authenticated ssh connection to cirros@10.180.180.132 ([Errno None] Unable to connect to port 22 on 10.180.180.132). Number attempts: 3. Retry after 4 seconds.: paramiko.ssh_exception.NoValidConnectionsError: [Errno None] Unable to connect to port 22 on 10.180.180.132
2026-01-26 14:12:27.461 90385 INFO tempest.lib.common.rest_client [req-d15a5d5e-81b1-4431-9f07-c86f0241ca89 req-d15a5d5e-81b1-4431-9f07-c86f0241ca89 ] Request (FloatingIPDetailsTestJSON:setUpClass): 201 POST http://10.180.1.21/networking/v2.0/subnets 0.249s
2026-01-26 14:12:27.790 90405 INFO tempest.lib.common.rest_client [req-77ba498d-697f-4ec1-a909-863dee0017ec req-77ba498d-697f-4ec1-a909-863dee0017ec ] Request (HypervisorAdminNegativeTestJSON:tearDownClass): 200 GET http://10.180.1.21/networking/v2.0/security-groups?tenant_id=55472aec18dd46c2ac687c414bd30821&name=default 0.453s
2026-01-26 14:12:28.253 90437 INFO tempest.lib.common.rest_client [req-45e96dbf-272f-47ca-b971-1310df508f34 req-45e96dbf-272f-47ca-b971-1310df508f34 ] Request (ServerActionsV293TestJSON:setUpClass): 200 GET http://10.180.1.21/volume/v3/volumes/bc712936-897d-454e-bab0-01b3e27411fa 0.028s
2026-01-26 14:12:28.531 90385 INFO tempest.lib.common.rest_client [req-97bca109-01c5-4ffa-a886-a3f52a1cdd2a req-97bca109-01c5-4ffa-a886-a3f52a1cdd2a ] Request (FloatingIPDetailsTestJSON:setUpClass): 201 POST http://10.180.1.21/networking/v2.0/routers 1.069s
2026-01-26 14:12:28.635 90399 INFO tempest.lib.common.rest_client [req-332f3f11-be5c-4912-8a1f-b591dcb6e934 req-332f3f11-be5c-4912-8a1f-b591dcb6e934 ] Request (AttachVolumeNegativeTest:test_attach_attached_volume_to_different_server): 200 GET http://10.180.1.21/compute/v2.1/servers/d87e07fa-0fc7-4feb-81b4-93238fc2c964 3.352s
2026-01-26 14:12:28.644 90399 INFO tempest.common.waiters [-] State transition "BUILD/None" ==> "BUILD/block_device_mapping" after 6 second wait
2026-01-26 14:12:28.672 90431 INFO tempest.lib.common.rest_client [req-8e417239-2046-4e8c-be2b-6eedefc348be req-8e417239-2046-4e8c-be2b-6eedefc348be ] Request (KeyPairsV2TestJSON:test_keypairs_create_list_delete): 200 POST http://10.180.1.21/compute/v2.1/os-keypairs 3.362s
2026-01-26 14:12:28.688 90441 INFO tempest.lib.common.rest_client [req-0f236ed0-2599-49ba-9b02-524dfd5e41e0 req-0f236ed0-2599-49ba-9b02-524dfd5e41e0 ] Request (ServerGroupTestJSON:test_create_delete_server_group_with_affinity_policy): 200 GET http://10.180.1.21/compute/v2.1/os-server-groups 3.342s
2026-01-26 14:12:28.740 90405 INFO tempest.lib.common.rest_client [req-4e98af81-5c37-48e0-9eec-def0b712101d req-4e98af81-5c37-48e0-9eec-def0b712101d ] Request (HypervisorAdminNegativeTestJSON:tearDownClass): 204 DELETE http://10.180.1.21/networking/v2.0/security-groups/07600615-66c5-461c-8b88-e983a0ed67c8 0.949s
2026-01-26 14:12:28.806 90429 INFO tempest.lib.common.rest_client [req-b1f56184-1b17-4b00-a3bc-09099ab98db6 req-b1f56184-1b17-4b00-a3bc-09099ab98db6 ] Request (ServersNegativeTestMultiTenantJSON:tearDownClass): 204 DELETE http://10.180.1.21/compute/v2.1/servers/a5b7e323-60ca-421b-b470-21d015bb2f23 3.422s
2026-01-26 14:12:28.825 90405 INFO tempest.lib.common.rest_client [req-0a437be0-97e0-4f82-bb0a-2098063c21de req-0a437be0-97e0-4f82-bb0a-2098063c21de ] Request (HypervisorAdminNegativeTestJSON:tearDownClass): 204 DELETE http://10.180.1.21/identity/v3/projects/55472aec18dd46c2ac687c414bd30821 0.084s
2026-01-26 14:12:28.825 90405 INFO tempest.lib.common.dynamic_creds [-] Deleting project and security group for project: d743b08a7b1d4fac85767c16c45b20fc
2026-01-26 14:12:28.830 90421 INFO tempest.lib.common.rest_client [req-87b6f21b-703c-4c46-b6ed-a842481f263c req-87b6f21b-703c-4c46-b6ed-a842481f263c ] Request (AggregatesAdminNegativeTestJSON:_run_cleanups): 200 DELETE http://10.180.1.21/compute/v2.1/os-aggregates/6 3.429s
2026-01-26 14:12:28.911 90403 INFO tempest.lib.common.rest_client [req-20cc024f-cb74-4f70-909e-985eb7186d7d req-20cc024f-cb74-4f70-909e-985eb7186d7d ] Request (ServerExternalEventsTest:test_create_server_external_events): 202 POST http://10.180.1.21/compute/v2.1/servers 3.899s
2026-01-26 14:12:28.966 90405 INFO tempest.lib.common.rest_client [req-2c8d16e0-8f4d-45ee-9fe8-d726a7f4fc6b req-2c8d16e0-8f4d-45ee-9fe8-d726a7f4fc6b ] Request (HypervisorAdminNegativeTestJSON:tearDownClass): 200 GET http://10.180.1.21/networking/v2.0/security-groups?tenant_id=d743b08a7b1d4fac85767c16c45b20fc&name=default 0.141s
2026-01-26 14:12:29.111 90381 INFO tempest.lib.common.rest_client [req-3f204a3a-c4e2-4544-8e23-7248b4cd3ec8 req-3f204a3a-c4e2-4544-8e23-7248b4cd3ec8 ] Request (SecurityGroupRulesTestJSON:test_security_group_rules_create_with_optional_group_id): 200 POST http://10.180.1.21/compute/v2.1/os-security-groups 3.456s
2026-01-26 14:12:29.133 90417 INFO tempest.lib.common.rest_client [req-76573ba3-d65f-4932-8a6c-3492b5445f69 req-76573ba3-d65f-4932-8a6c-3492b5445f69 ] Request (FlavorsAdminTestJSON:_run_cleanups): 200 GET http://10.180.1.21/compute/v2.1/flavors/detail 3.458s
2026-01-26 14:12:29.155 90427 INFO tempest.lib.common.rest_client [req-467fee41-5df9-41cc-a1ff-27417c4232b3 req-467fee41-5df9-41cc-a1ff-27417c4232b3 ] Request (FlavorsAccessNegativeTestJSON:_run_cleanups): 200 GET http://10.180.1.21/compute/v2.1/flavors/detail 3.461s
2026-01-26 14:12:29.190 90405 INFO tempest.lib.common.rest_client [req-17db5e53-f0f1-452b-9c24-85b3caee165f req-17db5e53-f0f1-452b-9c24-85b3caee165f ] Request (HypervisorAdminNegativeTestJSON:tearDownClass): 204 DELETE http://10.180.1.21/networking/v2.0/security-groups/f5dded76-dab1-4f53-bbd1-6eabd3ee1c68 0.223s
2026-01-26 14:12:29.222 90401 INFO tempest.lib.common.rest_client [req-03713175-50b8-46ba-a9fc-714705d7bafe req-03713175-50b8-46ba-a9fc-714705d7bafe ] Request (ServerDiskConfigTestJSON:test_rebuild_server_with_auto_disk_config): 200 GET http://10.180.1.21/compute/v2.1/servers/322611ca-a5f7-4746-838c-777bb510498a 3.645s
2026-01-26 14:12:29.271 90443 INFO tempest.lib.common.rest_client [req-96ba836a-c8f9-40e5-82ff-74059d2f5a27 req-96ba836a-c8f9-40e5-82ff-74059d2f5a27 ] Request (ImagesDeleteNegativeTestJSON:test_delete_image_blank_id): 404 DELETE http://10.180.1.21/compute/v2.1/images/ 3.116s
2026-01-26 14:12:29.312 90437 INFO tempest.lib.common.rest_client [req-8fcd9584-2aaa-4ebd-abeb-fa5e48cf0a67 req-8fcd9584-2aaa-4ebd-abeb-fa5e48cf0a67 ] Request (ServerActionsV293TestJSON:setUpClass): 200 GET http://10.180.1.21/volume/v3/volumes/bc712936-897d-454e-bab0-01b3e27411fa 0.049s
2026-01-26 14:12:29.328 90389 INFO tempest.lib.common.rest_client [req-26bee4c1-e413-48f8-9cea-a8e21b871591 req-26bee4c1-e413-48f8-9cea-a8e21b871591 ] Request (ServerAddressesNegativeTestJSON:tearDownClass): 200 GET http://10.180.1.21/compute/v2.1/servers/1be4627b-625e-4128-b7c7-a50e69c2a021 3.024s
2026-01-26 14:12:29.336 90389 INFO tempest.common.waiters [-] State transition "ACTIVE/deleting" ==> "DELETED/None" after 4 second wait
2026-01-26 14:12:29.337 90405 INFO tempest.lib.common.rest_client [req-68c5f6df-0f53-426f-a247-95a0e56c357d req-68c5f6df-0f53-426f-a247-95a0e56c357d ] Request (HypervisorAdminNegativeTestJSON:tearDownClass): 204 DELETE http://10.180.1.21/identity/v3/projects/d743b08a7b1d4fac85767c16c45b20fc 0.147s
2026-01-26 14:12:29.430 90405 INFO tempest.lib.common.rest_client [req-7ccd5645-741f-4fa3-b29b-c32f242e861a req-7ccd5645-741f-4fa3-b29b-c32f242e861a ] Request (ServersTestBootFromVolume:setUpClass): 201 POST http://10.180.1.21/identity/v3/auth/tokens 0.088s
2026-01-26 14:12:29.476 90405 INFO tempest.lib.common.rest_client [req-c7e68944-b196-4b9b-802f-0e920f03e2a1 req-c7e68944-b196-4b9b-802f-0e920f03e2a1 ] Request (ServersTestBootFromVolume:setUpClass): 201 POST http://10.180.1.21/identity/v3/auth/tokens 0.042s
2026-01-26 14:12:29.514 90405 INFO tempest.lib.common.rest_client [req-fc5981a9-9fe7-4b8f-bfc1-0f5def3f886b req-fc5981a9-9fe7-4b8f-bfc1-0f5def3f886b ] Request (ServersTestBootFromVolume:setUpClass): 200 GET http://10.180.1.21/identity/v3/domains?name=Default 0.037s
2026-01-26 14:12:29.550 90405 INFO tempest.lib.common.rest_client [req-dcbb3181-e262-41f6-bcc3-faa64939fe98 req-dcbb3181-e262-41f6-bcc3-faa64939fe98 ] Request (ServersTestBootFromVolume:setUpClass): 201 POST http://10.180.1.21/identity/v3/projects 0.036s
2026-01-26 14:12:29.604 90425 INFO tempest.lib.common.rest_client [req-f0aced1c-c2d5-4b3c-b5e9-d7ac16c758d0 req-f0aced1c-c2d5-4b3c-b5e9-d7ac16c758d0 ] Request (SecurityGroupsTestAdminJSON:_run_cleanups): 202 DELETE http://10.180.1.21/compute/v2.1/os-security-groups/c1ee6d6a-f0cc-4b5d-8351-0acd790775e3 3.047s
2026-01-26 14:12:29.608 90407 INFO tempest.lib.common.rest_client [req-4eb0c168-e685-4b99-9ea3-1e5f0caf136d req-4eb0c168-e685-4b99-9ea3-1e5f0caf136d ] Request (ServersAdminNegativeTestJSON:test_migrate_server_invalid_state): 409 POST http://10.180.1.21/compute/v2.1/servers/b83bf1f1-1db0-4968-a37f-e72e72e7a85a/action 2.997s
2026-01-26 14:12:29.655 90405 INFO tempest.lib.common.rest_client [req-f6ed81f6-5f75-46dc-b057-5876ef5a0236 req-f6ed81f6-5f75-46dc-b057-5876ef5a0236 ] Request (ServersTestBootFromVolume:setUpClass): 201 POST http://10.180.1.21/identity/v3/users 0.104s
2026-01-26 14:12:29.692 90419 INFO tempest.lib.common.rest_client [req-07aaaa10-732d-4e0c-9bb7-44fa0de7e69a req-07aaaa10-732d-4e0c-9bb7-44fa0de7e69a ] Request (ServerDiagnosticsV248Test:tearDownClass): 200 GET http://10.180.1.21/compute/v2.1/servers/a32bb6ef-0bb5-4210-ae5c-077656a589ed 3.007s
2026-01-26 14:12:29.704 90419 INFO tempest.common.waiters [-] State transition "ACTIVE/deleting" ==> "DELETED/None" after 7 second wait
2026-01-26 14:12:29.717 90439 INFO tempest.lib.common.rest_client [req-da85bdfa-c901-410e-a387-ff4b73a58188 req-da85bdfa-c901-410e-a387-ff4b73a58188 ] Request (ServicesAdminNegativeTestJSON:test_get_service_with_valid_service_and_invalid_host): 200 GET http://10.180.1.21/compute/v2.1/os-services?host=xxx&binary=nova-scheduler 2.896s
2026-01-26 14:12:29.753 90415 INFO tempest.lib.common.rest_client [req-39973f7c-2023-4e9b-9680-2e53b99fce56 req-39973f7c-2023-4e9b-9680-2e53b99fce56 ] Request (KeyPairsV22TestJSON:test_keypairs_create_list_delete): 201 POST http://10.180.1.21/compute/v2.1/os-keypairs 2.894s
2026-01-26 14:12:29.755 90435 INFO tempest.lib.common.rest_client [req-aa4a8438-c951-4aa2-8a53-20a3ff79d6e5 req-aa4a8438-c951-4aa2-8a53-20a3ff79d6e5 ] Request (TestVersions:test_get_version_details): 200 GET http://10.180.1.21/compute/v2.1/ 2.892s
2026-01-26 14:12:29.770 90425 INFO tempest.lib.common.rest_client [req-bbacf9f3-3c69-4824-b8bf-9bec9445f302 req-bbacf9f3-3c69-4824-b8bf-9bec9445f302 ] Request (SecurityGroupsTestAdminJSON:tearDownClass): 204 DELETE http://10.180.1.21/identity/v3/users/23e2cf895261492db1d5fd67b5a5b520 0.160s
2026-01-26 14:12:29.805 90379 INFO tempest.lib.common.rest_client [req-a74ae038-827a-4d98-bded-8b6882d5215a req-a74ae038-827a-4d98-bded-8b6882d5215a ] Request (ValidationResourcesFixture:setUp): 200 POST http://10.180.1.21/compute/v2.1/os-keypairs 3.059s
2026-01-26 14:12:29.818 90405 INFO tempest.lib.common.rest_client [req-f0a308b7-06b4-4c00-8565-47dbdcf1c80b req-f0a308b7-06b4-4c00-8565-47dbdcf1c80b ] Request (ServersTestBootFromVolume:setUpClass): 200 GET http://10.180.1.21/identity/v3/roles 0.163s
2026-01-26 14:12:29.832 90385 INFO tempest.lib.common.rest_client [req-67be53d1-9c35-4e7c-a266-5bb98c619058 req-67be53d1-9c35-4e7c-a266-5bb98c619058 ] Request (FloatingIPDetailsTestJSON:setUpClass): 200 PUT http://10.180.1.21/networking/v2.0/routers/1f3c436b-d9d9-4ac6-b90b-e292bc800d82/add_router_interface 1.301s
2026-01-26 14:12:29.832 90385 INFO tempest.lib.common.dynamic_creds [-] Created isolated network resources for: credentials: Credentials: {'domain_id': 'default', 'domain_name': 'Default', 'username': 'tempest-FloatingIPDetailsTestJSON-1433783629-project-member', 'project_domain_id': 'default', 'project_domain_name': 'Default', 'project_id': '12b1aaef0e02480f80bf02216ae10b2b', 'project_name': 'tempest-FloatingIPDetailsTestJSON-1433783629', 'tenant_id': '12b1aaef0e02480f80bf02216ae10b2b', 'tenant_name': 'tempest-FloatingIPDetailsTestJSON-1433783629', 'user_domain_id': 'default', 'user_domain_name': 'Default', 'user_id': '95a6030a41194e85a29f7b06d976e189', 'system': None}, Network: {'id': 'aecc575c-c198-4547-8aee-d4ae6993c735', 'name': 'tempest-FloatingIPDetailsTestJSON-1765627669-network', 'tenant_id': '12b1aaef0e02480f80bf02216ae10b2b', 'project_id': '12b1aaef0e02480f80bf02216ae10b2b', 'admin_state_up': True, 'mtu': 8950, 'status': 'ACTIVE', 'subnets': [], 'shared': False, 'port_security_enabled': True, 'router:external': False, 'provider:network_type': 'vlan', 'provider:physical_network': 'default', 'provider:segmentation_id': 881, 'is_default': False, 'availability_zone_hints': [], 'availability_zones': [], 'ipv4_address_scope': None, 'ipv6_address_scope': None, 'description': '', 'tags': [], 'created_at': '2026-01-26T14:12:27Z', 'updated_at': '2026-01-26T14:12:27Z', 'revision_number': 1}, Subnet: {'id': '369bbf7b-3cae-405d-8834-284f0dabc5a1', 'name': 'tempest-FloatingIPDetailsTestJSON-1765627669-subnet', 'tenant_id': '12b1aaef0e02480f80bf02216ae10b2b', 'network_id': 'aecc575c-c198-4547-8aee-d4ae6993c735', 'ip_version': 4, 'subnetpool_id': None, 'enable_dhcp': True, 'ipv6_ra_mode': None, 'ipv6_address_mode': None, 'gateway_ip': '192.168.128.1', 'cidr': '192.168.128.0/28', 'allocation_pools': [{'start': '192.168.128.2', 'end': '192.168.128.14'}], 'host_routes': [], 'dns_nameservers': [], 'description': '', 'router:external': False, 'service_types': [], 'tags': [], 'created_at': '2026-01-26T14:12:27Z', 'updated_at': '2026-01-26T14:12:27Z', 'revision_number': 0, 'project_id': '12b1aaef0e02480f80bf02216ae10b2b'}, Router: {'id': '1f3c436b-d9d9-4ac6-b90b-e292bc800d82', 'name': 'tempest-FloatingIPDetailsTestJSON-1765627669-router', 'tenant_id': '12b1aaef0e02480f80bf02216ae10b2b', 'admin_state_up': True, 'status': 'ACTIVE', 'external_gateway_info': {'network_id': '631b57fe-acca-40ca-9ed6-870fdc6f5d68', 'external_fixed_ips': [{'subnet_id': '5aa4e5f7-79ba-4557-8ebf-b97b94bfc34c', 'ip_address': '10.180.180.187'}], 'enable_snat': True}, 'description': '', 'availability_zones': [], 'distributed': False, 'ha': False, 'availability_zone_hints': [], 'routes': [], 'flavor_id': None, 'tags': [], 'created_at': '2026-01-26T14:12:27Z', 'updated_at': '2026-01-26T14:12:28Z', 'revision_number': 2, 'project_id': '12b1aaef0e02480f80bf02216ae10b2b'}
2026-01-26 14:12:29.836 90391 INFO tempest.lib.common.rest_client [req-c266ea49-3c74-4c00-adad-aea220a63036 req-c266ea49-3c74-4c00-adad-aea220a63036 ] Request (FloatingIPsAssociationTestJSON:setUpClass): 200 GET http://10.180.1.21/compute/v2.1/servers/84c2f756-e7b0-4315-8911-31c720a46226 2.895s
2026-01-26 14:12:29.847 90391 INFO tempest.common.waiters [-] State transition "BUILD/None" ==> "BUILD/networking" after 7 second wait
2026-01-26 14:12:29.918 90425 INFO tempest.lib.common.rest_client [req-afb15a0b-e416-4a9e-b5e7-b2a86f800e6f req-afb15a0b-e416-4a9e-b5e7-b2a86f800e6f ] Request (SecurityGroupsTestAdminJSON:tearDownClass): 204 DELETE http://10.180.1.21/identity/v3/users/12158099329d4dd29ec813a3fe2ea65e 0.146s
2026-01-26 14:12:29.974 90379 INFO tempest.lib.common.rest_client [req-4273f2c4-0853-4b9f-844d-1697dee49133 req-4273f2c4-0853-4b9f-844d-1697dee49133 ] Request (ValidationResourcesFixture:setUp): 201 POST http://10.180.1.21/networking/v2.0/security-groups 0.168s
2026-01-26 14:12:29.982 90405 INFO tempest.lib.common.rest_client [req-01dc6d24-3162-4b4e-b4db-730b8fc086c7 req-01dc6d24-3162-4b4e-b4db-730b8fc086c7 ] Request (ServersTestBootFromVolume:setUpClass): 204 PUT http://10.180.1.21/identity/v3/projects/a9ef743171224e71a01f7d768c821c98/users/1c43cb91b3bd46cf8fd988f5f90d7cc4/roles/f83111a624e54fca8656fac68ee52bb2 0.163s
2026-01-26 14:12:29.982 90405 INFO tempest.lib.common.dynamic_creds [-] Dynamic test user 1c43cb91b3bd46cf8fd988f5f90d7cc4 is created with scope project and roles: ['member']
2026-01-26 14:12:29.982 90405 INFO tempest.lib.common.dynamic_creds [-] Acquired dynamic creds: credentials: Credentials: {'domain_id': 'default', 'domain_name': 'Default', 'username': 'tempest-ServersTestBootFromVolume-647247302-project-member', 'project_domain_id': 'default', 'project_domain_name': 'Default', 'project_id': 'a9ef743171224e71a01f7d768c821c98', 'project_name': 'tempest-ServersTestBootFromVolume-647247302', 'tenant_id': 'a9ef743171224e71a01f7d768c821c98', 'tenant_name': 'tempest-ServersTestBootFromVolume-647247302', 'user_domain_id': 'default', 'user_domain_name': 'Default', 'user_id': '1c43cb91b3bd46cf8fd988f5f90d7cc4', 'system': None}, Network: None, Subnet: None, Router: None
2026-01-26 14:12:29.999 90397 INFO tempest.lib.common.rest_client [req-e7624a6c-bade-4e1f-b0ed-12eaeef9999a req-e7624a6c-bade-4e1f-b0ed-12eaeef9999a ] Request (ServersWithSpecificFlavorTestJSON:test_verify_created_server_ephemeral_disk): 200 GET http://10.180.1.21/compute/v2.1/servers/8f675322-e13c-4678-9a76-ab194f94c0d0/os-interface 2.715s
2026-01-26 14:12:30.056 90385 INFO tempest.lib.common.rest_client [req-22f455e9-263b-4e42-bdc5-bd00e33d19a0 req-22f455e9-263b-4e42-bdc5-bd00e33d19a0 ] Request (FloatingIPDetailsTestJSON:setUpClass): 201 POST http://10.180.1.21/identity/v3/auth/tokens 0.220s
2026-01-26 14:12:30.104 90379 INFO tempest.lib.common.rest_client [req-668dd01d-c2c3-4a0a-9977-404e251f4b77 req-668dd01d-c2c3-4a0a-9977-404e251f4b77 ] Request (ValidationResourcesFixture:setUp): 201 POST http://10.180.1.21/networking/v2.0/security-group-rules 0.129s
2026-01-26 14:12:30.145 90405 INFO tempest.lib.common.rest_client [req-24490a7f-1825-4291-91e0-32d29998996f req-24490a7f-1825-4291-91e0-32d29998996f ] Request (ServersTestBootFromVolume:setUpClass): 201 POST http://10.180.1.21/identity/v3/auth/tokens 0.163s
2026-01-26 14:12:30.196 90425 INFO tempest.lib.common.rest_client [req-909cdd44-0a96-49f0-a53d-b2a3553fb14f req-909cdd44-0a96-49f0-a53d-b2a3553fb14f ] Request (SecurityGroupsTestAdminJSON:tearDownClass): 204 DELETE http://10.180.1.21/identity/v3/users/4a2a160621654271bc8f1787c777242c 0.277s
2026-01-26 14:12:30.196 90425 INFO tempest.lib.common.dynamic_creds [-] Deleting project and security group for project: e06edf7baaa543f79bddfae564552117
2026-01-26 14:12:30.216 90385 INFO tempest.lib.common.rest_client [req-337cc179-0ce8-42e3-935a-0c9aa8ab8a80 req-337cc179-0ce8-42e3-935a-0c9aa8ab8a80 ] Request (FloatingIPDetailsTestJSON:setUpClass): 200 GET http://10.180.1.21/identity/v3/projects/12b1aaef0e02480f80bf02216ae10b2b 0.159s
2026-01-26 14:12:30.217 90385 INFO tempest.lib.common.dynamic_creds [-] Using the existing project 12b1aaef0e02480f80bf02216ae10b2b for scope project and roles: ['reader']
2026-01-26 14:12:30.258 90425 INFO tempest.lib.common.rest_client [req-961c7cc2-3c3a-48c5-9dcb-7d898518b445 req-961c7cc2-3c3a-48c5-9dcb-7d898518b445 ] Request (SecurityGroupsTestAdminJSON:tearDownClass): 201 POST http://10.180.1.21/identity/v3/auth/tokens 0.062s
2026-01-26 14:12:30.278 90423 INFO tempest.lib.common.rest_client [req-f031f55e-9a92-4866-bd1d-ab76aa8575ee req-f031f55e-9a92-4866-bd1d-ab76aa8575ee ] Request (QuotasAdminTestJSON:_run_cleanups): 200 PUT http://10.180.1.21/compute/v2.1/os-quota-sets/a8f8fd0200f84e9d85c07a94496a1060 3.286s
2026-01-26 14:12:30.285 90385 INFO tempest.lib.common.rest_client [req-9d75111c-2c08-4e4c-9817-9cfe34920888 req-9d75111c-2c08-4e4c-9817-9cfe34920888 ] Request (FloatingIPDetailsTestJSON:setUpClass): 201 POST http://10.180.1.21/identity/v3/users 0.068s
2026-01-26 14:12:30.304 90385 INFO tempest.lib.common.rest_client [req-5b85b6c3-7cde-47c9-933e-741e9a4473cf req-5b85b6c3-7cde-47c9-933e-741e9a4473cf ] Request (FloatingIPDetailsTestJSON:setUpClass): 200 GET http://10.180.1.21/identity/v3/roles 0.019s
2026-01-26 14:12:30.342 90385 INFO tempest.lib.common.rest_client [req-b0590160-2202-489b-bbd3-32ee35ff62f8 req-b0590160-2202-489b-bbd3-32ee35ff62f8 ] Request (FloatingIPDetailsTestJSON:setUpClass): 204 PUT http://10.180.1.21/identity/v3/projects/12b1aaef0e02480f80bf02216ae10b2b/users/b0868ff3a11a499da348e088bc5e6ec3/roles/fa5d65335d1e4d9e861cd29cf934270a 0.037s
2026-01-26 14:12:30.343 90385 INFO tempest.lib.common.dynamic_creds [-] Dynamic test user b0868ff3a11a499da348e088bc5e6ec3 is created with scope project and roles: ['reader']
2026-01-26 14:12:30.343 90385 INFO tempest.lib.common.dynamic_creds [-] Acquired dynamic creds: credentials: Credentials: {'domain_id': 'default', 'domain_name': 'Default', 'username': 'tempest-FloatingIPDetailsTestJSON-1433783629-project-reader', 'project_domain_id': 'default', 'project_domain_name': 'Default', 'project_id': '12b1aaef0e02480f80bf02216ae10b2b', 'project_name': 'tempest-FloatingIPDetailsTestJSON-1433783629', 'tenant_id': '12b1aaef0e02480f80bf02216ae10b2b', 'tenant_name': 'tempest-FloatingIPDetailsTestJSON-1433783629', 'user_domain_id': 'default', 'user_domain_name': 'Default', 'user_id': 'b0868ff3a11a499da348e088bc5e6ec3', 'system': None}, Network: None, Subnet: None, Router: None
2026-01-26 14:12:30.343 90385 INFO tempest.lib.common.dynamic_creds [-] Network resources are not created for requested scope: project and credentials: Credentials: {'domain_id': 'default', 'domain_name': 'Default', 'username': 'tempest-FloatingIPDetailsTestJSON-1433783629-project-reader', 'project_domain_id': 'default', 'project_domain_name': 'Default', 'project_id': '12b1aaef0e02480f80bf02216ae10b2b', 'project_name': 'tempest-FloatingIPDetailsTestJSON-1433783629', 'tenant_id': '12b1aaef0e02480f80bf02216ae10b2b', 'tenant_name': 'tempest-FloatingIPDetailsTestJSON-1433783629', 'user_domain_id': 'default', 'user_domain_name': 'Default', 'user_id': 'b0868ff3a11a499da348e088bc5e6ec3', 'system': None}, Network: None, Subnet: None, Router: None
2026-01-26 14:12:30.364 90437 INFO tempest.lib.common.rest_client [req-eff13862-d3fb-49c1-a855-0db53beb0516 req-eff13862-d3fb-49c1-a855-0db53beb0516 ] Request (ServerActionsV293TestJSON:setUpClass): 200 GET http://10.180.1.21/volume/v3/volumes/bc712936-897d-454e-bab0-01b3e27411fa 0.040s
2026-01-26 14:12:30.415 90423 INFO tempest.lib.common.rest_client [req-74ab401c-5874-480d-8a4a-e8734f761c29 req-74ab401c-5874-480d-8a4a-e8734f761c29 ] Request (QuotasAdminTestJSON:tearDownClass): 204 DELETE http://10.180.1.21/identity/v3/users/4fecbbd9fa174bc89da8ec189427273f 0.133s
2026-01-26 14:12:30.472 90385 INFO tempest.lib.common.rest_client [req-ff333be6-5abb-41c3-89b9-c5ee0a2a5072 req-ff333be6-5abb-41c3-89b9-c5ee0a2a5072 ] Request (FloatingIPDetailsTestJSON:setUpClass): 201 POST http://10.180.1.21/identity/v3/auth/tokens 0.124s
2026-01-26 14:12:30.599 90423 INFO tempest.lib.common.rest_client [req-8baad616-eda0-47dc-8cc5-636e560cfda7 req-8baad616-eda0-47dc-8cc5-636e560cfda7 ] Request (QuotasAdminTestJSON:tearDownClass): 204 DELETE http://10.180.1.21/identity/v3/users/9d9f4460af7e47be9843708b4550aadb 0.183s
2026-01-26 14:12:30.755 90423 INFO tempest.lib.common.rest_client [req-f2d3ea20-4585-4411-b477-46d7461f648c req-f2d3ea20-4585-4411-b477-46d7461f648c ] Request (QuotasAdminTestJSON:tearDownClass): 204 DELETE http://10.180.1.21/identity/v3/users/74ad99e3a822440493564c527a1a3142 0.156s
2026-01-26 14:12:30.755 90423 INFO tempest.lib.common.dynamic_creds [-] Deleting project and security group for project: 31aa569b370b419e991f3f86484e7d66
2026-01-26 14:12:30.776 90379 INFO tempest.lib.common.rest_client [req-ddf2b232-4c9c-42d3-b5f8-8c1eaba53fe8 req-ddf2b232-4c9c-42d3-b5f8-8c1eaba53fe8 ] Request (ValidationResourcesFixture:setUp): 201 POST http://10.180.1.21/networking/v2.0/security-group-rules 0.671s
2026-01-26 14:12:30.830 90423 INFO tempest.lib.common.rest_client [req-50e8e5af-06ac-4be4-8532-c8f88ed068d1 req-50e8e5af-06ac-4be4-8532-c8f88ed068d1 ] Request (QuotasAdminTestJSON:tearDownClass): 201 POST http://10.180.1.21/identity/v3/auth/tokens 0.073s
2026-01-26 14:12:31.059 90405 INFO tempest.lib.common.rest_client [req-2e844755-8053-42fa-bf4f-42b48ccbc084 req-2e844755-8053-42fa-bf4f-42b48ccbc084 ] Request (ServersTestBootFromVolume:setUpClass): 201 POST http://10.180.1.21/networking/v2.0/networks 0.913s
2026-01-26 14:12:31.114 90425 INFO tempest.lib.common.rest_client [req-1bccfefd-df37-4a4f-90e2-1a251ff05293 req-1bccfefd-df37-4a4f-90e2-1a251ff05293 ] Request (SecurityGroupsTestAdminJSON:tearDownClass): 200 GET http://10.180.1.21/networking/v2.0/security-groups?tenant_id=e06edf7baaa543f79bddfae564552117&name=default 0.855s
2026-01-26 14:12:31.150 90409 INFO tempest.lib.common.rest_client [req-ad27966a-a430-419b-85ad-dc3ca33d9396 req-ad27966a-a430-419b-85ad-dc3ca33d9396 ] Request (ServersAdmin275Test:tearDownClass): 200 GET http://10.180.1.21/compute/v2.1/servers/dcb42370-4cb1-4313-a13d-a232b0629928 3.476s
2026-01-26 14:12:31.206 90397 INFO tempest.lib.common.rest_client [req-5b9c4d68-5f61-4b05-b2a6-eb5830320ce0 req-5b9c4d68-5f61-4b05-b2a6-eb5830320ce0 ] Request (ServersWithSpecificFlavorTestJSON:test_verify_created_server_ephemeral_disk): 200 PUT http://10.180.1.21/networking/v2.0/floatingips/9d05c350-889f-4fee-b6c1-d7bf479bc3ff 1.205s
2026-01-26 14:12:31.242 90395 INFO tempest.lib.common.rest_client [req-66a4affb-53a5-47af-87a3-bd9dfea84b0e req-66a4affb-53a5-47af-87a3-bd9dfea84b0e ] Request (ServersAdminTestJSON:setUpClass): 200 GET http://10.180.1.21/compute/v2.1/servers/7787bc4c-f172-4a6d-b955-8fdbdc5448e4 3.958s
2026-01-26 14:12:31.253 90395 INFO tempest.common.waiters [-] State transition "BUILD/spawning" ==> "ACTIVE/None" after 15 second wait
2026-01-26 14:12:31.415 90437 INFO tempest.lib.common.rest_client [req-b107f48f-e075-4dff-ae07-7bdc640c6d27 req-b107f48f-e075-4dff-ae07-7bdc640c6d27 ] Request (ServerActionsV293TestJSON:setUpClass): 200 GET http://10.180.1.21/volume/v3/volumes/bc712936-897d-454e-bab0-01b3e27411fa 0.035s
2026-01-26 14:12:31.714 90379 INFO tempest.lib.common.rest_client [req-5fb460ea-8633-49a0-bf7d-59fba74d6faf req-5fb460ea-8633-49a0-bf7d-59fba74d6faf ] Request (ValidationResourcesFixture:setUp): 201 POST http://10.180.1.21/networking/v2.0/floatingips 0.936s
2026-01-26 14:12:31.787 90379 INFO tempest.lib.common.rest_client [req-dc2af3c2-5f98-4ee8-8f9b-517911dc8059 req-dc2af3c2-5f98-4ee8-8f9b-517911dc8059 ] Request (AttachInterfacesTestJSON:test_create_list_show_delete_interfaces_by_fixed_ip): 201 POST http://10.180.1.21/identity/v3/auth/tokens 0.070s
2026-01-26 14:12:31.788 90379 INFO tempest.lib.common.fixed_network [-] (AttachInterfacesTestJSON:test_create_list_show_delete_interfaces_by_fixed_ip) Found network {'id': 'e8ce36ad-6673-4e97-9164-21b4ce9c6d96', 'name': 'tempest-AttachInterfacesTestJSON-288226235-network', 'tenant_id': '3ca34f5b5d844372aaadbfd47ad79950', 'project_id': '3ca34f5b5d844372aaadbfd47ad79950', 'admin_state_up': True, 'mtu': 8950, 'status': 'ACTIVE', 'subnets': [], 'shared': False, 'port_security_enabled': True, 'router:external': False, 'provider:network_type': 'vlan', 'provider:physical_network': 'default', 'provider:segmentation_id': 509, 'is_default': False, 'availability_zone_hints': [], 'availability_zones': [], 'ipv4_address_scope': None, 'ipv6_address_scope': None, 'description': '', 'tags': [], 'created_at': '2026-01-26T14:12:24Z', 'updated_at': '2026-01-26T14:12:24Z', 'revision_number': 1} available for tenant
2026-01-26 14:12:31.862 90423 INFO tempest.lib.common.rest_client [req-08a2ac26-fdf7-400b-bc3b-f665c618be6e req-08a2ac26-fdf7-400b-bc3b-f665c618be6e ] Request (QuotasAdminTestJSON:tearDownClass): 200 GET http://10.180.1.21/networking/v2.0/security-groups?tenant_id=31aa569b370b419e991f3f86484e7d66&name=default 1.031s
2026-01-26 14:12:32.060 90405 INFO tempest.lib.common.rest_client [req-82861151-b9d9-4231-a79a-69a966670efc req-82861151-b9d9-4231-a79a-69a966670efc ] Request (ServersTestBootFromVolume:setUpClass): 201 POST http://10.180.1.21/networking/v2.0/subnets 1.000s
2026-01-26 14:12:32.144 90425 INFO tempest.lib.common.rest_client [req-dad8689c-1aa5-4a9f-a6dc-14b211cc77b2 req-dad8689c-1aa5-4a9f-a6dc-14b211cc77b2 ] Request (SecurityGroupsTestAdminJSON:tearDownClass): 204 DELETE http://10.180.1.21/networking/v2.0/security-groups/77b42aae-bb64-4111-aaa4-1bcd42eb3dc8 1.030s
2026-01-26 14:12:32.168 90411 INFO tempest.lib.common.rest_client [req-ce91615c-64b1-4704-aa35-d44b7c1b6152 req-ce91615c-64b1-4704-aa35-d44b7c1b6152 ] Request (DeleteServersAdminTestJSON:test_delete_server_while_in_error_state): 200 GET http://10.180.1.21/compute/v2.1/servers/542a63e2-96d6-4192-a2f9-20471b12a42e 4.476s
2026-01-26 14:12:32.215 90425 INFO tempest.lib.common.rest_client [req-ab123d06-ee70-4fdb-ae71-b7ffe23559b7 req-ab123d06-ee70-4fdb-ae71-b7ffe23559b7 ] Request (SecurityGroupsTestAdminJSON:tearDownClass): 204 DELETE http://10.180.1.21/identity/v3/projects/e06edf7baaa543f79bddfae564552117 0.071s
2026-01-26 14:12:32.216 90425 INFO tempest.lib.common.dynamic_creds [-] Deleting project and security group for project: cf40f6f1fa3a411cb2efb9f6c4e35cd9
2026-01-26 14:12:32.240 90431 INFO tempest.lib.common.rest_client [req-1a6178a5-e9cc-4175-9d12-cabd4c4e5211 req-1a6178a5-e9cc-4175-9d12-cabd4c4e5211 ] Request (KeyPairsV2TestJSON:test_keypairs_create_list_delete): 200 POST http://10.180.1.21/compute/v2.1/os-keypairs 3.565s
2026-01-26 14:12:32.293 90441 INFO tempest.lib.common.rest_client [req-ff9b04aa-7ee0-47c2-9349-b9a9a53f2886 req-ff9b04aa-7ee0-47c2-9349-b9a9a53f2886 ] Request (ServerGroupTestJSON:test_create_delete_server_group_with_anti_affinity_policy): 200 POST http://10.180.1.21/compute/v2.1/os-server-groups 3.598s
2026-01-26 14:12:32.331 90423 INFO tempest.lib.common.rest_client [req-7fd90a67-c491-4be6-99a7-d1199c03bac8 req-7fd90a67-c491-4be6-99a7-d1199c03bac8 ] Request (QuotasAdminTestJSON:tearDownClass): 204 DELETE http://10.180.1.21/networking/v2.0/security-groups/2f109c21-21d2-4734-b9c6-f6674085f215 0.468s
2026-01-26 14:12:32.458 90423 INFO tempest.lib.common.rest_client [req-33ddc2d8-cad2-4326-a8f3-3d41ff3b994d req-33ddc2d8-cad2-4326-a8f3-3d41ff3b994d ] Request (QuotasAdminTestJSON:tearDownClass): 204 DELETE http://10.180.1.21/identity/v3/projects/31aa569b370b419e991f3f86484e7d66 0.127s
2026-01-26 14:12:32.458 90423 INFO tempest.lib.common.dynamic_creds [-] Deleting project and security group for project: a8f8fd0200f84e9d85c07a94496a1060
2026-01-26 14:12:32.461 90437 INFO tempest.lib.common.rest_client [req-a97e2f23-f6e3-4d1f-8ba8-cb019e501c5c req-a97e2f23-f6e3-4d1f-8ba8-cb019e501c5c ] Request (ServerActionsV293TestJSON:setUpClass): 200 GET http://10.180.1.21/volume/v3/volumes/bc712936-897d-454e-bab0-01b3e27411fa 0.033s
2026-01-26 14:12:32.468 90437 INFO tempest.common.waiters [-] volume bc712936-897d-454e-bab0-01b3e27411fa reached available after waiting for 30.468450 seconds
2026-01-26 14:12:32.830 90425 INFO tempest.lib.common.rest_client [req-b6a2ea6f-7c2f-41e0-95ef-5b22f1b511cd req-b6a2ea6f-7c2f-41e0-95ef-5b22f1b511cd ] Request (SecurityGroupsTestAdminJSON:tearDownClass): 200 GET http://10.180.1.21/networking/v2.0/security-groups?tenant_id=cf40f6f1fa3a411cb2efb9f6c4e35cd9&name=default 0.614s
2026-01-26 14:12:32.865 90393 INFO tempest.lib.common.rest_client [req-3da3f3fd-f94e-4d97-8e77-b3ad9d72e534 req-3da3f3fd-f94e-4d97-8e77-b3ad9d72e534 ] Request (MigrationsAdminTest:test_list_migrations_in_flavor_resize_situation): 200 GET http://10.180.1.21/compute/v2.1/servers/8cadebb6-e983-4bdd-94dd-5b0e1f90fa7b 5.065s
2026-01-26 14:12:32.875 90429 INFO tempest.lib.common.rest_client [req-21d3f319-cbef-41f0-9cc3-1d662506afd5 req-21d3f319-cbef-41f0-9cc3-1d662506afd5 ] Request (ServersNegativeTestMultiTenantJSON:tearDownClass): 200 GET http://10.180.1.21/compute/v2.1/servers/a5b7e323-60ca-421b-b470-21d015bb2f23 4.068s
2026-01-26 14:12:32.879 90421 INFO tempest.lib.common.rest_client [req-ed6f79b0-1109-401c-b8ff-d4d62426fdc7 req-ed6f79b0-1109-401c-b8ff-d4d62426fdc7 ] Request (AggregatesAdminNegativeTestJSON:test_aggregate_get_details_with_invalid_id): 404 GET http://10.180.1.21/compute/v2.1/os-aggregates/-1 4.048s
2026-01-26 14:12:32.999 90423 INFO tempest.lib.common.rest_client [req-a5eafa45-8944-40fe-a901-5ef47705d413 req-a5eafa45-8944-40fe-a901-5ef47705d413 ] Request (QuotasAdminTestJSON:tearDownClass): 200 GET http://10.180.1.21/networking/v2.0/security-groups?tenant_id=a8f8fd0200f84e9d85c07a94496a1060&name=default 0.541s
2026-01-26 14:12:33.089 90425 INFO tempest.lib.common.rest_client [req-1d61c4fc-7187-447d-8fc0-22f31cfb36e0 req-1d61c4fc-7187-447d-8fc0-22f31cfb36e0 ] Request (SecurityGroupsTestAdminJSON:tearDownClass): 204 DELETE http://10.180.1.21/networking/v2.0/security-groups/e2145e2a-81b3-4d28-b660-1e23a50248fa 0.259s
2026-01-26 14:12:33.220 90425 INFO tempest.lib.common.rest_client [req-32afd69e-feec-45b9-9968-26f21d9c5c48 req-32afd69e-feec-45b9-9968-26f21d9c5c48 ] Request (SecurityGroupsTestAdminJSON:tearDownClass): 204 DELETE http://10.180.1.21/identity/v3/projects/cf40f6f1fa3a411cb2efb9f6c4e35cd9 0.130s
2026-01-26 14:12:33.226 90381 INFO tempest.lib.common.rest_client [req-b80aa9bf-2d36-43d2-a9ed-11b675878474 req-b80aa9bf-2d36-43d2-a9ed-11b675878474 ] Request (SecurityGroupRulesTestJSON:test_security_group_rules_create_with_optional_group_id): 200 POST http://10.180.1.21/compute/v2.1/os-security-groups 4.111s
2026-01-26 14:12:33.244 90417 INFO tempest.lib.common.rest_client [req-6d3da9d2-6dcb-4274-a77f-fbfeff7bf7ed req-6d3da9d2-6dcb-4274-a77f-fbfeff7bf7ed ] Request (FlavorsAdminTestJSON:test_create_server_with_non_public_flavor): 200 POST http://10.180.1.21/compute/v2.1/flavors 4.102s
2026-01-26 14:12:33.261 90403 INFO tempest.lib.common.rest_client [req-51dbef2f-f18d-423b-b71e-126fc8b1c6c1 req-51dbef2f-f18d-423b-b71e-126fc8b1c6c1 ] Request (ServerExternalEventsTest:test_create_server_external_events): 200 GET http://10.180.1.21/compute/v2.1/servers/0dc6bb67-a406-4d2e-b6a5-588a6c3d4790 4.347s
2026-01-26 14:12:33.266 90427 INFO tempest.lib.common.rest_client [req-5e7bd353-c5ef-470d-8275-bdf338e0d458 req-5e7bd353-c5ef-470d-8275-bdf338e0d458 ] Request (FlavorsAccessNegativeTestJSON:test_remove_flavor_access_not_found): 200 POST http://10.180.1.21/compute/v2.1/flavors 4.103s
2026-01-26 14:12:33.291 90443 INFO tempest.lib.common.rest_client [req-164ad1fb-e576-4502-96c2-0e007600b6c4 req-164ad1fb-e576-4502-96c2-0e007600b6c4 ] Request (ImagesDeleteNegativeTestJSON:test_delete_image_negative_image_id): 404 DELETE http://10.180.1.21/compute/v2.1/images/-1 4.018s
2026-01-26 14:12:33.301 90407 INFO tempest.lib.common.rest_client [req-8a1799bb-d0a6-498c-a7c8-dd6806c54aa3 req-8a1799bb-d0a6-498c-a7c8-dd6806c54aa3 ] Request (ServersAdminNegativeTestJSON:test_reset_state_server_invalid_state): 400 POST http://10.180.1.21/compute/v2.1/servers/e53072c9-76ed-4f47-baa8-4eaf1528f195/action 3.691s
2026-01-26 14:12:33.306 90405 INFO tempest.lib.common.rest_client [req-4ba750a5-7317-4077-a87c-adff0039710d req-4ba750a5-7317-4077-a87c-adff0039710d ] Request (ServersTestBootFromVolume:setUpClass): 201 POST http://10.180.1.21/networking/v2.0/routers 1.245s
2026-01-26 14:12:33.315 90425 INFO tempest.lib.common.rest_client [req-dcec63d6-254c-4f04-8a54-adc1d2979c8a req-dcec63d6-254c-4f04-8a54-adc1d2979c8a ] Request (ServerActionsTestOtherA:setUpClass): 201 POST http://10.180.1.21/identity/v3/auth/tokens 0.093s
2026-01-26 14:12:33.370 90425 INFO tempest.lib.common.rest_client [req-978731d0-7198-4fd5-bec0-da657112b1cd req-978731d0-7198-4fd5-bec0-da657112b1cd ] Request (ServerActionsTestOtherA:setUpClass): 201 POST http://10.180.1.21/identity/v3/auth/tokens 0.053s
2026-01-26 14:12:33.381 90423 INFO tempest.lib.common.rest_client [req-84a22f66-5396-481c-b79a-7a655dd13f39 req-84a22f66-5396-481c-b79a-7a655dd13f39 ] Request (QuotasAdminTestJSON:tearDownClass): 204 DELETE http://10.180.1.21/networking/v2.0/security-groups/f13f0cb5-fe1b-4093-a1f3-bf21cc58fc9e 0.381s
2026-01-26 14:12:33.396 90401 INFO tempest.lib.common.rest_client [req-7f1079f4-5868-43a6-97d8-2c92d35c65a9 req-7f1079f4-5868-43a6-97d8-2c92d35c65a9 ] Request (ServerDiskConfigTestJSON:_run_cleanups): 204 DELETE http://10.180.1.21/compute/v2.1/servers/322611ca-a5f7-4746-838c-777bb510498a 4.162s
2026-01-26 14:12:33.433 90425 INFO tempest.lib.common.rest_client [req-51e4688c-ca7f-446e-ad42-b4ee98b3bc79 req-51e4688c-ca7f-446e-ad42-b4ee98b3bc79 ] Request (ServerActionsTestOtherA:setUpClass): 200 GET http://10.180.1.21/identity/v3/domains?name=Default 0.062s
2026-01-26 14:12:33.481 90423 INFO tempest.lib.common.rest_client [req-0a5d0dae-5a29-4afd-b806-13608904b015 req-0a5d0dae-5a29-4afd-b806-13608904b015 ] Request (QuotasAdminTestJSON:tearDownClass): 204 DELETE http://10.180.1.21/identity/v3/projects/a8f8fd0200f84e9d85c07a94496a1060 0.099s
2026-01-26 14:12:33.524 90399 INFO tempest.lib.common.rest_client [req-34c69dc8-180c-4442-8739-4317cc302eff req-34c69dc8-180c-4442-8739-4317cc302eff ] Request (AttachVolumeNegativeTest:test_attach_attached_volume_to_different_server): 200 GET http://10.180.1.21/compute/v2.1/servers/d87e07fa-0fc7-4feb-81b4-93238fc2c964 3.879s
2026-01-26 14:12:33.532 90399 INFO tempest.common.waiters [-] State transition "BUILD/block_device_mapping" ==> "BUILD/spawning" after 11 second wait
2026-01-26 14:12:33.542 90401 INFO tempest.lib.common.rest_client [req-b24491ed-908d-476e-b510-3ea57a9c2cd0 req-b24491ed-908d-476e-b510-3ea57a9c2cd0 ] Request (ServerDiskConfigTestJSON:test_rebuild_server_with_manual_disk_config): 201 POST http://10.180.1.21/identity/v3/auth/tokens 0.138s
2026-01-26 14:12:33.543 90401 INFO tempest.lib.common.fixed_network [-] (ServerDiskConfigTestJSON:test_rebuild_server_with_manual_disk_config) Found network {'id': 'c4d99d33-b7bf-4633-a2a7-8a20805aa6a5', 'name': 'tempest-ServerDiskConfigTestJSON-848076580-network', 'tenant_id': '44505f485014441682c21d547fcf0973', 'project_id': '44505f485014441682c21d547fcf0973', 'admin_state_up': True, 'mtu': 8950, 'status': 'ACTIVE', 'subnets': [], 'shared': False, 'port_security_enabled': True, 'router:external': False, 'provider:network_type': 'vlan', 'provider:physical_network': 'default', 'provider:segmentation_id': 617, 'is_default': False, 'availability_zone_hints': [], 'availability_zones': [], 'ipv4_address_scope': None, 'ipv6_address_scope': None, 'description': '', 'tags': [], 'created_at': '2026-01-26T14:11:35Z', 'updated_at': '2026-01-26T14:11:35Z', 'revision_number': 1} available for tenant
2026-01-26 14:12:33.567 90415 INFO tempest.lib.common.rest_client [req-67702f2d-dca2-43be-b6db-d90abb098a1c req-67702f2d-dca2-43be-b6db-d90abb098a1c ] Request (KeyPairsV22TestJSON:test_keypairs_create_list_delete): 201 POST http://10.180.1.21/compute/v2.1/os-keypairs 3.804s
2026-01-26 14:12:33.574 90435 INFO tempest.lib.common.rest_client [-] Request (TestVersions:test_list_api_versions): 200 GET http://10.180.1.21/compute/ 3.803s
2026-01-26 14:12:33.605 90439 INFO tempest.lib.common.rest_client [req-f84d9afb-7d15-4556-b04f-a68627924cac req-f84d9afb-7d15-4556-b04f-a68627924cac ] Request (ServicesAdminNegativeTestJSON:test_list_services_with_non_admin_user): 403 GET http://10.180.1.21/compute/v2.1/os-services 3.884s
2026-01-26 14:12:33.616 90425 INFO tempest.lib.common.rest_client [req-48141f69-a627-454c-a584-f7cece725ff9 req-48141f69-a627-454c-a584-f7cece725ff9 ] Request (ServerActionsTestOtherA:setUpClass): 201 POST http://10.180.1.21/identity/v3/projects 0.182s
2026-01-26 14:12:33.655 90423 INFO tempest.lib.common.rest_client [req-684ac4b3-50dc-4f5a-a780-12c2fb994836 req-684ac4b3-50dc-4f5a-a780-12c2fb994836 ] Request (AttachInterfacesV270Test:setUpClass): 201 POST http://10.180.1.21/identity/v3/auth/tokens 0.171s
2026-01-26 14:12:33.675 90389 INFO tempest.lib.common.rest_client [req-a27a31a9-0928-4eff-b7ad-11c9849c0d3a req-a27a31a9-0928-4eff-b7ad-11c9849c0d3a ] Request (ServerAddressesNegativeTestJSON:tearDownClass): 200 GET http://10.180.1.21/compute/v2.1/servers/1be4627b-625e-4128-b7c7-a50e69c2a021 3.338s
2026-01-26 14:12:33.719 90435 INFO tempest.lib.common.rest_client [req-ddb724ae-0387-4a9b-89fb-27b62533b555 req-ddb724ae-0387-4a9b-89fb-27b62533b555 ] Request (TestVersions:tearDownClass): 204 DELETE http://10.180.1.21/identity/v3/users/d0b0275a87ac4de282332707f4602ecf 0.133s
2026-01-26 14:12:33.722 90387 INFO tempest.lib.common.rest_client [req-48f40ce0-5bef-4a5d-85df-3044cd41735e req-48f40ce0-5bef-4a5d-85df-3044cd41735e ] Request (QuotaClassesAdminTestJSON:test_update_default_quotas): 200 GET http://10.180.1.21/compute/v2.1/os-quota-class-sets/default 3.402s
2026-01-26 14:12:33.783 90425 INFO tempest.lib.common.rest_client [req-3becc916-f8d0-4299-bd4b-63c18f680429 req-3becc916-f8d0-4299-bd4b-63c18f680429 ] Request (ServerActionsTestOtherA:setUpClass): 201 POST http://10.180.1.21/identity/v3/users 0.167s
2026-01-26 14:12:33.790 90419 INFO tempest.lib.common.rest_client [req-ee43b297-70e1-45e2-a1ba-73cfb01a84b8 req-ee43b297-70e1-45e2-a1ba-73cfb01a84b8 ] Request (ServerDiagnosticsV248Test:tearDownClass): 200 GET http://10.180.1.21/compute/v2.1/servers/a32bb6ef-0bb5-4210-ae5c-077656a589ed 3.085s
2026-01-26 14:12:33.809 90439 INFO tempest.lib.common.rest_client [req-086a87e2-0458-4e1c-bbd8-16a4d7226e10 req-086a87e2-0458-4e1c-bbd8-16a4d7226e10 ] Request (ServicesAdminNegativeTestJSON:tearDownClass): 204 DELETE http://10.180.1.21/identity/v3/users/cc150364ce02462f8ce607fdbebe934a 0.200s
2026-01-26 14:12:33.860 90423 INFO tempest.lib.common.rest_client [req-280bf773-ceb9-477b-8efb-8e7962c4e0f3 req-280bf773-ceb9-477b-8efb-8e7962c4e0f3 ] Request (AttachInterfacesV270Test:setUpClass): 201 POST http://10.180.1.21/identity/v3/auth/tokens 0.202s
2026-01-26 14:12:33.946 90435 INFO tempest.lib.common.rest_client [req-38000dbb-5528-42c9-adbf-ddba46d33af0 req-38000dbb-5528-42c9-adbf-ddba46d33af0 ] Request (TestVersions:tearDownClass): 204 DELETE http://10.180.1.21/identity/v3/users/5a15757d8c6e42f5996560ad4718cff6 0.227s
2026-01-26 14:12:33.947 90435 INFO tempest.lib.common.dynamic_creds [-] Deleting project and security group for project: 8f89c263a9ac41bf93770c61ae62b071
2026-01-26 14:12:33.957 90391 INFO tempest.lib.common.rest_client [req-9995ed77-43dc-4b9b-bf8f-7bc817ba3a7d req-9995ed77-43dc-4b9b-bf8f-7bc817ba3a7d ] Request (FloatingIPsAssociationTestJSON:setUpClass): 200 GET http://10.180.1.21/compute/v2.1/servers/84c2f756-e7b0-4315-8911-31c720a46226 3.109s
2026-01-26 14:12:33.966 90391 INFO tempest.common.waiters [-] State transition "BUILD/networking" ==> "BUILD/spawning" after 11 second wait
2026-01-26 14:12:33.988 90425 INFO tempest.lib.common.rest_client [req-ffa89926-e4a2-4523-b3ee-3d109dc91dd2 req-ffa89926-e4a2-4523-b3ee-3d109dc91dd2 ] Request (ServerActionsTestOtherA:setUpClass): 200 GET http://10.180.1.21/identity/v3/roles 0.205s
2026-01-26 14:12:34.011 90423 INFO tempest.lib.common.rest_client [req-b24b0a98-f682-4ad8-9ffa-2ddc92be22f3 req-b24b0a98-f682-4ad8-9ffa-2ddc92be22f3 ] Request (AttachInterfacesV270Test:setUpClass): 200 GET http://10.180.1.21/identity/v3/domains?name=Default 0.150s
2026-01-26 14:12:34.057 90439 INFO tempest.lib.common.rest_client [req-439e9fd7-76e6-4a6e-a1d7-5ec3e31ee330 req-439e9fd7-76e6-4a6e-a1d7-5ec3e31ee330 ] Request (ServicesAdminNegativeTestJSON:tearDownClass): 204 DELETE http://10.180.1.21/identity/v3/users/ef7d612f81824e13b6495c4083b8db39 0.248s
2026-01-26 14:12:34.069 90435 INFO tempest.lib.common.rest_client [req-5b0de557-58b3-4ee7-9955-e5fdf0aed12f req-5b0de557-58b3-4ee7-9955-e5fdf0aed12f ] Request (TestVersions:tearDownClass): 201 POST http://10.180.1.21/identity/v3/auth/tokens 0.121s
2026-01-26 14:12:34.131 90425 INFO tempest.lib.common.rest_client [req-7ed6a195-494b-43a4-a080-25b0ca8ae37e req-7ed6a195-494b-43a4-a080-25b0ca8ae37e ] Request (ServerActionsTestOtherA:setUpClass): 204 PUT http://10.180.1.21/identity/v3/projects/93a0d4405dfc4d87bb5acea0ee1c886c/users/11100818ddb24261b62dd9e72f7af4c3/roles/f83111a624e54fca8656fac68ee52bb2 0.142s
2026-01-26 14:12:34.132 90425 INFO tempest.lib.common.dynamic_creds [-] Dynamic test user 11100818ddb24261b62dd9e72f7af4c3 is created with scope project and roles: ['member']
2026-01-26 14:12:34.132 90425 INFO tempest.lib.common.dynamic_creds [-] Acquired dynamic creds: credentials: Credentials: {'domain_id': 'default', 'domain_name': 'Default', 'username': 'tempest-ServerActionsTestOtherA-1770217961-project-member', 'project_domain_id': 'default', 'project_domain_name': 'Default', 'project_id': '93a0d4405dfc4d87bb5acea0ee1c886c', 'project_name': 'tempest-ServerActionsTestOtherA-1770217961', 'tenant_id': '93a0d4405dfc4d87bb5acea0ee1c886c', 'tenant_name': 'tempest-ServerActionsTestOtherA-1770217961', 'user_domain_id': 'default', 'user_domain_name': 'Default', 'user_id': '11100818ddb24261b62dd9e72f7af4c3', 'system': None}, Network: None, Subnet: None, Router: None
2026-01-26 14:12:34.144 90423 INFO tempest.lib.common.rest_client [req-3ac6cf0b-23f2-47eb-b576-64b1363bd242 req-3ac6cf0b-23f2-47eb-b576-64b1363bd242 ] Request (AttachInterfacesV270Test:setUpClass): 201 POST http://10.180.1.21/identity/v3/projects 0.133s
2026-01-26 14:12:34.200 90425 INFO tempest.lib.common.rest_client [req-87671e89-bc51-4edc-ba5e-bbcde6f82c4f req-87671e89-bc51-4edc-ba5e-bbcde6f82c4f ] Request (ServerActionsTestOtherA:setUpClass): 201 POST http://10.180.1.21/identity/v3/auth/tokens 0.067s
2026-01-26 14:12:34.225 90423 INFO tempest.lib.common.rest_client [req-03d024f2-5c34-442c-9529-211318323bfa req-03d024f2-5c34-442c-9529-211318323bfa ] Request (AttachInterfacesV270Test:setUpClass): 201 POST http://10.180.1.21/identity/v3/users 0.080s
