2026-01-26 14:13:37.588 90441 INFO tempest.lib.common.rest_client [req-507851df-2ae1-4bb7-b988-c1c9c8d042d0 req-507851df-2ae1-4bb7-b988-c1c9c8d042d0 ] Request (ServerGroupTestJSON:_run_cleanups): 200 GET http://10.180.1.21/compute/v2.1/servers/72cfd3d5-92a0-498b-b95a-9d15079eb5b6 0.207s
2026-01-26 14:13:37.609 90417 INFO tempest.lib.common.rest_client [req-7adf5474-6274-4e2f-8446-ee96300eedc8 req-7adf5474-6274-4e2f-8446-ee96300eedc8 ] Request (QuotasSecurityGroupAdminNegativeTest:setUpClass): 201 POST http://10.180.1.21/identity/v3/auth/tokens 0.074s
2026-01-26 14:13:37.641 90417 INFO tempest.lib.common.rest_client [req-10f63057-fa24-42ed-9b87-f89a11b3f1ab req-10f63057-fa24-42ed-9b87-f89a11b3f1ab ] Request (QuotasSecurityGroupAdminNegativeTest:setUpClass): 201 POST http://10.180.1.21/identity/v3/auth/tokens 0.030s
2026-01-26 14:13:37.667 90417 INFO tempest.lib.common.rest_client [req-3761c56f-cded-4493-9b03-cc0f6c953747 req-3761c56f-cded-4493-9b03-cc0f6c953747 ] Request (QuotasSecurityGroupAdminNegativeTest:setUpClass): 200 GET http://10.180.1.21/identity/v3/domains?name=Default 0.025s
2026-01-26 14:13:37.697 90417 INFO tempest.lib.common.rest_client [req-5d5a0bce-4bc9-40ac-8bdf-73106f3df2a0 req-5d5a0bce-4bc9-40ac-8bdf-73106f3df2a0 ] Request (QuotasSecurityGroupAdminNegativeTest:setUpClass): 201 POST http://10.180.1.21/identity/v3/projects 0.029s
2026-01-26 14:13:37.734 90397 INFO tempest.lib.common.rest_client [req-5f19c544-2997-4b23-945a-78625df8c123 req-5f19c544-2997-4b23-945a-78625df8c123 ] Request (ServersWithSpecificFlavorTestJSON:test_verify_created_server_ephemeral_disk): 200 GET http://10.180.1.21/compute/v2.1/servers/9bafdb77-0e61-445a-a1c7-d5d65dede910 0.056s
2026-01-26 14:13:37.744 90419 INFO tempest.lib.common.rest_client [req-fb2a201e-ee89-4914-a3db-74791d7eee15 req-fb2a201e-ee89-4914-a3db-74791d7eee15 ] Request (ImagesOneServerTestJSON:setUpClass): 200 GET http://10.180.1.21/compute/v2.1/servers/419d6089-f6fd-4c72-bb41-f0507491cdc3 0.125s
2026-01-26 14:13:37.758 90417 INFO tempest.lib.common.rest_client [req-d0fee7d2-c880-445e-b640-0011efb18aa9 req-d0fee7d2-c880-445e-b640-0011efb18aa9 ] Request (QuotasSecurityGroupAdminNegativeTest:setUpClass): 201 POST http://10.180.1.21/identity/v3/users 0.060s
2026-01-26 14:13:37.786 90417 INFO tempest.lib.common.rest_client [req-d9d426b0-22d1-456a-a1bd-c4d417fa9d2d req-d9d426b0-22d1-456a-a1bd-c4d417fa9d2d ] Request (QuotasSecurityGroupAdminNegativeTest:setUpClass): 200 GET http://10.180.1.21/identity/v3/roles 0.028s
2026-01-26 14:13:37.809 90421 INFO tempest.lib.common.rest_client [req-25795b26-0c4e-4497-b526-64ea1d679aeb req-25795b26-0c4e-4497-b526-64ea1d679aeb ] Request (ServerDiagnosticsNegativeTest:test_get_server_diagnostics_by_non_admin): 200 GET http://10.180.1.21/compute/v2.1/servers/d1ed3d06-67f2-4897-b7ad-2edf68a93a10 0.067s
2026-01-26 14:13:37.816 90417 INFO tempest.lib.common.rest_client [req-095c5f59-b524-4c2f-8229-9d7127874d97 req-095c5f59-b524-4c2f-8229-9d7127874d97 ] Request (QuotasSecurityGroupAdminNegativeTest:setUpClass): 204 PUT http://10.180.1.21/identity/v3/projects/deec967cfe39428f8b58df028c89a952/users/0b44c7902bca4c2a9818b37fe0913060/roles/f83111a624e54fca8656fac68ee52bb2 0.029s
2026-01-26 14:13:37.817 90417 INFO tempest.lib.common.dynamic_creds [-] Dynamic test user 0b44c7902bca4c2a9818b37fe0913060 is created with scope project and roles: ['member']
2026-01-26 14:13:37.817 90417 INFO tempest.lib.common.dynamic_creds [-] Acquired dynamic creds: credentials: Credentials: {'domain_id': 'default', 'domain_name': 'Default', 'username': 'tempest-QuotasSecurityGroupAdminNegativeTest-45986975-project-member', 'project_domain_id': 'default', 'project_domain_name': 'Default', 'project_id': 'deec967cfe39428f8b58df028c89a952', 'project_name': 'tempest-QuotasSecurityGroupAdminNegativeTest-45986975', 'tenant_id': 'deec967cfe39428f8b58df028c89a952', 'tenant_name': 'tempest-QuotasSecurityGroupAdminNegativeTest-45986975', 'user_domain_id': 'default', 'user_domain_name': 'Default', 'user_id': '0b44c7902bca4c2a9818b37fe0913060', 'system': None}, Network: None, Subnet: None, Router: None
2026-01-26 14:13:37.817 90417 INFO tempest.lib.common.dynamic_creds [-] Created isolated network resources for: credentials: Credentials: {'domain_id': 'default', 'domain_name': 'Default', 'username': 'tempest-QuotasSecurityGroupAdminNegativeTest-45986975-project-member', 'project_domain_id': 'default', 'project_domain_name': 'Default', 'project_id': 'deec967cfe39428f8b58df028c89a952', 'project_name': 'tempest-QuotasSecurityGroupAdminNegativeTest-45986975', 'tenant_id': 'deec967cfe39428f8b58df028c89a952', 'tenant_name': 'tempest-QuotasSecurityGroupAdminNegativeTest-45986975', 'user_domain_id': 'default', 'user_domain_name': 'Default', 'user_id': '0b44c7902bca4c2a9818b37fe0913060', 'system': None}, Network: None, Subnet: None, Router: None
2026-01-26 14:13:37.890 90389 INFO tempest.lib.common.rest_client [req-1218e7c8-1c99-41a3-a168-2db90adcd4d8 req-1218e7c8-1c99-41a3-a168-2db90adcd4d8 ] Request (ServersListShow2100Test:test_list_show_rebuild_update_server_2100): 200 GET http://10.180.1.21/compute/v2.1/servers/12b281e2-3523-43ef-b407-50a543a73c76 0.073s
2026-01-26 14:13:37.898 90417 INFO tempest.lib.common.rest_client [req-e4fc2d2d-7707-4323-b32f-aa732c51928c req-e4fc2d2d-7707-4323-b32f-aa732c51928c ] Request (QuotasSecurityGroupAdminNegativeTest:setUpClass): 201 POST http://10.180.1.21/identity/v3/auth/tokens 0.077s
2026-01-26 14:13:37.922 90381 INFO tempest.lib.common.rest_client [req-be372552-f0cf-4f5e-ac82-e9654c928174 req-be372552-f0cf-4f5e-ac82-e9654c928174 ] Request (InstanceActionsNegativeTestJSON:setUpClass): 200 GET http://10.180.1.21/compute/v2.1/servers/760fe050-0741-4825-a813-6d4d381dbd0e 0.056s
2026-01-26 14:13:37.981 90385 INFO tempest.lib.common.rest_client [req-b0fb5672-2fec-415c-a93f-72b00010d1e2 req-b0fb5672-2fec-415c-a93f-72b00010d1e2 ] Request (ServersTestJSON:setUpClass): 200 GET http://10.180.1.21/compute/v2.1/servers/982cadfc-8488-4244-9302-2b110615ec6b 0.099s
2026-01-26 14:13:37.982 90417 INFO tempest.lib.common.rest_client [req-89d28c95-3c15-4876-be83-691c0e02d76e req-89d28c95-3c15-4876-be83-691c0e02d76e ] Request (QuotasSecurityGroupAdminNegativeTest:setUpClass): 201 POST http://10.180.1.21/identity/v3/projects 0.084s
2026-01-26 14:13:38.047 90417 INFO tempest.lib.common.rest_client [req-36818f94-eeea-41ea-bb76-fb4e45dc2b90 req-36818f94-eeea-41ea-bb76-fb4e45dc2b90 ] Request (QuotasSecurityGroupAdminNegativeTest:setUpClass): 201 POST http://10.180.1.21/identity/v3/users 0.064s
2026-01-26 14:13:38.049 90393 INFO tempest.lib.common.rest_client [req-e5a42978-d911-473b-80cd-1ac79a584cae req-e5a42978-d911-473b-80cd-1ac79a584cae ] Request (MigrationsAdminTest:test_resize_server_revert_deleted_flavor): 200 GET http://10.180.1.21/compute/v2.1/servers/43ca9a08-1ccf-4a6d-89c9-87e1ad04e286 0.060s
2026-01-26 14:13:38.075 90417 INFO tempest.lib.common.rest_client [req-8c4a490f-ea7d-42cc-a5af-5757264b416d req-8c4a490f-ea7d-42cc-a5af-5757264b416d ] Request (QuotasSecurityGroupAdminNegativeTest:setUpClass): 200 GET http://10.180.1.21/identity/v3/roles 0.028s
2026-01-26 14:13:38.109 90417 INFO tempest.lib.common.rest_client [req-82d73d57-9db6-453a-82e5-bf1e92604e6b req-82d73d57-9db6-453a-82e5-bf1e92604e6b ] Request (QuotasSecurityGroupAdminNegativeTest:setUpClass): 204 PUT http://10.180.1.21/identity/v3/projects/862b8515d76949609dbbbc72d0567545/users/dfd13f7be6d14591b7e53b45288e605e/roles/9605ecce496d40e9bbe9aa091a030f26 0.033s
2026-01-26 14:13:38.119 90391 INFO tempest.lib.common.rest_client [req-80fecac6-fdfc-485f-aae2-b7c2fe43a359 req-80fecac6-fdfc-485f-aae2-b7c2fe43a359 ] Request (FloatingIPsAssociationTestJSON:test_associate_already_associated_floating_ip): 200 GET http://10.180.1.21/compute/v2.1/servers/2d248ed1-c375-4dd4-bff6-58c6d21212f2 0.056s
2026-01-26 14:13:38.164 90417 INFO tempest.lib.common.rest_client [req-f27f6826-afeb-43a5-ae8e-122b769f29f2 req-f27f6826-afeb-43a5-ae8e-122b769f29f2 ] Request (QuotasSecurityGroupAdminNegativeTest:setUpClass): 200 GET http://10.180.1.21/identity/v3/roles 0.055s
2026-01-26 14:13:38.169 90407 INFO tempest.lib.common.rest_client [req-314c0bb1-5749-490f-919d-f7fc103354ae req-314c0bb1-5749-490f-919d-f7fc103354ae ] Request (ServersAdminNegativeTestJSON:tearDownClass): 200 GET http://10.180.1.21/compute/v2.1/servers/e53072c9-76ed-4f47-baa8-4eaf1528f195 0.121s
2026-01-26 14:13:38.177 90403 INFO tempest.lib.common.rest_client [req-df30f346-e1d9-46a9-ad86-c3304353f15f req-df30f346-e1d9-46a9-ad86-c3304353f15f ] Request (ListServersNegativeTestJSON:setUpClass): 200 GET http://10.180.1.21/compute/v2.1/servers/1fbfdecc-227f-4a9f-b5ba-b1a1b4c7ca1b 0.071s
2026-01-26 14:13:38.185 90417 INFO tempest.lib.common.rest_client [req-6c8c2da1-44e6-413a-8f6e-28705f09bcf2 req-6c8c2da1-44e6-413a-8f6e-28705f09bcf2 ] Request (QuotasSecurityGroupAdminNegativeTest:setUpClass): 204 PUT http://10.180.1.21/identity/v3/projects/862b8515d76949609dbbbc72d0567545/users/dfd13f7be6d14591b7e53b45288e605e/roles/9605ecce496d40e9bbe9aa091a030f26 0.020s
2026-01-26 14:13:38.186 90417 INFO tempest.lib.common.dynamic_creds [-] Dynamic test user dfd13f7be6d14591b7e53b45288e605e is created with scope project and roles: ['admin']
2026-01-26 14:13:38.186 90417 INFO tempest.lib.common.dynamic_creds [-] Acquired dynamic creds: credentials: Credentials: {'domain_id': 'default', 'domain_name': 'Default', 'username': 'tempest-QuotasSecurityGroupAdminNegativeTest-2031161991-project-admin', 'project_domain_id': 'default', 'project_domain_name': 'Default', 'project_id': '862b8515d76949609dbbbc72d0567545', 'project_name': 'tempest-QuotasSecurityGroupAdminNegativeTest-2031161991', 'tenant_id': '862b8515d76949609dbbbc72d0567545', 'tenant_name': 'tempest-QuotasSecurityGroupAdminNegativeTest-2031161991', 'user_domain_id': 'default', 'user_domain_name': 'Default', 'user_id': 'dfd13f7be6d14591b7e53b45288e605e', 'system': None}, Network: None, Subnet: None, Router: None
2026-01-26 14:13:38.186 90417 INFO tempest.lib.common.dynamic_creds [-] Created isolated network resources for: credentials: Credentials: {'domain_id': 'default', 'domain_name': 'Default', 'username': 'tempest-QuotasSecurityGroupAdminNegativeTest-2031161991-project-admin', 'project_domain_id': 'default', 'project_domain_name': 'Default', 'project_id': '862b8515d76949609dbbbc72d0567545', 'project_name': 'tempest-QuotasSecurityGroupAdminNegativeTest-2031161991', 'tenant_id': '862b8515d76949609dbbbc72d0567545', 'tenant_name': 'tempest-QuotasSecurityGroupAdminNegativeTest-2031161991', 'user_domain_id': 'default', 'user_domain_name': 'Default', 'user_id': 'dfd13f7be6d14591b7e53b45288e605e', 'system': None}, Network: None, Subnet: None, Router: None
2026-01-26 14:13:38.221 90387 INFO tempest.lib.common.rest_client [req-5acf7cc8-8315-4644-855d-92213d3097c8 req-5acf7cc8-8315-4644-855d-92213d3097c8 ] Request (InstanceActionsTestJSON:setUpClass): 200 GET http://10.180.1.21/compute/v2.1/servers/11e2ed41-2db2-4e63-80e8-0858e7cab8fc 0.102s
2026-01-26 14:13:38.230 90395 INFO tempest.lib.common.rest_client [req-173de6b1-2b53-457f-b671-b7b9a563fcb5 req-173de6b1-2b53-457f-b671-b7b9a563fcb5 ] Request (ServersAdminTestJSON:test_inject_network_info): 200 GET http://10.180.1.21/compute/v2.1/servers/1548979b-bc3c-4034-9506-8bfe45ea7abe 0.065s
2026-01-26 14:13:38.276 90417 INFO tempest.lib.common.rest_client [req-e365f2a0-d382-44a0-9e65-3e6a3b81f68d req-e365f2a0-d382-44a0-9e65-3e6a3b81f68d ] Request (QuotasSecurityGroupAdminNegativeTest:setUpClass): 201 POST http://10.180.1.21/identity/v3/auth/tokens 0.087s
2026-01-26 14:13:38.282 90409 INFO tempest.lib.common.rest_client [req-7f9c08ab-f8d5-4492-ac64-5962d1be98d0 req-7f9c08ab-f8d5-4492-ac64-5962d1be98d0 ] Request (ListImageFiltersTestJSON:setUpClass): 200 GET http://10.180.1.21/compute/v2.1/servers/f984b0e8-dad4-430f-99d0-a879a2deff46 0.108s
2026-01-26 14:13:38.309 90401 INFO tempest.lib.common.rest_client [req-af4b839e-a98c-4fcc-9089-caa84a0ac4d9 req-af4b839e-a98c-4fcc-9089-caa84a0ac4d9 ] Request (ServerDiskConfigTestJSON:test_resize_server_from_auto_to_manual): 200 GET http://10.180.1.21/compute/v2.1/servers/7414ed4d-3210-4a9a-b4a6-866a4ea03652 0.092s
2026-01-26 14:13:38.329 90417 INFO tempest.lib.common.rest_client [req-2992d93e-2bac-4e2f-9cd4-5313997632ca req-2992d93e-2bac-4e2f-9cd4-5313997632ca ] Request (QuotasSecurityGroupAdminNegativeTest:setUpClass): 200 GET http://10.180.1.21/identity/v3/projects/deec967cfe39428f8b58df028c89a952 0.052s
2026-01-26 14:13:38.329 90417 INFO tempest.lib.common.dynamic_creds [-] Using the existing project deec967cfe39428f8b58df028c89a952 for scope project and roles: ['reader']
2026-01-26 14:13:38.358 90417 INFO tempest.lib.common.rest_client [req-26e5b02b-39a6-4eb0-9539-7a9024c9cba5 req-26e5b02b-39a6-4eb0-9539-7a9024c9cba5 ] Request (QuotasSecurityGroupAdminNegativeTest:setUpClass): 201 POST http://10.180.1.21/identity/v3/users 0.028s
2026-01-26 14:13:38.371 90423 INFO tempest.lib.common.rest_client [req-623dc3fb-06d8-486c-a636-ee74787d0f81 req-623dc3fb-06d8-486c-a636-ee74787d0f81 ] Request (AttachInterfacesV270Test:tearDownClass): 200 GET http://10.180.1.21/compute/v2.1/servers/c568b2de-2d48-42f5-99bd-f0b19858de1d 0.133s
2026-01-26 14:13:38.385 90417 INFO tempest.lib.common.rest_client [req-aafdfd99-9cc9-4d3a-b53f-61a8ba93d3f9 req-aafdfd99-9cc9-4d3a-b53f-61a8ba93d3f9 ] Request (QuotasSecurityGroupAdminNegativeTest:setUpClass): 200 GET http://10.180.1.21/identity/v3/roles 0.027s
2026-01-26 14:13:38.391 90383 INFO tempest.lib.common.rest_client [req-644e54e5-5257-41df-84d9-451e3c16aad5 req-644e54e5-5257-41df-84d9-451e3c16aad5 ] Request (InstanceActionsV221TestJSON:test_get_list_deleted_instance_actions): 200 GET http://10.180.1.21/compute/v2.1/servers/33ad0365-f1e6-4e76-91cd-2e0d37ee6e6b 0.090s
2026-01-26 14:13:38.430 90417 INFO tempest.lib.common.rest_client [req-f458122b-451a-42d3-aad2-9cbc24fbb838 req-f458122b-451a-42d3-aad2-9cbc24fbb838 ] Request (QuotasSecurityGroupAdminNegativeTest:setUpClass): 204 PUT http://10.180.1.21/identity/v3/projects/deec967cfe39428f8b58df028c89a952/users/67de58bf576c4ae8a2aa872dc397143d/roles/fa5d65335d1e4d9e861cd29cf934270a 0.044s
2026-01-26 14:13:38.430 90417 INFO tempest.lib.common.dynamic_creds [-] Dynamic test user 67de58bf576c4ae8a2aa872dc397143d is created with scope project and roles: ['reader']
2026-01-26 14:13:38.430 90417 INFO tempest.lib.common.dynamic_creds [-] Acquired dynamic creds: credentials: Credentials: {'domain_id': 'default', 'domain_name': 'Default', 'username': 'tempest-QuotasSecurityGroupAdminNegativeTest-45986975-project-reader', 'project_domain_id': 'default', 'project_domain_name': 'Default', 'project_id': 'deec967cfe39428f8b58df028c89a952', 'project_name': 'tempest-QuotasSecurityGroupAdminNegativeTest-45986975', 'tenant_id': 'deec967cfe39428f8b58df028c89a952', 'tenant_name': 'tempest-QuotasSecurityGroupAdminNegativeTest-45986975', 'user_domain_id': 'default', 'user_domain_name': 'Default', 'user_id': '67de58bf576c4ae8a2aa872dc397143d', 'system': None}, Network: None, Subnet: None, Router: None
2026-01-26 14:13:38.430 90417 INFO tempest.lib.common.dynamic_creds [-] Network resources are not created for requested scope: project and credentials: Credentials: {'domain_id': 'default', 'domain_name': 'Default', 'username': 'tempest-QuotasSecurityGroupAdminNegativeTest-45986975-project-reader', 'project_domain_id': 'default', 'project_domain_name': 'Default', 'project_id': 'deec967cfe39428f8b58df028c89a952', 'project_name': 'tempest-QuotasSecurityGroupAdminNegativeTest-45986975', 'tenant_id': 'deec967cfe39428f8b58df028c89a952', 'tenant_name': 'tempest-QuotasSecurityGroupAdminNegativeTest-45986975', 'user_domain_id': 'default', 'user_domain_name': 'Default', 'user_id': '67de58bf576c4ae8a2aa872dc397143d', 'system': None}, Network: None, Subnet: None, Router: None
2026-01-26 14:13:38.448 90427 INFO tempest.lib.common.rest_client [req-a23e6bfb-f69c-41e4-bba3-7cc8a4ab94b8 req-a23e6bfb-f69c-41e4-bba3-7cc8a4ab94b8 ] Request (ServerActionsTestOtherB:setUpClass): 200 GET http://10.180.1.21/compute/v2.1/servers/dad1105c-c780-44b2-957a-19908a5b5b04 0.133s
2026-01-26 14:13:38.484 90399 INFO tempest.lib.common.rest_client [req-eebe3a91-44d5-4593-b5fd-f6783733e99e req-eebe3a91-44d5-4593-b5fd-f6783733e99e ] Request (AttachVolumeNegativeTest:test_attach_attached_volume_to_different_server): 200 GET http://10.180.1.21/volume/v3/volumes/eb9b8057-c9e7-4c76-9230-5c31f2160e28 0.045s
2026-01-26 14:13:38.512 90415 INFO tempest.lib.common.rest_client [req-1b07cdef-20fc-4031-857f-a6e39d130ef4 req-1b07cdef-20fc-4031-857f-a6e39d130ef4 ] Request (ServerRescueTestJSON:setUpClass): 200 GET http://10.180.1.21/compute/v2.1/servers/e237ace7-f770-4d3d-9e9f-f2555698c6dd 0.145s
2026-01-26 14:13:38.519 90417 INFO tempest.lib.common.rest_client [req-81bb97de-1cd7-4f35-9f38-fce3043eed34 req-81bb97de-1cd7-4f35-9f38-fce3043eed34 ] Request (QuotasSecurityGroupAdminNegativeTest:setUpClass): 201 POST http://10.180.1.21/identity/v3/auth/tokens 0.083s
2026-01-26 14:13:38.520 90417 WARNING tempest.lib.common.rest_client [-] Deprecated: "tenant_id" property is deprecated for removal, use "project_id" instead
2026-01-26 14:13:38.538 90437 WARNING tempest.lib.common.ssh [-] Failed to establish authenticated ssh connection to cirros@10.180.180.202 ([Errno None] Unable to connect to port 22 on 10.180.180.202). Number attempts: 4. Retry after 5 seconds.: paramiko.ssh_exception.NoValidConnectionsError: [Errno None] Unable to connect to port 22 on 10.180.180.202
2026-01-26 14:13:38.574 90411 INFO tempest.lib.common.rest_client [req-4d28788b-bbbb-4f71-a43f-d9e0cbbd8d88 req-4d28788b-bbbb-4f71-a43f-d9e0cbbd8d88 ] Request (ImagesNegativeTestJSON:test_create_image_from_deleted_server): 200 GET http://10.180.1.21/compute/v2.1/servers/b532e7c4-bd97-480f-8979-58fe9ab0bf09 0.150s
2026-01-26 14:13:38.590 90431 INFO tempest.lib.common.rest_client [req-d3545255-3997-4aa4-9b4d-47455035d17b req-d3545255-3997-4aa4-9b4d-47455035d17b ] Request (AttachInterfacesUnderV243Test:test_add_remove_fixed_ip): 200 GET http://10.180.1.21/compute/v2.1/servers/1c92f5fa-55a8-40b9-8c02-d3793cbe629e 0.083s
2026-01-26 14:13:38.663 90417 INFO tempest.lib.common.rest_client [req-1867b4bc-7a66-4d93-a1a3-07d8707121b3 req-1867b4bc-7a66-4d93-a1a3-07d8707121b3 ] Request (QuotasSecurityGroupAdminNegativeTest:tearDownClass): 204 DELETE http://10.180.1.21/identity/v3/users/0b44c7902bca4c2a9818b37fe0913060 0.138s
2026-01-26 14:13:38.690 90405 INFO tempest.lib.common.rest_client [req-101e4364-c49c-4ca8-bd87-5242572c7074 req-101e4364-c49c-4ca8-bd87-5242572c7074 ] Request (ServersTestBootFromVolume:setUpClass): 200 GET http://10.180.1.21/compute/v2.1/servers/e06cc320-5a90-4381-86d9-9a0333bcd592 0.112s
2026-01-26 14:13:38.730 90439 INFO tempest.lib.common.rest_client [req-17927c8a-2bf8-4be0-9af3-22eff02979f5 req-17927c8a-2bf8-4be0-9af3-22eff02979f5 ] Request (AttachVolumeTestJSON:test_attach_detach_volume): 200 GET http://10.180.1.21/compute/v2.1/servers/e74ebf30-9d3e-407f-bd6d-b2034ee02af0 0.196s
2026-01-26 14:13:38.771 90441 INFO tempest.lib.common.rest_client [req-b12edf87-1303-4e1d-911a-a0e401b11d76 req-b12edf87-1303-4e1d-911a-a0e401b11d76 ] Request (ServerGroupTestJSON:_run_cleanups): 200 GET http://10.180.1.21/compute/v2.1/servers/72cfd3d5-92a0-498b-b95a-9d15079eb5b6 0.174s
2026-01-26 14:13:38.781 90417 INFO tempest.lib.common.rest_client [req-75a3c763-4218-428f-abdf-d0bf2cd74ba8 req-75a3c763-4218-428f-abdf-d0bf2cd74ba8 ] Request (QuotasSecurityGroupAdminNegativeTest:tearDownClass): 204 DELETE http://10.180.1.21/identity/v3/users/dfd13f7be6d14591b7e53b45288e605e 0.117s
2026-01-26 14:13:38.830 90397 INFO tempest.lib.common.rest_client [req-027d49f7-25d8-4878-9200-1f72aba30465 req-027d49f7-25d8-4878-9200-1f72aba30465 ] Request (ServersWithSpecificFlavorTestJSON:test_verify_created_server_ephemeral_disk): 200 GET http://10.180.1.21/compute/v2.1/servers/9bafdb77-0e61-445a-a1c7-d5d65dede910 0.088s
2026-01-26 14:13:38.894 90417 INFO tempest.lib.common.rest_client [req-a8a53d3c-70f9-4a89-b3cd-dcf4029acdc7 req-a8a53d3c-70f9-4a89-b3cd-dcf4029acdc7 ] Request (QuotasSecurityGroupAdminNegativeTest:tearDownClass): 204 DELETE http://10.180.1.21/identity/v3/users/67de58bf576c4ae8a2aa872dc397143d 0.112s
2026-01-26 14:13:38.894 90417 INFO tempest.lib.common.dynamic_creds [-] Deleting project and security group for project: deec967cfe39428f8b58df028c89a952
2026-01-26 14:13:38.948 90421 INFO tempest.lib.common.rest_client [req-759e21fe-93b5-40e7-a70d-be74a4069abb req-759e21fe-93b5-40e7-a70d-be74a4069abb ] Request (ServerDiagnosticsNegativeTest:test_get_server_diagnostics_by_non_admin): 200 GET http://10.180.1.21/compute/v2.1/servers/d1ed3d06-67f2-4897-b7ad-2edf68a93a10 0.130s
2026-01-26 14:13:38.975 90419 INFO tempest.lib.common.rest_client [req-1a682a55-efe2-43c4-b973-4245382e0744 req-1a682a55-efe2-43c4-b973-4245382e0744 ] Request (ImagesOneServerTestJSON:setUpClass): 200 GET http://10.180.1.21/compute/v2.1/servers/419d6089-f6fd-4c72-bb41-f0507491cdc3 0.222s
2026-01-26 14:13:38.981 90417 INFO tempest.lib.common.rest_client [req-1041eaa5-cf01-48cd-906f-bcf97595a885 req-1041eaa5-cf01-48cd-906f-bcf97595a885 ] Request (QuotasSecurityGroupAdminNegativeTest:tearDownClass): 201 POST http://10.180.1.21/identity/v3/auth/tokens 0.087s
2026-01-26 14:13:39.032 90389 INFO tempest.lib.common.rest_client [req-9dd7eec7-bce5-4525-8da0-ba462783c35b req-9dd7eec7-bce5-4525-8da0-ba462783c35b ] Request (ServersListShow2100Test:test_list_show_rebuild_update_server_2100): 200 GET http://10.180.1.21/compute/v2.1/servers/12b281e2-3523-43ef-b407-50a543a73c76 0.128s
2026-01-26 14:13:39.041 90381 INFO tempest.lib.common.rest_client [req-5048fcc1-d278-4b1e-8c58-4569c59587ab req-5048fcc1-d278-4b1e-8c58-4569c59587ab ] Request (InstanceActionsNegativeTestJSON:setUpClass): 200 GET http://10.180.1.21/compute/v2.1/servers/760fe050-0741-4825-a813-6d4d381dbd0e 0.108s
2026-01-26 14:13:39.093 90385 INFO tempest.lib.common.rest_client [req-eee96b0c-c6c5-4e33-b15f-0bcb0eb58b6b req-eee96b0c-c6c5-4e33-b15f-0bcb0eb58b6b ] Request (ServersTestJSON:setUpClass): 200 GET http://10.180.1.21/compute/v2.1/servers/982cadfc-8488-4244-9302-2b110615ec6b 0.103s
2026-01-26 14:13:39.113 90393 INFO tempest.lib.common.rest_client [req-4b2aa24f-472a-40a1-ab84-295bf135a5f8 req-4b2aa24f-472a-40a1-ab84-295bf135a5f8 ] Request (MigrationsAdminTest:test_resize_server_revert_deleted_flavor): 200 GET http://10.180.1.21/compute/v2.1/servers/43ca9a08-1ccf-4a6d-89c9-87e1ad04e286 0.056s
2026-01-26 14:13:39.174 90417 INFO tempest.lib.common.rest_client [req-ca74ccae-134d-423c-9814-37198a302844 req-ca74ccae-134d-423c-9814-37198a302844 ] Request (QuotasSecurityGroupAdminNegativeTest:tearDownClass): 200 GET http://10.180.1.21/networking/v2.0/security-groups?tenant_id=deec967cfe39428f8b58df028c89a952&name=default 0.193s
2026-01-26 14:13:39.178 90391 INFO tempest.lib.common.rest_client [req-6d399f82-dbfe-4dd0-b67f-c03ad801cf50 req-6d399f82-dbfe-4dd0-b67f-c03ad801cf50 ] Request (FloatingIPsAssociationTestJSON:test_associate_already_associated_floating_ip): 200 GET http://10.180.1.21/compute/v2.1/servers/2d248ed1-c375-4dd4-bff6-58c6d21212f2 0.051s
2026-01-26 14:13:39.231 90407 INFO tempest.lib.common.rest_client [req-7ddffbe1-5ef0-4ad5-a3fe-ae8139110576 req-7ddffbe1-5ef0-4ad5-a3fe-ae8139110576 ] Request (ServersAdminNegativeTestJSON:tearDownClass): 200 GET http://10.180.1.21/compute/v2.1/servers/e53072c9-76ed-4f47-baa8-4eaf1528f195 0.054s
2026-01-26 14:13:39.244 90403 INFO tempest.lib.common.rest_client [req-693c03b1-a3f7-4dc6-9cda-9c6df2d42482 req-693c03b1-a3f7-4dc6-9cda-9c6df2d42482 ] Request (ListServersNegativeTestJSON:setUpClass): 200 GET http://10.180.1.21/compute/v2.1/servers/1fbfdecc-227f-4a9f-b5ba-b1a1b4c7ca1b 0.059s
2026-01-26 14:13:39.266 90417 INFO tempest.lib.common.rest_client [req-225f673a-6ea4-4194-87e5-f5e1ce5975c8 req-225f673a-6ea4-4194-87e5-f5e1ce5975c8 ] Request (QuotasSecurityGroupAdminNegativeTest:tearDownClass): 204 DELETE http://10.180.1.21/networking/v2.0/security-groups/eeacc4c7-3204-48d9-b12a-f007656a96cd 0.091s
2026-01-26 14:13:39.289 90387 INFO tempest.lib.common.rest_client [req-9bc37911-0d59-418f-8822-450d911f5573 req-9bc37911-0d59-418f-8822-450d911f5573 ] Request (InstanceActionsTestJSON:setUpClass): 200 GET http://10.180.1.21/compute/v2.1/servers/11e2ed41-2db2-4e63-80e8-0858e7cab8fc 0.058s
2026-01-26 14:13:39.292 90395 INFO tempest.lib.common.rest_client [req-e5657509-2473-4f13-a24b-75c003f8bd33 req-e5657509-2473-4f13-a24b-75c003f8bd33 ] Request (ServersAdminTestJSON:test_inject_network_info): 200 GET http://10.180.1.21/compute/v2.1/servers/1548979b-bc3c-4034-9506-8bfe45ea7abe 0.054s
2026-01-26 14:13:39.342 90417 INFO tempest.lib.common.rest_client [req-fe7bb8e8-d240-4283-a8ed-bc83e6a8ef47 req-fe7bb8e8-d240-4283-a8ed-bc83e6a8ef47 ] Request (QuotasSecurityGroupAdminNegativeTest:tearDownClass): 204 DELETE http://10.180.1.21/identity/v3/projects/deec967cfe39428f8b58df028c89a952 0.075s
2026-01-26 14:13:39.342 90417 INFO tempest.lib.common.dynamic_creds [-] Deleting project and security group for project: 862b8515d76949609dbbbc72d0567545
2026-01-26 14:13:39.352 90409 INFO tempest.lib.common.rest_client [req-55956422-b91a-4c09-9df4-d0e737ba0901 req-55956422-b91a-4c09-9df4-d0e737ba0901 ] Request (ListImageFiltersTestJSON:setUpClass): 200 GET http://10.180.1.21/compute/v2.1/servers/f984b0e8-dad4-430f-99d0-a879a2deff46 0.061s
2026-01-26 14:13:39.368 90401 INFO tempest.lib.common.rest_client [req-f433387e-53e4-4c9a-bd24-cccf183ba1a6 req-f433387e-53e4-4c9a-bd24-cccf183ba1a6 ] Request (ServerDiskConfigTestJSON:test_resize_server_from_auto_to_manual): 200 GET http://10.180.1.21/compute/v2.1/servers/7414ed4d-3210-4a9a-b4a6-866a4ea03652 0.051s
2026-01-26 14:13:39.464 90417 INFO tempest.lib.common.rest_client [req-3004e1bd-de86-4253-ab39-bf0bdba30de6 req-3004e1bd-de86-4253-ab39-bf0bdba30de6 ] Request (QuotasSecurityGroupAdminNegativeTest:tearDownClass): 200 GET http://10.180.1.21/networking/v2.0/security-groups?tenant_id=862b8515d76949609dbbbc72d0567545&name=default 0.121s
2026-01-26 14:13:39.471 90423 INFO tempest.lib.common.rest_client [req-6276f341-138a-42de-b2c6-893aa019d1f5 req-6276f341-138a-42de-b2c6-893aa019d1f5 ] Request (AttachInterfacesV270Test:tearDownClass): 200 GET http://10.180.1.21/compute/v2.1/servers/c568b2de-2d48-42f5-99bd-f0b19858de1d 0.090s
2026-01-26 14:13:39.484 90383 INFO tempest.lib.common.rest_client [req-9f0a6faf-6289-46dd-846d-13221d416584 req-9f0a6faf-6289-46dd-846d-13221d416584 ] Request (InstanceActionsV221TestJSON:test_get_list_deleted_instance_actions): 200 GET http://10.180.1.21/compute/v2.1/servers/33ad0365-f1e6-4e76-91cd-2e0d37ee6e6b 0.079s
2026-01-26 14:13:39.529 90399 INFO tempest.lib.common.rest_client [req-84071924-3ab0-49a7-a9e0-776e6eacad61 req-84071924-3ab0-49a7-a9e0-776e6eacad61 ] Request (AttachVolumeNegativeTest:test_attach_attached_volume_to_different_server): 200 GET http://10.180.1.21/volume/v3/volumes/eb9b8057-c9e7-4c76-9230-5c31f2160e28 0.036s
2026-01-26 14:13:39.546 90427 INFO tempest.lib.common.rest_client [req-25722094-f9cc-4155-a2aa-6c50762a9b4f req-25722094-f9cc-4155-a2aa-6c50762a9b4f ] Request (ServerActionsTestOtherB:setUpClass): 200 GET http://10.180.1.21/compute/v2.1/servers/dad1105c-c780-44b2-957a-19908a5b5b04 0.088s
2026-01-26 14:13:39.569 90417 INFO tempest.lib.common.rest_client [req-f0d2e45a-2e26-48ed-b6c6-4d43ca2e81ac req-f0d2e45a-2e26-48ed-b6c6-4d43ca2e81ac ] Request (QuotasSecurityGroupAdminNegativeTest:tearDownClass): 204 DELETE http://10.180.1.21/networking/v2.0/security-groups/ab614223-765d-4bf9-b5cc-cad0152943dc 0.105s
2026-01-26 14:13:39.573 90415 INFO tempest.lib.common.rest_client [req-199574ed-028f-460e-abba-627033d733fe req-199574ed-028f-460e-abba-627033d733fe ] Request (ServerRescueTestJSON:setUpClass): 200 GET http://10.180.1.21/compute/v2.1/servers/e237ace7-f770-4d3d-9e9f-f2555698c6dd 0.052s
2026-01-26 14:13:39.630 90411 INFO tempest.lib.common.rest_client [req-26c31cc9-99d8-4a57-ae4f-6e422d801b0b req-26c31cc9-99d8-4a57-ae4f-6e422d801b0b ] Request (ImagesNegativeTestJSON:test_create_image_from_deleted_server): 200 GET http://10.180.1.21/compute/v2.1/servers/b532e7c4-bd97-480f-8979-58fe9ab0bf09 0.048s
2026-01-26 14:13:39.656 90431 INFO tempest.lib.common.rest_client [req-d8be6c3e-fdec-4672-8148-8b6208884b6d req-d8be6c3e-fdec-4672-8148-8b6208884b6d ] Request (AttachInterfacesUnderV243Test:test_add_remove_fixed_ip): 200 GET http://10.180.1.21/compute/v2.1/servers/1c92f5fa-55a8-40b9-8c02-d3793cbe629e 0.056s
2026-01-26 14:13:39.672 90417 INFO tempest.lib.common.rest_client [req-7de53801-f222-4b29-9783-2d535efef0dd req-7de53801-f222-4b29-9783-2d535efef0dd ] Request (QuotasSecurityGroupAdminNegativeTest:tearDownClass): 204 DELETE http://10.180.1.21/identity/v3/projects/862b8515d76949609dbbbc72d0567545 0.102s
2026-01-26 14:13:39.736 90417 INFO tempest.lib.common.rest_client [req-5f7cdee3-1dff-4768-a5e9-816e04d19a92 req-5f7cdee3-1dff-4768-a5e9-816e04d19a92 ] Request (ServersTestFqdnHostnames:setUpClass): 201 POST http://10.180.1.21/identity/v3/auth/tokens 0.062s
2026-01-26 14:13:39.757 90405 INFO tempest.lib.common.rest_client [req-b83634fd-7fb1-47ac-8fc4-ba33e6d47f9f req-b83634fd-7fb1-47ac-8fc4-ba33e6d47f9f ] Request (ServersTestBootFromVolume:setUpClass): 200 GET http://10.180.1.21/compute/v2.1/servers/e06cc320-5a90-4381-86d9-9a0333bcd592 0.058s
2026-01-26 14:13:39.766 90417 INFO tempest.lib.common.rest_client [req-8ae7cb36-ef0a-4fc7-bf2b-2a33f2d67d9e req-8ae7cb36-ef0a-4fc7-bf2b-2a33f2d67d9e ] Request (ServersTestFqdnHostnames:setUpClass): 201 POST http://10.180.1.21/identity/v3/auth/tokens 0.027s
2026-01-26 14:13:39.789 90417 INFO tempest.lib.common.rest_client [req-5a5d93f9-7451-4549-9ed9-b68d008b1769 req-5a5d93f9-7451-4549-9ed9-b68d008b1769 ] Request (ServersTestFqdnHostnames:setUpClass): 200 GET http://10.180.1.21/identity/v3/domains?name=Default 0.023s
2026-01-26 14:13:39.801 90441 INFO tempest.lib.common.rest_client [req-4b6aa6df-1eb8-469f-b9a5-5a46c7f791cb req-4b6aa6df-1eb8-469f-b9a5-5a46c7f791cb ] Request (ServerGroupTestJSON:_run_cleanups): 404 GET http://10.180.1.21/compute/v2.1/servers/72cfd3d5-92a0-498b-b95a-9d15079eb5b6 0.020s
2026-01-26 14:13:39.814 90417 INFO tempest.lib.common.rest_client [req-62d9e047-0301-439a-b735-bd46ae2ab733 req-62d9e047-0301-439a-b735-bd46ae2ab733 ] Request (ServersTestFqdnHostnames:setUpClass): 201 POST http://10.180.1.21/identity/v3/projects 0.024s
2026-01-26 14:13:39.838 90441 INFO tempest.lib.common.rest_client [req-62e685fe-7e48-4a7b-a254-23320ac7e4e8 req-62e685fe-7e48-4a7b-a254-23320ac7e4e8 ] Request (ServerGroupTestJSON:test_list_server_groups): 200 GET http://10.180.1.21/compute/v2.1/os-server-groups 0.035s
2026-01-26 14:13:39.849 90439 INFO tempest.lib.common.rest_client [req-1067fbe9-de85-485c-9efb-8e8cccb69e5f req-1067fbe9-de85-485c-9efb-8e8cccb69e5f ] Request (AttachVolumeTestJSON:test_attach_detach_volume): 200 GET http://10.180.1.21/compute/v2.1/servers/e74ebf30-9d3e-407f-bd6d-b2034ee02af0 0.110s
2026-01-26 14:13:39.856 90439 INFO tempest.common.waiters [-] State transition "BUILD/spawning" ==> "ACTIVE/None" after 43 second wait
2026-01-26 14:13:39.872 90441 INFO tempest.lib.common.rest_client [req-f56887fd-79eb-4508-8575-cd9612159feb req-f56887fd-79eb-4508-8575-cd9612159feb ] Request (ServerGroupTestJSON:test_show_server_group): 200 GET http://10.180.1.21/compute/v2.1/os-server-groups/43c438c1-0001-4387-a3ba-fa603e467f00 0.029s
2026-01-26 14:13:39.879 90417 INFO tempest.lib.common.rest_client [req-5c887243-706e-4986-9aa3-f2cab0e21857 req-5c887243-706e-4986-9aa3-f2cab0e21857 ] Request (ServersTestFqdnHostnames:setUpClass): 201 POST http://10.180.1.21/identity/v3/users 0.064s
2026-01-26 14:13:39.894 90397 INFO tempest.lib.common.rest_client [req-54fabfd4-86c0-4c85-9b36-4f7d7c750ec2 req-54fabfd4-86c0-4c85-9b36-4f7d7c750ec2 ] Request (ServersWithSpecificFlavorTestJSON:test_verify_created_server_ephemeral_disk): 200 GET http://10.180.1.21/compute/v2.1/servers/9bafdb77-0e61-445a-a1c7-d5d65dede910 0.056s
2026-01-26 14:13:39.899 90417 INFO tempest.lib.common.rest_client [req-3479a54e-ce0d-4042-b5f9-60ed02d3d9ac req-3479a54e-ce0d-4042-b5f9-60ed02d3d9ac ] Request (ServersTestFqdnHostnames:setUpClass): 200 GET http://10.180.1.21/identity/v3/roles 0.020s
2026-01-26 14:13:39.911 90441 INFO tempest.lib.common.rest_client [req-4dfbc12b-7ad9-4a3c-99be-d28cec01208a req-4dfbc12b-7ad9-4a3c-99be-d28cec01208a ] Request (ServerGroupTestJSON:tearDownClass): 404 DELETE http://10.180.1.21/compute/v2.1/servers/72cfd3d5-92a0-498b-b95a-9d15079eb5b6 0.029s
2026-01-26 14:13:39.929 90417 INFO tempest.lib.common.rest_client [req-f774056e-1cd2-4581-9ba8-be2ecb4e2337 req-f774056e-1cd2-4581-9ba8-be2ecb4e2337 ] Request (ServersTestFqdnHostnames:setUpClass): 204 PUT http://10.180.1.21/identity/v3/projects/7d1f48aabf8f48fe8da67851063eef2f/users/e98dd82f363a48c8bc7a08626ed59657/roles/f83111a624e54fca8656fac68ee52bb2 0.029s
2026-01-26 14:13:39.929 90417 INFO tempest.lib.common.dynamic_creds [-] Dynamic test user e98dd82f363a48c8bc7a08626ed59657 is created with scope project and roles: ['member']
2026-01-26 14:13:39.930 90417 INFO tempest.lib.common.dynamic_creds [-] Acquired dynamic creds: credentials: Credentials: {'domain_id': 'default', 'domain_name': 'Default', 'username': 'tempest-ServersTestFqdnHostnames-1646320837-project-member', 'project_domain_id': 'default', 'project_domain_name': 'Default', 'project_id': '7d1f48aabf8f48fe8da67851063eef2f', 'project_name': 'tempest-ServersTestFqdnHostnames-1646320837', 'tenant_id': '7d1f48aabf8f48fe8da67851063eef2f', 'tenant_name': 'tempest-ServersTestFqdnHostnames-1646320837', 'user_domain_id': 'default', 'user_domain_name': 'Default', 'user_id': 'e98dd82f363a48c8bc7a08626ed59657', 'system': None}, Network: None, Subnet: None, Router: None
2026-01-26 14:13:39.932 90439 INFO tempest.lib.common.rest_client [req-aaf81548-1bd6-4aa4-90f0-c2a4d27cf26e req-aaf81548-1bd6-4aa4-90f0-c2a4d27cf26e ] Request (AttachVolumeTestJSON:test_attach_detach_volume): 200 GET http://10.180.1.21/compute/v2.1/servers/e74ebf30-9d3e-407f-bd6d-b2034ee02af0/os-interface 0.075s
2026-01-26 14:13:39.934 90441 INFO tempest.lib.common.rest_client [req-30e41f95-d003-4806-b7d9-9ee69fc356c4 req-30e41f95-d003-4806-b7d9-9ee69fc356c4 ] Request (ServerGroupTestJSON:tearDownClass): 404 GET http://10.180.1.21/compute/v2.1/servers/72cfd3d5-92a0-498b-b95a-9d15079eb5b6 0.023s
2026-01-26 14:13:39.945 90441 INFO tempest.lib.common.rest_client [req-344d5a0e-b65b-4722-aa91-6392fcfa64d9 req-344d5a0e-b65b-4722-aa91-6392fcfa64d9 ] Request (ServerGroupTestJSON:tearDownClass): 404 DELETE http://10.180.1.21/compute/v2.1/os-server-groups/5116c1f5-b627-4549-82f4-55367b073e7c 0.010s
2026-01-26 14:13:39.957 90441 INFO tempest.lib.common.rest_client [req-043a6c11-95a5-470b-b8ef-7f79c79dd553 req-043a6c11-95a5-470b-b8ef-7f79c79dd553 ] Request (ServerGroupTestJSON:tearDownClass): 404 DELETE http://10.180.1.21/compute/v2.1/os-server-groups/1a770ddf-1d4e-400c-8aed-a6aab42fff80 0.011s
2026-01-26 14:13:39.971 90441 INFO tempest.lib.common.rest_client [req-fc236ccb-31fa-4896-b4e4-d6ac574c6afd req-fc236ccb-31fa-4896-b4e4-d6ac574c6afd ] Request (ServerGroupTestJSON:tearDownClass): 404 DELETE http://10.180.1.21/compute/v2.1/os-server-groups/ee662068-df5a-4b69-a169-647daff3bbd9 0.013s
2026-01-26 14:13:39.979 90441 INFO tempest.lib.common.rest_client [req-5ddd267c-ca84-4df9-8a00-a26b47cca570 req-5ddd267c-ca84-4df9-8a00-a26b47cca570 ] Request (ServerGroupTestJSON:tearDownClass): 404 DELETE http://10.180.1.21/compute/v2.1/os-server-groups/24532353-18c6-424c-8957-16736c56cee4 0.008s
2026-01-26 14:13:39.992 90417 INFO tempest.lib.common.rest_client [req-96d306e5-e2c2-49bc-9e4b-7ae0ed5bb860 req-96d306e5-e2c2-49bc-9e4b-7ae0ed5bb860 ] Request (ServersTestFqdnHostnames:setUpClass): 201 POST http://10.180.1.21/identity/v3/auth/tokens 0.062s
2026-01-26 14:13:40.002 90441 INFO tempest.lib.common.rest_client [req-27e7bd95-f4b4-4903-83c7-1aad409730bf req-27e7bd95-f4b4-4903-83c7-1aad409730bf ] Request (ServerGroupTestJSON:tearDownClass): 204 DELETE http://10.180.1.21/compute/v2.1/os-server-groups/43c438c1-0001-4387-a3ba-fa603e467f00 0.022s
2026-01-26 14:13:40.155 90425 WARNING tempest.lib.common.ssh [-] Failed to establish authenticated ssh connection to cirros@10.180.180.183 ([Errno None] Unable to connect to port 22 on 10.180.180.183). Number attempts: 1. Retry after 2 seconds.: paramiko.ssh_exception.NoValidConnectionsError: [Errno None] Unable to connect to port 22 on 10.180.180.183
2026-01-26 14:13:40.410 90417 INFO tempest.lib.common.rest_client [req-4379300a-9534-4571-96a0-93d6c5e6f6f4 req-4379300a-9534-4571-96a0-93d6c5e6f6f4 ] Request (ServersTestFqdnHostnames:setUpClass): 201 POST http://10.180.1.21/networking/v2.0/networks 0.417s
2026-01-26 14:13:40.443 90421 INFO tempest.lib.common.rest_client [req-22626191-0de9-4c3d-ab66-47e13edb487d req-22626191-0de9-4c3d-ab66-47e13edb487d ] Request (ServerDiagnosticsNegativeTest:test_get_server_diagnostics_by_non_admin): 200 GET http://10.180.1.21/compute/v2.1/servers/d1ed3d06-67f2-4897-b7ad-2edf68a93a10 0.483s
2026-01-26 14:13:40.572 90399 INFO tempest.lib.common.rest_client [req-dca267ae-5dc1-49dc-93e5-cbcfa82c95fe req-dca267ae-5dc1-49dc-93e5-cbcfa82c95fe ] Request (AttachVolumeNegativeTest:test_attach_attached_volume_to_different_server): 200 GET http://10.180.1.21/volume/v3/volumes/eb9b8057-c9e7-4c76-9230-5c31f2160e28 0.034s
2026-01-26 14:13:40.593 90439 INFO tempest.lib.common.rest_client [req-2c0c4f38-98d3-4d7d-9bb9-8f42785c7ab5 req-2c0c4f38-98d3-4d7d-9bb9-8f42785c7ab5 ] Request (AttachVolumeTestJSON:test_attach_detach_volume): 200 PUT http://10.180.1.21/networking/v2.0/floatingips/59bbb8bd-9eff-4323-aea5-f07d98893e63 0.659s
2026-01-26 14:13:40.594 90439 INFO tempest.lib.common.ssh [-] Creating ssh connection to '10.180.180.231:22' as 'cirros' with public key authentication
2026-01-26 14:13:40.779 90417 INFO tempest.lib.common.rest_client [req-a113072b-2e78-4a2c-b48b-38dabb9eed03 req-a113072b-2e78-4a2c-b48b-38dabb9eed03 ] Request (ServersTestFqdnHostnames:setUpClass): 201 POST http://10.180.1.21/networking/v2.0/subnets 0.368s
2026-01-26 14:13:40.810 90381 INFO tempest.lib.common.rest_client [req-3476f1a3-965d-4da7-8f36-c41b5f1347e2 req-3476f1a3-965d-4da7-8f36-c41b5f1347e2 ] Request (InstanceActionsNegativeTestJSON:setUpClass): 200 GET http://10.180.1.21/compute/v2.1/servers/760fe050-0741-4825-a813-6d4d381dbd0e 0.759s
2026-01-26 14:13:40.851 90419 INFO tempest.lib.common.rest_client [req-04f71a72-5f35-46eb-a355-404df4a2b42f req-04f71a72-5f35-46eb-a355-404df4a2b42f ] Request (ImagesOneServerTestJSON:setUpClass): 200 GET http://10.180.1.21/compute/v2.1/servers/419d6089-f6fd-4c72-bb41-f0507491cdc3 0.868s
2026-01-26 14:13:41.184 90441 INFO tempest.lib.common.rest_client [req-149bbea1-64cb-4440-b3a6-f45476e19a89 req-149bbea1-64cb-4440-b3a6-f45476e19a89 ] Request (ServerGroupTestJSON:tearDownClass): 200 PUT http://10.180.1.21/networking/v2.0/routers/db2a5ef7-9456-4e0a-9267-5f5194193279/remove_router_interface 1.182s
2026-01-26 14:13:41.217 90389 INFO tempest.lib.common.rest_client [req-9a31069f-3463-4142-85ee-0214576e0f8a req-9a31069f-3463-4142-85ee-0214576e0f8a ] Request (ServersListShow2100Test:test_list_show_rebuild_update_server_2100): 200 GET http://10.180.1.21/compute/v2.1/servers/12b281e2-3523-43ef-b407-50a543a73c76 1.166s
2026-01-26 14:13:41.234 90389 INFO tempest.common.waiters [-] State transition "REBUILD/rebuilding" ==> "REBUILD/rebuild_spawning" after 5 second wait
2026-01-26 14:13:41.235 90385 INFO tempest.lib.common.rest_client [req-e0748a3b-ddce-4971-814a-24ad693e1dcf req-e0748a3b-ddce-4971-814a-24ad693e1dcf ] Request (ServersTestJSON:setUpClass): 200 GET http://10.180.1.21/compute/v2.1/servers/982cadfc-8488-4244-9302-2b110615ec6b 1.133s
2026-01-26 14:13:41.482 90413 WARNING tempest.lib.common.ssh [-] Failed to establish authenticated ssh connection to cirros@10.180.180.132 ([Errno None] Unable to connect to port 22 on 10.180.180.132). Number attempts: 10. Retry after 11 seconds.: paramiko.ssh_exception.NoValidConnectionsError: [Errno None] Unable to connect to port 22 on 10.180.180.132
2026-01-26 14:13:41.569 90417 INFO tempest.lib.common.rest_client [req-c7754c29-5444-449d-9b89-19a94dd79351 req-c7754c29-5444-449d-9b89-19a94dd79351 ] Request (ServersTestFqdnHostnames:setUpClass): 201 POST http://10.180.1.21/networking/v2.0/routers 0.788s
2026-01-26 14:13:41.593 90393 INFO tempest.lib.common.rest_client [req-d4ef9c3e-625c-4118-98f3-231cf8db0499 req-d4ef9c3e-625c-4118-98f3-231cf8db0499 ] Request (MigrationsAdminTest:test_resize_server_revert_deleted_flavor): 200 GET http://10.180.1.21/compute/v2.1/servers/43ca9a08-1ccf-4a6d-89c9-87e1ad04e286 1.472s
2026-01-26 14:13:41.611 90391 INFO tempest.lib.common.rest_client [req-668567f8-0e97-401a-94a3-132e3c2c63b2 req-668567f8-0e97-401a-94a3-132e3c2c63b2 ] Request (FloatingIPsAssociationTestJSON:test_associate_already_associated_floating_ip): 200 GET http://10.180.1.21/compute/v2.1/servers/2d248ed1-c375-4dd4-bff6-58c6d21212f2 1.424s
2026-01-26 14:13:41.618 90399 INFO tempest.lib.common.rest_client [req-7713065b-4a47-461a-942f-b0ff2f42cbab req-7713065b-4a47-461a-942f-b0ff2f42cbab ] Request (AttachVolumeNegativeTest:test_attach_attached_volume_to_different_server): 200 GET http://10.180.1.21/volume/v3/volumes/eb9b8057-c9e7-4c76-9230-5c31f2160e28 0.038s
2026-01-26 14:13:41.627 90399 INFO tempest.common.waiters [-] Attachment e850ac4e-f6f1-4d9d-936c-e1c16ea64151 created for volume eb9b8057-c9e7-4c76-9230-5c31f2160e28 to server d87e07fa-0fc7-4feb-81b4-93238fc2c964 after waiting for 7.627590 seconds
2026-01-26 14:13:41.642 90441 INFO tempest.lib.common.rest_client [req-a163885f-ce99-4b46-859f-83b19b373af1 req-a163885f-ce99-4b46-859f-83b19b373af1 ] Request (ServerGroupTestJSON:tearDownClass): 204 DELETE http://10.180.1.21/networking/v2.0/routers/db2a5ef7-9456-4e0a-9267-5f5194193279 0.457s
2026-01-26 14:13:41.663 90399 INFO tempest.lib.common.rest_client [req-3a534d24-6f8f-4e62-b90b-040790b76223 req-3a534d24-6f8f-4e62-b90b-040790b76223 ] Request (AttachVolumeNegativeTest:test_attach_attached_volume_to_different_server): 200 GET http://10.180.1.21/volume/v3/volumes/eb9b8057-c9e7-4c76-9230-5c31f2160e28 0.035s
2026-01-26 14:13:41.670 90399 INFO tempest.common.waiters [-] volume eb9b8057-c9e7-4c76-9230-5c31f2160e28 reached in-use after waiting for 0.670874 seconds
2026-01-26 14:13:41.768 90441 INFO tempest.lib.common.rest_client [req-080afe01-c26c-453d-9271-26ebd3e19b8f req-080afe01-c26c-453d-9271-26ebd3e19b8f ] Request (ServerGroupTestJSON:tearDownClass): 204 DELETE http://10.180.1.21/networking/v2.0/subnets/53bad284-ccf0-474a-99dd-396424ef4ef3 0.125s
2026-01-26 14:13:41.791 90403 INFO tempest.lib.common.rest_client [req-c27112d9-339a-4b2d-9284-e20c902e8b99 req-c27112d9-339a-4b2d-9284-e20c902e8b99 ] Request (ListServersNegativeTestJSON:setUpClass): 200 GET http://10.180.1.21/compute/v2.1/servers/1fbfdecc-227f-4a9f-b5ba-b1a1b4c7ca1b 1.538s
2026-01-26 14:13:41.806 90407 INFO tempest.lib.common.rest_client [req-d6a9250a-01b7-420a-b3df-346bfad65d51 req-d6a9250a-01b7-420a-b3df-346bfad65d51 ] Request (ServersAdminNegativeTestJSON:tearDownClass): 200 GET http://10.180.1.21/compute/v2.1/servers/e53072c9-76ed-4f47-baa8-4eaf1528f195 1.568s
2026-01-26 14:13:41.822 90407 INFO tempest.common.waiters [-] State transition "ACTIVE/deleting" ==> "DELETED/None" after 4 second wait
2026-01-26 14:13:42.037 90441 INFO tempest.lib.common.rest_client [req-c4f23c0f-445b-4e28-b971-57bab19c91cf req-c4f23c0f-445b-4e28-b971-57bab19c91cf ] Request (ServerGroupTestJSON:tearDownClass): 204 DELETE http://10.180.1.21/networking/v2.0/networks/15cceebf-677f-4fd3-80d7-d6c1ae62ef78 0.268s
2026-01-26 14:13:42.063 90387 INFO tempest.lib.common.rest_client [req-0cad9e88-9623-401b-b415-d8f1a9b637bb req-0cad9e88-9623-401b-b415-d8f1a9b637bb ] Request (InstanceActionsTestJSON:setUpClass): 200 GET http://10.180.1.21/compute/v2.1/servers/11e2ed41-2db2-4e63-80e8-0858e7cab8fc 1.765s
2026-01-26 14:13:42.087 90395 INFO tempest.lib.common.rest_client [req-3e8c8a48-de27-40ba-8aec-0032c93e22c6 req-3e8c8a48-de27-40ba-8aec-0032c93e22c6 ] Request (ServersAdminTestJSON:test_inject_network_info): 200 GET http://10.180.1.21/compute/v2.1/servers/1548979b-bc3c-4034-9506-8bfe45ea7abe 1.786s
2026-01-26 14:13:42.125 90409 INFO tempest.lib.common.rest_client [req-3cafaa48-a01e-41f1-8e63-67f4a5f1b984 req-3cafaa48-a01e-41f1-8e63-67f4a5f1b984 ] Request (ListImageFiltersTestJSON:setUpClass): 200 GET http://10.180.1.21/compute/v2.1/servers/f984b0e8-dad4-430f-99d0-a879a2deff46 1.765s
2026-01-26 14:13:42.132 90409 INFO tempest.common.waiters [-] State transition "BUILD/scheduling" ==> "BUILD/None" after 25 second wait
2026-01-26 14:13:42.156 90401 INFO tempest.lib.common.rest_client [req-3398474b-8197-465b-b58c-9947b7d4f214 req-3398474b-8197-465b-b58c-9947b7d4f214 ] Request (ServerDiskConfigTestJSON:test_resize_server_from_auto_to_manual): 200 GET http://10.180.1.21/compute/v2.1/servers/7414ed4d-3210-4a9a-b4a6-866a4ea03652 1.780s
2026-01-26 14:13:42.166 90441 INFO tempest.lib.common.rest_client [req-97091de9-d890-44e7-99f0-3393b74da75e req-97091de9-d890-44e7-99f0-3393b74da75e ] Request (ServerGroupTestJSON:tearDownClass): 204 DELETE http://10.180.1.21/identity/v3/users/aebb95f2ad2648c9ade87520f29eb0fd 0.129s
2026-01-26 14:13:42.192 90423 INFO tempest.lib.common.rest_client [req-fdcb49b5-b5f9-4b90-b78c-2dba422dee23 req-fdcb49b5-b5f9-4b90-b78c-2dba422dee23 ] Request (AttachInterfacesV270Test:tearDownClass): 200 GET http://10.180.1.21/compute/v2.1/servers/c568b2de-2d48-42f5-99bd-f0b19858de1d 1.706s
2026-01-26 14:13:42.213 90383 INFO tempest.lib.common.rest_client [req-f4a52829-0899-431c-83e8-dfa18f16cc67 req-f4a52829-0899-431c-83e8-dfa18f16cc67 ] Request (InstanceActionsV221TestJSON:test_get_list_deleted_instance_actions): 200 GET http://10.180.1.21/compute/v2.1/servers/33ad0365-f1e6-4e76-91cd-2e0d37ee6e6b 1.720s
2026-01-26 14:13:42.251 90427 INFO tempest.lib.common.rest_client [req-5465c844-c3e0-4235-ae99-25cb47acba94 req-5465c844-c3e0-4235-ae99-25cb47acba94 ] Request (ServerActionsTestOtherB:setUpClass): 200 GET http://10.180.1.21/compute/v2.1/servers/dad1105c-c780-44b2-957a-19908a5b5b04 1.696s
2026-01-26 14:13:42.279 90415 INFO tempest.lib.common.rest_client [req-47376615-eba3-47d8-be7d-6928846c4c68 req-47376615-eba3-47d8-be7d-6928846c4c68 ] Request (ServerRescueTestJSON:setUpClass): 200 GET http://10.180.1.21/compute/v2.1/servers/e237ace7-f770-4d3d-9e9f-f2555698c6dd 1.697s
2026-01-26 14:13:42.284 90441 INFO tempest.lib.common.rest_client [req-bbde64e2-85e8-4648-848b-913e277c852f req-bbde64e2-85e8-4648-848b-913e277c852f ] Request (ServerGroupTestJSON:tearDownClass): 204 DELETE http://10.180.1.21/identity/v3/users/a704a0d73aa64e3da89772cb39383633 0.118s
2026-01-26 14:13:42.285 90441 INFO tempest.lib.common.dynamic_creds [-] Deleting project and security group for project: b47d8594f4e74c0cbc17c72ef6d52021
2026-01-26 14:13:42.307 90411 INFO tempest.lib.common.rest_client [req-edc1fff4-813b-4055-a651-be12b9ef8628 req-edc1fff4-813b-4055-a651-be12b9ef8628 ] Request (ImagesNegativeTestJSON:test_create_image_from_deleted_server): 200 GET http://10.180.1.21/compute/v2.1/servers/b532e7c4-bd97-480f-8979-58fe9ab0bf09 1.666s
2026-01-26 14:13:42.323 90441 INFO tempest.lib.common.rest_client [req-4657483b-6a4f-4591-ac4f-75995626a6eb req-4657483b-6a4f-4591-ac4f-75995626a6eb ] Request (ServerGroupTestJSON:tearDownClass): 200 GET http://10.180.1.21/networking/v2.0/security-groups?tenant_id=b47d8594f4e74c0cbc17c72ef6d52021&name=default 0.038s
2026-01-26 14:13:42.344 90431 INFO tempest.lib.common.rest_client [req-7cfe81a0-fcc5-427c-a36b-bac7c9749c3f req-7cfe81a0-fcc5-427c-a36b-bac7c9749c3f ] Request (AttachInterfacesUnderV243Test:test_add_remove_fixed_ip): 200 GET http://10.180.1.21/compute/v2.1/servers/1c92f5fa-55a8-40b9-8c02-d3793cbe629e 1.679s
2026-01-26 14:13:42.442 90441 INFO tempest.lib.common.rest_client [req-7e7c416e-13ce-40bc-ab51-93901b0ae53b req-7e7c416e-13ce-40bc-ab51-93901b0ae53b ] Request (ServerGroupTestJSON:tearDownClass): 204 DELETE http://10.180.1.21/networking/v2.0/security-groups/f47963db-7b78-435b-9e39-5f259f042bf4 0.118s
2026-01-26 14:13:42.478 90405 INFO tempest.lib.common.rest_client [req-4a790be6-c349-43ea-b833-9e914c7eaa1d req-4a790be6-c349-43ea-b833-9e914c7eaa1d ] Request (ServersTestBootFromVolume:setUpClass): 200 GET http://10.180.1.21/compute/v2.1/servers/e06cc320-5a90-4381-86d9-9a0333bcd592 1.713s
2026-01-26 14:13:42.502 90397 INFO tempest.lib.common.rest_client [req-2515224e-d4b8-49a2-ad0a-1122eb8d0a87 req-2515224e-d4b8-49a2-ad0a-1122eb8d0a87 ] Request (ServersWithSpecificFlavorTestJSON:test_verify_created_server_ephemeral_disk): 200 GET http://10.180.1.21/compute/v2.1/servers/9bafdb77-0e61-445a-a1c7-d5d65dede910 1.600s
2026-01-26 14:13:42.551 90417 INFO tempest.lib.common.rest_client [req-e879d203-25e1-4a6d-bdda-997c381cf8c6 req-e879d203-25e1-4a6d-bdda-997c381cf8c6 ] Request (ServersTestFqdnHostnames:setUpClass): 200 PUT http://10.180.1.21/networking/v2.0/routers/cd601798-4168-4350-a7cf-2e5f57ac7954/add_router_interface 0.982s
