2026-01-26 14:14:18.871 90407 INFO tempest.lib.common.rest_client [req-74ea5ee3-d1e7-48b9-9014-9967048476df req-74ea5ee3-d1e7-48b9-9014-9967048476df ] Request (ServersV294TestFqdnHostnames:setUpClass): 200 GET http://10.180.1.21/compute/v2.1/servers/ccdeff37-549c-4d03-84f5-f484112cfadc 0.054s
2026-01-26 14:14:18.878 90379 INFO tempest.lib.common.rest_client [req-8bfdac10-1c94-4e4b-a698-a900dae1d6dd req-8bfdac10-1c94-4e4b-a698-a900dae1d6dd ] Request (AttachInterfacesTestJSON:test_create_list_show_delete_interfaces_by_fixed_ip): 200 GET http://10.180.1.21/compute/v2.1/servers/6796e27a-d0f5-4259-bf44-3264edaabee5/os-interface 0.069s
2026-01-26 14:14:18.916 90421 INFO tempest.lib.common.rest_client [req-57115fa6-771e-4577-be02-d1af1e8a0570 req-57115fa6-771e-4577-be02-d1af1e8a0570 ] Request (ServerDiagnosticsNegativeTest:test_get_server_diagnostics_by_non_admin): 200 GET http://10.180.1.21/compute/v2.1/servers/d1ed3d06-67f2-4897-b7ad-2edf68a93a10 0.052s
2026-01-26 14:14:18.960 90393 INFO tempest.lib.common.rest_client [req-41890435-c829-46cf-94f9-444b251949a4 req-41890435-c829-46cf-94f9-444b251949a4 ] Request (MigrationsAdminTest:test_resize_server_revert_deleted_flavor): 200 GET http://10.180.1.21/compute/v2.1/servers/43ca9a08-1ccf-4a6d-89c9-87e1ad04e286 0.048s
2026-01-26 14:14:19.134 90385 INFO tempest.lib.common.rest_client [req-43c19a19-4ada-4cc5-a738-52e96cf8113b req-43c19a19-4ada-4cc5-a738-52e96cf8113b ] Request (ServersTestJSON:setUpClass): 200 GET http://10.180.1.21/compute/v2.1/servers/982cadfc-8488-4244-9302-2b110615ec6b 0.049s
2026-01-26 14:14:19.182 90391 INFO tempest.lib.common.rest_client [req-d9212ac3-676a-4b9f-86db-079ec88f9515 req-d9212ac3-676a-4b9f-86db-079ec88f9515 ] Request (FloatingIPsAssociationTestJSON:test_associate_already_associated_floating_ip): 200 GET http://10.180.1.21/compute/v2.1/servers/2d248ed1-c375-4dd4-bff6-58c6d21212f2 0.051s
2026-01-26 14:14:19.225 90399 INFO tempest.lib.common.rest_client [req-8583eb24-4a9d-4bb4-9b0c-0fa0f24d5ded req-8583eb24-4a9d-4bb4-9b0c-0fa0f24d5ded ] Request (AttachVolumeNegativeTest:test_attach_attached_volume_to_different_server): 200 GET http://10.180.1.21/compute/v2.1/servers/3120140d-c921-456d-a1cb-03817065913d 0.047s
2026-01-26 14:14:19.280 90387 INFO tempest.lib.common.rest_client [req-9b1ca002-0325-4468-af91-db9aa5a4edd0 req-9b1ca002-0325-4468-af91-db9aa5a4edd0 ] Request (InstanceActionsTestJSON:setUpClass): 200 GET http://10.180.1.21/compute/v2.1/servers/11e2ed41-2db2-4e63-80e8-0858e7cab8fc 0.053s
2026-01-26 14:14:19.307 90395 INFO tempest.lib.common.rest_client [req-d376fc6a-21d9-4220-8268-edd65c882b2f req-d376fc6a-21d9-4220-8268-edd65c882b2f ] Request (ServersAdminTestJSON:test_inject_network_info): 200 GET http://10.180.1.21/compute/v2.1/servers/1548979b-bc3c-4034-9506-8bfe45ea7abe 0.051s
2026-01-26 14:14:19.332 90409 INFO tempest.lib.common.rest_client [req-9899fa58-c319-49f3-a09a-42d8af207429 req-9899fa58-c319-49f3-a09a-42d8af207429 ] Request (ListImageFiltersTestJSON:setUpClass): 200 GET http://10.180.1.21/compute/v2.1/servers/f984b0e8-dad4-430f-99d0-a879a2deff46 0.050s
2026-01-26 14:14:19.356 90403 INFO tempest.lib.common.rest_client [req-9bbb694b-794c-414c-a23c-5d5222fcb392 req-9bbb694b-794c-414c-a23c-5d5222fcb392 ] Request (ListServersNegativeTestJSON:setUpClass): 200 GET http://10.180.1.21/compute/v2.1/servers/1fbfdecc-227f-4a9f-b5ba-b1a1b4c7ca1b 0.056s
2026-01-26 14:14:19.380 90401 INFO tempest.lib.common.rest_client [req-eb184721-44c2-41a8-8c56-1c15575abdef req-eb184721-44c2-41a8-8c56-1c15575abdef ] Request (ServerDiskConfigTestJSON:test_resize_server_from_auto_to_manual): 200 GET http://10.180.1.21/compute/v2.1/servers/7414ed4d-3210-4a9a-b4a6-866a4ea03652 0.053s
2026-01-26 14:14:19.403 90383 INFO tempest.lib.common.rest_client [req-ed33a860-9f16-4dfe-990b-c32935e97845 req-ed33a860-9f16-4dfe-990b-c32935e97845 ] Request (InstanceActionsV221TestJSON:test_get_list_deleted_instance_actions): 200 GET http://10.180.1.21/compute/v2.1/servers/33ad0365-f1e6-4e76-91cd-2e0d37ee6e6b 0.050s
2026-01-26 14:14:19.448 90427 INFO tempest.lib.common.rest_client [req-a54369b6-ddf1-4985-a8c6-a1d5f54df184 req-a54369b6-ddf1-4985-a8c6-a1d5f54df184 ] Request (ServerActionsTestOtherB:setUpClass): 200 GET http://10.180.1.21/compute/v2.1/servers/dad1105c-c780-44b2-957a-19908a5b5b04 0.050s
2026-01-26 14:14:19.524 90415 INFO tempest.lib.common.rest_client [req-38d53c91-588d-4194-b80f-f8741379a92c req-38d53c91-588d-4194-b80f-f8741379a92c ] Request (ServerRescueTestJSON:setUpClass): 200 GET http://10.180.1.21/compute/v2.1/servers/e237ace7-f770-4d3d-9e9f-f2555698c6dd 0.063s
2026-01-26 14:14:19.571 90411 INFO tempest.lib.common.rest_client [req-eb3b11c8-99e2-4e42-9c38-dfb640941474 req-eb3b11c8-99e2-4e42-9c38-dfb640941474 ] Request (ImagesNegativeTestJSON:test_create_image_from_deleted_server): 200 GET http://10.180.1.21/compute/v2.1/servers/b532e7c4-bd97-480f-8979-58fe9ab0bf09 0.052s
2026-01-26 14:14:19.572 90417 INFO tempest.lib.common.rest_client [req-87cebe26-ecce-475b-83c8-2c19839cb884 req-87cebe26-ecce-475b-83c8-2c19839cb884 ] Request (ServersTestFqdnHostnames:test_create_server_with_fqdn_name): 200 GET http://10.180.1.21/compute/v2.1/servers/4ca9b57f-18fd-4eee-8944-002809b269cf 0.054s
2026-01-26 14:14:19.619 90431 INFO tempest.lib.common.rest_client [req-397d23a3-ed56-441c-9acb-e37e580de334 req-397d23a3-ed56-441c-9acb-e37e580de334 ] Request (AttachInterfacesUnderV243Test:test_add_remove_fixed_ip): 200 GET http://10.180.1.21/compute/v2.1/servers/1c92f5fa-55a8-40b9-8c02-d3793cbe629e 0.048s
2026-01-26 14:14:19.672 90423 INFO tempest.lib.common.rest_client [req-fc6b9e17-9f85-4b91-89a7-39c50d0454b0 req-fc6b9e17-9f85-4b91-89a7-39c50d0454b0 ] Request (ServerMetadataNegativeTestJSON:setUpClass): 200 GET http://10.180.1.21/compute/v2.1/servers/68b73496-2653-4ff1-8a22-f06b7aa620cc 0.050s
2026-01-26 14:14:19.726 90405 INFO tempest.lib.common.rest_client [req-48bcc021-8759-4873-bb13-2acb9ea87db1 req-48bcc021-8759-4873-bb13-2acb9ea87db1 ] Request (ServersTestBootFromVolume:setUpClass): 200 GET http://10.180.1.21/compute/v2.1/servers/e06cc320-5a90-4381-86d9-9a0333bcd592 0.052s
2026-01-26 14:14:19.770 90397 INFO tempest.lib.common.rest_client [req-9ac02974-33bf-4e55-a24f-a1df717eebef req-9ac02974-33bf-4e55-a24f-a1df717eebef ] Request (ServersWithSpecificFlavorTestJSON:test_verify_created_server_ephemeral_disk): 200 GET http://10.180.1.21/compute/v2.1/servers/9bafdb77-0e61-445a-a1c7-d5d65dede910 0.049s
2026-01-26 14:14:19.795 90419 INFO tempest.lib.common.rest_client [req-73995026-9ec0-4c6e-81f6-3b910f02af6e req-73995026-9ec0-4c6e-81f6-3b910f02af6e ] Request (ImagesOneServerTestJSON:tearDownClass): 200 GET http://10.180.1.21/compute/v2.1/servers/419d6089-f6fd-4c72-bb41-f0507491cdc3 0.099s
2026-01-26 14:14:19.816 90381 INFO tempest.lib.common.rest_client [req-f1531e7f-d210-4daa-b6d9-6324f40e83bd req-f1531e7f-d210-4daa-b6d9-6324f40e83bd ] Request (InstanceActionsNegativeTestJSON:setUpClass): 200 GET http://10.180.1.21/compute/v2.1/servers/760fe050-0741-4825-a813-6d4d381dbd0e 0.049s
2026-01-26 14:14:19.843 90425 INFO tempest.lib.common.rest_client [req-41935026-0888-4d49-bb79-3f04603ce226 req-41935026-0888-4d49-bb79-3f04603ce226 ] Request (ServerActionsTestOtherA:test_rebuild_server_in_stop_state): 200 GET http://10.180.1.21/compute/v2.1/servers/9a30e7fb-f2f4-4ed8-8e3e-80883cac0bc2 0.047s
2026-01-26 14:14:19.937 90407 INFO tempest.lib.common.rest_client [req-0312f95d-653c-4943-9c6a-945e25217917 req-0312f95d-653c-4943-9c6a-945e25217917 ] Request (ServersV294TestFqdnHostnames:setUpClass): 200 GET http://10.180.1.21/compute/v2.1/servers/ccdeff37-549c-4d03-84f5-f484112cfadc 0.054s
2026-01-26 14:14:19.951 90379 INFO tempest.lib.common.rest_client [req-1ddceb80-ea8a-4e14-96c8-b1727e2f48ca req-1ddceb80-ea8a-4e14-96c8-b1727e2f48ca ] Request (AttachInterfacesTestJSON:test_create_list_show_delete_interfaces_by_fixed_ip): 200 GET http://10.180.1.21/compute/v2.1/servers/6796e27a-d0f5-4259-bf44-3264edaabee5/os-interface 0.070s
2026-01-26 14:14:19.982 90421 INFO tempest.lib.common.rest_client [req-532f7f48-fb03-4ec2-9196-02db2ba5e889 req-532f7f48-fb03-4ec2-9196-02db2ba5e889 ] Request (ServerDiagnosticsNegativeTest:test_get_server_diagnostics_by_non_admin): 200 GET http://10.180.1.21/compute/v2.1/servers/d1ed3d06-67f2-4897-b7ad-2edf68a93a10 0.058s
2026-01-26 14:14:20.027 90393 INFO tempest.lib.common.rest_client [req-72aa612a-2616-467b-b41e-67ccf034c3e1 req-72aa612a-2616-467b-b41e-67ccf034c3e1 ] Request (MigrationsAdminTest:test_resize_server_revert_deleted_flavor): 200 GET http://10.180.1.21/compute/v2.1/servers/43ca9a08-1ccf-4a6d-89c9-87e1ad04e286 0.059s
2026-01-26 14:14:20.195 90385 INFO tempest.lib.common.rest_client [req-96ad9895-e24a-43d7-8853-c34d876bf44d req-96ad9895-e24a-43d7-8853-c34d876bf44d ] Request (ServersTestJSON:setUpClass): 200 GET http://10.180.1.21/compute/v2.1/servers/982cadfc-8488-4244-9302-2b110615ec6b 0.054s
2026-01-26 14:14:20.238 90391 INFO tempest.lib.common.rest_client [req-c8a51cb8-e4d8-4684-90d4-0a26e11d8106 req-c8a51cb8-e4d8-4684-90d4-0a26e11d8106 ] Request (FloatingIPsAssociationTestJSON:test_associate_already_associated_floating_ip): 200 GET http://10.180.1.21/compute/v2.1/servers/2d248ed1-c375-4dd4-bff6-58c6d21212f2 0.048s
2026-01-26 14:14:20.282 90399 INFO tempest.lib.common.rest_client [req-9f398926-27d3-4835-9a6b-008461a8b5ca req-9f398926-27d3-4835-9a6b-008461a8b5ca ] Request (AttachVolumeNegativeTest:test_attach_attached_volume_to_different_server): 200 GET http://10.180.1.21/compute/v2.1/servers/3120140d-c921-456d-a1cb-03817065913d 0.049s
2026-01-26 14:14:20.337 90387 INFO tempest.lib.common.rest_client [req-460515d8-9de5-4385-966a-8538b58383f8 req-460515d8-9de5-4385-966a-8538b58383f8 ] Request (InstanceActionsTestJSON:setUpClass): 200 GET http://10.180.1.21/compute/v2.1/servers/11e2ed41-2db2-4e63-80e8-0858e7cab8fc 0.047s
2026-01-26 14:14:20.363 90395 INFO tempest.lib.common.rest_client [req-b1512deb-f915-4912-9e4e-09298a864ebe req-b1512deb-f915-4912-9e4e-09298a864ebe ] Request (ServersAdminTestJSON:test_inject_network_info): 200 GET http://10.180.1.21/compute/v2.1/servers/1548979b-bc3c-4034-9506-8bfe45ea7abe 0.048s
2026-01-26 14:14:20.388 90409 INFO tempest.lib.common.rest_client [req-f4d122e4-742d-42a9-8037-fb3aacee79dd req-f4d122e4-742d-42a9-8037-fb3aacee79dd ] Request (ListImageFiltersTestJSON:setUpClass): 200 GET http://10.180.1.21/compute/v2.1/servers/f984b0e8-dad4-430f-99d0-a879a2deff46 0.049s
2026-01-26 14:14:20.411 90403 INFO tempest.lib.common.rest_client [req-34dae15a-28c4-46aa-b398-251bd904ab4b req-34dae15a-28c4-46aa-b398-251bd904ab4b ] Request (ListServersNegativeTestJSON:setUpClass): 200 GET http://10.180.1.21/compute/v2.1/servers/1fbfdecc-227f-4a9f-b5ba-b1a1b4c7ca1b 0.048s
2026-01-26 14:14:20.441 90401 INFO tempest.lib.common.rest_client [req-56385ed0-6d4f-4cb0-bced-6554e80f39a4 req-56385ed0-6d4f-4cb0-bced-6554e80f39a4 ] Request (ServerDiskConfigTestJSON:test_resize_server_from_auto_to_manual): 200 GET http://10.180.1.21/compute/v2.1/servers/7414ed4d-3210-4a9a-b4a6-866a4ea03652 0.053s
2026-01-26 14:14:20.468 90383 INFO tempest.lib.common.rest_client [req-337d1399-c50f-489a-a660-32b6cc169c5f req-337d1399-c50f-489a-a660-32b6cc169c5f ] Request (InstanceActionsV221TestJSON:test_get_list_deleted_instance_actions): 200 GET http://10.180.1.21/compute/v2.1/servers/33ad0365-f1e6-4e76-91cd-2e0d37ee6e6b 0.057s
2026-01-26 14:14:20.509 90427 INFO tempest.lib.common.rest_client [req-d3cdecf8-2e1d-4091-9bb2-ffd24c65e5c6 req-d3cdecf8-2e1d-4091-9bb2-ffd24c65e5c6 ] Request (ServerActionsTestOtherB:setUpClass): 200 GET http://10.180.1.21/compute/v2.1/servers/dad1105c-c780-44b2-957a-19908a5b5b04 0.052s
2026-01-26 14:14:20.581 90415 INFO tempest.lib.common.rest_client [req-2c8b76e2-37a1-4964-b094-a2aa0754ca86 req-2c8b76e2-37a1-4964-b094-a2aa0754ca86 ] Request (ServerRescueTestJSON:setUpClass): 200 GET http://10.180.1.21/compute/v2.1/servers/e237ace7-f770-4d3d-9e9f-f2555698c6dd 0.049s
2026-01-26 14:14:20.629 90411 INFO tempest.lib.common.rest_client [req-63d06cb4-272a-4efc-9ac4-77bf1265b035 req-63d06cb4-272a-4efc-9ac4-77bf1265b035 ] Request (ImagesNegativeTestJSON:test_create_image_from_deleted_server): 200 GET http://10.180.1.21/compute/v2.1/servers/b532e7c4-bd97-480f-8979-58fe9ab0bf09 0.050s
2026-01-26 14:14:20.629 90417 INFO tempest.lib.common.rest_client [req-17bb8088-1e30-4583-ad41-c3efee8c9e75 req-17bb8088-1e30-4583-ad41-c3efee8c9e75 ] Request (ServersTestFqdnHostnames:test_create_server_with_fqdn_name): 200 GET http://10.180.1.21/compute/v2.1/servers/4ca9b57f-18fd-4eee-8944-002809b269cf 0.049s
2026-01-26 14:14:20.673 90431 INFO tempest.lib.common.rest_client [req-f4b9d3dd-bc8d-49c0-a161-3e338ded9192 req-f4b9d3dd-bc8d-49c0-a161-3e338ded9192 ] Request (AttachInterfacesUnderV243Test:test_add_remove_fixed_ip): 200 GET http://10.180.1.21/compute/v2.1/servers/1c92f5fa-55a8-40b9-8c02-d3793cbe629e 0.045s
2026-01-26 14:14:20.727 90423 INFO tempest.lib.common.rest_client [req-33ba7ca6-4acb-4d9a-a501-ba18ba8a56ce req-33ba7ca6-4acb-4d9a-a501-ba18ba8a56ce ] Request (ServerMetadataNegativeTestJSON:setUpClass): 200 GET http://10.180.1.21/compute/v2.1/servers/68b73496-2653-4ff1-8a22-f06b7aa620cc 0.046s
2026-01-26 14:14:20.781 90405 INFO tempest.lib.common.rest_client [req-42f5cc10-5897-493f-9877-ad96fb3e45b8 req-42f5cc10-5897-493f-9877-ad96fb3e45b8 ] Request (ServersTestBootFromVolume:setUpClass): 200 GET http://10.180.1.21/compute/v2.1/servers/e06cc320-5a90-4381-86d9-9a0333bcd592 0.048s
2026-01-26 14:14:20.837 90397 INFO tempest.lib.common.rest_client [req-bb28b55c-12c3-42f2-b002-b73193b62ec9 req-bb28b55c-12c3-42f2-b002-b73193b62ec9 ] Request (ServersWithSpecificFlavorTestJSON:test_verify_created_server_ephemeral_disk): 200 GET http://10.180.1.21/compute/v2.1/servers/9bafdb77-0e61-445a-a1c7-d5d65dede910 0.059s
2026-01-26 14:14:20.859 90419 INFO tempest.lib.common.rest_client [req-ec936758-8905-43f4-90ee-c4d2b99913d1 req-ec936758-8905-43f4-90ee-c4d2b99913d1 ] Request (ImagesOneServerTestJSON:tearDownClass): 200 GET http://10.180.1.21/compute/v2.1/servers/419d6089-f6fd-4c72-bb41-f0507491cdc3 0.056s
2026-01-26 14:14:20.873 90439 INFO paramiko.transport [-] Connected (version 2.0, client dropbear_2020.81)
2026-01-26 14:14:20.888 90381 INFO tempest.lib.common.rest_client [req-3ffbf92a-e804-496e-b9c1-ddb4d4b77bc8 req-3ffbf92a-e804-496e-b9c1-ddb4d4b77bc8 ] Request (InstanceActionsNegativeTestJSON:setUpClass): 200 GET http://10.180.1.21/compute/v2.1/servers/760fe050-0741-4825-a813-6d4d381dbd0e 0.064s
2026-01-26 14:14:20.905 90425 INFO tempest.lib.common.rest_client [req-8b631f30-be88-4f91-9c66-8f453b040fdd req-8b631f30-be88-4f91-9c66-8f453b040fdd ] Request (ServerActionsTestOtherA:test_rebuild_server_in_stop_state): 200 GET http://10.180.1.21/compute/v2.1/servers/9a30e7fb-f2f4-4ed8-8e3e-80883cac0bc2 0.054s
2026-01-26 14:14:20.976 90439 INFO paramiko.transport [-] Authentication (publickey) successful!
2026-01-26 14:14:20.977 90439 INFO tempest.lib.common.ssh [-] ssh connection to cirros@10.180.180.231 successfully created
2026-01-26 14:14:21.005 90407 INFO tempest.lib.common.rest_client [req-da643b5a-65b2-44ed-8906-e8a7540aa746 req-da643b5a-65b2-44ed-8906-e8a7540aa746 ] Request (ServersV294TestFqdnHostnames:setUpClass): 200 GET http://10.180.1.21/compute/v2.1/servers/ccdeff37-549c-4d03-84f5-f484112cfadc 0.057s
2026-01-26 14:14:21.029 90379 INFO tempest.lib.common.rest_client [req-08027dd7-378e-4289-8d44-6ca3055233c0 req-08027dd7-378e-4289-8d44-6ca3055233c0 ] Request (AttachInterfacesTestJSON:test_create_list_show_delete_interfaces_by_fixed_ip): 200 GET http://10.180.1.21/compute/v2.1/servers/6796e27a-d0f5-4259-bf44-3264edaabee5/os-interface 0.074s
2026-01-26 14:14:21.029 90439 INFO tempest.lib.common.rest_client [req-a5d87d4c-6d1f-4d8d-8cd3-f21427449bce req-a5d87d4c-6d1f-4d8d-8cd3-f21427449bce ] Request (AttachVolumeTestJSON:test_attach_detach_volume): 200 GET http://10.180.1.21/compute/v2.1/servers/e74ebf30-9d3e-407f-bd6d-b2034ee02af0/ips 0.052s
2026-01-26 14:14:21.031 90439 INFO tempest.lib.common.ssh [-] Creating ssh connection to '10.180.180.231:22' as 'cirros' with public key authentication
2026-01-26 14:14:21.034 90439 INFO paramiko.transport [-] Connected (version 2.0, client dropbear_2020.81)
2026-01-26 14:14:21.076 90421 INFO tempest.lib.common.rest_client [req-0e9e29d5-133c-4c2d-8359-dfc1ac3915fe req-0e9e29d5-133c-4c2d-8359-dfc1ac3915fe ] Request (ServerDiagnosticsNegativeTest:test_get_server_diagnostics_by_non_admin): 200 GET http://10.180.1.21/compute/v2.1/servers/d1ed3d06-67f2-4897-b7ad-2edf68a93a10 0.086s
2026-01-26 14:14:21.083 90393 INFO tempest.lib.common.rest_client [req-9189cc16-155a-413e-9d6c-a61f580f8d3e req-9189cc16-155a-413e-9d6c-a61f580f8d3e ] Request (MigrationsAdminTest:test_resize_server_revert_deleted_flavor): 200 GET http://10.180.1.21/compute/v2.1/servers/43ca9a08-1ccf-4a6d-89c9-87e1ad04e286 0.048s
2026-01-26 14:14:21.131 90439 INFO paramiko.transport [-] Authentication (publickey) successful!
2026-01-26 14:14:21.132 90439 INFO tempest.lib.common.ssh [-] ssh connection to cirros@10.180.180.231 successfully created
2026-01-26 14:14:21.132 90439 INFO tempest.lib.common.ssh [-] Creating ssh connection to '10.180.180.231:22' as 'cirros' with public key authentication
2026-01-26 14:14:21.134 90439 INFO paramiko.transport [-] Connected (version 2.0, client dropbear_2020.81)
2026-01-26 14:14:21.231 90439 INFO paramiko.transport [-] Authentication (publickey) successful!
2026-01-26 14:14:21.231 90439 INFO tempest.lib.common.ssh [-] ssh connection to cirros@10.180.180.231 successfully created
2026-01-26 14:14:21.253 90385 INFO tempest.lib.common.rest_client [req-82175d37-36d8-4dd7-b2f1-59955fef1cee req-82175d37-36d8-4dd7-b2f1-59955fef1cee ] Request (ServersTestJSON:setUpClass): 200 GET http://10.180.1.21/compute/v2.1/servers/982cadfc-8488-4244-9302-2b110615ec6b 0.049s
2026-01-26 14:14:21.295 90391 INFO tempest.lib.common.rest_client [req-8e4c6eff-d5f6-46ed-a2ff-54fc24a29d97 req-8e4c6eff-d5f6-46ed-a2ff-54fc24a29d97 ] Request (FloatingIPsAssociationTestJSON:test_associate_already_associated_floating_ip): 200 GET http://10.180.1.21/compute/v2.1/servers/2d248ed1-c375-4dd4-bff6-58c6d21212f2 0.049s
2026-01-26 14:14:21.339 90399 INFO tempest.lib.common.rest_client [req-c07c6ac9-3494-46b2-8ad8-bffefed7630d req-c07c6ac9-3494-46b2-8ad8-bffefed7630d ] Request (AttachVolumeNegativeTest:test_attach_attached_volume_to_different_server): 200 GET http://10.180.1.21/compute/v2.1/servers/3120140d-c921-456d-a1cb-03817065913d 0.050s
2026-01-26 14:14:21.362 90439 INFO tempest.lib.common.rest_client [req-946a74f9-1494-43f3-9eed-74117c69cea5 req-946a74f9-1494-43f3-9eed-74117c69cea5 ] Request (AttachVolumeTestJSON:test_attach_detach_volume): 202 POST http://10.180.1.21/volume/v3/volumes 0.126s
2026-01-26 14:14:21.395 90439 INFO tempest.lib.common.rest_client [req-979a3856-9140-4e97-b26a-a687ef44beda req-979a3856-9140-4e97-b26a-a687ef44beda ] Request (AttachVolumeTestJSON:test_attach_detach_volume): 200 GET http://10.180.1.21/volume/v3/volumes/81e75a8a-ba40-4968-88c5-c410c366d6d4 0.027s
2026-01-26 14:14:21.400 90387 INFO tempest.lib.common.rest_client [req-04e34929-585e-4769-b853-4d105580bd41 req-04e34929-585e-4769-b853-4d105580bd41 ] Request (InstanceActionsTestJSON:setUpClass): 200 GET http://10.180.1.21/compute/v2.1/servers/11e2ed41-2db2-4e63-80e8-0858e7cab8fc 0.056s
2026-01-26 14:14:21.429 90395 INFO tempest.lib.common.rest_client [req-f4ce27db-7fbb-4032-a0e0-c276e6296019 req-f4ce27db-7fbb-4032-a0e0-c276e6296019 ] Request (ServersAdminTestJSON:test_inject_network_info): 200 GET http://10.180.1.21/compute/v2.1/servers/1548979b-bc3c-4034-9506-8bfe45ea7abe 0.057s
2026-01-26 14:14:21.458 90409 INFO tempest.lib.common.rest_client [req-56c5687c-f964-4a4d-92b5-d8f7d680c5fd req-56c5687c-f964-4a4d-92b5-d8f7d680c5fd ] Request (ListImageFiltersTestJSON:setUpClass): 200 GET http://10.180.1.21/compute/v2.1/servers/f984b0e8-dad4-430f-99d0-a879a2deff46 0.062s
2026-01-26 14:14:21.491 90403 INFO tempest.lib.common.rest_client [req-071ca1a5-f3a6-4aa9-8a22-9558fceb8074 req-071ca1a5-f3a6-4aa9-8a22-9558fceb8074 ] Request (ListServersNegativeTestJSON:setUpClass): 200 GET http://10.180.1.21/compute/v2.1/servers/1fbfdecc-227f-4a9f-b5ba-b1a1b4c7ca1b 0.071s
2026-01-26 14:14:21.515 90401 INFO tempest.lib.common.rest_client [req-ec8d0b7f-ea67-40a5-ba11-8b1011f43a11 req-ec8d0b7f-ea67-40a5-ba11-8b1011f43a11 ] Request (ServerDiskConfigTestJSON:test_resize_server_from_auto_to_manual): 200 GET http://10.180.1.21/compute/v2.1/servers/7414ed4d-3210-4a9a-b4a6-866a4ea03652 0.066s
2026-01-26 14:14:21.544 90383 INFO tempest.lib.common.rest_client [req-5cef79fb-45d6-4233-a495-1e546655ad9a req-5cef79fb-45d6-4233-a495-1e546655ad9a ] Request (InstanceActionsV221TestJSON:test_get_list_deleted_instance_actions): 200 GET http://10.180.1.21/compute/v2.1/servers/33ad0365-f1e6-4e76-91cd-2e0d37ee6e6b 0.066s
2026-01-26 14:14:21.562 90427 INFO tempest.lib.common.rest_client [req-cca31f48-46f8-4b40-bb0c-5d6510859e2d req-cca31f48-46f8-4b40-bb0c-5d6510859e2d ] Request (ServerActionsTestOtherB:setUpClass): 200 GET http://10.180.1.21/compute/v2.1/servers/dad1105c-c780-44b2-957a-19908a5b5b04 0.045s
2026-01-26 14:14:21.636 90415 INFO tempest.lib.common.rest_client [req-7b5660f5-0ea4-4492-a03e-eb1d4714fcf4 req-7b5660f5-0ea4-4492-a03e-eb1d4714fcf4 ] Request (ServerRescueTestJSON:setUpClass): 200 GET http://10.180.1.21/compute/v2.1/servers/e237ace7-f770-4d3d-9e9f-f2555698c6dd 0.047s
2026-01-26 14:14:21.682 90411 INFO tempest.lib.common.rest_client [req-a268f400-bf91-4166-9c04-b8a767ffd588 req-a268f400-bf91-4166-9c04-b8a767ffd588 ] Request (ImagesNegativeTestJSON:test_create_image_from_deleted_server): 200 GET http://10.180.1.21/compute/v2.1/servers/b532e7c4-bd97-480f-8979-58fe9ab0bf09 0.046s
2026-01-26 14:14:21.684 90417 INFO tempest.lib.common.rest_client [req-92a9bda5-8390-40b1-b4fc-c98c1f0800e4 req-92a9bda5-8390-40b1-b4fc-c98c1f0800e4 ] Request (ServersTestFqdnHostnames:test_create_server_with_fqdn_name): 200 GET http://10.180.1.21/compute/v2.1/servers/4ca9b57f-18fd-4eee-8944-002809b269cf 0.047s
2026-01-26 14:14:21.735 90431 INFO tempest.lib.common.rest_client [req-392d6d36-39bc-4443-86ef-193e25412cb7 req-392d6d36-39bc-4443-86ef-193e25412cb7 ] Request (AttachInterfacesUnderV243Test:test_add_remove_fixed_ip): 200 GET http://10.180.1.21/compute/v2.1/servers/1c92f5fa-55a8-40b9-8c02-d3793cbe629e 0.054s
2026-01-26 14:14:21.781 90423 INFO tempest.lib.common.rest_client [req-9e26836c-ec25-4613-9892-a07c71755e3c req-9e26836c-ec25-4613-9892-a07c71755e3c ] Request (ServerMetadataNegativeTestJSON:setUpClass): 200 GET http://10.180.1.21/compute/v2.1/servers/68b73496-2653-4ff1-8a22-f06b7aa620cc 0.046s
2026-01-26 14:14:21.837 90405 INFO tempest.lib.common.rest_client [req-c1e2e368-a860-4643-8b42-ddc8db33bce5 req-c1e2e368-a860-4643-8b42-ddc8db33bce5 ] Request (ServersTestBootFromVolume:setUpClass): 200 GET http://10.180.1.21/compute/v2.1/servers/e06cc320-5a90-4381-86d9-9a0333bcd592 0.048s
2026-01-26 14:14:21.892 90397 INFO tempest.lib.common.rest_client [req-0d4fa328-a674-45ba-b4ca-ec2579126955 req-0d4fa328-a674-45ba-b4ca-ec2579126955 ] Request (ServersWithSpecificFlavorTestJSON:test_verify_created_server_ephemeral_disk): 200 GET http://10.180.1.21/compute/v2.1/servers/9bafdb77-0e61-445a-a1c7-d5d65dede910 0.047s
2026-01-26 14:14:21.917 90419 INFO tempest.lib.common.rest_client [req-f19c2dfe-7df0-4055-a611-c811a93d615f req-f19c2dfe-7df0-4055-a611-c811a93d615f ] Request (ImagesOneServerTestJSON:tearDownClass): 200 GET http://10.180.1.21/compute/v2.1/servers/419d6089-f6fd-4c72-bb41-f0507491cdc3 0.048s
2026-01-26 14:14:21.943 90381 INFO tempest.lib.common.rest_client [req-c5ab972d-8bc6-4849-9584-1d7529b3848d req-c5ab972d-8bc6-4849-9584-1d7529b3848d ] Request (InstanceActionsNegativeTestJSON:setUpClass): 200 GET http://10.180.1.21/compute/v2.1/servers/760fe050-0741-4825-a813-6d4d381dbd0e 0.047s
2026-01-26 14:14:21.960 90425 INFO tempest.lib.common.rest_client [req-e178e528-469d-4c6b-aadf-dcc7ec3d4958 req-e178e528-469d-4c6b-aadf-dcc7ec3d4958 ] Request (ServerActionsTestOtherA:test_rebuild_server_in_stop_state): 200 GET http://10.180.1.21/compute/v2.1/servers/9a30e7fb-f2f4-4ed8-8e3e-80883cac0bc2 0.047s
2026-01-26 14:14:22.070 90407 INFO tempest.lib.common.rest_client [req-dbfc1537-298f-4686-818b-22872d2688dd req-dbfc1537-298f-4686-818b-22872d2688dd ] Request (ServersV294TestFqdnHostnames:setUpClass): 200 GET http://10.180.1.21/compute/v2.1/servers/ccdeff37-549c-4d03-84f5-f484112cfadc 0.054s
2026-01-26 14:14:22.099 90379 INFO tempest.lib.common.rest_client [req-8230889e-8bfc-4c34-8bef-5824b8457a81 req-8230889e-8bfc-4c34-8bef-5824b8457a81 ] Request (AttachInterfacesTestJSON:test_create_list_show_delete_interfaces_by_fixed_ip): 200 GET http://10.180.1.21/compute/v2.1/servers/6796e27a-d0f5-4259-bf44-3264edaabee5/os-interface 0.067s
2026-01-26 14:14:22.131 90421 INFO tempest.lib.common.rest_client [req-a969a86f-5356-482e-b01e-70f41c4eeb8a req-a969a86f-5356-482e-b01e-70f41c4eeb8a ] Request (ServerDiagnosticsNegativeTest:test_get_server_diagnostics_by_non_admin): 200 GET http://10.180.1.21/compute/v2.1/servers/d1ed3d06-67f2-4897-b7ad-2edf68a93a10 0.047s
2026-01-26 14:14:22.148 90393 INFO tempest.lib.common.rest_client [req-07fd159c-7f7a-48d4-aa3a-241dd41a8b06 req-07fd159c-7f7a-48d4-aa3a-241dd41a8b06 ] Request (MigrationsAdminTest:test_resize_server_revert_deleted_flavor): 200 GET http://10.180.1.21/compute/v2.1/servers/43ca9a08-1ccf-4a6d-89c9-87e1ad04e286 0.058s
2026-01-26 14:14:22.308 90385 INFO tempest.lib.common.rest_client [req-fc1f715e-5204-4463-b3ab-97c503ed24ca req-fc1f715e-5204-4463-b3ab-97c503ed24ca ] Request (ServersTestJSON:setUpClass): 200 GET http://10.180.1.21/compute/v2.1/servers/982cadfc-8488-4244-9302-2b110615ec6b 0.047s
2026-01-26 14:14:22.350 90391 INFO tempest.lib.common.rest_client [req-28540113-c74a-422f-9774-cd1e3dd96a15 req-28540113-c74a-422f-9774-cd1e3dd96a15 ] Request (FloatingIPsAssociationTestJSON:test_associate_already_associated_floating_ip): 200 GET http://10.180.1.21/compute/v2.1/servers/2d248ed1-c375-4dd4-bff6-58c6d21212f2 0.047s
2026-01-26 14:14:22.394 90399 INFO tempest.lib.common.rest_client [req-f914ebd0-cc2a-432f-8938-7de9d413fb1a req-f914ebd0-cc2a-432f-8938-7de9d413fb1a ] Request (AttachVolumeNegativeTest:test_attach_attached_volume_to_different_server): 200 GET http://10.180.1.21/compute/v2.1/servers/3120140d-c921-456d-a1cb-03817065913d 0.046s
2026-01-26 14:14:22.428 90439 INFO tempest.lib.common.rest_client [req-6a925a26-17ba-4041-8833-a64ec1fdd80e req-6a925a26-17ba-4041-8833-a64ec1fdd80e ] Request (AttachVolumeTestJSON:test_attach_detach_volume): 200 GET http://10.180.1.21/volume/v3/volumes/81e75a8a-ba40-4968-88c5-c410c366d6d4 0.025s
2026-01-26 14:14:22.434 90439 INFO tempest.common.waiters [-] volume 81e75a8a-ba40-4968-88c5-c410c366d6d4 reached available after waiting for 1.434675 seconds
2026-01-26 14:14:22.457 90387 INFO tempest.lib.common.rest_client [req-3801c44d-cd87-4071-99db-86ae3c2b9806 req-3801c44d-cd87-4071-99db-86ae3c2b9806 ] Request (InstanceActionsTestJSON:setUpClass): 200 GET http://10.180.1.21/compute/v2.1/servers/11e2ed41-2db2-4e63-80e8-0858e7cab8fc 0.048s
2026-01-26 14:14:22.506 90395 INFO tempest.lib.common.rest_client [req-1957f44f-28fe-42ba-8914-77e5e514ad24 req-1957f44f-28fe-42ba-8914-77e5e514ad24 ] Request (ServersAdminTestJSON:test_inject_network_info): 200 GET http://10.180.1.21/compute/v2.1/servers/1548979b-bc3c-4034-9506-8bfe45ea7abe 0.068s
2026-01-26 14:14:22.554 90409 INFO tempest.lib.common.rest_client [req-8c77b8e2-fbf6-4de2-8075-ffa21e798044 req-8c77b8e2-fbf6-4de2-8075-ffa21e798044 ] Request (ListImageFiltersTestJSON:setUpClass): 200 GET http://10.180.1.21/compute/v2.1/servers/f984b0e8-dad4-430f-99d0-a879a2deff46 0.088s
2026-01-26 14:14:22.606 90403 INFO tempest.lib.common.rest_client [req-35c658b3-2c16-447c-b50b-57a83084bfa5 req-35c658b3-2c16-447c-b50b-57a83084bfa5 ] Request (ListServersNegativeTestJSON:setUpClass): 200 GET http://10.180.1.21/compute/v2.1/servers/1fbfdecc-227f-4a9f-b5ba-b1a1b4c7ca1b 0.107s
2026-01-26 14:14:22.655 90401 INFO tempest.lib.common.rest_client [req-d67388bc-104a-4f59-8780-3b2f9af4d2d8 req-d67388bc-104a-4f59-8780-3b2f9af4d2d8 ] Request (ServerDiskConfigTestJSON:test_resize_server_from_auto_to_manual): 200 GET http://10.180.1.21/compute/v2.1/servers/7414ed4d-3210-4a9a-b4a6-866a4ea03652 0.132s
2026-01-26 14:14:22.703 90383 INFO tempest.lib.common.rest_client [req-8ab25214-1f27-4cc0-b9dd-c38a9f456266 req-8ab25214-1f27-4cc0-b9dd-c38a9f456266 ] Request (InstanceActionsV221TestJSON:test_get_list_deleted_instance_actions): 200 GET http://10.180.1.21/compute/v2.1/servers/33ad0365-f1e6-4e76-91cd-2e0d37ee6e6b 0.150s
2026-01-26 14:14:22.754 90427 INFO tempest.lib.common.rest_client [req-26f3636f-dbb2-4a0f-8c2d-f4f4557f9d9c req-26f3636f-dbb2-4a0f-8c2d-f4f4557f9d9c ] Request (ServerActionsTestOtherB:setUpClass): 200 GET http://10.180.1.21/compute/v2.1/servers/dad1105c-c780-44b2-957a-19908a5b5b04 0.183s
2026-01-26 14:14:22.817 90415 INFO tempest.lib.common.rest_client [req-0d3df807-1ec0-468d-bd74-885d31d30b7e req-0d3df807-1ec0-468d-bd74-885d31d30b7e ] Request (ServerRescueTestJSON:setUpClass): 200 GET http://10.180.1.21/compute/v2.1/servers/e237ace7-f770-4d3d-9e9f-f2555698c6dd 0.173s
2026-01-26 14:14:22.866 90417 INFO tempest.lib.common.rest_client [req-dd09c134-b83a-4be6-af46-6e7409f32c9d req-dd09c134-b83a-4be6-af46-6e7409f32c9d ] Request (ServersTestFqdnHostnames:test_create_server_with_fqdn_name): 200 GET http://10.180.1.21/compute/v2.1/servers/4ca9b57f-18fd-4eee-8944-002809b269cf 0.175s
2026-01-26 14:14:22.917 90411 INFO tempest.lib.common.rest_client [req-18dd81ea-a7ea-4fd9-afc5-5f6bab8db822 req-18dd81ea-a7ea-4fd9-afc5-5f6bab8db822 ] Request (ImagesNegativeTestJSON:test_create_image_from_deleted_server): 200 GET http://10.180.1.21/compute/v2.1/servers/b532e7c4-bd97-480f-8979-58fe9ab0bf09 0.225s
2026-01-26 14:14:22.976 90431 INFO tempest.lib.common.rest_client [req-21af8be1-bc2e-4d82-9a30-5a9241323535 req-21af8be1-bc2e-4d82-9a30-5a9241323535 ] Request (AttachInterfacesUnderV243Test:test_add_remove_fixed_ip): 200 GET http://10.180.1.21/compute/v2.1/servers/1c92f5fa-55a8-40b9-8c02-d3793cbe629e 0.234s
2026-01-26 14:14:23.028 90423 INFO tempest.lib.common.rest_client [req-8e65aa63-498c-4dbc-9068-4227f8441112 req-8e65aa63-498c-4dbc-9068-4227f8441112 ] Request (ServerMetadataNegativeTestJSON:setUpClass): 200 GET http://10.180.1.21/compute/v2.1/servers/68b73496-2653-4ff1-8a22-f06b7aa620cc 0.238s
2026-01-26 14:14:23.078 90405 INFO tempest.lib.common.rest_client [req-532298fd-21bd-41fa-b089-5cf69b33ae5d req-532298fd-21bd-41fa-b089-5cf69b33ae5d ] Request (ServersTestBootFromVolume:setUpClass): 200 GET http://10.180.1.21/compute/v2.1/servers/e06cc320-5a90-4381-86d9-9a0333bcd592 0.233s
2026-01-26 14:14:23.126 90397 INFO tempest.lib.common.rest_client [req-471df4b6-908d-4f32-9890-d7d27cfdb474 req-471df4b6-908d-4f32-9890-d7d27cfdb474 ] Request (ServersWithSpecificFlavorTestJSON:test_verify_created_server_ephemeral_disk): 200 GET http://10.180.1.21/compute/v2.1/servers/9bafdb77-0e61-445a-a1c7-d5d65dede910 0.226s
2026-01-26 14:14:23.179 90419 INFO tempest.lib.common.rest_client [req-2d625f16-3804-412d-9317-0fa6bec063a5 req-2d625f16-3804-412d-9317-0fa6bec063a5 ] Request (ImagesOneServerTestJSON:tearDownClass): 200 GET http://10.180.1.21/compute/v2.1/servers/419d6089-f6fd-4c72-bb41-f0507491cdc3 0.253s
2026-01-26 14:14:23.186 90419 INFO tempest.common.waiters [-] State transition "ACTIVE/deleting" ==> "DELETED/None" after 5 second wait
2026-01-26 14:14:23.231 90381 INFO tempest.lib.common.rest_client [req-caae6f45-4a2d-49ed-a713-30aebd4ab2c2 req-caae6f45-4a2d-49ed-a713-30aebd4ab2c2 ] Request (InstanceActionsNegativeTestJSON:setUpClass): 200 GET http://10.180.1.21/compute/v2.1/servers/760fe050-0741-4825-a813-6d4d381dbd0e 0.280s
2026-01-26 14:14:23.278 90425 INFO tempest.lib.common.rest_client [req-92b15152-b1c1-402a-8947-6fe741237136 req-92b15152-b1c1-402a-8947-6fe741237136 ] Request (ServerActionsTestOtherA:test_rebuild_server_in_stop_state): 200 GET http://10.180.1.21/compute/v2.1/servers/9a30e7fb-f2f4-4ed8-8e3e-80883cac0bc2 0.311s
2026-01-26 14:14:23.330 90407 INFO tempest.lib.common.rest_client [req-a4fa93a2-6619-438f-993c-9a4991c9ed25 req-a4fa93a2-6619-438f-993c-9a4991c9ed25 ] Request (ServersV294TestFqdnHostnames:setUpClass): 200 GET http://10.180.1.21/compute/v2.1/servers/ccdeff37-549c-4d03-84f5-f484112cfadc 0.250s
2026-01-26 14:14:23.436 90379 INFO tempest.lib.common.rest_client [req-4fb45f9b-c970-46d9-a3a5-da8a124f54f2 req-4fb45f9b-c970-46d9-a3a5-da8a124f54f2 ] Request (AttachInterfacesTestJSON:test_create_list_show_delete_interfaces_by_fixed_ip): 200 GET http://10.180.1.21/compute/v2.1/servers/6796e27a-d0f5-4259-bf44-3264edaabee5/os-interface 0.334s
2026-01-26 14:14:23.492 90421 INFO tempest.lib.common.rest_client [req-fd3ad8a2-ed0b-4f0c-98f0-6a6b73f20b32 req-fd3ad8a2-ed0b-4f0c-98f0-6a6b73f20b32 ] Request (ServerDiagnosticsNegativeTest:test_get_server_diagnostics_by_non_admin): 200 GET http://10.180.1.21/compute/v2.1/servers/d1ed3d06-67f2-4897-b7ad-2edf68a93a10 0.352s
2026-01-26 14:14:23.546 90393 INFO tempest.lib.common.rest_client [req-96fbb3f0-7d56-49ae-849f-10dd87323379 req-96fbb3f0-7d56-49ae-849f-10dd87323379 ] Request (MigrationsAdminTest:test_resize_server_revert_deleted_flavor): 200 GET http://10.180.1.21/compute/v2.1/servers/43ca9a08-1ccf-4a6d-89c9-87e1ad04e286 0.391s
2026-01-26 14:14:23.601 90385 INFO tempest.lib.common.rest_client [req-a3f37500-92dc-48da-9d7c-033bd20417ff req-a3f37500-92dc-48da-9d7c-033bd20417ff ] Request (ServersTestJSON:setUpClass): 200 GET http://10.180.1.21/compute/v2.1/servers/982cadfc-8488-4244-9302-2b110615ec6b 0.285s
2026-01-26 14:14:23.658 90391 INFO tempest.lib.common.rest_client [req-d56513b3-b51c-4d30-a996-4276a0f17cd4 req-d56513b3-b51c-4d30-a996-4276a0f17cd4 ] Request (FloatingIPsAssociationTestJSON:test_associate_already_associated_floating_ip): 200 GET http://10.180.1.21/compute/v2.1/servers/2d248ed1-c375-4dd4-bff6-58c6d21212f2 0.300s
2026-01-26 14:14:23.705 90399 INFO tempest.lib.common.rest_client [req-fc4e45cc-29d1-41e5-90e6-80521d5a64a8 req-fc4e45cc-29d1-41e5-90e6-80521d5a64a8 ] Request (AttachVolumeNegativeTest:test_attach_attached_volume_to_different_server): 200 GET http://10.180.1.21/compute/v2.1/servers/3120140d-c921-456d-a1cb-03817065913d 0.304s
2026-01-26 14:14:23.756 90387 INFO tempest.lib.common.rest_client [req-44034f47-b07f-4f6d-8952-039a879e49ed req-44034f47-b07f-4f6d-8952-039a879e49ed ] Request (InstanceActionsTestJSON:setUpClass): 200 GET http://10.180.1.21/compute/v2.1/servers/11e2ed41-2db2-4e63-80e8-0858e7cab8fc 0.290s
2026-01-26 14:14:23.810 90395 INFO tempest.lib.common.rest_client [req-00c26a91-c56b-4a36-a243-49f55647a1bf req-00c26a91-c56b-4a36-a243-49f55647a1bf ] Request (ServersAdminTestJSON:test_inject_network_info): 200 GET http://10.180.1.21/compute/v2.1/servers/1548979b-bc3c-4034-9506-8bfe45ea7abe 0.294s
2026-01-26 14:14:23.859 90409 INFO tempest.lib.common.rest_client [req-f969f958-0e7d-4bf5-a8c7-ca9ce975b6a9 req-f969f958-0e7d-4bf5-a8c7-ca9ce975b6a9 ] Request (ListImageFiltersTestJSON:setUpClass): 200 GET http://10.180.1.21/compute/v2.1/servers/f984b0e8-dad4-430f-99d0-a879a2deff46 0.297s
2026-01-26 14:14:23.913 90403 INFO tempest.lib.common.rest_client [req-a8446e45-5f08-4bac-94f8-0a17ed642601 req-a8446e45-5f08-4bac-94f8-0a17ed642601 ] Request (ListServersNegativeTestJSON:setUpClass): 200 GET http://10.180.1.21/compute/v2.1/servers/1fbfdecc-227f-4a9f-b5ba-b1a1b4c7ca1b 0.298s
2026-01-26 14:14:23.961 90401 INFO tempest.lib.common.rest_client [req-eb6e6a36-6be6-4e1d-8fdd-ac65504c5eb3 req-eb6e6a36-6be6-4e1d-8fdd-ac65504c5eb3 ] Request (ServerDiskConfigTestJSON:test_resize_server_from_auto_to_manual): 200 GET http://10.180.1.21/compute/v2.1/servers/7414ed4d-3210-4a9a-b4a6-866a4ea03652 0.298s
2026-01-26 14:14:24.009 90383 INFO tempest.lib.common.rest_client [req-4a78fa80-7f35-469c-8762-4e6d26c2eef1 req-4a78fa80-7f35-469c-8762-4e6d26c2eef1 ] Request (InstanceActionsV221TestJSON:test_get_list_deleted_instance_actions): 200 GET http://10.180.1.21/compute/v2.1/servers/33ad0365-f1e6-4e76-91cd-2e0d37ee6e6b 0.298s
2026-01-26 14:14:24.068 90427 INFO tempest.lib.common.rest_client [req-9c00f9db-8e88-4e51-a7ec-a1fb7d643840 req-9c00f9db-8e88-4e51-a7ec-a1fb7d643840 ] Request (ServerActionsTestOtherB:setUpClass): 200 GET http://10.180.1.21/compute/v2.1/servers/dad1105c-c780-44b2-957a-19908a5b5b04 0.304s
2026-01-26 14:14:24.077 90439 INFO tempest.lib.common.rest_client [req-74c5c31e-395b-415a-b661-3d8586b978ae req-74c5c31e-395b-415a-b661-3d8586b978ae ] Request (AttachVolumeTestJSON:test_attach_detach_volume): 200 POST http://10.180.1.21/compute/v2.1/servers/e74ebf30-9d3e-407f-bd6d-b2034ee02af0/os-volume_attachments 1.642s
2026-01-26 14:14:24.109 90439 INFO tempest.lib.common.rest_client [req-7f639bcb-79ba-41f1-8f62-457234cef433 req-7f639bcb-79ba-41f1-8f62-457234cef433 ] Request (AttachVolumeTestJSON:test_attach_detach_volume): 200 GET http://10.180.1.21/volume/v3/volumes/81e75a8a-ba40-4968-88c5-c410c366d6d4 0.030s
2026-01-26 14:14:24.122 90415 INFO tempest.lib.common.rest_client [req-6f593fa7-29a9-4246-9a0f-09468926df75 req-6f593fa7-29a9-4246-9a0f-09468926df75 ] Request (ServerRescueTestJSON:setUpClass): 200 GET http://10.180.1.21/compute/v2.1/servers/e237ace7-f770-4d3d-9e9f-f2555698c6dd 0.297s
2026-01-26 14:14:24.136 90417 INFO tempest.lib.common.rest_client [req-2c2a6414-ae1f-4e82-8123-f8ce7a3271ee req-2c2a6414-ae1f-4e82-8123-f8ce7a3271ee ] Request (ServersTestFqdnHostnames:test_create_server_with_fqdn_name): 200 GET http://10.180.1.21/compute/v2.1/servers/4ca9b57f-18fd-4eee-8944-002809b269cf 0.263s
2026-01-26 14:14:24.169 90411 INFO tempest.lib.common.rest_client [req-f73cf3b8-90c7-4fea-bc4d-2d00c38096e1 req-f73cf3b8-90c7-4fea-bc4d-2d00c38096e1 ] Request (ImagesNegativeTestJSON:test_create_image_from_deleted_server): 200 GET http://10.180.1.21/compute/v2.1/servers/b532e7c4-bd97-480f-8979-58fe9ab0bf09 0.242s
2026-01-26 14:14:24.183 90431 INFO tempest.lib.common.rest_client [req-046f6776-7dd8-4dcc-ab63-bd9b32d2b4d7 req-046f6776-7dd8-4dcc-ab63-bd9b32d2b4d7 ] Request (AttachInterfacesUnderV243Test:test_add_remove_fixed_ip): 200 GET http://10.180.1.21/compute/v2.1/servers/1c92f5fa-55a8-40b9-8c02-d3793cbe629e 0.199s
2026-01-26 14:14:24.223 90423 INFO tempest.lib.common.rest_client [req-21d6b3f7-de1b-4cef-af2a-18eeb4060787 req-21d6b3f7-de1b-4cef-af2a-18eeb4060787 ] Request (ServerMetadataNegativeTestJSON:setUpClass): 200 GET http://10.180.1.21/compute/v2.1/servers/68b73496-2653-4ff1-8a22-f06b7aa620cc 0.187s
2026-01-26 14:14:24.232 90405 INFO tempest.lib.common.rest_client [req-61051cbb-3ec2-46b6-9325-4c6ec3b049cd req-61051cbb-3ec2-46b6-9325-4c6ec3b049cd ] Request (ServersTestBootFromVolume:setUpClass): 200 GET http://10.180.1.21/compute/v2.1/servers/e06cc320-5a90-4381-86d9-9a0333bcd592 0.146s
2026-01-26 14:14:24.275 90397 INFO tempest.lib.common.rest_client [req-b91d3a7f-4ed2-4cec-a9fd-f8b9fcb06416 req-b91d3a7f-4ed2-4cec-a9fd-f8b9fcb06416 ] Request (ServersWithSpecificFlavorTestJSON:test_verify_created_server_ephemeral_disk): 200 GET http://10.180.1.21/compute/v2.1/servers/9bafdb77-0e61-445a-a1c7-d5d65dede910 0.141s
2026-01-26 14:14:24.289 90419 INFO tempest.lib.common.rest_client [req-4030c4df-f3f2-4fb4-a45b-7489ed18cfb5 req-4030c4df-f3f2-4fb4-a45b-7489ed18cfb5 ] Request (ImagesOneServerTestJSON:tearDownClass): 200 GET http://10.180.1.21/compute/v2.1/servers/419d6089-f6fd-4c72-bb41-f0507491cdc3 0.101s
2026-01-26 14:14:24.320 90381 INFO tempest.lib.common.rest_client [req-ef235021-cca2-41e2-991a-ac055bcb0ef7 req-ef235021-cca2-41e2-991a-ac055bcb0ef7 ] Request (InstanceActionsNegativeTestJSON:setUpClass): 200 GET http://10.180.1.21/compute/v2.1/servers/760fe050-0741-4825-a813-6d4d381dbd0e 0.081s
2026-01-26 14:14:24.346 90425 INFO tempest.lib.common.rest_client [req-9de38fbf-f281-4b04-bd0e-c605e9ccac55 req-9de38fbf-f281-4b04-bd0e-c605e9ccac55 ] Request (ServerActionsTestOtherA:test_rebuild_server_in_stop_state): 200 GET http://10.180.1.21/compute/v2.1/servers/9a30e7fb-f2f4-4ed8-8e3e-80883cac0bc2 0.061s
2026-01-26 14:14:24.399 90407 INFO tempest.lib.common.rest_client [req-55ec64b7-a912-403a-8f42-71726d388878 req-55ec64b7-a912-403a-8f42-71726d388878 ] Request (ServersV294TestFqdnHostnames:setUpClass): 200 GET http://10.180.1.21/compute/v2.1/servers/ccdeff37-549c-4d03-84f5-f484112cfadc 0.055s
2026-01-26 14:14:24.521 90379 INFO tempest.lib.common.rest_client [req-1d6bf4a9-2a5d-4f98-a1f4-7aaed086cc78 req-1d6bf4a9-2a5d-4f98-a1f4-7aaed086cc78 ] Request (AttachInterfacesTestJSON:test_create_list_show_delete_interfaces_by_fixed_ip): 200 GET http://10.180.1.21/compute/v2.1/servers/6796e27a-d0f5-4259-bf44-3264edaabee5/os-interface 0.081s
2026-01-26 14:14:24.560 90421 INFO tempest.lib.common.rest_client [req-6c59d037-d7a9-422e-9345-5b567e3a1ec1 req-6c59d037-d7a9-422e-9345-5b567e3a1ec1 ] Request (ServerDiagnosticsNegativeTest:test_get_server_diagnostics_by_non_admin): 200 GET http://10.180.1.21/compute/v2.1/servers/d1ed3d06-67f2-4897-b7ad-2edf68a93a10 0.056s
2026-01-26 14:14:24.602 90393 INFO tempest.lib.common.rest_client [req-668abd74-e09d-4b62-a17c-724dc8407dff req-668abd74-e09d-4b62-a17c-724dc8407dff ] Request (MigrationsAdminTest:test_resize_server_revert_deleted_flavor): 200 GET http://10.180.1.21/compute/v2.1/servers/43ca9a08-1ccf-4a6d-89c9-87e1ad04e286 0.048s
2026-01-26 14:14:24.663 90385 INFO tempest.lib.common.rest_client [req-e4cb2e72-4dca-4df0-a369-48b83d629134 req-e4cb2e72-4dca-4df0-a369-48b83d629134 ] Request (ServersTestJSON:setUpClass): 200 GET http://10.180.1.21/compute/v2.1/servers/982cadfc-8488-4244-9302-2b110615ec6b 0.054s
2026-01-26 14:14:24.724 90391 INFO tempest.lib.common.rest_client [req-77372293-93e5-4145-a59d-ca9f9e5a9f84 req-77372293-93e5-4145-a59d-ca9f9e5a9f84 ] Request (FloatingIPsAssociationTestJSON:test_associate_already_associated_floating_ip): 200 GET http://10.180.1.21/compute/v2.1/servers/2d248ed1-c375-4dd4-bff6-58c6d21212f2 0.057s
2026-01-26 14:14:24.761 90399 INFO tempest.lib.common.rest_client [req-59dc6223-dd09-4199-879e-4f0446629900 req-59dc6223-dd09-4199-879e-4f0446629900 ] Request (AttachVolumeNegativeTest:test_attach_attached_volume_to_different_server): 200 GET http://10.180.1.21/compute/v2.1/servers/3120140d-c921-456d-a1cb-03817065913d 0.048s
2026-01-26 14:14:24.814 90387 INFO tempest.lib.common.rest_client [req-b982c449-69a8-432e-93f9-19fddac317eb req-b982c449-69a8-432e-93f9-19fddac317eb ] Request (InstanceActionsTestJSON:setUpClass): 200 GET http://10.180.1.21/compute/v2.1/servers/11e2ed41-2db2-4e63-80e8-0858e7cab8fc 0.050s
2026-01-26 14:14:24.869 90395 INFO tempest.lib.common.rest_client [req-17ec9c5f-58bb-460b-b252-a4d1fbd72e64 req-17ec9c5f-58bb-460b-b252-a4d1fbd72e64 ] Request (ServersAdminTestJSON:test_inject_network_info): 200 GET http://10.180.1.21/compute/v2.1/servers/1548979b-bc3c-4034-9506-8bfe45ea7abe 0.051s
2026-01-26 14:14:24.920 90409 INFO tempest.lib.common.rest_client [req-bfcf5746-6e50-4987-b1b5-c83f1538f49a req-bfcf5746-6e50-4987-b1b5-c83f1538f49a ] Request (ListImageFiltersTestJSON:setUpClass): 200 GET http://10.180.1.21/compute/v2.1/servers/f984b0e8-dad4-430f-99d0-a879a2deff46 0.051s
2026-01-26 14:14:24.981 90403 INFO tempest.lib.common.rest_client [req-635dae0b-5286-40fe-b989-83627ffe8a47 req-635dae0b-5286-40fe-b989-83627ffe8a47 ] Request (ListServersNegativeTestJSON:setUpClass): 200 GET http://10.180.1.21/compute/v2.1/servers/1fbfdecc-227f-4a9f-b5ba-b1a1b4c7ca1b 0.059s
2026-01-26 14:14:25.025 90401 INFO tempest.lib.common.rest_client [req-be402f12-94f5-420d-8a54-2c42642c9f8a req-be402f12-94f5-420d-8a54-2c42642c9f8a ] Request (ServerDiskConfigTestJSON:test_resize_server_from_auto_to_manual): 200 GET http://10.180.1.21/compute/v2.1/servers/7414ed4d-3210-4a9a-b4a6-866a4ea03652 0.056s
2026-01-26 14:14:25.077 90383 INFO tempest.lib.common.rest_client [req-08ea4849-10f7-4d59-9ef7-bbd26b996096 req-08ea4849-10f7-4d59-9ef7-bbd26b996096 ] Request (InstanceActionsV221TestJSON:test_get_list_deleted_instance_actions): 200 GET http://10.180.1.21/compute/v2.1/servers/33ad0365-f1e6-4e76-91cd-2e0d37ee6e6b 0.057s
2026-01-26 14:14:25.127 90427 INFO tempest.lib.common.rest_client [req-0922d78f-0a42-4eb4-9ff2-fd96a477936f req-0922d78f-0a42-4eb4-9ff2-fd96a477936f ] Request (ServerActionsTestOtherB:setUpClass): 200 GET http://10.180.1.21/compute/v2.1/servers/dad1105c-c780-44b2-957a-19908a5b5b04 0.051s
2026-01-26 14:14:25.142 90439 INFO tempest.lib.common.rest_client [req-1902c41a-99bf-4bbb-aabd-49bf2d42479e req-1902c41a-99bf-4bbb-aabd-49bf2d42479e ] Request (AttachVolumeTestJSON:test_attach_detach_volume): 200 GET http://10.180.1.21/volume/v3/volumes/81e75a8a-ba40-4968-88c5-c410c366d6d4 0.026s
2026-01-26 14:14:25.181 90415 INFO tempest.lib.common.rest_client [req-d92a1fb0-15e4-42d5-9751-d80aee2124c4 req-d92a1fb0-15e4-42d5-9751-d80aee2124c4 ] Request (ServerRescueTestJSON:setUpClass): 200 GET http://10.180.1.21/compute/v2.1/servers/e237ace7-f770-4d3d-9e9f-f2555698c6dd 0.052s
2026-01-26 14:14:25.199 90417 INFO tempest.lib.common.rest_client [req-66041391-69a2-477d-9ba8-8762f01f6148 req-66041391-69a2-477d-9ba8-8762f01f6148 ] Request (ServersTestFqdnHostnames:test_create_server_with_fqdn_name): 200 GET http://10.180.1.21/compute/v2.1/servers/4ca9b57f-18fd-4eee-8944-002809b269cf 0.054s
2026-01-26 14:14:25.207 90413 WARNING tempest.lib.common.ssh [-] Failed to establish authenticated ssh connection to cirros@10.180.180.132 ([Errno None] Unable to connect to port 22 on 10.180.180.132). Number attempts: 13. Retry after 14 seconds.: paramiko.ssh_exception.NoValidConnectionsError: [Errno None] Unable to connect to port 22 on 10.180.180.132
2026-01-26 14:14:25.237 90411 INFO tempest.lib.common.rest_client [req-d232c033-a687-486b-b666-f3d7a48108f7 req-d232c033-a687-486b-b666-f3d7a48108f7 ] Request (ImagesNegativeTestJSON:test_create_image_from_deleted_server): 200 GET http://10.180.1.21/compute/v2.1/servers/b532e7c4-bd97-480f-8979-58fe9ab0bf09 0.060s
2026-01-26 14:14:25.248 90431 INFO tempest.lib.common.rest_client [req-967fb83b-f8fe-4a7d-a021-684e78decddd req-967fb83b-f8fe-4a7d-a021-684e78decddd ] Request (AttachInterfacesUnderV243Test:test_add_remove_fixed_ip): 200 GET http://10.180.1.21/compute/v2.1/servers/1c92f5fa-55a8-40b9-8c02-d3793cbe629e 0.057s
2026-01-26 14:14:25.284 90423 INFO tempest.lib.common.rest_client [req-25225af4-ef4a-45d6-9a0a-19dd4863aa76 req-25225af4-ef4a-45d6-9a0a-19dd4863aa76 ] Request (ServerMetadataNegativeTestJSON:setUpClass): 200 GET http://10.180.1.21/compute/v2.1/servers/68b73496-2653-4ff1-8a22-f06b7aa620cc 0.053s
2026-01-26 14:14:25.296 90405 INFO tempest.lib.common.rest_client [req-d21baa77-a465-458f-aaa4-0c1cb1f2420a req-d21baa77-a465-458f-aaa4-0c1cb1f2420a ] Request (ServersTestBootFromVolume:setUpClass): 200 GET http://10.180.1.21/compute/v2.1/servers/e06cc320-5a90-4381-86d9-9a0333bcd592 0.052s
2026-01-26 14:14:25.315 90419 INFO tempest.lib.common.rest_client [req-b6b5da88-3307-4848-8d50-18ccd15367e7 req-b6b5da88-3307-4848-8d50-18ccd15367e7 ] Request (ImagesOneServerTestJSON:tearDownClass): 404 GET http://10.180.1.21/compute/v2.1/servers/419d6089-f6fd-4c72-bb41-f0507491cdc3 0.019s
2026-01-26 14:14:25.333 90397 INFO tempest.lib.common.rest_client [req-c548d6eb-ca58-4a8d-9bd1-2ce055ea4582 req-c548d6eb-ca58-4a8d-9bd1-2ce055ea4582 ] Request (ServersWithSpecificFlavorTestJSON:test_verify_created_server_ephemeral_disk): 200 GET http://10.180.1.21/compute/v2.1/servers/9bafdb77-0e61-445a-a1c7-d5d65dede910 0.050s
2026-01-26 14:14:25.380 90381 INFO tempest.lib.common.rest_client [req-8c471dc2-e663-4ea2-b034-aa0450148cf5 req-8c471dc2-e663-4ea2-b034-aa0450148cf5 ] Request (InstanceActionsNegativeTestJSON:setUpClass): 200 GET http://10.180.1.21/compute/v2.1/servers/760fe050-0741-4825-a813-6d4d381dbd0e 0.053s
2026-01-26 14:14:25.406 90425 INFO tempest.lib.common.rest_client [req-c525a5f3-57b1-49da-9954-198c38ffdad5 req-c525a5f3-57b1-49da-9954-198c38ffdad5 ] Request (ServerActionsTestOtherA:test_rebuild_server_in_stop_state): 200 GET http://10.180.1.21/compute/v2.1/servers/9a30e7fb-f2f4-4ed8-8e3e-80883cac0bc2 0.050s
2026-01-26 14:14:25.461 90407 INFO tempest.lib.common.rest_client [req-2db6e8fc-9c43-44c4-8c66-85e16a301a99 req-2db6e8fc-9c43-44c4-8c66-85e16a301a99 ] Request (ServersV294TestFqdnHostnames:setUpClass): 200 GET http://10.180.1.21/compute/v2.1/servers/ccdeff37-549c-4d03-84f5-f484112cfadc 0.051s
2026-01-26 14:14:25.633 90379 INFO tempest.lib.common.rest_client [req-659b6261-9b03-40ff-a40b-7cc1922a9249 req-659b6261-9b03-40ff-a40b-7cc1922a9249 ] Request (AttachInterfacesTestJSON:test_create_list_show_delete_interfaces_by_fixed_ip): 200 GET http://10.180.1.21/compute/v2.1/servers/6796e27a-d0f5-4259-bf44-3264edaabee5/os-interface 0.109s
2026-01-26 14:14:25.652 90421 INFO tempest.lib.common.rest_client [req-1408f17b-d220-416a-a185-856b837a88c4 req-1408f17b-d220-416a-a185-856b837a88c4 ] Request (ServerDiagnosticsNegativeTest:test_get_server_diagnostics_by_non_admin): 200 GET http://10.180.1.21/compute/v2.1/servers/d1ed3d06-67f2-4897-b7ad-2edf68a93a10 0.083s
2026-01-26 14:14:25.682 90393 INFO tempest.lib.common.rest_client [req-23815cbc-7734-4798-a2c0-4848468f8f3a req-23815cbc-7734-4798-a2c0-4848468f8f3a ] Request (MigrationsAdminTest:test_resize_server_revert_deleted_flavor): 200 GET http://10.180.1.21/compute/v2.1/servers/43ca9a08-1ccf-4a6d-89c9-87e1ad04e286 0.070s
2026-01-26 14:14:25.720 90385 INFO tempest.lib.common.rest_client [req-a051c875-6466-4f8d-961d-b67609195af1 req-a051c875-6466-4f8d-961d-b67609195af1 ] Request (ServersTestJSON:setUpClass): 200 GET http://10.180.1.21/compute/v2.1/servers/982cadfc-8488-4244-9302-2b110615ec6b 0.049s
