2024-02-06 09:06:37.679 63467 INFO tempest.lib.common.rest_client [req-60611e58-4dad-41b8-9ed6-daf9f49755b3 req-60611e58-4dad-41b8-9ed6-daf9f49755b3 ] Request (FlavorsAccessNegativeTestJSON:test_add_flavor_access_duplicate): 200 POST http://10.180.1.21/compute/v2.1/flavors/437694960/action 1.530s
2024-02-06 09:06:37.710 63504 INFO tempest.lib.common.rest_client [req-bc99bc00-657b-4503-bf7b-84991602b82d req-bc99bc00-657b-4503-bf7b-84991602b82d ] Request (AZAdminV2TestJSON:tearDownClass): 200 GET http://10.180.1.21:9696/networking/v2.0/security-groups?tenant_id=3a53977eb67f4ef4935de87041516ce8&name=default 1.932s
2024-02-06 09:06:37.721 63450 INFO tempest.lib.common.rest_client [req-36ee5142-9ea4-419f-b8f5-e5fae5478383 req-36ee5142-9ea4-419f-b8f5-e5fae5478383 ] Request (QuotaClassesAdminTestJSON:test_update_default_quotas): 200 GET http://10.180.1.21/compute/v2.1/os-quota-class-sets/default 1.375s
2024-02-06 09:06:37.890 63513 INFO tempest.lib.common.rest_client [req-53a0cee0-3311-4cfe-86e8-945404ea7e3b req-53a0cee0-3311-4cfe-86e8-945404ea7e3b ] Request (ServersAdmin275Test:test_rebuild_update_server_275): 200 GET http://10.180.1.21/compute/v2.1/servers/53e0e94e-e81c-44b0-bb52-18759172d614 1.394s
2024-02-06 09:06:37.964 63496 INFO tempest.lib.common.rest_client [req-b0453fd3-d5ab-4bed-8a10-610fdbe5b96a req-b0453fd3-d5ab-4bed-8a10-610fdbe5b96a ] Request (ServerDiagnosticsTest:test_get_server_diagnostics): 200 GET http://10.180.1.21/compute/v2.1/servers/f7e43c56-e126-4e5a-944a-bba89f2f9744 1.345s
2024-02-06 09:06:38.011 63458 INFO tempest.lib.common.rest_client [req-57ff6978-7d6e-42c5-b547-e7844567d47d req-57ff6978-7d6e-42c5-b547-e7844567d47d ] Request (AggregatesAdminNegativeTestJSON:test_aggregate_add_existent_host): 409 POST http://10.180.1.21/compute/v2.1/os-aggregates/1/action 1.306s
2024-02-06 09:06:38.053 63461 INFO tempest.lib.common.rest_client [req-34d823fd-cdae-41a0-9d1e-cb7c19bf9a0c req-34d823fd-cdae-41a0-9d1e-cb7c19bf9a0c ] Request (FlavorsExtraSpecsNegativeTestJSON:test_flavor_non_admin_unset_keys): 200 POST http://10.180.1.21/compute/v2.1/flavors/41131223/os-extra_specs 1.310s
2024-02-06 09:06:38.065 63473 INFO tempest.lib.common.rest_client [req-16bda82e-fbd9-4571-95b4-2c0fb82c1731 req-16bda82e-fbd9-4571-95b4-2c0fb82c1731 ] Request (HostsAdminNegativeTestJSON:test_reboot_nonexistent_host): 404 GET http://10.180.1.21/compute/v2.1/os-hosts/nonexistent_hostname/reboot 1.315s
2024-02-06 09:06:38.076 63465 INFO tempest.lib.common.rest_client [req-a4584c8d-b0a9-4517-ba3f-1340757bf54c req-a4584c8d-b0a9-4517-ba3f-1340757bf54c ] Request (DeleteServersAdminTestJSON:test_admin_delete_servers_of_others): 200 GET http://10.180.1.21/compute/v2.1/servers/99698b8b-8a66-46ce-8bf1-cc00239e644b 1.444s
2024-02-06 09:06:38.097 63452 INFO tempest.lib.common.rest_client [req-1fe23721-92c8-4052-9e8b-845f16e4df56 req-1fe23721-92c8-4052-9e8b-845f16e4df56 ] Request (HypervisorAdminNegativeUnderV252Test:test_show_servers_with_non_admin_user): 403 GET http://10.180.1.21/compute/v2.1/os-hypervisors/1/servers 1.323s
2024-02-06 09:06:38.171 63488 INFO tempest.lib.common.rest_client [req-c353a97a-07b9-486e-ba94-64ef69f0289e req-c353a97a-07b9-486e-ba94-64ef69f0289e ] Request (ServerDiagnosticsNegativeTest:test_get_server_diagnostics_by_non_admin): 200 GET http://10.180.1.21/compute/v2.1/servers/2e938efc-55d2-4116-8989-354ec339579f 1.406s
2024-02-06 09:06:38.188 63494 INFO tempest.lib.common.rest_client [req-834e2f67-311a-429d-ad0a-79235563d14e req-834e2f67-311a-429d-ad0a-79235563d14e ] Request (FloatingIPDetailsTestJSON:tearDownClass): 204 DELETE http://10.180.1.21:9696/networking/v2.0/routers/c450cf1e-3d8a-4edf-a8ab-9b9b3daa4d9e 1.720s
2024-02-06 09:06:38.223 63502 INFO tempest.lib.common.rest_client [req-acd737ae-d6e0-4e30-b5df-56541d9f685c req-acd737ae-d6e0-4e30-b5df-56541d9f685c ] Request (KeyPairsV210TestJSON:test_admin_manage_keypairs_for_other_users): 201 POST http://10.180.1.21/compute/v2.1/os-keypairs 1.428s
2024-02-06 09:06:38.343 63506 INFO tempest.lib.common.rest_client [req-f425fc4b-7288-4d77-843e-5f7844c9138d req-f425fc4b-7288-4d77-843e-5f7844c9138d ] Request (AutoAllocateNetworkTest:test_server_create_no_allocate): 200 GET http://10.180.1.21/compute/v2.1/servers/f9954bd1-8df3-445c-bb4c-ee316b7b0447 1.444s
2024-02-06 09:06:38.344 63486 INFO tempest.lib.common.rest_client [req-7f52e0e7-4abd-409a-865a-9e5f0dea564c req-7f52e0e7-4abd-409a-865a-9e5f0dea564c ] Request (NetworksTest:tearDownClass): 200 GET http://10.180.1.21:9696/networking/v2.0/security-groups?tenant_id=a5b16d57b4c744a791535a6b64b884c5&name=default 1.736s
2024-02-06 09:06:38.383 63480 INFO tempest.lib.common.rest_client [req-e52acd06-0d61-435e-ab2d-71b8e69b7ff9 req-e52acd06-0d61-435e-ab2d-71b8e69b7ff9 ] Request (ServersAdminNegativeTestJSON:setUpClass): 200 GET http://10.180.1.21/compute/v2.1/servers/75fd2a2c-4ef5-4b42-b309-53cff148c772 1.605s
2024-02-06 09:06:38.411 63509 INFO tempest.lib.common.rest_client [req-0fadafbc-74ac-47e0-b5ea-93e2a545921c req-0fadafbc-74ac-47e0-b5ea-93e2a545921c ] Request (FlavorsAccessTestJSON:_run_cleanups): 202 DELETE http://10.180.1.21/compute/v2.1/flavors/2134476441 0.984s
2024-02-06 09:06:38.446 63478 INFO tempest.lib.common.rest_client [req-737cf20a-84dc-4541-8b14-31eb2245fedf req-737cf20a-84dc-4541-8b14-31eb2245fedf ] Request (FlavorsV255TestJSON:test_crud_flavor): 200 GET http://10.180.1.21/compute/v2.1/flavors 1.003s
2024-02-06 09:06:38.465 63454 INFO tempest.lib.common.rest_client [req-9e20085d-5ef5-44d3-b81a-b6188c3ebedb req-9e20085d-5ef5-44d3-b81a-b6188c3ebedb ] Request (QuotasAdminTestV236:tearDownClass): 204 DELETE http://10.180.1.21:9696/networking/v2.0/security-groups/5f40850f-9007-4e25-a73c-458b1d64ca8d 1.084s
2024-02-06 09:06:38.475 63476 INFO tempest.lib.common.rest_client [req-49070b39-28db-4143-bd6a-c59abab1e558 req-49070b39-28db-4143-bd6a-c59abab1e558 ] Request (FlavorsAdminTestJSON:_run_cleanups): 200 GET http://10.180.1.21/compute/v2.1/flavors/detail 0.945s
2024-02-06 09:06:38.501 63482 INFO tempest.lib.common.rest_client [req-64d17981-2f30-4bc5-b223-34f33cd5d8b8 req-64d17981-2f30-4bc5-b223-34f33cd5d8b8 ] Request (QuotasAdminNegativeTest:_run_cleanups): 200 PUT http://10.180.1.21/compute/v2.1/os-quota-sets/51bff530f0844285a29be0c00a2fdcbb 1.223s
2024-02-06 09:06:38.509 63468 INFO tempest.lib.common.rest_client [req-e1faf9fa-9272-4769-8b89-2a29fafaf8a3 req-e1faf9fa-9272-4769-8b89-2a29fafaf8a3 ] Request (HypervisorAdminNegativeTestJSON:test_get_hypervisor_uptime_with_non_admin_user): 403 GET http://10.180.1.21/compute/v2.1/os-hypervisors/1/uptime 0.929s
2024-02-06 09:06:38.533 63462 INFO tempest.lib.common.rest_client [req-6135d9df-269b-4736-aa53-9b1b7d2e35fb req-6135d9df-269b-4736-aa53-9b1b7d2e35fb ] Request (ServicesAdminNegativeTestJSON:test_get_service_by_invalid_service_and_valid_host): 200 GET http://10.180.1.21/compute/v2.1/os-services 0.914s
2024-02-06 09:06:38.564 63454 INFO tempest.lib.common.rest_client [req-5cdb44c6-e1fe-4b95-b137-44cd5e2199b8 req-5cdb44c6-e1fe-4b95-b137-44cd5e2199b8 ] Request (QuotasAdminTestV236:tearDownClass): 204 DELETE http://10.180.1.21/identity/v3/projects/c602029782e64c739536eb268a78866c 0.098s
2024-02-06 09:06:38.564 63454 INFO tempest.lib.common.dynamic_creds [-] Deleting project and security group for project: 09078bf274524893b7f9bdb9234d94a8
2024-02-06 09:06:38.583 63484 INFO tempest.lib.common.rest_client [req-d90c6c92-9bfa-4c55-9bad-376bcfe01b3f req-d90c6c92-9bfa-4c55-9bad-376bcfe01b3f ] Request (ServersTestBootFromVolume:setUpClass): 200 POST http://10.180.1.21/compute/v2.1/os-keypairs 1.011s
2024-02-06 09:06:38.663 63494 INFO tempest.lib.common.rest_client [req-7b963cec-c3ef-4fc8-9b2a-50b2d994358b req-7b963cec-c3ef-4fc8-9b2a-50b2d994358b ] Request (FloatingIPDetailsTestJSON:tearDownClass): 204 DELETE http://10.180.1.21:9696/networking/v2.0/subnets/18392f14-7f83-4023-b982-96e6560cf9ca 0.474s
2024-02-06 09:06:38.680 63467 INFO tempest.lib.common.rest_client [req-7fb53c75-abb0-4afb-9b60-a5ac605bfd1b req-7fb53c75-abb0-4afb-9b60-a5ac605bfd1b ] Request (FlavorsAccessNegativeTestJSON:test_add_flavor_access_duplicate): 409 POST http://10.180.1.21/compute/v2.1/flavors/437694960/action 0.999s
2024-02-06 09:06:38.834 63504 INFO tempest.lib.common.rest_client [req-dfe449ec-3050-4708-8813-ac0de8a1df0f req-dfe449ec-3050-4708-8813-ac0de8a1df0f ] Request (AZAdminV2TestJSON:tearDownClass): 204 DELETE http://10.180.1.21:9696/networking/v2.0/security-groups/c3e954a7-1798-4f16-87d5-ba993d76d634 1.123s
2024-02-06 09:06:38.834 63450 INFO tempest.lib.common.rest_client [req-45c8c841-7378-4632-aeb5-bb39c9c1a6b6 req-45c8c841-7378-4632-aeb5-bb39c9c1a6b6 ] Request (QuotaClassesAdminTestJSON:test_update_default_quotas): 200 PUT http://10.180.1.21/compute/v2.1/os-quota-class-sets/default 1.110s
2024-02-06 09:06:38.954 63486 INFO tempest.lib.common.rest_client [req-6654b0da-4d5d-4dcd-b8f2-7c245f5586c6 req-6654b0da-4d5d-4dcd-b8f2-7c245f5586c6 ] Request (NetworksTest:tearDownClass): 204 DELETE http://10.180.1.21:9696/networking/v2.0/security-groups/151820a9-7ce8-4a14-a426-672b7b6b306e 0.610s
2024-02-06 09:06:38.992 63504 INFO tempest.lib.common.rest_client [req-46dfed9e-a661-4d2e-b695-265a354aec03 req-46dfed9e-a661-4d2e-b695-265a354aec03 ] Request (AZAdminV2TestJSON:tearDownClass): 204 DELETE http://10.180.1.21/identity/v3/projects/3a53977eb67f4ef4935de87041516ce8 0.158s
2024-02-06 09:06:38.993 63504 INFO tempest.lib.common.dynamic_creds [-] Deleting project and security group for project: 0adf6eecd58745a08bf2dcb6d7c6e339
2024-02-06 09:06:39.066 63486 INFO tempest.lib.common.rest_client [req-5b1bf103-f8e7-42e4-a068-6af0fa7a5637 req-5b1bf103-f8e7-42e4-a068-6af0fa7a5637 ] Request (NetworksTest:tearDownClass): 204 DELETE http://10.180.1.21/identity/v3/projects/a5b16d57b4c744a791535a6b64b884c5 0.111s
2024-02-06 09:06:39.066 63486 INFO tempest.lib.common.dynamic_creds [-] Deleting project and security group for project: 65808635ec884362bc28b3662645aabe
2024-02-06 09:06:39.198 63458 INFO tempest.lib.common.rest_client [req-1d8040a0-148d-4b74-91c6-8b95a06ed7e6 req-1d8040a0-148d-4b74-91c6-8b95a06ed7e6 ] Request (AggregatesAdminNegativeTestJSON:_run_cleanups): 200 POST http://10.180.1.21/compute/v2.1/os-aggregates/1/action 1.187s
2024-02-06 09:06:39.203 63461 INFO tempest.lib.common.rest_client [req-6a789d1b-50a6-4174-9868-c107a2da0ac1 req-6a789d1b-50a6-4174-9868-c107a2da0ac1 ] Request (FlavorsExtraSpecsNegativeTestJSON:test_flavor_non_admin_unset_keys): 403 DELETE http://10.180.1.21/compute/v2.1/flavors/41131223/os-extra_specs/hw:numa_nodes 1.148s
2024-02-06 09:06:39.210 63473 INFO tempest.lib.common.rest_client [req-2267f2d4-eef1-4888-b46e-4a08432e9859 req-2267f2d4-eef1-4888-b46e-4a08432e9859 ] Request (HostsAdminNegativeTestJSON:test_show_host_detail_with_non_admin_user): 403 GET http://10.180.1.21/compute/v2.1/os-hosts/devstack 1.143s
2024-02-06 09:06:39.218 63474 INFO tempest.lib.common.rest_client [req-59339c51-0cbd-46f8-8697-2dca77dea7a9 req-59339c51-0cbd-46f8-8697-2dca77dea7a9 ] Request (ServersWithSpecificFlavorTestJSON:setUpClass): 200 PUT http://10.180.1.21:9696/networking/v2.0/routers/a1ceabfc-c4fb-4cb0-90bf-7db15f8c2293/add_router_interface 5.668s
2024-02-06 09:06:39.218 63474 INFO tempest.lib.common.dynamic_creds [-] Created isolated network resources for:
 credentials: Credentials: {'domain_id': 'default', 'domain_name': 'Default', 'username': 'tempest-ServersWithSpecificFlavorTestJSON-2025297816-project-admin', 'project_domain_id': 'default', 'project_domain_name': 'Default', 'project_id': 'd23db5e3da4e47c68c1133ca418c4308', 'project_name': 'tempest-ServersWithSpecificFlavorTestJSON-2025297816', 'tenant_id': 'd23db5e3da4e47c68c1133ca418c4308', 'tenant_name': 'tempest-ServersWithSpecificFlavorTestJSON-2025297816', 'user_domain_id': 'default', 'user_domain_name': 'Default', 'user_id': 'ea4601f6ebb3499f920bfb4794d88d73', 'system': None}, Network: {'id': '09ccf8fa-e613-47ba-b9a4-408c97e8eabc', 'name': 'tempest-ServersWithSpecificFlavorTestJSON-1914930173-network', 'tenant_id': 'd23db5e3da4e47c68c1133ca418c4308', 'admin_state_up': True, 'mtu': 8950, 'status': 'ACTIVE', 'subnets': [], 'shared': False, 'project_id': 'd23db5e3da4e47c68c1133ca418c4308', 'port_security_enabled': True, 'router:external': False, 'provider:network_type': 'vlan', 'provider:physical_network': 'default', 'provider:segmentation_id': 216, 'is_default': False, 'availability_zone_hints': [], 'availability_zones': [], 'ipv4_address_scope': None, 'ipv6_address_scope': None, 'description': '', 'tags': [], 'created_at': '2024-02-06T09:06:29Z', 'updated_at': '2024-02-06T09:06:29Z', 'revision_number': 1}, Subnet: {'id': 'ca1d9626-5757-4edf-a151-3f972a79992c', 'name': 'tempest-ServersWithSpecificFlavorTestJSON-1914930173-subnet', 'tenant_id': 'd23db5e3da4e47c68c1133ca418c4308', 'network_id': '09ccf8fa-e613-47ba-b9a4-408c97e8eabc', 'ip_version': 4, 'subnetpool_id': None, 'enable_dhcp': True, 'ipv6_ra_mode': None, 'ipv6_address_mode': None, 'gateway_ip': '10.0.0.1', 'cidr': '10.0.0.0/28', 'allocation_pools': [{'start': '10.0.0.2', 'end': '10.0.0.14'}], 'host_routes': [], 'dns_nameservers': [], 'description': '', 'service_types': [], 'tags': [], 'created_at': '2024-02-06T09:06:29Z', 'updated_at': '2024-02-06T09:06:29Z', 'revision_number': 0, 'project_id': 'd23db5e3da4e47c68c1133ca418c4308'}, Router: {'id': 'a1ceabfc-c4fb-4cb0-90bf-7db15f8c2293', 'name': 'tempest-ServersWithSpecificFlavorTestJSON-1914930173-router', 'tenant_id': 'd23db5e3da4e47c68c1133ca418c4308', 'admin_state_up': True, 'status': 'ACTIVE', 'external_gateway_info': {'network_id': 'a8c50ca9-a925-40b1-992f-9bdcb197d203', 'external_fixed_ips': [{'subnet_id': 'dd744bb4-f277-4130-a2b5-55ec280623a2', 'ip_address': '10.180.180.114'}], 'enable_snat': True}, 'description': '', 'availability_zones': [], 'distributed': False, 'ha': False, 'availability_zone_hints': [], 'routes': [], 'flavor_id': None, 'tags': [], 'created_at': '2024-02-06T09:06:29Z', 'updated_at': '2024-02-06T09:06:31Z', 'revision_number': 3, 'project_id': 'd23db5e3da4e47c68c1133ca418c4308'}
2024-02-06 09:06:39.226 63452 INFO tempest.lib.common.rest_client [req-9d5392cf-548f-430e-9038-aeaf568eac0d req-9d5392cf-548f-430e-9038-aeaf568eac0d ] Request (HypervisorAdminNegativeUnderV252Test:test_show_servers_with_nonexistent_hypervisor): 404 GET http://10.180.1.21/compute/v2.1/os-hypervisors/76c28781-08b2-4bb0-b8ec-09e4b18960e4/servers 1.126s
2024-02-06 09:06:39.239 63502 INFO tempest.lib.common.rest_client [req-e9fbe0d3-ed52-4b5d-8869-51fe512575c6 req-e9fbe0d3-ed52-4b5d-8869-51fe512575c6 ] Request (KeyPairsV210TestJSON:test_admin_manage_keypairs_for_other_users): 200 GET http://10.180.1.21/compute/v2.1/os-keypairs?user_id=3f8437d9672c4610a96bb755393b7f52 1.014s
2024-02-06 09:06:39.256 63509 INFO tempest.lib.common.rest_client [req-d3e4ae3f-eb42-470e-ad4c-3d6da530e664 req-d3e4ae3f-eb42-470e-ad4c-3d6da530e664 ] Request (FlavorsAccessTestJSON:_run_cleanups): 200 GET http://10.180.1.21/compute/v2.1/flavors/detail 0.844s
2024-02-06 09:06:39.319 63474 INFO tempest.lib.common.rest_client [req-5146b5cc-b012-4b6d-be9e-85a9f75746e4 req-5146b5cc-b012-4b6d-be9e-85a9f75746e4 ] Request (ServersWithSpecificFlavorTestJSON:setUpClass): 201 POST http://10.180.1.21/identity/v3/auth/tokens 0.096s
2024-02-06 09:06:39.391 63452 INFO tempest.lib.common.rest_client [req-f5ef73bf-7dd7-40fe-9eb6-2bbd0cb303a2 req-f5ef73bf-7dd7-40fe-9eb6-2bbd0cb303a2 ] Request (HypervisorAdminNegativeUnderV252Test:tearDownClass): 204 DELETE http://10.180.1.21/identity/v3/users/9bad356baf0b48dabfed4b742b0800bc 0.164s
2024-02-06 09:06:39.463 63492 INFO tempest.lib.common.rest_client [req-c5234cd5-4cba-4bbf-b1de-426bfc01f4bc req-c5234cd5-4cba-4bbf-b1de-426bfc01f4bc ] Request (FloatingIPsAssociationTestJSON:setUpClass): 200 GET http://10.180.1.21/compute/v2.1/servers/bd0eef47-56e8-45b6-92b1-e81400994572 1.052s
2024-02-06 09:06:39.482 63478 INFO tempest.lib.common.rest_client [req-8279f948-d828-4a4b-8a5d-c348a61b7fe1 req-8279f948-d828-4a4b-8a5d-c348a61b7fe1 ] Request (FlavorsV255TestJSON:_run_cleanups): 202 DELETE http://10.180.1.21/compute/v2.1/flavors/1508502932 1.032s
2024-02-06 09:06:39.501 63476 INFO tempest.lib.common.rest_client [req-c2db2ecb-ba9c-4db7-b3b0-f8157b173810 req-c2db2ecb-ba9c-4db7-b3b0-f8157b173810 ] Request (FlavorsAdminTestJSON:test_create_flavor_with_int_id): 200 POST http://10.180.1.21/compute/v2.1/flavors 1.021s
2024-02-06 09:06:39.521 63452 INFO tempest.lib.common.rest_client [req-d29d40c0-323b-40ee-819d-8db4c229b984 req-d29d40c0-323b-40ee-819d-8db4c229b984 ] Request (HypervisorAdminNegativeUnderV252Test:tearDownClass): 204 DELETE http://10.180.1.21/identity/v3/users/280206af8ecf461984797ac3849c7385 0.129s
2024-02-06 09:06:39.521 63452 INFO tempest.lib.common.dynamic_creds [-] Deleting project and security group for project: e8e60de40a8445b5b48c74f62e3b35a8
2024-02-06 09:06:39.591 63452 INFO tempest.lib.common.rest_client [req-d532b61a-4034-4f48-bb4e-2bc02055ba40 req-d532b61a-4034-4f48-bb4e-2bc02055ba40 ] Request (HypervisorAdminNegativeUnderV252Test:tearDownClass): 201 POST http://10.180.1.21/identity/v3/auth/tokens 0.070s
2024-02-06 09:06:39.680 63482 INFO tempest.lib.common.rest_client [req-92a9afb9-1cc2-4468-bf60-712c7134099a req-92a9afb9-1cc2-4468-bf60-712c7134099a ] Request (QuotasAdminNegativeTest:test_create_server_when_instances_quota_is_full): 200 GET http://10.180.1.21/compute/v2.1/os-quota-sets/51bff530f0844285a29be0c00a2fdcbb 1.173s
2024-02-06 09:06:39.684 63468 INFO tempest.lib.common.rest_client [req-f796f8e6-d5da-4a81-8d30-3487ba249c26 req-f796f8e6-d5da-4a81-8d30-3487ba249c26 ] Request (HypervisorAdminNegativeTestJSON:test_get_nonexistent_hypervisor_uptime): 404 GET http://10.180.1.21/compute/v2.1/os-hypervisors/fdf8de32-c490-4ba4-8545-f03b3b35aa31/uptime 1.174s
2024-02-06 09:06:39.691 63500 INFO tempest.lib.common.rest_client [req-dc2b4fc7-2536-4b6d-96fe-5bdc2f0d06f6 req-dc2b4fc7-2536-4b6d-96fe-5bdc2f0d06f6 ] Request (FloatingIPsAssociationNegativeTestJSON:setUpClass): 200 GET http://10.180.1.21/compute/v2.1/servers/4ca19153-519c-49e3-bdfd-1f5ea77b24a0 1.737s
2024-02-06 09:06:39.713 63462 INFO tempest.lib.common.rest_client [req-6e3c1cb6-55e8-4dea-ad63-568115d7c64a req-6e3c1cb6-55e8-4dea-ad63-568115d7c64a ] Request (ServicesAdminNegativeTestJSON:test_get_service_by_invalid_service_and_valid_host): 200 GET http://10.180.1.21/compute/v2.1/os-services?host=devstack&binary=xxx 1.178s
2024-02-06 09:06:39.722 63484 INFO tempest.lib.common.rest_client [req-be6a59c6-7fd5-49af-a013-b9cde71d8332 req-be6a59c6-7fd5-49af-a013-b9cde71d8332 ] Request (ServersTestBootFromVolume:setUpClass): 201 POST http://10.180.1.21:9696/networking/v2.0/security-groups 1.137s
2024-02-06 09:06:39.730 63450 INFO tempest.lib.common.rest_client [req-3850a19b-2167-42a8-8799-6a5f972fb5c4 req-3850a19b-2167-42a8-8799-6a5f972fb5c4 ] Request (QuotaClassesAdminTestJSON:test_update_default_quotas): 200 GET http://10.180.1.21/compute/v2.1/os-quota-class-sets/default 0.894s
2024-02-06 09:06:39.735 63486 INFO tempest.lib.common.rest_client [req-937e3de6-331f-4058-b89e-96db6325db40 req-937e3de6-331f-4058-b89e-96db6325db40 ] Request (NetworksTest:tearDownClass): 200 GET http://10.180.1.21:9696/networking/v2.0/security-groups?tenant_id=65808635ec884362bc28b3662645aabe&name=default 0.668s
2024-02-06 09:06:39.789 63454 INFO tempest.lib.common.rest_client [req-f15b8616-a7fb-4473-a80e-ef55453169c1 req-f15b8616-a7fb-4473-a80e-ef55453169c1 ] Request (QuotasAdminTestV236:tearDownClass): 200 GET http://10.180.1.21:9696/networking/v2.0/security-groups?tenant_id=09078bf274524893b7f9bdb9234d94a8&name=default 1.225s
2024-02-06 09:06:39.803 63504 INFO tempest.lib.common.rest_client [req-7a47b583-d5c7-464d-aac2-464126719ad5 req-7a47b583-d5c7-464d-aac2-464126719ad5 ] Request (AZAdminV2TestJSON:tearDownClass): 200 GET http://10.180.1.21:9696/networking/v2.0/security-groups?tenant_id=0adf6eecd58745a08bf2dcb6d7c6e339&name=default 0.810s
2024-02-06 09:06:39.841 63467 INFO tempest.lib.common.rest_client [req-2c368143-90f7-415b-83dd-3df3fc61ba07 req-2c368143-90f7-415b-83dd-3df3fc61ba07 ] Request (FlavorsAccessNegativeTestJSON:_run_cleanups): 200 POST http://10.180.1.21/compute/v2.1/flavors/437694960/action 1.161s
2024-02-06 09:06:39.894 63513 INFO tempest.lib.common.rest_client [req-6e112573-2bea-4345-880f-12b07d09e28c req-6e112573-2bea-4345-880f-12b07d09e28c ] Request (ServersAdmin275Test:test_rebuild_update_server_275): 200 GET http://10.180.1.21/compute/v2.1/servers/53e0e94e-e81c-44b0-bb52-18759172d614 0.994s
2024-02-06 09:06:40.011 63465 INFO tempest.lib.common.rest_client [req-d138a454-6827-4d43-b714-c7e290cb07ba req-d138a454-6827-4d43-b714-c7e290cb07ba ] Request (DeleteServersAdminTestJSON:test_admin_delete_servers_of_others): 200 GET http://10.180.1.21/compute/v2.1/servers/99698b8b-8a66-46ce-8bf1-cc00239e644b 0.923s
2024-02-06 09:06:40.044 63496 INFO tempest.lib.common.rest_client [req-41f51761-4a73-43ed-864e-18800b775579 req-41f51761-4a73-43ed-864e-18800b775579 ] Request (ServerDiagnosticsTest:test_get_server_diagnostics): 200 GET http://10.180.1.21/compute/v2.1/servers/f7e43c56-e126-4e5a-944a-bba89f2f9744 1.073s
2024-02-06 09:06:40.070 63458 INFO tempest.lib.common.rest_client [req-f2941c78-d9d4-46db-8e48-a166c25924a2 req-f2941c78-d9d4-46db-8e48-a166c25924a2 ] Request (AggregatesAdminNegativeTestJSON:_run_cleanups): 200 DELETE http://10.180.1.21/compute/v2.1/os-aggregates/1 0.869s
2024-02-06 09:06:40.093 63461 INFO tempest.lib.common.rest_client [req-9c6f75f4-5248-4cfe-8861-2b1f49e7b68f req-9c6f75f4-5248-4cfe-8861-2b1f49e7b68f ] Request (FlavorsExtraSpecsNegativeTestJSON:test_flavor_non_admin_update_specific_key): 200 POST http://10.180.1.21/compute/v2.1/flavors/41131223/os-extra_specs 0.888s
2024-02-06 09:06:40.104 63473 INFO tempest.lib.common.rest_client [req-98ab9c38-4743-4162-837d-9ab7b975120a req-98ab9c38-4743-4162-837d-9ab7b975120a ] Request (HostsAdminNegativeTestJSON:test_show_host_detail_with_nonexistent_hostname): 404 GET http://10.180.1.21/compute/v2.1/os-hosts/nonexistent_hostname 0.892s
2024-02-06 09:06:40.129 63502 INFO tempest.lib.common.rest_client [req-a7dd4771-37dd-4b5e-b613-77b85854b770 req-a7dd4771-37dd-4b5e-b613-77b85854b770 ] Request (KeyPairsV210TestJSON:_run_cleanups): 204 DELETE http://10.180.1.21/compute/v2.1/os-keypairs/tempest-KeyPairsV210TestJSON-keypair-349720951 0.888s
2024-02-06 09:06:40.153 63509 INFO tempest.lib.common.rest_client [req-a0e6a3e0-8408-4745-a71e-6fe6f5dd6141 req-a0e6a3e0-8408-4745-a71e-6fe6f5dd6141 ] Request (FlavorsAccessTestJSON:test_flavor_access_list_with_private_flavor): 200 POST http://10.180.1.21/compute/v2.1/flavors 0.887s
2024-02-06 09:06:40.159 63488 INFO tempest.lib.common.rest_client [req-18ac32af-129e-4db0-bad4-32ebf4a902c8 req-18ac32af-129e-4db0-bad4-32ebf4a902c8 ] Request (ServerDiagnosticsNegativeTest:test_get_server_diagnostics_by_non_admin): 200 GET http://10.180.1.21/compute/v2.1/servers/2e938efc-55d2-4116-8989-354ec339579f 0.980s
2024-02-06 09:06:40.213 63504 INFO tempest.lib.common.rest_client [req-4f42eab1-0491-41bd-937b-b6f5806b96d8 req-4f42eab1-0491-41bd-937b-b6f5806b96d8 ] Request (AZAdminV2TestJSON:tearDownClass): 204 DELETE http://10.180.1.21:9696/networking/v2.0/security-groups/7047103c-f706-4f57-934a-f2dfd86fa3a9 0.409s
2024-02-06 09:06:40.251 63474 INFO tempest.lib.common.rest_client [req-64a816fb-6d79-4842-a380-419509fb01a4 req-64a816fb-6d79-4842-a380-419509fb01a4 ] Request (ServersWithSpecificFlavorTestJSON:test_verify_created_server_ephemeral_disk): 200 GET http://10.180.1.21/compute/v2.1/flavors/42 0.930s
2024-02-06 09:06:40.311 63506 INFO tempest.lib.common.rest_client [req-ae9bf4a3-ccfa-464e-826d-301945f9de85 req-ae9bf4a3-ccfa-464e-826d-301945f9de85 ] Request (AutoAllocateNetworkTest:test_server_create_no_allocate): 200 GET http://10.180.1.21/compute/v2.1/servers/f9954bd1-8df3-445c-bb4c-ee316b7b0447 0.958s
2024-02-06 09:06:40.325 63478 INFO tempest.lib.common.rest_client [req-5d3d9a7b-f67e-4eb0-9f74-d04068726675 req-5d3d9a7b-f67e-4eb0-9f74-d04068726675 ] Request (FlavorsV255TestJSON:_run_cleanups): 200 GET http://10.180.1.21/compute/v2.1/flavors/detail 0.842s
2024-02-06 09:06:40.328 63504 INFO tempest.lib.common.rest_client [req-75251e4d-7299-4b18-bd96-989cdff00160 req-75251e4d-7299-4b18-bd96-989cdff00160 ] Request (AZAdminV2TestJSON:tearDownClass): 204 DELETE http://10.180.1.21/identity/v3/projects/0adf6eecd58745a08bf2dcb6d7c6e339 0.115s
2024-02-06 09:06:40.329 63504 INFO tempest.test [-] <class 'unittest.case.SkipTest'> raised in LiveMigrationTest.setUpClass. Invoking tearDownClass.
2024-02-06 09:06:40.332 63494 INFO tempest.lib.common.rest_client [req-96a31152-5f25-4ffb-a9d2-1d362707762c req-96a31152-5f25-4ffb-a9d2-1d362707762c ] Request (FloatingIPDetailsTestJSON:tearDownClass): 204 DELETE http://10.180.1.21:9696/networking/v2.0/networks/f82844aa-f499-4b1f-bc19-7f5aa7610dde 1.669s
2024-02-06 09:06:40.344 63480 INFO tempest.lib.common.rest_client [req-2b732615-1445-4fe5-8969-c1086384d342 req-2b732615-1445-4fe5-8969-c1086384d342 ] Request (ServersAdminNegativeTestJSON:setUpClass): 200 GET http://10.180.1.21/compute/v2.1/servers/75fd2a2c-4ef5-4b42-b309-53cff148c772 0.953s
2024-02-06 09:06:40.361 63476 INFO tempest.lib.common.rest_client [req-0fae31a1-1cd2-4483-b647-9481c01a5146 req-0fae31a1-1cd2-4483-b647-9481c01a5146 ] Request (FlavorsAdminTestJSON:_run_cleanups): 202 DELETE http://10.180.1.21/compute/v2.1/flavors/653793575 0.857s
2024-02-06 09:06:40.362 63452 INFO tempest.lib.common.rest_client [req-7f79b268-e395-419c-a921-a33c0ce2d271 req-7f79b268-e395-419c-a921-a33c0ce2d271 ] Request (HypervisorAdminNegativeUnderV252Test:tearDownClass): 200 GET http://10.180.1.21:9696/networking/v2.0/security-groups?tenant_id=e8e60de40a8445b5b48c74f62e3b35a8&name=default 0.770s
2024-02-06 09:06:40.365 63486 INFO tempest.lib.common.rest_client [req-928fdc3b-74ac-47f3-8b70-9f81c06e6c73 req-928fdc3b-74ac-47f3-8b70-9f81c06e6c73 ] Request (NetworksTest:tearDownClass): 204 DELETE http://10.180.1.21:9696/networking/v2.0/security-groups/03eff071-1b00-47c0-9e94-dc2d919a6c1d 0.629s
2024-02-06 09:06:40.384 63484 INFO tempest.lib.common.rest_client [req-2e0afc1c-9768-4cf4-a5db-43e443833107 req-2e0afc1c-9768-4cf4-a5db-43e443833107 ] Request (ServersTestBootFromVolume:setUpClass): 201 POST http://10.180.1.21:9696/networking/v2.0/security-group-rules 0.662s
2024-02-06 09:06:40.386 63468 INFO tempest.lib.common.rest_client [req-bd92b645-856c-40c7-ac34-a33c34e49441 req-bd92b645-856c-40c7-ac34-a33c34e49441 ] Request (HypervisorAdminNegativeTestJSON:test_show_hypervisor_with_non_admin_user): 200 GET http://10.180.1.21/compute/v2.1/os-hypervisors 0.700s
2024-02-06 09:06:40.403 63504 INFO tempest.lib.common.rest_client [req-977a40bf-484b-456d-bd64-faadc8c62220 req-977a40bf-484b-456d-bd64-faadc8c62220 ] Request (TenantUsagesNegativeTestJSON:setUpClass): 201 POST http://10.180.1.21/identity/v3/auth/tokens 0.071s
2024-02-06 09:06:40.412 63462 INFO tempest.lib.common.rest_client [req-933eb567-fc7b-4c28-9d53-c23d9c5ca38d req-933eb567-fc7b-4c28-9d53-c23d9c5ca38d ] Request (ServicesAdminNegativeTestJSON:test_get_service_with_valid_service_and_invalid_host): 200 GET http://10.180.1.21/compute/v2.1/os-services 0.696s
2024-02-06 09:06:40.427 63454 INFO tempest.lib.common.rest_client [req-5c9a97e6-ef20-42e8-8a2a-e049c5a3b316 req-5c9a97e6-ef20-42e8-8a2a-e049c5a3b316 ] Request (QuotasAdminTestV236:tearDownClass): 204 DELETE http://10.180.1.21:9696/networking/v2.0/security-groups/73959e4c-aca6-40a1-8398-b1a6601175b5 0.637s
2024-02-06 09:06:40.509 63450 INFO tempest.lib.common.rest_client [req-e01f942c-3de2-4895-af9c-f27460c7bf08 req-e01f942c-3de2-4895-af9c-f27460c7bf08 ] Request (QuotaClassesAdminTestJSON:_run_cleanups): 200 PUT http://10.180.1.21/compute/v2.1/os-quota-class-sets/default 0.777s
2024-02-06 09:06:40.511 63478 INFO tempest.lib.common.rest_client [req-e37c9701-1157-4be9-8a86-a3c5a92340f7 req-e37c9701-1157-4be9-8a86-a3c5a92340f7 ] Request (FlavorsV255TestJSON:tearDownClass): 204 DELETE http://10.180.1.21/identity/v3/users/fc41f9001a0c4daeacf1f40a476a71c7 0.167s
2024-02-06 09:06:40.523 63467 INFO tempest.lib.common.rest_client [req-6f8e944b-dd4d-4ac7-beb3-a3c79b2049c6 req-6f8e944b-dd4d-4ac7-beb3-a3c79b2049c6 ] Request (FlavorsAccessNegativeTestJSON:_run_cleanups): 202 DELETE http://10.180.1.21/compute/v2.1/flavors/437694960 0.681s
2024-02-06 09:06:40.536 63494 INFO tempest.lib.common.rest_client [req-9ced1d15-aead-4c86-bc8f-71f2bc9957a1 req-9ced1d15-aead-4c86-bc8f-71f2bc9957a1 ] Request (FloatingIPDetailsTestJSON:tearDownClass): 204 DELETE http://10.180.1.21/identity/v3/users/05e84cbeba644122be1ca54949a3d9c3 0.203s
2024-02-06 09:06:40.536 63494 INFO tempest.lib.common.dynamic_creds [-] Deleting project and security group for project: 86be4c02af414f84a34a9b6a960c00da
2024-02-06 09:06:40.550 63458 INFO tempest.lib.common.rest_client [req-68b559a7-afd1-427d-a678-c8de263e3b84 req-68b559a7-afd1-427d-a678-c8de263e3b84 ] Request (AggregatesAdminNegativeTestJSON:test_aggregate_add_host_as_user): 200 POST http://10.180.1.21/compute/v2.1/os-aggregates 0.474s
2024-02-06 09:06:40.557 63461 INFO tempest.lib.common.rest_client [req-7c1ea56f-6c56-47e7-8378-3920744807b7 req-7c1ea56f-6c56-47e7-8378-3920744807b7 ] Request (FlavorsExtraSpecsNegativeTestJSON:test_flavor_non_admin_update_specific_key): 403 PUT http://10.180.1.21/compute/v2.1/flavors/41131223/os-extra_specs/hw:numa_nodes 0.462s
2024-02-06 09:06:40.577 63490 INFO tempest.lib.common.rest_client [req-6c4e0b04-3955-4294-8f41-31c6f6a2fd84 req-6c4e0b04-3955-4294-8f41-31c6f6a2fd84 ] Request (HostsAdminTestJSON:test_list_hosts_with_zone): 200 GET http://10.180.1.21/compute/v2.1/os-hosts 0.481s
2024-02-06 09:06:40.584 63473 INFO tempest.lib.common.rest_client [req-b0df3bf4-4b57-473e-8c20-a302909f08f9 req-b0df3bf4-4b57-473e-8c20-a302909f08f9 ] Request (HostsAdminNegativeTestJSON:test_shutdown_host_with_non_admin_user): 403 GET http://10.180.1.21/compute/v2.1/os-hosts/devstack/shutdown 0.477s
2024-02-06 09:06:40.603 63502 INFO tempest.lib.common.rest_client [req-92265295-9922-4c72-b9df-1b663b9a5e9a req-92265295-9922-4c72-b9df-1b663b9a5e9a ] Request (KeyPairsV210TestJSON:_run_cleanups): 204 DELETE http://10.180.1.21/compute/v2.1/os-keypairs/tempest-keypair-2042900675?user_id=3f8437d9672c4610a96bb755393b7f52 0.473s
2024-02-06 09:06:40.612 63504 INFO tempest.lib.common.rest_client [req-6c450b0a-a9a7-4a08-90c0-d4a8a44f956b req-6c450b0a-a9a7-4a08-90c0-d4a8a44f956b ] Request (TenantUsagesNegativeTestJSON:setUpClass): 201 POST http://10.180.1.21/identity/v3/auth/tokens 0.205s
2024-02-06 09:06:40.620 63509 INFO tempest.lib.common.rest_client [req-8fdcec7d-f84b-4d80-99d3-97ae99f42cb5 req-8fdcec7d-f84b-4d80-99d3-97ae99f42cb5 ] Request (FlavorsAccessTestJSON:test_flavor_access_list_with_private_flavor): 200 GET http://10.180.1.21/compute/v2.1/flavors/870066661/os-flavor-access 0.465s
2024-02-06 09:06:40.632 63494 INFO tempest.lib.common.rest_client [req-4dfa5e8b-611c-434a-8ced-a90efe016601 req-4dfa5e8b-611c-434a-8ced-a90efe016601 ] Request (FloatingIPDetailsTestJSON:tearDownClass): 200 GET http://10.180.1.21:9696/networking/v2.0/security-groups?tenant_id=86be4c02af414f84a34a9b6a960c00da&name=default 0.095s
2024-02-06 09:06:40.647 63452 INFO tempest.lib.common.rest_client [req-b4ca6450-4084-496f-96da-dd39d63d1c76 req-b4ca6450-4084-496f-96da-dd39d63d1c76 ] Request (HypervisorAdminNegativeUnderV252Test:tearDownClass): 204 DELETE http://10.180.1.21:9696/networking/v2.0/security-groups/f77fe360-19c8-4926-b259-7a0385410f30 0.285s
2024-02-06 09:06:40.676 63486 INFO tempest.lib.common.rest_client [req-4c1daa06-cb02-4e1e-afb7-7f26e8ab37e6 req-4c1daa06-cb02-4e1e-afb7-7f26e8ab37e6 ] Request (NetworksTest:tearDownClass): 204 DELETE http://10.180.1.21/identity/v3/projects/65808635ec884362bc28b3662645aabe 0.310s
2024-02-06 09:06:40.685 63454 INFO tempest.lib.common.rest_client [req-b3c31c1b-f805-4e15-a838-fdf0c435c3f2 req-b3c31c1b-f805-4e15-a838-fdf0c435c3f2 ] Request (QuotasAdminTestV236:tearDownClass): 204 DELETE http://10.180.1.21/identity/v3/projects/09078bf274524893b7f9bdb9234d94a8 0.258s
2024-02-06 09:06:40.802 63456 INFO tempest.lib.common.rest_client [req-bc440319-e68c-45d1-ba18-7e0872b9134e req-bc440319-e68c-45d1-ba18-7e0872b9134e ] Request (VolumesAssistedSnapshotsTest:setUpClass): 201 POST http://10.180.1.21:9696/networking/v2.0/routers 5.713s
2024-02-06 09:06:40.822 63478 INFO tempest.lib.common.rest_client [req-76f5de1c-f16e-450b-a961-4915457b923f req-76f5de1c-f16e-450b-a961-4915457b923f ] Request (FlavorsV255TestJSON:tearDownClass): 204 DELETE http://10.180.1.21/identity/v3/users/e5afc29578344ec3af5e20de50ad7dc7 0.310s
2024-02-06 09:06:40.822 63478 INFO tempest.lib.common.dynamic_creds [-] Deleting project and security group for project: 6dacde789ebe4e48a1dc3d5254d06f6e
2024-02-06 09:06:40.918 63482 INFO tempest.lib.common.rest_client [req-fb379aaa-2b51-45d4-a8c9-4555fa2308cf req-fb379aaa-2b51-45d4-a8c9-4555fa2308cf ] Request (QuotasAdminNegativeTest:test_create_server_when_instances_quota_is_full): 200 PUT http://10.180.1.21/compute/v2.1/os-quota-sets/51bff530f0844285a29be0c00a2fdcbb 1.236s
2024-02-06 09:06:40.935 63476 INFO tempest.lib.common.rest_client [req-e6dff4d6-1cff-41c7-86e5-b4277a4a9698 req-e6dff4d6-1cff-41c7-86e5-b4277a4a9698 ] Request (FlavorsAdminTestJSON:_run_cleanups): 200 GET http://10.180.1.21/compute/v2.1/flavors/detail 0.572s
2024-02-06 09:06:40.941 63468 INFO tempest.lib.common.rest_client [req-f138a0fd-033f-4357-9b17-18c98bd93ee6 req-f138a0fd-033f-4357-9b17-18c98bd93ee6 ] Request (HypervisorAdminNegativeTestJSON:test_show_hypervisor_with_non_admin_user): 403 GET http://10.180.1.21/compute/v2.1/os-hypervisors/1 0.553s
2024-02-06 09:06:40.955 63450 INFO tempest.lib.common.rest_client [req-66fd6767-9a2c-44e4-b03f-dc5340e345a1 req-66fd6767-9a2c-44e4-b03f-dc5340e345a1 ] Request (QuotaClassesAdminTestJSON:tearDownClass): 204 DELETE http://10.180.1.21/identity/v3/users/1569c327996a45efbb65a7ee5a76729f 0.439s
2024-02-06 09:06:40.978 63462 INFO tempest.lib.common.rest_client [req-e2bd9360-cad3-41f8-9350-1702740112b5 req-e2bd9360-cad3-41f8-9350-1702740112b5 ] Request (ServicesAdminNegativeTestJSON:test_get_service_with_valid_service_and_invalid_host): 200 GET http://10.180.1.21/compute/v2.1/os-services?host=xxx&binary=nova-scheduler 0.564s
2024-02-06 09:06:41.008 63504 INFO tempest.lib.common.rest_client [req-b9fb650f-b82d-487a-b01a-5e3a292d7865 req-b9fb650f-b82d-487a-b01a-5e3a292d7865 ] Request (TenantUsagesNegativeTestJSON:setUpClass): 200 GET http://10.180.1.21/identity/v3/domains?name=Default 0.396s
2024-02-06 09:06:41.093 63486 INFO tempest.lib.common.rest_client [req-4e36aef9-2285-4ccb-90c8-e2bbf1d6f6fc req-4e36aef9-2285-4ccb-90c8-e2bbf1d6f6fc ] Request (QuotasAdminTestJSON:setUpClass): 201 POST http://10.180.1.21/identity/v3/auth/tokens 0.416s
2024-02-06 09:06:41.098 63474 INFO tempest.lib.common.rest_client [req-37f56d9d-5911-4667-b48c-84349fb52266 req-37f56d9d-5911-4667-b48c-84349fb52266 ] Request (ServersWithSpecificFlavorTestJSON:test_verify_created_server_ephemeral_disk): 200 POST http://10.180.1.21/compute/v2.1/flavors 0.844s
2024-02-06 09:06:41.101 63484 INFO tempest.lib.common.rest_client [req-84bb7ad7-6bbd-4ae9-a1f2-3022b746f665 req-84bb7ad7-6bbd-4ae9-a1f2-3022b746f665 ] Request (ServersTestBootFromVolume:setUpClass): 201 POST http://10.180.1.21:9696/networking/v2.0/security-group-rules 0.717s
2024-02-06 09:06:41.116 63467 INFO tempest.lib.common.rest_client [req-fc5a98f2-03ed-40ec-9a3e-4be0de404138 req-fc5a98f2-03ed-40ec-9a3e-4be0de404138 ] Request (FlavorsAccessNegativeTestJSON:_run_cleanups): 200 GET http://10.180.1.21/compute/v2.1/flavors/detail 0.592s
2024-02-06 09:06:41.121 63494 INFO tempest.lib.common.rest_client [req-b71a11e8-dccd-4af0-8f55-3882fb35b8b6 req-b71a11e8-dccd-4af0-8f55-3882fb35b8b6 ] Request (FloatingIPDetailsTestJSON:tearDownClass): 204 DELETE http://10.180.1.21:9696/networking/v2.0/security-groups/f9b0d5f3-f329-4e60-837a-926b5e4cdb0f 0.488s
2024-02-06 09:06:41.176 63452 INFO tempest.lib.common.rest_client [req-6e8ea42c-03df-43e7-99c9-aa9360c9c5a0 req-6e8ea42c-03df-43e7-99c9-aa9360c9c5a0 ] Request (HypervisorAdminNegativeUnderV252Test:tearDownClass): 204 DELETE http://10.180.1.21/identity/v3/projects/e8e60de40a8445b5b48c74f62e3b35a8 0.529s
2024-02-06 09:06:41.177 63452 INFO tempest.lib.common.dynamic_creds [-] Deleting project and security group for project: f747a209a3ef442dbb3ec5071c2609a9
2024-02-06 09:06:41.182 63454 INFO tempest.lib.common.rest_client [req-305a8410-1614-4930-849a-83c3fa436e8a req-305a8410-1614-4930-849a-83c3fa436e8a ] Request (ServersAdminTestJSON:setUpClass): 201 POST http://10.180.1.21/identity/v3/auth/tokens 0.495s
2024-02-06 09:06:41.214 63478 INFO tempest.lib.common.rest_client [req-aa22b615-23a9-4de2-bfc1-9478294f2da9 req-aa22b615-23a9-4de2-bfc1-9478294f2da9 ] Request (FlavorsV255TestJSON:tearDownClass): 201 POST http://10.180.1.21/identity/v3/auth/tokens 0.391s
2024-02-06 09:06:41.249 63482 INFO tempest.lib.common.rest_client [req-bb014137-65f8-48f7-8511-3e0f72df7efd req-bb014137-65f8-48f7-8511-3e0f72df7efd ] Request (QuotasAdminNegativeTest:test_create_server_when_instances_quota_is_full): 201 POST http://10.180.1.21/identity/v3/auth/tokens 0.325s
2024-02-06 09:06:41.250 63482 INFO tempest.lib.common.fixed_network [-] (QuotasAdminNegativeTest:test_create_server_when_instances_quota_is_full) Found network None available for tenant
2024-02-06 09:06:41.293 63492 INFO tempest.lib.common.rest_client [req-1c22219c-78c7-49f4-ba0f-148fd3164a39 req-1c22219c-78c7-49f4-ba0f-148fd3164a39 ] Request (FloatingIPsAssociationTestJSON:setUpClass): 200 GET http://10.180.1.21/compute/v2.1/servers/bd0eef47-56e8-45b6-92b1-e81400994572 0.822s
2024-02-06 09:06:41.300 63504 INFO tempest.lib.common.rest_client [req-a30dc5f3-f78d-4162-bb10-fd5b39678f93 req-a30dc5f3-f78d-4162-bb10-fd5b39678f93 ] Request (TenantUsagesNegativeTestJSON:setUpClass): 201 POST http://10.180.1.21/identity/v3/projects 0.292s
2024-02-06 09:06:41.307 63461 INFO tempest.lib.common.rest_client [req-9431df85-d464-408f-b2ae-5010110b6ff9 req-9431df85-d464-408f-b2ae-5010110b6ff9 ] Request (FlavorsExtraSpecsNegativeTestJSON:test_flavor_unset_nonexistent_key): 404 DELETE http://10.180.1.21/compute/v2.1/flavors/41131223/os-extra_specs/hw:cpu_thread_policy 0.748s
2024-02-06 09:06:41.331 63490 INFO tempest.lib.common.rest_client [req-bc5711c7-4a19-4840-9096-e6a539c5aad5 req-bc5711c7-4a19-4840-9096-e6a539c5aad5 ] Request (HostsAdminTestJSON:test_list_hosts_with_zone): 200 GET http://10.180.1.21/compute/v2.1/os-hosts?zone=internal 0.752s
2024-02-06 09:06:41.344 63473 INFO tempest.lib.common.rest_client [req-fed33815-cdef-4dfd-9aca-9c2d86f0b6c6 req-fed33815-cdef-4dfd-9aca-9c2d86f0b6c6 ] Request (HostsAdminNegativeTestJSON:test_shutdown_nonexistent_host): 404 GET http://10.180.1.21/compute/v2.1/os-hosts/nonexistent_hostname/shutdown 0.759s
2024-02-06 09:06:41.353 63450 INFO tempest.lib.common.rest_client [req-5abb4df2-5bf3-4708-bec3-a269a9ea7148 req-5abb4df2-5bf3-4708-bec3-a269a9ea7148 ] Request (QuotaClassesAdminTestJSON:tearDownClass): 204 DELETE http://10.180.1.21/identity/v3/users/25836ed51e9d49848ada5068d8a5d46a 0.397s
2024-02-06 09:06:41.353 63450 INFO tempest.lib.common.dynamic_creds [-] Deleting project and security group for project: f337f91384564b5e95ea42ac646a1184
2024-02-06 09:06:41.366 63502 INFO tempest.lib.common.rest_client [req-2a412853-9de1-4dfe-9d72-55e71e05ac77 req-2a412853-9de1-4dfe-9d72-55e71e05ac77 ] Request (KeyPairsV210TestJSON:_run_cleanups): 204 DELETE http://10.180.1.21/compute/v2.1/os-keypairs/tempest-keypair-1350809168?user_id=3f8437d9672c4610a96bb755393b7f52 0.762s
2024-02-06 09:06:41.367 63510 INFO tempest.lib.common.rest_client [req-b1e8ba6b-4906-4f9a-a078-be50a1f53092 req-b1e8ba6b-4906-4f9a-a078-be50a1f53092 ] Request (TaggedAttachmentsTest:setUpClass): 200 PUT http://10.180.1.21:9696/networking/v2.0/routers/4695ab5c-b7fe-49aa-9270-9e2b5d9c2b2e/add_router_interface 3.851s
2024-02-06 09:06:41.367 63510 INFO tempest.lib.common.dynamic_creds [-] Created isolated network resources for:
 credentials: Credentials: {'domain_id': 'default', 'domain_name': 'Default', 'username': 'tempest-TaggedAttachmentsTest-1196056706-project-member', 'project_domain_id': 'default', 'project_domain_name': 'Default', 'project_id': '292576eaff6e47f2ac079ebdf420a2a8', 'project_name': 'tempest-TaggedAttachmentsTest-1196056706', 'tenant_id': '292576eaff6e47f2ac079ebdf420a2a8', 'tenant_name': 'tempest-TaggedAttachmentsTest-1196056706', 'user_domain_id': 'default', 'user_domain_name': 'Default', 'user_id': '18af387867884f67af91db1272225201', 'system': None}, Network: {'id': '9dde5c55-ee65-4ad4-988d-a572b0a9ac6e', 'name': 'tempest-TaggedAttachmentsTest-1500945355-network', 'tenant_id': '292576eaff6e47f2ac079ebdf420a2a8', 'admin_state_up': True, 'mtu': 8950, 'status': 'ACTIVE', 'subnets': [], 'shared': False, 'project_id': '292576eaff6e47f2ac079ebdf420a2a8', 'port_security_enabled': True, 'router:external': False, 'provider:network_type': 'vlan', 'provider:physical_network': 'default', 'provider:segmentation_id': 528, 'is_default': False, 'availability_zone_hints': [], 'availability_zones': [], 'ipv4_address_scope': None, 'ipv6_address_scope': None, 'description': '', 'tags': [], 'created_at': '2024-02-06T09:06:31Z', 'updated_at': '2024-02-06T09:06:31Z', 'revision_number': 1}, Subnet: {'id': 'adf8a178-4488-4bc6-b1aa-f6e28d59647c', 'name': 'tempest-TaggedAttachmentsTest-1500945355-subnet', 'tenant_id': '292576eaff6e47f2ac079ebdf420a2a8', 'network_id': '9dde5c55-ee65-4ad4-988d-a572b0a9ac6e', 'ip_version': 4, 'subnetpool_id': None, 'enable_dhcp': True, 'ipv6_ra_mode': None, 'ipv6_address_mode': None, 'gateway_ip': '10.0.0.1', 'cidr': '10.0.0.0/28', 'allocation_pools': [{'start': '10.0.0.2', 'end': '10.0.0.14'}], 'host_routes': [], 'dns_nameservers': [], 'description': '', 'service_types': [], 'tags': [], 'created_at': '2024-02-06T09:06:31Z', 'updated_at': '2024-02-06T09:06:31Z', 'revision_number': 0, 'project_id': '292576eaff6e47f2ac079ebdf420a2a8'}, Router: {'id': '4695ab5c-b7fe-49aa-9270-9e2b5d9c2b2e', 'name': 'tempest-TaggedAttachmentsTest-1500945355-router', 'tenant_id': '292576eaff6e47f2ac079ebdf420a2a8', 'admin_state_up': True, 'status': 'ACTIVE', 'external_gateway_info': {'network_id': 'a8c50ca9-a925-40b1-992f-9bdcb197d203', 'external_fixed_ips': [{'subnet_id': 'dd744bb4-f277-4130-a2b5-55ec280623a2', 'ip_address': '10.180.180.154'}], 'enable_snat': True}, 'description': '', 'availability_zones': [], 'distributed': False, 'ha': False, 'availability_zone_hints': [], 'routes': [], 'flavor_id': None, 'tags': [], 'created_at': '2024-02-06T09:06:32Z', 'updated_at': '2024-02-06T09:06:34Z', 'revision_number': 3, 'project_id': '292576eaff6e47f2ac079ebdf420a2a8'}
2024-02-06 09:06:41.374 63498 INFO tempest.lib.common.rest_client [req-dcf0406a-c917-4ea5-9115-e8bcf46cdf02 req-dcf0406a-c917-4ea5-9115-e8bcf46cdf02 ] Request (SecurityGroupRulesTestJSON:setUpClass): 200 PUT http://10.180.1.21:9696/networking/v2.0/routers/e3da0150-2c72-4d43-a702-6dbaa01fbc1c/add_router_interface 4.241s
2024-02-06 09:06:41.374 63498 INFO tempest.lib.common.dynamic_creds [-] Created isolated network resources for:
 credentials: Credentials: {'domain_id': 'default', 'domain_name': 'Default', 'username': 'tempest-SecurityGroupRulesTestJSON-333945418-project-member', 'project_domain_id': 'default', 'project_domain_name': 'Default', 'project_id': 'de990ae9f3e844a8b644717fd38cc6ef', 'project_name': 'tempest-SecurityGroupRulesTestJSON-333945418', 'tenant_id': 'de990ae9f3e844a8b644717fd38cc6ef', 'tenant_name': 'tempest-SecurityGroupRulesTestJSON-333945418', 'user_domain_id': 'default', 'user_domain_name': 'Default', 'user_id': '560c25ba7156431fb5d853fda367bc20', 'system': None}, Network: {'id': 'd9714042-213f-4ed9-954a-e8c65e7e22f8', 'name': 'tempest-SecurityGroupRulesTestJSON-1856570578-network', 'tenant_id': 'de990ae9f3e844a8b644717fd38cc6ef', 'admin_state_up': True, 'mtu': 8950, 'status': 'ACTIVE', 'subnets': [], 'shared': False, 'project_id': 'de990ae9f3e844a8b644717fd38cc6ef', 'port_security_enabled': True, 'router:external': False, 'provider:network_type': 'vlan', 'provider:physical_network': 'default', 'provider:segmentation_id': 282, 'is_default': False, 'availability_zone_hints': [], 'availability_zones': [], 'ipv4_address_scope': None, 'ipv6_address_scope': None, 'description': '', 'tags': [], 'created_at': '2024-02-06T09:06:31Z', 'updated_at': '2024-02-06T09:06:31Z', 'revision_number': 1}, Subnet: {'id': 'b001412b-f062-4335-96d9-835f6acaad06', 'name': 'tempest-SecurityGroupRulesTestJSON-1856570578-subnet', 'tenant_id': 'de990ae9f3e844a8b644717fd38cc6ef', 'network_id': 'd9714042-213f-4ed9-954a-e8c65e7e22f8', 'ip_version': 4, 'subnetpool_id': None, 'enable_dhcp': True, 'ipv6_ra_mode': None, 'ipv6_address_mode': None, 'gateway_ip': '10.0.0.1', 'cidr': '10.0.0.0/28', 'allocation_pools': [{'start': '10.0.0.2', 'end': '10.0.0.14'}], 'host_routes': [], 'dns_nameservers': [], 'description': '', 'service_types': [], 'tags': [], 'created_at': '2024-02-06T09:06:31Z', 'updated_at': '2024-02-06T09:06:31Z', 'revision_number': 0, 'project_id': 'de990ae9f3e844a8b644717fd38cc6ef'}, Router: {'id': 'e3da0150-2c72-4d43-a702-6dbaa01fbc1c', 'name': 'tempest-SecurityGroupRulesTestJSON-1856570578-router', 'tenant_id': 'de990ae9f3e844a8b644717fd38cc6ef', 'admin_state_up': True, 'status': 'ACTIVE', 'external_gateway_info': {'network_id': 'a8c50ca9-a925-40b1-992f-9bdcb197d203', 'external_fixed_ips': [{'subnet_id': 'dd744bb4-f277-4130-a2b5-55ec280623a2', 'ip_address': '10.180.180.124'}], 'enable_snat': True}, 'description': '', 'availability_zones': [], 'distributed': False, 'ha': False, 'availability_zone_hints': [], 'routes': [], 'flavor_id': None, 'tags': [], 'created_at': '2024-02-06T09:06:32Z', 'updated_at': '2024-02-06T09:06:34Z', 'revision_number': 3, 'project_id': 'de990ae9f3e844a8b644717fd38cc6ef'}
2024-02-06 09:06:41.392 63509 INFO tempest.lib.common.rest_client [req-82e35ae1-47d4-4a8f-93d5-65e13aa9f79e req-82e35ae1-47d4-4a8f-93d5-65e13aa9f79e ] Request (FlavorsAccessTestJSON:_run_cleanups): 202 DELETE http://10.180.1.21/compute/v2.1/flavors/870066661 0.770s
2024-02-06 09:06:41.397 63486 INFO tempest.lib.common.rest_client [req-15388a87-2d9e-40ad-a7fd-0b52c9bb3b6a req-15388a87-2d9e-40ad-a7fd-0b52c9bb3b6a ] Request (QuotasAdminTestJSON:setUpClass): 201 POST http://10.180.1.21/identity/v3/auth/tokens 0.301s
2024-02-06 09:06:41.498 63458 INFO tempest.lib.common.rest_client [req-9e5addff-7240-4a34-9bf2-22efd5c5bfc3 req-9e5addff-7240-4a34-9bf2-22efd5c5bfc3 ] Request (AggregatesAdminNegativeTestJSON:test_aggregate_add_host_as_user): 403 POST http://10.180.1.21/compute/v2.1/os-aggregates/2/action 0.946s
2024-02-06 09:06:41.510 63454 INFO tempest.lib.common.rest_client [req-6942774c-e89d-41e3-8806-8136f93df26b req-6942774c-e89d-41e3-8806-8136f93df26b ] Request (ServersAdminTestJSON:setUpClass): 201 POST http://10.180.1.21/identity/v3/auth/tokens 0.326s
2024-02-06 09:06:41.538 63500 INFO tempest.lib.common.rest_client [req-78be7e7a-d5c4-43fe-b104-013d714b4fc1 req-78be7e7a-d5c4-43fe-b104-013d714b4fc1 ] Request (FloatingIPsAssociationNegativeTestJSON:setUpClass): 200 GET http://10.180.1.21/compute/v2.1/servers/4ca19153-519c-49e3-bdfd-1f5ea77b24a0 0.839s
2024-02-06 09:06:41.542 63468 INFO tempest.lib.common.rest_client [req-0c80f582-366d-4ea9-b8cf-24beb166f9df req-0c80f582-366d-4ea9-b8cf-24beb166f9df ] Request (HypervisorAdminNegativeTestJSON:test_show_nonexistent_hypervisor): 404 GET http://10.180.1.21/compute/v2.1/os-hypervisors/c294f688-0a22-4034-a856-72cf45fa2d1a 0.600s
2024-02-06 09:06:41.563 63476 INFO tempest.lib.common.rest_client [req-cf17d15d-33e2-4d32-b020-2f0611c8eaa4 req-cf17d15d-33e2-4d32-b020-2f0611c8eaa4 ] Request (FlavorsAdminTestJSON:test_create_flavor_with_none_id): 200 POST http://10.180.1.21/compute/v2.1/flavors 0.617s
2024-02-06 09:06:41.569 63494 INFO tempest.lib.common.rest_client [req-cf15ca6f-21b7-420b-8e56-5e75e7aa5b0b req-cf15ca6f-21b7-420b-8e56-5e75e7aa5b0b ] Request (FloatingIPDetailsTestJSON:tearDownClass): 204 DELETE http://10.180.1.21/identity/v3/projects/86be4c02af414f84a34a9b6a960c00da 0.447s
2024-02-06 09:06:41.664 63504 INFO tempest.lib.common.rest_client [req-febbb24f-7ac9-49e8-95af-cf714b5f9e95 req-febbb24f-7ac9-49e8-95af-cf714b5f9e95 ] Request (TenantUsagesNegativeTestJSON:setUpClass): 201 POST http://10.180.1.21/identity/v3/users 0.363s
2024-02-06 09:06:41.677 63450 INFO tempest.lib.common.rest_client [req-1e330f1e-3a0f-41e6-ab4c-210d1037ce93 req-1e330f1e-3a0f-41e6-ab4c-210d1037ce93 ] Request (QuotaClassesAdminTestJSON:tearDownClass): 201 POST http://10.180.1.21/identity/v3/auth/tokens 0.323s
2024-02-06 09:06:41.688 63513 INFO tempest.lib.common.rest_client [req-18a6b78f-dd17-48cc-9824-b2bbb5e0c5a8 req-18a6b78f-dd17-48cc-9824-b2bbb5e0c5a8 ] Request (ServersAdmin275Test:test_rebuild_update_server_275): 200 GET http://10.180.1.21/compute/v2.1/servers/53e0e94e-e81c-44b0-bb52-18759172d614 0.784s
2024-02-06 09:06:41.769 63502 INFO tempest.lib.common.rest_client [req-3e8eeb93-a8b3-4477-b71c-55feb8ebe8d6 req-3e8eeb93-a8b3-4477-b71c-55feb8ebe8d6 ] Request (KeyPairsV210TestJSON:tearDownClass): 204 DELETE http://10.180.1.21/identity/v3/users/3f8437d9672c4610a96bb755393b7f52 0.396s
2024-02-06 09:06:41.776 63510 INFO tempest.lib.common.rest_client [req-4fea1d55-42c3-401c-bddd-50b42f37953c req-4fea1d55-42c3-401c-bddd-50b42f37953c ] Request (TaggedAttachmentsTest:setUpClass): 201 POST http://10.180.1.21/identity/v3/auth/tokens 0.406s
2024-02-06 09:06:41.808 63465 INFO tempest.lib.common.rest_client [req-11e0c10d-5ab4-42cd-8d7f-55a405136cc4 req-11e0c10d-5ab4-42cd-8d7f-55a405136cc4 ] Request (DeleteServersAdminTestJSON:test_admin_delete_servers_of_others): 200 GET http://10.180.1.21/compute/v2.1/servers/99698b8b-8a66-46ce-8bf1-cc00239e644b 0.786s
