2024-02-06 09:06:51.468 63482 INFO tempest.lib.common.rest_client [req-c796965e-7958-4d4f-ae8c-59fc3d2788e5 req-c796965e-7958-4d4f-ae8c-59fc3d2788e5 ] Request (QuotasAdminNegativeTest:_run_cleanups): 200 PUT http://10.180.1.21/compute/v2.1/os-quota-sets/51bff530f0844285a29be0c00a2fdcbb 2.143s
2024-02-06 09:06:51.478 63450 INFO tempest.lib.common.rest_client [req-1037f41f-75db-4908-8571-41358b7da5be req-1037f41f-75db-4908-8571-41358b7da5be ] Request (KeyPairsV22TestJSON:test_get_keypair_detail): 200 GET http://10.180.1.21/compute/v2.1/os-keypairs/tempest-keypair-454546353 1.699s
2024-02-06 09:06:51.499 63504 INFO tempest.lib.common.rest_client [req-6a5fbfc0-508b-423b-8abf-c28fe8836313 req-6a5fbfc0-508b-423b-8abf-c28fe8836313 ] Request (TenantUsagesNegativeTestJSON:tearDownClass): 204 DELETE http://10.180.1.21/identity/v3/users/b1d715a076b34c2ea37123c0c75fdf8e 0.318s
2024-02-06 09:06:51.531 63454 INFO tempest.lib.common.rest_client [req-c9a28509-3c8a-4557-be68-7c155d54718a req-c9a28509-3c8a-4557-be68-7c155d54718a ] Request (ServersAdminTestJSON:setUpClass): 201 POST http://10.180.1.21/identity/v3/users 0.348s
2024-02-06 09:06:51.564 63468 INFO tempest.lib.common.rest_client [req-92409ea7-171f-4b9d-be81-9db56f105701 req-92409ea7-171f-4b9d-be81-9db56f105701 ] Request (InstanceUsageAuditLogTestJSON:setUpClass): 204 PUT http://10.180.1.21/identity/v3/projects/92cdd6771c2f4698b06c031578d48c42/users/a9d4c5c54b2249dbb2bceea3729b5633/roles/ae293a3fdbba4e4581b3f579223042dd 0.318s
2024-02-06 09:06:51.564 63468 INFO tempest.lib.common.dynamic_creds [-] Dynamic test user a9d4c5c54b2249dbb2bceea3729b5633 is created with scope project and roles: ['admin']
2024-02-06 09:06:51.564 63468 INFO tempest.lib.common.dynamic_creds [-] Acquired dynamic creds:
 credentials: Credentials: {'domain_id': 'default', 'domain_name': 'Default', 'username': 'tempest-InstanceUsageAuditLogTestJSON-437373688-project-admin', 'project_domain_id': 'default', 'project_domain_name': 'Default', 'project_id': '92cdd6771c2f4698b06c031578d48c42', 'project_name': 'tempest-InstanceUsageAuditLogTestJSON-437373688', 'tenant_id': '92cdd6771c2f4698b06c031578d48c42', 'tenant_name': 'tempest-InstanceUsageAuditLogTestJSON-437373688', 'user_domain_id': 'default', 'user_domain_name': 'Default', 'user_id': 'a9d4c5c54b2249dbb2bceea3729b5633', 'system': None}, Network: None, Subnet: None, Router: None
2024-02-06 09:06:51.565 63468 INFO tempest.lib.common.dynamic_creds [-] Created isolated network resources for:
 credentials: Credentials: {'domain_id': 'default', 'domain_name': 'Default', 'username': 'tempest-InstanceUsageAuditLogTestJSON-437373688-project-admin', 'project_domain_id': 'default', 'project_domain_name': 'Default', 'project_id': '92cdd6771c2f4698b06c031578d48c42', 'project_name': 'tempest-InstanceUsageAuditLogTestJSON-437373688', 'tenant_id': '92cdd6771c2f4698b06c031578d48c42', 'tenant_name': 'tempest-InstanceUsageAuditLogTestJSON-437373688', 'user_domain_id': 'default', 'user_domain_name': 'Default', 'user_id': 'a9d4c5c54b2249dbb2bceea3729b5633', 'system': None}, Network: None, Subnet: None, Router: None
2024-02-06 09:06:51.567 63496 INFO tempest.lib.common.rest_client [req-2d108c8a-a315-4acb-a3ae-8430c7d64097 req-2d108c8a-a315-4acb-a3ae-8430c7d64097 ] Request (ServerDiagnosticsTest:test_get_server_diagnostics): 200 GET http://10.180.1.21/compute/v2.1/servers/f7e43c56-e126-4e5a-944a-bba89f2f9744 1.967s
2024-02-06 09:06:51.581 63494 INFO tempest.lib.common.rest_client [req-37ff3299-bc7b-47ec-afc3-fdc13dd494ad req-37ff3299-bc7b-47ec-afc3-fdc13dd494ad ] Request (SecurityGroupsNegativeTestJSON:setUpClass): 200 GET http://10.180.1.21/identity/v3/roles 0.325s
2024-02-06 09:06:51.657 63509 INFO tempest.lib.common.rest_client [req-f7e3c1fc-295e-4634-96f3-e5dc81f11006 req-f7e3c1fc-295e-4634-96f3-e5dc81f11006 ] Request (HypervisorAdminV228Test:setUpClass): 204 PUT http://10.180.1.21/identity/v3/projects/e893584fb8fc4b598925096f497fe68d/users/f2328e9bc83541829e63d78708cc4c60/roles/ae293a3fdbba4e4581b3f579223042dd 0.378s
2024-02-06 09:06:51.705 63461 INFO tempest.lib.common.rest_client [req-8a149d82-4d27-42cd-a581-8e3a87866f3b req-8a149d82-4d27-42cd-a581-8e3a87866f3b ] Request (FlavorsV261TestJSON:setUpClass): 200 GET http://10.180.1.21/identity/v3/roles 0.362s
2024-02-06 09:06:51.706 63473 INFO tempest.lib.common.rest_client [req-4b2e8a59-6ad3-43b5-9d5c-d601b819e969 req-4b2e8a59-6ad3-43b5-9d5c-d601b819e969 ] Request (HostsAdminNegativeTestJSON:tearDownClass): 200 GET http://10.180.1.21:9696/networking/v2.0/security-groups?tenant_id=2baafe7e41224780aec027ea51c0bf57&name=default 0.273s
2024-02-06 09:06:51.708 63490 INFO tempest.lib.common.rest_client [req-daddc2c5-b0a8-4804-b768-aa53d41f6dcf req-daddc2c5-b0a8-4804-b768-aa53d41f6dcf ] Request (ServerDiagnosticsV248Test:setUpClass): 200 GET http://10.180.1.21/identity/v3/roles 0.336s
2024-02-06 09:06:51.772 63504 INFO tempest.lib.common.rest_client [req-d4b81857-3a3c-4a32-8557-877ca4b88b66 req-d4b81857-3a3c-4a32-8557-877ca4b88b66 ] Request (TenantUsagesNegativeTestJSON:tearDownClass): 204 DELETE http://10.180.1.21/identity/v3/users/6f8386031d8c4d63a7e83ed9eb592dc6 0.273s
2024-02-06 09:06:51.772 63504 INFO tempest.lib.common.dynamic_creds [-] Deleting project and security group for project: 87b8492254d4457083ad39c9b4585b26
2024-02-06 09:06:51.833 63454 INFO tempest.lib.common.rest_client [req-b42a1f5c-c685-47b6-8529-ad39a5141d08 req-b42a1f5c-c685-47b6-8529-ad39a5141d08 ] Request (ServersAdminTestJSON:setUpClass): 200 GET http://10.180.1.21/identity/v3/roles 0.300s
2024-02-06 09:06:51.928 63468 INFO tempest.lib.common.rest_client [req-61da7bf4-695f-4ca9-b21c-8010b4a27637 req-61da7bf4-695f-4ca9-b21c-8010b4a27637 ] Request (InstanceUsageAuditLogTestJSON:setUpClass): 201 POST http://10.180.1.21/identity/v3/auth/tokens 0.361s
2024-02-06 09:06:51.934 63494 INFO tempest.lib.common.rest_client [req-b63701de-9f55-453d-aa61-df9ba2b594d6 req-b63701de-9f55-453d-aa61-df9ba2b594d6 ] Request (SecurityGroupsNegativeTestJSON:setUpClass): 204 PUT http://10.180.1.21/identity/v3/projects/7d7139e413934099a5045bc6ba4ff7f6/users/b95ce83b4cbd49ae923ce518ffcd618a/roles/e6e13179767349f2abb3e9810e0dec9c 0.353s
2024-02-06 09:06:51.935 63494 INFO tempest.lib.common.dynamic_creds [-] Dynamic test user b95ce83b4cbd49ae923ce518ffcd618a is created with scope project and roles: ['member']
2024-02-06 09:06:51.936 63494 INFO tempest.lib.common.dynamic_creds [-] Acquired dynamic creds:
 credentials: Credentials: {'domain_id': 'default', 'domain_name': 'Default', 'username': 'tempest-SecurityGroupsNegativeTestJSON-1615447787-project-member', 'project_domain_id': 'default', 'project_domain_name': 'Default', 'project_id': '7d7139e413934099a5045bc6ba4ff7f6', 'project_name': 'tempest-SecurityGroupsNegativeTestJSON-1615447787', 'tenant_id': '7d7139e413934099a5045bc6ba4ff7f6', 'tenant_name': 'tempest-SecurityGroupsNegativeTestJSON-1615447787', 'user_domain_id': 'default', 'user_domain_name': 'Default', 'user_id': 'b95ce83b4cbd49ae923ce518ffcd618a', 'system': None}, Network: None, Subnet: None, Router: None
2024-02-06 09:06:51.958 63502 INFO tempest.lib.common.rest_client [req-c9f8bdef-3037-4808-a1e8-4c2345804f2c req-c9f8bdef-3037-4808-a1e8-4c2345804f2c ] Request (ServersAaction247Test:test_create_backup): 202 POST http://10.180.1.21/compute/v2.1/servers 1.922s
2024-02-06 09:06:52.023 63473 INFO tempest.lib.common.rest_client [req-9694998d-a7cf-4e8a-8af5-898f67392b44 req-9694998d-a7cf-4e8a-8af5-898f67392b44 ] Request (HostsAdminNegativeTestJSON:tearDownClass): 204 DELETE http://10.180.1.21:9696/networking/v2.0/security-groups/03f63730-72cc-431b-abfa-7309cafc3049 0.316s
2024-02-06 09:06:52.025 63509 INFO tempest.lib.common.rest_client [req-fe832516-940a-476b-85ae-b6b2e3ff293d req-fe832516-940a-476b-85ae-b6b2e3ff293d ] Request (HypervisorAdminV228Test:setUpClass): 200 GET http://10.180.1.21/identity/v3/roles 0.367s
2024-02-06 09:06:52.035 63461 INFO tempest.lib.common.rest_client [req-6d003577-89ff-455b-8aef-56b96ce76245 req-6d003577-89ff-455b-8aef-56b96ce76245 ] Request (FlavorsV261TestJSON:setUpClass): 204 PUT http://10.180.1.21/identity/v3/projects/7300917c553a4a8a9b01aa341a6196b5/users/858b26dbc412411fa64d8ff030629c26/roles/e6e13179767349f2abb3e9810e0dec9c 0.330s
2024-02-06 09:06:52.036 63461 INFO tempest.lib.common.dynamic_creds [-] Dynamic test user 858b26dbc412411fa64d8ff030629c26 is created with scope project and roles: ['member']
2024-02-06 09:06:52.036 63461 INFO tempest.lib.common.dynamic_creds [-] Acquired dynamic creds:
 credentials: Credentials: {'domain_id': 'default', 'domain_name': 'Default', 'username': 'tempest-FlavorsV261TestJSON-1105321614-project-member', 'project_domain_id': 'default', 'project_domain_name': 'Default', 'project_id': '7300917c553a4a8a9b01aa341a6196b5', 'project_name': 'tempest-FlavorsV261TestJSON-1105321614', 'tenant_id': '7300917c553a4a8a9b01aa341a6196b5', 'tenant_name': 'tempest-FlavorsV261TestJSON-1105321614', 'user_domain_id': 'default', 'user_domain_name': 'Default', 'user_id': '858b26dbc412411fa64d8ff030629c26', 'system': None}, Network: None, Subnet: None, Router: None
2024-02-06 09:06:52.036 63461 INFO tempest.lib.common.dynamic_creds [-] Created isolated network resources for:
 credentials: Credentials: {'domain_id': 'default', 'domain_name': 'Default', 'username': 'tempest-FlavorsV261TestJSON-1105321614-project-member', 'project_domain_id': 'default', 'project_domain_name': 'Default', 'project_id': '7300917c553a4a8a9b01aa341a6196b5', 'project_name': 'tempest-FlavorsV261TestJSON-1105321614', 'tenant_id': '7300917c553a4a8a9b01aa341a6196b5', 'tenant_name': 'tempest-FlavorsV261TestJSON-1105321614', 'user_domain_id': 'default', 'user_domain_name': 'Default', 'user_id': '858b26dbc412411fa64d8ff030629c26', 'system': None}, Network: None, Subnet: None, Router: None
2024-02-06 09:06:52.053 63506 INFO tempest.lib.common.rest_client [req-4313f4f0-9bf2-4f68-a09a-1a1d5ce26899 req-4313f4f0-9bf2-4f68-a09a-1a1d5ce26899 ] Request (AutoAllocateNetworkTest:test_server_create_no_allocate): 200 GET http://10.180.1.21/compute/v2.1/servers/f9954bd1-8df3-445c-bb4c-ee316b7b0447 1.858s
2024-02-06 09:06:52.085 63504 INFO tempest.lib.common.rest_client [req-cc723a0f-2d4b-4d50-9af7-6ed8dcc3cae8 req-cc723a0f-2d4b-4d50-9af7-6ed8dcc3cae8 ] Request (TenantUsagesNegativeTestJSON:tearDownClass): 201 POST http://10.180.1.21/identity/v3/auth/tokens 0.313s
2024-02-06 09:06:52.088 63490 INFO tempest.lib.common.rest_client [req-cadc1e87-58c1-4f24-aab9-cc0c28189363 req-cadc1e87-58c1-4f24-aab9-cc0c28189363 ] Request (ServerDiagnosticsV248Test:setUpClass): 204 PUT http://10.180.1.21/identity/v3/projects/734066784e204c0d93529ca34e033e85/users/077d500e4f454c71af7fe100efd4ffea/roles/ae293a3fdbba4e4581b3f579223042dd 0.379s
2024-02-06 09:06:52.126 63484 INFO tempest.lib.common.rest_client [req-7493a5ad-6da4-4aff-b734-1c65bac8ed92 req-7493a5ad-6da4-4aff-b734-1c65bac8ed92 ] Request (ServersTestBootFromVolume:setUpClass): 200 GET http://10.180.1.21/volume/v3/1ebabc7e16ce4d48bfe2477d1e630e9f/volumes/7964ae7b-6c50-4e91-95ca-da291ec96271 0.033s
2024-02-06 09:06:52.144 63494 INFO tempest.lib.common.rest_client [req-c9695a10-f880-4809-90d6-b7f0dddd7c15 req-c9695a10-f880-4809-90d6-b7f0dddd7c15 ] Request (SecurityGroupsNegativeTestJSON:setUpClass): 201 POST http://10.180.1.21/identity/v3/auth/tokens 0.208s
2024-02-06 09:06:52.149 63510 INFO tempest.lib.common.rest_client [req-c39b0457-d2d9-448e-80a8-607f878cbf10 req-c39b0457-d2d9-448e-80a8-607f878cbf10 ] Request (TaggedAttachmentsTest:test_tagged_attachment): 201 POST http://10.180.1.21:9696/networking/v2.0/networks 0.831s
2024-02-06 09:06:52.170 63454 INFO tempest.lib.common.rest_client [req-295c1d66-788a-45a1-9ed8-65f4240b01c7 req-295c1d66-788a-45a1-9ed8-65f4240b01c7 ] Request (ServersAdminTestJSON:setUpClass): 204 PUT http://10.180.1.21/identity/v3/projects/a1595ae464564acb82adae4496ed7765/users/b01d6d753d9d4b5da1a6df7f2bab66b5/roles/ae293a3fdbba4e4581b3f579223042dd 0.337s
2024-02-06 09:06:52.237 63473 INFO tempest.lib.common.rest_client [req-b3aea5f8-f2ed-42d9-9241-634c6d09af2b req-b3aea5f8-f2ed-42d9-9241-634c6d09af2b ] Request (HostsAdminNegativeTestJSON:tearDownClass): 204 DELETE http://10.180.1.21/identity/v3/projects/2baafe7e41224780aec027ea51c0bf57 0.214s
2024-02-06 09:06:52.283 63509 INFO tempest.lib.common.rest_client [req-adcb8945-706f-469d-bae1-19f05480a731 req-adcb8945-706f-469d-bae1-19f05480a731 ] Request (HypervisorAdminV228Test:setUpClass): 204 PUT http://10.180.1.21/identity/v3/projects/e893584fb8fc4b598925096f497fe68d/users/f2328e9bc83541829e63d78708cc4c60/roles/ae293a3fdbba4e4581b3f579223042dd 0.257s
2024-02-06 09:06:52.283 63509 INFO tempest.lib.common.dynamic_creds [-] Dynamic test user f2328e9bc83541829e63d78708cc4c60 is created with scope project and roles: ['admin']
2024-02-06 09:06:52.283 63509 INFO tempest.lib.common.dynamic_creds [-] Acquired dynamic creds:
 credentials: Credentials: {'domain_id': 'default', 'domain_name': 'Default', 'username': 'tempest-HypervisorAdminV228Test-1415178369-project-admin', 'project_domain_id': 'default', 'project_domain_name': 'Default', 'project_id': 'e893584fb8fc4b598925096f497fe68d', 'project_name': 'tempest-HypervisorAdminV228Test-1415178369', 'tenant_id': 'e893584fb8fc4b598925096f497fe68d', 'tenant_name': 'tempest-HypervisorAdminV228Test-1415178369', 'user_domain_id': 'default', 'user_domain_name': 'Default', 'user_id': 'f2328e9bc83541829e63d78708cc4c60', 'system': None}, Network: None, Subnet: None, Router: None
2024-02-06 09:06:52.283 63509 INFO tempest.lib.common.dynamic_creds [-] Created isolated network resources for:
 credentials: Credentials: {'domain_id': 'default', 'domain_name': 'Default', 'username': 'tempest-HypervisorAdminV228Test-1415178369-project-admin', 'project_domain_id': 'default', 'project_domain_name': 'Default', 'project_id': 'e893584fb8fc4b598925096f497fe68d', 'project_name': 'tempest-HypervisorAdminV228Test-1415178369', 'tenant_id': 'e893584fb8fc4b598925096f497fe68d', 'tenant_name': 'tempest-HypervisorAdminV228Test-1415178369', 'user_domain_id': 'default', 'user_domain_name': 'Default', 'user_id': 'f2328e9bc83541829e63d78708cc4c60', 'system': None}, Network: None, Subnet: None, Router: None
2024-02-06 09:06:52.352 63461 INFO tempest.lib.common.rest_client [req-1e3bb500-bf79-4535-a50b-73445f588e03 req-1e3bb500-bf79-4535-a50b-73445f588e03 ] Request (FlavorsV261TestJSON:setUpClass): 201 POST http://10.180.1.21/identity/v3/auth/tokens 0.312s
2024-02-06 09:06:52.409 63462 INFO tempest.lib.common.rest_client [req-2c0afa97-b21c-4938-806e-09f57ba977e0 req-2c0afa97-b21c-4938-806e-09f57ba977e0 ] Request (ServerActionsTestJSON:setUpClass): 201 POST http://10.180.1.21:9696/networking/v2.0/routers 1.088s
2024-02-06 09:06:52.439 63478 INFO tempest.lib.common.rest_client [req-b9d8685a-e31e-4241-9783-a19fc94edb0b req-b9d8685a-e31e-4241-9783-a19fc94edb0b ] Request (HypervisorAdminTestJSON:test_get_hypervisor_list): 200 GET http://10.180.1.21/compute/v2.1/os-hypervisors 2.142s
2024-02-06 09:06:52.463 63490 INFO tempest.lib.common.rest_client [req-0a5c32d4-6239-4d87-935d-36e73fe47f9f req-0a5c32d4-6239-4d87-935d-36e73fe47f9f ] Request (ServerDiagnosticsV248Test:setUpClass): 200 GET http://10.180.1.21/identity/v3/roles 0.374s
2024-02-06 09:06:52.522 63473 INFO tempest.lib.common.rest_client [req-a27b9f16-8fdb-41d5-b4f9-b5de7cfcbcb7 req-a27b9f16-8fdb-41d5-b4f9-b5de7cfcbcb7 ] Request (SecurityGroupsTestAdminJSON:setUpClass): 201 POST http://10.180.1.21/identity/v3/auth/tokens 0.283s
2024-02-06 09:06:52.526 63454 INFO tempest.lib.common.rest_client [req-870e2a01-0398-45d1-8190-2f5e8164c387 req-870e2a01-0398-45d1-8190-2f5e8164c387 ] Request (ServersAdminTestJSON:setUpClass): 200 GET http://10.180.1.21/identity/v3/roles 0.355s
2024-02-06 09:06:52.599 63509 INFO tempest.lib.common.rest_client [req-0f1d8730-83e4-44e1-81e0-d7513ebc6cfb req-0f1d8730-83e4-44e1-81e0-d7513ebc6cfb ] Request (HypervisorAdminV228Test:setUpClass): 201 POST http://10.180.1.21/identity/v3/auth/tokens 0.313s
2024-02-06 09:06:52.614 63490 INFO tempest.lib.common.rest_client [req-14c3db43-77c9-4fba-91b6-dac986fadb58 req-14c3db43-77c9-4fba-91b6-dac986fadb58 ] Request (ServerDiagnosticsV248Test:setUpClass): 204 PUT http://10.180.1.21/identity/v3/projects/734066784e204c0d93529ca34e033e85/users/077d500e4f454c71af7fe100efd4ffea/roles/ae293a3fdbba4e4581b3f579223042dd 0.151s
2024-02-06 09:06:52.617 63490 INFO tempest.lib.common.dynamic_creds [-] Dynamic test user 077d500e4f454c71af7fe100efd4ffea is created with scope project and roles: ['admin']
2024-02-06 09:06:52.617 63490 INFO tempest.lib.common.dynamic_creds [-] Acquired dynamic creds:
 credentials: Credentials: {'domain_id': 'default', 'domain_name': 'Default', 'username': 'tempest-ServerDiagnosticsV248Test-1391570780-project-admin', 'project_domain_id': 'default', 'project_domain_name': 'Default', 'project_id': '734066784e204c0d93529ca34e033e85', 'project_name': 'tempest-ServerDiagnosticsV248Test-1391570780', 'tenant_id': '734066784e204c0d93529ca34e033e85', 'tenant_name': 'tempest-ServerDiagnosticsV248Test-1391570780', 'user_domain_id': 'default', 'user_domain_name': 'Default', 'user_id': '077d500e4f454c71af7fe100efd4ffea', 'system': None}, Network: None, Subnet: None, Router: None
2024-02-06 09:06:52.617 63490 INFO tempest.lib.common.dynamic_creds [-] Created isolated network resources for:
 credentials: Credentials: {'domain_id': 'default', 'domain_name': 'Default', 'username': 'tempest-ServerDiagnosticsV248Test-1391570780-project-admin', 'project_domain_id': 'default', 'project_domain_name': 'Default', 'project_id': '734066784e204c0d93529ca34e033e85', 'project_name': 'tempest-ServerDiagnosticsV248Test-1391570780', 'tenant_id': '734066784e204c0d93529ca34e033e85', 'tenant_name': 'tempest-ServerDiagnosticsV248Test-1391570780', 'user_domain_id': 'default', 'user_domain_name': 'Default', 'user_id': '077d500e4f454c71af7fe100efd4ffea', 'system': None}, Network: None, Subnet: None, Router: None
2024-02-06 09:06:52.633 63461 INFO tempest.lib.common.rest_client [req-2a4baac0-7bd2-482c-b855-d7ae68269f85 req-2a4baac0-7bd2-482c-b855-d7ae68269f85 ] Request (FlavorsV261TestJSON:setUpClass): 201 POST http://10.180.1.21/identity/v3/projects 0.281s
2024-02-06 09:06:52.699 63474 INFO tempest.lib.common.rest_client [req-efc7d3e9-8fa8-44f9-bebc-3b8d58e32b87 req-efc7d3e9-8fa8-44f9-bebc-3b8d58e32b87 ] Request (ServersWithSpecificFlavorTestJSON:test_verify_created_server_ephemeral_disk): 202 POST http://10.180.1.21/compute/v2.1/servers 2.551s
2024-02-06 09:06:52.707 63473 INFO tempest.lib.common.rest_client [req-c27744f2-913f-4b73-a689-2b8c534930b5 req-c27744f2-913f-4b73-a689-2b8c534930b5 ] Request (SecurityGroupsTestAdminJSON:setUpClass): 201 POST http://10.180.1.21/identity/v3/auth/tokens 0.183s
2024-02-06 09:06:52.730 63467 INFO tempest.lib.common.rest_client [req-72380897-5b77-4198-80c3-6bd924e787cc req-72380897-5b77-4198-80c3-6bd924e787cc ] Request (FlavorsAccessNegativeTestJSON:test_flavor_non_admin_remove): 200 POST http://10.180.1.21/compute/v2.1/flavors 2.378s
2024-02-06 09:06:52.734 63454 INFO tempest.lib.common.rest_client [req-451028fc-1eed-406c-9dba-4aff5f11f6dd req-451028fc-1eed-406c-9dba-4aff5f11f6dd ] Request (ServersAdminTestJSON:setUpClass): 204 PUT http://10.180.1.21/identity/v3/projects/a1595ae464564acb82adae4496ed7765/users/b01d6d753d9d4b5da1a6df7f2bab66b5/roles/ae293a3fdbba4e4581b3f579223042dd 0.208s
2024-02-06 09:06:52.734 63454 INFO tempest.lib.common.dynamic_creds [-] Dynamic test user b01d6d753d9d4b5da1a6df7f2bab66b5 is created with scope project and roles: ['admin']
2024-02-06 09:06:52.735 63454 INFO tempest.lib.common.dynamic_creds [-] Acquired dynamic creds:
 credentials: Credentials: {'domain_id': 'default', 'domain_name': 'Default', 'username': 'tempest-ServersAdminTestJSON-174603827-project-admin', 'project_domain_id': 'default', 'project_domain_name': 'Default', 'project_id': 'a1595ae464564acb82adae4496ed7765', 'project_name': 'tempest-ServersAdminTestJSON-174603827', 'tenant_id': 'a1595ae464564acb82adae4496ed7765', 'tenant_name': 'tempest-ServersAdminTestJSON-174603827', 'user_domain_id': 'default', 'user_domain_name': 'Default', 'user_id': 'b01d6d753d9d4b5da1a6df7f2bab66b5', 'system': None}, Network: None, Subnet: None, Router: None
2024-02-06 09:06:52.753 63458 INFO tempest.lib.common.rest_client [req-9773ec0f-0b0a-49aa-a005-4666701d8b5c req-9773ec0f-0b0a-49aa-a005-4666701d8b5c ] Request (AggregatesAdminNegativeTestJSON:test_aggregate_create_with_existent_aggregate_name): 409 POST http://10.180.1.21/compute/v2.1/os-aggregates 2.288s
2024-02-06 09:06:52.783 63490 INFO tempest.lib.common.rest_client [req-c7c64e09-a8b3-451d-871d-1d9b95bdb33c req-c7c64e09-a8b3-451d-871d-1d9b95bdb33c ] Request (ServerDiagnosticsV248Test:setUpClass): 201 POST http://10.180.1.21/identity/v3/auth/tokens 0.163s
2024-02-06 09:06:52.811 63473 INFO tempest.lib.common.rest_client [req-99e45192-2d35-4a34-a5d3-dd6224a611f1 req-99e45192-2d35-4a34-a5d3-dd6224a611f1 ] Request (SecurityGroupsTestAdminJSON:setUpClass): 200 GET http://10.180.1.21/identity/v3/domains?name=Default 0.103s
2024-02-06 09:06:52.813 63461 INFO tempest.lib.common.rest_client [req-2c923758-3159-4362-8dfb-d7588327ea20 req-2c923758-3159-4362-8dfb-d7588327ea20 ] Request (FlavorsV261TestJSON:setUpClass): 201 POST http://10.180.1.21/identity/v3/users 0.168s
2024-02-06 09:06:52.850 63473 INFO tempest.lib.common.rest_client [req-7e392442-de8b-420d-a09d-ff617e84be89 req-7e392442-de8b-420d-a09d-ff617e84be89 ] Request (SecurityGroupsTestAdminJSON:setUpClass): 201 POST http://10.180.1.21/identity/v3/projects 0.038s
2024-02-06 09:06:52.883 63490 INFO tempest.lib.common.rest_client [req-3bec65cf-9518-4165-a9cf-708f7f181408 req-3bec65cf-9518-4165-a9cf-708f7f181408 ] Request (ServerDiagnosticsV248Test:test_get_server_diagnostics): 201 POST http://10.180.1.21/identity/v3/auth/tokens 0.096s
2024-02-06 09:06:52.884 63490 INFO tempest.lib.common.fixed_network [-] (ServerDiagnosticsV248Test:test_get_server_diagnostics) Found network None available for tenant
2024-02-06 09:06:52.884 63504 INFO tempest.lib.common.rest_client [req-6b6068c4-a350-4a16-8913-351c891b7fe1 req-6b6068c4-a350-4a16-8913-351c891b7fe1 ] Request (TenantUsagesNegativeTestJSON:tearDownClass): 200 GET http://10.180.1.21:9696/networking/v2.0/security-groups?tenant_id=87b8492254d4457083ad39c9b4585b26&name=default 0.798s
2024-02-06 09:06:52.903 63480 INFO tempest.lib.common.rest_client [req-51fd373c-ad96-470c-82be-43e67b1c07c8 req-51fd373c-ad96-470c-82be-43e67b1c07c8 ] Request (ServersAdminNegativeTestJSON:setUpClass): 200 GET http://10.180.1.21/compute/v2.1/servers/75fd2a2c-4ef5-4b42-b309-53cff148c772 2.346s
2024-02-06 09:06:52.928 63476 INFO tempest.lib.common.rest_client [req-24aa731a-85f2-449e-be3c-c66cdac2239e req-24aa731a-85f2-449e-be3c-c66cdac2239e ] Request (FlavorsAdminTestJSON:_run_cleanups): 202 DELETE http://10.180.1.21/compute/v2.1/flavors/738661562 2.240s
2024-02-06 09:06:52.939 63461 INFO tempest.lib.common.rest_client [req-0997614f-4275-4360-a250-2e04f5480df7 req-0997614f-4275-4360-a250-2e04f5480df7 ] Request (FlavorsV261TestJSON:setUpClass): 200 GET http://10.180.1.21/identity/v3/roles 0.125s
2024-02-06 09:06:52.983 63473 INFO tempest.lib.common.rest_client [req-ed2d672f-0f1e-43a7-8eea-d6194d8663fb req-ed2d672f-0f1e-43a7-8eea-d6194d8663fb ] Request (SecurityGroupsTestAdminJSON:setUpClass): 201 POST http://10.180.1.21/identity/v3/users 0.132s
2024-02-06 09:06:52.994 63498 INFO tempest.lib.common.rest_client [req-1184c9e3-799d-41c0-9319-9afbe8e60a8f req-1184c9e3-799d-41c0-9319-9afbe8e60a8f ] Request (SecurityGroupRulesTestJSON:test_security_group_rules_create_with_optional_group_id): 200 POST http://10.180.1.21/compute/v2.1/os-security-group-rules 2.660s
2024-02-06 09:06:52.996 63498 WARNING tempest.lib.common.rest_client [-] Deprecated: "tenant_id" property is deprecated for removal, use "project_id" instead
2024-02-06 09:06:53.001 63461 INFO tempest.lib.common.rest_client [req-c53d491b-5906-4e8e-8731-82d53b9b3d1a req-c53d491b-5906-4e8e-8731-82d53b9b3d1a ] Request (FlavorsV261TestJSON:setUpClass): 204 PUT http://10.180.1.21/identity/v3/projects/1798a704225b4106991e19a1806fc7ed/users/ec61001b7ba64c21a0c3b286c2eea1c7/roles/ae293a3fdbba4e4581b3f579223042dd 0.062s
2024-02-06 09:06:53.053 63473 INFO tempest.lib.common.rest_client [req-2044754d-3eca-40dc-bc29-afa6dc8fd8fa req-2044754d-3eca-40dc-bc29-afa6dc8fd8fa ] Request (SecurityGroupsTestAdminJSON:setUpClass): 200 GET http://10.180.1.21/identity/v3/roles 0.070s
2024-02-06 09:06:53.068 63461 INFO tempest.lib.common.rest_client [req-49b3e9d1-c2d4-4fee-9891-477816e40623 req-49b3e9d1-c2d4-4fee-9891-477816e40623 ] Request (FlavorsV261TestJSON:setUpClass): 200 GET http://10.180.1.21/identity/v3/roles 0.067s
2024-02-06 09:06:53.106 63473 INFO tempest.lib.common.rest_client [req-17700494-2940-46e4-bae1-6caa417b3c18 req-17700494-2940-46e4-bae1-6caa417b3c18 ] Request (SecurityGroupsTestAdminJSON:setUpClass): 204 PUT http://10.180.1.21/identity/v3/projects/293a6f9ef9fc46008c9733c7bdeb9b02/users/693ec9590f81458c9842f4917527ef33/roles/e6e13179767349f2abb3e9810e0dec9c 0.052s
2024-02-06 09:06:53.107 63473 INFO tempest.lib.common.dynamic_creds [-] Dynamic test user 693ec9590f81458c9842f4917527ef33 is created with scope project and roles: ['member']
2024-02-06 09:06:53.107 63473 INFO tempest.lib.common.dynamic_creds [-] Acquired dynamic creds:
 credentials: Credentials: {'domain_id': 'default', 'domain_name': 'Default', 'username': 'tempest-SecurityGroupsTestAdminJSON-777962350-project-member', 'project_domain_id': 'default', 'project_domain_name': 'Default', 'project_id': '293a6f9ef9fc46008c9733c7bdeb9b02', 'project_name': 'tempest-SecurityGroupsTestAdminJSON-777962350', 'tenant_id': '293a6f9ef9fc46008c9733c7bdeb9b02', 'tenant_name': 'tempest-SecurityGroupsTestAdminJSON-777962350', 'user_domain_id': 'default', 'user_domain_name': 'Default', 'user_id': '693ec9590f81458c9842f4917527ef33', 'system': None}, Network: None, Subnet: None, Router: None
2024-02-06 09:06:53.107 63473 INFO tempest.lib.common.dynamic_creds [-] Created isolated network resources for:
 credentials: Credentials: {'domain_id': 'default', 'domain_name': 'Default', 'username': 'tempest-SecurityGroupsTestAdminJSON-777962350-project-member', 'project_domain_id': 'default', 'project_domain_name': 'Default', 'project_id': '293a6f9ef9fc46008c9733c7bdeb9b02', 'project_name': 'tempest-SecurityGroupsTestAdminJSON-777962350', 'tenant_id': '293a6f9ef9fc46008c9733c7bdeb9b02', 'tenant_name': 'tempest-SecurityGroupsTestAdminJSON-777962350', 'user_domain_id': 'default', 'user_domain_name': 'Default', 'user_id': '693ec9590f81458c9842f4917527ef33', 'system': None}, Network: None, Subnet: None, Router: None
2024-02-06 09:06:53.164 63484 INFO tempest.lib.common.rest_client [req-5b4e81d3-90dc-4c4d-82fa-ce84d41197be req-5b4e81d3-90dc-4c4d-82fa-ce84d41197be ] Request (ServersTestBootFromVolume:setUpClass): 200 GET http://10.180.1.21/volume/v3/1ebabc7e16ce4d48bfe2477d1e630e9f/volumes/7964ae7b-6c50-4e91-95ca-da291ec96271 0.029s
2024-02-06 09:06:53.174 63461 INFO tempest.lib.common.rest_client [req-324d549c-e6aa-4661-9a76-8e9426fd48a2 req-324d549c-e6aa-4661-9a76-8e9426fd48a2 ] Request (FlavorsV261TestJSON:setUpClass): 204 PUT http://10.180.1.21/identity/v3/projects/1798a704225b4106991e19a1806fc7ed/users/ec61001b7ba64c21a0c3b286c2eea1c7/roles/ae293a3fdbba4e4581b3f579223042dd 0.105s
2024-02-06 09:06:53.174 63461 INFO tempest.lib.common.dynamic_creds [-] Dynamic test user ec61001b7ba64c21a0c3b286c2eea1c7 is created with scope project and roles: ['admin']
2024-02-06 09:06:53.174 63461 INFO tempest.lib.common.dynamic_creds [-] Acquired dynamic creds:
 credentials: Credentials: {'domain_id': 'default', 'domain_name': 'Default', 'username': 'tempest-FlavorsV261TestJSON-2052423407-project-admin', 'project_domain_id': 'default', 'project_domain_name': 'Default', 'project_id': '1798a704225b4106991e19a1806fc7ed', 'project_name': 'tempest-FlavorsV261TestJSON-2052423407', 'tenant_id': '1798a704225b4106991e19a1806fc7ed', 'tenant_name': 'tempest-FlavorsV261TestJSON-2052423407', 'user_domain_id': 'default', 'user_domain_name': 'Default', 'user_id': 'ec61001b7ba64c21a0c3b286c2eea1c7', 'system': None}, Network: None, Subnet: None, Router: None
2024-02-06 09:06:53.175 63461 INFO tempest.lib.common.dynamic_creds [-] Created isolated network resources for:
 credentials: Credentials: {'domain_id': 'default', 'domain_name': 'Default', 'username': 'tempest-FlavorsV261TestJSON-2052423407-project-admin', 'project_domain_id': 'default', 'project_domain_name': 'Default', 'project_id': '1798a704225b4106991e19a1806fc7ed', 'project_name': 'tempest-FlavorsV261TestJSON-2052423407', 'tenant_id': '1798a704225b4106991e19a1806fc7ed', 'tenant_name': 'tempest-FlavorsV261TestJSON-2052423407', 'user_domain_id': 'default', 'user_domain_name': 'Default', 'user_id': 'ec61001b7ba64c21a0c3b286c2eea1c7', 'system': None}, Network: None, Subnet: None, Router: None
2024-02-06 09:06:53.284 63473 INFO tempest.lib.common.rest_client [req-4abb9ab4-4b33-4e9f-ac29-35d2b9283fc8 req-4abb9ab4-4b33-4e9f-ac29-35d2b9283fc8 ] Request (SecurityGroupsTestAdminJSON:setUpClass): 201 POST http://10.180.1.21/identity/v3/auth/tokens 0.172s
2024-02-06 09:06:53.350 63486 INFO tempest.lib.common.rest_client [req-be85c7a6-a5e6-43ad-816e-20b4b699b440 req-be85c7a6-a5e6-43ad-816e-20b4b699b440 ] Request (QuotasAdminTestJSON:test_delete_quota): 200 PUT http://10.180.1.21/compute/v2.1/os-quota-sets/1e64eeccb59a4296ba58ca32c19714b9 2.543s
2024-02-06 09:06:53.367 63504 INFO tempest.lib.common.rest_client [req-27667e62-c967-4054-8b2d-31fb1871791e req-27667e62-c967-4054-8b2d-31fb1871791e ] Request (TenantUsagesNegativeTestJSON:tearDownClass): 204 DELETE http://10.180.1.21:9696/networking/v2.0/security-groups/03126f5b-fd52-4831-87f1-b640c228fa59 0.483s
2024-02-06 09:06:53.379 63510 INFO tempest.lib.common.rest_client [req-52e99cef-8744-4127-8c4f-9fc02de3ee78 req-52e99cef-8744-4127-8c4f-9fc02de3ee78 ] Request (TaggedAttachmentsTest:test_tagged_attachment): 201 POST http://10.180.1.21:9696/networking/v2.0/subnets 1.229s
2024-02-06 09:06:53.381 63494 INFO tempest.lib.common.rest_client [req-d349b8e8-565a-451f-bb03-e0f5b668d5d8 req-d349b8e8-565a-451f-bb03-e0f5b668d5d8 ] Request (SecurityGroupsNegativeTestJSON:setUpClass): 201 POST http://10.180.1.21:9696/networking/v2.0/networks 1.236s
2024-02-06 09:06:53.434 63461 INFO tempest.lib.common.rest_client [req-df26ed5e-6dbc-4b98-9a5a-e8a2bcf15a3c req-df26ed5e-6dbc-4b98-9a5a-e8a2bcf15a3c ] Request (FlavorsV261TestJSON:setUpClass): 201 POST http://10.180.1.21/identity/v3/auth/tokens 0.256s
2024-02-06 09:06:53.471 63473 INFO tempest.lib.common.rest_client [req-4a556979-8882-408a-be13-3678639bdff9 req-4a556979-8882-408a-be13-3678639bdff9 ] Request (SecurityGroupsTestAdminJSON:setUpClass): 201 POST http://10.180.1.21/identity/v3/projects 0.187s
2024-02-06 09:06:53.532 63504 INFO tempest.lib.common.rest_client [req-9288e61a-bd62-4aa0-b846-d0a04e645421 req-9288e61a-bd62-4aa0-b846-d0a04e645421 ] Request (TenantUsagesNegativeTestJSON:tearDownClass): 204 DELETE http://10.180.1.21/identity/v3/projects/87b8492254d4457083ad39c9b4585b26 0.164s
2024-02-06 09:06:53.532 63504 INFO tempest.lib.common.dynamic_creds [-] Deleting project and security group for project: afb68b0f750f402ead4edfe85b7e06f7
2024-02-06 09:06:53.560 63510 INFO tempest.lib.common.rest_client [req-77d7917e-e3fc-4566-a581-b9bbd37180bb req-77d7917e-e3fc-4566-a581-b9bbd37180bb ] Request (TaggedAttachmentsTest:test_tagged_attachment): 202 POST http://10.180.1.21/volume/v3/292576eaff6e47f2ac079ebdf420a2a8/volumes 0.180s
2024-02-06 09:06:53.596 63492 INFO tempest.lib.common.rest_client [req-7ccb541d-e006-43f6-87cb-15306f98eac9 req-7ccb541d-e006-43f6-87cb-15306f98eac9 ] Request (FloatingIPsAssociationTestJSON:setUpClass): 200 GET http://10.180.1.21/compute/v2.1/servers/bd0eef47-56e8-45b6-92b1-e81400994572 2.449s
2024-02-06 09:06:53.610 63510 INFO tempest.lib.common.rest_client [req-4b00b319-f5fe-4b95-b809-66eb6a120026 req-4b00b319-f5fe-4b95-b809-66eb6a120026 ] Request (TaggedAttachmentsTest:test_tagged_attachment): 200 GET http://10.180.1.21/volume/v3/292576eaff6e47f2ac079ebdf420a2a8/volumes/8015cd07-6baf-4638-8979-2840e293ae73 0.044s
2024-02-06 09:06:53.639 63473 INFO tempest.lib.common.rest_client [req-f746d67f-034f-4afb-aedc-6761ca6bc02f req-f746d67f-034f-4afb-aedc-6761ca6bc02f ] Request (SecurityGroupsTestAdminJSON:setUpClass): 201 POST http://10.180.1.21/identity/v3/users 0.167s
2024-02-06 09:06:53.668 63473 INFO tempest.lib.common.rest_client [req-c11b9871-9637-4dc7-8591-14be6bd1011c req-c11b9871-9637-4dc7-8591-14be6bd1011c ] Request (SecurityGroupsTestAdminJSON:setUpClass): 200 GET http://10.180.1.21/identity/v3/roles 0.028s
2024-02-06 09:06:53.705 63473 INFO tempest.lib.common.rest_client [req-33cd8c09-ece3-4060-8fc0-b815a97bc1f3 req-33cd8c09-ece3-4060-8fc0-b815a97bc1f3 ] Request (SecurityGroupsTestAdminJSON:setUpClass): 204 PUT http://10.180.1.21/identity/v3/projects/dd6c791a07d0438095802f533904e43d/users/10d21b10d53e4a1a9554d4dc4ce5ebea/roles/ae293a3fdbba4e4581b3f579223042dd 0.036s
2024-02-06 09:06:53.705 63513 INFO tempest.lib.common.rest_client [req-ad3422d3-237a-4834-9889-97616d13a6b2 req-ad3422d3-237a-4834-9889-97616d13a6b2 ] Request (ServersAdmin275Test:test_rebuild_update_server_275): 200 GET http://10.180.1.21/compute/v2.1/servers/53e0e94e-e81c-44b0-bb52-18759172d614 2.257s
2024-02-06 09:06:53.723 63482 INFO tempest.lib.common.rest_client [req-9faa28fa-0917-43e9-a6c4-988288fd4ff9 req-9faa28fa-0917-43e9-a6c4-988288fd4ff9 ] Request (QuotasAdminNegativeTest:test_update_quota_normal_user): 403 PUT http://10.180.1.21/compute/v2.1/os-quota-sets/51bff530f0844285a29be0c00a2fdcbb 2.252s
2024-02-06 09:06:53.745 63450 INFO tempest.lib.common.rest_client [req-4fd26d01-1dae-42f5-9898-8f71345dd3b1 req-4fd26d01-1dae-42f5-9898-8f71345dd3b1 ] Request (KeyPairsV22TestJSON:_run_cleanups): 204 DELETE http://10.180.1.21/compute/v2.1/os-keypairs/tempest-keypair-454546353 2.264s
2024-02-06 09:06:53.776 63454 INFO tempest.lib.common.rest_client [req-0a027cd2-3082-4e0b-b037-040140d69f8f req-0a027cd2-3082-4e0b-b037-040140d69f8f ] Request (ServersAdminTestJSON:setUpClass): 201 POST http://10.180.1.21:9696/networking/v2.0/networks 1.041s
2024-02-06 09:06:53.788 63473 INFO tempest.lib.common.rest_client [req-e11861e5-8b90-4fd1-9b90-3fd4f0181921 req-e11861e5-8b90-4fd1-9b90-3fd4f0181921 ] Request (SecurityGroupsTestAdminJSON:setUpClass): 200 GET http://10.180.1.21/identity/v3/roles 0.082s
2024-02-06 09:06:53.816 63473 INFO tempest.lib.common.rest_client [req-569f9bd1-363a-4475-9f00-368c8b706702 req-569f9bd1-363a-4475-9f00-368c8b706702 ] Request (SecurityGroupsTestAdminJSON:setUpClass): 204 PUT http://10.180.1.21/identity/v3/projects/dd6c791a07d0438095802f533904e43d/users/10d21b10d53e4a1a9554d4dc4ce5ebea/roles/ae293a3fdbba4e4581b3f579223042dd 0.027s
2024-02-06 09:06:53.816 63473 INFO tempest.lib.common.dynamic_creds [-] Dynamic test user 10d21b10d53e4a1a9554d4dc4ce5ebea is created with scope project and roles: ['admin']
2024-02-06 09:06:53.816 63473 INFO tempest.lib.common.dynamic_creds [-] Acquired dynamic creds:
 credentials: Credentials: {'domain_id': 'default', 'domain_name': 'Default', 'username': 'tempest-SecurityGroupsTestAdminJSON-749491515-project-admin', 'project_domain_id': 'default', 'project_domain_name': 'Default', 'project_id': 'dd6c791a07d0438095802f533904e43d', 'project_name': 'tempest-SecurityGroupsTestAdminJSON-749491515', 'tenant_id': 'dd6c791a07d0438095802f533904e43d', 'tenant_name': 'tempest-SecurityGroupsTestAdminJSON-749491515', 'user_domain_id': 'default', 'user_domain_name': 'Default', 'user_id': '10d21b10d53e4a1a9554d4dc4ce5ebea', 'system': None}, Network: None, Subnet: None, Router: None
2024-02-06 09:06:53.816 63473 INFO tempest.lib.common.dynamic_creds [-] Created isolated network resources for:
 credentials: Credentials: {'domain_id': 'default', 'domain_name': 'Default', 'username': 'tempest-SecurityGroupsTestAdminJSON-749491515-project-admin', 'project_domain_id': 'default', 'project_domain_name': 'Default', 'project_id': 'dd6c791a07d0438095802f533904e43d', 'project_name': 'tempest-SecurityGroupsTestAdminJSON-749491515', 'tenant_id': 'dd6c791a07d0438095802f533904e43d', 'tenant_name': 'tempest-SecurityGroupsTestAdminJSON-749491515', 'user_domain_id': 'default', 'user_domain_name': 'Default', 'user_id': '10d21b10d53e4a1a9554d4dc4ce5ebea', 'system': None}, Network: None, Subnet: None, Router: None
2024-02-06 09:06:53.839 63465 INFO tempest.lib.common.rest_client [req-cd323dbb-d3f1-45e5-9a06-4a2c992d9bad req-cd323dbb-d3f1-45e5-9a06-4a2c992d9bad ] Request (DeleteServersAdminTestJSON:test_admin_delete_servers_of_others): 200 GET http://10.180.1.21/compute/v2.1/servers/99698b8b-8a66-46ce-8bf1-cc00239e644b 1.998s
2024-02-06 09:06:53.849 63470 INFO tempest.lib.common.rest_client [req-9015e728-33b6-469d-a6c3-f03898d44c34 req-9015e728-33b6-469d-a6c3-f03898d44c34 ] Request (ServersTestFqdnHostnames:setUpClass): 201 POST http://10.180.1.21:9696/networking/v2.0/routers 2.473s
2024-02-06 09:06:53.862 63482 INFO tempest.lib.common.rest_client [req-7f4de168-cced-491b-ab69-928f240aab44 req-7f4de168-cced-491b-ab69-928f240aab44 ] Request (QuotasAdminNegativeTest:tearDownClass): 204 DELETE http://10.180.1.21/identity/v3/users/14e666f01f534517a3ede06610a8f3c4 0.135s
2024-02-06 09:06:53.900 63504 INFO tempest.lib.common.rest_client [req-7e1d746f-f03a-4748-967f-62843699bf4e req-7e1d746f-f03a-4748-967f-62843699bf4e ] Request (TenantUsagesNegativeTestJSON:tearDownClass): 200 GET http://10.180.1.21:9696/networking/v2.0/security-groups?tenant_id=afb68b0f750f402ead4edfe85b7e06f7&name=default 0.367s
2024-02-06 09:06:53.913 63473 INFO tempest.lib.common.rest_client [req-ec0d3fcc-4bb1-43c6-a53a-c6dcb86b1eb1 req-ec0d3fcc-4bb1-43c6-a53a-c6dcb86b1eb1 ] Request (SecurityGroupsTestAdminJSON:setUpClass): 201 POST http://10.180.1.21/identity/v3/auth/tokens 0.094s
2024-02-06 09:06:53.953 63494 INFO tempest.lib.common.rest_client [req-d3249b8c-134f-4c26-a972-08a16df6638e req-d3249b8c-134f-4c26-a972-08a16df6638e ] Request (SecurityGroupsNegativeTestJSON:setUpClass): 201 POST http://10.180.1.21:9696/networking/v2.0/subnets 0.571s
2024-02-06 09:06:54.003 63468 INFO tempest.lib.common.rest_client [req-d0279e32-3908-488b-aea8-3a2a494a7c0e req-d0279e32-3908-488b-aea8-3a2a494a7c0e ] Request (InstanceUsageAuditLogTestJSON:test_get_instance_usage_audit_log): 200 GET http://10.180.1.21/compute/v2.1/os-instance_usage_audit_log/2024-02-06%2009%3A06%3A51 2.073s
2024-02-06 09:06:54.047 63504 INFO tempest.lib.common.rest_client [req-0f9438eb-816d-4f05-99a6-0f552e107deb req-0f9438eb-816d-4f05-99a6-0f552e107deb ] Request (TenantUsagesNegativeTestJSON:tearDownClass): 204 DELETE http://10.180.1.21:9696/networking/v2.0/security-groups/812f2136-b439-4381-b408-dd5872266bf3 0.146s
2024-02-06 09:06:54.085 63502 INFO tempest.lib.common.rest_client [req-77d4188a-4864-42c3-b8c3-8c214f2deeac req-77d4188a-4864-42c3-b8c3-8c214f2deeac ] Request (ServersAaction247Test:test_create_backup): 200 GET http://10.180.1.21/compute/v2.1/servers/aeb4f446-da3f-4422-a3cd-013b8d6dd174 2.125s
2024-02-06 09:06:54.102 63482 INFO tempest.lib.common.rest_client [req-7b3af03b-7782-486b-a82c-d6255a7e17db req-7b3af03b-7782-486b-a82c-d6255a7e17db ] Request (QuotasAdminNegativeTest:tearDownClass): 204 DELETE http://10.180.1.21/identity/v3/users/6bd72a40d3e6411a8bef8d708bc9784b 0.239s
2024-02-06 09:06:54.102 63482 INFO tempest.lib.common.dynamic_creds [-] Deleting project and security group for project: db5296760f7544928edd91aa529151eb
2024-02-06 09:06:54.207 63484 INFO tempest.lib.common.rest_client [req-33ce1fae-1af9-44cb-9347-80ca7ceca07f req-33ce1fae-1af9-44cb-9347-80ca7ceca07f ] Request (ServersTestBootFromVolume:setUpClass): 200 GET http://10.180.1.21/volume/v3/1ebabc7e16ce4d48bfe2477d1e630e9f/volumes/7964ae7b-6c50-4e91-95ca-da291ec96271 0.035s
2024-02-06 09:06:54.219 63504 INFO tempest.lib.common.rest_client [req-1181a890-22ba-4b85-9fe1-647011346490 req-1181a890-22ba-4b85-9fe1-647011346490 ] Request (TenantUsagesNegativeTestJSON:tearDownClass): 204 DELETE http://10.180.1.21/identity/v3/projects/afb68b0f750f402ead4edfe85b7e06f7 0.172s
2024-02-06 09:06:54.225 63482 INFO tempest.lib.common.rest_client [req-a29abcb4-51e8-4ce7-816e-9315d5c37b12 req-a29abcb4-51e8-4ce7-816e-9315d5c37b12 ] Request (QuotasAdminNegativeTest:tearDownClass): 201 POST http://10.180.1.21/identity/v3/auth/tokens 0.123s
2024-02-06 09:06:54.290 63504 INFO tempest.lib.common.rest_client [req-f208f7c6-47f9-46c2-81ff-7895ed55ba34 req-f208f7c6-47f9-46c2-81ff-7895ed55ba34 ] Request (ImagesDeleteNegativeTestJSON:setUpClass): 201 POST http://10.180.1.21/identity/v3/auth/tokens 0.069s
2024-02-06 09:06:54.322 63504 INFO tempest.lib.common.rest_client [req-3139470c-be8e-4744-b357-5cb9ae66de62 req-3139470c-be8e-4744-b357-5cb9ae66de62 ] Request (ImagesDeleteNegativeTestJSON:setUpClass): 201 POST http://10.180.1.21/identity/v3/auth/tokens 0.029s
2024-02-06 09:06:54.351 63504 INFO tempest.lib.common.rest_client [req-6b45394c-cd2e-4d5e-8a5e-0e7030d44cb7 req-6b45394c-cd2e-4d5e-8a5e-0e7030d44cb7 ] Request (ImagesDeleteNegativeTestJSON:setUpClass): 200 GET http://10.180.1.21/identity/v3/domains?name=Default 0.029s
2024-02-06 09:06:54.392 63504 INFO tempest.lib.common.rest_client [req-396f99c1-82ea-49b3-8ad8-a9260dc72c09 req-396f99c1-82ea-49b3-8ad8-a9260dc72c09 ] Request (ImagesDeleteNegativeTestJSON:setUpClass): 201 POST http://10.180.1.21/identity/v3/projects 0.040s
2024-02-06 09:06:54.457 63504 INFO tempest.lib.common.rest_client [req-641c9b7e-ff5d-4f55-a185-a50fcdafeb36 req-641c9b7e-ff5d-4f55-a185-a50fcdafeb36 ] Request (ImagesDeleteNegativeTestJSON:setUpClass): 201 POST http://10.180.1.21/identity/v3/users 0.065s
2024-02-06 09:06:54.485 63504 INFO tempest.lib.common.rest_client [req-ba55996a-da8e-4c26-b76c-01660b63e148 req-ba55996a-da8e-4c26-b76c-01660b63e148 ] Request (ImagesDeleteNegativeTestJSON:setUpClass): 200 GET http://10.180.1.21/identity/v3/roles 0.027s
2024-02-06 09:06:54.492 63456 INFO tempest.lib.common.rest_client [req-935abcbe-87ec-40d6-a6eb-55bfc1cb6f3c req-935abcbe-87ec-40d6-a6eb-55bfc1cb6f3c ] Request (VolumesAssistedSnapshotsTest:test_volume_assisted_snapshot_create_delete): 202 POST http://10.180.1.21/compute/v2.1/servers 3.574s
2024-02-06 09:06:54.524 63478 INFO tempest.lib.common.rest_client [req-9825a790-3943-4b67-9ed1-c2795f6e286a req-9825a790-3943-4b67-9ed1-c2795f6e286a ] Request (HypervisorAdminTestJSON:test_get_hypervisor_list_details): 200 GET http://10.180.1.21/compute/v2.1/os-hypervisors/detail 2.083s
2024-02-06 09:06:54.540 63504 INFO tempest.lib.common.rest_client [req-dd259cdf-b78c-4c46-b259-1e4c0409a49c req-dd259cdf-b78c-4c46-b259-1e4c0409a49c ] Request (ImagesDeleteNegativeTestJSON:setUpClass): 204 PUT http://10.180.1.21/identity/v3/projects/20b6becdf4c141cfb7006ddd2826df87/users/1ee08c83e81c469788885f178a9d828f/roles/e6e13179767349f2abb3e9810e0dec9c 0.054s
2024-02-06 09:06:54.540 63504 INFO tempest.lib.common.dynamic_creds [-] Dynamic test user 1ee08c83e81c469788885f178a9d828f is created with scope project and roles: ['member']
2024-02-06 09:06:54.540 63504 INFO tempest.lib.common.dynamic_creds [-] Acquired dynamic creds:
 credentials: Credentials: {'domain_id': 'default', 'domain_name': 'Default', 'username': 'tempest-ImagesDeleteNegativeTestJSON-811726244-project-member', 'project_domain_id': 'default', 'project_domain_name': 'Default', 'project_id': '20b6becdf4c141cfb7006ddd2826df87', 'project_name': 'tempest-ImagesDeleteNegativeTestJSON-811726244', 'tenant_id': '20b6becdf4c141cfb7006ddd2826df87', 'tenant_name': 'tempest-ImagesDeleteNegativeTestJSON-811726244', 'user_domain_id': 'default', 'user_domain_name': 'Default', 'user_id': '1ee08c83e81c469788885f178a9d828f', 'system': None}, Network: None, Subnet: None, Router: None
2024-02-06 09:06:54.541 63504 INFO tempest.lib.common.dynamic_creds [-] Created isolated network resources for:
 credentials: Credentials: {'domain_id': 'default', 'domain_name': 'Default', 'username': 'tempest-ImagesDeleteNegativeTestJSON-811726244-project-member', 'project_domain_id': 'default', 'project_domain_name': 'Default', 'project_id': '20b6becdf4c141cfb7006ddd2826df87', 'project_name': 'tempest-ImagesDeleteNegativeTestJSON-811726244', 'tenant_id': '20b6becdf4c141cfb7006ddd2826df87', 'tenant_name': 'tempest-ImagesDeleteNegativeTestJSON-811726244', 'user_domain_id': 'default', 'user_domain_name': 'Default', 'user_id': '1ee08c83e81c469788885f178a9d828f', 'system': None}, Network: None, Subnet: None, Router: None
2024-02-06 09:06:54.554 63482 INFO tempest.lib.common.rest_client [req-5db9bd08-c0d0-4f71-96b0-da2df063b6ed req-5db9bd08-c0d0-4f71-96b0-da2df063b6ed ] Request (QuotasAdminNegativeTest:tearDownClass): 200 GET http://10.180.1.21:9696/networking/v2.0/security-groups?tenant_id=db5296760f7544928edd91aa529151eb&name=default 0.328s
2024-02-06 09:06:54.583 63500 INFO tempest.lib.common.rest_client [req-0e7e33e5-81ce-44e9-bb01-181758464042 req-0e7e33e5-81ce-44e9-bb01-181758464042 ] Request (FloatingIPsAssociationNegativeTestJSON:setUpClass): 200 GET http://10.180.1.21/compute/v2.1/servers/4ca19153-519c-49e3-bdfd-1f5ea77b24a0 2.210s
2024-02-06 09:06:54.653 63504 INFO tempest.lib.common.rest_client [req-721e6437-5c5b-4535-b113-d3f8f2f60dc9 req-721e6437-5c5b-4535-b113-d3f8f2f60dc9 ] Request (ImagesDeleteNegativeTestJSON:setUpClass): 201 POST http://10.180.1.21/identity/v3/auth/tokens 0.108s
2024-02-06 09:06:54.667 63510 INFO tempest.lib.common.rest_client [req-2c749560-06da-47b0-9c50-82af712f47eb req-2c749560-06da-47b0-9c50-82af712f47eb ] Request (TaggedAttachmentsTest:test_tagged_attachment): 200 GET http://10.180.1.21/volume/v3/292576eaff6e47f2ac079ebdf420a2a8/volumes/8015cd07-6baf-4638-8979-2840e293ae73 0.050s
2024-02-06 09:06:54.673 63510 INFO tempest.common.waiters [-] volume 8015cd07-6baf-4638-8979-2840e293ae73 reached available after waiting for 1.673398 seconds
2024-02-06 09:06:54.687 63488 INFO tempest.lib.common.rest_client [req-4885211c-c1e1-4c8a-9a96-6344db2c3d3f req-4885211c-c1e1-4c8a-9a96-6344db2c3d3f ] Request (ServerDiagnosticsNegativeTest:test_get_server_diagnostics_by_non_admin): 200 GET http://10.180.1.21/compute/v2.1/servers/2e938efc-55d2-4116-8989-354ec339579f 2.237s
2024-02-06 09:06:54.709 63496 INFO tempest.lib.common.rest_client [req-7d34594f-f305-4abd-ab1e-bc850049ab62 req-7d34594f-f305-4abd-ab1e-bc850049ab62 ] Request (ServerDiagnosticsTest:test_get_server_diagnostics): 200 GET http://10.180.1.21/compute/v2.1/servers/f7e43c56-e126-4e5a-944a-bba89f2f9744 2.135s
2024-02-06 09:06:54.797 63474 INFO tempest.lib.common.rest_client [req-ed447021-a3dd-4376-b881-5989c0812530 req-ed447021-a3dd-4376-b881-5989c0812530 ] Request (ServersWithSpecificFlavorTestJSON:test_verify_created_server_ephemeral_disk): 200 GET http://10.180.1.21/compute/v2.1/servers/29ee4419-201b-4d3a-8e7b-c84a5eb36d1f 2.097s
2024-02-06 09:06:54.839 63454 INFO tempest.lib.common.rest_client [req-421a0759-6bae-4373-8989-c05ff3818fb0 req-421a0759-6bae-4373-8989-c05ff3818fb0 ] Request (ServersAdminTestJSON:setUpClass): 201 POST http://10.180.1.21:9696/networking/v2.0/subnets 1.062s
2024-02-06 09:06:54.885 63509 INFO tempest.lib.common.rest_client [req-ea72aada-9f45-4bda-a950-9e17f4e21a56 req-ea72aada-9f45-4bda-a950-9e17f4e21a56 ] Request (HypervisorAdminV228Test:test_get_list_hypervisor_details): 200 GET http://10.180.1.21/compute/v2.1/os-hypervisors 2.284s
2024-02-06 09:06:54.912 63458 INFO tempest.lib.common.rest_client [req-65b99824-6e9f-4265-9817-49fa8ea7ba85 req-65b99824-6e9f-4265-9817-49fa8ea7ba85 ] Request (AggregatesAdminNegativeTestJSON:_run_cleanups): 200 DELETE http://10.180.1.21/compute/v2.1/os-aggregates/4 2.159s
2024-02-06 09:06:54.935 63467 INFO tempest.lib.common.rest_client [req-985b23c0-26fa-47ee-8d96-60de487db11d req-985b23c0-26fa-47ee-8d96-60de487db11d ] Request (FlavorsAccessNegativeTestJSON:test_flavor_non_admin_remove): 200 POST http://10.180.1.21/compute/v2.1/flavors/2046936905/action 2.202s
2024-02-06 09:06:54.957 63476 INFO tempest.lib.common.rest_client [req-f5133964-dbd4-4bb0-8484-4e044152d9e6 req-f5133964-dbd4-4bb0-8484-4e044152d9e6 ] Request (FlavorsAdminTestJSON:_run_cleanups): 200 GET http://10.180.1.21/compute/v2.1/flavors/detail 2.029s
2024-02-06 09:06:55.053 63462 INFO tempest.lib.common.rest_client [req-765d06a6-43b2-4945-bade-8f62c4a834a3 req-765d06a6-43b2-4945-bade-8f62c4a834a3 ] Request (ServerActionsTestJSON:setUpClass): 200 PUT http://10.180.1.21:9696/networking/v2.0/routers/369af39b-61a7-4b92-a9af-cecf025386fe/add_router_interface 2.643s
2024-02-06 09:06:55.053 63462 INFO tempest.lib.common.dynamic_creds [-] Created isolated network resources for:
