 credentials: Credentials: {'domain_id': 'default', 'domain_name': 'Default', 'username': 'tempest-VolumesAssistedSnapshotsTest-1277883011-project-admin', 'project_domain_id': 'default', 'project_domain_name': 'Default', 'project_id': '45ba39b8d02c49daab87f035f8efea53', 'project_name': 'tempest-VolumesAssistedSnapshotsTest-1277883011', 'tenant_id': '45ba39b8d02c49daab87f035f8efea53', 'tenant_name': 'tempest-VolumesAssistedSnapshotsTest-1277883011', 'user_domain_id': 'default', 'user_domain_name': 'Default', 'user_id': 'e67d6a04bfb846bd928225226c75d1d6', 'system': None}, Network: {'id': '671e207a-29e6-4217-9215-f6528ccdb7f4', 'name': 'tempest-VolumesAssistedSnapshotsTest-1903006295-network', 'tenant_id': '45ba39b8d02c49daab87f035f8efea53', 'admin_state_up': True, 'mtu': 8950, 'status': 'ACTIVE', 'subnets': [], 'shared': False, 'project_id': '45ba39b8d02c49daab87f035f8efea53', 'port_security_enabled': True, 'router:external': False, 'provider:network_type': 'vlan', 'provider:physical_network': 'default', 'provider:segmentation_id': 705, 'is_default': False, 'availability_zone_hints': [], 'availability_zones': [], 'ipv4_address_scope': None, 'ipv6_address_scope': None, 'description': '', 'tags': [], 'created_at': '2024-02-06T09:06:27Z', 'updated_at': '2024-02-06T09:06:27Z', 'revision_number': 1}, Subnet: {'id': 'a906ac0f-bd08-4aa9-8587-84fa386e0552', 'name': 'tempest-VolumesAssistedSnapshotsTest-1903006295-subnet', 'tenant_id': '45ba39b8d02c49daab87f035f8efea53', 'network_id': '671e207a-29e6-4217-9215-f6528ccdb7f4', 'ip_version': 4, 'subnetpool_id': None, 'enable_dhcp': True, 'ipv6_ra_mode': None, 'ipv6_address_mode': None, 'gateway_ip': '10.0.0.1', 'cidr': '10.0.0.0/28', 'allocation_pools': [{'start': '10.0.0.2', 'end': '10.0.0.14'}], 'host_routes': [], 'dns_nameservers': [], 'description': '', 'service_types': [], 'tags': [], 'created_at': '2024-02-06T09:06:27Z', 'updated_at': '2024-02-06T09:06:27Z', 'revision_number': 0, 'project_id': '45ba39b8d02c49daab87f035f8efea53'}, Router: {'id': 'd69ecabe-9954-46f2-9014-7452e09d2670', 'name': 'tempest-VolumesAssistedSnapshotsTest-1903006295-router', 'tenant_id': '45ba39b8d02c49daab87f035f8efea53', 'admin_state_up': True, 'status': 'ACTIVE', 'external_gateway_info': {'network_id': 'a8c50ca9-a925-40b1-992f-9bdcb197d203', 'external_fixed_ips': [{'subnet_id': 'dd744bb4-f277-4130-a2b5-55ec280623a2', 'ip_address': '10.180.180.235'}], 'enable_snat': True}, 'description': '', 'availability_zones': [], 'distributed': False, 'ha': False, 'availability_zone_hints': [], 'routes': [], 'flavor_id': None, 'tags': [], 'created_at': '2024-02-06T09:06:28Z', 'updated_at': '2024-02-06T09:06:28Z', 'revision_number': 3, 'project_id': '45ba39b8d02c49daab87f035f8efea53'}
2024-02-06 09:06:31.692 63498 INFO tempest.lib.common.rest_client [req-18090d51-e5a3-4c28-855e-c1d01da0d21b req-18090d51-e5a3-4c28-855e-c1d01da0d21b ] Request (SecurityGroupRulesTestJSON:setUpClass): 201 POST http://10.180.1.21:9696/networking/v2.0/networks 1.110s
2024-02-06 09:06:31.750 63510 INFO tempest.lib.common.rest_client [req-65ad8e7f-d43e-4b9f-9d12-f0880c3ee3dc req-65ad8e7f-d43e-4b9f-9d12-f0880c3ee3dc ] Request (TaggedAttachmentsTest:setUpClass): 201 POST http://10.180.1.21:9696/networking/v2.0/networks 1.007s
2024-02-06 09:06:31.754 63467 INFO tempest.lib.common.rest_client [req-b5cdce60-3f9b-40b8-b728-932a5acdf1df req-b5cdce60-3f9b-40b8-b728-932a5acdf1df ] Request (AZAdminNegativeTestJSON:tearDownClass): 204 DELETE http://10.180.1.21/identity/v3/projects/d44c8da7693a43868f3006d3de653146 0.244s
2024-02-06 09:06:31.874 63456 INFO tempest.lib.common.rest_client [req-b1af8fb5-b498-40ea-a675-4a22f8abda4f req-b1af8fb5-b498-40ea-a675-4a22f8abda4f ] Request (VolumesAssistedSnapshotsTest:setUpClass): 201 POST http://10.180.1.21/identity/v3/auth/tokens 0.220s
2024-02-06 09:06:31.942 63467 INFO tempest.lib.common.rest_client [req-3c7fcd28-d663-4a6e-baca-63bb4d3742ab req-3c7fcd28-d663-4a6e-baca-63bb4d3742ab ] Request (FlavorsAccessNegativeTestJSON:setUpClass): 201 POST http://10.180.1.21/identity/v3/auth/tokens 0.187s
2024-02-06 09:06:31.976 63456 INFO tempest.lib.common.rest_client [req-17e89cc4-8328-47d7-a73b-a63bffe4b493 req-17e89cc4-8328-47d7-a73b-a63bffe4b493 ] Request (VolumesAssistedSnapshotsTest:setUpClass): 201 POST http://10.180.1.21/identity/v3/projects 0.101s
2024-02-06 09:06:32.059 63467 INFO tempest.lib.common.rest_client [req-72108848-6ad3-4c9b-a0b0-976b1415c439 req-72108848-6ad3-4c9b-a0b0-976b1415c439 ] Request (FlavorsAccessNegativeTestJSON:setUpClass): 201 POST http://10.180.1.21/identity/v3/auth/tokens 0.114s
2024-02-06 09:06:32.109 63467 INFO tempest.lib.common.rest_client [req-301ade6d-b580-4dbe-a61e-a3be321807ae req-301ade6d-b580-4dbe-a61e-a3be321807ae ] Request (FlavorsAccessNegativeTestJSON:setUpClass): 200 GET http://10.180.1.21/identity/v3/domains?name=Default 0.049s
2024-02-06 09:06:32.152 63467 INFO tempest.lib.common.rest_client [req-bb45724c-17f5-4077-9f38-db036c1812ae req-bb45724c-17f5-4077-9f38-db036c1812ae ] Request (FlavorsAccessNegativeTestJSON:setUpClass): 201 POST http://10.180.1.21/identity/v3/projects 0.043s
2024-02-06 09:06:32.170 63498 INFO tempest.lib.common.rest_client [req-e489ebf6-6183-43c7-a200-fca545d64cc1 req-e489ebf6-6183-43c7-a200-fca545d64cc1 ] Request (SecurityGroupRulesTestJSON:setUpClass): 201 POST http://10.180.1.21:9696/networking/v2.0/subnets 0.477s
2024-02-06 09:06:32.172 63510 INFO tempest.lib.common.rest_client [req-eeed54a5-cce6-489f-a905-4424b3b83cdc req-eeed54a5-cce6-489f-a905-4424b3b83cdc ] Request (TaggedAttachmentsTest:setUpClass): 201 POST http://10.180.1.21:9696/networking/v2.0/subnets 0.421s
2024-02-06 09:06:32.173 63488 INFO tempest.lib.common.rest_client [req-0095cf73-f8ee-428f-9d63-eec787141f98 req-0095cf73-f8ee-428f-9d63-eec787141f98 ] Request (ServerDiagnosticsNegativeTest:test_get_server_diagnostics_by_non_admin): 202 POST http://10.180.1.21/compute/v2.1/servers 3.263s
2024-02-06 09:06:32.255 63467 INFO tempest.lib.common.rest_client [req-d3019e74-ca96-43a3-8529-b86a2a58906d req-d3019e74-ca96-43a3-8529-b86a2a58906d ] Request (FlavorsAccessNegativeTestJSON:setUpClass): 201 POST http://10.180.1.21/identity/v3/users 0.102s
2024-02-06 09:06:32.256 63462 INFO tempest.lib.common.rest_client [req-6d979d3e-0de7-473f-b945-90ddaaf50331 req-6d979d3e-0de7-473f-b945-90ddaaf50331 ] Request (HypervisorAdminV253TestBase:tearDownClass): 200 GET http://10.180.1.21:9696/networking/v2.0/security-groups?tenant_id=bc0dae60e66b426facc2e362c9859c33&name=default 0.646s
2024-02-06 09:06:32.275 63456 INFO tempest.lib.common.rest_client [req-0622f54d-4128-44b5-b917-6ab15bd19ce3 req-0622f54d-4128-44b5-b917-6ab15bd19ce3 ] Request (VolumesAssistedSnapshotsTest:setUpClass): 201 POST http://10.180.1.21/identity/v3/users 0.299s
2024-02-06 09:06:32.324 63467 INFO tempest.lib.common.rest_client [req-b1840bfd-0275-4d7a-9449-bc027195ee94 req-b1840bfd-0275-4d7a-9449-bc027195ee94 ] Request (FlavorsAccessNegativeTestJSON:setUpClass): 200 GET http://10.180.1.21/identity/v3/roles 0.068s
2024-02-06 09:06:32.361 63480 INFO tempest.lib.common.rest_client [req-38851c7c-106e-4e57-9b79-1c38b0c4c049 req-38851c7c-106e-4e57-9b79-1c38b0c4c049 ] Request (ServersAdminNegativeTestJSON:setUpClass): 202 POST http://10.180.1.21/compute/v2.1/servers 3.298s
2024-02-06 09:06:32.379 63456 INFO tempest.lib.common.rest_client [req-5987ea87-0cf1-4ffa-a65f-3b8e2e0abe2f req-5987ea87-0cf1-4ffa-a65f-3b8e2e0abe2f ] Request (VolumesAssistedSnapshotsTest:setUpClass): 200 GET http://10.180.1.21/identity/v3/roles 0.103s
2024-02-06 09:06:32.452 63467 INFO tempest.lib.common.rest_client [req-12c1b814-bd26-4fd7-98f0-0752356af9ef req-12c1b814-bd26-4fd7-98f0-0752356af9ef ] Request (FlavorsAccessNegativeTestJSON:setUpClass): 204 PUT http://10.180.1.21/identity/v3/projects/d0482ef1da3947f4a6a624023a7d11e1/users/5d7706d18c15425fa2ad89ae79bb24ab/roles/e6e13179767349f2abb3e9810e0dec9c 0.127s
2024-02-06 09:06:32.452 63467 INFO tempest.lib.common.dynamic_creds [-] Dynamic test user 5d7706d18c15425fa2ad89ae79bb24ab is created with scope project and roles: ['member']
2024-02-06 09:06:32.452 63467 INFO tempest.lib.common.dynamic_creds [-] Acquired dynamic creds:
 credentials: Credentials: {'domain_id': 'default', 'domain_name': 'Default', 'username': 'tempest-FlavorsAccessNegativeTestJSON-1479221275-project-member', 'project_domain_id': 'default', 'project_domain_name': 'Default', 'project_id': 'd0482ef1da3947f4a6a624023a7d11e1', 'project_name': 'tempest-FlavorsAccessNegativeTestJSON-1479221275', 'tenant_id': 'd0482ef1da3947f4a6a624023a7d11e1', 'tenant_name': 'tempest-FlavorsAccessNegativeTestJSON-1479221275', 'user_domain_id': 'default', 'user_domain_name': 'Default', 'user_id': '5d7706d18c15425fa2ad89ae79bb24ab', 'system': None}, Network: None, Subnet: None, Router: None
2024-02-06 09:06:32.453 63467 INFO tempest.lib.common.dynamic_creds [-] Created isolated network resources for:
 credentials: Credentials: {'domain_id': 'default', 'domain_name': 'Default', 'username': 'tempest-FlavorsAccessNegativeTestJSON-1479221275-project-member', 'project_domain_id': 'default', 'project_domain_name': 'Default', 'project_id': 'd0482ef1da3947f4a6a624023a7d11e1', 'project_name': 'tempest-FlavorsAccessNegativeTestJSON-1479221275', 'tenant_id': 'd0482ef1da3947f4a6a624023a7d11e1', 'tenant_name': 'tempest-FlavorsAccessNegativeTestJSON-1479221275', 'user_domain_id': 'default', 'user_domain_name': 'Default', 'user_id': '5d7706d18c15425fa2ad89ae79bb24ab', 'system': None}, Network: None, Subnet: None, Router: None
2024-02-06 09:06:32.582 63456 INFO tempest.lib.common.rest_client [req-f4f05b82-abcd-455c-95c1-b1fa128e41b9 req-f4f05b82-abcd-455c-95c1-b1fa128e41b9 ] Request (VolumesAssistedSnapshotsTest:setUpClass): 204 PUT http://10.180.1.21/identity/v3/projects/e3432ca14c914d9592404e0830393bb1/users/bc467535bb4a4cd9bc74195865622b65/roles/80fde7269b6a41239ecff336b12eccd4 0.203s
2024-02-06 09:06:32.706 63467 INFO tempest.lib.common.rest_client [req-4989622c-a53a-4313-bfad-e261f236100b req-4989622c-a53a-4313-bfad-e261f236100b ] Request (FlavorsAccessNegativeTestJSON:setUpClass): 201 POST http://10.180.1.21/identity/v3/auth/tokens 0.249s
2024-02-06 09:06:32.708 63456 INFO tempest.lib.common.rest_client [req-116e931d-bd5a-458c-870a-e09e862c1007 req-116e931d-bd5a-458c-870a-e09e862c1007 ] Request (VolumesAssistedSnapshotsTest:setUpClass): 200 GET http://10.180.1.21/identity/v3/roles 0.126s
2024-02-06 09:06:32.748 63456 INFO tempest.lib.common.rest_client [req-a8d24e02-9a1f-427e-a747-e419502c2553 req-a8d24e02-9a1f-427e-a747-e419502c2553 ] Request (VolumesAssistedSnapshotsTest:setUpClass): 204 PUT http://10.180.1.21/identity/v3/projects/e3432ca14c914d9592404e0830393bb1/users/bc467535bb4a4cd9bc74195865622b65/roles/ae293a3fdbba4e4581b3f579223042dd 0.039s
2024-02-06 09:06:32.748 63456 INFO tempest.lib.common.dynamic_creds [-] Dynamic test user bc467535bb4a4cd9bc74195865622b65 is created with scope project and roles: ['service', 'admin']
2024-02-06 09:06:32.748 63456 INFO tempest.lib.common.dynamic_creds [-] Acquired dynamic creds:
 credentials: Credentials: {'domain_id': 'default', 'domain_name': 'Default', 'username': 'tempest-VolumesAssistedSnapshotsTest-783029717-project', 'project_domain_id': 'default', 'project_domain_name': 'Default', 'project_id': 'e3432ca14c914d9592404e0830393bb1', 'project_name': 'tempest-VolumesAssistedSnapshotsTest-783029717', 'tenant_id': 'e3432ca14c914d9592404e0830393bb1', 'tenant_name': 'tempest-VolumesAssistedSnapshotsTest-783029717', 'user_domain_id': 'default', 'user_domain_name': 'Default', 'user_id': 'bc467535bb4a4cd9bc74195865622b65', 'system': None}, Network: None, Subnet: None, Router: None
2024-02-06 09:06:32.755 63467 INFO tempest.lib.common.rest_client [req-d467f6c7-d2ca-43c9-9da7-7e90e517e222 req-d467f6c7-d2ca-43c9-9da7-7e90e517e222 ] Request (FlavorsAccessNegativeTestJSON:setUpClass): 201 POST http://10.180.1.21/identity/v3/projects 0.049s
2024-02-06 09:06:32.763 63454 INFO tempest.lib.common.rest_client [req-f96a0b21-243b-4716-a3ce-1bb32baed087 req-f96a0b21-243b-4716-a3ce-1bb32baed087 ] Request (QuotasAdminTestV236:test_get_updated_quotas): 200 PUT http://10.180.1.21/compute/v2.1/os-quota-sets/5eb0e890ca644e2fa93d15f59a1dc1ab?user_id=025edb2368af42c38f7afdb97a410057 3.452s
2024-02-06 09:06:32.883 63462 INFO tempest.lib.common.rest_client [req-23a64b6b-c998-488b-af4e-275add0f7562 req-23a64b6b-c998-488b-af4e-275add0f7562 ] Request (HypervisorAdminV253TestBase:tearDownClass): 204 DELETE http://10.180.1.21:9696/networking/v2.0/security-groups/25d4e3c0-e987-4f01-bd26-f84707d30d83 0.626s
2024-02-06 09:06:32.909 63467 INFO tempest.lib.common.rest_client [req-0c1e9d0e-a52a-4e47-b947-8ff97e09de93 req-0c1e9d0e-a52a-4e47-b947-8ff97e09de93 ] Request (FlavorsAccessNegativeTestJSON:setUpClass): 201 POST http://10.180.1.21/identity/v3/users 0.153s
2024-02-06 09:06:32.913 63478 INFO tempest.lib.common.rest_client [req-06d0997c-b241-4d07-872a-096a9f542203 req-06d0997c-b241-4d07-872a-096a9f542203 ] Request (FlavorsV255TestJSON:test_crud_flavor): 200 GET http://10.180.1.21/compute/v2.1/flavors/1508502932 3.511s
2024-02-06 09:06:32.929 63467 INFO tempest.lib.common.rest_client [req-55f3df3d-1a5f-4bbd-b39e-4a7009f336f7 req-55f3df3d-1a5f-4bbd-b39e-4a7009f336f7 ] Request (FlavorsAccessNegativeTestJSON:setUpClass): 200 GET http://10.180.1.21/identity/v3/roles 0.019s
2024-02-06 09:06:32.969 63467 INFO tempest.lib.common.rest_client [req-2631578a-f515-43f2-94e5-0d48e464c184 req-2631578a-f515-43f2-94e5-0d48e464c184 ] Request (FlavorsAccessNegativeTestJSON:setUpClass): 204 PUT http://10.180.1.21/identity/v3/projects/522a6fc92052474eb84d15f597267e86/users/0070ca1e4ea842858d4bd2836ac187c2/roles/ae293a3fdbba4e4581b3f579223042dd 0.040s
2024-02-06 09:06:32.994 63462 INFO tempest.lib.common.rest_client [req-fd2ec388-7125-410e-9df4-4b42a3a65291 req-fd2ec388-7125-410e-9df4-4b42a3a65291 ] Request (HypervisorAdminV253TestBase:tearDownClass): 204 DELETE http://10.180.1.21/identity/v3/projects/bc0dae60e66b426facc2e362c9859c33 0.111s
2024-02-06 09:06:33.053 63467 INFO tempest.lib.common.rest_client [req-ba2be5cd-d7cd-4d14-b02c-a0dc1d69affe req-ba2be5cd-d7cd-4d14-b02c-a0dc1d69affe ] Request (FlavorsAccessNegativeTestJSON:setUpClass): 200 GET http://10.180.1.21/identity/v3/roles 0.083s
2024-02-06 09:06:33.081 63462 INFO tempest.lib.common.rest_client [req-0f49de0e-4b0a-4299-94e1-8c17a2dba05c req-0f49de0e-4b0a-4299-94e1-8c17a2dba05c ] Request (ServicesAdminNegativeTestJSON:setUpClass): 201 POST http://10.180.1.21/identity/v3/auth/tokens 0.085s
2024-02-06 09:06:33.120 63462 INFO tempest.lib.common.rest_client [req-e69528ce-84c5-44ab-afb9-97b3fa5c62a0 req-e69528ce-84c5-44ab-afb9-97b3fa5c62a0 ] Request (ServicesAdminNegativeTestJSON:setUpClass): 201 POST http://10.180.1.21/identity/v3/auth/tokens 0.037s
2024-02-06 09:06:33.129 63467 INFO tempest.lib.common.rest_client [req-a48cf0fd-1bbd-450f-a9be-9a67884febc6 req-a48cf0fd-1bbd-450f-a9be-9a67884febc6 ] Request (FlavorsAccessNegativeTestJSON:setUpClass): 204 PUT http://10.180.1.21/identity/v3/projects/522a6fc92052474eb84d15f597267e86/users/0070ca1e4ea842858d4bd2836ac187c2/roles/ae293a3fdbba4e4581b3f579223042dd 0.076s
2024-02-06 09:06:33.130 63467 INFO tempest.lib.common.dynamic_creds [-] Dynamic test user 0070ca1e4ea842858d4bd2836ac187c2 is created with scope project and roles: ['admin']
2024-02-06 09:06:33.130 63467 INFO tempest.lib.common.dynamic_creds [-] Acquired dynamic creds:
 credentials: Credentials: {'domain_id': 'default', 'domain_name': 'Default', 'username': 'tempest-FlavorsAccessNegativeTestJSON-663104485-project-admin', 'project_domain_id': 'default', 'project_domain_name': 'Default', 'project_id': '522a6fc92052474eb84d15f597267e86', 'project_name': 'tempest-FlavorsAccessNegativeTestJSON-663104485', 'tenant_id': '522a6fc92052474eb84d15f597267e86', 'tenant_name': 'tempest-FlavorsAccessNegativeTestJSON-663104485', 'user_domain_id': 'default', 'user_domain_name': 'Default', 'user_id': '0070ca1e4ea842858d4bd2836ac187c2', 'system': None}, Network: None, Subnet: None, Router: None
2024-02-06 09:06:33.130 63467 INFO tempest.lib.common.dynamic_creds [-] Created isolated network resources for:
 credentials: Credentials: {'domain_id': 'default', 'domain_name': 'Default', 'username': 'tempest-FlavorsAccessNegativeTestJSON-663104485-project-admin', 'project_domain_id': 'default', 'project_domain_name': 'Default', 'project_id': '522a6fc92052474eb84d15f597267e86', 'project_name': 'tempest-FlavorsAccessNegativeTestJSON-663104485', 'tenant_id': '522a6fc92052474eb84d15f597267e86', 'tenant_name': 'tempest-FlavorsAccessNegativeTestJSON-663104485', 'user_domain_id': 'default', 'user_domain_name': 'Default', 'user_id': '0070ca1e4ea842858d4bd2836ac187c2', 'system': None}, Network: None, Subnet: None, Router: None
2024-02-06 09:06:33.157 63486 INFO tempest.lib.common.rest_client [req-93c857e0-8c66-40d4-8389-ee423a854c37 req-93c857e0-8c66-40d4-8389-ee423a854c37 ] Request (NetworksTest:test_get_network): 200 GET http://10.180.1.21/compute/v2.1/os-networks/a8c50ca9-a925-40b1-992f-9bdcb197d203 3.691s
2024-02-06 09:06:33.186 63476 INFO tempest.lib.common.rest_client [req-ab90ca7e-107b-4737-898f-fc4d2868f971 req-ab90ca7e-107b-4737-898f-fc4d2868f971 ] Request (FlavorsAdminTestJSON:test_create_flavor_verify_entry_in_list_details): 200 POST http://10.180.1.21/compute/v2.1/flavors 3.696s
2024-02-06 09:06:33.194 63468 INFO tempest.lib.common.rest_client [req-4a8716ac-cb0c-46ca-aa14-e3831c8f0b0c req-4a8716ac-cb0c-46ca-aa14-e3831c8f0b0c ] Request (HypervisorAdminNegativeTestJSON:test_get_hypervisor_list_with_non_admin_user): 403 GET http://10.180.1.21/compute/v2.1/os-hypervisors 3.581s
2024-02-06 09:06:33.254 63462 INFO tempest.lib.common.rest_client [req-07b304a0-9193-49f0-8a8d-c1c3261a9dc6 req-07b304a0-9193-49f0-8a8d-c1c3261a9dc6 ] Request (ServicesAdminNegativeTestJSON:setUpClass): 200 GET http://10.180.1.21/identity/v3/domains?name=Default 0.133s
2024-02-06 09:06:33.276 63467 INFO tempest.lib.common.rest_client [req-c1de59ea-0167-4be4-b77f-9fb47c5c2de8 req-c1de59ea-0167-4be4-b77f-9fb47c5c2de8 ] Request (FlavorsAccessNegativeTestJSON:setUpClass): 201 POST http://10.180.1.21/identity/v3/auth/tokens 0.143s
2024-02-06 09:06:33.324 63462 INFO tempest.lib.common.rest_client [req-834c7ee9-e318-4fc1-a2e9-487f1e5e0d9b req-834c7ee9-e318-4fc1-a2e9-487f1e5e0d9b ] Request (ServicesAdminNegativeTestJSON:setUpClass): 201 POST http://10.180.1.21/identity/v3/projects 0.070s
2024-02-06 09:06:33.424 63467 INFO tempest.lib.common.rest_client [req-df7faa8d-b804-47c7-acfc-93d877318a94 req-df7faa8d-b804-47c7-acfc-93d877318a94 ] Request (FlavorsAccessNegativeTestJSON:setUpClass): 201 POST http://10.180.1.21/identity/v3/projects 0.147s
2024-02-06 09:06:33.500 63462 INFO tempest.lib.common.rest_client [req-91116cad-3724-428c-8630-3be86d552fc6 req-91116cad-3724-428c-8630-3be86d552fc6 ] Request (ServicesAdminNegativeTestJSON:setUpClass): 201 POST http://10.180.1.21/identity/v3/users 0.175s
2024-02-06 09:06:33.519 63462 INFO tempest.lib.common.rest_client [req-353977f3-d035-43d6-bc87-820dda1902c8 req-353977f3-d035-43d6-bc87-820dda1902c8 ] Request (ServicesAdminNegativeTestJSON:setUpClass): 200 GET http://10.180.1.21/identity/v3/roles 0.019s
2024-02-06 09:06:33.536 63467 INFO tempest.lib.common.rest_client [req-5a5bcece-cf1a-48d2-9d46-24e1e00dfec0 req-5a5bcece-cf1a-48d2-9d46-24e1e00dfec0 ] Request (FlavorsAccessNegativeTestJSON:setUpClass): 201 POST http://10.180.1.21/identity/v3/users 0.112s
2024-02-06 09:06:33.549 63474 INFO tempest.lib.common.rest_client [req-8e555069-47e9-45cf-902b-ab72e773e3a8 req-8e555069-47e9-45cf-902b-ab72e773e3a8 ] Request (ServersWithSpecificFlavorTestJSON:setUpClass): 201 POST http://10.180.1.21:9696/networking/v2.0/routers 3.632s
2024-02-06 09:06:33.557 63462 INFO tempest.lib.common.rest_client [req-2940ff49-963d-4c7c-bf11-79f3202852fa req-2940ff49-963d-4c7c-bf11-79f3202852fa ] Request (ServicesAdminNegativeTestJSON:setUpClass): 204 PUT http://10.180.1.21/identity/v3/projects/b9bab42051084730a756969002b1ae7d/users/87290a250a794d8b8b665d6cd6de0583/roles/e6e13179767349f2abb3e9810e0dec9c 0.037s
2024-02-06 09:06:33.557 63462 INFO tempest.lib.common.dynamic_creds [-] Dynamic test user 87290a250a794d8b8b665d6cd6de0583 is created with scope project and roles: ['member']
2024-02-06 09:06:33.557 63462 INFO tempest.lib.common.dynamic_creds [-] Acquired dynamic creds:
 credentials: Credentials: {'domain_id': 'default', 'domain_name': 'Default', 'username': 'tempest-ServicesAdminNegativeTestJSON-2120246145-project-member', 'project_domain_id': 'default', 'project_domain_name': 'Default', 'project_id': 'b9bab42051084730a756969002b1ae7d', 'project_name': 'tempest-ServicesAdminNegativeTestJSON-2120246145', 'tenant_id': 'b9bab42051084730a756969002b1ae7d', 'tenant_name': 'tempest-ServicesAdminNegativeTestJSON-2120246145', 'user_domain_id': 'default', 'user_domain_name': 'Default', 'user_id': '87290a250a794d8b8b665d6cd6de0583', 'system': None}, Network: None, Subnet: None, Router: None
2024-02-06 09:06:33.558 63462 INFO tempest.lib.common.dynamic_creds [-] Created isolated network resources for:
 credentials: Credentials: {'domain_id': 'default', 'domain_name': 'Default', 'username': 'tempest-ServicesAdminNegativeTestJSON-2120246145-project-member', 'project_domain_id': 'default', 'project_domain_name': 'Default', 'project_id': 'b9bab42051084730a756969002b1ae7d', 'project_name': 'tempest-ServicesAdminNegativeTestJSON-2120246145', 'tenant_id': 'b9bab42051084730a756969002b1ae7d', 'tenant_name': 'tempest-ServicesAdminNegativeTestJSON-2120246145', 'user_domain_id': 'default', 'user_domain_name': 'Default', 'user_id': '87290a250a794d8b8b665d6cd6de0583', 'system': None}, Network: None, Subnet: None, Router: None
2024-02-06 09:06:33.578 63494 INFO tempest.lib.common.rest_client [req-a66ff862-ba1d-4e28-8945-7a60d8962259 req-a66ff862-ba1d-4e28-8945-7a60d8962259 ] Request (FloatingIPDetailsTestJSON:setUpClass): 404 POST http://10.180.1.21/compute/v2.1/os-floating-ips 3.913s
2024-02-06 09:06:33.579 63494 INFO tempest.test [-] <class 'tempest.lib.exceptions.NotFound'> raised in FloatingIPDetailsTestJSON.setUpClass. Invoking tearDownClass.
2024-02-06 09:06:33.610 63467 INFO tempest.lib.common.rest_client [req-8b18d2e5-865b-4fb8-8580-95a667fa8c32 req-8b18d2e5-865b-4fb8-8580-95a667fa8c32 ] Request (FlavorsAccessNegativeTestJSON:setUpClass): 200 GET http://10.180.1.21/identity/v3/roles 0.073s
2024-02-06 09:06:33.676 63462 INFO tempest.lib.common.rest_client [req-057e9d00-2c94-410f-9dc8-803fd78956b6 req-057e9d00-2c94-410f-9dc8-803fd78956b6 ] Request (ServicesAdminNegativeTestJSON:setUpClass): 201 POST http://10.180.1.21/identity/v3/auth/tokens 0.114s
2024-02-06 09:06:33.714 63467 INFO tempest.lib.common.rest_client [req-274b1eea-020b-490d-b99b-6c4133408792 req-274b1eea-020b-490d-b99b-6c4133408792 ] Request (FlavorsAccessNegativeTestJSON:setUpClass): 204 PUT http://10.180.1.21/identity/v3/projects/12dcb64ab5294c969892290359708bbb/users/b3bfe5f684354212911f6c974446db72/roles/e6e13179767349f2abb3e9810e0dec9c 0.104s
2024-02-06 09:06:33.714 63467 INFO tempest.lib.common.dynamic_creds [-] Dynamic test user b3bfe5f684354212911f6c974446db72 is created with scope project and roles: ['member']
2024-02-06 09:06:33.714 63467 INFO tempest.lib.common.dynamic_creds [-] Acquired dynamic creds:
 credentials: Credentials: {'domain_id': 'default', 'domain_name': 'Default', 'username': 'tempest-FlavorsAccessNegativeTestJSON-1240060105-project-member', 'project_domain_id': 'default', 'project_domain_name': 'Default', 'project_id': '12dcb64ab5294c969892290359708bbb', 'project_name': 'tempest-FlavorsAccessNegativeTestJSON-1240060105', 'tenant_id': '12dcb64ab5294c969892290359708bbb', 'tenant_name': 'tempest-FlavorsAccessNegativeTestJSON-1240060105', 'user_domain_id': 'default', 'user_domain_name': 'Default', 'user_id': 'b3bfe5f684354212911f6c974446db72', 'system': None}, Network: None, Subnet: None, Router: None
2024-02-06 09:06:33.715 63467 INFO tempest.lib.common.dynamic_creds [-] Created isolated network resources for:
 credentials: Credentials: {'domain_id': 'default', 'domain_name': 'Default', 'username': 'tempest-FlavorsAccessNegativeTestJSON-1240060105-project-member', 'project_domain_id': 'default', 'project_domain_name': 'Default', 'project_id': '12dcb64ab5294c969892290359708bbb', 'project_name': 'tempest-FlavorsAccessNegativeTestJSON-1240060105', 'tenant_id': '12dcb64ab5294c969892290359708bbb', 'tenant_name': 'tempest-FlavorsAccessNegativeTestJSON-1240060105', 'user_domain_id': 'default', 'user_domain_name': 'Default', 'user_id': 'b3bfe5f684354212911f6c974446db72', 'system': None}, Network: None, Subnet: None, Router: None
2024-02-06 09:06:33.795 63462 INFO tempest.lib.common.rest_client [req-ef022c96-380f-450a-a472-fe620eb5ff07 req-ef022c96-380f-450a-a472-fe620eb5ff07 ] Request (ServicesAdminNegativeTestJSON:setUpClass): 201 POST http://10.180.1.21/identity/v3/projects 0.118s
2024-02-06 09:06:33.839 63467 INFO tempest.lib.common.rest_client [req-b65a3d9a-82c8-4e5d-9498-566822919f40 req-b65a3d9a-82c8-4e5d-9498-566822919f40 ] Request (FlavorsAccessNegativeTestJSON:setUpClass): 201 POST http://10.180.1.21/identity/v3/auth/tokens 0.122s
2024-02-06 09:06:33.840 63467 WARNING tempest.lib.common.rest_client [-] Deprecated: "tenant_id" property is deprecated for removal, use "project_id" instead
2024-02-06 09:06:33.860 63462 INFO tempest.lib.common.rest_client [req-2db5a0bd-a0eb-4203-a393-e60658bc222b req-2db5a0bd-a0eb-4203-a393-e60658bc222b ] Request (ServicesAdminNegativeTestJSON:setUpClass): 201 POST http://10.180.1.21/identity/v3/users 0.064s
2024-02-06 09:06:33.879 63462 INFO tempest.lib.common.rest_client [req-fb99e5ca-79e2-423e-b26f-0b06dc9a1d08 req-fb99e5ca-79e2-423e-b26f-0b06dc9a1d08 ] Request (ServicesAdminNegativeTestJSON:setUpClass): 200 GET http://10.180.1.21/identity/v3/roles 0.019s
2024-02-06 09:06:33.917 63462 INFO tempest.lib.common.rest_client [req-989cde58-0a6a-457f-a10c-6738ffcfe3e8 req-989cde58-0a6a-457f-a10c-6738ffcfe3e8 ] Request (ServicesAdminNegativeTestJSON:setUpClass): 204 PUT http://10.180.1.21/identity/v3/projects/ea29b48a87954d179d35a13666310259/users/9eebbcad22cd4c6590c1166197330c88/roles/ae293a3fdbba4e4581b3f579223042dd 0.037s
2024-02-06 09:06:33.983 63462 INFO tempest.lib.common.rest_client [req-aa8699fe-ade4-42e9-9dbb-7c26dc4e6836 req-aa8699fe-ade4-42e9-9dbb-7c26dc4e6836 ] Request (ServicesAdminNegativeTestJSON:setUpClass): 200 GET http://10.180.1.21/identity/v3/roles 0.065s
2024-02-06 09:06:34.013 63462 INFO tempest.lib.common.rest_client [req-48f13fa4-e461-495a-9436-bfe0bf764c23 req-48f13fa4-e461-495a-9436-bfe0bf764c23 ] Request (ServicesAdminNegativeTestJSON:setUpClass): 204 PUT http://10.180.1.21/identity/v3/projects/ea29b48a87954d179d35a13666310259/users/9eebbcad22cd4c6590c1166197330c88/roles/ae293a3fdbba4e4581b3f579223042dd 0.029s
2024-02-06 09:06:34.013 63462 INFO tempest.lib.common.dynamic_creds [-] Dynamic test user 9eebbcad22cd4c6590c1166197330c88 is created with scope project and roles: ['admin']
2024-02-06 09:06:34.013 63462 INFO tempest.lib.common.dynamic_creds [-] Acquired dynamic creds:
 credentials: Credentials: {'domain_id': 'default', 'domain_name': 'Default', 'username': 'tempest-ServicesAdminNegativeTestJSON-1425296674-project-admin', 'project_domain_id': 'default', 'project_domain_name': 'Default', 'project_id': 'ea29b48a87954d179d35a13666310259', 'project_name': 'tempest-ServicesAdminNegativeTestJSON-1425296674', 'tenant_id': 'ea29b48a87954d179d35a13666310259', 'tenant_name': 'tempest-ServicesAdminNegativeTestJSON-1425296674', 'user_domain_id': 'default', 'user_domain_name': 'Default', 'user_id': '9eebbcad22cd4c6590c1166197330c88', 'system': None}, Network: None, Subnet: None, Router: None
2024-02-06 09:06:34.013 63462 INFO tempest.lib.common.dynamic_creds [-] Created isolated network resources for:
 credentials: Credentials: {'domain_id': 'default', 'domain_name': 'Default', 'username': 'tempest-ServicesAdminNegativeTestJSON-1425296674-project-admin', 'project_domain_id': 'default', 'project_domain_name': 'Default', 'project_id': 'ea29b48a87954d179d35a13666310259', 'project_name': 'tempest-ServicesAdminNegativeTestJSON-1425296674', 'tenant_id': 'ea29b48a87954d179d35a13666310259', 'tenant_name': 'tempest-ServicesAdminNegativeTestJSON-1425296674', 'user_domain_id': 'default', 'user_domain_name': 'Default', 'user_id': '9eebbcad22cd4c6590c1166197330c88', 'system': None}, Network: None, Subnet: None, Router: None
2024-02-06 09:06:34.121 63462 INFO tempest.lib.common.rest_client [req-d02ddad7-259a-4994-a1cc-1a32931e1d75 req-d02ddad7-259a-4994-a1cc-1a32931e1d75 ] Request (ServicesAdminNegativeTestJSON:setUpClass): 201 POST http://10.180.1.21/identity/v3/auth/tokens 0.106s
2024-02-06 09:06:34.186 63456 INFO tempest.lib.common.rest_client [req-6cae7fa8-c259-4db7-b554-762cc9d00f79 req-6cae7fa8-c259-4db7-b554-762cc9d00f79 ] Request (VolumesAssistedSnapshotsTest:setUpClass): 201 POST http://10.180.1.21:9696/networking/v2.0/networks 1.438s
2024-02-06 09:06:34.241 63484 INFO tempest.lib.common.rest_client [req-286f9884-f21d-4a55-92f8-7b9e1be82a63 req-286f9884-f21d-4a55-92f8-7b9e1be82a63 ] Request (ServersTestBootFromVolume:setUpClass): 201 POST http://10.180.1.21:9696/networking/v2.0/routers 4.146s
2024-02-06 09:06:34.277 63500 INFO tempest.lib.common.rest_client [req-22dca4e6-6372-4c46-acaf-fc503ad7f5b0 req-22dca4e6-6372-4c46-acaf-fc503ad7f5b0 ] Request (FloatingIPsAssociationNegativeTestJSON:setUpClass): 202 POST http://10.180.1.21/compute/v2.1/servers 5.073s
2024-02-06 09:06:34.316 63458 INFO tempest.lib.common.rest_client [req-f437d3bf-71ab-43f2-a06b-fe43e438440c req-f437d3bf-71ab-43f2-a06b-fe43e438440c ] Request (AggregatesAdminNegativeTestJSON:test_aggregate_add_existent_host): 200 POST http://10.180.1.21/compute/v2.1/os-aggregates 4.379s
2024-02-06 09:06:34.342 63490 INFO tempest.lib.common.rest_client [req-f2900e40-398c-4cec-82ed-f9f2a3e1d5f6 req-f2900e40-398c-4cec-82ed-f9f2a3e1d5f6 ] Request (HostsAdminTestJSON:test_list_hosts_with_a_blank_zone): 200 GET http://10.180.1.21/compute/v2.1/os-hosts?zone= 4.307s
2024-02-06 09:06:34.472 63461 INFO tempest.lib.common.rest_client [req-15c75b5f-88ac-4523-ac10-b55f4f368cc0 req-15c75b5f-88ac-4523-ac10-b55f4f368cc0 ] Request (FlavorsExtraSpecsNegativeTestJSON:test_flavor_get_nonexistent_key): 404 GET http://10.180.1.21/compute/v2.1/flavors/41131223/os-extra_specs/hw:cpu_thread_policy 4.155s
2024-02-06 09:06:34.539 63473 INFO tempest.lib.common.rest_client [req-133ee82e-8acb-428e-8f6f-95515afb0629 req-133ee82e-8acb-428e-8f6f-95515afb0629 ] Request (HostsAdminNegativeTestJSON:test_list_hosts_with_non_admin_user): 403 GET http://10.180.1.21/compute/v2.1/os-hosts 4.074s
2024-02-06 09:06:34.560 63452 INFO tempest.lib.common.rest_client [req-c45b483a-2de3-47aa-a5f8-7380360298a9 req-c45b483a-2de3-47aa-a5f8-7380360298a9 ] Request (HypervisorAdminNegativeUnderV252Test:test_search_nonexistent_hypervisor): 404 GET http://10.180.1.21/compute/v2.1/os-hypervisors/nonexistent_hypervisor_name/search 3.824s
2024-02-06 09:06:34.776 63482 INFO tempest.lib.common.rest_client [req-d0b80b31-5a3d-4a92-93f8-8bfb51f63858 req-d0b80b31-5a3d-4a92-93f8-8bfb51f63858 ] Request (QuotasAdminNegativeTest:test_create_server_when_cpu_quota_is_full): 200 PUT http://10.180.1.21/compute/v2.1/os-quota-sets/51bff530f0844285a29be0c00a2fdcbb 3.993s
2024-02-06 09:06:34.855 63502 INFO tempest.lib.common.rest_client [req-43908929-18d9-4202-8a11-9396f20f31cc req-43908929-18d9-4202-8a11-9396f20f31cc ] Request (KeyPairsV210TestJSON:test_admin_manage_keypairs_for_other_users): 201 POST http://10.180.1.21/compute/v2.1/os-keypairs 3.954s
2024-02-06 09:06:34.861 63482 INFO tempest.lib.common.rest_client [req-5eaaab69-e065-4d60-b8f2-1ea1b2a4b90c req-5eaaab69-e065-4d60-b8f2-1ea1b2a4b90c ] Request (QuotasAdminNegativeTest:test_create_server_when_cpu_quota_is_full): 201 POST http://10.180.1.21/identity/v3/auth/tokens 0.080s
2024-02-06 09:06:34.861 63482 INFO tempest.lib.common.fixed_network [-] (QuotasAdminNegativeTest:test_create_server_when_cpu_quota_is_full) Found network None available for tenant
2024-02-06 09:06:35.071 63470 INFO tempest.lib.common.rest_client [req-f50557a8-3de6-4ef8-88cd-2fa6193e6f9f req-f50557a8-3de6-4ef8-88cd-2fa6193e6f9f ] Request (FloatingIPsNegativeTestJSON:test_allocate_floating_ip_from_nonexistent_pool): 404 POST http://10.180.1.21/compute/v2.1/os-floating-ips 4.084s
2024-02-06 09:06:35.088 63456 INFO tempest.lib.common.rest_client [req-40aff3ad-650f-4c23-a02a-39d0b77fb61b req-40aff3ad-650f-4c23-a02a-39d0b77fb61b ] Request (VolumesAssistedSnapshotsTest:setUpClass): 201 POST http://10.180.1.21:9696/networking/v2.0/subnets 0.901s
2024-02-06 09:06:35.124 63504 INFO tempest.lib.common.rest_client [req-a83e8dd5-78c3-4ae6-88fb-171d17f0d69f req-a83e8dd5-78c3-4ae6-88fb-171d17f0d69f ] Request (AZAdminV2TestJSON:test_get_availability_zone_list_detail): 200 GET http://10.180.1.21/compute/v2.1/os-availability-zone/detail 3.842s
2024-02-06 09:06:35.184 63492 INFO tempest.lib.common.rest_client [req-9e2885f0-382c-444d-9c71-ff0848070f95 req-9e2885f0-382c-444d-9c71-ff0848070f95 ] Request (FloatingIPsAssociationTestJSON:setUpClass): 202 POST http://10.180.1.21/compute/v2.1/servers 5.385s
2024-02-06 09:06:35.315 63509 INFO tempest.lib.common.rest_client [req-c9778acb-e016-4b64-b0f1-ecfade1295f7 req-c9778acb-e016-4b64-b0f1-ecfade1295f7 ] Request (FlavorsAccessTestJSON:test_flavor_access_add_remove): 200 POST http://10.180.1.21/compute/v2.1/flavors/2134476441/action 3.926s
2024-02-06 09:06:35.482 63504 INFO tempest.lib.common.rest_client [req-b1957b7a-9aad-468b-8aa1-9c07b2a79155 req-b1957b7a-9aad-468b-8aa1-9c07b2a79155 ] Request (AZAdminV2TestJSON:tearDownClass): 204 DELETE http://10.180.1.21/identity/v3/users/5c59a2301b88455d9848bf54b81b785d 0.354s
2024-02-06 09:06:35.482 63513 INFO tempest.lib.common.rest_client [req-af733150-41a5-4d95-abde-790070e4d4f7 req-af733150-41a5-4d95-abde-790070e4d4f7 ] Request (ServersAdmin275Test:test_rebuild_update_server_275): 200 GET http://10.180.1.21/compute/v2.1/servers/53e0e94e-e81c-44b0-bb52-18759172d614 3.861s
2024-02-06 09:06:35.612 63496 INFO tempest.lib.common.rest_client [req-5b53bd56-c54d-46a8-899c-ee46f238ce1e req-5b53bd56-c54d-46a8-899c-ee46f238ce1e ] Request (ServerDiagnosticsTest:test_get_server_diagnostics): 200 GET http://10.180.1.21/compute/v2.1/servers/f7e43c56-e126-4e5a-944a-bba89f2f9744 3.460s
2024-02-06 09:06:35.621 63465 INFO tempest.lib.common.rest_client [req-3881b24e-4de3-4fec-a6fb-a400d51410fb req-3881b24e-4de3-4fec-a6fb-a400d51410fb ] Request (DeleteServersAdminTestJSON:test_admin_delete_servers_of_others): 200 GET http://10.180.1.21/compute/v2.1/servers/99698b8b-8a66-46ce-8bf1-cc00239e644b 4.193s
2024-02-06 09:06:35.678 63504 INFO tempest.lib.common.rest_client [req-fbc4f3de-9c49-465e-9bcf-b42bb500146d req-fbc4f3de-9c49-465e-9bcf-b42bb500146d ] Request (AZAdminV2TestJSON:tearDownClass): 204 DELETE http://10.180.1.21/identity/v3/users/dd4a1efb483147f0acb8b6c75b61b983 0.196s
2024-02-06 09:06:35.679 63504 INFO tempest.lib.common.dynamic_creds [-] Deleting project and security group for project: 3a53977eb67f4ef4935de87041516ce8
2024-02-06 09:06:35.757 63488 INFO tempest.lib.common.rest_client [req-f5417023-83dd-4329-b65e-9f66a1284b21 req-f5417023-83dd-4329-b65e-9f66a1284b21 ] Request (ServerDiagnosticsNegativeTest:test_get_server_diagnostics_by_non_admin): 200 GET http://10.180.1.21/compute/v2.1/servers/2e938efc-55d2-4116-8989-354ec339579f 3.581s
2024-02-06 09:06:35.769 63480 INFO tempest.lib.common.rest_client [req-81429686-9ed8-4633-b52c-8584f51591da req-81429686-9ed8-4633-b52c-8584f51591da ] Request (ServersAdminNegativeTestJSON:setUpClass): 200 GET http://10.180.1.21/compute/v2.1/servers/75fd2a2c-4ef5-4b42-b309-53cff148c772 3.406s
2024-02-06 09:06:35.777 63504 INFO tempest.lib.common.rest_client [req-49b282b6-a902-4d48-abcc-e61fd612b727 req-49b282b6-a902-4d48-abcc-e61fd612b727 ] Request (AZAdminV2TestJSON:tearDownClass): 201 POST http://10.180.1.21/identity/v3/auth/tokens 0.099s
2024-02-06 09:06:35.889 63506 INFO tempest.lib.common.rest_client [req-0011d5c0-edff-496b-8fc5-83c457c3f27d req-0011d5c0-edff-496b-8fc5-83c457c3f27d ] Request (AutoAllocateNetworkTest:test_server_create_no_allocate): 200 GET http://10.180.1.21/compute/v2.1/servers/f9954bd1-8df3-445c-bb4c-ee316b7b0447 3.257s
2024-02-06 09:06:35.946 63478 INFO tempest.lib.common.rest_client [req-fc23043e-ecc0-47d8-a847-d626a7d35786 req-fc23043e-ecc0-47d8-a847-d626a7d35786 ] Request (FlavorsV255TestJSON:test_crud_flavor): 200 PUT http://10.180.1.21/compute/v2.1/flavors/1508502932 3.030s
2024-02-06 09:06:36.001 63454 INFO tempest.lib.common.rest_client [req-493ae690-42cf-45ce-a62d-670a095d0cf2 req-493ae690-42cf-45ce-a62d-670a095d0cf2 ] Request (QuotasAdminTestV236:test_get_updated_quotas): 200 GET http://10.180.1.21/compute/v2.1/os-quota-sets/5eb0e890ca644e2fa93d15f59a1dc1ab?user_id=025edb2368af42c38f7afdb97a410057 3.235s
2024-02-06 09:06:36.019 63476 INFO tempest.lib.common.rest_client [req-17487cce-effc-4c1f-9e0f-c9264edd6b79 req-17487cce-effc-4c1f-9e0f-c9264edd6b79 ] Request (FlavorsAdminTestJSON:test_create_flavor_verify_entry_in_list_details): 200 GET http://10.180.1.21/compute/v2.1/flavors/detail 2.831s
2024-02-06 09:06:36.023 63468 INFO tempest.lib.common.rest_client [req-91661e96-082e-4db4-ab5a-5f21f151d881 req-91661e96-082e-4db4-ab5a-5f21f151d881 ] Request (HypervisorAdminNegativeTestJSON:test_get_hypervisor_stats_with_non_admin_user): 403 GET http://10.180.1.21/compute/v2.1/os-hypervisors/statistics 2.828s
2024-02-06 09:06:36.097 63454 INFO tempest.lib.common.rest_client [req-5cd17871-99a6-40fa-be34-0d03eac994c6 req-5cd17871-99a6-40fa-be34-0d03eac994c6 ] Request (QuotasAdminTestV236:_run_cleanups): 204 DELETE http://10.180.1.21/identity/v3/users/025edb2368af42c38f7afdb97a410057 0.094s
2024-02-06 09:06:36.141 63486 INFO tempest.lib.common.rest_client [req-86694042-fd6d-4e17-9a12-d6d95124d5dc req-86694042-fd6d-4e17-9a12-d6d95124d5dc ] Request (NetworksTest:test_list_all_networks): 200 GET http://10.180.1.21/compute/v2.1/os-networks 2.978s
2024-02-06 09:06:36.145 63467 INFO tempest.lib.common.rest_client [req-3cc17206-d54c-4759-b3bb-e36787d51799 req-3cc17206-d54c-4759-b3bb-e36787d51799 ] Request (FlavorsAccessNegativeTestJSON:test_add_flavor_access_duplicate): 200 POST http://10.180.1.21/compute/v2.1/flavors 2.305s
2024-02-06 09:06:36.293 63454 INFO tempest.lib.common.rest_client [req-882cbe71-f1e2-4fe0-8042-bff586639f9d req-882cbe71-f1e2-4fe0-8042-bff586639f9d ] Request (QuotasAdminTestV236:_run_cleanups): 204 DELETE http://10.180.1.21/identity/v3/projects/5eb0e890ca644e2fa93d15f59a1dc1ab 0.196s
2024-02-06 09:06:36.331 63462 INFO tempest.lib.common.rest_client [req-97dfa333-b815-47d3-91a5-7b4f82ecd508 req-97dfa333-b815-47d3-91a5-7b4f82ecd508 ] Request (ServicesAdminNegativeTestJSON:test_get_service_by_invalid_params): 200 GET http://10.180.1.21/compute/v2.1/os-services 2.208s
2024-02-06 09:06:36.404 63454 INFO tempest.lib.common.rest_client [req-e3a2da25-79c8-4cdb-bc85-e9e1839aa723 req-e3a2da25-79c8-4cdb-bc85-e9e1839aa723 ] Request (QuotasAdminTestV236:tearDownClass): 204 DELETE http://10.180.1.21/identity/v3/users/94123a4c6337457d86d0ea4986ea6a36 0.105s
2024-02-06 09:06:36.422 63486 INFO tempest.lib.common.rest_client [req-51b11334-ab35-469e-97e2-e5f4d010dc9e req-51b11334-ab35-469e-97e2-e5f4d010dc9e ] Request (NetworksTest:tearDownClass): 204 DELETE http://10.180.1.21/identity/v3/users/069b1f3fd0fd4746be98372694cdd495 0.280s
2024-02-06 09:06:36.468 63494 INFO tempest.lib.common.rest_client [req-5c15a52b-23b4-4bfb-b98c-efa07316836b req-5c15a52b-23b4-4bfb-b98c-efa07316836b ] Request (FloatingIPDetailsTestJSON:tearDownClass): 200 PUT http://10.180.1.21:9696/networking/v2.0/routers/c450cf1e-3d8a-4edf-a8ab-9b9b3daa4d9e/remove_router_interface 2.888s
2024-02-06 09:06:36.539 63454 INFO tempest.lib.common.rest_client [req-850444d0-28ff-47f2-85da-0f1589c7b8ef req-850444d0-28ff-47f2-85da-0f1589c7b8ef ] Request (QuotasAdminTestV236:tearDownClass): 204 DELETE http://10.180.1.21/identity/v3/users/1aececa4cc22402da2a6f6c631f42437 0.134s
2024-02-06 09:06:36.539 63454 INFO tempest.lib.common.dynamic_creds [-] Deleting project and security group for project: c602029782e64c739536eb268a78866c
2024-02-06 09:06:36.552 63486 INFO tempest.lib.common.rest_client [req-1137159b-2692-4ea7-9260-de26cf08e85f req-1137159b-2692-4ea7-9260-de26cf08e85f ] Request (NetworksTest:tearDownClass): 204 DELETE http://10.180.1.21/identity/v3/users/ff476363d235488eb74ed60f06be2367 0.129s
2024-02-06 09:06:36.552 63486 INFO tempest.lib.common.dynamic_creds [-] Deleting project and security group for project: a5b16d57b4c744a791535a6b64b884c5
2024-02-06 09:06:36.590 63454 INFO tempest.lib.common.rest_client [req-4f3cd6af-08fd-4ba2-93b5-b957906bb57e req-4f3cd6af-08fd-4ba2-93b5-b957906bb57e ] Request (QuotasAdminTestV236:tearDownClass): 201 POST http://10.180.1.21/identity/v3/auth/tokens 0.051s
2024-02-06 09:06:36.608 63486 INFO tempest.lib.common.rest_client [req-228719a1-fd16-4b33-94a1-5cd163326d0d req-228719a1-fd16-4b33-94a1-5cd163326d0d ] Request (NetworksTest:tearDownClass): 201 POST http://10.180.1.21/identity/v3/auth/tokens 0.055s
2024-02-06 09:06:36.703 63458 INFO tempest.lib.common.rest_client [req-ca4ce0e6-b512-40a0-85f1-7fca3fab1ecd req-ca4ce0e6-b512-40a0-85f1-7fca3fab1ecd ] Request (AggregatesAdminNegativeTestJSON:test_aggregate_add_existent_host): 200 POST http://10.180.1.21/compute/v2.1/os-aggregates/1/action 2.385s
2024-02-06 09:06:36.733 63490 INFO tempest.lib.common.rest_client [req-21c13014-b91a-4335-9f27-7325f448700c req-21c13014-b91a-4335-9f27-7325f448700c ] Request (HostsAdminTestJSON:test_list_hosts_with_nonexistent_zone): 200 GET http://10.180.1.21/compute/v2.1/os-hosts?zone=xxx 2.388s
2024-02-06 09:06:36.741 63461 INFO tempest.lib.common.rest_client [req-5c3abc9c-d3f2-4de3-8e98-44f9464b29f0 req-5c3abc9c-d3f2-4de3-8e98-44f9464b29f0 ] Request (FlavorsExtraSpecsNegativeTestJSON:test_flavor_non_admin_set_keys): 403 POST http://10.180.1.21/compute/v2.1/flavors/41131223/os-extra_specs 2.261s
2024-02-06 09:06:36.749 63473 INFO tempest.lib.common.rest_client [req-83bcd107-ed6e-4c64-b3ba-782f18988ddf req-83bcd107-ed6e-4c64-b3ba-782f18988ddf ] Request (HostsAdminNegativeTestJSON:test_reboot_host_with_non_admin_user): 403 GET http://10.180.1.21/compute/v2.1/os-hosts/devstack/reboot 2.205s
2024-02-06 09:06:36.773 63452 INFO tempest.lib.common.rest_client [req-a532eccd-46bf-4a00-98e8-4f6abd790e67 req-a532eccd-46bf-4a00-98e8-4f6abd790e67 ] Request (HypervisorAdminNegativeUnderV252Test:test_show_servers_with_non_admin_user): 200 GET http://10.180.1.21/compute/v2.1/os-hypervisors 2.212s
2024-02-06 09:06:36.792 63502 INFO tempest.lib.common.rest_client [req-a6eb56e7-228f-4c89-aba9-6e87cc5f4a34 req-a6eb56e7-228f-4c89-aba9-6e87cc5f4a34 ] Request (KeyPairsV210TestJSON:test_admin_manage_keypairs_for_other_users): 200 GET http://10.180.1.21/compute/v2.1/os-keypairs/tempest-keypair-1350809168?user_id=3f8437d9672c4610a96bb755393b7f52 1.935s
2024-02-06 09:06:36.944 63500 INFO tempest.lib.common.rest_client [req-c8f0d4fc-bfc0-428f-815b-de1e9c984284 req-c8f0d4fc-bfc0-428f-815b-de1e9c984284 ] Request (FloatingIPsAssociationNegativeTestJSON:setUpClass): 200 GET http://10.180.1.21/compute/v2.1/servers/4ca19153-519c-49e3-bdfd-1f5ea77b24a0 2.664s
2024-02-06 09:06:37.132 63498 INFO tempest.lib.common.rest_client [req-9f222c29-fbf8-481d-a8bb-431bc340b917 req-9f222c29-fbf8-481d-a8bb-431bc340b917 ] Request (SecurityGroupRulesTestJSON:setUpClass): 201 POST http://10.180.1.21:9696/networking/v2.0/routers 4.962s
2024-02-06 09:06:37.276 63482 INFO tempest.lib.common.rest_client [req-3f0720dd-3e49-43c0-972e-51a03e1dbe64 req-3f0720dd-3e49-43c0-972e-51a03e1dbe64 ] Request (QuotasAdminNegativeTest:test_create_server_when_cpu_quota_is_full): 403 POST http://10.180.1.21/compute/v2.1/servers 2.414s
2024-02-06 09:06:37.380 63454 INFO tempest.lib.common.rest_client [req-bdb90df5-299a-46a9-a8a3-1e9605f45617 req-bdb90df5-299a-46a9-a8a3-1e9605f45617 ] Request (QuotasAdminTestV236:tearDownClass): 200 GET http://10.180.1.21:9696/networking/v2.0/security-groups?tenant_id=c602029782e64c739536eb268a78866c&name=default 0.789s
2024-02-06 09:06:37.403 63492 INFO tempest.lib.common.rest_client [req-93127c13-ddb8-412b-8fc9-e3e74828bc58 req-93127c13-ddb8-412b-8fc9-e3e74828bc58 ] Request (FloatingIPsAssociationTestJSON:setUpClass): 200 GET http://10.180.1.21/compute/v2.1/servers/bd0eef47-56e8-45b6-92b1-e81400994572 2.217s
2024-02-06 09:06:37.422 63509 INFO tempest.lib.common.rest_client [req-58c60cb1-0c2b-4243-8c46-8f59f43be450 req-58c60cb1-0c2b-4243-8c46-8f59f43be450 ] Request (FlavorsAccessTestJSON:test_flavor_access_add_remove): 200 GET http://10.180.1.21/compute/v2.1/flavors/detail 2.106s
2024-02-06 09:06:37.438 63478 INFO tempest.lib.common.rest_client [req-59939e46-f582-4396-80d0-f0355ca01fbd req-59939e46-f582-4396-80d0-f0355ca01fbd ] Request (FlavorsV255TestJSON:test_crud_flavor): 200 GET http://10.180.1.21/compute/v2.1/flavors/detail 1.489s
2024-02-06 09:06:37.470 63484 INFO tempest.lib.common.rest_client [req-3e20edb7-7e52-40a0-a5e7-80def843c9d8 req-3e20edb7-7e52-40a0-a5e7-80def843c9d8 ] Request (ServersTestBootFromVolume:setUpClass): 200 PUT http://10.180.1.21:9696/networking/v2.0/routers/d8d0b7ec-3577-4c52-95af-973fa1348ad3/add_router_interface 3.228s
2024-02-06 09:06:37.470 63484 INFO tempest.lib.common.dynamic_creds [-] Created isolated network resources for:
 credentials: Credentials: {'domain_id': 'default', 'domain_name': 'Default', 'username': 'tempest-ServersTestBootFromVolume-245018572-project-member', 'project_domain_id': 'default', 'project_domain_name': 'Default', 'project_id': '1ebabc7e16ce4d48bfe2477d1e630e9f', 'project_name': 'tempest-ServersTestBootFromVolume-245018572', 'tenant_id': '1ebabc7e16ce4d48bfe2477d1e630e9f', 'tenant_name': 'tempest-ServersTestBootFromVolume-245018572', 'user_domain_id': 'default', 'user_domain_name': 'Default', 'user_id': 'b518bee86ded4f719e31c1fc661f9e86', 'system': None}, Network: {'id': '7b664f54-e7ed-473b-b3d6-87cb53f91f3c', 'name': 'tempest-ServersTestBootFromVolume-853027370-network', 'tenant_id': '1ebabc7e16ce4d48bfe2477d1e630e9f', 'admin_state_up': True, 'mtu': 8950, 'status': 'ACTIVE', 'subnets': [], 'shared': False, 'project_id': '1ebabc7e16ce4d48bfe2477d1e630e9f', 'port_security_enabled': True, 'router:external': False, 'provider:network_type': 'vlan', 'provider:physical_network': 'default', 'provider:segmentation_id': 417, 'is_default': False, 'availability_zone_hints': [], 'availability_zones': [], 'ipv4_address_scope': None, 'ipv6_address_scope': None, 'description': '', 'tags': [], 'created_at': '2024-02-06T09:06:29Z', 'updated_at': '2024-02-06T09:06:29Z', 'revision_number': 1}, Subnet: {'id': 'e23f6629-e49c-4da9-bfc9-708b1b7077b8', 'name': 'tempest-ServersTestBootFromVolume-853027370-subnet', 'tenant_id': '1ebabc7e16ce4d48bfe2477d1e630e9f', 'network_id': '7b664f54-e7ed-473b-b3d6-87cb53f91f3c', 'ip_version': 4, 'subnetpool_id': None, 'enable_dhcp': True, 'ipv6_ra_mode': None, 'ipv6_address_mode': None, 'gateway_ip': '10.0.0.1', 'cidr': '10.0.0.0/28', 'allocation_pools': [{'start': '10.0.0.2', 'end': '10.0.0.14'}], 'host_routes': [], 'dns_nameservers': [], 'description': '', 'service_types': [], 'tags': [], 'created_at': '2024-02-06T09:06:29Z', 'updated_at': '2024-02-06T09:06:29Z', 'revision_number': 0, 'project_id': '1ebabc7e16ce4d48bfe2477d1e630e9f'}, Router: {'id': 'd8d0b7ec-3577-4c52-95af-973fa1348ad3', 'name': 'tempest-ServersTestBootFromVolume-853027370-router', 'tenant_id': '1ebabc7e16ce4d48bfe2477d1e630e9f', 'admin_state_up': True, 'status': 'ACTIVE', 'external_gateway_info': {'network_id': 'a8c50ca9-a925-40b1-992f-9bdcb197d203', 'external_fixed_ips': [{'subnet_id': 'dd744bb4-f277-4130-a2b5-55ec280623a2', 'ip_address': '10.180.180.173'}], 'enable_snat': True}, 'description': '', 'availability_zones': [], 'distributed': False, 'ha': False, 'availability_zone_hints': [], 'routes': [], 'flavor_id': None, 'tags': [], 'created_at': '2024-02-06T09:06:30Z', 'updated_at': '2024-02-06T09:06:31Z', 'revision_number': 3, 'project_id': '1ebabc7e16ce4d48bfe2477d1e630e9f'}
2024-02-06 09:06:37.496 63470 INFO tempest.lib.common.rest_client [req-be112279-8a08-4377-a6f7-0d999144936d req-be112279-8a08-4377-a6f7-0d999144936d ] Request (FloatingIPsNegativeTestJSON:test_delete_nonexistent_floating_ip): 404 DELETE http://10.180.1.21/compute/v2.1/os-floating-ips/5b823298-af45-4064-8961-3cfcbe60030f 2.420s
2024-02-06 09:06:37.515 63510 INFO tempest.lib.common.rest_client [req-7c5fb234-d14a-42b4-9217-b18b8e681e79 req-7c5fb234-d14a-42b4-9217-b18b8e681e79 ] Request (TaggedAttachmentsTest:setUpClass): 201 POST http://10.180.1.21:9696/networking/v2.0/routers 5.342s
2024-02-06 09:06:37.529 63476 INFO tempest.lib.common.rest_client [req-fd6167b5-a7e2-4b91-8e59-d77ddf255406 req-fd6167b5-a7e2-4b91-8e59-d77ddf255406 ] Request (FlavorsAdminTestJSON:_run_cleanups): 202 DELETE http://10.180.1.21/compute/v2.1/flavors/1333282572 1.503s
2024-02-06 09:06:37.569 63484 INFO tempest.lib.common.rest_client [req-68dd2264-652b-4d21-bafd-76093bbb0a12 req-68dd2264-652b-4d21-bafd-76093bbb0a12 ] Request (ServersTestBootFromVolume:setUpClass): 201 POST http://10.180.1.21/identity/v3/auth/tokens 0.095s
2024-02-06 09:06:37.578 63468 INFO tempest.lib.common.rest_client [req-5726e666-929c-4076-8e41-acbe60597bed req-5726e666-929c-4076-8e41-acbe60597bed ] Request (HypervisorAdminNegativeTestJSON:test_get_hypervisor_uptime_with_non_admin_user): 200 GET http://10.180.1.21/compute/v2.1/os-hypervisors 1.553s
2024-02-06 09:06:37.611 63462 INFO tempest.lib.common.rest_client [req-d3ed23fe-cf44-49da-887d-4c6aa73d58b7 req-d3ed23fe-cf44-49da-887d-4c6aa73d58b7 ] Request (ServicesAdminNegativeTestJSON:test_get_service_by_invalid_params): 200 GET http://10.180.1.21/compute/v2.1/os-services?xxx=nova-compute 1.277s
