2024-02-06 09:07:41.514 63510 INFO tempest.lib.common.rest_client [req-a9d39bff-120b-4723-bd6f-713eaf5c6cb5 req-a9d39bff-120b-4723-bd6f-713eaf5c6cb5 ] Request (TaggedAttachmentsTest:test_tagged_attachment): 200 GET http://10.180.1.21/compute/v2.1/servers/d2839fc7-a754-4d4f-a7f1-e4b17f2126a5 0.242s
2024-02-06 09:07:41.545 63498 INFO tempest.lib.common.rest_client [req-f5d90b6f-25f7-4816-884f-34aab833831f req-f5d90b6f-25f7-4816-884f-34aab833831f ] Request (AttachInterfacesUnderV243Test:test_add_remove_fixed_ip): 200 GET http://10.180.1.21/compute/v2.1/servers/3be03d93-aae7-4312-832f-5a61b49753bb 0.243s
2024-02-06 09:07:41.616 63461 INFO tempest.lib.common.rest_client [req-c7bec9e6-f70b-4b06-a30a-e923b9a2fc58 req-c7bec9e6-f70b-4b06-a30a-e923b9a2fc58 ] Request (MigrationsAdminTest:test_list_migrations_in_flavor_resize_situation): 200 GET http://10.180.1.21/compute/v2.1/servers/aae0a74f-3985-4a51-bae4-3b8124d7fe90 0.151s
2024-02-06 09:07:41.656 63450 INFO tempest.lib.common.rest_client [req-e8cd65ff-7aae-44d5-8045-a0453f066673 req-e8cd65ff-7aae-44d5-8045-a0453f066673 ] Request (TaggedBootDevicesTest_v242:test_tagged_boot_devices): 200 GET http://10.180.1.21/volume/v3/f02a4d7c7b0c46ae8adf76b3902db70c/volumes/86a45fb8-b4e6-4a89-b052-b43bdf7b7a63 0.024s
2024-02-06 09:07:41.667 63474 INFO tempest.lib.common.rest_client [req-b39a082e-007f-41f8-8f36-94819ff78da9 req-b39a082e-007f-41f8-8f36-94819ff78da9 ] Request (ServersWithSpecificFlavorTestJSON:test_verify_created_server_ephemeral_disk): 200 GET http://10.180.1.21/compute/v2.1/servers/29ee4419-201b-4d3a-8e7b-c84a5eb36d1f 0.232s
2024-02-06 09:07:41.725 63484 INFO tempest.lib.common.rest_client [req-916175cc-5130-48eb-8e2f-5b5102996c1b req-916175cc-5130-48eb-8e2f-5b5102996c1b ] Request (ServersTestBootFromVolume:setUpClass): 200 GET http://10.180.1.21/compute/v2.1/servers/b58fe58a-9965-4f7e-808c-a5d004fd855e 0.170s
2024-02-06 09:07:41.744 63492 INFO tempest.lib.common.rest_client [req-c0861060-595e-4e5e-afaf-9afd283828ed req-c0861060-595e-4e5e-afaf-9afd283828ed ] Request (FloatingIPsAssociationTestJSON:setUpClass): 200 GET http://10.180.1.21/compute/v2.1/servers/bd0eef47-56e8-45b6-92b1-e81400994572 0.205s
2024-02-06 09:07:41.777 63502 INFO tempest.lib.common.rest_client [req-ece06242-df98-4e3f-ab1b-c9f182075365 req-ece06242-df98-4e3f-ab1b-c9f182075365 ] Request (ServersAaction247Test:test_create_backup): 200 GET http://10.180.1.21/compute/v2.1/servers/aeb4f446-da3f-4422-a3cd-013b8d6dd174 0.166s
2024-02-06 09:07:41.808 63496 INFO tempest.lib.common.rest_client [req-1e25314c-98ec-4e0b-aa93-87d9672a7a1e req-1e25314c-98ec-4e0b-aa93-87d9672a7a1e ] Request (ServerDiagnosticsTest:test_get_server_diagnostics): 200 GET http://10.180.1.21/compute/v2.1/servers/f7e43c56-e126-4e5a-944a-bba89f2f9744 0.130s
2024-02-06 09:07:41.863 63456 INFO tempest.lib.common.rest_client [req-3a683db5-b689-4c71-9616-b433f89c6ae0 req-3a683db5-b689-4c71-9616-b433f89c6ae0 ] Request (VolumesAssistedSnapshotsTest:test_volume_assisted_snapshot_create_delete): 200 GET http://10.180.1.21/compute/v2.1/servers/e4e1b466-759a-4e2a-b784-6a3b0a8b7e2c 0.181s
2024-02-06 09:07:41.887 63470 INFO tempest.lib.common.rest_client [req-53d98fcf-28e3-4a35-9fd1-45784249fcc7 req-53d98fcf-28e3-4a35-9fd1-45784249fcc7 ] Request (ServersTestFqdnHostnames:test_create_server_with_fqdn_name): 200 GET http://10.180.1.21/compute/v2.1/servers/14c248a0-9f16-40a5-a8c2-06536fdd8cb7 0.152s
2024-02-06 09:07:41.913 63488 INFO tempest.lib.common.rest_client [req-063636b6-e896-47c4-9681-5a77e5106957 req-063636b6-e896-47c4-9681-5a77e5106957 ] Request (ServerDiagnosticsNegativeTest:test_get_server_diagnostics_by_non_admin): 200 GET http://10.180.1.21/compute/v2.1/servers/2e938efc-55d2-4116-8989-354ec339579f 0.177s
2024-02-06 09:07:41.949 63509 INFO tempest.lib.common.rest_client [req-1c90bb15-45d8-4538-8ed8-19c05885046e req-1c90bb15-45d8-4538-8ed8-19c05885046e ] Request (ServersTestJSON:setUpClass): 200 GET http://10.180.1.21/compute/v2.1/servers/c9b42581-3793-4641-be04-9a4b17b059cb 0.162s
2024-02-06 09:07:41.962 63513 INFO tempest.lib.common.rest_client [req-36581c66-1e47-43be-8cfd-20c82168e248 req-36581c66-1e47-43be-8cfd-20c82168e248 ] Request (VolumesAdminNegativeTest:test_update_attached_volume_with_nonexistent_volume_in_body): 200 GET http://10.180.1.21/compute/v2.1/servers/2681fbe1-7ed8-4280-95ac-f98063278b52 0.165s
2024-02-06 09:07:42.005 63476 INFO tempest.lib.common.rest_client [req-f40e2f99-8c11-4cc0-a6b2-b357dc74b177 req-f40e2f99-8c11-4cc0-a6b2-b357dc74b177 ] Request (MultipleCreateTestJSON:setUpClass): 201 POST http://10.180.1.21:9696/networking/v2.0/routers 1.280s
2024-02-06 09:07:42.006 63482 INFO tempest.lib.common.rest_client [req-a0cd0a1d-1b7b-437d-a23a-c0f3519a77f6 req-a0cd0a1d-1b7b-437d-a23a-c0f3519a77f6 ] Request (TenantUsagesTestJSON:setUpClass): 200 GET http://10.180.1.21/compute/v2.1/servers/858b585c-7746-4d38-84c9-b3ee719eb406 0.140s
2024-02-06 09:07:42.080 63462 INFO tempest.lib.common.rest_client [req-940a9b21-8ad4-4230-a112-d0474f426f78 req-940a9b21-8ad4-4230-a112-d0474f426f78 ] Request (ServerActionsTestJSON:setUpClass): 200 GET http://10.180.1.21/compute/v2.1/servers/08336643-4254-4447-b7c2-b81054bf9707 0.069s
2024-02-06 09:07:42.129 63454 INFO tempest.lib.common.rest_client [req-7b684b96-e8c2-4b12-b1f3-7b4bfd8a35b9 req-7b684b96-e8c2-4b12-b1f3-7b4bfd8a35b9 ] Request (ServersAdminTestJSON:setUpClass): 200 GET http://10.180.1.21/compute/v2.1/servers/d51c3719-bd80-4ad9-945c-c50e16fb3fd1 0.062s
2024-02-06 09:07:42.237 63506 INFO tempest.lib.common.rest_client [req-4000c18a-bbe2-4743-b137-c87bf20f7a4c req-4000c18a-bbe2-4743-b137-c87bf20f7a4c ] Request (AutoAllocateNetworkTest:test_server_create_no_allocate): 200 GET http://10.180.1.21/compute/v2.1/servers/f9954bd1-8df3-445c-bb4c-ee316b7b0447 0.102s
2024-02-06 09:07:42.248 63486 INFO tempest.lib.common.rest_client [req-9e4a9b94-d50d-47b7-a646-65513084987a req-9e4a9b94-d50d-47b7-a646-65513084987a ] Request (ListImageFiltersTestJSON:setUpClass): 200 GET http://10.180.1.21/compute/v2.1/servers/f5f7e84c-2d39-4929-be15-e7c03fae4319 0.053s
2024-02-06 09:07:42.315 63478 INFO tempest.lib.common.rest_client [req-770b8b25-505c-4008-b305-49223297dbaf req-770b8b25-505c-4008-b305-49223297dbaf ] Request (InstanceActionsV221TestJSON:test_get_list_deleted_instance_actions): 200 GET http://10.180.1.21/compute/v2.1/servers/ebfeff1b-6ae0-4d68-83fb-7dbc60e2a841 0.053s
2024-02-06 09:07:42.363 63480 INFO tempest.lib.common.rest_client [req-5e7bf58f-4073-4857-ae79-32b7fc0bd8ca req-5e7bf58f-4073-4857-ae79-32b7fc0bd8ca ] Request (ServersAdminNegativeTestJSON:setUpClass): 200 GET http://10.180.1.21/compute/v2.1/servers/75fd2a2c-4ef5-4b42-b309-53cff148c772 0.059s
2024-02-06 09:07:42.414 63490 INFO tempest.lib.common.rest_client [req-d058e56e-71e2-4d4d-ac0c-9b2c35a03854 req-d058e56e-71e2-4d4d-ac0c-9b2c35a03854 ] Request (ServerDiagnosticsV248Test:test_get_server_diagnostics): 200 GET http://10.180.1.21/compute/v2.1/servers/9f48db49-1618-4b04-88a6-315c0f9b889a 0.091s
2024-02-06 09:07:42.424 63500 INFO tempest.lib.common.rest_client [req-126a116a-9a4b-4de3-b5a9-cf436e2def10 req-126a116a-9a4b-4de3-b5a9-cf436e2def10 ] Request (FloatingIPsAssociationNegativeTestJSON:setUpClass): 200 GET http://10.180.1.21/compute/v2.1/servers/4ca19153-519c-49e3-bdfd-1f5ea77b24a0 0.193s
2024-02-06 09:07:42.477 63467 INFO tempest.lib.common.rest_client [req-c958014f-2ea4-47bd-837f-ef3c696db566 req-c958014f-2ea4-47bd-837f-ef3c696db566 ] Request (ServerActionsTestOtherA:setUpClass): 200 GET http://10.180.1.21/compute/v2.1/servers/d4e0170a-0993-4f7f-a7fa-6539bb13a082 0.110s
2024-02-06 09:07:42.504 63465 INFO tempest.lib.common.rest_client [req-7c67bebf-22ef-47d7-a905-6eac4c355d24 req-7c67bebf-22ef-47d7-a905-6eac4c355d24 ] Request (DeleteServersAdminTestJSON:test_admin_delete_servers_of_others): 200 GET http://10.180.1.21/compute/v2.1/servers/99698b8b-8a66-46ce-8bf1-cc00239e644b 0.131s
2024-02-06 09:07:42.516 63473 INFO tempest.lib.common.rest_client [req-3dc904b9-dbc1-4388-a0e0-9844af1e5095 req-3dc904b9-dbc1-4388-a0e0-9844af1e5095 ] Request (VolumesTestJSON:tearDownClass): 404 GET http://10.180.1.21/volume/v3/e87d963ebd954515a35dc3d1cb169edf/volumes/7c0be338-76c5-4985-97cf-d2ade40d7fd9 0.021s
2024-02-06 09:07:42.559 63458 INFO tempest.lib.common.rest_client [req-bc3ceccf-981a-451b-aa3b-1fdbb2ef9dad req-bc3ceccf-981a-451b-aa3b-1fdbb2ef9dad ] Request (AttachInterfacesV270Test:test_create_get_list_interfaces): 200 GET http://10.180.1.21/compute/v2.1/servers/78471258-10a4-42e2-8d2a-f30b2baaa5d9 0.116s
2024-02-06 09:07:42.595 63452 INFO tempest.lib.common.rest_client [req-76333fd1-36e7-42f1-aefb-31e258e18d24 req-76333fd1-36e7-42f1-aefb-31e258e18d24 ] Request (AttachSCSIVolumeTestJSON:test_attach_scsi_disk_with_config_drive): 200 GET http://10.180.1.21/compute/v2.1/servers/5d6be180-d89f-44ba-847e-0ea169316d90 0.141s
2024-02-06 09:07:42.605 63473 INFO tempest.lib.common.rest_client [req-a8798092-ec7d-4ef6-929d-cf08b7303b02 req-a8798092-ec7d-4ef6-929d-cf08b7303b02 ] Request (VolumesTestJSON:tearDownClass): 204 DELETE http://10.180.1.21/identity/v3/users/89026dffc04844b488e28c6ccae91ec7 0.088s
2024-02-06 09:07:42.605 63473 INFO tempest.lib.common.dynamic_creds [-] Deleting project and security group for project: e87d963ebd954515a35dc3d1cb169edf
2024-02-06 09:07:42.639 63510 INFO tempest.lib.common.rest_client [req-427b5317-10bd-4f39-a037-5ea5f784573f req-427b5317-10bd-4f39-a037-5ea5f784573f ] Request (TaggedAttachmentsTest:test_tagged_attachment): 200 GET http://10.180.1.21/compute/v2.1/servers/d2839fc7-a754-4d4f-a7f1-e4b17f2126a5 0.117s
2024-02-06 09:07:42.668 63498 INFO tempest.lib.common.rest_client [req-52706674-36cc-49ea-a39b-4083a96830ec req-52706674-36cc-49ea-a39b-4083a96830ec ] Request (AttachInterfacesUnderV243Test:test_add_remove_fixed_ip): 200 GET http://10.180.1.21/compute/v2.1/servers/3be03d93-aae7-4312-832f-5a61b49753bb 0.116s
2024-02-06 09:07:42.686 63473 INFO tempest.lib.common.rest_client [req-1aedf761-7e30-48d8-ba52-1462719b80fd req-1aedf761-7e30-48d8-ba52-1462719b80fd ] Request (VolumesTestJSON:tearDownClass): 201 POST http://10.180.1.21/identity/v3/auth/tokens 0.080s
2024-02-06 09:07:42.690 63450 INFO tempest.lib.common.rest_client [req-d940f58b-e42c-4786-bd36-013c303567e4 req-d940f58b-e42c-4786-bd36-013c303567e4 ] Request (TaggedBootDevicesTest_v242:test_tagged_boot_devices): 200 GET http://10.180.1.21/volume/v3/f02a4d7c7b0c46ae8adf76b3902db70c/volumes/86a45fb8-b4e6-4a89-b052-b43bdf7b7a63 0.027s
2024-02-06 09:07:42.705 63461 INFO tempest.lib.common.rest_client [req-8a9826e4-6a77-4401-9677-b3d1cb2003b6 req-8a9826e4-6a77-4401-9677-b3d1cb2003b6 ] Request (MigrationsAdminTest:test_list_migrations_in_flavor_resize_situation): 200 GET http://10.180.1.21/compute/v2.1/servers/aae0a74f-3985-4a51-bae4-3b8124d7fe90 0.082s
2024-02-06 09:07:42.801 63484 INFO tempest.lib.common.rest_client [req-2f00c479-5910-4ace-ad2d-c5f4e33915eb req-2f00c479-5910-4ace-ad2d-c5f4e33915eb ] Request (ServersTestBootFromVolume:setUpClass): 200 GET http://10.180.1.21/compute/v2.1/servers/b58fe58a-9965-4f7e-808c-a5d004fd855e 0.069s
2024-02-06 09:07:42.814 63474 INFO tempest.lib.common.rest_client [req-863cdcb1-b63f-42d7-8a83-6160ad3f8c57 req-863cdcb1-b63f-42d7-8a83-6160ad3f8c57 ] Request (ServersWithSpecificFlavorTestJSON:test_verify_created_server_ephemeral_disk): 200 GET http://10.180.1.21/compute/v2.1/servers/29ee4419-201b-4d3a-8e7b-c84a5eb36d1f 0.138s
2024-02-06 09:07:42.889 63502 INFO tempest.lib.common.rest_client [req-8699b1a1-b933-49a1-9564-97da27710dcc req-8699b1a1-b933-49a1-9564-97da27710dcc ] Request (ServersAaction247Test:test_create_backup): 200 GET http://10.180.1.21/compute/v2.1/servers/aeb4f446-da3f-4422-a3cd-013b8d6dd174 0.103s
2024-02-06 09:07:42.919 63492 INFO tempest.lib.common.rest_client [req-48164a56-1053-41fd-a631-a69556059b6a req-48164a56-1053-41fd-a631-a69556059b6a ] Request (FloatingIPsAssociationTestJSON:setUpClass): 200 GET http://10.180.1.21/compute/v2.1/servers/bd0eef47-56e8-45b6-92b1-e81400994572 0.168s
2024-02-06 09:07:42.963 63496 INFO tempest.lib.common.rest_client [req-ec757e38-fb07-493f-82b5-c89910826fb6 req-ec757e38-fb07-493f-82b5-c89910826fb6 ] Request (ServerDiagnosticsTest:test_get_server_diagnostics): 200 GET http://10.180.1.21/compute/v2.1/servers/f7e43c56-e126-4e5a-944a-bba89f2f9744 0.148s
2024-02-06 09:07:43.012 63473 INFO tempest.lib.common.rest_client [req-4c6a2477-66e8-4f0b-ae8c-ac91dc89c2d7 req-4c6a2477-66e8-4f0b-ae8c-ac91dc89c2d7 ] Request (VolumesTestJSON:tearDownClass): 200 GET http://10.180.1.21:9696/networking/v2.0/security-groups?tenant_id=e87d963ebd954515a35dc3d1cb169edf&name=default 0.325s
2024-02-06 09:07:43.016 63456 INFO tempest.lib.common.rest_client [req-2e6383a2-9abd-4913-bf72-eb776a4e097d req-2e6383a2-9abd-4913-bf72-eb776a4e097d ] Request (VolumesAssistedSnapshotsTest:test_volume_assisted_snapshot_create_delete): 200 GET http://10.180.1.21/compute/v2.1/servers/e4e1b466-759a-4e2a-b784-6a3b0a8b7e2c 0.146s
2024-02-06 09:07:43.069 63488 INFO tempest.lib.common.rest_client [req-75ac1172-ca93-437d-a038-26676377b45e req-75ac1172-ca93-437d-a038-26676377b45e ] Request (ServerDiagnosticsNegativeTest:test_get_server_diagnostics_by_non_admin): 200 GET http://10.180.1.21/compute/v2.1/servers/2e938efc-55d2-4116-8989-354ec339579f 0.144s
2024-02-06 09:07:43.129 63509 INFO tempest.lib.common.rest_client [req-17630c68-a52f-4038-8f2a-5cd7467157fa req-17630c68-a52f-4038-8f2a-5cd7467157fa ] Request (ServersTestJSON:setUpClass): 200 GET http://10.180.1.21/compute/v2.1/servers/c9b42581-3793-4641-be04-9a4b17b059cb 0.174s
2024-02-06 09:07:43.131 63473 INFO tempest.lib.common.rest_client [req-3e60d241-77e8-4e08-a8bf-47b4799d34bf req-3e60d241-77e8-4e08-a8bf-47b4799d34bf ] Request (VolumesTestJSON:tearDownClass): 204 DELETE http://10.180.1.21:9696/networking/v2.0/security-groups/501e0c56-d2d7-4219-9b74-ea147854c5dd 0.119s
2024-02-06 09:07:43.194 63513 INFO tempest.lib.common.rest_client [req-0d5d7a17-268f-4aff-94f3-0b6dbf7ebe72 req-0d5d7a17-268f-4aff-94f3-0b6dbf7ebe72 ] Request (VolumesAdminNegativeTest:test_update_attached_volume_with_nonexistent_volume_in_body): 200 GET http://10.180.1.21/compute/v2.1/servers/2681fbe1-7ed8-4280-95ac-f98063278b52 0.225s
2024-02-06 09:07:43.221 63470 INFO tempest.lib.common.rest_client [req-06b7f0f2-2db1-4977-9e6e-c6c9dd1965ff req-06b7f0f2-2db1-4977-9e6e-c6c9dd1965ff ] Request (ServersTestFqdnHostnames:test_create_server_with_fqdn_name): 200 GET http://10.180.1.21/compute/v2.1/servers/14c248a0-9f16-40a5-a8c2-06536fdd8cb7 0.327s
2024-02-06 09:07:43.241 63473 INFO tempest.lib.common.rest_client [req-13000a32-2262-449a-adf0-a5f5da32e546 req-13000a32-2262-449a-adf0-a5f5da32e546 ] Request (VolumesTestJSON:tearDownClass): 204 DELETE http://10.180.1.21/identity/v3/projects/e87d963ebd954515a35dc3d1cb169edf 0.109s
2024-02-06 09:07:43.266 63482 INFO tempest.lib.common.rest_client [req-3a03af78-14a3-4ce8-88da-e4d970d87dd2 req-3a03af78-14a3-4ce8-88da-e4d970d87dd2 ] Request (TenantUsagesTestJSON:setUpClass): 200 GET http://10.180.1.21/compute/v2.1/servers/858b585c-7746-4d38-84c9-b3ee719eb406 0.253s
2024-02-06 09:07:43.321 63454 INFO tempest.lib.common.rest_client [req-675f353e-d177-49ab-a082-26abe4c86967 req-675f353e-d177-49ab-a082-26abe4c86967 ] Request (ServersAdminTestJSON:setUpClass): 200 GET http://10.180.1.21/compute/v2.1/servers/d51c3719-bd80-4ad9-945c-c50e16fb3fd1 0.185s
2024-02-06 09:07:43.343 63462 INFO tempest.lib.common.rest_client [req-17c0fc6b-3013-41af-8a9e-0a81139e9fbe req-17c0fc6b-3013-41af-8a9e-0a81139e9fbe ] Request (ServerActionsTestJSON:setUpClass): 200 GET http://10.180.1.21/compute/v2.1/servers/08336643-4254-4447-b7c2-b81054bf9707 0.254s
2024-02-06 09:07:43.409 63506 INFO tempest.lib.common.rest_client [req-adaa3b32-a522-45e2-a7f2-5b2f419e8a93 req-adaa3b32-a522-45e2-a7f2-5b2f419e8a93 ] Request (AutoAllocateNetworkTest:test_server_create_no_allocate): 200 GET http://10.180.1.21/compute/v2.1/servers/f9954bd1-8df3-445c-bb4c-ee316b7b0447 0.162s
2024-02-06 09:07:43.465 63486 INFO tempest.lib.common.rest_client [req-5ea66b3f-5241-48f4-8a61-a27a9ce6f3ce req-5ea66b3f-5241-48f4-8a61-a27a9ce6f3ce ] Request (ListImageFiltersTestJSON:setUpClass): 200 GET http://10.180.1.21/compute/v2.1/servers/f5f7e84c-2d39-4929-be15-e7c03fae4319 0.210s
2024-02-06 09:07:43.481 63478 INFO tempest.lib.common.rest_client [req-0f62172b-43ea-4892-b702-3217f5b7e86d req-0f62172b-43ea-4892-b702-3217f5b7e86d ] Request (InstanceActionsV221TestJSON:test_get_list_deleted_instance_actions): 200 GET http://10.180.1.21/compute/v2.1/servers/ebfeff1b-6ae0-4d68-83fb-7dbc60e2a841 0.145s
2024-02-06 09:07:43.543 63490 INFO tempest.lib.common.rest_client [req-c799c570-ff46-430b-9ceb-4f8bd61c9863 req-c799c570-ff46-430b-9ceb-4f8bd61c9863 ] Request (ServerDiagnosticsV248Test:test_get_server_diagnostics): 200 GET http://10.180.1.21/compute/v2.1/servers/9f48db49-1618-4b04-88a6-315c0f9b889a 0.120s
2024-02-06 09:07:43.549 63480 INFO tempest.lib.common.rest_client [req-e8360eea-31a4-4cbe-a092-20bc32fe187b req-e8360eea-31a4-4cbe-a092-20bc32fe187b ] Request (ServersAdminNegativeTestJSON:setUpClass): 200 GET http://10.180.1.21/compute/v2.1/servers/75fd2a2c-4ef5-4b42-b309-53cff148c772 0.176s
2024-02-06 09:07:43.563 63476 INFO tempest.lib.common.rest_client [req-f0364269-3bee-4a49-86fe-afba863557b6 req-f0364269-3bee-4a49-86fe-afba863557b6 ] Request (MultipleCreateTestJSON:setUpClass): 200 PUT http://10.180.1.21:9696/networking/v2.0/routers/df9e770f-63a5-4b85-8908-5ec3b052efa1/add_router_interface 1.557s
2024-02-06 09:07:43.563 63476 INFO tempest.lib.common.dynamic_creds [-] Created isolated network resources for:
 credentials: Credentials: {'domain_id': 'default', 'domain_name': 'Default', 'username': 'tempest-MultipleCreateTestJSON-873674115-project-member', 'project_domain_id': 'default', 'project_domain_name': 'Default', 'project_id': '7af021b003a241a7905986d46f7a5107', 'project_name': 'tempest-MultipleCreateTestJSON-873674115', 'tenant_id': '7af021b003a241a7905986d46f7a5107', 'tenant_name': 'tempest-MultipleCreateTestJSON-873674115', 'user_domain_id': 'default', 'user_domain_name': 'Default', 'user_id': '424500f4b58a4f3dac75191f59e423f8', 'system': None}, Network: {'id': '48d1cd52-8a61-417f-801b-9b5232c14ba1', 'name': 'tempest-MultipleCreateTestJSON-1899491684-network', 'tenant_id': '7af021b003a241a7905986d46f7a5107', 'admin_state_up': True, 'mtu': 8950, 'status': 'ACTIVE', 'subnets': [], 'shared': False, 'project_id': '7af021b003a241a7905986d46f7a5107', 'port_security_enabled': True, 'router:external': False, 'provider:network_type': 'vlan', 'provider:physical_network': 'default', 'provider:segmentation_id': 60, 'is_default': False, 'availability_zone_hints': [], 'availability_zones': [], 'ipv4_address_scope': None, 'ipv6_address_scope': None, 'description': '', 'tags': [], 'created_at': '2024-02-06T09:07:40Z', 'updated_at': '2024-02-06T09:07:40Z', 'revision_number': 1}, Subnet: {'id': 'e35d7181-fcd3-4e44-a2b8-dca929c5cc45', 'name': 'tempest-MultipleCreateTestJSON-1899491684-subnet', 'tenant_id': '7af021b003a241a7905986d46f7a5107', 'network_id': '48d1cd52-8a61-417f-801b-9b5232c14ba1', 'ip_version': 4, 'subnetpool_id': None, 'enable_dhcp': True, 'ipv6_ra_mode': None, 'ipv6_address_mode': None, 'gateway_ip': '10.0.0.1', 'cidr': '10.0.0.0/28', 'allocation_pools': [{'start': '10.0.0.2', 'end': '10.0.0.14'}], 'host_routes': [], 'dns_nameservers': [], 'description': '', 'service_types': [], 'tags': [], 'created_at': '2024-02-06T09:07:40Z', 'updated_at': '2024-02-06T09:07:40Z', 'revision_number': 0, 'project_id': '7af021b003a241a7905986d46f7a5107'}, Router: {'id': 'df9e770f-63a5-4b85-8908-5ec3b052efa1', 'name': 'tempest-MultipleCreateTestJSON-1899491684-router', 'tenant_id': '7af021b003a241a7905986d46f7a5107', 'admin_state_up': True, 'status': 'ACTIVE', 'external_gateway_info': {'network_id': 'a8c50ca9-a925-40b1-992f-9bdcb197d203', 'external_fixed_ips': [{'subnet_id': 'dd744bb4-f277-4130-a2b5-55ec280623a2', 'ip_address': '10.180.180.242'}], 'enable_snat': True}, 'description': '', 'availability_zones': [], 'distributed': False, 'ha': False, 'availability_zone_hints': [], 'routes': [], 'flavor_id': None, 'tags': [], 'created_at': '2024-02-06T09:07:40Z', 'updated_at': '2024-02-06T09:07:41Z', 'revision_number': 3, 'project_id': '7af021b003a241a7905986d46f7a5107'}
2024-02-06 09:07:43.618 63467 INFO tempest.lib.common.rest_client [req-7c8feb03-2f73-40ee-ae61-703ffd38810c req-7c8feb03-2f73-40ee-ae61-703ffd38810c ] Request (ServerActionsTestOtherA:setUpClass): 200 GET http://10.180.1.21/compute/v2.1/servers/d4e0170a-0993-4f7f-a7fa-6539bb13a082 0.130s
2024-02-06 09:07:43.649 63476 INFO tempest.lib.common.rest_client [req-2d2238b1-01f1-4b4a-a64b-1e151c2c358c req-2d2238b1-01f1-4b4a-a64b-1e151c2c358c ] Request (MultipleCreateTestJSON:setUpClass): 201 POST http://10.180.1.21/identity/v3/auth/tokens 0.081s
2024-02-06 09:07:43.692 63465 INFO tempest.lib.common.rest_client [req-a6faa0f5-b2f5-455a-a568-e1fce05fb516 req-a6faa0f5-b2f5-455a-a568-e1fce05fb516 ] Request (DeleteServersAdminTestJSON:test_admin_delete_servers_of_others): 200 GET http://10.180.1.21/compute/v2.1/servers/99698b8b-8a66-46ce-8bf1-cc00239e644b 0.175s
2024-02-06 09:07:43.696 63476 INFO tempest.lib.common.rest_client [req-35dd0e7b-865e-4222-be5a-1d96a4d411fc req-35dd0e7b-865e-4222-be5a-1d96a4d411fc ] Request (MultipleCreateTestJSON:test_multiple_create): 201 POST http://10.180.1.21/identity/v3/auth/tokens 0.042s
2024-02-06 09:07:43.696 63476 INFO tempest.lib.common.fixed_network [-] (MultipleCreateTestJSON:test_multiple_create) Found network {'id': '48d1cd52-8a61-417f-801b-9b5232c14ba1', 'name': 'tempest-MultipleCreateTestJSON-1899491684-network', 'tenant_id': '7af021b003a241a7905986d46f7a5107', 'admin_state_up': True, 'mtu': 8950, 'status': 'ACTIVE', 'subnets': [], 'shared': False, 'project_id': '7af021b003a241a7905986d46f7a5107', 'port_security_enabled': True, 'router:external': False, 'provider:network_type': 'vlan', 'provider:physical_network': 'default', 'provider:segmentation_id': 60, 'is_default': False, 'availability_zone_hints': [], 'availability_zones': [], 'ipv4_address_scope': None, 'ipv6_address_scope': None, 'description': '', 'tags': [], 'created_at': '2024-02-06T09:07:40Z', 'updated_at': '2024-02-06T09:07:40Z', 'revision_number': 1} available for tenant
2024-02-06 09:07:43.699 63500 INFO tempest.lib.common.rest_client [req-9783ad62-8f46-404e-b609-b981253531d4 req-9783ad62-8f46-404e-b609-b981253531d4 ] Request (FloatingIPsAssociationNegativeTestJSON:setUpClass): 200 GET http://10.180.1.21/compute/v2.1/servers/4ca19153-519c-49e3-bdfd-1f5ea77b24a0 0.268s
2024-02-06 09:07:43.729 63450 INFO tempest.lib.common.rest_client [req-b932f3fc-5e61-4fa7-9de1-4a0a70a253db req-b932f3fc-5e61-4fa7-9de1-4a0a70a253db ] Request (TaggedBootDevicesTest_v242:test_tagged_boot_devices): 200 GET http://10.180.1.21/volume/v3/f02a4d7c7b0c46ae8adf76b3902db70c/volumes/86a45fb8-b4e6-4a89-b052-b43bdf7b7a63 0.030s
2024-02-06 09:07:43.759 63452 INFO tempest.lib.common.rest_client [req-afe6c779-a9f4-41fa-a5c8-3840dac98ddf req-afe6c779-a9f4-41fa-a5c8-3840dac98ddf ] Request (AttachSCSIVolumeTestJSON:test_attach_scsi_disk_with_config_drive): 200 GET http://10.180.1.21/compute/v2.1/servers/5d6be180-d89f-44ba-847e-0ea169316d90 0.156s
2024-02-06 09:07:43.771 63458 INFO tempest.lib.common.rest_client [req-52eb818e-79c9-4da5-810b-1d609c3d4a1d req-52eb818e-79c9-4da5-810b-1d609c3d4a1d ] Request (AttachInterfacesV270Test:test_create_get_list_interfaces): 200 GET http://10.180.1.21/compute/v2.1/servers/78471258-10a4-42e2-8d2a-f30b2baaa5d9 0.202s
2024-02-06 09:07:43.815 63510 INFO tempest.lib.common.rest_client [req-7d526c1b-71de-4ec9-9e0b-143054bb2d03 req-7d526c1b-71de-4ec9-9e0b-143054bb2d03 ] Request (TaggedAttachmentsTest:test_tagged_attachment): 200 GET http://10.180.1.21/compute/v2.1/servers/d2839fc7-a754-4d4f-a7f1-e4b17f2126a5 0.167s
2024-02-06 09:07:43.832 63498 INFO tempest.lib.common.rest_client [req-1b6d5830-0a00-4b28-91f9-34460ef7a8d2 req-1b6d5830-0a00-4b28-91f9-34460ef7a8d2 ] Request (AttachInterfacesUnderV243Test:test_add_remove_fixed_ip): 200 GET http://10.180.1.21/compute/v2.1/servers/3be03d93-aae7-4312-832f-5a61b49753bb 0.154s
2024-02-06 09:07:43.884 63461 INFO tempest.lib.common.rest_client [req-aa5e5b7a-14ab-4389-994c-72f0ee7471aa req-aa5e5b7a-14ab-4389-994c-72f0ee7471aa ] Request (MigrationsAdminTest:test_list_migrations_in_flavor_resize_situation): 200 GET http://10.180.1.21/compute/v2.1/servers/aae0a74f-3985-4a51-bae4-3b8124d7fe90 0.171s
2024-02-06 09:07:43.945 63484 INFO tempest.lib.common.rest_client [req-001d6635-a07b-43a2-8cec-e67965ccf7fa req-001d6635-a07b-43a2-8cec-e67965ccf7fa ] Request (ServersTestBootFromVolume:setUpClass): 200 GET http://10.180.1.21/compute/v2.1/servers/b58fe58a-9965-4f7e-808c-a5d004fd855e 0.136s
2024-02-06 09:07:44.056 63474 INFO tempest.lib.common.rest_client [req-0d881f40-fdd0-4214-9aba-d70400470aec req-0d881f40-fdd0-4214-9aba-d70400470aec ] Request (ServersWithSpecificFlavorTestJSON:test_verify_created_server_ephemeral_disk): 200 GET http://10.180.1.21/compute/v2.1/servers/29ee4419-201b-4d3a-8e7b-c84a5eb36d1f 0.234s
2024-02-06 09:07:44.119 63502 INFO tempest.lib.common.rest_client [req-ca7f96b6-de1f-4428-9a27-5919c8009800 req-ca7f96b6-de1f-4428-9a27-5919c8009800 ] Request (ServersAaction247Test:test_create_backup): 200 GET http://10.180.1.21/compute/v2.1/servers/aeb4f446-da3f-4422-a3cd-013b8d6dd174 0.221s
2024-02-06 09:07:44.277 63492 INFO tempest.lib.common.rest_client [req-43f2625e-0bdf-478f-a28a-c83c91820123 req-43f2625e-0bdf-478f-a28a-c83c91820123 ] Request (FloatingIPsAssociationTestJSON:setUpClass): 200 GET http://10.180.1.21/compute/v2.1/servers/bd0eef47-56e8-45b6-92b1-e81400994572 0.351s
2024-02-06 09:07:44.289 63476 INFO tempest.lib.common.rest_client [req-7fdd710c-95ab-4a98-8cfb-f11c3ef229ad req-7fdd710c-95ab-4a98-8cfb-f11c3ef229ad ] Request (MultipleCreateTestJSON:test_multiple_create): 202 POST http://10.180.1.21/compute/v2.1/servers 0.591s
2024-02-06 09:07:44.335 63496 INFO tempest.lib.common.rest_client [req-b882f5eb-4e9e-4179-b388-336cd5200e65 req-b882f5eb-4e9e-4179-b388-336cd5200e65 ] Request (ServerDiagnosticsTest:test_get_server_diagnostics): 200 GET http://10.180.1.21/compute/v2.1/servers/f7e43c56-e126-4e5a-944a-bba89f2f9744 0.364s
2024-02-06 09:07:44.396 63456 INFO tempest.lib.common.rest_client [req-172f5a30-d288-44e1-8fcf-e339e9ad17ab req-172f5a30-d288-44e1-8fcf-e339e9ad17ab ] Request (VolumesAssistedSnapshotsTest:test_volume_assisted_snapshot_create_delete): 200 GET http://10.180.1.21/compute/v2.1/servers/e4e1b466-759a-4e2a-b784-6a3b0a8b7e2c 0.373s
2024-02-06 09:07:44.402 63488 INFO tempest.lib.common.rest_client [req-f01cbeaa-67db-41bf-a0d5-2e86d79958d0 req-f01cbeaa-67db-41bf-a0d5-2e86d79958d0 ] Request (ServerDiagnosticsNegativeTest:test_get_server_diagnostics_by_non_admin): 200 GET http://10.180.1.21/compute/v2.1/servers/2e938efc-55d2-4116-8989-354ec339579f 0.325s
2024-02-06 09:07:44.459 63513 INFO tempest.lib.common.rest_client [req-e90e33c1-4b7c-4d0d-b395-c0469fe52586 req-e90e33c1-4b7c-4d0d-b395-c0469fe52586 ] Request (VolumesAdminNegativeTest:test_update_attached_volume_with_nonexistent_volume_in_body): 200 GET http://10.180.1.21/compute/v2.1/servers/2681fbe1-7ed8-4280-95ac-f98063278b52 0.256s
2024-02-06 09:07:44.464 63509 INFO tempest.lib.common.rest_client [req-ecd6bd34-6eea-4a40-9163-21b64dc9cd74 req-ecd6bd34-6eea-4a40-9163-21b64dc9cd74 ] Request (ServersTestJSON:setUpClass): 200 GET http://10.180.1.21/compute/v2.1/servers/c9b42581-3793-4641-be04-9a4b17b059cb 0.327s
2024-02-06 09:07:44.525 63482 INFO tempest.lib.common.rest_client [req-a76f6f6c-d344-4069-bc6a-3a14a018e46e req-a76f6f6c-d344-4069-bc6a-3a14a018e46e ] Request (TenantUsagesTestJSON:setUpClass): 200 GET http://10.180.1.21/compute/v2.1/servers/858b585c-7746-4d38-84c9-b3ee719eb406 0.250s
2024-02-06 09:07:44.528 63470 INFO tempest.lib.common.rest_client [req-d6a4cd9c-adf1-4d29-a086-9c0b96d9fd8a req-d6a4cd9c-adf1-4d29-a086-9c0b96d9fd8a ] Request (ServersTestFqdnHostnames:test_create_server_with_fqdn_name): 200 GET http://10.180.1.21/compute/v2.1/servers/14c248a0-9f16-40a5-a8c2-06536fdd8cb7 0.299s
2024-02-06 09:07:44.596 63454 INFO tempest.lib.common.rest_client [req-19ad6141-a194-4556-ac57-c20319d8a00c req-19ad6141-a194-4556-ac57-c20319d8a00c ] Request (ServersAdminTestJSON:setUpClass): 200 GET http://10.180.1.21/compute/v2.1/servers/d51c3719-bd80-4ad9-945c-c50e16fb3fd1 0.267s
2024-02-06 09:07:44.662 63462 INFO tempest.lib.common.rest_client [req-6ea6edd8-25a9-40e5-9e25-b3ab09d074ad req-6ea6edd8-25a9-40e5-9e25-b3ab09d074ad ] Request (ServerActionsTestJSON:setUpClass): 200 GET http://10.180.1.21/compute/v2.1/servers/08336643-4254-4447-b7c2-b81054bf9707 0.312s
2024-02-06 09:07:44.664 63476 INFO tempest.lib.common.rest_client [req-2ceafefb-d16d-4f1f-825e-e84f5dae7c6b req-2ceafefb-d16d-4f1f-825e-e84f5dae7c6b ] Request (MultipleCreateTestJSON:test_multiple_create): 200 GET http://10.180.1.21/compute/v2.1/servers 0.374s
2024-02-06 09:07:44.718 63506 INFO tempest.lib.common.rest_client [req-f9a01113-df2a-446b-b2ab-6fd16f587448 req-f9a01113-df2a-446b-b2ab-6fd16f587448 ] Request (AutoAllocateNetworkTest:test_server_create_no_allocate): 200 GET http://10.180.1.21/compute/v2.1/servers/f9954bd1-8df3-445c-bb4c-ee316b7b0447 0.299s
2024-02-06 09:07:44.724 63486 INFO tempest.lib.common.rest_client [req-3c491679-0c1c-48a3-828b-b642805dde59 req-3c491679-0c1c-48a3-828b-b642805dde59 ] Request (ListImageFiltersTestJSON:setUpClass): 200 GET http://10.180.1.21/compute/v2.1/servers/f5f7e84c-2d39-4929-be15-e7c03fae4319 0.248s
2024-02-06 09:07:44.760 63450 INFO tempest.lib.common.rest_client [req-add9d144-5af5-4885-a168-a8c930c5267c req-add9d144-5af5-4885-a168-a8c930c5267c ] Request (TaggedBootDevicesTest_v242:test_tagged_boot_devices): 200 GET http://10.180.1.21/volume/v3/f02a4d7c7b0c46ae8adf76b3902db70c/volumes/86a45fb8-b4e6-4a89-b052-b43bdf7b7a63 0.024s
2024-02-06 09:07:44.778 63490 INFO tempest.lib.common.rest_client [req-a2c5d9e1-8893-46a9-ba2b-97fe2c060076 req-a2c5d9e1-8893-46a9-ba2b-97fe2c060076 ] Request (ServerDiagnosticsV248Test:test_get_server_diagnostics): 200 GET http://10.180.1.21/compute/v2.1/servers/9f48db49-1618-4b04-88a6-315c0f9b889a 0.225s
2024-02-06 09:07:44.780 63478 INFO tempest.lib.common.rest_client [req-63330eb5-2092-43fa-bdb9-113986c5a821 req-63330eb5-2092-43fa-bdb9-113986c5a821 ] Request (InstanceActionsV221TestJSON:test_get_list_deleted_instance_actions): 200 GET http://10.180.1.21/compute/v2.1/servers/ebfeff1b-6ae0-4d68-83fb-7dbc60e2a841 0.290s
2024-02-06 09:07:44.786 63490 INFO tempest.common.waiters [-] State transition "BUILD/scheduling" ==> "BUILD/None" after 48 second wait
2024-02-06 09:07:44.841 63480 INFO tempest.lib.common.rest_client [req-c7a0abd1-1671-4abb-872c-75961331e32f req-c7a0abd1-1671-4abb-872c-75961331e32f ] Request (ServersAdminNegativeTestJSON:setUpClass): 200 GET http://10.180.1.21/compute/v2.1/servers/75fd2a2c-4ef5-4b42-b309-53cff148c772 0.286s
2024-02-06 09:07:44.849 63467 INFO tempest.lib.common.rest_client [req-9be180fe-fcda-41f1-983d-ac65e6bb7ee4 req-9be180fe-fcda-41f1-983d-ac65e6bb7ee4 ] Request (ServerActionsTestOtherA:setUpClass): 200 GET http://10.180.1.21/compute/v2.1/servers/d4e0170a-0993-4f7f-a7fa-6539bb13a082 0.221s
2024-02-06 09:07:44.893 63476 INFO tempest.lib.common.rest_client [req-7a9cd177-9649-4c23-a272-87f2f7eaef89 req-7a9cd177-9649-4c23-a272-87f2f7eaef89 ] Request (MultipleCreateTestJSON:test_multiple_create): 200 GET http://10.180.1.21/compute/v2.1/servers/d1a12f05-6178-44bb-9eb0-b52d806fe91d 0.227s
2024-02-06 09:07:44.900 63465 INFO tempest.lib.common.rest_client [req-a863244a-cda6-4f60-9511-e72f1f97e845 req-a863244a-cda6-4f60-9511-e72f1f97e845 ] Request (DeleteServersAdminTestJSON:test_admin_delete_servers_of_others): 200 GET http://10.180.1.21/compute/v2.1/servers/99698b8b-8a66-46ce-8bf1-cc00239e644b 0.200s
2024-02-06 09:07:44.951 63452 INFO tempest.lib.common.rest_client [req-c976565a-f548-4250-bb25-3226a5b803a9 req-c976565a-f548-4250-bb25-3226a5b803a9 ] Request (AttachSCSIVolumeTestJSON:test_attach_scsi_disk_with_config_drive): 200 GET http://10.180.1.21/compute/v2.1/servers/5d6be180-d89f-44ba-847e-0ea169316d90 0.185s
2024-02-06 09:07:44.994 63500 INFO tempest.lib.common.rest_client [req-49993976-15d8-40da-b9f5-62fb36b650da req-49993976-15d8-40da-b9f5-62fb36b650da ] Request (FloatingIPsAssociationNegativeTestJSON:setUpClass): 200 GET http://10.180.1.21/compute/v2.1/servers/4ca19153-519c-49e3-bdfd-1f5ea77b24a0 0.287s
2024-02-06 09:07:45.008 63458 INFO tempest.lib.common.rest_client [req-9bda890b-6a33-41ef-8979-209dd913a975 req-9bda890b-6a33-41ef-8979-209dd913a975 ] Request (AttachInterfacesV270Test:test_create_get_list_interfaces): 200 GET http://10.180.1.21/compute/v2.1/servers/78471258-10a4-42e2-8d2a-f30b2baaa5d9 0.229s
2024-02-06 09:07:45.054 63498 INFO tempest.lib.common.rest_client [req-ea1e8223-60cf-478e-b243-fcd3ccad5d67 req-ea1e8223-60cf-478e-b243-fcd3ccad5d67 ] Request (AttachInterfacesUnderV243Test:test_add_remove_fixed_ip): 200 GET http://10.180.1.21/compute/v2.1/servers/3be03d93-aae7-4312-832f-5a61b49753bb 0.214s
2024-02-06 09:07:45.056 63510 INFO tempest.lib.common.rest_client [req-d2e69a00-1cd2-41a1-a5a4-2dec2bdd4d2e req-d2e69a00-1cd2-41a1-a5a4-2dec2bdd4d2e ] Request (TaggedAttachmentsTest:test_tagged_attachment): 200 GET http://10.180.1.21/compute/v2.1/servers/d2839fc7-a754-4d4f-a7f1-e4b17f2126a5 0.232s
2024-02-06 09:07:45.112 63484 INFO tempest.lib.common.rest_client [req-32ee0756-347e-4515-8ae6-5b8ab6fa5fac req-32ee0756-347e-4515-8ae6-5b8ab6fa5fac ] Request (ServersTestBootFromVolume:setUpClass): 200 GET http://10.180.1.21/compute/v2.1/servers/b58fe58a-9965-4f7e-808c-a5d004fd855e 0.160s
2024-02-06 09:07:45.242 63461 INFO tempest.lib.common.rest_client [req-664c67e6-13ef-4d02-8db4-ef1eceef058c req-664c67e6-13ef-4d02-8db4-ef1eceef058c ] Request (MigrationsAdminTest:test_list_migrations_in_flavor_resize_situation): 200 GET http://10.180.1.21/compute/v2.1/servers/aae0a74f-3985-4a51-bae4-3b8124d7fe90 0.351s
2024-02-06 09:07:45.309 63502 INFO tempest.lib.common.rest_client [req-5a228edd-f422-4030-828f-643978033fe6 req-5a228edd-f422-4030-828f-643978033fe6 ] Request (ServersAaction247Test:test_create_backup): 200 GET http://10.180.1.21/compute/v2.1/servers/aeb4f446-da3f-4422-a3cd-013b8d6dd174 0.182s
2024-02-06 09:07:45.317 63502 INFO tempest.common.waiters [-] State transition "BUILD/spawning" ==> "ERROR/None" after 51 second wait
2024-02-06 09:07:45.367 63474 INFO tempest.lib.common.rest_client [req-6fa65fb0-75a0-413f-8d2b-40b82f68c671 req-6fa65fb0-75a0-413f-8d2b-40b82f68c671 ] Request (ServersWithSpecificFlavorTestJSON:test_verify_created_server_ephemeral_disk): 200 GET http://10.180.1.21/compute/v2.1/servers/29ee4419-201b-4d3a-8e7b-c84a5eb36d1f 0.303s
2024-02-06 09:07:45.466 63492 INFO tempest.lib.common.rest_client [req-42ffd650-4ea5-4dcb-a15a-baaead414013 req-42ffd650-4ea5-4dcb-a15a-baaead414013 ] Request (FloatingIPsAssociationTestJSON:setUpClass): 200 GET http://10.180.1.21/compute/v2.1/servers/bd0eef47-56e8-45b6-92b1-e81400994572 0.181s
2024-02-06 09:07:45.540 63496 INFO tempest.lib.common.rest_client [req-6a786966-f97a-41e2-926d-326358548e6f req-6a786966-f97a-41e2-926d-326358548e6f ] Request (ServerDiagnosticsTest:test_get_server_diagnostics): 200 GET http://10.180.1.21/compute/v2.1/servers/f7e43c56-e126-4e5a-944a-bba89f2f9744 0.198s
2024-02-06 09:07:45.654 63502 INFO tempest.lib.common.rest_client [req-78dfaf66-0ce2-45f6-ad67-6a91d8b083a3 req-78dfaf66-0ce2-45f6-ad67-6a91d8b083a3 ] Request (ServersAaction247Test:test_create_backup): 204 DELETE http://10.180.1.21/compute/v2.1/servers/aeb4f446-da3f-4422-a3cd-013b8d6dd174 0.336s
2024-02-06 09:07:45.676 63456 INFO tempest.lib.common.rest_client [req-c8acdf1b-7809-4445-9063-4e59c1fada75 req-c8acdf1b-7809-4445-9063-4e59c1fada75 ] Request (VolumesAssistedSnapshotsTest:test_volume_assisted_snapshot_create_delete): 200 GET http://10.180.1.21/compute/v2.1/servers/e4e1b466-759a-4e2a-b784-6a3b0a8b7e2c 0.272s
2024-02-06 09:07:45.705 63488 INFO tempest.lib.common.rest_client [req-e16ed3cd-c917-422e-b4b6-f8293fcc2dff req-e16ed3cd-c917-422e-b4b6-f8293fcc2dff ] Request (ServerDiagnosticsNegativeTest:test_get_server_diagnostics_by_non_admin): 200 GET http://10.180.1.21/compute/v2.1/servers/2e938efc-55d2-4116-8989-354ec339579f 0.295s
2024-02-06 09:07:45.724 63513 INFO tempest.lib.common.rest_client [req-c557aa7f-07c4-4e49-80c6-afd7d0293d8c req-c557aa7f-07c4-4e49-80c6-afd7d0293d8c ] Request (VolumesAdminNegativeTest:test_update_attached_volume_with_nonexistent_volume_in_body): 200 GET http://10.180.1.21/compute/v2.1/servers/2681fbe1-7ed8-4280-95ac-f98063278b52 0.259s
2024-02-06 09:07:45.781 63482 INFO tempest.lib.common.rest_client [req-066ddd70-f8ea-44d5-b8f8-b88ebb087dd2 req-066ddd70-f8ea-44d5-b8f8-b88ebb087dd2 ] Request (TenantUsagesTestJSON:setUpClass): 200 GET http://10.180.1.21/compute/v2.1/servers/858b585c-7746-4d38-84c9-b3ee719eb406 0.249s
2024-02-06 09:07:45.792 63450 INFO tempest.lib.common.rest_client [req-526f87fe-684b-4507-922c-437c39b56f72 req-526f87fe-684b-4507-922c-437c39b56f72 ] Request (TaggedBootDevicesTest_v242:test_tagged_boot_devices): 200 GET http://10.180.1.21/volume/v3/f02a4d7c7b0c46ae8adf76b3902db70c/volumes/86a45fb8-b4e6-4a89-b052-b43bdf7b7a63 0.025s
2024-02-06 09:07:45.836 63470 INFO tempest.lib.common.rest_client [req-8064558a-db62-418c-bd9b-4916a5a3bef3 req-8064558a-db62-418c-bd9b-4916a5a3bef3 ] Request (ServersTestFqdnHostnames:test_create_server_with_fqdn_name): 200 GET http://10.180.1.21/compute/v2.1/servers/14c248a0-9f16-40a5-a8c2-06536fdd8cb7 0.300s
2024-02-06 09:07:45.883 63454 INFO tempest.lib.common.rest_client [req-25ab15b9-584b-4edf-90c3-8e608aeb400b req-25ab15b9-584b-4edf-90c3-8e608aeb400b ] Request (ServersAdminTestJSON:setUpClass): 200 GET http://10.180.1.21/compute/v2.1/servers/d51c3719-bd80-4ad9-945c-c50e16fb3fd1 0.279s
2024-02-06 09:07:45.906 63502 INFO tempest.lib.common.rest_client [req-7f829540-9139-4c67-9f77-2c1c5a3662e4 req-7f829540-9139-4c67-9f77-2c1c5a3662e4 ] Request (ServersAaction247Test:test_create_backup): 404 GET http://10.180.1.21/compute/v2.1/servers/aeb4f446-da3f-4422-a3cd-013b8d6dd174 0.251s
2024-02-06 09:07:45.922 63509 INFO tempest.lib.common.rest_client [req-879f3b52-01e9-4d1e-bcb8-ee78e1c8323c req-879f3b52-01e9-4d1e-bcb8-ee78e1c8323c ] Request (ServersTestJSON:setUpClass): 200 GET http://10.180.1.21/compute/v2.1/servers/c9b42581-3793-4641-be04-9a4b17b059cb 0.450s
2024-02-06 09:07:45.963 63462 INFO tempest.lib.common.rest_client [req-2affb496-b4d2-479c-a224-d24563eaf0e9 req-2affb496-b4d2-479c-a224-d24563eaf0e9 ] Request (ServerActionsTestJSON:setUpClass): 200 GET http://10.180.1.21/compute/v2.1/servers/08336643-4254-4447-b7c2-b81054bf9707 0.293s
2024-02-06 09:07:45.977 63506 INFO tempest.lib.common.rest_client [req-4f4065d0-5a4c-41e5-9190-67770cd2c22b req-4f4065d0-5a4c-41e5-9190-67770cd2c22b ] Request (AutoAllocateNetworkTest:test_server_create_no_allocate): 200 GET http://10.180.1.21/compute/v2.1/servers/f9954bd1-8df3-445c-bb4c-ee316b7b0447 0.250s
2024-02-06 09:07:46.018 63486 INFO tempest.lib.common.rest_client [req-c7a409f3-b0f5-4e01-aeb6-09b80258ac8f req-c7a409f3-b0f5-4e01-aeb6-09b80258ac8f ] Request (ListImageFiltersTestJSON:setUpClass): 200 GET http://10.180.1.21/compute/v2.1/servers/f5f7e84c-2d39-4929-be15-e7c03fae4319 0.286s
2024-02-06 09:07:46.020 63502 INFO tempest.lib.common.rest_client [req-96284f19-fe9c-4e0c-b33a-f967f6dbd22f req-96284f19-fe9c-4e0c-b33a-f967f6dbd22f ] Request (ServersAaction247Test:tearDownClass): 204 DELETE http://10.180.1.21/identity/v3/users/a87ea7731e3b43a0a599a769b5a0320f 0.111s
2024-02-06 09:07:46.020 63502 INFO tempest.lib.common.dynamic_creds [-] Deleting project and security group for project: 05bd8a64dc98492c950a42963e6c1d8f
2024-02-06 09:07:46.028 63490 INFO tempest.lib.common.rest_client [req-1f2ff8ff-d369-4e34-bd3a-3e5df5bef91c req-1f2ff8ff-d369-4e34-bd3a-3e5df5bef91c ] Request (ServerDiagnosticsV248Test:test_get_server_diagnostics): 200 GET http://10.180.1.21/compute/v2.1/servers/9f48db49-1618-4b04-88a6-315c0f9b889a 0.241s
2024-02-06 09:07:46.036 63490 INFO tempest.common.waiters [-] State transition "BUILD/None" ==> "BUILD/spawning" after 50 second wait
2024-02-06 09:07:46.067 63478 INFO tempest.lib.common.rest_client [req-636cef8c-e1de-46a4-be07-e980ff448357 req-636cef8c-e1de-46a4-be07-e980ff448357 ] Request (InstanceActionsV221TestJSON:test_get_list_deleted_instance_actions): 200 GET http://10.180.1.21/compute/v2.1/servers/ebfeff1b-6ae0-4d68-83fb-7dbc60e2a841 0.278s
2024-02-06 09:07:46.074 63502 INFO tempest.lib.common.rest_client [req-52f2307a-11db-42bb-87a6-3d1de6639188 req-52f2307a-11db-42bb-87a6-3d1de6639188 ] Request (ServersAaction247Test:tearDownClass): 201 POST http://10.180.1.21/identity/v3/auth/tokens 0.054s
2024-02-06 09:07:46.078 63480 INFO tempest.lib.common.rest_client [req-b02291c8-9065-43f3-a81e-dad600cb85ef req-b02291c8-9065-43f3-a81e-dad600cb85ef ] Request (ServersAdminNegativeTestJSON:setUpClass): 200 GET http://10.180.1.21/compute/v2.1/servers/75fd2a2c-4ef5-4b42-b309-53cff148c772 0.230s
2024-02-06 09:07:46.135 63476 INFO tempest.lib.common.rest_client [req-4688687a-09e0-41c7-ba12-8412835570ac req-4688687a-09e0-41c7-ba12-8412835570ac ] Request (MultipleCreateTestJSON:test_multiple_create): 200 GET http://10.180.1.21/compute/v2.1/servers/d1a12f05-6178-44bb-9eb0-b52d806fe91d 0.234s
2024-02-06 09:07:46.236 63465 INFO tempest.lib.common.rest_client [req-16134eae-3ff7-4186-aba7-a77bffa993cb req-16134eae-3ff7-4186-aba7-a77bffa993cb ] Request (DeleteServersAdminTestJSON:test_admin_delete_servers_of_others): 200 GET http://10.180.1.21/compute/v2.1/servers/99698b8b-8a66-46ce-8bf1-cc00239e644b 0.330s
2024-02-06 09:07:46.243 63502 INFO tempest.lib.common.rest_client [req-795a45cd-d50d-4d1a-b56b-7031deb22b2d req-795a45cd-d50d-4d1a-b56b-7031deb22b2d ] Request (ServersAaction247Test:tearDownClass): 200 GET http://10.180.1.21:9696/networking/v2.0/security-groups?tenant_id=05bd8a64dc98492c950a42963e6c1d8f&name=default 0.168s
2024-02-06 09:07:46.303 63467 INFO tempest.lib.common.rest_client [req-3f49e9a6-606d-4a83-8c68-5aa16b28ad5e req-3f49e9a6-606d-4a83-8c68-5aa16b28ad5e ] Request (ServerActionsTestOtherA:setUpClass): 200 GET http://10.180.1.21/compute/v2.1/servers/d4e0170a-0993-4f7f-a7fa-6539bb13a082 0.446s
2024-02-06 09:07:46.306 63452 INFO tempest.lib.common.rest_client [req-122c9009-8116-4aa8-8a91-dd2dacfb64f3 req-122c9009-8116-4aa8-8a91-dd2dacfb64f3 ] Request (AttachSCSIVolumeTestJSON:test_attach_scsi_disk_with_config_drive): 200 GET http://10.180.1.21/compute/v2.1/servers/5d6be180-d89f-44ba-847e-0ea169316d90 0.347s
2024-02-06 09:07:46.343 63502 INFO tempest.lib.common.rest_client [req-3564c7c8-4afc-4895-8f74-b10f1ea2531a req-3564c7c8-4afc-4895-8f74-b10f1ea2531a ] Request (ServersAaction247Test:tearDownClass): 204 DELETE http://10.180.1.21:9696/networking/v2.0/security-groups/1ef4d763-8ee1-488d-8778-1ac5d745644f 0.100s
2024-02-06 09:07:46.370 63458 INFO tempest.lib.common.rest_client [req-4146cbcd-03fa-406c-b09d-f29bbb10e35d req-4146cbcd-03fa-406c-b09d-f29bbb10e35d ] Request (AttachInterfacesV270Test:test_create_get_list_interfaces): 200 GET http://10.180.1.21/compute/v2.1/servers/78471258-10a4-42e2-8d2a-f30b2baaa5d9 0.353s
2024-02-06 09:07:46.411 63502 INFO tempest.lib.common.rest_client [req-7ccb191a-2179-4f88-a473-068dff651a24 req-7ccb191a-2179-4f88-a473-068dff651a24 ] Request (ServersAaction247Test:tearDownClass): 204 DELETE http://10.180.1.21/identity/v3/projects/05bd8a64dc98492c950a42963e6c1d8f 0.067s
2024-02-06 09:07:46.437 63510 INFO tempest.lib.common.rest_client [req-b1230a81-aa25-498a-81b1-950b36873556 req-b1230a81-aa25-498a-81b1-950b36873556 ] Request (TaggedAttachmentsTest:test_tagged_attachment): 200 GET http://10.180.1.21/compute/v2.1/servers/d2839fc7-a754-4d4f-a7f1-e4b17f2126a5 0.372s
2024-02-06 09:07:46.441 63500 INFO tempest.lib.common.rest_client [req-ed2c7858-3b94-4951-a860-62e45fb72b78 req-ed2c7858-3b94-4951-a860-62e45fb72b78 ] Request (FloatingIPsAssociationNegativeTestJSON:setUpClass): 200 GET http://10.180.1.21/compute/v2.1/servers/4ca19153-519c-49e3-bdfd-1f5ea77b24a0 0.440s
2024-02-06 09:07:46.470 63502 INFO tempest.lib.common.rest_client [req-e771008e-d50d-4bf6-9c94-79ceaa591034 req-e771008e-d50d-4bf6-9c94-79ceaa591034 ] Request (ServerAddressesNegativeTestJSON:setUpClass): 201 POST http://10.180.1.21/identity/v3/auth/tokens 0.057s
2024-02-06 09:07:46.484 63498 INFO tempest.lib.common.rest_client [req-2b7637d9-2568-4dfa-beea-907a944d3f1a req-2b7637d9-2568-4dfa-beea-907a944d3f1a ] Request (AttachInterfacesUnderV243Test:test_add_remove_fixed_ip): 200 GET http://10.180.1.21/compute/v2.1/servers/3be03d93-aae7-4312-832f-5a61b49753bb 0.418s
2024-02-06 09:07:46.493 63502 INFO tempest.lib.common.rest_client [req-1088025c-68db-48c2-8af8-d5e2f67b34cf req-1088025c-68db-48c2-8af8-d5e2f67b34cf ] Request (ServerAddressesNegativeTestJSON:setUpClass): 201 POST http://10.180.1.21/identity/v3/auth/tokens 0.021s
2024-02-06 09:07:46.501 63484 INFO tempest.lib.common.rest_client [req-1a07b808-f91d-4d4f-addc-8c9e5f38fc2d req-1a07b808-f91d-4d4f-addc-8c9e5f38fc2d ] Request (ServersTestBootFromVolume:setUpClass): 200 GET http://10.180.1.21/compute/v2.1/servers/b58fe58a-9965-4f7e-808c-a5d004fd855e 0.379s
2024-02-06 09:07:46.515 63502 INFO tempest.lib.common.rest_client [req-f0946ef7-f684-42a4-9ab6-dfe8830380fe req-f0946ef7-f684-42a4-9ab6-dfe8830380fe ] Request (ServerAddressesNegativeTestJSON:setUpClass): 200 GET http://10.180.1.21/identity/v3/domains?name=Default 0.021s
2024-02-06 09:07:46.535 63461 INFO tempest.lib.common.rest_client [req-548eebfd-2065-45cf-a191-a11559c44a3c req-548eebfd-2065-45cf-a191-a11559c44a3c ] Request (MigrationsAdminTest:test_list_migrations_in_flavor_resize_situation): 200 GET http://10.180.1.21/compute/v2.1/servers/aae0a74f-3985-4a51-bae4-3b8124d7fe90 0.284s
2024-02-06 09:07:46.544 63502 INFO tempest.lib.common.rest_client [req-df03ad25-197a-4b02-bbcf-92831aa3ac4c req-df03ad25-197a-4b02-bbcf-92831aa3ac4c ] Request (ServerAddressesNegativeTestJSON:setUpClass): 201 POST http://10.180.1.21/identity/v3/projects 0.028s
2024-02-06 09:07:46.603 63502 INFO tempest.lib.common.rest_client [req-2fcdfedb-8dbe-4029-8bd6-e3703db331ef req-2fcdfedb-8dbe-4029-8bd6-e3703db331ef ] Request (ServerAddressesNegativeTestJSON:setUpClass): 201 POST http://10.180.1.21/identity/v3/users 0.059s
2024-02-06 09:07:46.624 63502 INFO tempest.lib.common.rest_client [req-8c2b2d6a-920f-4674-bcc5-3ea35c0f6e47 req-8c2b2d6a-920f-4674-bcc5-3ea35c0f6e47 ] Request (ServerAddressesNegativeTestJSON:setUpClass): 200 GET http://10.180.1.21/identity/v3/roles 0.020s
2024-02-06 09:07:46.625 63492 INFO tempest.lib.common.rest_client [req-45fa1eaf-3587-4c9d-b7cb-71c2c8af0c1a req-45fa1eaf-3587-4c9d-b7cb-71c2c8af0c1a ] Request (FloatingIPsAssociationTestJSON:setUpClass): 200 GET http://10.180.1.21/compute/v2.1/servers/bd0eef47-56e8-45b6-92b1-e81400994572 0.152s
2024-02-06 09:07:46.635 63474 INFO tempest.lib.common.rest_client [req-265bec6b-26d0-458c-b4d9-4e53e7c844a0 req-265bec6b-26d0-458c-b4d9-4e53e7c844a0 ] Request (ServersWithSpecificFlavorTestJSON:test_verify_created_server_ephemeral_disk): 200 GET http://10.180.1.21/compute/v2.1/servers/29ee4419-201b-4d3a-8e7b-c84a5eb36d1f 0.260s
2024-02-06 09:07:46.653 63502 INFO tempest.lib.common.rest_client [req-cc105e7d-cf1e-498f-ad4b-66ad8c9437ce req-cc105e7d-cf1e-498f-ad4b-66ad8c9437ce ] Request (ServerAddressesNegativeTestJSON:setUpClass): 204 PUT http://10.180.1.21/identity/v3/projects/c0011318ee614ae98fc884f97155e16c/users/c497926730be43dea667617bb986a55d/roles/e6e13179767349f2abb3e9810e0dec9c 0.029s
2024-02-06 09:07:46.653 63502 INFO tempest.lib.common.dynamic_creds [-] Dynamic test user c497926730be43dea667617bb986a55d is created with scope project and roles: ['member']
2024-02-06 09:07:46.654 63502 INFO tempest.lib.common.dynamic_creds [-] Acquired dynamic creds:
 credentials: Credentials: {'domain_id': 'default', 'domain_name': 'Default', 'username': 'tempest-ServerAddressesNegativeTestJSON-1677873053-project-member', 'project_domain_id': 'default', 'project_domain_name': 'Default', 'project_id': 'c0011318ee614ae98fc884f97155e16c', 'project_name': 'tempest-ServerAddressesNegativeTestJSON-1677873053', 'tenant_id': 'c0011318ee614ae98fc884f97155e16c', 'tenant_name': 'tempest-ServerAddressesNegativeTestJSON-1677873053', 'user_domain_id': 'default', 'user_domain_name': 'Default', 'user_id': 'c497926730be43dea667617bb986a55d', 'system': None}, Network: None, Subnet: None, Router: None
2024-02-06 09:07:46.682 63496 INFO tempest.lib.common.rest_client [req-1f31cac7-ec9f-448d-9b01-af303dad15d8 req-1f31cac7-ec9f-448d-9b01-af303dad15d8 ] Request (ServerDiagnosticsTest:test_get_server_diagnostics): 200 GET http://10.180.1.21/compute/v2.1/servers/f7e43c56-e126-4e5a-944a-bba89f2f9744 0.134s
2024-02-06 09:07:46.710 63502 INFO tempest.lib.common.rest_client [req-260a07b4-8fb2-4ad6-9b44-8eac01cb3fdc req-260a07b4-8fb2-4ad6-9b44-8eac01cb3fdc ] Request (ServerAddressesNegativeTestJSON:setUpClass): 201 POST http://10.180.1.21/identity/v3/auth/tokens 0.056s
2024-02-06 09:07:46.769 63488 INFO tempest.lib.common.rest_client [req-0e5df67a-87e8-48a5-8e40-87effa26e69b req-0e5df67a-87e8-48a5-8e40-87effa26e69b ] Request (ServerDiagnosticsNegativeTest:test_get_server_diagnostics_by_non_admin): 200 GET http://10.180.1.21/compute/v2.1/servers/2e938efc-55d2-4116-8989-354ec339579f 0.056s
2024-02-06 09:07:46.808 63456 INFO tempest.lib.common.rest_client [req-b9f7e6d6-32f7-4248-b136-9224dcfc4d6b req-b9f7e6d6-32f7-4248-b136-9224dcfc4d6b ] Request (VolumesAssistedSnapshotsTest:test_volume_assisted_snapshot_create_delete): 200 GET http://10.180.1.21/compute/v2.1/servers/e4e1b466-759a-4e2a-b784-6a3b0a8b7e2c 0.125s
