 credentials: Credentials: {'domain_id': 'default', 'domain_name': 'Default', 'username': 'tempest-ServerActionsTestJSON-25147579-project-member', 'project_domain_id': 'default', 'project_domain_name': 'Default', 'project_id': '423b83f1a2df47c593cd4fc3a446409b', 'project_name': 'tempest-ServerActionsTestJSON-25147579', 'tenant_id': '423b83f1a2df47c593cd4fc3a446409b', 'tenant_name': 'tempest-ServerActionsTestJSON-25147579', 'user_domain_id': 'default', 'user_domain_name': 'Default', 'user_id': 'be1a5332a52c4379b5ad158283a9b50b', 'system': None}, Network: {'id': '682ed35c-e860-4573-8aaa-585eec31f459', 'name': 'tempest-ServerActionsTestJSON-133906471-network', 'tenant_id': '423b83f1a2df47c593cd4fc3a446409b', 'admin_state_up': True, 'mtu': 8950, 'status': 'ACTIVE', 'subnets': [], 'shared': False, 'project_id': '423b83f1a2df47c593cd4fc3a446409b', 'port_security_enabled': True, 'router:external': False, 'provider:network_type': 'vlan', 'provider:physical_network': 'default', 'provider:segmentation_id': 108, 'is_default': False, 'availability_zone_hints': [], 'availability_zones': [], 'ipv4_address_scope': None, 'ipv6_address_scope': None, 'description': '', 'tags': [], 'created_at': '2024-02-06T09:06:50Z', 'updated_at': '2024-02-06T09:06:50Z', 'revision_number': 1}, Subnet: {'id': 'ba2ce1b9-a7ea-4f8d-8744-995ce7746a69', 'name': 'tempest-ServerActionsTestJSON-133906471-subnet', 'tenant_id': '423b83f1a2df47c593cd4fc3a446409b', 'network_id': '682ed35c-e860-4573-8aaa-585eec31f459', 'ip_version': 4, 'subnetpool_id': None, 'enable_dhcp': True, 'ipv6_ra_mode': None, 'ipv6_address_mode': None, 'gateway_ip': '10.0.0.1', 'cidr': '10.0.0.0/28', 'allocation_pools': [{'start': '10.0.0.2', 'end': '10.0.0.14'}], 'host_routes': [], 'dns_nameservers': [], 'description': '', 'service_types': [], 'tags': [], 'created_at': '2024-02-06T09:06:51Z', 'updated_at': '2024-02-06T09:06:51Z', 'revision_number': 0, 'project_id': '423b83f1a2df47c593cd4fc3a446409b'}, Router: {'id': '369af39b-61a7-4b92-a9af-cecf025386fe', 'name': 'tempest-ServerActionsTestJSON-133906471-router', 'tenant_id': '423b83f1a2df47c593cd4fc3a446409b', 'admin_state_up': True, 'status': 'ACTIVE', 'external_gateway_info': {'network_id': 'a8c50ca9-a925-40b1-992f-9bdcb197d203', 'external_fixed_ips': [{'subnet_id': 'dd744bb4-f277-4130-a2b5-55ec280623a2', 'ip_address': '10.180.180.236'}], 'enable_snat': True}, 'description': '', 'availability_zones': [], 'distributed': False, 'ha': False, 'availability_zone_hints': [], 'routes': [], 'flavor_id': None, 'tags': [], 'created_at': '2024-02-06T09:06:51Z', 'updated_at': '2024-02-06T09:06:51Z', 'revision_number': 3, 'project_id': '423b83f1a2df47c593cd4fc3a446409b'}
2024-02-06 09:06:55.091 63490 INFO tempest.lib.common.rest_client [req-3d0c95ed-7dc2-406c-a2dd-386f9ef34c62 req-3d0c95ed-7dc2-406c-a2dd-386f9ef34c62 ] Request (ServerDiagnosticsV248Test:test_get_server_diagnostics): 202 POST http://10.180.1.21/compute/v2.1/servers 2.207s
2024-02-06 09:06:55.146 63462 INFO tempest.lib.common.rest_client [req-fbdef0fd-b5f9-402a-80c5-c358f329bf13 req-fbdef0fd-b5f9-402a-80c5-c358f329bf13 ] Request (ServerActionsTestJSON:setUpClass): 201 POST http://10.180.1.21/identity/v3/auth/tokens 0.087s
2024-02-06 09:06:55.210 63506 INFO tempest.lib.common.rest_client [req-5fb15b77-7b97-4968-9f23-26bbd2b8e15a req-5fb15b77-7b97-4968-9f23-26bbd2b8e15a ] Request (AutoAllocateNetworkTest:test_server_create_no_allocate): 200 GET http://10.180.1.21/compute/v2.1/servers/f9954bd1-8df3-445c-bb4c-ee316b7b0447 2.143s
2024-02-06 09:06:55.235 63486 INFO tempest.lib.common.rest_client [req-bb187499-60de-47a3-9f0c-91f9eb24ccdf req-bb187499-60de-47a3-9f0c-91f9eb24ccdf ] Request (QuotasAdminTestJSON:test_delete_quota): 202 DELETE http://10.180.1.21/compute/v2.1/os-quota-sets/1e64eeccb59a4296ba58ca32c19714b9 1.883s
2024-02-06 09:06:55.267 63484 INFO tempest.lib.common.rest_client [req-dd4767d2-054e-45d7-9683-071620e01703 req-dd4767d2-054e-45d7-9683-071620e01703 ] Request (ServersTestBootFromVolume:setUpClass): 200 GET http://10.180.1.21/volume/v3/1ebabc7e16ce4d48bfe2477d1e630e9f/volumes/7964ae7b-6c50-4e91-95ca-da291ec96271 0.050s
2024-02-06 09:06:55.318 63482 INFO tempest.lib.common.rest_client [req-69b6a720-146e-46c5-9d9c-60dac4acad24 req-69b6a720-146e-46c5-9d9c-60dac4acad24 ] Request (QuotasAdminNegativeTest:tearDownClass): 204 DELETE http://10.180.1.21:9696/networking/v2.0/security-groups/63f045a9-eb42-48c8-85f3-d592ae618ad8 0.764s
2024-02-06 09:06:55.377 63461 INFO tempest.lib.common.rest_client [req-4145235a-a03e-41cc-b53c-f0a44bf4476f req-4145235a-a03e-41cc-b53c-f0a44bf4476f ] Request (FlavorsV261TestJSON:test_crud_flavor): 200 POST http://10.180.1.21/compute/v2.1/flavors 1.941s
2024-02-06 09:06:55.421 63450 INFO tempest.lib.common.rest_client [req-f3d1dcaa-151b-4981-b3fc-b5676c833eaf req-f3d1dcaa-151b-4981-b3fc-b5676c833eaf ] Request (KeyPairsV22TestJSON:test_keypair_create_delete): 201 POST http://10.180.1.21/compute/v2.1/os-keypairs 1.673s
2024-02-06 09:06:55.504 63480 INFO tempest.lib.common.rest_client [req-47ed804b-be2f-465d-80aa-8bffd7ad7653 req-47ed804b-be2f-465d-80aa-8bffd7ad7653 ] Request (ServersAdminNegativeTestJSON:setUpClass): 200 GET http://10.180.1.21/compute/v2.1/servers/75fd2a2c-4ef5-4b42-b309-53cff148c772 1.594s
2024-02-06 09:06:55.507 63482 INFO tempest.lib.common.rest_client [req-0f3e83f0-ac3f-4a48-bd01-642bd6b5defb req-0f3e83f0-ac3f-4a48-bd01-642bd6b5defb ] Request (QuotasAdminNegativeTest:tearDownClass): 204 DELETE http://10.180.1.21/identity/v3/projects/db5296760f7544928edd91aa529151eb 0.188s
2024-02-06 09:06:55.508 63482 INFO tempest.lib.common.dynamic_creds [-] Deleting project and security group for project: 51bff530f0844285a29be0c00a2fdcbb
2024-02-06 09:06:55.795 63498 INFO tempest.lib.common.rest_client [req-f609a57d-3fe3-4b13-b666-cd1899d0365d req-f609a57d-3fe3-4b13-b666-cd1899d0365d ] Request (SecurityGroupRulesTestJSON:test_security_group_rules_delete_when_peer_group_deleted): 200 POST http://10.180.1.21/compute/v2.1/os-security-groups 2.797s
2024-02-06 09:06:55.808 63468 INFO tempest.lib.common.rest_client [req-b1974c8c-b8eb-4e79-974b-0b8fab829d10 req-b1974c8c-b8eb-4e79-974b-0b8fab829d10 ] Request (InstanceUsageAuditLogTestJSON:test_list_instance_usage_audit_logs): 200 GET http://10.180.1.21/compute/v2.1/os-instance_usage_audit_log 1.801s
2024-02-06 09:06:55.890 63482 INFO tempest.lib.common.rest_client [req-7a46ca88-cf51-4c30-9b2d-61bb00ec40f5 req-7a46ca88-cf51-4c30-9b2d-61bb00ec40f5 ] Request (QuotasAdminNegativeTest:tearDownClass): 200 GET http://10.180.1.21:9696/networking/v2.0/security-groups?tenant_id=51bff530f0844285a29be0c00a2fdcbb&name=default 0.382s
2024-02-06 09:06:55.914 63456 INFO tempest.lib.common.rest_client [req-ca709d10-df42-489d-9581-868b2c1641e5 req-ca709d10-df42-489d-9581-868b2c1641e5 ] Request (VolumesAssistedSnapshotsTest:test_volume_assisted_snapshot_create_delete): 200 GET http://10.180.1.21/compute/v2.1/servers/e4e1b466-759a-4e2a-b784-6a3b0a8b7e2c 1.420s
2024-02-06 09:06:55.934 63478 INFO tempest.lib.common.rest_client [req-ac68f3dc-4d85-4584-a2d5-fdb6abc6dd95 req-ac68f3dc-4d85-4584-a2d5-fdb6abc6dd95 ] Request (HypervisorAdminTestJSON:test_get_hypervisor_show_details): 200 GET http://10.180.1.21/compute/v2.1/os-hypervisors 1.405s
2024-02-06 09:06:55.965 63468 INFO tempest.lib.common.rest_client [req-bab54580-835b-40b2-bca5-66734109f0ba req-bab54580-835b-40b2-bca5-66734109f0ba ] Request (InstanceUsageAuditLogTestJSON:tearDownClass): 204 DELETE http://10.180.1.21/identity/v3/users/c52c4c72b5234471b11314c8a05df070 0.154s
2024-02-06 09:06:56.035 63473 INFO tempest.lib.common.rest_client [req-e45d6d51-b6a1-4e91-b8c0-72e62b578e49 req-e45d6d51-b6a1-4e91-b8c0-72e62b578e49 ] Request (SecurityGroupsTestAdminJSON:test_list_security_groups_list_all_tenants_filter): 200 POST http://10.180.1.21/compute/v2.1/os-security-groups 2.121s
2024-02-06 09:06:56.107 63468 INFO tempest.lib.common.rest_client [req-4097b882-93bd-4558-ab27-3b1fbd2acf66 req-4097b882-93bd-4558-ab27-3b1fbd2acf66 ] Request (InstanceUsageAuditLogTestJSON:tearDownClass): 204 DELETE http://10.180.1.21/identity/v3/users/a9d4c5c54b2249dbb2bceea3729b5633 0.142s
2024-02-06 09:06:56.107 63468 INFO tempest.lib.common.dynamic_creds [-] Deleting project and security group for project: 92cdd6771c2f4698b06c031578d48c42
2024-02-06 09:06:56.197 63468 INFO tempest.lib.common.rest_client [req-db1a7e59-caa5-45a7-8ced-792877eb6558 req-db1a7e59-caa5-45a7-8ced-792877eb6558 ] Request (InstanceUsageAuditLogTestJSON:tearDownClass): 201 POST http://10.180.1.21/identity/v3/auth/tokens 0.089s
2024-02-06 09:06:56.202 63482 INFO tempest.lib.common.rest_client [req-9da10610-d9d0-4e50-9460-c15e7f6e1806 req-9da10610-d9d0-4e50-9460-c15e7f6e1806 ] Request (QuotasAdminNegativeTest:tearDownClass): 204 DELETE http://10.180.1.21:9696/networking/v2.0/security-groups/321e661a-fc06-41e4-9875-87e22981b10a 0.312s
2024-02-06 09:06:56.252 63504 INFO tempest.lib.common.rest_client [req-1c42c4b6-d96b-4be3-a934-941c8b4230a7 req-1c42c4b6-d96b-4be3-a934-941c8b4230a7 ] Request (ImagesDeleteNegativeTestJSON:test_delete_image_blank_id): 404 DELETE http://10.180.1.21/compute/v2.1/images/ 1.597s
2024-02-06 09:06:56.296 63482 INFO tempest.lib.common.rest_client [req-4b18fb5e-0501-4a0b-955b-6683f4345cce req-4b18fb5e-0501-4a0b-955b-6683f4345cce ] Request (QuotasAdminNegativeTest:tearDownClass): 204 DELETE http://10.180.1.21/identity/v3/projects/51bff530f0844285a29be0c00a2fdcbb 0.093s
2024-02-06 09:06:56.300 63484 INFO tempest.lib.common.rest_client [req-f931ca3f-e73f-4d6a-8368-aa1f9bafce1a req-f931ca3f-e73f-4d6a-8368-aa1f9bafce1a ] Request (ServersTestBootFromVolume:setUpClass): 200 GET http://10.180.1.21/volume/v3/1ebabc7e16ce4d48bfe2477d1e630e9f/volumes/7964ae7b-6c50-4e91-95ca-da291ec96271 0.026s
2024-02-06 09:06:56.306 63510 INFO tempest.lib.common.rest_client [req-acf565a3-330a-4fbd-844d-670c7d285d91 req-acf565a3-330a-4fbd-844d-670c7d285d91 ] Request (ValidationResourcesFixture:setUp): 201 POST http://10.180.1.21/compute/v2.1/os-keypairs 1.623s
2024-02-06 09:06:56.379 63482 INFO tempest.lib.common.rest_client [req-779035b3-757b-4dc2-80ee-4e5dbb3bbd8f req-779035b3-757b-4dc2-80ee-4e5dbb3bbd8f ] Request (TenantUsagesTestJSON:setUpClass): 201 POST http://10.180.1.21/identity/v3/auth/tokens 0.081s
2024-02-06 09:06:56.415 63482 INFO tempest.lib.common.rest_client [req-6c5048c3-a664-4d7b-9522-1d994f81734e req-6c5048c3-a664-4d7b-9522-1d994f81734e ] Request (TenantUsagesTestJSON:setUpClass): 201 POST http://10.180.1.21/identity/v3/auth/tokens 0.034s
2024-02-06 09:06:56.444 63482 INFO tempest.lib.common.rest_client [req-ab7ce74b-ddb2-4d89-ac04-e713318dadbd req-ab7ce74b-ddb2-4d89-ac04-e713318dadbd ] Request (TenantUsagesTestJSON:setUpClass): 200 GET http://10.180.1.21/identity/v3/domains?name=Default 0.028s
2024-02-06 09:06:56.461 63513 INFO tempest.lib.common.rest_client [req-8e3e05ac-5520-4b28-acf9-19b695c215af req-8e3e05ac-5520-4b28-acf9-19b695c215af ] Request (ServersAdmin275Test:test_rebuild_update_server_275): 200 GET http://10.180.1.21/compute/v2.1/servers/53e0e94e-e81c-44b0-bb52-18759172d614 1.742s
2024-02-06 09:06:56.476 63482 INFO tempest.lib.common.rest_client [req-d5861b7f-edf1-440f-8e5e-a6a6023f69c6 req-d5861b7f-edf1-440f-8e5e-a6a6023f69c6 ] Request (TenantUsagesTestJSON:setUpClass): 201 POST http://10.180.1.21/identity/v3/projects 0.031s
2024-02-06 09:06:56.561 63492 INFO tempest.lib.common.rest_client [req-1ac653d8-effc-4b11-a39d-db8bf6a2abcc req-1ac653d8-effc-4b11-a39d-db8bf6a2abcc ] Request (FloatingIPsAssociationTestJSON:setUpClass): 200 GET http://10.180.1.21/compute/v2.1/servers/bd0eef47-56e8-45b6-92b1-e81400994572 1.957s
2024-02-06 09:06:56.562 63482 INFO tempest.lib.common.rest_client [req-97827049-eae0-4867-846e-b611b092c013 req-97827049-eae0-4867-846e-b611b092c013 ] Request (TenantUsagesTestJSON:setUpClass): 201 POST http://10.180.1.21/identity/v3/users 0.085s
2024-02-06 09:06:56.566 63465 INFO tempest.lib.common.rest_client [req-0793449e-9366-49b4-aef5-fd07306a95f6 req-0793449e-9366-49b4-aef5-fd07306a95f6 ] Request (DeleteServersAdminTestJSON:test_admin_delete_servers_of_others): 200 GET http://10.180.1.21/compute/v2.1/servers/99698b8b-8a66-46ce-8bf1-cc00239e644b 1.720s
2024-02-06 09:06:56.590 63482 INFO tempest.lib.common.rest_client [req-b7b7653d-e695-401f-999c-8a6115a56226 req-b7b7653d-e695-401f-999c-8a6115a56226 ] Request (TenantUsagesTestJSON:setUpClass): 200 GET http://10.180.1.21/identity/v3/roles 0.027s
2024-02-06 09:06:56.599 63509 INFO tempest.lib.common.rest_client [req-1ad7f525-716a-43c9-9cf0-88d6fcdfd690 req-1ad7f525-716a-43c9-9cf0-88d6fcdfd690 ] Request (HypervisorAdminV228Test:test_get_list_hypervisor_details): 200 GET http://10.180.1.21/compute/v2.1/os-hypervisors/1 1.712s
2024-02-06 09:06:56.606 63458 INFO tempest.lib.common.rest_client [req-f27d8332-0618-47a8-901e-b74ec7e8fa09 req-f27d8332-0618-47a8-901e-b74ec7e8fa09 ] Request (AggregatesAdminNegativeTestJSON:test_aggregate_delete_as_user): 200 POST http://10.180.1.21/compute/v2.1/os-aggregates 1.692s
2024-02-06 09:06:56.609 63467 INFO tempest.lib.common.rest_client [req-ec329a96-a8b6-4876-b3b1-adfed9a8051b req-ec329a96-a8b6-4876-b3b1-adfed9a8051b ] Request (FlavorsAccessNegativeTestJSON:test_flavor_non_admin_remove): 403 POST http://10.180.1.21/compute/v2.1/flavors/2046936905/action 1.673s
2024-02-06 09:06:56.640 63510 INFO tempest.lib.common.rest_client [req-953f9657-d4cb-4bfc-9407-6ce2a1622c00 req-953f9657-d4cb-4bfc-9407-6ce2a1622c00 ] Request (ValidationResourcesFixture:setUp): 201 POST http://10.180.1.21:9696/networking/v2.0/security-groups 0.332s
2024-02-06 09:06:56.654 63482 INFO tempest.lib.common.rest_client [req-bdf91b57-53c5-49dc-ba8e-1cade72bf1f9 req-bdf91b57-53c5-49dc-ba8e-1cade72bf1f9 ] Request (TenantUsagesTestJSON:setUpClass): 204 PUT http://10.180.1.21/identity/v3/projects/ca2450294e7a4a64b3ed38293405eb1e/users/75ea729c98eb430b958e76c328384b85/roles/e6e13179767349f2abb3e9810e0dec9c 0.064s
2024-02-06 09:06:56.654 63482 INFO tempest.lib.common.dynamic_creds [-] Dynamic test user 75ea729c98eb430b958e76c328384b85 is created with scope project and roles: ['member']
2024-02-06 09:06:56.654 63482 INFO tempest.lib.common.dynamic_creds [-] Acquired dynamic creds:
 credentials: Credentials: {'domain_id': 'default', 'domain_name': 'Default', 'username': 'tempest-TenantUsagesTestJSON-1774783593-project-member', 'project_domain_id': 'default', 'project_domain_name': 'Default', 'project_id': 'ca2450294e7a4a64b3ed38293405eb1e', 'project_name': 'tempest-TenantUsagesTestJSON-1774783593', 'tenant_id': 'ca2450294e7a4a64b3ed38293405eb1e', 'tenant_name': 'tempest-TenantUsagesTestJSON-1774783593', 'user_domain_id': 'default', 'user_domain_name': 'Default', 'user_id': '75ea729c98eb430b958e76c328384b85', 'system': None}, Network: None, Subnet: None, Router: None
2024-02-06 09:06:56.655 63482 INFO tempest.lib.common.dynamic_creds [-] Created isolated network resources for:
 credentials: Credentials: {'domain_id': 'default', 'domain_name': 'Default', 'username': 'tempest-TenantUsagesTestJSON-1774783593-project-member', 'project_domain_id': 'default', 'project_domain_name': 'Default', 'project_id': 'ca2450294e7a4a64b3ed38293405eb1e', 'project_name': 'tempest-TenantUsagesTestJSON-1774783593', 'tenant_id': 'ca2450294e7a4a64b3ed38293405eb1e', 'tenant_name': 'tempest-TenantUsagesTestJSON-1774783593', 'user_domain_id': 'default', 'user_domain_name': 'Default', 'user_id': '75ea729c98eb430b958e76c328384b85', 'system': None}, Network: None, Subnet: None, Router: None
2024-02-06 09:06:56.665 63476 INFO tempest.lib.common.rest_client [req-cef4b6bd-82e4-48d0-90da-1a2c82643550 req-cef4b6bd-82e4-48d0-90da-1a2c82643550 ] Request (FlavorsAdminTestJSON:test_create_server_with_non_public_flavor): 200 POST http://10.180.1.21/compute/v2.1/flavors 1.701s
2024-02-06 09:06:56.775 63468 INFO tempest.lib.common.rest_client [req-a498bd33-709a-4039-a9fa-76d7d6378919 req-a498bd33-709a-4039-a9fa-76d7d6378919 ] Request (InstanceUsageAuditLogTestJSON:tearDownClass): 200 GET http://10.180.1.21:9696/networking/v2.0/security-groups?tenant_id=92cdd6771c2f4698b06c031578d48c42&name=default 0.578s
2024-02-06 09:06:56.776 63490 INFO tempest.lib.common.rest_client [req-d9609202-cf93-45cc-9b0b-aa4a503abfaa req-d9609202-cf93-45cc-9b0b-aa4a503abfaa ] Request (ServerDiagnosticsV248Test:test_get_server_diagnostics): 200 GET http://10.180.1.21/compute/v2.1/servers/9f48db49-1618-4b04-88a6-315c0f9b889a 1.682s
2024-02-06 09:06:56.807 63502 INFO tempest.lib.common.rest_client [req-00cfe266-18ad-42a3-b8cf-31b894c8511a req-00cfe266-18ad-42a3-b8cf-31b894c8511a ] Request (ServersAaction247Test:test_create_backup): 200 GET http://10.180.1.21/compute/v2.1/servers/aeb4f446-da3f-4422-a3cd-013b8d6dd174 1.712s
2024-02-06 09:06:56.819 63482 INFO tempest.lib.common.rest_client [req-333aa45d-6e0d-4a56-bb31-f5881df8b281 req-333aa45d-6e0d-4a56-bb31-f5881df8b281 ] Request (TenantUsagesTestJSON:setUpClass): 201 POST http://10.180.1.21/identity/v3/auth/tokens 0.161s
2024-02-06 09:06:56.836 63509 INFO tempest.lib.common.rest_client [req-f6b105da-cb5b-45bb-92db-4036685e26aa req-f6b105da-cb5b-45bb-92db-4036685e26aa ] Request (HypervisorAdminV228Test:tearDownClass): 204 DELETE http://10.180.1.21/identity/v3/users/780ca0d809104168a6b549213eb91df1 0.230s
2024-02-06 09:06:56.961 63482 INFO tempest.lib.common.rest_client [req-965c0f63-0632-46c9-8f25-40230c8a653b req-965c0f63-0632-46c9-8f25-40230c8a653b ] Request (TenantUsagesTestJSON:setUpClass): 201 POST http://10.180.1.21/identity/v3/projects 0.141s
2024-02-06 09:06:56.963 63510 INFO tempest.lib.common.rest_client [req-03e37004-c144-48e9-b397-62ce395ef2c9 req-03e37004-c144-48e9-b397-62ce395ef2c9 ] Request (ValidationResourcesFixture:setUp): 201 POST http://10.180.1.21:9696/networking/v2.0/security-group-rules 0.322s
2024-02-06 09:06:57.052 63462 INFO tempest.lib.common.rest_client [req-2c4f8ee7-622e-4ae1-98af-cdda3ccc2c2f req-2c4f8ee7-622e-4ae1-98af-cdda3ccc2c2f ] Request (ServerActionsTestJSON:setUpClass): 200 POST http://10.180.1.21/compute/v2.1/os-keypairs 1.903s
2024-02-06 09:06:57.076 63468 INFO tempest.lib.common.rest_client [req-6f6ed1ef-5fbe-40d7-8ce0-ef931f7f3085 req-6f6ed1ef-5fbe-40d7-8ce0-ef931f7f3085 ] Request (InstanceUsageAuditLogTestJSON:tearDownClass): 204 DELETE http://10.180.1.21:9696/networking/v2.0/security-groups/375085e3-f52d-497d-bca3-03fb98061fa4 0.300s
2024-02-06 09:06:57.155 63509 INFO tempest.lib.common.rest_client [req-c2d52a0e-d402-410e-9bb1-740e2b341097 req-c2d52a0e-d402-410e-9bb1-740e2b341097 ] Request (HypervisorAdminV228Test:tearDownClass): 204 DELETE http://10.180.1.21/identity/v3/users/f2328e9bc83541829e63d78708cc4c60 0.319s
2024-02-06 09:06:57.156 63509 INFO tempest.lib.common.dynamic_creds [-] Deleting project and security group for project: e893584fb8fc4b598925096f497fe68d
2024-02-06 09:06:57.185 63486 INFO tempest.lib.common.rest_client [req-d0736e5e-108b-4671-860e-8bf47f50cb4b req-d0736e5e-108b-4671-860e-8bf47f50cb4b ] Request (QuotasAdminTestJSON:test_delete_quota): 200 GET http://10.180.1.21/compute/v2.1/os-quota-sets/1e64eeccb59a4296ba58ca32c19714b9 1.949s
2024-02-06 09:06:57.195 63510 INFO tempest.lib.common.rest_client [req-0614ffd9-d9fa-4b20-a0a1-1b153b196daa req-0614ffd9-d9fa-4b20-a0a1-1b153b196daa ] Request (ValidationResourcesFixture:setUp): 201 POST http://10.180.1.21:9696/networking/v2.0/security-group-rules 0.232s
2024-02-06 09:06:57.220 63450 INFO tempest.lib.common.rest_client [req-b6598bf0-ddee-43a4-899b-42b93e23c157 req-b6598bf0-ddee-43a4-899b-42b93e23c157 ] Request (KeyPairsV22TestJSON:_run_cleanups): 204 DELETE http://10.180.1.21/compute/v2.1/os-keypairs/tempest-keypair-824605489 1.798s
2024-02-06 09:06:57.258 63462 INFO tempest.lib.common.rest_client [req-453c754d-b8f6-49ee-8472-b4349f46efbe req-453c754d-b8f6-49ee-8472-b4349f46efbe ] Request (ServerActionsTestJSON:setUpClass): 201 POST http://10.180.1.21:9696/networking/v2.0/security-groups 0.205s
2024-02-06 09:06:57.271 63482 INFO tempest.lib.common.rest_client [req-079be857-bd68-4c06-9915-920216b04a9b req-079be857-bd68-4c06-9915-920216b04a9b ] Request (TenantUsagesTestJSON:setUpClass): 201 POST http://10.180.1.21/identity/v3/users 0.310s
2024-02-06 09:06:57.340 63484 INFO tempest.lib.common.rest_client [req-cdf308cc-fd8b-4175-b267-03745d7a2c8b req-cdf308cc-fd8b-4175-b267-03745d7a2c8b ] Request (ServersTestBootFromVolume:setUpClass): 200 GET http://10.180.1.21/volume/v3/1ebabc7e16ce4d48bfe2477d1e630e9f/volumes/7964ae7b-6c50-4e91-95ca-da291ec96271 0.030s
2024-02-06 09:06:57.340 63461 INFO tempest.lib.common.rest_client [req-8d0585ce-a256-42ad-b089-308172b00524 req-8d0585ce-a256-42ad-b089-308172b00524 ] Request (FlavorsV261TestJSON:test_crud_flavor): 200 GET http://10.180.1.21/compute/v2.1/flavors/1719406830 1.960s
2024-02-06 09:06:57.386 63509 INFO tempest.lib.common.rest_client [req-76937674-3423-414c-827f-b72378640b33 req-76937674-3423-414c-827f-b72378640b33 ] Request (HypervisorAdminV228Test:tearDownClass): 201 POST http://10.180.1.21/identity/v3/auth/tokens 0.230s
2024-02-06 09:06:57.390 63468 INFO tempest.lib.common.rest_client [req-22c5c889-3ef9-42b0-9133-6ff5f27efa47 req-22c5c889-3ef9-42b0-9133-6ff5f27efa47 ] Request (InstanceUsageAuditLogTestJSON:tearDownClass): 204 DELETE http://10.180.1.21/identity/v3/projects/92cdd6771c2f4698b06c031578d48c42 0.313s
2024-02-06 09:06:57.390 63468 INFO tempest.lib.common.dynamic_creds [-] Deleting project and security group for project: 645d7e11387649628052c00c13624913
2024-02-06 09:06:57.416 63482 INFO tempest.lib.common.rest_client [req-a3126506-6e82-41ef-9a0b-8b278500525e req-a3126506-6e82-41ef-9a0b-8b278500525e ] Request (TenantUsagesTestJSON:setUpClass): 200 GET http://10.180.1.21/identity/v3/roles 0.143s
2024-02-06 09:06:57.470 63488 INFO tempest.lib.common.rest_client [req-6f0c50de-139f-4005-bf7c-ee178d4d576f req-6f0c50de-139f-4005-bf7c-ee178d4d576f ] Request (ServerDiagnosticsNegativeTest:test_get_server_diagnostics_by_non_admin): 200 GET http://10.180.1.21/compute/v2.1/servers/2e938efc-55d2-4116-8989-354ec339579f 1.773s
2024-02-06 09:06:57.542 63486 INFO tempest.lib.common.rest_client [req-681f3d32-37dc-4fb5-b994-907b01bba6ac req-681f3d32-37dc-4fb5-b994-907b01bba6ac ] Request (QuotasAdminTestJSON:_run_cleanups): 204 DELETE http://10.180.1.21/identity/v3/projects/1e64eeccb59a4296ba58ca32c19714b9 0.355s
2024-02-06 09:06:57.585 63482 INFO tempest.lib.common.rest_client [req-d65bc7c7-4068-4567-98c1-36bbcc1b2107 req-d65bc7c7-4068-4567-98c1-36bbcc1b2107 ] Request (TenantUsagesTestJSON:setUpClass): 204 PUT http://10.180.1.21/identity/v3/projects/c06abfc0f4b34351bbe3c3cec7058ef9/users/a93628986cd64c21831c75b33f6f050b/roles/ae293a3fdbba4e4581b3f579223042dd 0.169s
2024-02-06 09:06:57.587 63496 INFO tempest.lib.common.rest_client [req-d3243e3e-66d4-4eb4-b50f-4c91ba7f97a1 req-d3243e3e-66d4-4eb4-b50f-4c91ba7f97a1 ] Request (ServerDiagnosticsTest:test_get_server_diagnostics): 200 GET http://10.180.1.21/compute/v2.1/servers/f7e43c56-e126-4e5a-944a-bba89f2f9744 1.871s
2024-02-06 09:06:57.660 63482 INFO tempest.lib.common.rest_client [req-424f4436-93ee-435c-bd16-60d0c9e751b1 req-424f4436-93ee-435c-bd16-60d0c9e751b1 ] Request (TenantUsagesTestJSON:setUpClass): 200 GET http://10.180.1.21/identity/v3/roles 0.074s
2024-02-06 09:06:57.684 63482 INFO tempest.lib.common.rest_client [req-7766a229-f362-495e-a5e0-f382deeb126a req-7766a229-f362-495e-a5e0-f382deeb126a ] Request (TenantUsagesTestJSON:setUpClass): 204 PUT http://10.180.1.21/identity/v3/projects/c06abfc0f4b34351bbe3c3cec7058ef9/users/a93628986cd64c21831c75b33f6f050b/roles/ae293a3fdbba4e4581b3f579223042dd 0.024s
2024-02-06 09:06:57.684 63482 INFO tempest.lib.common.dynamic_creds [-] Dynamic test user a93628986cd64c21831c75b33f6f050b is created with scope project and roles: ['admin']
2024-02-06 09:06:57.685 63482 INFO tempest.lib.common.dynamic_creds [-] Acquired dynamic creds:
 credentials: Credentials: {'domain_id': 'default', 'domain_name': 'Default', 'username': 'tempest-TenantUsagesTestJSON-440494138-project-admin', 'project_domain_id': 'default', 'project_domain_name': 'Default', 'project_id': 'c06abfc0f4b34351bbe3c3cec7058ef9', 'project_name': 'tempest-TenantUsagesTestJSON-440494138', 'tenant_id': 'c06abfc0f4b34351bbe3c3cec7058ef9', 'tenant_name': 'tempest-TenantUsagesTestJSON-440494138', 'user_domain_id': 'default', 'user_domain_name': 'Default', 'user_id': 'a93628986cd64c21831c75b33f6f050b', 'system': None}, Network: None, Subnet: None, Router: None
2024-02-06 09:06:57.685 63482 INFO tempest.lib.common.dynamic_creds [-] Created isolated network resources for:
 credentials: Credentials: {'domain_id': 'default', 'domain_name': 'Default', 'username': 'tempest-TenantUsagesTestJSON-440494138-project-admin', 'project_domain_id': 'default', 'project_domain_name': 'Default', 'project_id': 'c06abfc0f4b34351bbe3c3cec7058ef9', 'project_name': 'tempest-TenantUsagesTestJSON-440494138', 'tenant_id': 'c06abfc0f4b34351bbe3c3cec7058ef9', 'tenant_name': 'tempest-TenantUsagesTestJSON-440494138', 'user_domain_id': 'default', 'user_domain_name': 'Default', 'user_id': 'a93628986cd64c21831c75b33f6f050b', 'system': None}, Network: None, Subnet: None, Router: None
2024-02-06 09:06:57.772 63462 INFO tempest.lib.common.rest_client [req-28e7afc0-89ff-4e9b-b8d4-5650ba3c3f07 req-28e7afc0-89ff-4e9b-b8d4-5650ba3c3f07 ] Request (ServerActionsTestJSON:setUpClass): 201 POST http://10.180.1.21:9696/networking/v2.0/security-group-rules 0.513s
2024-02-06 09:06:57.789 63500 INFO tempest.lib.common.rest_client [req-c242080c-d772-4554-a1c7-49ed56adf27d req-c242080c-d772-4554-a1c7-49ed56adf27d ] Request (FloatingIPsAssociationNegativeTestJSON:setUpClass): 200 GET http://10.180.1.21/compute/v2.1/servers/4ca19153-519c-49e3-bdfd-1f5ea77b24a0 2.198s
2024-02-06 09:06:57.796 63482 INFO tempest.lib.common.rest_client [req-7cf1b7fc-2fb5-4d08-bbcd-e524a450f9da req-7cf1b7fc-2fb5-4d08-bbcd-e524a450f9da ] Request (TenantUsagesTestJSON:setUpClass): 201 POST http://10.180.1.21/identity/v3/auth/tokens 0.108s
2024-02-06 09:06:57.862 63482 INFO tempest.lib.common.rest_client [req-9bb6b361-0fda-4828-8061-d5340961d708 req-9bb6b361-0fda-4828-8061-d5340961d708 ] Request (TenantUsagesTestJSON:setUpClass): 201 POST http://10.180.1.21/identity/v3/auth/tokens 0.062s
2024-02-06 09:06:57.862 63482 INFO tempest.lib.common.fixed_network [-] (TenantUsagesTestJSON:setUpClass) Found network None available for tenant
2024-02-06 09:06:57.975 63510 INFO tempest.lib.common.rest_client [req-e689cb55-873d-4300-9d15-79a339b61f6b req-e689cb55-873d-4300-9d15-79a339b61f6b ] Request (ValidationResourcesFixture:setUp): 201 POST http://10.180.1.21:9696/networking/v2.0/floatingips 0.778s
2024-02-06 09:06:57.978 63498 INFO tempest.lib.common.rest_client [req-5bd622d3-22bd-43cd-a5b5-c9e2390a6e9b req-5bd622d3-22bd-43cd-a5b5-c9e2390a6e9b ] Request (SecurityGroupRulesTestJSON:test_security_group_rules_delete_when_peer_group_deleted): 200 POST http://10.180.1.21/compute/v2.1/os-security-groups 2.180s
2024-02-06 09:06:58.006 63478 INFO tempest.lib.common.rest_client [req-cec74b46-67ab-4184-9d04-20b235f89c73 req-cec74b46-67ab-4184-9d04-20b235f89c73 ] Request (HypervisorAdminTestJSON:test_get_hypervisor_show_details): 200 GET http://10.180.1.21/compute/v2.1/os-hypervisors/1 2.070s
2024-02-06 09:06:58.017 63494 INFO tempest.lib.common.rest_client [req-f632ec83-2a88-40a1-bd67-caaefcd02700 req-f632ec83-2a88-40a1-bd67-caaefcd02700 ] Request (SecurityGroupsNegativeTestJSON:setUpClass): 201 POST http://10.180.1.21:9696/networking/v2.0/routers 4.063s
2024-02-06 09:06:58.023 63468 INFO tempest.lib.common.rest_client [req-fb125931-67db-42da-b780-4e350e058de4 req-fb125931-67db-42da-b780-4e350e058de4 ] Request (InstanceUsageAuditLogTestJSON:tearDownClass): 200 GET http://10.180.1.21:9696/networking/v2.0/security-groups?tenant_id=645d7e11387649628052c00c13624913&name=default 0.632s
2024-02-06 09:06:58.027 63509 INFO tempest.lib.common.rest_client [req-c8095b09-c821-4ac6-8773-27acc722796d req-c8095b09-c821-4ac6-8773-27acc722796d ] Request (HypervisorAdminV228Test:tearDownClass): 200 GET http://10.180.1.21:9696/networking/v2.0/security-groups?tenant_id=e893584fb8fc4b598925096f497fe68d&name=default 0.640s
2024-02-06 09:06:58.043 63510 INFO tempest.lib.common.rest_client [req-8e0ec6ed-4fcf-4f9f-8159-7b47587be2aa req-8e0ec6ed-4fcf-4f9f-8159-7b47587be2aa ] Request (TaggedAttachmentsTest:test_tagged_attachment): 201 POST http://10.180.1.21/identity/v3/auth/tokens 0.066s
2024-02-06 09:06:58.044 63510 INFO tempest.lib.common.fixed_network [-] (TaggedAttachmentsTest:test_tagged_attachment) Found network {'id': '9dde5c55-ee65-4ad4-988d-a572b0a9ac6e', 'name': 'tempest-TaggedAttachmentsTest-1500945355-network', 'tenant_id': '292576eaff6e47f2ac079ebdf420a2a8', 'admin_state_up': True, 'mtu': 8950, 'status': 'ACTIVE', 'subnets': [], 'shared': False, 'project_id': '292576eaff6e47f2ac079ebdf420a2a8', 'port_security_enabled': True, 'router:external': False, 'provider:network_type': 'vlan', 'provider:physical_network': 'default', 'provider:segmentation_id': 528, 'is_default': False, 'availability_zone_hints': [], 'availability_zones': [], 'ipv4_address_scope': None, 'ipv6_address_scope': None, 'description': '', 'tags': [], 'created_at': '2024-02-06T09:06:31Z', 'updated_at': '2024-02-06T09:06:31Z', 'revision_number': 1} available for tenant
2024-02-06 09:06:58.073 63510 INFO tempest.lib.common.rest_client [req-a09d0a5a-552d-44b2-b86e-d756425de177 req-a09d0a5a-552d-44b2-b86e-d756425de177 ] Request (TaggedAttachmentsTest:test_tagged_attachment): 201 POST http://10.180.1.21/identity/v3/auth/tokens 0.025s
2024-02-06 09:06:58.074 63510 INFO tempest.lib.common.fixed_network [-] (TaggedAttachmentsTest:test_tagged_attachment) Found network {'id': '9dde5c55-ee65-4ad4-988d-a572b0a9ac6e', 'name': 'tempest-TaggedAttachmentsTest-1500945355-network', 'tenant_id': '292576eaff6e47f2ac079ebdf420a2a8', 'admin_state_up': True, 'mtu': 8950, 'status': 'ACTIVE', 'subnets': [], 'shared': False, 'project_id': '292576eaff6e47f2ac079ebdf420a2a8', 'port_security_enabled': True, 'router:external': False, 'provider:network_type': 'vlan', 'provider:physical_network': 'default', 'provider:segmentation_id': 528, 'is_default': False, 'availability_zone_hints': [], 'availability_zones': [], 'ipv4_address_scope': None, 'ipv6_address_scope': None, 'description': '', 'tags': [], 'created_at': '2024-02-06T09:06:31Z', 'updated_at': '2024-02-06T09:06:31Z', 'revision_number': 1} available for tenant
2024-02-06 09:06:58.251 63474 INFO tempest.lib.common.rest_client [req-b80bffca-ea92-49b5-8b6e-5625473a3722 req-b80bffca-ea92-49b5-8b6e-5625473a3722 ] Request (ServersWithSpecificFlavorTestJSON:test_verify_created_server_ephemeral_disk): 200 GET http://10.180.1.21/compute/v2.1/servers/29ee4419-201b-4d3a-8e7b-c84a5eb36d1f 2.440s
2024-02-06 09:06:58.254 63509 INFO tempest.lib.common.rest_client [req-2a889a0a-c843-456c-9f4e-9f24c0f17e13 req-2a889a0a-c843-456c-9f4e-9f24c0f17e13 ] Request (HypervisorAdminV228Test:tearDownClass): 204 DELETE http://10.180.1.21:9696/networking/v2.0/security-groups/c605e3b8-5bb0-40e4-985e-ca1f38a18bd8 0.227s
2024-02-06 09:06:58.344 63468 INFO tempest.lib.common.rest_client [req-9cc1d99b-63d1-46dd-8c64-78ed7a0b384b req-9cc1d99b-63d1-46dd-8c64-78ed7a0b384b ] Request (InstanceUsageAuditLogTestJSON:tearDownClass): 204 DELETE http://10.180.1.21:9696/networking/v2.0/security-groups/96d477e2-f178-49bd-bf13-3aab08b505c7 0.320s
2024-02-06 09:06:58.379 63484 INFO tempest.lib.common.rest_client [req-c22bf9a9-7bd6-471c-9f5c-357af6f0b369 req-c22bf9a9-7bd6-471c-9f5c-357af6f0b369 ] Request (ServersTestBootFromVolume:setUpClass): 200 GET http://10.180.1.21/volume/v3/1ebabc7e16ce4d48bfe2477d1e630e9f/volumes/7964ae7b-6c50-4e91-95ca-da291ec96271 0.029s
2024-02-06 09:06:58.384 63509 INFO tempest.lib.common.rest_client [req-2f017c40-4e4b-43a2-91d1-81bccb00c1b0 req-2f017c40-4e4b-43a2-91d1-81bccb00c1b0 ] Request (HypervisorAdminV228Test:tearDownClass): 204 DELETE http://10.180.1.21/identity/v3/projects/e893584fb8fc4b598925096f497fe68d 0.129s
2024-02-06 09:06:58.384 63509 INFO tempest.lib.common.dynamic_creds [-] Deleting project and security group for project: 55b15f5b27ae4e3991c768c2e3d06248
2024-02-06 09:06:58.394 63506 INFO tempest.lib.common.rest_client [req-5fb4479f-9fba-4577-b455-76490a4ae28a req-5fb4479f-9fba-4577-b455-76490a4ae28a ] Request (AutoAllocateNetworkTest:test_server_create_no_allocate): 200 GET http://10.180.1.21/compute/v2.1/servers/f9954bd1-8df3-445c-bb4c-ee316b7b0447 2.176s
2024-02-06 09:06:58.396 63470 INFO tempest.lib.common.rest_client [req-9f0a3267-2463-4ea4-8b9c-a85792e27fa9 req-9f0a3267-2463-4ea4-8b9c-a85792e27fa9 ] Request (ServersTestFqdnHostnames:setUpClass): 200 PUT http://10.180.1.21:9696/networking/v2.0/routers/2e9d5335-9a84-4f3a-b1f4-f60669afb307/add_router_interface 4.546s
2024-02-06 09:06:58.396 63470 INFO tempest.lib.common.dynamic_creds [-] Created isolated network resources for:
 credentials: Credentials: {'domain_id': 'default', 'domain_name': 'Default', 'username': 'tempest-ServersTestFqdnHostnames-913108469-project-member', 'project_domain_id': 'default', 'project_domain_name': 'Default', 'project_id': '98153a183e80454c8e76785de06f8481', 'project_name': 'tempest-ServersTestFqdnHostnames-913108469', 'tenant_id': '98153a183e80454c8e76785de06f8481', 'tenant_name': 'tempest-ServersTestFqdnHostnames-913108469', 'user_domain_id': 'default', 'user_domain_name': 'Default', 'user_id': '38647025a1334a08b2af4d0c24cb2012', 'system': None}, Network: {'id': '3c7ef985-46db-4ae1-a121-45e04d89a16b', 'name': 'tempest-ServersTestFqdnHostnames-534497313-network', 'tenant_id': '98153a183e80454c8e76785de06f8481', 'admin_state_up': True, 'mtu': 8950, 'status': 'ACTIVE', 'subnets': [], 'shared': False, 'project_id': '98153a183e80454c8e76785de06f8481', 'port_security_enabled': True, 'router:external': False, 'provider:network_type': 'vlan', 'provider:physical_network': 'default', 'provider:segmentation_id': 850, 'is_default': False, 'availability_zone_hints': [], 'availability_zones': [], 'ipv4_address_scope': None, 'ipv6_address_scope': None, 'description': '', 'tags': [], 'created_at': '2024-02-06T09:06:50Z', 'updated_at': '2024-02-06T09:06:50Z', 'revision_number': 1}, Subnet: {'id': '528520be-b529-44af-800e-24e24e2acc5a', 'name': 'tempest-ServersTestFqdnHostnames-534497313-subnet', 'tenant_id': '98153a183e80454c8e76785de06f8481', 'network_id': '3c7ef985-46db-4ae1-a121-45e04d89a16b', 'ip_version': 4, 'subnetpool_id': None, 'enable_dhcp': True, 'ipv6_ra_mode': None, 'ipv6_address_mode': None, 'gateway_ip': '10.0.0.1', 'cidr': '10.0.0.0/28', 'allocation_pools': [{'start': '10.0.0.2', 'end': '10.0.0.14'}], 'host_routes': [], 'dns_nameservers': [], 'description': '', 'service_types': [], 'tags': [], 'created_at': '2024-02-06T09:06:51Z', 'updated_at': '2024-02-06T09:06:51Z', 'revision_number': 0, 'project_id': '98153a183e80454c8e76785de06f8481'}, Router: {'id': '2e9d5335-9a84-4f3a-b1f4-f60669afb307', 'name': 'tempest-ServersTestFqdnHostnames-534497313-router', 'tenant_id': '98153a183e80454c8e76785de06f8481', 'admin_state_up': True, 'status': 'ACTIVE', 'external_gateway_info': {'network_id': 'a8c50ca9-a925-40b1-992f-9bdcb197d203', 'external_fixed_ips': [{'subnet_id': 'dd744bb4-f277-4130-a2b5-55ec280623a2', 'ip_address': '10.180.180.54'}], 'enable_snat': True}, 'description': '', 'availability_zones': [], 'distributed': False, 'ha': False, 'availability_zone_hints': [], 'routes': [], 'flavor_id': None, 'tags': [], 'created_at': '2024-02-06T09:06:51Z', 'updated_at': '2024-02-06T09:06:52Z', 'revision_number': 3, 'project_id': '98153a183e80454c8e76785de06f8481'}
2024-02-06 09:06:58.401 63462 INFO tempest.lib.common.rest_client [req-5b22d23c-a581-472a-abf6-a428b860ff9f req-5b22d23c-a581-472a-abf6-a428b860ff9f ] Request (ServerActionsTestJSON:setUpClass): 201 POST http://10.180.1.21:9696/networking/v2.0/security-group-rules 0.628s
2024-02-06 09:06:58.416 63504 INFO tempest.lib.common.rest_client [req-a402dec0-b1ed-460c-8436-5a4bfbd58bb9 req-a402dec0-b1ed-460c-8436-5a4bfbd58bb9 ] Request (ImagesDeleteNegativeTestJSON:test_delete_image_negative_image_id): 404 DELETE http://10.180.1.21/compute/v2.1/images/-1 2.163s
2024-02-06 09:06:58.454 63473 INFO tempest.lib.common.rest_client [req-a95cb3c9-fd84-4937-9be1-74368dab3ae3 req-a95cb3c9-fd84-4937-9be1-74368dab3ae3 ] Request (SecurityGroupsTestAdminJSON:test_list_security_groups_list_all_tenants_filter): 200 POST http://10.180.1.21/compute/v2.1/os-security-groups 2.416s
2024-02-06 09:06:58.464 63458 INFO tempest.lib.common.rest_client [req-c70d700c-9108-4ad0-bbb0-06f6012af3a6 req-c70d700c-9108-4ad0-bbb0-06f6012af3a6 ] Request (AggregatesAdminNegativeTestJSON:test_aggregate_delete_as_user): 403 DELETE http://10.180.1.21/compute/v2.1/os-aggregates/5 1.856s
2024-02-06 09:06:58.469 63468 INFO tempest.lib.common.rest_client [req-ab0329aa-96f3-4e10-9158-e68557b6779d req-ab0329aa-96f3-4e10-9158-e68557b6779d ] Request (InstanceUsageAuditLogTestJSON:tearDownClass): 204 DELETE http://10.180.1.21/identity/v3/projects/645d7e11387649628052c00c13624913 0.125s
2024-02-06 09:06:58.470 63468 INFO tempest.test [-] <class 'unittest.case.SkipTest'> raised in ServersOnMultiNodesTest.setUpClass. Invoking tearDownClass.
2024-02-06 09:06:58.471 63468 INFO tempest.test [-] <class 'unittest.case.SkipTest'> raised in TestMultiAttachVolumeSwap.setUpClass. Invoking tearDownClass.
2024-02-06 09:06:58.472 63468 INFO tempest.test [-] <class 'unittest.case.SkipTest'> raised in TestVolumeSwap.setUpClass. Invoking tearDownClass.
2024-02-06 09:06:58.489 63470 INFO tempest.lib.common.rest_client [req-6c542f61-334d-46aa-a824-c40d4056b861 req-6c542f61-334d-46aa-a824-c40d4056b861 ] Request (ServersTestFqdnHostnames:setUpClass): 201 POST http://10.180.1.21/identity/v3/auth/tokens 0.090s
2024-02-06 09:06:58.551 63480 INFO tempest.lib.common.rest_client [req-18a6e1b1-9bf7-47ce-8a5d-7f271cade598 req-18a6e1b1-9bf7-47ce-8a5d-7f271cade598 ] Request (ServersAdminNegativeTestJSON:setUpClass): 200 GET http://10.180.1.21/compute/v2.1/servers/75fd2a2c-4ef5-4b42-b309-53cff148c772 2.037s
2024-02-06 09:06:58.567 63476 INFO tempest.lib.common.rest_client [req-49d4164c-b5c4-476d-af62-118fe6356d22 req-49d4164c-b5c4-476d-af62-118fe6356d22 ] Request (FlavorsAdminTestJSON:test_create_server_with_non_public_flavor): 400 POST http://10.180.1.21/compute/v2.1/servers 1.900s
2024-02-06 09:06:58.622 63467 INFO tempest.lib.common.rest_client [req-40723a4a-bafe-487c-bde7-a77fe71ddbdc req-40723a4a-bafe-487c-bde7-a77fe71ddbdc ] Request (FlavorsAccessNegativeTestJSON:_run_cleanups): 200 POST http://10.180.1.21/compute/v2.1/flavors/2046936905/action 2.012s
2024-02-06 09:06:58.645 63456 INFO tempest.lib.common.rest_client [req-65ad1946-abb1-44b4-b083-e68a6c1ee97f req-65ad1946-abb1-44b4-b083-e68a6c1ee97f ] Request (VolumesAssistedSnapshotsTest:test_volume_assisted_snapshot_create_delete): 200 GET http://10.180.1.21/compute/v2.1/servers/e4e1b466-759a-4e2a-b784-6a3b0a8b7e2c 1.723s
2024-02-06 09:06:58.678 63450 INFO tempest.lib.common.rest_client [req-4f675845-b16f-4d86-a996-0438a32c7894 req-4f675845-b16f-4d86-a996-0438a32c7894 ] Request (KeyPairsV22TestJSON:test_keypair_create_with_pub_key): 201 POST http://10.180.1.21/compute/v2.1/os-keypairs 1.457s
2024-02-06 09:06:58.687 63461 INFO tempest.lib.common.rest_client [req-8aaaaa5a-15ae-40a6-a4fc-6712626654c6 req-8aaaaa5a-15ae-40a6-a4fc-6712626654c6 ] Request (FlavorsV261TestJSON:test_crud_flavor): 200 PUT http://10.180.1.21/compute/v2.1/flavors/1719406830 1.344s
2024-02-06 09:06:58.773 63486 INFO tempest.lib.common.rest_client [req-655de502-59c4-44ca-bd3f-209d1ba0b364 req-655de502-59c4-44ca-bd3f-209d1ba0b364 ] Request (QuotasAdminTestJSON:test_get_default_quotas): 200 GET http://10.180.1.21/compute/v2.1/os-quota-sets/4c2b17c8450b4070bd261743a3980931/defaults 1.229s
2024-02-06 09:06:58.799 63486 INFO tempest.lib.common.rest_client [req-c0e645f0-0199-48ff-879f-ba1d2e699991 req-c0e645f0-0199-48ff-879f-ba1d2e699991 ] Request (QuotasAdminTestJSON:test_get_updated_quotas): 200 GET http://10.180.1.21/identity/v3/domains?name=Default 0.022s
2024-02-06 09:06:58.846 63486 INFO tempest.lib.common.rest_client [req-6562f297-bb2a-4879-838f-c1a0e87dc0e8 req-6562f297-bb2a-4879-838f-c1a0e87dc0e8 ] Request (QuotasAdminTestJSON:test_get_updated_quotas): 201 POST http://10.180.1.21/identity/v3/projects 0.046s
2024-02-06 09:06:58.851 63513 INFO tempest.lib.common.rest_client [req-df12e26a-b649-4bd1-9c43-bc7bf812c1e4 req-df12e26a-b649-4bd1-9c43-bc7bf812c1e4 ] Request (ServersAdmin275Test:test_rebuild_update_server_275): 200 GET http://10.180.1.21/compute/v2.1/servers/53e0e94e-e81c-44b0-bb52-18759172d614 1.381s
2024-02-06 09:06:58.869 63454 INFO tempest.lib.common.rest_client [req-b3363d09-0696-4a05-916c-49ec6cbb16fd req-b3363d09-0696-4a05-916c-49ec6cbb16fd ] Request (ServersAdminTestJSON:setUpClass): 201 POST http://10.180.1.21:9696/networking/v2.0/routers 4.029s
2024-02-06 09:06:58.956 63465 INFO tempest.lib.common.rest_client [req-e833b23f-ce70-4806-89be-656afb47ec80 req-e833b23f-ce70-4806-89be-656afb47ec80 ] Request (DeleteServersAdminTestJSON:test_admin_delete_servers_of_others): 200 GET http://10.180.1.21/compute/v2.1/servers/99698b8b-8a66-46ce-8bf1-cc00239e644b 1.382s
2024-02-06 09:06:58.959 63486 INFO tempest.lib.common.rest_client [req-49b87c02-fbe6-4bcb-b9be-1669c7bb29e7 req-49b87c02-fbe6-4bcb-b9be-1669c7bb29e7 ] Request (QuotasAdminTestJSON:test_get_updated_quotas): 200 GET http://10.180.1.21/identity/v3/domains?name=Default 0.112s
2024-02-06 09:06:58.972 63509 INFO tempest.lib.common.rest_client [req-112df467-025c-4602-9d2d-630ad82ea2b7 req-112df467-025c-4602-9d2d-630ad82ea2b7 ] Request (HypervisorAdminV228Test:tearDownClass): 200 GET http://10.180.1.21:9696/networking/v2.0/security-groups?tenant_id=55b15f5b27ae4e3991c768c2e3d06248&name=default 0.587s
2024-02-06 09:06:59.038 63492 INFO tempest.lib.common.rest_client [req-3e27f77d-74a2-4d37-a317-2dfe1b5010dc req-3e27f77d-74a2-4d37-a317-2dfe1b5010dc ] Request (FloatingIPsAssociationTestJSON:setUpClass): 200 GET http://10.180.1.21/compute/v2.1/servers/bd0eef47-56e8-45b6-92b1-e81400994572 1.469s
2024-02-06 09:06:59.057 63490 INFO tempest.lib.common.rest_client [req-416236e0-aa2d-4af3-9f53-e6895e57f622 req-416236e0-aa2d-4af3-9f53-e6895e57f622 ] Request (ServerDiagnosticsV248Test:test_get_server_diagnostics): 200 GET http://10.180.1.21/compute/v2.1/servers/9f48db49-1618-4b04-88a6-315c0f9b889a 1.270s
2024-02-06 09:06:59.325 63502 INFO tempest.lib.common.rest_client [req-2ba7a058-8a3d-4437-be07-f9873fb85f74 req-2ba7a058-8a3d-4437-be07-f9873fb85f74 ] Request (ServersAaction247Test:test_create_backup): 200 GET http://10.180.1.21/compute/v2.1/servers/aeb4f446-da3f-4422-a3cd-013b8d6dd174 1.506s
2024-02-06 09:06:59.358 63509 INFO tempest.lib.common.rest_client [req-67e47dff-5070-468d-98f7-ee5d178e20b0 req-67e47dff-5070-468d-98f7-ee5d178e20b0 ] Request (HypervisorAdminV228Test:tearDownClass): 204 DELETE http://10.180.1.21:9696/networking/v2.0/security-groups/fe9cd8db-0409-43f6-9483-52137529d846 0.386s
2024-02-06 09:06:59.425 63484 INFO tempest.lib.common.rest_client [req-1732ee80-9ca3-43aa-84fa-cdddc9e807cc req-1732ee80-9ca3-43aa-84fa-cdddc9e807cc ] Request (ServersTestBootFromVolume:setUpClass): 200 GET http://10.180.1.21/volume/v3/1ebabc7e16ce4d48bfe2477d1e630e9f/volumes/7964ae7b-6c50-4e91-95ca-da291ec96271 0.039s
2024-02-06 09:06:59.480 63482 INFO tempest.lib.common.rest_client [req-4d104b1f-10cf-4107-9c6e-e3985b68caca req-4d104b1f-10cf-4107-9c6e-e3985b68caca ] Request (TenantUsagesTestJSON:setUpClass): 202 POST http://10.180.1.21/compute/v2.1/servers 1.617s
2024-02-06 09:06:59.505 63478 INFO tempest.lib.common.rest_client [req-3a29faaa-7fd4-4c9b-87c3-9faa4c8ef944 req-3a29faaa-7fd4-4c9b-87c3-9faa4c8ef944 ] Request (HypervisorAdminTestJSON:test_get_hypervisor_stats): 200 GET http://10.180.1.21/compute/v2.1/os-hypervisors/statistics 1.495s
2024-02-06 09:06:59.586 63509 INFO tempest.lib.common.rest_client [req-c65473d3-e462-4964-b501-2b114af5c946 req-c65473d3-e462-4964-b501-2b114af5c946 ] Request (HypervisorAdminV228Test:tearDownClass): 204 DELETE http://10.180.1.21/identity/v3/projects/55b15f5b27ae4e3991c768c2e3d06248 0.227s
2024-02-06 09:06:59.680 63509 INFO tempest.lib.common.rest_client [req-6d7e3ff4-1db1-4a96-ad62-e86bd88cfc53 req-6d7e3ff4-1db1-4a96-ad62-e86bd88cfc53 ] Request (ServersTestJSON:setUpClass): 201 POST http://10.180.1.21/identity/v3/auth/tokens 0.092s
2024-02-06 09:06:59.716 63509 INFO tempest.lib.common.rest_client [req-16deb16f-5db7-4469-9595-97c3f693b2fa req-16deb16f-5db7-4469-9595-97c3f693b2fa ] Request (ServersTestJSON:setUpClass): 201 POST http://10.180.1.21/identity/v3/auth/tokens 0.034s
2024-02-06 09:06:59.750 63509 INFO tempest.lib.common.rest_client [req-c1f8593d-57ea-46d8-a5af-0250d896ab3e req-c1f8593d-57ea-46d8-a5af-0250d896ab3e ] Request (ServersTestJSON:setUpClass): 200 GET http://10.180.1.21/identity/v3/domains?name=Default 0.033s
2024-02-06 09:06:59.770 63462 INFO tempest.lib.common.rest_client [req-bf7f9e00-a2c5-465c-803d-6c6768fb608d req-bf7f9e00-a2c5-465c-803d-6c6768fb608d ] Request (ServerActionsTestJSON:setUpClass): 201 POST http://10.180.1.21:9696/networking/v2.0/floatingips 1.368s
2024-02-06 09:06:59.810 63509 INFO tempest.lib.common.rest_client [req-e34eeef7-c24f-491f-acb8-dadc471781c8 req-e34eeef7-c24f-491f-acb8-dadc471781c8 ] Request (ServersTestJSON:setUpClass): 201 POST http://10.180.1.21/identity/v3/projects 0.059s
2024-02-06 09:06:59.813 63498 INFO tempest.lib.common.rest_client [req-ca773c5d-886c-4670-8130-8ffca68533c1 req-ca773c5d-886c-4670-8130-8ffca68533c1 ] Request (SecurityGroupRulesTestJSON:test_security_group_rules_delete_when_peer_group_deleted): 200 POST http://10.180.1.21/compute/v2.1/os-security-group-rules 1.832s
2024-02-06 09:06:59.849 63504 INFO tempest.lib.common.rest_client [req-0d2bc6fb-3856-442a-86b9-67689a1c29d7 req-0d2bc6fb-3856-442a-86b9-67689a1c29d7 ] Request (ImagesDeleteNegativeTestJSON:test_delete_image_non_hex_string_id): 404 DELETE http://10.180.1.21/compute/v2.1/images/07ba71d8-658f-489a-9695-e9e3c453ad5j 1.431s
2024-02-06 09:06:59.871 63462 INFO tempest.lib.common.rest_client [req-e5fee27b-45ff-4eba-a24c-647af5fe5674 req-e5fee27b-45ff-4eba-a24c-647af5fe5674 ] Request (ServerActionsTestJSON:setUpClass): 201 POST http://10.180.1.21/identity/v3/auth/tokens 0.098s
2024-02-06 09:06:59.872 63462 INFO tempest.lib.common.fixed_network [-] (ServerActionsTestJSON:setUpClass) Found network {'id': '682ed35c-e860-4573-8aaa-585eec31f459', 'name': 'tempest-ServerActionsTestJSON-133906471-network', 'tenant_id': '423b83f1a2df47c593cd4fc3a446409b', 'admin_state_up': True, 'mtu': 8950, 'status': 'ACTIVE', 'subnets': [], 'shared': False, 'project_id': '423b83f1a2df47c593cd4fc3a446409b', 'port_security_enabled': True, 'router:external': False, 'provider:network_type': 'vlan', 'provider:physical_network': 'default', 'provider:segmentation_id': 108, 'is_default': False, 'availability_zone_hints': [], 'availability_zones': [], 'ipv4_address_scope': None, 'ipv6_address_scope': None, 'description': '', 'tags': [], 'created_at': '2024-02-06T09:06:50Z', 'updated_at': '2024-02-06T09:06:50Z', 'revision_number': 1} available for tenant
2024-02-06 09:06:59.915 63509 INFO tempest.lib.common.rest_client [req-c1f375fe-880a-493c-b3c6-5d27f60add81 req-c1f375fe-880a-493c-b3c6-5d27f60add81 ] Request (ServersTestJSON:setUpClass): 201 POST http://10.180.1.21/identity/v3/users 0.105s
2024-02-06 09:06:59.943 63509 INFO tempest.lib.common.rest_client [req-0b29b633-ce01-4d82-8a6c-0597232a3ef8 req-0b29b633-ce01-4d82-8a6c-0597232a3ef8 ] Request (ServersTestJSON:setUpClass): 200 GET http://10.180.1.21/identity/v3/roles 0.027s
2024-02-06 09:06:59.981 63509 INFO tempest.lib.common.rest_client [req-087b8a5c-ec2d-47ba-9aaf-832b680c6b8f req-087b8a5c-ec2d-47ba-9aaf-832b680c6b8f ] Request (ServersTestJSON:setUpClass): 204 PUT http://10.180.1.21/identity/v3/projects/93ebe55f6ec04aa0a1bf00a72c7acad1/users/57d61e34a3a84b028d37a534384c084d/roles/e6e13179767349f2abb3e9810e0dec9c 0.038s
2024-02-06 09:06:59.982 63509 INFO tempest.lib.common.dynamic_creds [-] Dynamic test user 57d61e34a3a84b028d37a534384c084d is created with scope project and roles: ['member']
2024-02-06 09:06:59.982 63509 INFO tempest.lib.common.dynamic_creds [-] Acquired dynamic creds:
 credentials: Credentials: {'domain_id': 'default', 'domain_name': 'Default', 'username': 'tempest-ServersTestJSON-1344348499-project-member', 'project_domain_id': 'default', 'project_domain_name': 'Default', 'project_id': '93ebe55f6ec04aa0a1bf00a72c7acad1', 'project_name': 'tempest-ServersTestJSON-1344348499', 'tenant_id': '93ebe55f6ec04aa0a1bf00a72c7acad1', 'tenant_name': 'tempest-ServersTestJSON-1344348499', 'user_domain_id': 'default', 'user_domain_name': 'Default', 'user_id': '57d61e34a3a84b028d37a534384c084d', 'system': None}, Network: None, Subnet: None, Router: None
2024-02-06 09:07:00.045 63509 INFO tempest.lib.common.rest_client [req-26edb253-6154-4840-81b6-c29eeced994c req-26edb253-6154-4840-81b6-c29eeced994c ] Request (ServersTestJSON:setUpClass): 201 POST http://10.180.1.21/identity/v3/auth/tokens 0.063s
2024-02-06 09:07:00.170 63494 INFO tempest.lib.common.rest_client [req-258bbb9b-e86b-41c7-aae9-37e77f10c74b req-258bbb9b-e86b-41c7-aae9-37e77f10c74b ] Request (SecurityGroupsNegativeTestJSON:setUpClass): 200 PUT http://10.180.1.21:9696/networking/v2.0/routers/9dd064d1-65f2-460f-923e-6f2c4f80d8ab/add_router_interface 2.153s
2024-02-06 09:07:00.171 63494 INFO tempest.lib.common.dynamic_creds [-] Created isolated network resources for:
