2024-11-04 15:03:57.488 63539 INFO tempest.lib.common.rest_client [req-f5f5edc0-3865-4911-b656-9fda75cd69c0 req-f5f5edc0-3865-4911-b656-9fda75cd69c0 ] Request (FlavorsV2TestJSON:tearDownClass): 204 DELETE http://10.180.1.21:9696/networking/v2.0/security-groups/6a7fa4c3-567f-4131-b7a2-0f44b0dbde00 0.506s
2024-11-04 15:03:57.549 63557 INFO tempest.lib.common.rest_client [req-ae14c10e-89bf-4f3d-bc6f-725ea90c59e4 req-ae14c10e-89bf-4f3d-bc6f-725ea90c59e4 ] Request (FloatingIPsAssociationNegativeTestJSON:setUpClass): 200 GET http://10.180.1.21/compute/v2.1/servers/2f5b06f6-7178-4fdf-93b6-65477f020898 0.947s
2024-11-04 15:03:57.562 63531 INFO tempest.lib.common.rest_client [req-fe56f523-1e0d-46cb-98c4-1d6cc4f97724 req-fe56f523-1e0d-46cb-98c4-1d6cc4f97724 ] Request (ServersV294TestFqdnHostnames:setUpClass): 201 POST http://10.180.1.21:9696/networking/v2.0/security-group-rules 0.387s
2024-11-04 15:03:57.565 63565 INFO tempest.lib.common.rest_client [req-25109d89-4db2-44ad-a526-f75164560c39 req-25109d89-4db2-44ad-a526-f75164560c39 ] Request (ServerActionsTestOtherB:setUpClass): 201 POST http://10.180.1.21:9696/networking/v2.0/security-group-rules 0.445s
2024-11-04 15:03:57.583 63539 INFO tempest.lib.common.rest_client [req-61beceef-12b7-4dfb-9da2-5418419c0e74 req-61beceef-12b7-4dfb-9da2-5418419c0e74 ] Request (FlavorsV2TestJSON:tearDownClass): 204 DELETE http://10.180.1.21/identity/v3/projects/5ad6710327e84d25af8f582e66bd091f 0.095s
2024-11-04 15:03:57.622 63553 INFO tempest.lib.common.rest_client [req-3deb73fe-01ae-43b2-9ae5-dbb2c0be28c2 req-3deb73fe-01ae-43b2-9ae5-dbb2c0be28c2 ] Request (SecurityGroupRulesNegativeTestJSON:tearDownClass): 200 GET http://10.180.1.21:9696/networking/v2.0/security-groups?tenant_id=ee08154acccd4419b4c0c21c8a132b05&name=default 0.154s
2024-11-04 15:03:57.637 63525 INFO tempest.lib.common.rest_client [req-d4d49a10-e2dc-4f88-a0eb-b0ba434f3388 req-d4d49a10-e2dc-4f88-a0eb-b0ba434f3388 ] Request (SecurityGroupRulesTestJSON:test_security_group_rules_list): 200 POST http://10.180.1.21/compute/v2.1/os-security-groups 1.259s
2024-11-04 15:03:57.643 63545 INFO tempest.lib.common.rest_client [req-482bb305-41d8-40e3-a221-4f8c99a62d71 req-482bb305-41d8-40e3-a221-4f8c99a62d71 ] Request (DeleteServersTestJSON:test_delete_server_while_in_attached_volume): 200 GET http://10.180.1.21/compute/v2.1/servers/76dff032-a806-4910-a48b-8850b05131c1 1.035s
2024-11-04 15:03:57.661 63539 INFO tempest.lib.common.rest_client [req-4e2d61c7-eb56-4217-bde5-a7ca5a302b7a req-4e2d61c7-eb56-4217-bde5-a7ca5a302b7a ] Request (TestVersions:setUpClass): 201 POST http://10.180.1.21/identity/v3/auth/tokens 0.077s
2024-11-04 15:03:57.703 63539 INFO tempest.lib.common.rest_client [req-22a43a48-62fc-480f-955c-66bf6143f16a req-22a43a48-62fc-480f-955c-66bf6143f16a ] Request (TestVersions:setUpClass): 201 POST http://10.180.1.21/identity/v3/auth/tokens 0.036s
2024-11-04 15:03:57.728 63539 INFO tempest.lib.common.rest_client [req-9350e29b-47e6-44f9-9e19-a72c7f5a3b7d req-9350e29b-47e6-44f9-9e19-a72c7f5a3b7d ] Request (TestVersions:setUpClass): 200 GET http://10.180.1.21/identity/v3/domains?name=Default 0.024s
2024-11-04 15:03:57.740 63559 INFO tempest.lib.common.rest_client [req-2572c608-aefd-4530-8d19-52a65ba30b42 req-2572c608-aefd-4530-8d19-52a65ba30b42 ] Request (ServersWithSpecificFlavorTestJSON:test_verify_created_server_ephemeral_disk): 200 PUT http://10.180.1.21:9696/networking/v2.0/floatingips/29ab36db-2649-477c-b31a-80e6b12be698 1.895s
2024-11-04 15:03:57.773 63539 INFO tempest.lib.common.rest_client [req-fbe053b4-719c-4694-b7c6-283afefcb332 req-fbe053b4-719c-4694-b7c6-283afefcb332 ] Request (TestVersions:setUpClass): 201 POST http://10.180.1.21/identity/v3/projects 0.044s
2024-11-04 15:03:57.822 63575 INFO tempest.lib.common.rest_client [req-8e87257a-138e-4104-92b9-847a840446fe req-8e87257a-138e-4104-92b9-847a840446fe ] Request (ServerDiagnosticsTest:tearDownClass): 200 GET http://10.180.1.21/compute/v2.1/servers/5d48e854-45fd-4767-91b7-100f84bdca55 1.140s
2024-11-04 15:03:57.827 63561 INFO tempest.lib.common.rest_client [req-5b1ff143-90ce-4ef4-abb7-d677113841d8 req-5b1ff143-90ce-4ef4-abb7-d677113841d8 ] Request (QuotaClassesAdminTestJSON:tearDownClass): 200 GET http://10.180.1.21:9696/networking/v2.0/security-groups?tenant_id=42479e1e139b4cec96d4121f07c1fb4a&name=default 0.543s
2024-11-04 15:03:57.839 63539 INFO tempest.lib.common.rest_client [req-a7deca08-f9e8-44c2-ade5-485e0afe2cd0 req-a7deca08-f9e8-44c2-ade5-485e0afe2cd0 ] Request (TestVersions:setUpClass): 201 POST http://10.180.1.21/identity/v3/users 0.066s
2024-11-04 15:03:57.855 63529 INFO tempest.lib.common.rest_client [req-b17e07c0-b9ed-46b5-a20b-4c0b79fcdd04 req-b17e07c0-b9ed-46b5-a20b-4c0b79fcdd04 ] Request (ServerExternalEventsTest:tearDownClass): 204 DELETE http://10.180.1.21:9696/networking/v2.0/security-groups/60489273-51df-4948-8f72-18f2e0c1e68d 0.467s
2024-11-04 15:03:57.866 63539 INFO tempest.lib.common.rest_client [req-93492710-5fe0-44a5-93d6-68ebe5ba5c23 req-93492710-5fe0-44a5-93d6-68ebe5ba5c23 ] Request (TestVersions:setUpClass): 200 GET http://10.180.1.21/identity/v3/roles 0.026s
2024-11-04 15:03:57.912 63539 INFO tempest.lib.common.rest_client [req-b0332bea-855e-409f-961c-3dd110255f89 req-b0332bea-855e-409f-961c-3dd110255f89 ] Request (TestVersions:setUpClass): 204 PUT http://10.180.1.21/identity/v3/projects/7c6e73c05ade4487849d5bedf79bbfb8/users/636f943283e546ea98b0ad3b5027c92f/roles/b8fc5eb45d064836adfaf48a8353a475 0.043s
2024-11-04 15:03:57.912 63539 INFO tempest.lib.common.dynamic_creds [-] Dynamic test user 636f943283e546ea98b0ad3b5027c92f is created with scope project and roles: ['member']
2024-11-04 15:03:57.913 63539 INFO tempest.lib.common.dynamic_creds [-] Acquired dynamic creds: credentials: Credentials: {'domain_id': 'default', 'domain_name': 'Default', 'username': 'tempest-TestVersions-1754064092-project-member', 'project_domain_id': 'default', 'project_domain_name': 'Default', 'project_id': '7c6e73c05ade4487849d5bedf79bbfb8', 'project_name': 'tempest-TestVersions-1754064092', 'tenant_id': '7c6e73c05ade4487849d5bedf79bbfb8', 'tenant_name': 'tempest-TestVersions-1754064092', 'user_domain_id': 'default', 'user_domain_name': 'Default', 'user_id': '636f943283e546ea98b0ad3b5027c92f', 'system': None}, Network: None, Subnet: None, Router: None
2024-11-04 15:03:57.913 63539 INFO tempest.lib.common.dynamic_creds [-] Created isolated network resources for: credentials: Credentials: {'domain_id': 'default', 'domain_name': 'Default', 'username': 'tempest-TestVersions-1754064092-project-member', 'project_domain_id': 'default', 'project_domain_name': 'Default', 'project_id': '7c6e73c05ade4487849d5bedf79bbfb8', 'project_name': 'tempest-TestVersions-1754064092', 'tenant_id': '7c6e73c05ade4487849d5bedf79bbfb8', 'tenant_name': 'tempest-TestVersions-1754064092', 'user_domain_id': 'default', 'user_domain_name': 'Default', 'user_id': '636f943283e546ea98b0ad3b5027c92f', 'system': None}, Network: None, Subnet: None, Router: None
2024-11-04 15:03:57.941 63529 INFO tempest.lib.common.rest_client [req-5c17fa06-c5aa-4e1b-ae37-a8406611c44f req-5c17fa06-c5aa-4e1b-ae37-a8406611c44f ] Request (ServerExternalEventsTest:tearDownClass): 204 DELETE http://10.180.1.21/identity/v3/projects/26126b10ab164a2e8efbec049de7df77 0.085s
2024-11-04 15:03:57.942 63529 INFO tempest.lib.common.dynamic_creds [-] Deleting project and security group for project: d5115a292ca242408881abc4bb8ffbc4
2024-11-04 15:03:57.964 63553 INFO tempest.lib.common.rest_client [req-f4f0ba3d-1dc6-4a69-a579-fcccc3496691 req-f4f0ba3d-1dc6-4a69-a579-fcccc3496691 ] Request (SecurityGroupRulesNegativeTestJSON:tearDownClass): 204 DELETE http://10.180.1.21:9696/networking/v2.0/security-groups/1ca5356a-9d0c-48cc-ad5a-324753187c66 0.341s
2024-11-04 15:03:58.000 63539 INFO tempest.lib.common.rest_client [req-f11e2d64-5023-4605-9f11-655c568a6c41 req-f11e2d64-5023-4605-9f11-655c568a6c41 ] Request (TestVersions:setUpClass): 201 POST http://10.180.1.21/identity/v3/auth/tokens 0.084s
2024-11-04 15:03:58.056 63553 INFO tempest.lib.common.rest_client [req-36f50f69-ccd6-43f2-aa0e-7e25d68b0fe5 req-36f50f69-ccd6-43f2-aa0e-7e25d68b0fe5 ] Request (SecurityGroupRulesNegativeTestJSON:tearDownClass): 204 DELETE http://10.180.1.21/identity/v3/projects/ee08154acccd4419b4c0c21c8a132b05 0.091s
2024-11-04 15:03:58.140 63553 INFO tempest.lib.common.rest_client [req-170e7e83-f13f-46c5-a028-1bbabed5f262 req-170e7e83-f13f-46c5-a028-1bbabed5f262 ] Request (AZV2TestJSON:setUpClass): 201 POST http://10.180.1.21/identity/v3/auth/tokens 0.082s
2024-11-04 15:03:58.179 63553 INFO tempest.lib.common.rest_client [req-0259ced0-c56d-48bb-b1b5-c6ca203028c2 req-0259ced0-c56d-48bb-b1b5-c6ca203028c2 ] Request (AZV2TestJSON:setUpClass): 201 POST http://10.180.1.21/identity/v3/auth/tokens 0.035s
2024-11-04 15:03:58.201 63561 INFO tempest.lib.common.rest_client [req-8cd2da55-c727-43d7-8fd8-80d600563dfe req-8cd2da55-c727-43d7-8fd8-80d600563dfe ] Request (QuotaClassesAdminTestJSON:tearDownClass): 204 DELETE http://10.180.1.21:9696/networking/v2.0/security-groups/a115900a-fd3d-47bd-9011-fdc73f5dc100 0.373s
2024-11-04 15:03:58.211 63553 INFO tempest.lib.common.rest_client [req-3fda8e7a-36fb-4de2-b51a-b4cd34f0a56f req-3fda8e7a-36fb-4de2-b51a-b4cd34f0a56f ] Request (AZV2TestJSON:setUpClass): 200 GET http://10.180.1.21/identity/v3/domains?name=Default 0.031s
2024-11-04 15:03:58.242 63549 INFO tempest.lib.common.rest_client [req-22889af7-93a4-4c29-b331-1f6a42c9f713 req-22889af7-93a4-4c29-b331-1f6a42c9f713 ] Request (HypervisorAdminTestJSON:tearDownClass): 200 GET http://10.180.1.21:9696/networking/v2.0/security-groups?tenant_id=2f1d16b1817647488e1495764f43f04c&name=default 0.786s
2024-11-04 15:03:58.244 63573 INFO tempest.lib.common.rest_client [req-801ea831-3ca4-4e94-85d9-ec225df32c33 req-801ea831-3ca4-4e94-85d9-ec225df32c33 ] Request (ServersTestBootFromVolume:setUpClass): 200 GET http://10.180.1.21/volume/v3/volumes/8895fd52-1e47-4be8-bc86-5cb974e51fe1 0.038s
2024-11-04 15:03:58.254 63553 INFO tempest.lib.common.rest_client [req-2f1cdb8d-9f6a-42cd-9c1e-f060813a5e6a req-2f1cdb8d-9f6a-42cd-9c1e-f060813a5e6a ] Request (AZV2TestJSON:setUpClass): 201 POST http://10.180.1.21/identity/v3/projects 0.041s
2024-11-04 15:03:58.285 63561 INFO tempest.lib.common.rest_client [req-cd4ce9d2-5b90-4e3e-bfe5-0eabfb5b6c71 req-cd4ce9d2-5b90-4e3e-bfe5-0eabfb5b6c71 ] Request (QuotaClassesAdminTestJSON:tearDownClass): 204 DELETE http://10.180.1.21/identity/v3/projects/42479e1e139b4cec96d4121f07c1fb4a 0.084s
2024-11-04 15:03:58.308 63527 INFO tempest.lib.common.rest_client [req-756a8b06-5fbe-42f3-9be6-1f6b3ec7247f req-756a8b06-5fbe-42f3-9be6-1f6b3ec7247f ] Request (MigrationsAdminTest:test_list_migrations_in_flavor_resize_situation): 200 GET http://10.180.1.21/compute/v2.1/servers/b26a4784-698d-477a-8db7-58156899d231 1.454s
2024-11-04 15:03:58.328 63561 INFO tempest.lib.common.rest_client [req-7689ba9d-7d0d-4c4c-bba9-df525d387ebd req-7689ba9d-7d0d-4c4c-bba9-df525d387ebd ] Request (ServersTestManualDisk:setUpClass): 201 POST http://10.180.1.21/identity/v3/auth/tokens 0.040s
2024-11-04 15:03:58.336 63529 INFO tempest.lib.common.rest_client [req-d80bb96c-6729-4312-b4fe-5ca51361be40 req-d80bb96c-6729-4312-b4fe-5ca51361be40 ] Request (ServerExternalEventsTest:tearDownClass): 200 GET http://10.180.1.21:9696/networking/v2.0/security-groups?tenant_id=d5115a292ca242408881abc4bb8ffbc4&name=default 0.394s
2024-11-04 15:03:58.343 63521 INFO tempest.lib.common.rest_client [req-e36413f4-8fce-47ab-a7e1-4a3ef0b12a63 req-e36413f4-8fce-47ab-a7e1-4a3ef0b12a63 ] Request (AggregatesAdminNegativeTestJSON:_run_cleanups): 200 DELETE http://10.180.1.21/compute/v2.1/os-aggregates/7 1.298s
2024-11-04 15:03:58.347 63553 INFO tempest.lib.common.rest_client [req-e695c430-c7d9-4c17-b119-5192e48f64d3 req-e695c430-c7d9-4c17-b119-5192e48f64d3 ] Request (AZV2TestJSON:setUpClass): 201 POST http://10.180.1.21/identity/v3/users 0.093s
2024-11-04 15:03:58.355 63551 INFO tempest.lib.common.rest_client [req-b3f67a50-2380-42a2-b716-9de3f3f73784 req-b3f67a50-2380-42a2-b716-9de3f3f73784 ] Request (KeyPairsV22TestJSON:test_keypairsv22_create_list_show): 200 GET http://10.180.1.21/compute/v2.1/os-keypairs 1.290s
2024-11-04 15:03:58.364 63561 INFO tempest.lib.common.rest_client [req-17ecae5c-7e26-496e-b739-59d824e3a22c req-17ecae5c-7e26-496e-b739-59d824e3a22c ] Request (ServersTestManualDisk:setUpClass): 201 POST http://10.180.1.21/identity/v3/auth/tokens 0.034s
2024-11-04 15:03:58.375 63553 INFO tempest.lib.common.rest_client [req-eb192fa3-fffb-416a-a83b-057f7f4e84d7 req-eb192fa3-fffb-416a-a83b-057f7f4e84d7 ] Request (AZV2TestJSON:setUpClass): 200 GET http://10.180.1.21/identity/v3/roles 0.027s
2024-11-04 15:03:58.389 63561 INFO tempest.lib.common.rest_client [req-beaeb431-4c61-4892-bf96-d49e74a3aa53 req-beaeb431-4c61-4892-bf96-d49e74a3aa53 ] Request (ServersTestManualDisk:setUpClass): 200 GET http://10.180.1.21/identity/v3/domains?name=Default 0.025s
2024-11-04 15:03:58.422 63553 INFO tempest.lib.common.rest_client [req-d4e51044-a3c0-45de-9a37-a7a638525a83 req-d4e51044-a3c0-45de-9a37-a7a638525a83 ] Request (AZV2TestJSON:setUpClass): 204 PUT http://10.180.1.21/identity/v3/projects/5f0b3f80b2ed4b7193385c261c89703b/users/aabda28d73fe443e8925f325b4e2c43a/roles/b8fc5eb45d064836adfaf48a8353a475 0.046s
2024-11-04 15:03:58.422 63553 INFO tempest.lib.common.dynamic_creds [-] Dynamic test user aabda28d73fe443e8925f325b4e2c43a is created with scope project and roles: ['member']
2024-11-04 15:03:58.422 63553 INFO tempest.lib.common.dynamic_creds [-] Acquired dynamic creds: credentials: Credentials: {'domain_id': 'default', 'domain_name': 'Default', 'username': 'tempest-AZV2TestJSON-942030816-project-member', 'project_domain_id': 'default', 'project_domain_name': 'Default', 'project_id': '5f0b3f80b2ed4b7193385c261c89703b', 'project_name': 'tempest-AZV2TestJSON-942030816', 'tenant_id': '5f0b3f80b2ed4b7193385c261c89703b', 'tenant_name': 'tempest-AZV2TestJSON-942030816', 'user_domain_id': 'default', 'user_domain_name': 'Default', 'user_id': 'aabda28d73fe443e8925f325b4e2c43a', 'system': None}, Network: None, Subnet: None, Router: None
2024-11-04 15:03:58.422 63553 INFO tempest.lib.common.dynamic_creds [-] Created isolated network resources for: credentials: Credentials: {'domain_id': 'default', 'domain_name': 'Default', 'username': 'tempest-AZV2TestJSON-942030816-project-member', 'project_domain_id': 'default', 'project_domain_name': 'Default', 'project_id': '5f0b3f80b2ed4b7193385c261c89703b', 'project_name': 'tempest-AZV2TestJSON-942030816', 'tenant_id': '5f0b3f80b2ed4b7193385c261c89703b', 'tenant_name': 'tempest-AZV2TestJSON-942030816', 'user_domain_id': 'default', 'user_domain_name': 'Default', 'user_id': 'aabda28d73fe443e8925f325b4e2c43a', 'system': None}, Network: None, Subnet: None, Router: None
2024-11-04 15:03:58.516 63561 INFO tempest.lib.common.rest_client [req-dccad065-e5e5-4e66-9a76-5f77af1cf3b2 req-dccad065-e5e5-4e66-9a76-5f77af1cf3b2 ] Request (ServersTestManualDisk:setUpClass): 201 POST http://10.180.1.21/identity/v3/projects 0.126s
2024-11-04 15:03:58.539 63519 INFO tempest.lib.common.rest_client [req-433fed06-39af-46b7-9840-c5f5e79143ab req-433fed06-39af-46b7-9840-c5f5e79143ab ] Request (QuotasTestJSON:test_compare_tenant_quotas_with_default_quotas): 200 GET http://10.180.1.21/compute/v2.1/os-quota-sets/af9f7988354842e8a2d21003c1bef426 1.423s
2024-11-04 15:03:58.584 63561 INFO tempest.lib.common.rest_client [req-167fb71c-cc29-4b26-aee3-46833a8140ef req-167fb71c-cc29-4b26-aee3-46833a8140ef ] Request (ServersTestManualDisk:setUpClass): 201 POST http://10.180.1.21/identity/v3/users 0.068s
2024-11-04 15:03:58.597 63553 INFO tempest.lib.common.rest_client [req-9ec31f92-cdd3-41b0-97e7-444814c32c78 req-9ec31f92-cdd3-41b0-97e7-444814c32c78 ] Request (AZV2TestJSON:setUpClass): 201 POST http://10.180.1.21/identity/v3/auth/tokens 0.171s
2024-11-04 15:03:58.601 63561 INFO tempest.lib.common.rest_client [req-0b1495ae-9a5e-485c-b7ab-f6e744e96a27 req-0b1495ae-9a5e-485c-b7ab-f6e744e96a27 ] Request (ServersTestManualDisk:setUpClass): 200 GET http://10.180.1.21/identity/v3/roles 0.016s
2024-11-04 15:03:58.610 63549 INFO tempest.lib.common.rest_client [req-f9248162-b41a-407d-8e91-aff0ed6b7f13 req-f9248162-b41a-407d-8e91-aff0ed6b7f13 ] Request (HypervisorAdminTestJSON:tearDownClass): 204 DELETE http://10.180.1.21:9696/networking/v2.0/security-groups/fc20000d-15d4-42b3-9c09-9f2058f1e82f 0.368s
2024-11-04 15:03:58.632 63561 INFO tempest.lib.common.rest_client [req-330ce2d2-b725-4acc-a1f2-4f4d5f8b3d08 req-330ce2d2-b725-4acc-a1f2-4f4d5f8b3d08 ] Request (ServersTestManualDisk:setUpClass): 204 PUT http://10.180.1.21/identity/v3/projects/4d5745ee1ed64809a93b1e0b1dea11bf/users/8fea7938a2234dc4bf329bd30475192d/roles/b8fc5eb45d064836adfaf48a8353a475 0.030s
2024-11-04 15:03:58.632 63561 INFO tempest.lib.common.dynamic_creds [-] Dynamic test user 8fea7938a2234dc4bf329bd30475192d is created with scope project and roles: ['member']
2024-11-04 15:03:58.633 63561 INFO tempest.lib.common.dynamic_creds [-] Acquired dynamic creds: credentials: Credentials: {'domain_id': 'default', 'domain_name': 'Default', 'username': 'tempest-ServersTestManualDisk-269369081-project-member', 'project_domain_id': 'default', 'project_domain_name': 'Default', 'project_id': '4d5745ee1ed64809a93b1e0b1dea11bf', 'project_name': 'tempest-ServersTestManualDisk-269369081', 'tenant_id': '4d5745ee1ed64809a93b1e0b1dea11bf', 'tenant_name': 'tempest-ServersTestManualDisk-269369081', 'user_domain_id': 'default', 'user_domain_name': 'Default', 'user_id': '8fea7938a2234dc4bf329bd30475192d', 'system': None}, Network: None, Subnet: None, Router: None
2024-11-04 15:03:58.680 63549 INFO tempest.lib.common.rest_client [req-9a66dbef-fe1b-4cc9-b650-c08cdabbb19c req-9a66dbef-fe1b-4cc9-b650-c08cdabbb19c ] Request (HypervisorAdminTestJSON:tearDownClass): 204 DELETE http://10.180.1.21/identity/v3/projects/2f1d16b1817647488e1495764f43f04c 0.068s
2024-11-04 15:03:58.681 63549 INFO tempest.lib.common.dynamic_creds [-] Deleting project and security group for project: 872026961936439b9487889cf542d35a
2024-11-04 15:03:58.681 63529 INFO tempest.lib.common.rest_client [req-6eb026d4-f863-45bb-abf8-2b63d3a341f3 req-6eb026d4-f863-45bb-abf8-2b63d3a341f3 ] Request (ServerExternalEventsTest:tearDownClass): 204 DELETE http://10.180.1.21:9696/networking/v2.0/security-groups/f661dd9b-305b-49e3-b62a-29b14ae06d25 0.344s
2024-11-04 15:03:58.699 63561 INFO tempest.lib.common.rest_client [req-e6b14bc4-a577-460b-96cd-4a48a694a5d2 req-e6b14bc4-a577-460b-96cd-4a48a694a5d2 ] Request (ServersTestManualDisk:setUpClass): 201 POST http://10.180.1.21/identity/v3/auth/tokens 0.066s
2024-11-04 15:03:58.779 63529 INFO tempest.lib.common.rest_client [req-b100e243-564c-4373-9151-2d1a6ab5b8d9 req-b100e243-564c-4373-9151-2d1a6ab5b8d9 ] Request (ServerExternalEventsTest:tearDownClass): 204 DELETE http://10.180.1.21/identity/v3/projects/d5115a292ca242408881abc4bb8ffbc4 0.098s
2024-11-04 15:03:58.814 63571 INFO tempest.lib.common.rest_client [req-f8bd296f-c8fc-4a71-8ddb-e2732ea03192 req-f8bd296f-c8fc-4a71-8ddb-e2732ea03192 ] Request (ServersAdminNegativeTestJSON:test_migrate_server_invalid_state): 200 GET http://10.180.1.21/compute/v2.1/servers/d2614f71-3026-41d4-ae04-eaede9b5ead5 1.598s
2024-11-04 15:03:58.829 63571 INFO tempest.common.waiters [-] State transition "BUILD/networking" ==> "BUILD/spawning" after 22 second wait
2024-11-04 15:03:58.831 63541 WARNING tempest.lib.common.ssh [-] Failed to establish authenticated ssh connection to cirros@10.180.180.254 ([Errno None] Unable to connect to port 22 on 10.180.180.254). Number attempts: 1. Retry after 2 seconds.: paramiko.ssh_exception.NoValidConnectionsError: [Errno None] Unable to connect to port 22 on 10.180.180.254
2024-11-04 15:03:58.859 63529 INFO tempest.lib.common.rest_client [req-d8da29e2-e4ef-46ec-b754-80c8d68358ba req-d8da29e2-e4ef-46ec-b754-80c8d68358ba ] Request (FloatingIPsTestJSON:setUpClass): 201 POST http://10.180.1.21/identity/v3/auth/tokens 0.078s
2024-11-04 15:03:58.899 63529 INFO tempest.lib.common.rest_client [req-018b2f69-832e-414f-bc38-eeb7bec77683 req-018b2f69-832e-414f-bc38-eeb7bec77683 ] Request (FloatingIPsTestJSON:setUpClass): 201 POST http://10.180.1.21/identity/v3/auth/tokens 0.036s
2024-11-04 15:03:58.924 63529 INFO tempest.lib.common.rest_client [req-c5d0f630-673b-404c-9254-fafbc75c25be req-c5d0f630-673b-404c-9254-fafbc75c25be ] Request (FloatingIPsTestJSON:setUpClass): 200 GET http://10.180.1.21/identity/v3/domains?name=Default 0.024s
2024-11-04 15:03:58.952 63529 INFO tempest.lib.common.rest_client [req-a7589c98-51db-47b2-b470-c16c0d19a528 req-a7589c98-51db-47b2-b470-c16c0d19a528 ] Request (FloatingIPsTestJSON:setUpClass): 201 POST http://10.180.1.21/identity/v3/projects 0.028s
2024-11-04 15:03:59.014 63529 INFO tempest.lib.common.rest_client [req-73dec95a-4258-4d78-b247-9dd0142037e3 req-73dec95a-4258-4d78-b247-9dd0142037e3 ] Request (FloatingIPsTestJSON:setUpClass): 201 POST http://10.180.1.21/identity/v3/users 0.061s
2024-11-04 15:03:59.034 63549 INFO tempest.lib.common.rest_client [req-a4975484-4e8e-4d31-b4c7-5d5ec4679fe3 req-a4975484-4e8e-4d31-b4c7-5d5ec4679fe3 ] Request (HypervisorAdminTestJSON:tearDownClass): 200 GET http://10.180.1.21:9696/networking/v2.0/security-groups?tenant_id=872026961936439b9487889cf542d35a&name=default 0.353s
2024-11-04 15:03:59.035 63529 INFO tempest.lib.common.rest_client [req-3ce0c440-dce6-4de6-b311-3830787ba829 req-3ce0c440-dce6-4de6-b311-3830787ba829 ] Request (FloatingIPsTestJSON:setUpClass): 200 GET http://10.180.1.21/identity/v3/roles 0.020s
2024-11-04 15:03:59.070 63529 INFO tempest.lib.common.rest_client [req-ed93868e-7a3b-461d-bb52-967ad66180b0 req-ed93868e-7a3b-461d-bb52-967ad66180b0 ] Request (FloatingIPsTestJSON:setUpClass): 204 PUT http://10.180.1.21/identity/v3/projects/f220e55b560846f2af70df5b2e4284a5/users/1f230a9f7f644c63b8ab8d445df35194/roles/b8fc5eb45d064836adfaf48a8353a475 0.035s
2024-11-04 15:03:59.070 63529 INFO tempest.lib.common.dynamic_creds [-] Dynamic test user 1f230a9f7f644c63b8ab8d445df35194 is created with scope project and roles: ['member']
2024-11-04 15:03:59.071 63529 INFO tempest.lib.common.dynamic_creds [-] Acquired dynamic creds: credentials: Credentials: {'domain_id': 'default', 'domain_name': 'Default', 'username': 'tempest-FloatingIPsTestJSON-1233925646-project-member', 'project_domain_id': 'default', 'project_domain_name': 'Default', 'project_id': 'f220e55b560846f2af70df5b2e4284a5', 'project_name': 'tempest-FloatingIPsTestJSON-1233925646', 'tenant_id': 'f220e55b560846f2af70df5b2e4284a5', 'tenant_name': 'tempest-FloatingIPsTestJSON-1233925646', 'user_domain_id': 'default', 'user_domain_name': 'Default', 'user_id': '1f230a9f7f644c63b8ab8d445df35194', 'system': None}, Network: None, Subnet: None, Router: None
2024-11-04 15:03:59.108 63577 INFO tempest.lib.common.rest_client [req-01b7b4e0-eced-41d4-8ed0-4835a9d22264 req-01b7b4e0-eced-41d4-8ed0-4835a9d22264 ] Request (ServerGroup264TestJSON:tearDownClass): 200 PUT http://10.180.1.21:9696/networking/v2.0/routers/02936c45-0a77-43ac-a8b0-92e46bc482d6/remove_router_interface 3.057s
2024-11-04 15:03:59.145 63529 INFO tempest.lib.common.rest_client [req-db26a8f2-cd31-482b-a495-0758bd4093cf req-db26a8f2-cd31-482b-a495-0758bd4093cf ] Request (FloatingIPsTestJSON:setUpClass): 201 POST http://10.180.1.21/identity/v3/auth/tokens 0.074s
2024-11-04 15:03:59.198 63525 INFO tempest.lib.common.rest_client [req-92e4c1b6-fc56-4ac7-a061-563444b089eb req-92e4c1b6-fc56-4ac7-a061-563444b089eb ] Request (SecurityGroupRulesTestJSON:test_security_group_rules_list): 200 POST http://10.180.1.21/compute/v2.1/os-security-group-rules 1.553s
2024-11-04 15:03:59.244 63565 INFO tempest.lib.common.rest_client [req-336ae174-c386-4dd0-986b-dca63d814f0f req-336ae174-c386-4dd0-986b-dca63d814f0f ] Request (ServerActionsTestOtherB:setUpClass): 201 POST http://10.180.1.21:9696/networking/v2.0/floatingips 1.679s
2024-11-04 15:03:59.256 63531 INFO tempest.lib.common.rest_client [req-721f7d85-8935-46b4-84e9-33296ba270cd req-721f7d85-8935-46b4-84e9-33296ba270cd ] Request (ServersV294TestFqdnHostnames:setUpClass): 201 POST http://10.180.1.21:9696/networking/v2.0/floatingips 1.693s
2024-11-04 15:03:59.290 63549 INFO tempest.lib.common.rest_client [req-edfe8c66-437f-440e-bee9-3901f82ced5a req-edfe8c66-437f-440e-bee9-3901f82ced5a ] Request (HypervisorAdminTestJSON:tearDownClass): 204 DELETE http://10.180.1.21:9696/networking/v2.0/security-groups/0f2460b5-8f9e-4c7b-9083-dc92ecd829ff 0.256s
2024-11-04 15:03:59.298 63573 INFO tempest.lib.common.rest_client [req-0afd118a-33f3-4d2f-ba01-af2fa794b3af req-0afd118a-33f3-4d2f-ba01-af2fa794b3af ] Request (ServersTestBootFromVolume:setUpClass): 200 GET http://10.180.1.21/volume/v3/volumes/8895fd52-1e47-4be8-bc86-5cb974e51fe1 0.043s
2024-11-04 15:03:59.344 63565 INFO tempest.lib.common.rest_client [req-0b5a472c-7495-4acb-9e03-ec13ae0e56b8 req-0b5a472c-7495-4acb-9e03-ec13ae0e56b8 ] Request (ServerActionsTestOtherB:setUpClass): 201 POST http://10.180.1.21/identity/v3/auth/tokens 0.094s
2024-11-04 15:03:59.345 63565 INFO tempest.lib.common.fixed_network [-] (ServerActionsTestOtherB:setUpClass) Found network {'id': '183195a1-ec97-4ecd-9e83-b89bb1337939', 'name': 'tempest-ServerActionsTestOtherB-998439254-network', 'tenant_id': '2af733ffc4384fa1a2c59f4a45f1778c', 'admin_state_up': True, 'mtu': 8950, 'status': 'ACTIVE', 'subnets': [], 'shared': False, 'project_id': '2af733ffc4384fa1a2c59f4a45f1778c', 'port_security_enabled': True, 'router:external': False, 'provider:network_type': 'vlan', 'provider:physical_network': 'default', 'provider:segmentation_id': 592, 'availability_zone_hints': [], 'availability_zones': [], 'ipv4_address_scope': None, 'ipv6_address_scope': None, 'description': '', 'tags': [], 'created_at': '2024-11-04T15:03:49Z', 'updated_at': '2024-11-04T15:03:49Z', 'revision_number': 1} available for tenant
2024-11-04 15:03:59.348 63531 INFO tempest.lib.common.rest_client [req-f256197b-3773-47bf-8d27-8e3e119064a1 req-f256197b-3773-47bf-8d27-8e3e119064a1 ] Request (ServersV294TestFqdnHostnames:setUpClass): 201 POST http://10.180.1.21/identity/v3/auth/tokens 0.079s
2024-11-04 15:03:59.349 63531 INFO tempest.lib.common.fixed_network [-] (ServersV294TestFqdnHostnames:setUpClass) Found network {'id': '8438071b-a3cd-4e2d-867f-1fa4a67bccca', 'name': 'tempest-ServersV294TestFqdnHostnames-2102143534-network', 'tenant_id': '6e0b4b9239e545cd8bd19bc98e5fc5b8', 'admin_state_up': True, 'mtu': 8950, 'status': 'ACTIVE', 'subnets': [], 'shared': False, 'project_id': '6e0b4b9239e545cd8bd19bc98e5fc5b8', 'port_security_enabled': True, 'router:external': False, 'provider:network_type': 'vlan', 'provider:physical_network': 'default', 'provider:segmentation_id': 468, 'availability_zone_hints': [], 'availability_zones': [], 'ipv4_address_scope': None, 'ipv6_address_scope': None, 'description': '', 'tags': [], 'created_at': '2024-11-04T15:03:51Z', 'updated_at': '2024-11-04T15:03:51Z', 'revision_number': 1} available for tenant
2024-11-04 15:03:59.369 63561 INFO tempest.lib.common.rest_client [req-486c0299-75b1-4e3c-ae2a-94296f9310d0 req-486c0299-75b1-4e3c-ae2a-94296f9310d0 ] Request (ServersTestManualDisk:setUpClass): 201 POST http://10.180.1.21:9696/networking/v2.0/networks 0.669s
2024-11-04 15:03:59.422 63549 INFO tempest.lib.common.rest_client [req-c729a502-61d8-4ff0-9815-698171cd38d0 req-c729a502-61d8-4ff0-9815-698171cd38d0 ] Request (HypervisorAdminTestJSON:tearDownClass): 204 DELETE http://10.180.1.21/identity/v3/projects/872026961936439b9487889cf542d35a 0.131s
2024-11-04 15:03:59.452 63569 INFO tempest.lib.common.rest_client [req-2239ba60-f6f9-443a-a333-1f252892a08f req-2239ba60-f6f9-443a-a333-1f252892a08f ] Request (TenantUsagesTestJSON:setUpClass): 200 GET http://10.180.1.21/compute/v2.1/servers/081339d7-6d9b-4b66-a816-467d23196c9a 1.753s
2024-11-04 15:03:59.491 63549 INFO tempest.lib.common.rest_client [req-6185521c-c92b-4b54-8418-8b717c7714d5 req-6185521c-c92b-4b54-8418-8b717c7714d5 ] Request (ServerShowV263Test:setUpClass): 201 POST http://10.180.1.21/identity/v3/auth/tokens 0.067s
2024-11-04 15:03:59.534 63549 INFO tempest.lib.common.rest_client [req-04521889-5e07-4674-a63f-9797bd504449 req-04521889-5e07-4674-a63f-9797bd504449 ] Request (ServerShowV263Test:setUpClass): 201 POST http://10.180.1.21/identity/v3/auth/tokens 0.041s
2024-11-04 15:03:59.554 63561 INFO tempest.lib.common.rest_client [req-9a4f12b6-802a-46f5-9bf7-a86f8b77daa3 req-9a4f12b6-802a-46f5-9bf7-a86f8b77daa3 ] Request (ServersTestManualDisk:setUpClass): 201 POST http://10.180.1.21:9696/networking/v2.0/subnets 0.184s
2024-11-04 15:03:59.560 63549 INFO tempest.lib.common.rest_client [req-d636800d-c0cf-42c1-8a96-bca07b830f1f req-d636800d-c0cf-42c1-8a96-bca07b830f1f ] Request (ServerShowV263Test:setUpClass): 200 GET http://10.180.1.21/identity/v3/domains?name=Default 0.025s
2024-11-04 15:03:59.589 63549 INFO tempest.lib.common.rest_client [req-52dbd992-c0a1-4c5e-b4a0-7446440a1cb2 req-52dbd992-c0a1-4c5e-b4a0-7446440a1cb2 ] Request (ServerShowV263Test:setUpClass): 201 POST http://10.180.1.21/identity/v3/projects 0.029s
2024-11-04 15:03:59.660 63549 INFO tempest.lib.common.rest_client [req-f0c457ca-a7d6-4a6b-a51e-abd1ad40d4d1 req-f0c457ca-a7d6-4a6b-a51e-abd1ad40d4d1 ] Request (ServerShowV263Test:setUpClass): 201 POST http://10.180.1.21/identity/v3/users 0.069s
2024-11-04 15:03:59.678 63549 INFO tempest.lib.common.rest_client [req-42b5be05-1ef2-4d4a-b7a6-c30d0c104670 req-42b5be05-1ef2-4d4a-b7a6-c30d0c104670 ] Request (ServerShowV263Test:setUpClass): 200 GET http://10.180.1.21/identity/v3/roles 0.018s
2024-11-04 15:03:59.702 63559 INFO tempest.lib.common.rest_client [req-1e98514a-5c7b-4b4c-896d-9db90e9a91b5 req-1e98514a-5c7b-4b4c-896d-9db90e9a91b5 ] Request (ServersWithSpecificFlavorTestJSON:test_verify_created_server_ephemeral_disk): 200 GET http://10.180.1.21/compute/v2.1/servers/371ddf66-a39b-41c4-bbd1-2a1c1b99834e 1.962s
2024-11-04 15:03:59.711 63559 INFO tempest.lib.common.ssh [-] Creating ssh connection to '10.180.180.234:22' as 'cirros' with public key authentication
2024-11-04 15:03:59.716 63549 INFO tempest.lib.common.rest_client [req-0bd532a8-59f1-46b0-82ec-51564841adf5 req-0bd532a8-59f1-46b0-82ec-51564841adf5 ] Request (ServerShowV263Test:setUpClass): 204 PUT http://10.180.1.21/identity/v3/projects/ea8fac96b5b64acea8caf5170d8497e4/users/bd6d2510919d4a04a235d0240e277136/roles/b8fc5eb45d064836adfaf48a8353a475 0.037s
2024-11-04 15:03:59.716 63549 INFO tempest.lib.common.dynamic_creds [-] Dynamic test user bd6d2510919d4a04a235d0240e277136 is created with scope project and roles: ['member']
2024-11-04 15:03:59.716 63549 INFO tempest.lib.common.dynamic_creds [-] Acquired dynamic creds: credentials: Credentials: {'domain_id': 'default', 'domain_name': 'Default', 'username': 'tempest-ServerShowV263Test-1533244887-project-member', 'project_domain_id': 'default', 'project_domain_name': 'Default', 'project_id': 'ea8fac96b5b64acea8caf5170d8497e4', 'project_name': 'tempest-ServerShowV263Test-1533244887', 'tenant_id': 'ea8fac96b5b64acea8caf5170d8497e4', 'tenant_name': 'tempest-ServerShowV263Test-1533244887', 'user_domain_id': 'default', 'user_domain_name': 'Default', 'user_id': 'bd6d2510919d4a04a235d0240e277136', 'system': None}, Network: None, Subnet: None, Router: None
2024-11-04 15:03:59.716 63549 INFO tempest.lib.common.dynamic_creds [-] Created isolated network resources for: credentials: Credentials: {'domain_id': 'default', 'domain_name': 'Default', 'username': 'tempest-ServerShowV263Test-1533244887-project-member', 'project_domain_id': 'default', 'project_domain_name': 'Default', 'project_id': 'ea8fac96b5b64acea8caf5170d8497e4', 'project_name': 'tempest-ServerShowV263Test-1533244887', 'tenant_id': 'ea8fac96b5b64acea8caf5170d8497e4', 'tenant_name': 'tempest-ServerShowV263Test-1533244887', 'user_domain_id': 'default', 'user_domain_name': 'Default', 'user_id': 'bd6d2510919d4a04a235d0240e277136', 'system': None}, Network: None, Subnet: None, Router: None
2024-11-04 15:03:59.799 63549 INFO tempest.lib.common.rest_client [req-d614dba0-96dc-4c0f-a06f-9dce3aa9bfd8 req-d614dba0-96dc-4c0f-a06f-9dce3aa9bfd8 ] Request (ServerShowV263Test:setUpClass): 201 POST http://10.180.1.21/identity/v3/auth/tokens 0.076s
2024-11-04 15:03:59.806 63523 INFO tempest.lib.common.rest_client [req-6cda9a43-2490-4073-94b4-dbf9eabef324 req-6cda9a43-2490-4073-94b4-dbf9eabef324 ] Request (ServersAdmin275Test:_run_cleanups): 200 GET http://10.180.1.21/compute/v2.1/servers/96a38ed0-c880-4f21-9389-99f039279072 2.002s
2024-11-04 15:03:59.822 63523 INFO tempest.common.waiters [-] State transition "REBUILD/rebuild_spawning" ==> "ACTIVE/None" after 13 second wait
2024-11-04 15:03:59.845 63529 INFO tempest.lib.common.rest_client [req-5b8a4835-2f3b-4a75-a60a-3e9451a817ac req-5b8a4835-2f3b-4a75-a60a-3e9451a817ac ] Request (FloatingIPsTestJSON:setUpClass): 201 POST http://10.180.1.21:9696/networking/v2.0/networks 0.699s
2024-11-04 15:03:59.859 63549 INFO tempest.lib.common.rest_client [req-7dea295e-eeaf-40f7-b457-cb5525a06e31 req-7dea295e-eeaf-40f7-b457-cb5525a06e31 ] Request (ServerShowV263Test:setUpClass): 200 GET http://10.180.1.21/identity/v3/projects/ea8fac96b5b64acea8caf5170d8497e4 0.059s
2024-11-04 15:03:59.860 63549 INFO tempest.lib.common.dynamic_creds [-] Using the existing project ea8fac96b5b64acea8caf5170d8497e4 for scope project and roles: ['reader']
2024-11-04 15:03:59.881 63563 INFO tempest.lib.common.rest_client [req-b8d49def-77e5-44c1-b6dc-1952a656d498 req-b8d49def-77e5-44c1-b6dc-1952a656d498 ] Request (DeleteServersAdminTestJSON:test_delete_server_while_in_error_state): 200 GET http://10.180.1.21/compute/v2.1/servers/bb0c149c-920e-47c4-a960-47b2fb443431 2.036s
2024-11-04 15:03:59.893 63549 INFO tempest.lib.common.rest_client [req-dfcd7bc7-1cce-44bd-86c5-9594105b761c req-dfcd7bc7-1cce-44bd-86c5-9594105b761c ] Request (ServerShowV263Test:setUpClass): 201 POST http://10.180.1.21/identity/v3/users 0.033s
2024-11-04 15:03:59.913 63549 INFO tempest.lib.common.rest_client [req-23d02b99-ee0e-4000-9a44-5d901872700f req-23d02b99-ee0e-4000-9a44-5d901872700f ] Request (ServerShowV263Test:setUpClass): 200 GET http://10.180.1.21/identity/v3/roles 0.020s
2024-11-04 15:03:59.943 63547 INFO tempest.lib.common.rest_client [req-c5fdfc78-e195-4cc7-9ae9-c2e25851bd7b req-c5fdfc78-e195-4cc7-9ae9-c2e25851bd7b ] Request (VolumesAdminNegativeTest:test_update_attached_volume_with_nonexistent_volume_in_body): 200 GET http://10.180.1.21/compute/v2.1/servers/96bef3f3-a45c-43ba-a86a-66c1d5686ea6 2.039s
2024-11-04 15:03:59.950 63547 INFO tempest.common.waiters [-] State transition "BUILD/None" ==> "BUILD/networking" after 22 second wait
2024-11-04 15:03:59.960 63549 INFO tempest.lib.common.rest_client [req-28c22873-baab-426f-b90a-f8ccf146c31b req-28c22873-baab-426f-b90a-f8ccf146c31b ] Request (ServerShowV263Test:setUpClass): 204 PUT http://10.180.1.21/identity/v3/projects/ea8fac96b5b64acea8caf5170d8497e4/users/9e28cf2ca4d048288e2f9567ae70d59a/roles/27906f99429443efbe5edb0670598657 0.046s
2024-11-04 15:03:59.960 63549 INFO tempest.lib.common.dynamic_creds [-] Dynamic test user 9e28cf2ca4d048288e2f9567ae70d59a is created with scope project and roles: ['reader']
2024-11-04 15:03:59.960 63549 INFO tempest.lib.common.dynamic_creds [-] Acquired dynamic creds: credentials: Credentials: {'domain_id': 'default', 'domain_name': 'Default', 'username': 'tempest-ServerShowV263Test-1533244887-project-reader', 'project_domain_id': 'default', 'project_domain_name': 'Default', 'project_id': 'ea8fac96b5b64acea8caf5170d8497e4', 'project_name': 'tempest-ServerShowV263Test-1533244887', 'tenant_id': 'ea8fac96b5b64acea8caf5170d8497e4', 'tenant_name': 'tempest-ServerShowV263Test-1533244887', 'user_domain_id': 'default', 'user_domain_name': 'Default', 'user_id': '9e28cf2ca4d048288e2f9567ae70d59a', 'system': None}, Network: None, Subnet: None, Router: None
2024-11-04 15:03:59.960 63549 INFO tempest.lib.common.dynamic_creds [-] Network resources are not created for requested scope: project and credentials: Credentials: {'domain_id': 'default', 'domain_name': 'Default', 'username': 'tempest-ServerShowV263Test-1533244887-project-reader', 'project_domain_id': 'default', 'project_domain_name': 'Default', 'project_id': 'ea8fac96b5b64acea8caf5170d8497e4', 'project_name': 'tempest-ServerShowV263Test-1533244887', 'tenant_id': 'ea8fac96b5b64acea8caf5170d8497e4', 'tenant_name': 'tempest-ServerShowV263Test-1533244887', 'user_domain_id': 'default', 'user_domain_name': 'Default', 'user_id': '9e28cf2ca4d048288e2f9567ae70d59a', 'system': None}, Network: None, Subnet: None, Router: None
2024-11-04 15:04:00.036 63549 INFO tempest.lib.common.rest_client [req-a3549f9a-7f92-45f6-872c-8eda7e0b5cc2 req-a3549f9a-7f92-45f6-872c-8eda7e0b5cc2 ] Request (ServerShowV263Test:setUpClass): 201 POST http://10.180.1.21/identity/v3/auth/tokens 0.073s
2024-11-04 15:04:00.156 63549 INFO tempest.lib.common.rest_client [req-5ef0406d-ac55-4c41-b2b3-af1e65f923db req-5ef0406d-ac55-4c41-b2b3-af1e65f923db ] Request (ServerShowV263Test:tearDownClass): 204 DELETE http://10.180.1.21/identity/v3/users/bd6d2510919d4a04a235d0240e277136 0.118s
2024-11-04 15:04:00.221 63543 INFO tempest.lib.common.rest_client [req-797b036b-5271-4ae5-b4a4-49a79115c980 req-797b036b-5271-4ae5-b4a4-49a79115c980 ] Request (ServersAdminTestJSON:test_create_server_with_scheduling_hint): 200 GET http://10.180.1.21/compute/v2.1/servers/50788030-4dc2-4215-bf2c-acba5dd33ce4 2.281s
2024-11-04 15:04:00.228 63539 INFO tempest.lib.common.rest_client [-] Request (TestVersions:test_get_version_details): 200 GET http://10.180.1.21/compute/ 2.225s
2024-11-04 15:04:00.272 63577 INFO tempest.lib.common.rest_client [req-4e8c6195-1b84-4877-adda-7934551d693e req-4e8c6195-1b84-4877-adda-7934551d693e ] Request (ServerGroup264TestJSON:tearDownClass): 204 DELETE http://10.180.1.21:9696/networking/v2.0/routers/02936c45-0a77-43ac-a8b0-92e46bc482d6 1.164s
2024-11-04 15:04:00.280 63549 INFO tempest.lib.common.rest_client [req-9c0e1d34-f3e4-4055-912f-c1fc9ba1a949 req-9c0e1d34-f3e4-4055-912f-c1fc9ba1a949 ] Request (ServerShowV263Test:tearDownClass): 204 DELETE http://10.180.1.21/identity/v3/users/9e28cf2ca4d048288e2f9567ae70d59a 0.124s
2024-11-04 15:04:00.281 63549 INFO tempest.lib.common.dynamic_creds [-] Deleting project and security group for project: ea8fac96b5b64acea8caf5170d8497e4
2024-11-04 15:04:00.343 63555 INFO tempest.lib.common.rest_client [req-5a82cb65-2266-494d-b34b-ddafdde4f39b req-5a82cb65-2266-494d-b34b-ddafdde4f39b ] Request (FloatingIPsAssociationTestJSON:test_associate_already_associated_floating_ip): 202 POST http://10.180.1.21/compute/v2.1/servers/9b6b4da7-4f86-46bc-a75f-fc5e1126c53b/action 3.580s
2024-11-04 15:04:00.360 63573 INFO tempest.lib.common.rest_client [req-2283491c-60aa-48ac-bef5-5ae8d321ee14 req-2283491c-60aa-48ac-bef5-5ae8d321ee14 ] Request (ServersTestBootFromVolume:setUpClass): 200 GET http://10.180.1.21/volume/v3/volumes/8895fd52-1e47-4be8-bc86-5cb974e51fe1 0.051s
2024-11-04 15:04:00.366 63537 INFO tempest.lib.common.rest_client [req-ca73fb7b-60a8-47a5-9daf-eb2942947a4e req-ca73fb7b-60a8-47a5-9daf-eb2942947a4e ] Request (ServerDiagnosticsNegativeTest:tearDownClass): 200 GET http://10.180.1.21/compute/v2.1/servers/2084a365-b662-4564-b899-ab4c4a63f2b9 2.097s
2024-11-04 15:04:00.369 63521 INFO tempest.lib.common.rest_client [req-1a7ad2c4-34d1-45ea-9169-d23ae8afa020 req-1a7ad2c4-34d1-45ea-9169-d23ae8afa020 ] Request (AggregatesAdminNegativeTestJSON:test_aggregate_remove_nonexistent_host): 200 POST http://10.180.1.21/compute/v2.1/os-aggregates 2.025s
2024-11-04 15:04:00.382 63549 INFO tempest.lib.common.rest_client [req-7413e97a-f788-419e-9aca-2db948b1a5c8 req-7413e97a-f788-419e-9aca-2db948b1a5c8 ] Request (ServerShowV263Test:tearDownClass): 201 POST http://10.180.1.21/identity/v3/auth/tokens 0.101s
2024-11-04 15:04:00.389 63551 INFO tempest.lib.common.rest_client [req-f3a0e487-5718-48a7-a53b-8640582f0bca req-f3a0e487-5718-48a7-a53b-8640582f0bca ] Request (KeyPairsV22TestJSON:_run_cleanups): 204 DELETE http://10.180.1.21/compute/v2.1/os-keypairs/tempest-keypair-2021715571 2.032s
2024-11-04 15:04:00.397 63529 INFO tempest.lib.common.rest_client [req-a37f0aa3-4a61-4099-9c02-a2ddd0918dd9 req-a37f0aa3-4a61-4099-9c02-a2ddd0918dd9 ] Request (FloatingIPsTestJSON:setUpClass): 201 POST http://10.180.1.21:9696/networking/v2.0/subnets 0.551s
2024-11-04 15:04:00.453 63581 INFO tempest.lib.common.rest_client [req-3e55cb24-7048-4836-afbf-c3c362841715 req-3e55cb24-7048-4836-afbf-c3c362841715 ] Request (ServerTagsTestJSON:setUpClass): 200 GET http://10.180.1.21/compute/v2.1/servers/a4d45835-f065-445f-bcb6-d1b01d545cb0 2.082s
2024-11-04 15:04:00.475 63535 INFO tempest.lib.common.rest_client [req-494643af-3efd-4a9c-bccf-8c3cc13e3b40 req-494643af-3efd-4a9c-bccf-8c3cc13e3b40 ] Request (ImagesNegativeTestJSON:test_create_image_from_deleted_server): 200 GET http://10.180.1.21/compute/v2.1/servers/3ddf7322-5504-408f-af6c-af73fb1c4286 2.009s
2024-11-04 15:04:00.500 63533 WARNING tempest.lib.common.ssh [-] Failed to establish authenticated ssh connection to cirros@10.180.180.194 ([Errno None] Unable to connect to port 22 on 10.180.180.194). Number attempts: 1. Retry after 2 seconds.: paramiko.ssh_exception.NoValidConnectionsError: [Errno None] Unable to connect to port 22 on 10.180.180.194
2024-11-04 15:04:00.560 63557 INFO tempest.lib.common.rest_client [req-e8a3a78a-674e-413e-aeb3-e6a1526be8e1 req-e8a3a78a-674e-413e-aeb3-e6a1526be8e1 ] Request (FloatingIPsAssociationNegativeTestJSON:setUpClass): 200 GET http://10.180.1.21/compute/v2.1/servers/2f5b06f6-7178-4fdf-93b6-65477f020898 2.000s
2024-11-04 15:04:00.593 63577 INFO tempest.lib.common.rest_client [req-2794a1d7-0395-4166-a457-4e163d2c0fd9 req-2794a1d7-0395-4166-a457-4e163d2c0fd9 ] Request (ServerGroup264TestJSON:tearDownClass): 204 DELETE http://10.180.1.21:9696/networking/v2.0/subnets/4414e31a-c344-4cbd-b18c-97d9f2f5e624 0.320s
2024-11-04 15:04:00.618 63519 INFO tempest.lib.common.rest_client [req-55b3e7b4-9b4e-4881-ba44-04009b30e8e9 req-55b3e7b4-9b4e-4881-ba44-04009b30e8e9 ] Request (QuotasTestJSON:test_get_default_quotas): 200 GET http://10.180.1.21/compute/v2.1/os-quota-sets/af9f7988354842e8a2d21003c1bef426/defaults 2.073s
2024-11-04 15:04:00.666 63553 INFO tempest.lib.common.rest_client [req-1e9c3aaf-723e-4b75-ada4-1fe8d590bf44 req-1e9c3aaf-723e-4b75-ada4-1fe8d590bf44 ] Request (AZV2TestJSON:test_get_availability_zone_list_with_non_admin_user): 200 GET http://10.180.1.21/compute/v2.1/os-availability-zone 2.066s
2024-11-04 15:04:00.702 63545 INFO tempest.lib.common.rest_client [req-4ffdc9c4-ae51-4f24-9187-33a5d1d9fca7 req-4ffdc9c4-ae51-4f24-9187-33a5d1d9fca7 ] Request (DeleteServersTestJSON:test_delete_server_while_in_attached_volume): 200 GET http://10.180.1.21/compute/v2.1/servers/76dff032-a806-4910-a48b-8850b05131c1 2.046s
2024-11-04 15:04:00.759 63575 INFO tempest.lib.common.rest_client [req-b9d410e4-2bb1-48a8-87b1-d2eb16b60656 req-b9d410e4-2bb1-48a8-87b1-d2eb16b60656 ] Request (ServerDiagnosticsTest:tearDownClass): 200 GET http://10.180.1.21/compute/v2.1/servers/5d48e854-45fd-4767-91b7-100f84bdca55 1.926s
2024-11-04 15:04:00.763 63553 INFO tempest.lib.common.rest_client [req-07e962f8-1510-44e6-8b6d-c70f2b1107d9 req-07e962f8-1510-44e6-8b6d-c70f2b1107d9 ] Request (AZV2TestJSON:tearDownClass): 204 DELETE http://10.180.1.21/identity/v3/users/aabda28d73fe443e8925f325b4e2c43a 0.087s
2024-11-04 15:04:00.763 63553 INFO tempest.lib.common.dynamic_creds [-] Deleting project and security group for project: 5f0b3f80b2ed4b7193385c261c89703b
2024-11-04 15:04:00.822 63549 INFO tempest.lib.common.rest_client [req-339c64c0-7ade-460a-af96-d037d99f5274 req-339c64c0-7ade-460a-af96-d037d99f5274 ] Request (ServerShowV263Test:tearDownClass): 200 GET http://10.180.1.21:9696/networking/v2.0/security-groups?tenant_id=ea8fac96b5b64acea8caf5170d8497e4&name=default 0.440s
2024-11-04 15:04:00.837 63553 INFO tempest.lib.common.rest_client [req-afe84471-b253-48bb-8616-7f554b3a2cfb req-afe84471-b253-48bb-8616-7f554b3a2cfb ] Request (AZV2TestJSON:tearDownClass): 201 POST http://10.180.1.21/identity/v3/auth/tokens 0.073s
2024-11-04 15:04:01.067 63525 INFO tempest.lib.common.rest_client [req-650cdd00-739a-438e-a4b9-dd9a22c6add6 req-650cdd00-739a-438e-a4b9-dd9a22c6add6 ] Request (SecurityGroupRulesTestJSON:test_security_group_rules_list): 200 POST http://10.180.1.21/compute/v2.1/os-security-group-rules 1.867s
2024-11-04 15:04:01.093 63527 INFO tempest.lib.common.rest_client [req-3797a254-9cee-4031-b486-107b1464dc92 req-3797a254-9cee-4031-b486-107b1464dc92 ] Request (MigrationsAdminTest:test_list_migrations_in_flavor_resize_situation): 200 GET http://10.180.1.21/compute/v2.1/servers/b26a4784-698d-477a-8db7-58156899d231 1.771s
2024-11-04 15:04:01.219 63549 INFO tempest.lib.common.rest_client [req-0fd80e56-bf38-4d9f-ab5b-76bf255f52e6 req-0fd80e56-bf38-4d9f-ab5b-76bf255f52e6 ] Request (ServerShowV263Test:tearDownClass): 204 DELETE http://10.180.1.21:9696/networking/v2.0/security-groups/f57d96d4-f860-4cc3-887f-8b92a8b0e50a 0.396s
2024-11-04 15:04:01.263 63577 INFO tempest.lib.common.rest_client [req-684fac5e-88b6-4903-a52a-d511e613647c req-684fac5e-88b6-4903-a52a-d511e613647c ] Request (ServerGroup264TestJSON:tearDownClass): 204 DELETE http://10.180.1.21:9696/networking/v2.0/networks/9e734240-6930-47ce-9139-641558e296c5 0.670s
2024-11-04 15:04:01.306 63561 INFO tempest.lib.common.rest_client [req-768b6a40-9ed2-473d-9043-0ee2c93ef94b req-768b6a40-9ed2-473d-9043-0ee2c93ef94b ] Request (ServersTestManualDisk:setUpClass): 201 POST http://10.180.1.21:9696/networking/v2.0/routers 1.751s
2024-11-04 15:04:01.339 63549 INFO tempest.lib.common.rest_client [req-5f2844c6-ee96-431f-823e-8a4dce238d85 req-5f2844c6-ee96-431f-823e-8a4dce238d85 ] Request (ServerShowV263Test:tearDownClass): 204 DELETE http://10.180.1.21/identity/v3/projects/ea8fac96b5b64acea8caf5170d8497e4 0.120s
2024-11-04 15:04:01.377 63553 INFO tempest.lib.common.rest_client [req-01591f42-b063-47be-9a18-6e1337772a92 req-01591f42-b063-47be-9a18-6e1337772a92 ] Request (AZV2TestJSON:tearDownClass): 200 GET http://10.180.1.21:9696/networking/v2.0/security-groups?tenant_id=5f0b3f80b2ed4b7193385c261c89703b&name=default 0.539s
2024-11-04 15:04:01.383 63549 INFO tempest.lib.common.rest_client [req-08a69423-c483-4a4b-83f7-1c607b2f784a req-08a69423-c483-4a4b-83f7-1c607b2f784a ] Request (ComputeTenantNetworksTest:setUpClass): 201 POST http://10.180.1.21/identity/v3/auth/tokens 0.043s
2024-11-04 15:04:01.406 63573 INFO tempest.lib.common.rest_client [req-e6643fe3-240b-45fc-9f41-c149270029f8 req-e6643fe3-240b-45fc-9f41-c149270029f8 ] Request (ServersTestBootFromVolume:setUpClass): 200 GET http://10.180.1.21/volume/v3/volumes/8895fd52-1e47-4be8-bc86-5cb974e51fe1 0.038s
2024-11-04 15:04:01.420 63577 INFO tempest.lib.common.rest_client [req-4e9cf054-5209-44d3-8051-2d0bdd6a5ef8 req-4e9cf054-5209-44d3-8051-2d0bdd6a5ef8 ] Request (ServerGroup264TestJSON:tearDownClass): 204 DELETE http://10.180.1.21/identity/v3/users/bef7661f9597402ca9c87825c26eeb15 0.157s
2024-11-04 15:04:01.421 63577 INFO tempest.lib.common.dynamic_creds [-] Deleting project and security group for project: dd056227f17846f38786ea3d2ec83903
2024-11-04 15:04:01.457 63549 INFO tempest.lib.common.rest_client [req-25592718-c1af-40bf-85a4-14a0faf26f78 req-25592718-c1af-40bf-85a4-14a0faf26f78 ] Request (ComputeTenantNetworksTest:setUpClass): 201 POST http://10.180.1.21/identity/v3/auth/tokens 0.067s
2024-11-04 15:04:01.479 63549 INFO tempest.lib.common.rest_client [req-9d7df4fa-d950-4f34-9f48-1dcb8a742bf5 req-9d7df4fa-d950-4f34-9f48-1dcb8a742bf5 ] Request (ComputeTenantNetworksTest:setUpClass): 200 GET http://10.180.1.21/identity/v3/domains?name=Default 0.022s
2024-11-04 15:04:01.508 63549 INFO tempest.lib.common.rest_client [req-f5d99eba-8434-43e8-9c4c-ef1d6699ac94 req-f5d99eba-8434-43e8-9c4c-ef1d6699ac94 ] Request (ComputeTenantNetworksTest:setUpClass): 201 POST http://10.180.1.21/identity/v3/projects 0.028s
2024-11-04 15:04:01.518 63577 INFO tempest.lib.common.rest_client [req-03357592-8f52-42ed-9628-7d2b90e4cc29 req-03357592-8f52-42ed-9628-7d2b90e4cc29 ] Request (ServerGroup264TestJSON:tearDownClass): 200 GET http://10.180.1.21:9696/networking/v2.0/security-groups?tenant_id=dd056227f17846f38786ea3d2ec83903&name=default 0.097s
2024-11-04 15:04:01.581 63549 INFO tempest.lib.common.rest_client [req-ff2b740f-e245-4654-88f5-794ba799ce93 req-ff2b740f-e245-4654-88f5-794ba799ce93 ] Request (ComputeTenantNetworksTest:setUpClass): 201 POST http://10.180.1.21/identity/v3/users 0.073s
2024-11-04 15:04:01.600 63549 INFO tempest.lib.common.rest_client [req-506b4795-034a-4d5d-9e9a-c42f658e5700 req-506b4795-034a-4d5d-9e9a-c42f658e5700 ] Request (ComputeTenantNetworksTest:setUpClass): 200 GET http://10.180.1.21/identity/v3/roles 0.018s
2024-11-04 15:04:01.633 63549 INFO tempest.lib.common.rest_client [req-e8816f62-ccf5-4723-aeb4-05f498958504 req-e8816f62-ccf5-4723-aeb4-05f498958504 ] Request (ComputeTenantNetworksTest:setUpClass): 204 PUT http://10.180.1.21/identity/v3/projects/75c0b489f2eb45bcb6ea502194022133/users/5ce957537d2845a486e756cde11c883c/roles/b8fc5eb45d064836adfaf48a8353a475 0.033s
2024-11-04 15:04:01.633 63549 INFO tempest.lib.common.dynamic_creds [-] Dynamic test user 5ce957537d2845a486e756cde11c883c is created with scope project and roles: ['member']
