2024-11-04 15:05:18.011 63581 INFO tempest.lib.common.rest_client [req-51d1a268-f1a8-44a2-a57d-bf3d95e1472f req-51d1a268-f1a8-44a2-a57d-bf3d95e1472f ] Request (ExtensionsTest:test_list_extensions): 200 GET http://10.180.1.21/compute/v2.1/extensions 0.026s
2024-11-04 15:05:18.066 63529 INFO tempest.lib.common.rest_client [req-b675633c-a62e-4ab2-96a9-7d78c35bb086 req-b675633c-a62e-4ab2-96a9-7d78c35bb086 ] Request (ServerRescueNegativeTestJSON:setUpClass): 200 GET http://10.180.1.21/compute/v2.1/servers/bdfdd685-e440-4f53-b6c4-2ee2f06acba8 0.087s
2024-11-04 15:05:18.085 63563 INFO tempest.lib.common.rest_client [req-d24cc581-2ca1-4539-a112-d0a2420c233d req-d24cc581-2ca1-4539-a112-d0a2420c233d ] Request (ServicesAdminNegativeV253TestJSON:test_get_service_by_invalid_service_and_valid_host): 200 GET http://10.180.1.21/compute/v2.1/os-services 0.077s
2024-11-04 15:05:18.125 63581 INFO tempest.lib.common.rest_client [req-428a3ff6-733b-45c6-b54e-9fd16729b8d7 req-428a3ff6-733b-45c6-b54e-9fd16729b8d7 ] Request (ExtensionsTest:tearDownClass): 204 DELETE http://10.180.1.21/identity/v3/users/6412b96b36134aa7a44d493d6f3c220f 0.102s
2024-11-04 15:05:18.125 63581 INFO tempest.lib.common.dynamic_creds [-] Deleting project and security group for project: 3b00b7ab20b14b6ebee11170e2f6527c
2024-11-04 15:05:18.138 63543 INFO tempest.lib.common.rest_client [req-f58d3ebb-f041-4171-9b83-65626302116f req-f58d3ebb-f041-4171-9b83-65626302116f ] Request (ServersAdminTestJSON:test_inject_network_info): 200 GET http://10.180.1.21/compute/v2.1/servers/8a21e6a7-c34e-4af0-b1fd-8a501694614c 0.089s
2024-11-04 15:05:18.158 63563 INFO tempest.lib.common.rest_client [req-330301d9-a7ab-4713-a6e6-d0a0bda6a7f9 req-330301d9-a7ab-4713-a6e6-d0a0bda6a7f9 ] Request (ServicesAdminNegativeV253TestJSON:test_get_service_by_invalid_service_and_valid_host): 200 GET http://10.180.1.21/compute/v2.1/os-services?host=devstack&binary=xxx 0.070s
2024-11-04 15:05:18.186 63581 INFO tempest.lib.common.rest_client [req-7c4b17aa-2c0b-4fca-b35b-58b7a14844a8 req-7c4b17aa-2c0b-4fca-b35b-58b7a14844a8 ] Request (ExtensionsTest:tearDownClass): 201 POST http://10.180.1.21/identity/v3/auth/tokens 0.061s
2024-11-04 15:05:18.188 63547 WARNING tempest.lib.common.ssh [-] Failed to establish authenticated ssh connection to cirros@10.180.180.138 ([Errno None] Unable to connect to port 22 on 10.180.180.138). Number attempts: 8. Retry after 9 seconds.: paramiko.ssh_exception.NoValidConnectionsError: [Errno None] Unable to connect to port 22 on 10.180.180.138
2024-11-04 15:05:18.191 63563 INFO tempest.lib.common.rest_client [req-78725dfe-252f-4089-8a56-7a9fd4754a72 req-78725dfe-252f-4089-8a56-7a9fd4754a72 ] Request (ServicesAdminNegativeV253TestJSON:test_get_service_with_valid_service_and_invalid_host): 200 GET http://10.180.1.21/compute/v2.1/os-services 0.025s
2024-11-04 15:05:18.205 63545 INFO tempest.lib.common.rest_client [req-c31d221b-79b1-4b12-bce5-97d7e80b9203 req-c31d221b-79b1-4b12-bce5-97d7e80b9203 ] Request (DeleteServersTestJSON:test_delete_server_while_in_building_state): 204 DELETE http://10.180.1.21/compute/v2.1/servers/23e2a460-a59f-46b8-bd29-153d6d6a5c92 0.357s
2024-11-04 15:05:18.219 63563 INFO tempest.lib.common.rest_client [req-617c34f9-d5d8-4129-aec2-853c65ef0d70 req-617c34f9-d5d8-4129-aec2-853c65ef0d70 ] Request (ServicesAdminNegativeV253TestJSON:test_get_service_with_valid_service_and_invalid_host): 200 GET http://10.180.1.21/compute/v2.1/os-services?host=xxx&binary=nova-scheduler 0.024s
2024-11-04 15:05:18.226 63545 INFO tempest.lib.common.rest_client [req-88613e9c-8b54-4fe8-a57c-6bbbd27d650a req-88613e9c-8b54-4fe8-a57c-6bbbd27d650a ] Request (DeleteServersTestJSON:test_delete_server_while_in_building_state): 404 GET http://10.180.1.21/compute/v2.1/servers/23e2a460-a59f-46b8-bd29-153d6d6a5c92 0.021s
2024-11-04 15:05:18.317 63545 INFO tempest.lib.common.rest_client [req-0e47dee7-c958-4b5e-a97b-e6b7434acc7b req-0e47dee7-c958-4b5e-a97b-e6b7434acc7b ] Request (DeleteServersTestJSON:test_delete_server_while_in_shelved_state): 201 POST http://10.180.1.21/identity/v3/auth/tokens 0.087s
2024-11-04 15:05:18.317 63545 INFO tempest.lib.common.fixed_network [-] (DeleteServersTestJSON:test_delete_server_while_in_shelved_state) Found network {'id': 'f4e40de3-2e4e-41be-8f2d-4cf29c15dcec', 'name': 'tempest-DeleteServersTestJSON-1125594600-network', 'tenant_id': '43ebac7c44604f55b94cbc06648f4908', 'admin_state_up': True, 'mtu': 8950, 'status': 'ACTIVE', 'subnets': [], 'shared': False, 'project_id': '43ebac7c44604f55b94cbc06648f4908', 'port_security_enabled': True, 'router:external': False, 'provider:network_type': 'vlan', 'provider:physical_network': 'default', 'provider:segmentation_id': 759, 'availability_zone_hints': [], 'availability_zones': [], 'ipv4_address_scope': None, 'ipv6_address_scope': None, 'description': '', 'tags': [], 'created_at': '2024-11-04T15:02:57Z', 'updated_at': '2024-11-04T15:02:57Z', 'revision_number': 1} available for tenant
2024-11-04 15:05:18.338 63563 INFO tempest.lib.common.rest_client [req-359662ba-2cf9-423a-8eff-ed28a682a76d req-359662ba-2cf9-423a-8eff-ed28a682a76d ] Request (ServicesAdminNegativeV253TestJSON:test_list_services_with_non_admin_user): 403 GET http://10.180.1.21/compute/v2.1/os-services 0.114s
2024-11-04 15:05:18.342 63521 INFO tempest.lib.common.rest_client [req-fb928dd2-7e69-417c-beeb-255b42cf7e79 req-fb928dd2-7e69-417c-beeb-255b42cf7e79 ] Request (ImagesTestJSON:test_create_image_from_stopped_server): 200 GET http://10.180.1.21/compute/v2.1/servers/f22e097d-f1a5-414a-82cc-ab455db876c7 0.117s
2024-11-04 15:05:18.352 63521 INFO tempest.common.waiters [-] State transition "ACTIVE/powering-off" ==> "SHUTOFF/None" after 3 second wait
2024-11-04 15:05:18.402 63535 INFO tempest.lib.common.rest_client [req-63a4ab36-0781-4ee6-abfe-ae10131794b9 req-63a4ab36-0781-4ee6-abfe-ae10131794b9 ] Request (ListImageFiltersTestJSON:setUpClass): 200 GET http://10.180.1.21/compute/v2.1/servers/cb004a19-0048-4766-af7c-0fbde867f422 0.093s
2024-11-04 15:05:18.428 63563 INFO tempest.lib.common.rest_client [req-17e48aa2-f561-4351-bab8-7c5b1e9a5cb8 req-17e48aa2-f561-4351-bab8-7c5b1e9a5cb8 ] Request (ServicesAdminNegativeV253TestJSON:tearDownClass): 204 DELETE http://10.180.1.21/identity/v3/users/3c66888119394526b1dfeaaf7b124805 0.089s
2024-11-04 15:05:18.437 63581 INFO tempest.lib.common.rest_client [req-e57faa90-7847-491d-8ba9-59e118e8f7a8 req-e57faa90-7847-491d-8ba9-59e118e8f7a8 ] Request (ExtensionsTest:tearDownClass): 200 GET http://10.180.1.21:9696/networking/v2.0/security-groups?tenant_id=3b00b7ab20b14b6ebee11170e2f6527c&name=default 0.250s
2024-11-04 15:05:18.439 63533 WARNING tempest.lib.common.ssh [-] Failed to establish authenticated ssh connection to cirros@10.180.180.194 ([Errno None] Unable to connect to port 22 on 10.180.180.194). Number attempts: 10. Retry after 11 seconds.: paramiko.ssh_exception.NoValidConnectionsError: [Errno None] Unable to connect to port 22 on 10.180.180.194
2024-11-04 15:05:18.539 63563 INFO tempest.lib.common.rest_client [req-714bec58-8272-4645-870b-b086e1ed78f5 req-714bec58-8272-4645-870b-b086e1ed78f5 ] Request (ServicesAdminNegativeV253TestJSON:tearDownClass): 204 DELETE http://10.180.1.21/identity/v3/users/5df7ca42130b4e24bb60b5fef7d19f43 0.110s
2024-11-04 15:05:18.539 63563 INFO tempest.lib.common.dynamic_creds [-] Deleting project and security group for project: 9f55bb608b80488186f3aeb28d088304
2024-11-04 15:05:18.601 63581 INFO tempest.lib.common.rest_client [req-bd8dfd40-c4b7-46cb-b570-0279e01b07de req-bd8dfd40-c4b7-46cb-b570-0279e01b07de ] Request (ExtensionsTest:tearDownClass): 204 DELETE http://10.180.1.21:9696/networking/v2.0/security-groups/6226c124-043d-44e4-8b8f-f8ad602391c8 0.164s
2024-11-04 15:05:18.606 63563 INFO tempest.lib.common.rest_client [req-f3636842-c559-4111-bfd8-16b9d7403cdb req-f3636842-c559-4111-bfd8-16b9d7403cdb ] Request (ServicesAdminNegativeV253TestJSON:tearDownClass): 201 POST http://10.180.1.21/identity/v3/auth/tokens 0.067s
2024-11-04 15:05:18.675 63581 INFO tempest.lib.common.rest_client [req-54a9a874-bbd7-42bf-852f-3aeb3e28d0c6 req-54a9a874-bbd7-42bf-852f-3aeb3e28d0c6 ] Request (ExtensionsTest:tearDownClass): 204 DELETE http://10.180.1.21/identity/v3/projects/3b00b7ab20b14b6ebee11170e2f6527c 0.073s
2024-11-04 15:05:18.720 63545 INFO tempest.lib.common.rest_client [req-1da717ba-31e8-4784-80be-ca59a132e382 req-1da717ba-31e8-4784-80be-ca59a132e382 ] Request (DeleteServersTestJSON:test_delete_server_while_in_shelved_state): 202 POST http://10.180.1.21/compute/v2.1/servers 0.402s
2024-11-04 15:05:18.786 63573 WARNING tempest.lib.common.ssh [-] Failed to establish authenticated ssh connection to cirros@10.180.180.168 ([Errno None] Unable to connect to port 22 on 10.180.180.168). Number attempts: 5. Retry after 6 seconds.: paramiko.ssh_exception.NoValidConnectionsError: [Errno None] Unable to connect to port 22 on 10.180.180.168
2024-11-04 15:05:18.789 63571 INFO tempest.lib.common.rest_client [req-0b35121f-e643-46c7-a444-9ce2ddc3cce6 req-0b35121f-e643-46c7-a444-9ce2ddc3cce6 ] Request (ServersAdminNegativeTestJSON:tearDownClass): 200 GET http://10.180.1.21/compute/v2.1/servers/e9e2deb5-5bf9-4b57-832f-9928d3cda162 0.393s
2024-11-04 15:05:18.868 63551 INFO tempest.lib.common.rest_client [req-415bf41f-de3d-435b-9532-ee390bf00baa req-415bf41f-de3d-435b-9532-ee390bf00baa ] Request (InstanceActionsTestJSON:tearDownClass): 200 GET http://10.180.1.21/compute/v2.1/servers/78b78ae7-74fe-4403-be9b-229abe6a7353 0.387s
2024-11-04 15:05:18.883 63563 INFO tempest.lib.common.rest_client [req-205a9c6e-5918-4255-b645-7b11c9fcf800 req-205a9c6e-5918-4255-b645-7b11c9fcf800 ] Request (ServicesAdminNegativeV253TestJSON:tearDownClass): 200 GET http://10.180.1.21:9696/networking/v2.0/security-groups?tenant_id=9f55bb608b80488186f3aeb28d088304&name=default 0.276s
2024-11-04 15:05:18.906 63521 INFO tempest.lib.common.rest_client [req-fff405bf-8666-4cb2-977c-3d17a85b74f3 req-fff405bf-8666-4cb2-977c-3d17a85b74f3 ] Request (ImagesTestJSON:test_create_image_from_stopped_server): 202 POST http://10.180.1.21/compute/v2.1/servers/f22e097d-f1a5-414a-82cc-ab455db876c7/action 0.554s
2024-11-04 15:05:18.957 63523 INFO tempest.lib.common.rest_client [req-54a0df9f-69e7-4dc2-981e-3b3d7444a3a4 req-54a0df9f-69e7-4dc2-981e-3b3d7444a3a4 ] Request (ServersTestFqdnHostnames:test_create_server_with_fqdn_name): 200 GET http://10.180.1.21/compute/v2.1/servers/f1001633-e4e5-4de1-8a6b-cf653e43d821 0.238s
2024-11-04 15:05:18.959 63563 INFO tempest.lib.common.rest_client [req-0e5380d7-144f-4840-b02c-eba4e0c78979 req-0e5380d7-144f-4840-b02c-eba4e0c78979 ] Request (ServicesAdminNegativeV253TestJSON:tearDownClass): 204 DELETE http://10.180.1.21:9696/networking/v2.0/security-groups/8685b990-7fcb-4cfb-84d8-5d2c7419dc02 0.075s
2024-11-04 15:05:18.995 63545 INFO tempest.lib.common.rest_client [req-e4d6efa2-3fb8-4daa-bfc8-bf68260109bd req-e4d6efa2-3fb8-4daa-bfc8-bf68260109bd ] Request (DeleteServersTestJSON:test_delete_server_while_in_shelved_state): 200 GET http://10.180.1.21/compute/v2.1/servers/8f609401-af09-4291-a1e7-a356fbc4aac9 0.273s
2024-11-04 15:05:19.005 63525 INFO tempest.lib.common.rest_client [req-fe4cc8ab-44e2-4431-bd23-468ba386244e req-fe4cc8ab-44e2-4431-bd23-468ba386244e ] Request (ListServerFiltersTestJSON:setUpClass): 200 GET http://10.180.1.21/compute/v2.1/servers/ea1c2d74-70b4-4547-a887-78e291c3082a 0.349s
2024-11-04 15:05:19.019 63519 WARNING tempest.lib.common.ssh [-] Failed to establish authenticated ssh connection to cirros@10.180.180.210 ([Errno None] Unable to connect to port 22 on 10.180.180.210). Number attempts: 2. Retry after 3 seconds.: paramiko.ssh_exception.NoValidConnectionsError: [Errno None] Unable to connect to port 22 on 10.180.180.210
2024-11-04 15:05:19.033 63563 INFO tempest.lib.common.rest_client [req-df2cfa08-496d-4546-adce-ffaa2a8fd47d req-df2cfa08-496d-4546-adce-ffaa2a8fd47d ] Request (ServicesAdminNegativeV253TestJSON:tearDownClass): 204 DELETE http://10.180.1.21/identity/v3/projects/9f55bb608b80488186f3aeb28d088304 0.074s
2024-11-04 15:05:19.033 63563 INFO tempest.lib.common.dynamic_creds [-] Deleting project and security group for project: 36631f98bb1344818dcd78dad4f97056
2024-11-04 15:05:19.060 63527 INFO tempest.lib.common.rest_client [req-8d18e430-5fe5-4fd0-8eea-9fcb026b5966 req-8d18e430-5fe5-4fd0-8eea-9fcb026b5966 ] Request (MigrationsAdminTest:test_resize_server_revert_deleted_flavor): 200 GET http://10.180.1.21/compute/v2.1/servers/f930ab49-c215-4b2e-92b1-21c0d52a70eb 0.273s
2024-11-04 15:05:19.108 63537 INFO tempest.lib.common.rest_client [req-c72b0292-1b1d-4620-8248-4f240d753e5d req-c72b0292-1b1d-4620-8248-4f240d753e5d ] Request (ImagesOneServerTestJSON:setUpClass): 200 GET http://10.180.1.21/compute/v2.1/servers/dd686727-fc33-4dc4-b386-aabec27cf215 0.367s
2024-11-04 15:05:19.120 63575 INFO tempest.lib.common.rest_client [req-368018e2-16ef-4ab8-9890-c594ba0a9469 req-368018e2-16ef-4ab8-9890-c594ba0a9469 ] Request (AttachInterfacesTestJSON:test_create_list_show_delete_interfaces_by_fixed_ip): 200 GET http://10.180.1.21/compute/v2.1/servers/9bee3e66-93b5-4c0f-bb46-8fbd78c312c0 0.273s
2024-11-04 15:05:19.154 63521 INFO tempest.lib.common.rest_client [req-59492742-0ce9-4b2f-8a8c-a571e313b9d0 req-59492742-0ce9-4b2f-8a8c-a571e313b9d0 ] Request (ImagesTestJSON:test_create_image_from_stopped_server): 200 GET http://10.180.1.21/compute/v2.1/images/7e38f3f1-4b65-4030-8b1a-af8f828b3d96 0.246s
2024-11-04 15:05:19.164 63569 INFO tempest.lib.common.rest_client [req-6b69e357-56ef-4013-8c33-d6956049c82c req-6b69e357-56ef-4013-8c33-d6956049c82c ] Request (ServerActionsTestJSON:setUpClass): 200 GET http://10.180.1.21/compute/v2.1/servers/59f32dd0-1faa-4059-9ef3-b177e8f4fa4c 0.264s
2024-11-04 15:05:19.205 63563 INFO tempest.lib.common.rest_client [req-03003ec6-cafa-4b06-9e13-3297cf6f740c req-03003ec6-cafa-4b06-9e13-3297cf6f740c ] Request (ServicesAdminNegativeV253TestJSON:tearDownClass): 200 GET http://10.180.1.21:9696/networking/v2.0/security-groups?tenant_id=36631f98bb1344818dcd78dad4f97056&name=default 0.171s
2024-11-04 15:05:19.249 63557 INFO tempest.lib.common.rest_client [req-838e9323-1317-498a-8dea-20b752e42828 req-838e9323-1317-498a-8dea-20b752e42828 ] Request (ServerGroupTestJSON:test_create_server_with_scheduler_hint_group): 200 GET http://10.180.1.21/compute/v2.1/servers/2c1ce021-255f-454d-ba0e-c85380f3e973 0.298s
2024-11-04 15:05:19.261 63555 INFO tempest.lib.common.rest_client [req-b5d3aa79-66e7-436e-8a57-4006289ab19a req-b5d3aa79-66e7-436e-8a57-4006289ab19a ] Request (FloatingIPsAssociationTestJSON:tearDownClass): 200 GET http://10.180.1.21/compute/v2.1/servers/9b6b4da7-4f86-46bc-a75f-fc5e1126c53b 0.350s
2024-11-04 15:05:19.328 63529 INFO tempest.lib.common.rest_client [req-57e3d1d4-707b-4475-b873-60432eebfdd0 req-57e3d1d4-707b-4475-b873-60432eebfdd0 ] Request (ServerRescueNegativeTestJSON:setUpClass): 200 GET http://10.180.1.21/compute/v2.1/servers/bdfdd685-e440-4f53-b6c4-2ee2f06acba8 0.255s
2024-11-04 15:05:19.333 63577 INFO tempest.lib.common.rest_client [req-2639110f-4e8d-4fa8-8c6b-460e36e59cb6 req-2639110f-4e8d-4fa8-8c6b-460e36e59cb6 ] Request (ServersNegativeTestMultiTenantJSON:tearDownClass): 200 GET http://10.180.1.21/compute/v2.1/servers/b49d3ddb-5f8e-4ca8-8a3c-773c51b98f14 0.323s
2024-11-04 15:05:19.363 63563 INFO tempest.lib.common.rest_client [req-d4bb5796-a2a6-40e4-a85a-558bd0f72391 req-d4bb5796-a2a6-40e4-a85a-558bd0f72391 ] Request (ServicesAdminNegativeV253TestJSON:tearDownClass): 204 DELETE http://10.180.1.21:9696/networking/v2.0/security-groups/b8fb610c-69aa-47c2-843b-3d0ebc9469b9 0.157s
2024-11-04 15:05:19.393 63543 INFO tempest.lib.common.rest_client [req-227803f9-ccb2-4c32-a069-9cd9628cab5b req-227803f9-ccb2-4c32-a069-9cd9628cab5b ] Request (ServersAdminTestJSON:test_inject_network_info): 200 GET http://10.180.1.21/compute/v2.1/servers/8a21e6a7-c34e-4af0-b1fd-8a501694614c 0.248s
2024-11-04 15:05:19.402 63543 INFO tempest.common.waiters [-] State transition "BUILD/None" ==> "BUILD/networking" after 44 second wait
2024-11-04 15:05:19.408 63561 WARNING tempest.lib.common.ssh [-] Failed to establish authenticated ssh connection to cirros@10.180.180.202 ([Errno None] Unable to connect to port 22 on 10.180.180.202). Number attempts: 5. Retry after 6 seconds.: paramiko.ssh_exception.NoValidConnectionsError: [Errno None] Unable to connect to port 22 on 10.180.180.202
2024-11-04 15:05:19.469 63535 INFO tempest.lib.common.rest_client [req-d5d0ee00-73b5-4ba6-ba8e-6c38f2777927 req-d5d0ee00-73b5-4ba6-ba8e-6c38f2777927 ] Request (ListImageFiltersTestJSON:setUpClass): 200 GET http://10.180.1.21/compute/v2.1/servers/cb004a19-0048-4766-af7c-0fbde867f422 0.055s
2024-11-04 15:05:19.493 63563 INFO tempest.lib.common.rest_client [req-0caa641f-008a-41a1-b9e9-000eb9b92f65 req-0caa641f-008a-41a1-b9e9-000eb9b92f65 ] Request (ServicesAdminNegativeV253TestJSON:tearDownClass): 204 DELETE http://10.180.1.21/identity/v3/projects/36631f98bb1344818dcd78dad4f97056 0.130s
2024-11-04 15:05:19.563 63563 INFO tempest.lib.common.rest_client [req-1a8ce84b-3485-47ea-835d-a5259ae65510 req-1a8ce84b-3485-47ea-835d-a5259ae65510 ] Request (FlavorsV2NegativeTest:setUpClass): 201 POST http://10.180.1.21/identity/v3/auth/tokens 0.068s
2024-11-04 15:05:19.603 63563 INFO tempest.lib.common.rest_client [req-60b7230b-9961-488f-a1f6-20d3baf86603 req-60b7230b-9961-488f-a1f6-20d3baf86603 ] Request (FlavorsV2NegativeTest:setUpClass): 201 POST http://10.180.1.21/identity/v3/auth/tokens 0.038s
2024-11-04 15:05:19.625 63563 INFO tempest.lib.common.rest_client [req-fb0940b6-ce6d-4cf9-bd08-58bd33f2b00a req-fb0940b6-ce6d-4cf9-bd08-58bd33f2b00a ] Request (FlavorsV2NegativeTest:setUpClass): 200 GET http://10.180.1.21/identity/v3/domains?name=Default 0.021s
2024-11-04 15:05:19.660 63563 INFO tempest.lib.common.rest_client [req-f1ea8861-7b55-4437-93f6-94d38d884321 req-f1ea8861-7b55-4437-93f6-94d38d884321 ] Request (FlavorsV2NegativeTest:setUpClass): 201 POST http://10.180.1.21/identity/v3/projects 0.034s
2024-11-04 15:05:19.726 63563 INFO tempest.lib.common.rest_client [req-17326156-1fe2-434c-a199-3848c4362d8a req-17326156-1fe2-434c-a199-3848c4362d8a ] Request (FlavorsV2NegativeTest:setUpClass): 201 POST http://10.180.1.21/identity/v3/users 0.065s
2024-11-04 15:05:19.742 63563 INFO tempest.lib.common.rest_client [req-5d17b9ce-a993-4266-97d1-5d26eaaabd86 req-5d17b9ce-a993-4266-97d1-5d26eaaabd86 ] Request (FlavorsV2NegativeTest:setUpClass): 200 GET http://10.180.1.21/identity/v3/roles 0.016s
2024-11-04 15:05:19.769 63563 INFO tempest.lib.common.rest_client [req-f171812c-ff8e-40fc-8fc0-d2b573d8a1bc req-f171812c-ff8e-40fc-8fc0-d2b573d8a1bc ] Request (FlavorsV2NegativeTest:setUpClass): 204 PUT http://10.180.1.21/identity/v3/projects/cd67b6577bdc44a98258b60e45e41742/users/d969be7829514f658b2ba5f55ffb1222/roles/b8fc5eb45d064836adfaf48a8353a475 0.026s
2024-11-04 15:05:19.770 63563 INFO tempest.lib.common.dynamic_creds [-] Dynamic test user d969be7829514f658b2ba5f55ffb1222 is created with scope project and roles: ['member']
2024-11-04 15:05:19.770 63563 INFO tempest.lib.common.dynamic_creds [-] Acquired dynamic creds: credentials: Credentials: {'domain_id': 'default', 'domain_name': 'Default', 'username': 'tempest-FlavorsV2NegativeTest-43589607-project-member', 'project_domain_id': 'default', 'project_domain_name': 'Default', 'project_id': 'cd67b6577bdc44a98258b60e45e41742', 'project_name': 'tempest-FlavorsV2NegativeTest-43589607', 'tenant_id': 'cd67b6577bdc44a98258b60e45e41742', 'tenant_name': 'tempest-FlavorsV2NegativeTest-43589607', 'user_domain_id': 'default', 'user_domain_name': 'Default', 'user_id': 'd969be7829514f658b2ba5f55ffb1222', 'system': None}, Network: None, Subnet: None, Router: None
2024-11-04 15:05:19.770 63563 INFO tempest.lib.common.dynamic_creds [-] Created isolated network resources for: credentials: Credentials: {'domain_id': 'default', 'domain_name': 'Default', 'username': 'tempest-FlavorsV2NegativeTest-43589607-project-member', 'project_domain_id': 'default', 'project_domain_name': 'Default', 'project_id': 'cd67b6577bdc44a98258b60e45e41742', 'project_name': 'tempest-FlavorsV2NegativeTest-43589607', 'tenant_id': 'cd67b6577bdc44a98258b60e45e41742', 'tenant_name': 'tempest-FlavorsV2NegativeTest-43589607', 'user_domain_id': 'default', 'user_domain_name': 'Default', 'user_id': 'd969be7829514f658b2ba5f55ffb1222', 'system': None}, Network: None, Subnet: None, Router: None
2024-11-04 15:05:19.839 63563 INFO tempest.lib.common.rest_client [req-5ca620ef-38e9-4ffe-8e13-cead091f89c0 req-5ca620ef-38e9-4ffe-8e13-cead091f89c0 ] Request (FlavorsV2NegativeTest:setUpClass): 201 POST http://10.180.1.21/identity/v3/auth/tokens 0.065s
2024-11-04 15:05:19.864 63571 INFO tempest.lib.common.rest_client [req-604aee62-0fa4-497c-96c8-b0025a7d0ed1 req-604aee62-0fa4-497c-96c8-b0025a7d0ed1 ] Request (ServersAdminNegativeTestJSON:tearDownClass): 200 GET http://10.180.1.21/compute/v2.1/servers/e9e2deb5-5bf9-4b57-832f-9928d3cda162 0.066s
2024-11-04 15:05:19.919 63563 INFO tempest.lib.common.rest_client [req-a3e6ab64-a8f2-407c-8b2b-3cbc60f02737 req-a3e6ab64-a8f2-407c-8b2b-3cbc60f02737 ] Request (FlavorsV2NegativeTest:test_boot_with_low_ram): 200 GET http://10.180.1.21/compute/v2.1/flavors/42 0.078s
2024-11-04 15:05:19.946 63551 INFO tempest.lib.common.rest_client [req-313c555f-e0c7-41db-8bb9-bfc72f55e3f1 req-313c555f-e0c7-41db-8bb9-bfc72f55e3f1 ] Request (InstanceActionsTestJSON:tearDownClass): 200 GET http://10.180.1.21/compute/v2.1/servers/78b78ae7-74fe-4403-be9b-229abe6a7353 0.070s
2024-11-04 15:05:20.016 63523 INFO tempest.lib.common.rest_client [req-c03d7252-57ef-4070-91b4-4c266bd43aa3 req-c03d7252-57ef-4070-91b4-4c266bd43aa3 ] Request (ServersTestFqdnHostnames:test_create_server_with_fqdn_name): 200 GET http://10.180.1.21/compute/v2.1/servers/f1001633-e4e5-4de1-8a6b-cf653e43d821 0.051s
2024-11-04 15:05:20.066 63545 INFO tempest.lib.common.rest_client [req-96748c37-b240-4cf5-ad5e-017da4516b83 req-96748c37-b240-4cf5-ad5e-017da4516b83 ] Request (DeleteServersTestJSON:test_delete_server_while_in_shelved_state): 200 GET http://10.180.1.21/compute/v2.1/servers/8f609401-af09-4291-a1e7-a356fbc4aac9 0.062s
2024-11-04 15:05:20.124 63527 INFO tempest.lib.common.rest_client [req-04e1171d-57f5-4252-a003-332712d8bb2b req-04e1171d-57f5-4252-a003-332712d8bb2b ] Request (MigrationsAdminTest:test_resize_server_revert_deleted_flavor): 200 GET http://10.180.1.21/compute/v2.1/servers/f930ab49-c215-4b2e-92b1-21c0d52a70eb 0.054s
2024-11-04 15:05:20.131 63525 INFO tempest.lib.common.rest_client [req-26db3adf-a4d6-4a44-a556-858f05d5b40b req-26db3adf-a4d6-4a44-a556-858f05d5b40b ] Request (ListServerFiltersTestJSON:setUpClass): 200 GET http://10.180.1.21/compute/v2.1/servers/ea1c2d74-70b4-4547-a887-78e291c3082a 0.118s
2024-11-04 15:05:20.191 63575 INFO tempest.lib.common.rest_client [req-0733d643-a0c1-4a08-948f-ff2d4c2a4924 req-0733d643-a0c1-4a08-948f-ff2d4c2a4924 ] Request (AttachInterfacesTestJSON:test_create_list_show_delete_interfaces_by_fixed_ip): 200 GET http://10.180.1.21/compute/v2.1/servers/9bee3e66-93b5-4c0f-bb46-8fbd78c312c0 0.063s
2024-11-04 15:05:20.223 63563 INFO tempest.lib.common.rest_client [req-ca9188cb-d45d-45b0-9b88-27e5c3c4f8b3 req-ca9188cb-d45d-45b0-9b88-27e5c3c4f8b3 ] Request (FlavorsV2NegativeTest:test_boot_with_low_ram): 201 POST http://10.180.1.21/image/v2/images 0.299s
2024-11-04 15:05:20.229 63521 INFO tempest.lib.common.rest_client [req-6980f585-75c9-41d8-97e7-addeb3f100ed req-6980f585-75c9-41d8-97e7-addeb3f100ed ] Request (ImagesTestJSON:test_create_image_from_stopped_server): 200 GET http://10.180.1.21/compute/v2.1/images/7e38f3f1-4b65-4030-8b1a-af8f828b3d96 0.070s
2024-11-04 15:05:20.241 63537 INFO tempest.lib.common.rest_client [req-ee6dab28-9abd-4c79-a371-e999bde6aace req-ee6dab28-9abd-4c79-a371-e999bde6aace ] Request (ImagesOneServerTestJSON:setUpClass): 200 GET http://10.180.1.21/compute/v2.1/servers/dd686727-fc33-4dc4-b386-aabec27cf215 0.124s
2024-11-04 15:05:20.286 63569 INFO tempest.lib.common.rest_client [req-8939a3ad-287a-4206-a529-a095f73cd455 req-8939a3ad-287a-4206-a529-a095f73cd455 ] Request (ServerActionsTestJSON:setUpClass): 200 GET http://10.180.1.21/compute/v2.1/servers/59f32dd0-1faa-4059-9ef3-b177e8f4fa4c 0.108s
2024-11-04 15:05:20.311 63557 INFO tempest.lib.common.rest_client [req-054ac598-4ba6-4308-ba6c-ca9ea8a14db2 req-054ac598-4ba6-4308-ba6c-ca9ea8a14db2 ] Request (ServerGroupTestJSON:test_create_server_with_scheduler_hint_group): 200 GET http://10.180.1.21/compute/v2.1/servers/2c1ce021-255f-454d-ba0e-c85380f3e973 0.052s
2024-11-04 15:05:20.352 63555 INFO tempest.lib.common.rest_client [req-37f6caaa-e99e-4846-947b-5d3d2c7a956c req-37f6caaa-e99e-4846-947b-5d3d2c7a956c ] Request (FloatingIPsAssociationTestJSON:tearDownClass): 200 GET http://10.180.1.21/compute/v2.1/servers/9b6b4da7-4f86-46bc-a75f-fc5e1126c53b 0.082s
2024-11-04 15:05:20.399 63529 INFO tempest.lib.common.rest_client [req-f7aa1091-0f0e-495f-975d-480e1f42469f req-f7aa1091-0f0e-495f-975d-480e1f42469f ] Request (ServerRescueNegativeTestJSON:setUpClass): 200 GET http://10.180.1.21/compute/v2.1/servers/bdfdd685-e440-4f53-b6c4-2ee2f06acba8 0.062s
2024-11-04 15:05:20.412 63577 INFO tempest.lib.common.rest_client [req-228bf1fa-68b5-4f29-a79c-1144e677bccf req-228bf1fa-68b5-4f29-a79c-1144e677bccf ] Request (ServersNegativeTestMultiTenantJSON:tearDownClass): 200 GET http://10.180.1.21/compute/v2.1/servers/b49d3ddb-5f8e-4ca8-8a3c-773c51b98f14 0.066s
2024-11-04 15:05:20.421 63559 WARNING tempest.lib.common.ssh [-] Failed to establish authenticated ssh connection to cirros@10.180.180.234 ([Errno None] Unable to connect to port 22 on 10.180.180.234). Number attempts: 10. Retry after 11 seconds.: paramiko.ssh_exception.NoValidConnectionsError: [Errno None] Unable to connect to port 22 on 10.180.180.234
2024-11-04 15:05:20.532 63535 INFO tempest.lib.common.rest_client [req-9ec0684c-8dc0-45bc-9fc9-eeebb9bb65f8 req-9ec0684c-8dc0-45bc-9fc9-eeebb9bb65f8 ] Request (ListImageFiltersTestJSON:setUpClass): 200 GET http://10.180.1.21/compute/v2.1/servers/cb004a19-0048-4766-af7c-0fbde867f422 0.055s
2024-11-04 15:05:20.548 63543 INFO tempest.lib.common.rest_client [req-9991cea8-71d5-4dfd-bb5a-b1d8537a7a55 req-9991cea8-71d5-4dfd-bb5a-b1d8537a7a55 ] Request (ServersAdminTestJSON:test_inject_network_info): 200 GET http://10.180.1.21/compute/v2.1/servers/8a21e6a7-c34e-4af0-b1fd-8a501694614c 0.145s
2024-11-04 15:05:20.557 63543 INFO tempest.common.waiters [-] State transition "BUILD/networking" ==> "BUILD/spawning" after 45 second wait
2024-11-04 15:05:20.761 63563 INFO tempest.lib.common.rest_client [req-7e4c6642-a445-485b-8bc4-7526fcf1f7ad req-7e4c6642-a445-485b-8bc4-7526fcf1f7ad ] Request (FlavorsV2NegativeTest:test_boot_with_low_ram): 204 PUT http://10.180.1.21/image/v2/images/c33966b6-c7a5-469f-95ce-da417f5b28f7/file 0.538s
2024-11-04 15:05:20.795 63563 INFO tempest.lib.common.rest_client [req-c85b9366-346b-444d-9ee1-7aed75066f02 req-c85b9366-346b-444d-9ee1-7aed75066f02 ] Request (FlavorsV2NegativeTest:test_boot_with_low_ram): 201 POST http://10.180.1.21/identity/v3/auth/tokens 0.028s
2024-11-04 15:05:20.796 63563 INFO tempest.lib.common.fixed_network [-] (FlavorsV2NegativeTest:test_boot_with_low_ram) Found network None available for tenant
2024-11-04 15:05:20.928 63563 INFO tempest.lib.common.rest_client [req-6e512e86-a49b-4d8d-9891-78bdbfbbee9d req-6e512e86-a49b-4d8d-9891-78bdbfbbee9d ] Request (FlavorsV2NegativeTest:test_boot_with_low_ram): 400 POST http://10.180.1.21/compute/v2.1/servers 0.131s
2024-11-04 15:05:20.935 63571 INFO tempest.lib.common.rest_client [req-f6967d24-0032-4824-bc55-25af0a67e21e req-f6967d24-0032-4824-bc55-25af0a67e21e ] Request (ServersAdminNegativeTestJSON:tearDownClass): 200 GET http://10.180.1.21/compute/v2.1/servers/e9e2deb5-5bf9-4b57-832f-9928d3cda162 0.064s
2024-11-04 15:05:20.980 63563 INFO tempest.lib.common.rest_client [req-f888e975-3ca3-4ce4-ad3a-2cd9cd87c3e9 req-f888e975-3ca3-4ce4-ad3a-2cd9cd87c3e9 ] Request (FlavorsV2NegativeTest:_run_cleanups): 204 DELETE http://10.180.1.21/image/v2/images/c33966b6-c7a5-469f-95ce-da417f5b28f7 0.052s
2024-11-04 15:05:21.024 63551 INFO tempest.lib.common.rest_client [req-2101bc55-54f9-4c41-a9d7-d471ad4f4319 req-2101bc55-54f9-4c41-a9d7-d471ad4f4319 ] Request (InstanceActionsTestJSON:tearDownClass): 200 GET http://10.180.1.21/compute/v2.1/servers/78b78ae7-74fe-4403-be9b-229abe6a7353 0.070s
2024-11-04 15:05:21.080 63523 INFO tempest.lib.common.rest_client [req-b8e048ef-14ae-4679-a06f-381dad1c7704 req-b8e048ef-14ae-4679-a06f-381dad1c7704 ] Request (ServersTestFqdnHostnames:test_create_server_with_fqdn_name): 200 GET http://10.180.1.21/compute/v2.1/servers/f1001633-e4e5-4de1-8a6b-cf653e43d821 0.055s
2024-11-04 15:05:21.106 63563 INFO tempest.lib.common.rest_client [req-f07621ee-bdb0-45db-b17b-6fa124c8c9fe req-f07621ee-bdb0-45db-b17b-6fa124c8c9fe ] Request (FlavorsV2NegativeTest:tearDownClass): 204 DELETE http://10.180.1.21/identity/v3/users/d969be7829514f658b2ba5f55ffb1222 0.125s
2024-11-04 15:05:21.106 63563 INFO tempest.lib.common.dynamic_creds [-] Deleting project and security group for project: cd67b6577bdc44a98258b60e45e41742
2024-11-04 15:05:21.148 63545 INFO tempest.lib.common.rest_client [req-aa217e91-6f47-42d6-a9f4-8d28bbf65410 req-aa217e91-6f47-42d6-a9f4-8d28bbf65410 ] Request (DeleteServersTestJSON:test_delete_server_while_in_shelved_state): 200 GET http://10.180.1.21/compute/v2.1/servers/8f609401-af09-4291-a1e7-a356fbc4aac9 0.074s
2024-11-04 15:05:21.188 63563 INFO tempest.lib.common.rest_client [req-8eaf4678-3109-4fa1-a980-b033ae8c6b70 req-8eaf4678-3109-4fa1-a980-b033ae8c6b70 ] Request (FlavorsV2NegativeTest:tearDownClass): 201 POST http://10.180.1.21/identity/v3/auth/tokens 0.081s
2024-11-04 15:05:21.201 63527 INFO tempest.lib.common.rest_client [req-f9e2bd73-7e2a-429c-94eb-c54b1b45fe05 req-f9e2bd73-7e2a-429c-94eb-c54b1b45fe05 ] Request (MigrationsAdminTest:test_resize_server_revert_deleted_flavor): 200 GET http://10.180.1.21/compute/v2.1/servers/f930ab49-c215-4b2e-92b1-21c0d52a70eb 0.070s
2024-11-04 15:05:21.208 63527 INFO tempest.common.waiters [-] State transition "BUILD/scheduling" ==> "BUILD/None" after 13 second wait
2024-11-04 15:05:21.284 63575 INFO tempest.lib.common.rest_client [req-5bded8e4-efb9-438e-a5cd-0c3f8467fc60 req-5bded8e4-efb9-438e-a5cd-0c3f8467fc60 ] Request (AttachInterfacesTestJSON:test_create_list_show_delete_interfaces_by_fixed_ip): 200 GET http://10.180.1.21/compute/v2.1/servers/9bee3e66-93b5-4c0f-bb46-8fbd78c312c0 0.081s
2024-11-04 15:05:21.304 63525 INFO tempest.lib.common.rest_client [req-aa79399a-e7be-4b82-86cd-d48b128d2f80 req-aa79399a-e7be-4b82-86cd-d48b128d2f80 ] Request (ListServerFiltersTestJSON:setUpClass): 200 GET http://10.180.1.21/compute/v2.1/servers/ea1c2d74-70b4-4547-a887-78e291c3082a 0.163s
2024-11-04 15:05:21.328 63521 INFO tempest.lib.common.rest_client [req-5d15b3dd-2c4d-4c5d-8f55-47be8f24bcf6 req-5d15b3dd-2c4d-4c5d-8f55-47be8f24bcf6 ] Request (ImagesTestJSON:test_create_image_from_stopped_server): 200 GET http://10.180.1.21/compute/v2.1/images/7e38f3f1-4b65-4030-8b1a-af8f828b3d96 0.095s
2024-11-04 15:05:21.372 63531 WARNING tempest.lib.common.ssh [-] Failed to establish authenticated ssh connection to cirros@10.180.180.135 ([Errno None] Unable to connect to port 22 on 10.180.180.135). Number attempts: 6. Retry after 7 seconds.: paramiko.ssh_exception.NoValidConnectionsError: [Errno None] Unable to connect to port 22 on 10.180.180.135
2024-11-04 15:05:21.415 63569 INFO tempest.lib.common.rest_client [req-244e9158-919b-4bb8-9356-32f75d88ef28 req-244e9158-919b-4bb8-9356-32f75d88ef28 ] Request (ServerActionsTestJSON:setUpClass): 200 GET http://10.180.1.21/compute/v2.1/servers/59f32dd0-1faa-4059-9ef3-b177e8f4fa4c 0.121s
2024-11-04 15:05:21.502 63557 INFO tempest.lib.common.rest_client [req-4789421d-01f6-4ff9-8f92-15b745fc0f78 req-4789421d-01f6-4ff9-8f92-15b745fc0f78 ] Request (ServerGroupTestJSON:test_create_server_with_scheduler_hint_group): 200 GET http://10.180.1.21/compute/v2.1/servers/2c1ce021-255f-454d-ba0e-c85380f3e973 0.181s
2024-11-04 15:05:21.522 63537 INFO tempest.lib.common.rest_client [req-3ed32f8c-4bb2-4bf1-be4a-76bf36b073dd req-3ed32f8c-4bb2-4bf1-be4a-76bf36b073dd ] Request (ImagesOneServerTestJSON:setUpClass): 200 GET http://10.180.1.21/compute/v2.1/servers/dd686727-fc33-4dc4-b386-aabec27cf215 0.274s
2024-11-04 15:05:21.526 63563 INFO tempest.lib.common.rest_client [req-5bac1792-0fa4-4540-84cb-2753699daade req-5bac1792-0fa4-4540-84cb-2753699daade ] Request (FlavorsV2NegativeTest:tearDownClass): 200 GET http://10.180.1.21:9696/networking/v2.0/security-groups?tenant_id=cd67b6577bdc44a98258b60e45e41742&name=default 0.337s
2024-11-04 15:05:21.528 63537 INFO tempest.common.waiters [-] State transition "BUILD/spawning" ==> "ACTIVE/None" after 50 second wait
2024-11-04 15:05:21.534 63555 INFO tempest.lib.common.rest_client [req-32dfea5f-da11-44df-8fb2-0b5878a93e79 req-32dfea5f-da11-44df-8fb2-0b5878a93e79 ] Request (FloatingIPsAssociationTestJSON:tearDownClass): 404 GET http://10.180.1.21/compute/v2.1/servers/9b6b4da7-4f86-46bc-a75f-fc5e1126c53b 0.174s
2024-11-04 15:05:21.594 63529 INFO tempest.lib.common.rest_client [req-c2dfeee0-432e-4a12-aed9-6e1bff0e8e28 req-c2dfeee0-432e-4a12-aed9-6e1bff0e8e28 ] Request (ServerRescueNegativeTestJSON:setUpClass): 200 GET http://10.180.1.21/compute/v2.1/servers/bdfdd685-e440-4f53-b6c4-2ee2f06acba8 0.187s
2024-11-04 15:05:21.626 63577 INFO tempest.lib.common.rest_client [req-75213009-07b9-4898-adaf-22fa09783030 req-75213009-07b9-4898-adaf-22fa09783030 ] Request (ServersNegativeTestMultiTenantJSON:tearDownClass): 200 GET http://10.180.1.21/compute/v2.1/servers/b49d3ddb-5f8e-4ca8-8a3c-773c51b98f14 0.207s
2024-11-04 15:05:21.707 63535 INFO tempest.lib.common.rest_client [req-38c5a793-e5c0-487f-9cce-a280b184f9d2 req-38c5a793-e5c0-487f-9cce-a280b184f9d2 ] Request (ListImageFiltersTestJSON:setUpClass): 200 GET http://10.180.1.21/compute/v2.1/servers/cb004a19-0048-4766-af7c-0fbde867f422 0.168s
2024-11-04 15:05:21.789 63563 INFO tempest.lib.common.rest_client [req-711630ea-b966-4e59-b382-fb6deee125e4 req-711630ea-b966-4e59-b382-fb6deee125e4 ] Request (FlavorsV2NegativeTest:tearDownClass): 204 DELETE http://10.180.1.21:9696/networking/v2.0/security-groups/ff506b32-9f83-4f8a-901e-5093fa5af1c8 0.262s
2024-11-04 15:05:21.858 63543 INFO tempest.lib.common.rest_client [req-fd4968ee-00f4-404d-877d-fe8605e96882 req-fd4968ee-00f4-404d-877d-fe8605e96882 ] Request (ServersAdminTestJSON:test_inject_network_info): 200 GET http://10.180.1.21/compute/v2.1/servers/8a21e6a7-c34e-4af0-b1fd-8a501694614c 0.300s
2024-11-04 15:05:21.890 63563 INFO tempest.lib.common.rest_client [req-baeb6ddb-9675-4c5c-9692-7ce5e0f9dad7 req-baeb6ddb-9675-4c5c-9692-7ce5e0f9dad7 ] Request (FlavorsV2NegativeTest:tearDownClass): 204 DELETE http://10.180.1.21/identity/v3/projects/cd67b6577bdc44a98258b60e45e41742 0.101s
2024-11-04 15:05:21.961 63563 INFO tempest.lib.common.rest_client [req-d8e01a14-00d9-4916-9458-6f56415ed49b req-d8e01a14-00d9-4916-9458-6f56415ed49b ] Request (ImagesDeleteNegativeTestJSON:setUpClass): 201 POST http://10.180.1.21/identity/v3/auth/tokens 0.068s
2024-11-04 15:05:21.998 63563 INFO tempest.lib.common.rest_client [req-580da215-e7c2-4dae-b1d2-4d94c27ba053 req-580da215-e7c2-4dae-b1d2-4d94c27ba053 ] Request (ImagesDeleteNegativeTestJSON:setUpClass): 201 POST http://10.180.1.21/identity/v3/auth/tokens 0.035s
2024-11-04 15:05:22.022 63563 INFO tempest.lib.common.rest_client [req-0476c247-cbbe-430a-a025-7f4fda9ed8ff req-0476c247-cbbe-430a-a025-7f4fda9ed8ff ] Request (ImagesDeleteNegativeTestJSON:setUpClass): 200 GET http://10.180.1.21/identity/v3/domains?name=Default 0.024s
2024-11-04 15:05:22.032 63571 INFO tempest.lib.common.rest_client [req-655c39d5-fec1-47ba-b93e-f66772783496 req-655c39d5-fec1-47ba-b93e-f66772783496 ] Request (ServersAdminNegativeTestJSON:tearDownClass): 200 GET http://10.180.1.21/compute/v2.1/servers/e9e2deb5-5bf9-4b57-832f-9928d3cda162 0.090s
2024-11-04 15:05:22.060 63563 INFO tempest.lib.common.rest_client [req-a2996144-f551-4340-a1a3-6eea313f26be req-a2996144-f551-4340-a1a3-6eea313f26be ] Request (ImagesDeleteNegativeTestJSON:setUpClass): 201 POST http://10.180.1.21/identity/v3/projects 0.037s
2024-11-04 15:05:22.102 63551 INFO tempest.lib.common.rest_client [req-f0cd6631-676e-414b-bf58-726c606e4740 req-f0cd6631-676e-414b-bf58-726c606e4740 ] Request (InstanceActionsTestJSON:tearDownClass): 200 GET http://10.180.1.21/compute/v2.1/servers/78b78ae7-74fe-4403-be9b-229abe6a7353 0.070s
2024-11-04 15:05:22.106 63537 INFO tempest.lib.common.rest_client [req-12cec99c-f9d6-4ca4-9c0a-cf8052153512 req-12cec99c-f9d6-4ca4-9c0a-cf8052153512 ] Request (ImagesOneServerTestJSON:test_create_delete_image): 202 POST http://10.180.1.21/compute/v2.1/servers/dd686727-fc33-4dc4-b386-aabec27cf215/action 0.577s
2024-11-04 15:05:22.133 63563 INFO tempest.lib.common.rest_client [req-547f0cf9-b196-46d4-8d39-7e7d86d61171 req-547f0cf9-b196-46d4-8d39-7e7d86d61171 ] Request (ImagesDeleteNegativeTestJSON:setUpClass): 201 POST http://10.180.1.21/identity/v3/users 0.073s
2024-11-04 15:05:22.148 63537 INFO tempest.lib.common.rest_client [req-36cf0a28-726d-4759-bbbb-16c9283f482e req-36cf0a28-726d-4759-bbbb-16c9283f482e ] Request (ImagesOneServerTestJSON:test_create_delete_image): 200 GET http://10.180.1.21/compute/v2.1/images/e2653038-5e10-426c-af6a-90f08b37f43d 0.040s
2024-11-04 15:05:22.156 63563 INFO tempest.lib.common.rest_client [req-78646c2b-4c9f-4d42-819a-3cc353c9840d req-78646c2b-4c9f-4d42-819a-3cc353c9840d ] Request (ImagesDeleteNegativeTestJSON:setUpClass): 200 GET http://10.180.1.21/identity/v3/roles 0.022s
2024-11-04 15:05:22.172 63523 INFO tempest.lib.common.rest_client [req-5b8e0f31-abdb-4277-9cdc-5c60cc24900c req-5b8e0f31-abdb-4277-9cdc-5c60cc24900c ] Request (ServersTestFqdnHostnames:test_create_server_with_fqdn_name): 200 GET http://10.180.1.21/compute/v2.1/servers/f1001633-e4e5-4de1-8a6b-cf653e43d821 0.082s
2024-11-04 15:05:22.196 63563 INFO tempest.lib.common.rest_client [req-9d20e333-d26f-4958-8022-a16390b8d109 req-9d20e333-d26f-4958-8022-a16390b8d109 ] Request (ImagesDeleteNegativeTestJSON:setUpClass): 204 PUT http://10.180.1.21/identity/v3/projects/7d414c79833b47a692e14ba5ce9af145/users/ddf13d51b5ca4fa39da64cd2b6d42d88/roles/b8fc5eb45d064836adfaf48a8353a475 0.040s
2024-11-04 15:05:22.197 63563 INFO tempest.lib.common.dynamic_creds [-] Dynamic test user ddf13d51b5ca4fa39da64cd2b6d42d88 is created with scope project and roles: ['member']
2024-11-04 15:05:22.197 63563 INFO tempest.lib.common.dynamic_creds [-] Acquired dynamic creds: credentials: Credentials: {'domain_id': 'default', 'domain_name': 'Default', 'username': 'tempest-ImagesDeleteNegativeTestJSON-678781423-project-member', 'project_domain_id': 'default', 'project_domain_name': 'Default', 'project_id': '7d414c79833b47a692e14ba5ce9af145', 'project_name': 'tempest-ImagesDeleteNegativeTestJSON-678781423', 'tenant_id': '7d414c79833b47a692e14ba5ce9af145', 'tenant_name': 'tempest-ImagesDeleteNegativeTestJSON-678781423', 'user_domain_id': 'default', 'user_domain_name': 'Default', 'user_id': 'ddf13d51b5ca4fa39da64cd2b6d42d88', 'system': None}, Network: None, Subnet: None, Router: None
2024-11-04 15:05:22.197 63563 INFO tempest.lib.common.dynamic_creds [-] Created isolated network resources for: credentials: Credentials: {'domain_id': 'default', 'domain_name': 'Default', 'username': 'tempest-ImagesDeleteNegativeTestJSON-678781423-project-member', 'project_domain_id': 'default', 'project_domain_name': 'Default', 'project_id': '7d414c79833b47a692e14ba5ce9af145', 'project_name': 'tempest-ImagesDeleteNegativeTestJSON-678781423', 'tenant_id': '7d414c79833b47a692e14ba5ce9af145', 'tenant_name': 'tempest-ImagesDeleteNegativeTestJSON-678781423', 'user_domain_id': 'default', 'user_domain_name': 'Default', 'user_id': 'ddf13d51b5ca4fa39da64cd2b6d42d88', 'system': None}, Network: None, Subnet: None, Router: None
2024-11-04 15:05:22.236 63545 INFO tempest.lib.common.rest_client [req-f9edc49f-f919-4c3d-8b39-f4e45fa7b03a req-f9edc49f-f919-4c3d-8b39-f4e45fa7b03a ] Request (DeleteServersTestJSON:test_delete_server_while_in_shelved_state): 200 GET http://10.180.1.21/compute/v2.1/servers/8f609401-af09-4291-a1e7-a356fbc4aac9 0.078s
2024-11-04 15:05:22.288 63527 INFO tempest.lib.common.rest_client [req-0fc82114-6421-4f02-ae07-fe7d060ce7fa req-0fc82114-6421-4f02-ae07-fe7d060ce7fa ] Request (MigrationsAdminTest:test_resize_server_revert_deleted_flavor): 200 GET http://10.180.1.21/compute/v2.1/servers/f930ab49-c215-4b2e-92b1-21c0d52a70eb 0.080s
2024-11-04 15:05:22.294 63563 INFO tempest.lib.common.rest_client [req-fa306fa0-5aef-4dee-a957-12631f01acc5 req-fa306fa0-5aef-4dee-a957-12631f01acc5 ] Request (ImagesDeleteNegativeTestJSON:setUpClass): 201 POST http://10.180.1.21/identity/v3/auth/tokens 0.094s
2024-11-04 15:05:22.380 63563 INFO tempest.lib.common.rest_client [req-8264ef5e-b60c-40d5-a310-876c4a233010 req-8264ef5e-b60c-40d5-a310-876c4a233010 ] Request (ImagesDeleteNegativeTestJSON:test_delete_image_blank_id): 404 DELETE http://10.180.1.21/compute/v2.1/images/ 0.083s
2024-11-04 15:05:22.390 63575 INFO tempest.lib.common.rest_client [req-68648c98-1824-4863-a280-d554c5cfa58c req-68648c98-1824-4863-a280-d554c5cfa58c ] Request (AttachInterfacesTestJSON:test_create_list_show_delete_interfaces_by_fixed_ip): 200 GET http://10.180.1.21/compute/v2.1/servers/9bee3e66-93b5-4c0f-bb46-8fbd78c312c0 0.089s
2024-11-04 15:05:22.424 63521 INFO tempest.lib.common.rest_client [req-cfad2e32-da33-4e86-a1e8-cece66c61b42 req-cfad2e32-da33-4e86-a1e8-cece66c61b42 ] Request (ImagesTestJSON:test_create_image_from_stopped_server): 200 GET http://10.180.1.21/compute/v2.1/images/7e38f3f1-4b65-4030-8b1a-af8f828b3d96 0.091s
2024-11-04 15:05:22.440 63563 INFO tempest.lib.common.rest_client [req-48e208d4-0c8d-42ec-9a49-d990504e96c7 req-48e208d4-0c8d-42ec-9a49-d990504e96c7 ] Request (ImagesDeleteNegativeTestJSON:test_delete_image_negative_image_id): 404 DELETE http://10.180.1.21/compute/v2.1/images/-1 0.055s
2024-11-04 15:05:22.500 63569 INFO tempest.lib.common.rest_client [req-9b62868a-2084-4549-8847-c2a438da0ff7 req-9b62868a-2084-4549-8847-c2a438da0ff7 ] Request (ServerActionsTestJSON:setUpClass): 200 GET http://10.180.1.21/compute/v2.1/servers/59f32dd0-1faa-4059-9ef3-b177e8f4fa4c 0.069s
2024-11-04 15:05:22.520 63563 INFO tempest.lib.common.rest_client [req-625df67e-69ad-4bab-8288-625b850f492a req-625df67e-69ad-4bab-8288-625b850f492a ] Request (ImagesDeleteNegativeTestJSON:test_delete_image_non_hex_string_id): 404 DELETE http://10.180.1.21/compute/v2.1/images/3b8c3fb2-5dd8-4d44-862e-ac3637e589bj 0.077s
2024-11-04 15:05:22.536 63525 INFO tempest.lib.common.rest_client [req-3ca787bf-f68a-44f6-8f3f-12c98d083d32 req-3ca787bf-f68a-44f6-8f3f-12c98d083d32 ] Request (ListServerFiltersTestJSON:setUpClass): 200 GET http://10.180.1.21/compute/v2.1/servers/ea1c2d74-70b4-4547-a887-78e291c3082a 0.222s
2024-11-04 15:05:22.559 63563 INFO tempest.lib.common.rest_client [req-74767361-f35c-482b-9928-47ec1e354a1e req-74767361-f35c-482b-9928-47ec1e354a1e ] Request (ImagesDeleteNegativeTestJSON:test_delete_image_with_id_over_character_limit): 404 DELETE http://10.180.1.21/compute/v2.1/images/74cd7dca-f979-4db2-bebb-d945c41023e11 0.038s
2024-11-04 15:05:22.575 63557 INFO tempest.lib.common.rest_client [req-7f259d03-fb73-42ab-aa47-01d0e210358b req-7f259d03-fb73-42ab-aa47-01d0e210358b ] Request (ServerGroupTestJSON:test_create_server_with_scheduler_hint_group): 200 GET http://10.180.1.21/compute/v2.1/servers/2c1ce021-255f-454d-ba0e-c85380f3e973 0.065s
2024-11-04 15:05:22.585 63563 INFO tempest.lib.common.rest_client [req-0413ee10-25a8-4c40-9a00-84d2e62f3365 req-0413ee10-25a8-4c40-9a00-84d2e62f3365 ] Request (ImagesDeleteNegativeTestJSON:test_delete_image_with_invalid_image_id): 404 DELETE http://10.180.1.21/compute/v2.1/images/tempest-invalid-1605394963 0.025s
2024-11-04 15:05:22.604 63541 WARNING tempest.lib.common.ssh [-] Failed to establish authenticated ssh connection to cirros@10.180.180.254 ([Errno None] Unable to connect to port 22 on 10.180.180.254). Number attempts: 10. Retry after 11 seconds.: paramiko.ssh_exception.NoValidConnectionsError: [Errno None] Unable to connect to port 22 on 10.180.180.254
2024-11-04 15:05:22.609 63555 INFO tempest.lib.common.rest_client [req-a8f927ba-e9f7-4459-88c3-bf0df06df1b0 req-a8f927ba-e9f7-4459-88c3-bf0df06df1b0 ] Request (FloatingIPsAssociationTestJSON:tearDownClass): 200 PUT http://10.180.1.21:9696/networking/v2.0/routers/7d9eb66c-46ca-4916-a858-848db0d98f62/remove_router_interface 1.074s
2024-11-04 15:05:22.610 63563 INFO tempest.lib.common.rest_client [req-30c5803c-535c-4bc5-89ab-c8941970250c req-30c5803c-535c-4bc5-89ab-c8941970250c ] Request (ImagesDeleteNegativeTestJSON:test_delete_non_existent_image): 404 DELETE http://10.180.1.21/compute/v2.1/images/ee6b3210-ed35-46d2-9109-6db8c7f90d19 0.024s
2024-11-04 15:05:22.663 63529 INFO tempest.lib.common.rest_client [req-dbf7abae-5220-4564-bdfe-07b3026cbc56 req-dbf7abae-5220-4564-bdfe-07b3026cbc56 ] Request (ServerRescueNegativeTestJSON:setUpClass): 200 GET http://10.180.1.21/compute/v2.1/servers/bdfdd685-e440-4f53-b6c4-2ee2f06acba8 0.061s
2024-11-04 15:05:22.714 63577 INFO tempest.lib.common.rest_client [req-58bad847-254e-4936-bd0b-4b26b7f4167a req-58bad847-254e-4936-bd0b-4b26b7f4167a ] Request (ServersNegativeTestMultiTenantJSON:tearDownClass): 200 GET http://10.180.1.21/compute/v2.1/servers/b49d3ddb-5f8e-4ca8-8a3c-773c51b98f14 0.081s
2024-11-04 15:05:22.735 63563 INFO tempest.lib.common.rest_client [req-50baee4a-414d-48d0-b688-8eb99625a41d req-50baee4a-414d-48d0-b688-8eb99625a41d ] Request (ImagesDeleteNegativeTestJSON:tearDownClass): 204 DELETE http://10.180.1.21/identity/v3/users/ddf13d51b5ca4fa39da64cd2b6d42d88 0.117s
2024-11-04 15:05:22.735 63563 INFO tempest.lib.common.dynamic_creds [-] Deleting project and security group for project: 7d414c79833b47a692e14ba5ce9af145
2024-11-04 15:05:22.781 63535 INFO tempest.lib.common.rest_client [req-f08f2220-8ad4-4d8c-a8e1-5ee269939e69 req-f08f2220-8ad4-4d8c-a8e1-5ee269939e69 ] Request (ListImageFiltersTestJSON:setUpClass): 200 GET http://10.180.1.21/compute/v2.1/servers/cb004a19-0048-4766-af7c-0fbde867f422 0.066s
2024-11-04 15:05:22.805 63563 INFO tempest.lib.common.rest_client [req-d5c0d7ec-0f47-4531-8c82-8df8cda00188 req-d5c0d7ec-0f47-4531-8c82-8df8cda00188 ] Request (ImagesDeleteNegativeTestJSON:tearDownClass): 201 POST http://10.180.1.21/identity/v3/auth/tokens 0.070s
2024-11-04 15:05:22.924 63565 WARNING tempest.lib.common.ssh [-] Failed to establish authenticated ssh connection to cirros@10.180.180.149 ([Errno None] Unable to connect to port 22 on 10.180.180.149). Number attempts: 6. Retry after 7 seconds.: paramiko.ssh_exception.NoValidConnectionsError: [Errno None] Unable to connect to port 22 on 10.180.180.149
2024-11-04 15:05:23.015 63543 INFO tempest.lib.common.rest_client [req-da0edd94-251d-4b2e-834a-534d844005da req-da0edd94-251d-4b2e-834a-534d844005da ] Request (ServersAdminTestJSON:test_inject_network_info): 200 GET http://10.180.1.21/compute/v2.1/servers/8a21e6a7-c34e-4af0-b1fd-8a501694614c 0.149s
2024-11-04 15:05:23.033 63563 INFO tempest.lib.common.rest_client [req-ded61538-4de4-4c7f-844e-be2587cbb592 req-ded61538-4de4-4c7f-844e-be2587cbb592 ] Request (ImagesDeleteNegativeTestJSON:tearDownClass): 200 GET http://10.180.1.21:9696/networking/v2.0/security-groups?tenant_id=7d414c79833b47a692e14ba5ce9af145&name=default 0.227s
2024-11-04 15:05:23.125 63571 INFO tempest.lib.common.rest_client [req-c7db3d2c-1dd0-476d-bed1-5df37df9e192 req-c7db3d2c-1dd0-476d-bed1-5df37df9e192 ] Request (ServersAdminNegativeTestJSON:tearDownClass): 200 GET http://10.180.1.21/compute/v2.1/servers/e9e2deb5-5bf9-4b57-832f-9928d3cda162 0.084s
2024-11-04 15:05:23.139 63563 INFO tempest.lib.common.rest_client [req-848e8ad7-400d-4ee8-9f05-02dd5603c693 req-848e8ad7-400d-4ee8-9f05-02dd5603c693 ] Request (ImagesDeleteNegativeTestJSON:tearDownClass): 204 DELETE http://10.180.1.21:9696/networking/v2.0/security-groups/172e2104-2574-4d4b-9985-cd659eb4053c 0.105s
2024-11-04 15:05:23.156 63555 INFO tempest.lib.common.rest_client [req-6784fb26-a93c-462b-866c-9b727c8ab08b req-6784fb26-a93c-462b-866c-9b727c8ab08b ] Request (FloatingIPsAssociationTestJSON:tearDownClass): 204 DELETE http://10.180.1.21:9696/networking/v2.0/routers/7d9eb66c-46ca-4916-a858-848db0d98f62 0.546s
2024-11-04 15:05:23.208 63551 INFO tempest.lib.common.rest_client [req-e8faa6b0-dc97-4d68-ac2c-25189f29f7b5 req-e8faa6b0-dc97-4d68-ac2c-25189f29f7b5 ] Request (InstanceActionsTestJSON:tearDownClass): 200 GET http://10.180.1.21/compute/v2.1/servers/78b78ae7-74fe-4403-be9b-229abe6a7353 0.099s
2024-11-04 15:05:23.212 63537 INFO tempest.lib.common.rest_client [req-959e36a7-b435-41e2-b29a-874759948596 req-959e36a7-b435-41e2-b29a-874759948596 ] Request (ImagesOneServerTestJSON:test_create_delete_image): 200 GET http://10.180.1.21/compute/v2.1/images/e2653038-5e10-426c-af6a-90f08b37f43d 0.060s
2024-11-04 15:05:23.247 63563 INFO tempest.lib.common.rest_client [req-2ba83af9-a313-4915-be74-fa7d222692cf req-2ba83af9-a313-4915-be74-fa7d222692cf ] Request (ImagesDeleteNegativeTestJSON:tearDownClass): 204 DELETE http://10.180.1.21/identity/v3/projects/7d414c79833b47a692e14ba5ce9af145 0.108s
2024-11-04 15:05:23.282 63523 INFO tempest.lib.common.rest_client [req-c5836235-31d8-4421-8c45-c789bc212d7e req-c5836235-31d8-4421-8c45-c789bc212d7e ] Request (ServersTestFqdnHostnames:test_create_server_with_fqdn_name): 200 GET http://10.180.1.21/compute/v2.1/servers/f1001633-e4e5-4de1-8a6b-cf653e43d821 0.097s
2024-11-04 15:05:23.314 63545 INFO tempest.lib.common.rest_client [req-8e01c902-0ecf-4f78-a993-79f22858c86a req-8e01c902-0ecf-4f78-a993-79f22858c86a ] Request (DeleteServersTestJSON:test_delete_server_while_in_shelved_state): 200 GET http://10.180.1.21/compute/v2.1/servers/8f609401-af09-4291-a1e7-a356fbc4aac9 0.069s
