2024-11-04 15:05:23.332 63555 INFO tempest.lib.common.rest_client [req-f36dab97-f539-4349-a994-aa581da42000 req-f36dab97-f539-4349-a994-aa581da42000 ] Request (FloatingIPsAssociationTestJSON:tearDownClass): 204 DELETE http://10.180.1.21:9696/networking/v2.0/subnets/b2057ed8-4d69-480b-b143-679a2854f019 0.175s
2024-11-04 15:05:23.355 63527 INFO tempest.lib.common.rest_client [req-69433b97-35c6-4da6-96d3-acb3bc5867f6 req-69433b97-35c6-4da6-96d3-acb3bc5867f6 ] Request (MigrationsAdminTest:test_resize_server_revert_deleted_flavor): 200 GET http://10.180.1.21/compute/v2.1/servers/f930ab49-c215-4b2e-92b1-21c0d52a70eb 0.060s
2024-11-04 15:05:23.474 63575 INFO tempest.lib.common.rest_client [req-5f0f4921-8e08-4689-9b18-550b3b0aad65 req-5f0f4921-8e08-4689-9b18-550b3b0aad65 ] Request (AttachInterfacesTestJSON:test_create_list_show_delete_interfaces_by_fixed_ip): 200 GET http://10.180.1.21/compute/v2.1/servers/9bee3e66-93b5-4c0f-bb46-8fbd78c312c0 0.077s
2024-11-04 15:05:23.491 63521 INFO tempest.lib.common.rest_client [req-08c247a1-0e6f-40f1-9c84-3f5c0a9357a5 req-08c247a1-0e6f-40f1-9c84-3f5c0a9357a5 ] Request (ImagesTestJSON:test_create_image_from_stopped_server): 200 GET http://10.180.1.21/compute/v2.1/images/7e38f3f1-4b65-4030-8b1a-af8f828b3d96 0.063s
2024-11-04 15:05:23.571 63569 INFO tempest.lib.common.rest_client [req-b337a1e8-9a81-49f8-bde6-9133d9b20737 req-b337a1e8-9a81-49f8-bde6-9133d9b20737 ] Request (ServerActionsTestJSON:setUpClass): 200 GET http://10.180.1.21/compute/v2.1/servers/59f32dd0-1faa-4059-9ef3-b177e8f4fa4c 0.059s
2024-11-04 15:05:23.641 63557 INFO tempest.lib.common.rest_client [req-8fc2ec96-cbd3-43cb-b82d-f68c86f0a5c2 req-8fc2ec96-cbd3-43cb-b82d-f68c86f0a5c2 ] Request (ServerGroupTestJSON:test_create_server_with_scheduler_hint_group): 200 GET http://10.180.1.21/compute/v2.1/servers/2c1ce021-255f-454d-ba0e-c85380f3e973 0.059s
2024-11-04 15:05:23.695 63525 INFO tempest.lib.common.rest_client [req-b6174d78-cd5c-4ca7-91fd-763c9ab563b5 req-b6174d78-cd5c-4ca7-91fd-763c9ab563b5 ] Request (ListServerFiltersTestJSON:setUpClass): 200 GET http://10.180.1.21/compute/v2.1/servers/ea1c2d74-70b4-4547-a887-78e291c3082a 0.149s
2024-11-04 15:05:23.722 63529 INFO tempest.lib.common.rest_client [req-f763589a-3aa1-40f1-98d0-310d050bf945 req-f763589a-3aa1-40f1-98d0-310d050bf945 ] Request (ServerRescueNegativeTestJSON:setUpClass): 200 GET http://10.180.1.21/compute/v2.1/servers/bdfdd685-e440-4f53-b6c4-2ee2f06acba8 0.050s
2024-11-04 15:05:23.744 63555 INFO tempest.lib.common.rest_client [req-2aa6816a-7da7-4ded-81fe-62c382667b9b req-2aa6816a-7da7-4ded-81fe-62c382667b9b ] Request (FloatingIPsAssociationTestJSON:tearDownClass): 204 DELETE http://10.180.1.21:9696/networking/v2.0/networks/4b7af29e-cc4a-4765-8d05-6adf88573ad3 0.411s
2024-11-04 15:05:23.794 63577 INFO tempest.lib.common.rest_client [req-b1f4be18-18ba-4003-b59f-b25535eb0210 req-b1f4be18-18ba-4003-b59f-b25535eb0210 ] Request (ServersNegativeTestMultiTenantJSON:tearDownClass): 200 GET http://10.180.1.21/compute/v2.1/servers/b49d3ddb-5f8e-4ca8-8a3c-773c51b98f14 0.068s
2024-11-04 15:05:23.844 63535 INFO tempest.lib.common.rest_client [req-82486282-6f26-4dfc-abc3-1b0a35a56553 req-82486282-6f26-4dfc-abc3-1b0a35a56553 ] Request (ListImageFiltersTestJSON:setUpClass): 200 GET http://10.180.1.21/compute/v2.1/servers/cb004a19-0048-4766-af7c-0fbde867f422 0.056s
2024-11-04 15:05:23.860 63555 INFO tempest.lib.common.rest_client [req-8f00676f-ee58-40f7-b029-6e6b8010c901 req-8f00676f-ee58-40f7-b029-6e6b8010c901 ] Request (FloatingIPsAssociationTestJSON:tearDownClass): 204 DELETE http://10.180.1.21/identity/v3/users/74b99d5453e243ada5c84c82947dcba7 0.116s
2024-11-04 15:05:23.860 63555 INFO tempest.lib.common.dynamic_creds [-] Deleting project and security group for project: 00c674bbf1e945ba946d844f9856fdfc
2024-11-04 15:05:23.891 63555 INFO tempest.lib.common.rest_client [req-801de372-f506-431a-a6d0-4286f814c662 req-801de372-f506-431a-a6d0-4286f814c662 ] Request (FloatingIPsAssociationTestJSON:tearDownClass): 200 GET http://10.180.1.21:9696/networking/v2.0/security-groups?tenant_id=00c674bbf1e945ba946d844f9856fdfc&name=default 0.030s
2024-11-04 15:05:23.990 63555 INFO tempest.lib.common.rest_client [req-810c4691-b612-4ae3-933d-a86a105f9f5c req-810c4691-b612-4ae3-933d-a86a105f9f5c ] Request (FloatingIPsAssociationTestJSON:tearDownClass): 204 DELETE http://10.180.1.21:9696/networking/v2.0/security-groups/72821947-07fb-414b-988f-f8511f025017 0.098s
2024-11-04 15:05:24.092 63555 INFO tempest.lib.common.rest_client [req-4f3f56ae-f117-4c4d-bdf2-a07bed41b556 req-4f3f56ae-f117-4c4d-bdf2-a07bed41b556 ] Request (FloatingIPsAssociationTestJSON:tearDownClass): 204 DELETE http://10.180.1.21/identity/v3/projects/00c674bbf1e945ba946d844f9856fdfc 0.101s
2024-11-04 15:05:24.124 63543 INFO tempest.lib.common.rest_client [req-a5db2155-0ae0-4d63-98df-38d575bfe10e req-a5db2155-0ae0-4d63-98df-38d575bfe10e ] Request (ServersAdminTestJSON:test_inject_network_info): 200 GET http://10.180.1.21/compute/v2.1/servers/8a21e6a7-c34e-4af0-b1fd-8a501694614c 0.095s
2024-11-04 15:05:24.151 63555 INFO tempest.lib.common.rest_client [req-4d8cf881-5d25-473b-8acb-65a35a72a69c req-4d8cf881-5d25-473b-8acb-65a35a72a69c ] Request (AttachInterfacesV270Test:setUpClass): 201 POST http://10.180.1.21/identity/v3/auth/tokens 0.058s
2024-11-04 15:05:24.189 63555 INFO tempest.lib.common.rest_client [req-334991dc-d26f-43a0-a7f8-749c4d56a2ff req-334991dc-d26f-43a0-a7f8-749c4d56a2ff ] Request (AttachInterfacesV270Test:setUpClass): 201 POST http://10.180.1.21/identity/v3/auth/tokens 0.035s
2024-11-04 15:05:24.208 63571 INFO tempest.lib.common.rest_client [req-d9f3c14f-6654-4903-9fa2-56f14c9912f0 req-d9f3c14f-6654-4903-9fa2-56f14c9912f0 ] Request (ServersAdminNegativeTestJSON:tearDownClass): 200 GET http://10.180.1.21/compute/v2.1/servers/e9e2deb5-5bf9-4b57-832f-9928d3cda162 0.072s
2024-11-04 15:05:24.217 63555 INFO tempest.lib.common.rest_client [req-1f2c9979-4538-4860-bb83-5f063ed60374 req-1f2c9979-4538-4860-bb83-5f063ed60374 ] Request (AttachInterfacesV270Test:setUpClass): 200 GET http://10.180.1.21/identity/v3/domains?name=Default 0.027s
2024-11-04 15:05:24.260 63555 INFO tempest.lib.common.rest_client [req-e53a0765-d1c8-489e-9312-b2647d2b3bdf req-e53a0765-d1c8-489e-9312-b2647d2b3bdf ] Request (AttachInterfacesV270Test:setUpClass): 201 POST http://10.180.1.21/identity/v3/projects 0.042s
2024-11-04 15:05:24.270 63537 INFO tempest.lib.common.rest_client [req-f510ae6c-8121-498f-8e17-eb6311abdfb9 req-f510ae6c-8121-498f-8e17-eb6311abdfb9 ] Request (ImagesOneServerTestJSON:test_create_delete_image): 200 GET http://10.180.1.21/compute/v2.1/images/e2653038-5e10-426c-af6a-90f08b37f43d 0.054s
2024-11-04 15:05:24.318 63551 INFO tempest.lib.common.rest_client [req-eaf07e16-d3ab-40ba-9759-ecda8ed4bffe req-eaf07e16-d3ab-40ba-9759-ecda8ed4bffe ] Request (InstanceActionsTestJSON:tearDownClass): 200 GET http://10.180.1.21/compute/v2.1/servers/78b78ae7-74fe-4403-be9b-229abe6a7353 0.093s
2024-11-04 15:05:24.350 63555 INFO tempest.lib.common.rest_client [req-5ae4ad3d-65a7-4080-bfd2-7cd125627711 req-5ae4ad3d-65a7-4080-bfd2-7cd125627711 ] Request (AttachInterfacesV270Test:setUpClass): 201 POST http://10.180.1.21/identity/v3/users 0.089s
2024-11-04 15:05:24.363 63523 INFO tempest.lib.common.rest_client [req-c86b1210-b646-418c-8c6e-2916a3339f25 req-c86b1210-b646-418c-8c6e-2916a3339f25 ] Request (ServersTestFqdnHostnames:test_create_server_with_fqdn_name): 200 GET http://10.180.1.21/compute/v2.1/servers/f1001633-e4e5-4de1-8a6b-cf653e43d821 0.071s
2024-11-04 15:05:24.376 63555 INFO tempest.lib.common.rest_client [req-b9887de0-540f-48e9-96aa-e8d7a5d29254 req-b9887de0-540f-48e9-96aa-e8d7a5d29254 ] Request (AttachInterfacesV270Test:setUpClass): 200 GET http://10.180.1.21/identity/v3/roles 0.026s
2024-11-04 15:05:24.383 63545 INFO tempest.lib.common.rest_client [req-63a09e3e-dc78-4d03-a106-0676e30b0ef2 req-63a09e3e-dc78-4d03-a106-0676e30b0ef2 ] Request (DeleteServersTestJSON:test_delete_server_while_in_shelved_state): 200 GET http://10.180.1.21/compute/v2.1/servers/8f609401-af09-4291-a1e7-a356fbc4aac9 0.057s
2024-11-04 15:05:24.414 63555 INFO tempest.lib.common.rest_client [req-1726bb50-b632-4a2b-b20c-5f11bbdd81ea req-1726bb50-b632-4a2b-b20c-5f11bbdd81ea ] Request (AttachInterfacesV270Test:setUpClass): 204 PUT http://10.180.1.21/identity/v3/projects/db23883478c54c51a786e66bb57aa17d/users/52367cbadba2425d89c45dd7dd03743b/roles/b8fc5eb45d064836adfaf48a8353a475 0.037s
2024-11-04 15:05:24.414 63555 INFO tempest.lib.common.dynamic_creds [-] Dynamic test user 52367cbadba2425d89c45dd7dd03743b is created with scope project and roles: ['member']
2024-11-04 15:05:24.415 63555 INFO tempest.lib.common.dynamic_creds [-] Acquired dynamic creds: credentials: Credentials: {'domain_id': 'default', 'domain_name': 'Default', 'username': 'tempest-AttachInterfacesV270Test-558254141-project-member', 'project_domain_id': 'default', 'project_domain_name': 'Default', 'project_id': 'db23883478c54c51a786e66bb57aa17d', 'project_name': 'tempest-AttachInterfacesV270Test-558254141', 'tenant_id': 'db23883478c54c51a786e66bb57aa17d', 'tenant_name': 'tempest-AttachInterfacesV270Test-558254141', 'user_domain_id': 'default', 'user_domain_name': 'Default', 'user_id': '52367cbadba2425d89c45dd7dd03743b', 'system': None}, Network: None, Subnet: None, Router: None
2024-11-04 15:05:24.430 63527 INFO tempest.lib.common.rest_client [req-c157e513-a825-464a-a42a-f0a169daec36 req-c157e513-a825-464a-a42a-f0a169daec36 ] Request (MigrationsAdminTest:test_resize_server_revert_deleted_flavor): 200 GET http://10.180.1.21/compute/v2.1/servers/f930ab49-c215-4b2e-92b1-21c0d52a70eb 0.062s
2024-11-04 15:05:24.488 63555 INFO tempest.lib.common.rest_client [req-eb4f4cde-e1e8-4863-a586-f928482bd95d req-eb4f4cde-e1e8-4863-a586-f928482bd95d ] Request (AttachInterfacesV270Test:setUpClass): 201 POST http://10.180.1.21/identity/v3/auth/tokens 0.073s
2024-11-04 15:05:24.549 63521 INFO tempest.lib.common.rest_client [req-dbeff872-118f-4b4e-9322-f44f330182b0 req-dbeff872-118f-4b4e-9322-f44f330182b0 ] Request (ImagesTestJSON:test_create_image_from_stopped_server): 200 GET http://10.180.1.21/compute/v2.1/images/7e38f3f1-4b65-4030-8b1a-af8f828b3d96 0.053s
2024-11-04 15:05:24.653 63569 INFO tempest.lib.common.rest_client [req-9bdebd48-d952-4ef7-9364-d533632e8af9 req-9bdebd48-d952-4ef7-9364-d533632e8af9 ] Request (ServerActionsTestJSON:setUpClass): 200 GET http://10.180.1.21/compute/v2.1/servers/59f32dd0-1faa-4059-9ef3-b177e8f4fa4c 0.074s
2024-11-04 15:05:24.784 63519 WARNING tempest.lib.common.ssh [-] Failed to establish authenticated ssh connection to cirros@10.180.180.210 ([Errno None] Unable to connect to port 22 on 10.180.180.210). Number attempts: 3. Retry after 4 seconds.: paramiko.ssh_exception.NoValidConnectionsError: [Errno None] Unable to connect to port 22 on 10.180.180.210
2024-11-04 15:05:24.916 63575 INFO tempest.lib.common.rest_client [req-14542115-4fbf-4066-bedd-f7b70483be51 req-14542115-4fbf-4066-bedd-f7b70483be51 ] Request (AttachInterfacesTestJSON:test_create_list_show_delete_interfaces_by_fixed_ip): 200 GET http://10.180.1.21/compute/v2.1/servers/9bee3e66-93b5-4c0f-bb46-8fbd78c312c0 0.432s
2024-11-04 15:05:24.918 63557 INFO tempest.lib.common.rest_client [req-442a7b97-784c-4296-b796-8d76d50dc04c req-442a7b97-784c-4296-b796-8d76d50dc04c ] Request (ServerGroupTestJSON:test_create_server_with_scheduler_hint_group): 200 GET http://10.180.1.21/compute/v2.1/servers/2c1ce021-255f-454d-ba0e-c85380f3e973 0.269s
2024-11-04 15:05:24.922 63575 INFO tempest.common.waiters [-] State transition "BUILD/None" ==> "BUILD/block_device_mapping" after 48 second wait
2024-11-04 15:05:24.992 63529 INFO tempest.lib.common.rest_client [req-4e44694f-f1e9-4c35-b0bc-e08bb8518157 req-4e44694f-f1e9-4c35-b0bc-e08bb8518157 ] Request (ServerRescueNegativeTestJSON:setUpClass): 200 GET http://10.180.1.21/compute/v2.1/servers/bdfdd685-e440-4f53-b6c4-2ee2f06acba8 0.260s
2024-11-04 15:05:25.072 63525 INFO tempest.lib.common.rest_client [req-7e5211a8-0fb2-4c4f-b520-b7d7e056beb0 req-7e5211a8-0fb2-4c4f-b520-b7d7e056beb0 ] Request (ListServerFiltersTestJSON:setUpClass): 200 GET http://10.180.1.21/compute/v2.1/servers/ea1c2d74-70b4-4547-a887-78e291c3082a 0.367s
2024-11-04 15:05:25.077 63577 INFO tempest.lib.common.rest_client [req-1bcae664-b010-4d47-acc0-3e9df7f6947f req-1bcae664-b010-4d47-acc0-3e9df7f6947f ] Request (ServersNegativeTestMultiTenantJSON:tearDownClass): 200 GET http://10.180.1.21/compute/v2.1/servers/b49d3ddb-5f8e-4ca8-8a3c-773c51b98f14 0.276s
2024-11-04 15:05:25.130 63555 INFO tempest.lib.common.rest_client [req-b559cdb8-3364-44dd-89a5-018e1d45d389 req-b559cdb8-3364-44dd-89a5-018e1d45d389 ] Request (AttachInterfacesV270Test:setUpClass): 201 POST http://10.180.1.21:9696/networking/v2.0/networks 0.641s
2024-11-04 15:05:25.133 63535 INFO tempest.lib.common.rest_client [req-ae0cd368-31d5-471c-8769-5d829e619d8b req-ae0cd368-31d5-471c-8769-5d829e619d8b ] Request (ListImageFiltersTestJSON:setUpClass): 200 GET http://10.180.1.21/compute/v2.1/servers/cb004a19-0048-4766-af7c-0fbde867f422 0.280s
2024-11-04 15:05:25.281 63543 INFO tempest.lib.common.rest_client [req-9cd72c36-8e7d-41ea-b240-c6ce84dd11fa req-9cd72c36-8e7d-41ea-b240-c6ce84dd11fa ] Request (ServersAdminTestJSON:test_inject_network_info): 200 GET http://10.180.1.21/compute/v2.1/servers/8a21e6a7-c34e-4af0-b1fd-8a501694614c 0.150s
2024-11-04 15:05:25.296 63573 WARNING tempest.lib.common.ssh [-] Failed to establish authenticated ssh connection to cirros@10.180.180.168 ([Errno None] Unable to connect to port 22 on 10.180.180.168). Number attempts: 6. Retry after 7 seconds.: paramiko.ssh_exception.NoValidConnectionsError: [Errno None] Unable to connect to port 22 on 10.180.180.168
2024-11-04 15:05:25.329 63571 INFO tempest.lib.common.rest_client [req-b8df24c7-05b8-4a83-b639-5fed2fcb0734 req-b8df24c7-05b8-4a83-b639-5fed2fcb0734 ] Request (ServersAdminNegativeTestJSON:tearDownClass): 200 GET http://10.180.1.21/compute/v2.1/servers/e9e2deb5-5bf9-4b57-832f-9928d3cda162 0.110s
2024-11-04 15:05:25.332 63537 INFO tempest.lib.common.rest_client [req-3d8bc051-142f-421f-96ad-d3cb858f28b5 req-3d8bc051-142f-421f-96ad-d3cb858f28b5 ] Request (ImagesOneServerTestJSON:test_create_delete_image): 200 GET http://10.180.1.21/compute/v2.1/images/e2653038-5e10-426c-af6a-90f08b37f43d 0.057s
2024-11-04 15:05:25.411 63551 INFO tempest.lib.common.rest_client [req-872c24e1-5d58-4916-9d6b-898256647533 req-872c24e1-5d58-4916-9d6b-898256647533 ] Request (InstanceActionsTestJSON:tearDownClass): 200 GET http://10.180.1.21/compute/v2.1/servers/78b78ae7-74fe-4403-be9b-229abe6a7353 0.084s
2024-11-04 15:05:25.434 63523 INFO tempest.lib.common.rest_client [req-60223f2c-f18f-4eb4-b27a-276f2ec2b1b3 req-60223f2c-f18f-4eb4-b27a-276f2ec2b1b3 ] Request (ServersTestFqdnHostnames:test_create_server_with_fqdn_name): 200 GET http://10.180.1.21/compute/v2.1/servers/f1001633-e4e5-4de1-8a6b-cf653e43d821 0.063s
2024-11-04 15:05:25.465 63555 INFO tempest.lib.common.rest_client [req-7f9cd2e4-8f5f-4812-aab2-c2c56eee6947 req-7f9cd2e4-8f5f-4812-aab2-c2c56eee6947 ] Request (AttachInterfacesV270Test:setUpClass): 201 POST http://10.180.1.21:9696/networking/v2.0/subnets 0.335s
2024-11-04 15:05:25.469 63545 INFO tempest.lib.common.rest_client [req-efd70cba-544f-4ca6-8be9-1dcd735e8ace req-efd70cba-544f-4ca6-8be9-1dcd735e8ace ] Request (DeleteServersTestJSON:test_delete_server_while_in_shelved_state): 200 GET http://10.180.1.21/compute/v2.1/servers/8f609401-af09-4291-a1e7-a356fbc4aac9 0.078s
2024-11-04 15:05:25.503 63527 INFO tempest.lib.common.rest_client [req-c5d4ce79-38bd-478f-ba0a-4b2c92da479f req-c5d4ce79-38bd-478f-ba0a-4b2c92da479f ] Request (MigrationsAdminTest:test_resize_server_revert_deleted_flavor): 200 GET http://10.180.1.21/compute/v2.1/servers/f930ab49-c215-4b2e-92b1-21c0d52a70eb 0.065s
2024-11-04 15:05:25.585 63521 INFO tempest.lib.common.rest_client [req-06693f26-d4d9-47e3-bfef-748d592a4bab req-06693f26-d4d9-47e3-bfef-748d592a4bab ] Request (ImagesTestJSON:test_create_image_from_stopped_server): 200 GET http://10.180.1.21/compute/v2.1/images/7e38f3f1-4b65-4030-8b1a-af8f828b3d96 0.030s
2024-11-04 15:05:25.711 63569 INFO tempest.lib.common.rest_client [req-be963dbb-f72d-4f8b-81a6-ff7591aecb84 req-be963dbb-f72d-4f8b-81a6-ff7591aecb84 ] Request (ServerActionsTestJSON:setUpClass): 200 GET http://10.180.1.21/compute/v2.1/servers/59f32dd0-1faa-4059-9ef3-b177e8f4fa4c 0.049s
2024-11-04 15:05:25.917 63561 WARNING tempest.lib.common.ssh [-] Failed to establish authenticated ssh connection to cirros@10.180.180.202 ([Errno None] Unable to connect to port 22 on 10.180.180.202). Number attempts: 6. Retry after 7 seconds.: paramiko.ssh_exception.NoValidConnectionsError: [Errno None] Unable to connect to port 22 on 10.180.180.202
2024-11-04 15:05:26.017 63557 INFO tempest.lib.common.rest_client [req-d94379fc-9d4b-41ef-9360-1a61acabfd21 req-d94379fc-9d4b-41ef-9360-1a61acabfd21 ] Request (ServerGroupTestJSON:test_create_server_with_scheduler_hint_group): 200 GET http://10.180.1.21/compute/v2.1/servers/2c1ce021-255f-454d-ba0e-c85380f3e973 0.091s
2024-11-04 15:05:26.082 63529 INFO tempest.lib.common.rest_client [req-899f9a62-de7f-4c13-9c2d-8a3de8f5f650 req-899f9a62-de7f-4c13-9c2d-8a3de8f5f650 ] Request (ServerRescueNegativeTestJSON:setUpClass): 200 GET http://10.180.1.21/compute/v2.1/servers/bdfdd685-e440-4f53-b6c4-2ee2f06acba8 0.081s
2024-11-04 15:05:26.090 63575 INFO tempest.lib.common.rest_client [req-39a0e920-e0f7-423f-b158-6ee76fc76b59 req-39a0e920-e0f7-423f-b158-6ee76fc76b59 ] Request (AttachInterfacesTestJSON:test_create_list_show_delete_interfaces_by_fixed_ip): 200 GET http://10.180.1.21/compute/v2.1/servers/9bee3e66-93b5-4c0f-bb46-8fbd78c312c0 0.167s
2024-11-04 15:05:26.097 63575 INFO tempest.common.waiters [-] State transition "BUILD/block_device_mapping" ==> "BUILD/spawning" after 50 second wait
2024-11-04 15:05:26.164 63577 INFO tempest.lib.common.rest_client [req-dc40a4a9-47aa-4491-84ce-16ca8f956bd2 req-dc40a4a9-47aa-4491-84ce-16ca8f956bd2 ] Request (ServersNegativeTestMultiTenantJSON:tearDownClass): 200 GET http://10.180.1.21/compute/v2.1/servers/b49d3ddb-5f8e-4ca8-8a3c-773c51b98f14 0.079s
2024-11-04 15:05:26.222 63525 INFO tempest.lib.common.rest_client [req-970c0135-eb95-409f-974b-e70325c2414e req-970c0135-eb95-409f-974b-e70325c2414e ] Request (ListServerFiltersTestJSON:setUpClass): 200 GET http://10.180.1.21/compute/v2.1/servers/ea1c2d74-70b4-4547-a887-78e291c3082a 0.141s
2024-11-04 15:05:26.234 63525 INFO tempest.common.waiters [-] State transition "BUILD/spawning" ==> "ACTIVE/None" after 54 second wait
2024-11-04 15:05:26.263 63535 INFO tempest.lib.common.rest_client [req-f4fac3dd-4004-4f66-8b42-d19e356035ab req-f4fac3dd-4004-4f66-8b42-d19e356035ab ] Request (ListImageFiltersTestJSON:setUpClass): 200 GET http://10.180.1.21/compute/v2.1/servers/cb004a19-0048-4766-af7c-0fbde867f422 0.122s
2024-11-04 15:05:26.391 63525 INFO tempest.lib.common.rest_client [req-391b821e-affa-4213-a297-42834c4167a6 req-391b821e-affa-4213-a297-42834c4167a6 ] Request (ListServerFiltersTestJSON:setUpClass): 200 GET http://10.180.1.21/compute/v2.1/servers/b7fc5ee0-7671-40c7-8d12-bacdd4b57fa3 0.156s
2024-11-04 15:05:26.416 63555 INFO tempest.lib.common.rest_client [req-66df4254-58b8-46c5-90fc-fa76bab1adab req-66df4254-58b8-46c5-90fc-fa76bab1adab ] Request (AttachInterfacesV270Test:setUpClass): 201 POST http://10.180.1.21:9696/networking/v2.0/routers 0.950s
2024-11-04 15:05:26.431 63537 INFO tempest.lib.common.rest_client [req-b9bea358-ae53-4945-be0e-d80d3c39de0d req-b9bea358-ae53-4945-be0e-d80d3c39de0d ] Request (ImagesOneServerTestJSON:test_create_delete_image): 200 GET http://10.180.1.21/compute/v2.1/images/e2653038-5e10-426c-af6a-90f08b37f43d 0.095s
2024-11-04 15:05:26.491 63543 INFO tempest.lib.common.rest_client [req-db27a8bc-b1e3-44ff-9a7f-f88789352645 req-db27a8bc-b1e3-44ff-9a7f-f88789352645 ] Request (ServersAdminTestJSON:test_inject_network_info): 200 GET http://10.180.1.21/compute/v2.1/servers/8a21e6a7-c34e-4af0-b1fd-8a501694614c 0.197s
2024-11-04 15:05:26.527 63571 INFO tempest.lib.common.rest_client [req-31dcda39-154a-4b5f-b336-34e4d1297dd2 req-31dcda39-154a-4b5f-b336-34e4d1297dd2 ] Request (ServersAdminNegativeTestJSON:tearDownClass): 200 GET http://10.180.1.21/compute/v2.1/servers/e9e2deb5-5bf9-4b57-832f-9928d3cda162 0.188s
2024-11-04 15:05:26.596 63551 INFO tempest.lib.common.rest_client [req-cf5ae881-ddce-4265-ab9d-60a1f2a79d3e req-cf5ae881-ddce-4265-ab9d-60a1f2a79d3e ] Request (InstanceActionsTestJSON:tearDownClass): 200 GET http://10.180.1.21/compute/v2.1/servers/78b78ae7-74fe-4403-be9b-229abe6a7353 0.171s
2024-11-04 15:05:26.658 63523 INFO tempest.lib.common.rest_client [req-5d3841e9-8726-4cd7-892c-4a2f5a0d8744 req-5d3841e9-8726-4cd7-892c-4a2f5a0d8744 ] Request (ServersTestFqdnHostnames:test_create_server_with_fqdn_name): 200 GET http://10.180.1.21/compute/v2.1/servers/f1001633-e4e5-4de1-8a6b-cf653e43d821 0.215s
2024-11-04 15:05:26.727 63545 INFO tempest.lib.common.rest_client [req-65bf2c1a-3ec4-410b-81e7-0da9ddb3859d req-65bf2c1a-3ec4-410b-81e7-0da9ddb3859d ] Request (DeleteServersTestJSON:test_delete_server_while_in_shelved_state): 200 GET http://10.180.1.21/compute/v2.1/servers/8f609401-af09-4291-a1e7-a356fbc4aac9 0.250s
2024-11-04 15:05:26.787 63527 INFO tempest.lib.common.rest_client [req-7c7d2b86-998f-41c5-9b3d-873837c02305 req-7c7d2b86-998f-41c5-9b3d-873837c02305 ] Request (MigrationsAdminTest:test_resize_server_revert_deleted_flavor): 200 GET http://10.180.1.21/compute/v2.1/servers/f930ab49-c215-4b2e-92b1-21c0d52a70eb 0.277s
2024-11-04 15:05:26.834 63521 INFO tempest.lib.common.rest_client [req-68fa5308-974f-4e14-b37e-eb8c81c89960 req-68fa5308-974f-4e14-b37e-eb8c81c89960 ] Request (ImagesTestJSON:test_create_image_from_stopped_server): 200 GET http://10.180.1.21/compute/v2.1/images/7e38f3f1-4b65-4030-8b1a-af8f828b3d96 0.245s
2024-11-04 15:05:26.865 63525 INFO tempest.lib.common.rest_client [req-fa767a8a-35a4-4535-8317-985f29f72be6 req-fa767a8a-35a4-4535-8317-985f29f72be6 ] Request (ListServerFiltersTestJSON:setUpClass): 200 GET http://10.180.1.21/compute/v2.1/servers/3a30ecc4-455f-49cf-98e8-d38be6a1c5a5 0.466s
2024-11-04 15:05:26.893 63569 INFO tempest.lib.common.rest_client [req-bc42523c-4203-4d52-bc23-bd4937f745ac req-bc42523c-4203-4d52-bc23-bd4937f745ac ] Request (ServerActionsTestJSON:setUpClass): 200 GET http://10.180.1.21/compute/v2.1/servers/59f32dd0-1faa-4059-9ef3-b177e8f4fa4c 0.174s
2024-11-04 15:05:27.094 63557 INFO tempest.lib.common.rest_client [req-a32e1c53-4a49-4a75-8a04-f9f39a2d82b0 req-a32e1c53-4a49-4a75-8a04-f9f39a2d82b0 ] Request (ServerGroupTestJSON:test_create_server_with_scheduler_hint_group): 200 GET http://10.180.1.21/compute/v2.1/servers/2c1ce021-255f-454d-ba0e-c85380f3e973 0.068s
2024-11-04 15:05:27.100 63525 INFO tempest.lib.common.rest_client [req-4a57da0a-ef44-45ec-98ae-36c9625bc421 req-4a57da0a-ef44-45ec-98ae-36c9625bc421 ] Request (ListServerFiltersTestJSON:test_list_servers_detailed_filter_by_flavor): 200 GET http://10.180.1.21/compute/v2.1/servers/detail?flavor=84 0.226s
2024-11-04 15:05:27.102 63557 INFO tempest.common.waiters [-] State transition "BUILD/scheduling" ==> "BUILD/None" after 11 second wait
2024-11-04 15:05:27.159 63529 INFO tempest.lib.common.rest_client [req-fa7ce417-778d-4d27-84d0-2930b52a8cc4 req-fa7ce417-778d-4d27-84d0-2930b52a8cc4 ] Request (ServerRescueNegativeTestJSON:setUpClass): 200 GET http://10.180.1.21/compute/v2.1/servers/bdfdd685-e440-4f53-b6c4-2ee2f06acba8 0.064s
2024-11-04 15:05:27.260 63575 INFO tempest.lib.common.rest_client [req-b377059d-5aef-4376-bdb4-239236eacd18 req-b377059d-5aef-4376-bdb4-239236eacd18 ] Request (AttachInterfacesTestJSON:test_create_list_show_delete_interfaces_by_fixed_ip): 200 GET http://10.180.1.21/compute/v2.1/servers/9bee3e66-93b5-4c0f-bb46-8fbd78c312c0 0.161s
2024-11-04 15:05:27.330 63577 INFO tempest.lib.common.rest_client [req-1aec8851-7131-4c24-a4da-390113d891f7 req-1aec8851-7131-4c24-a4da-390113d891f7 ] Request (ServersNegativeTestMultiTenantJSON:tearDownClass): 200 GET http://10.180.1.21/compute/v2.1/servers/b49d3ddb-5f8e-4ca8-8a3c-773c51b98f14 0.157s
2024-11-04 15:05:27.404 63535 INFO tempest.lib.common.rest_client [req-ffb6f36f-6f6c-479b-88a8-711be69bd7ac req-ffb6f36f-6f6c-479b-88a8-711be69bd7ac ] Request (ListImageFiltersTestJSON:setUpClass): 200 GET http://10.180.1.21/compute/v2.1/servers/cb004a19-0048-4766-af7c-0fbde867f422 0.133s
2024-11-04 15:05:27.411 63535 INFO tempest.common.waiters [-] State transition "BUILD/scheduling" ==> "BUILD/None" after 13 second wait
2024-11-04 15:05:27.420 63525 INFO tempest.lib.common.rest_client [req-152ff14e-6d59-4777-a9f2-ca9b18d8f5e1 req-152ff14e-6d59-4777-a9f2-ca9b18d8f5e1 ] Request (ListServerFiltersTestJSON:test_list_servers_detailed_filter_by_server_name): 200 GET http://10.180.1.21/compute/v2.1/servers/detail?name=tempest-ListServerFiltersTestJSON-instance-1472706833 0.303s
2024-11-04 15:05:27.479 63537 INFO tempest.lib.common.rest_client [req-08ed65b6-f68f-4f4c-b05e-545ff3e6699d req-08ed65b6-f68f-4f4c-b05e-545ff3e6699d ] Request (ImagesOneServerTestJSON:test_create_delete_image): 200 GET http://10.180.1.21/compute/v2.1/images/e2653038-5e10-426c-af6a-90f08b37f43d 0.043s
2024-11-04 15:05:27.701 63547 WARNING tempest.lib.common.ssh [-] Failed to establish authenticated ssh connection to cirros@10.180.180.138 ([Errno None] Unable to connect to port 22 on 10.180.180.138). Number attempts: 9. Retry after 10 seconds.: paramiko.ssh_exception.NoValidConnectionsError: [Errno None] Unable to connect to port 22 on 10.180.180.138
2024-11-04 15:05:27.708 63543 INFO tempest.lib.common.rest_client [req-878ffad1-9a2d-47e3-b057-435d9f704fb5 req-878ffad1-9a2d-47e3-b057-435d9f704fb5 ] Request (ServersAdminTestJSON:test_inject_network_info): 200 GET http://10.180.1.21/compute/v2.1/servers/8a21e6a7-c34e-4af0-b1fd-8a501694614c 0.200s
2024-11-04 15:05:27.728 63525 INFO tempest.lib.common.rest_client [req-ae311c08-6d1e-49e2-bf7b-f900153d617e req-ae311c08-6d1e-49e2-bf7b-f900153d617e ] Request (ListServerFiltersTestJSON:test_list_servers_detailed_filter_by_server_status): 200 GET http://10.180.1.21/compute/v2.1/servers/detail?status=active 0.296s
2024-11-04 15:05:27.781 63571 INFO tempest.lib.common.rest_client [req-90263e7e-6705-45c7-8479-a80dee03f474 req-90263e7e-6705-45c7-8479-a80dee03f474 ] Request (ServersAdminNegativeTestJSON:tearDownClass): 200 GET http://10.180.1.21/compute/v2.1/servers/e9e2deb5-5bf9-4b57-832f-9928d3cda162 0.242s
2024-11-04 15:05:27.821 63551 INFO tempest.lib.common.rest_client [req-9f74f12b-0c23-4e9c-8d7f-8264f9ae7dd8 req-9f74f12b-0c23-4e9c-8d7f-8264f9ae7dd8 ] Request (InstanceActionsTestJSON:tearDownClass): 200 GET http://10.180.1.21/compute/v2.1/servers/78b78ae7-74fe-4403-be9b-229abe6a7353 0.218s
2024-11-04 15:05:27.844 63523 INFO tempest.lib.common.rest_client [req-ae7e4531-9c86-4dd4-a213-da0cf7ab007f req-ae7e4531-9c86-4dd4-a213-da0cf7ab007f ] Request (ServersTestFqdnHostnames:test_create_server_with_fqdn_name): 200 GET http://10.180.1.21/compute/v2.1/servers/f1001633-e4e5-4de1-8a6b-cf653e43d821 0.175s
2024-11-04 15:05:27.905 63545 INFO tempest.lib.common.rest_client [req-8ed31c90-3d9c-43bb-993e-196d51b93886 req-8ed31c90-3d9c-43bb-993e-196d51b93886 ] Request (DeleteServersTestJSON:test_delete_server_while_in_shelved_state): 200 GET http://10.180.1.21/compute/v2.1/servers/8f609401-af09-4291-a1e7-a356fbc4aac9 0.169s
2024-11-04 15:05:27.973 63527 INFO tempest.lib.common.rest_client [req-b2fcc7bf-6d5f-45a4-85a7-d8f4683bfe4a req-b2fcc7bf-6d5f-45a4-85a7-d8f4683bfe4a ] Request (MigrationsAdminTest:test_resize_server_revert_deleted_flavor): 200 GET http://10.180.1.21/compute/v2.1/servers/f930ab49-c215-4b2e-92b1-21c0d52a70eb 0.178s
2024-11-04 15:05:28.005 63525 INFO tempest.lib.common.rest_client [req-6e1900f9-7799-42c0-ae2f-736b24a04440 req-6e1900f9-7799-42c0-ae2f-736b24a04440 ] Request (ListServerFiltersTestJSON:test_list_servers_detailed_limit_results): 200 GET http://10.180.1.21/compute/v2.1/servers/detail?limit=1 0.268s
2024-11-04 15:05:28.010 63555 INFO tempest.lib.common.rest_client [req-b3ac18e1-68e1-4886-93a5-0cfd3f71561e req-b3ac18e1-68e1-4886-93a5-0cfd3f71561e ] Request (AttachInterfacesV270Test:setUpClass): 200 PUT http://10.180.1.21:9696/networking/v2.0/routers/fbacd866-e540-49ae-af25-6f4e783633a1/add_router_interface 1.594s
2024-11-04 15:05:28.010 63555 INFO tempest.lib.common.dynamic_creds [-] Created isolated network resources for: credentials: Credentials: {'domain_id': 'default', 'domain_name': 'Default', 'username': 'tempest-AttachInterfacesV270Test-558254141-project-member', 'project_domain_id': 'default', 'project_domain_name': 'Default', 'project_id': 'db23883478c54c51a786e66bb57aa17d', 'project_name': 'tempest-AttachInterfacesV270Test-558254141', 'tenant_id': 'db23883478c54c51a786e66bb57aa17d', 'tenant_name': 'tempest-AttachInterfacesV270Test-558254141', 'user_domain_id': 'default', 'user_domain_name': 'Default', 'user_id': '52367cbadba2425d89c45dd7dd03743b', 'system': None}, Network: {'id': 'cb19d68e-470c-4933-8624-90b010acd9fd', 'name': 'tempest-AttachInterfacesV270Test-585840747-network', 'tenant_id': 'db23883478c54c51a786e66bb57aa17d', 'admin_state_up': True, 'mtu': 8950, 'status': 'ACTIVE', 'subnets': [], 'shared': False, 'project_id': 'db23883478c54c51a786e66bb57aa17d', 'port_security_enabled': True, 'router:external': False, 'provider:network_type': 'vlan', 'provider:physical_network': 'default', 'provider:segmentation_id': 270, 'availability_zone_hints': [], 'availability_zones': [], 'ipv4_address_scope': None, 'ipv6_address_scope': None, 'description': '', 'tags': [], 'created_at': '2024-11-04T15:05:25Z', 'updated_at': '2024-11-04T15:05:25Z', 'revision_number': 1}, Subnet: {'id': '5aee1d9c-e0ee-45de-87e5-293620c03f98', 'name': 'tempest-AttachInterfacesV270Test-585840747-subnet', 'tenant_id': 'db23883478c54c51a786e66bb57aa17d', 'network_id': 'cb19d68e-470c-4933-8624-90b010acd9fd', 'ip_version': 4, 'subnetpool_id': None, 'enable_dhcp': True, 'ipv6_ra_mode': None, 'ipv6_address_mode': None, 'gateway_ip': '192.168.128.1', 'cidr': '192.168.128.0/28', 'allocation_pools': [{'start': '192.168.128.2', 'end': '192.168.128.14'}], 'host_routes': [], 'dns_nameservers': [], 'description': '', 'router:external': False, 'service_types': [], 'tags': [], 'created_at': '2024-11-04T15:05:25Z', 'updated_at': '2024-11-04T15:05:25Z', 'revision_number': 0, 'project_id': 'db23883478c54c51a786e66bb57aa17d'}, Router: {'id': 'fbacd866-e540-49ae-af25-6f4e783633a1', 'name': 'tempest-AttachInterfacesV270Test-585840747-router', 'tenant_id': 'db23883478c54c51a786e66bb57aa17d', 'admin_state_up': True, 'status': 'ACTIVE', 'external_gateway_info': {'network_id': '264f1102-2686-47f2-8416-34ae8c5a9955', 'external_fixed_ips': [{'subnet_id': 'f7c0c894-2b65-4f6d-96e8-364aab3279e1', 'ip_address': '10.180.180.157'}], 'enable_snat': True}, 'description': '', 'availability_zones': [], 'distributed': False, 'ha': False, 'availability_zone_hints': [], 'routes': [], 'flavor_id': None, 'tags': [], 'created_at': '2024-11-04T15:05:25Z', 'updated_at': '2024-11-04T15:05:26Z', 'revision_number': 2, 'project_id': 'db23883478c54c51a786e66bb57aa17d'}
2024-11-04 15:05:28.020 63521 INFO tempest.lib.common.rest_client [req-3825bedd-dccb-47d9-9abf-9a2b8ec4ce5b req-3825bedd-dccb-47d9-9abf-9a2b8ec4ce5b ] Request (ImagesTestJSON:test_create_image_from_stopped_server): 200 GET http://10.180.1.21/compute/v2.1/images/7e38f3f1-4b65-4030-8b1a-af8f828b3d96 0.181s
2024-11-04 15:05:28.086 63569 INFO tempest.lib.common.rest_client [req-72c98590-5664-4a99-944f-40d49ad89158 req-72c98590-5664-4a99-944f-40d49ad89158 ] Request (ServerActionsTestJSON:setUpClass): 200 GET http://10.180.1.21/compute/v2.1/servers/59f32dd0-1faa-4059-9ef3-b177e8f4fa4c 0.185s
2024-11-04 15:05:28.114 63555 INFO tempest.lib.common.rest_client [req-958c5370-2587-4261-a70a-c7904ea1f03e req-958c5370-2587-4261-a70a-c7904ea1f03e ] Request (AttachInterfacesV270Test:setUpClass): 201 POST http://10.180.1.21/identity/v3/auth/tokens 0.100s
2024-11-04 15:05:28.137 63525 INFO tempest.lib.common.rest_client [req-8e7613c2-1bae-45c7-8382-0df5c31353ea req-8e7613c2-1bae-45c7-8382-0df5c31353ea ] Request (ListServerFiltersTestJSON:test_list_servers_filter_by_active_status): 200 GET http://10.180.1.21/compute/v2.1/servers?status=active 0.118s
2024-11-04 15:05:28.165 63557 INFO tempest.lib.common.rest_client [req-d4f6db9c-c9c9-4e70-84b0-39b949f69356 req-d4f6db9c-c9c9-4e70-84b0-39b949f69356 ] Request (ServerGroupTestJSON:test_create_server_with_scheduler_hint_group): 200 GET http://10.180.1.21/compute/v2.1/servers/2c1ce021-255f-454d-ba0e-c85380f3e973 0.060s
2024-11-04 15:05:28.174 63555 INFO tempest.lib.common.rest_client [req-ec31114c-3aca-4e58-b82b-ad707dae4c78 req-ec31114c-3aca-4e58-b82b-ad707dae4c78 ] Request (AttachInterfacesV270Test:test_create_get_list_interfaces): 201 POST http://10.180.1.21/identity/v3/auth/tokens 0.054s
2024-11-04 15:05:28.175 63555 INFO tempest.lib.common.fixed_network [-] (AttachInterfacesV270Test:test_create_get_list_interfaces) Found network {'id': 'cb19d68e-470c-4933-8624-90b010acd9fd', 'name': 'tempest-AttachInterfacesV270Test-585840747-network', 'tenant_id': 'db23883478c54c51a786e66bb57aa17d', 'admin_state_up': True, 'mtu': 8950, 'status': 'ACTIVE', 'subnets': [], 'shared': False, 'project_id': 'db23883478c54c51a786e66bb57aa17d', 'port_security_enabled': True, 'router:external': False, 'provider:network_type': 'vlan', 'provider:physical_network': 'default', 'provider:segmentation_id': 270, 'availability_zone_hints': [], 'availability_zones': [], 'ipv4_address_scope': None, 'ipv6_address_scope': None, 'description': '', 'tags': [], 'created_at': '2024-11-04T15:05:25Z', 'updated_at': '2024-11-04T15:05:25Z', 'revision_number': 1} available for tenant
2024-11-04 15:05:28.236 63525 INFO tempest.lib.common.rest_client [req-21e5fd48-0896-4b14-8cfd-b128f96a1c91 req-21e5fd48-0896-4b14-8cfd-b128f96a1c91 ] Request (ListServerFiltersTestJSON:test_list_servers_filter_by_exceed_limit): 200 GET http://10.180.1.21/compute/v2.1/servers?limit=100000 0.096s
2024-11-04 15:05:28.240 63529 INFO tempest.lib.common.rest_client [req-bcf81a11-64d7-445f-a2d7-b31c7c4c0f73 req-bcf81a11-64d7-445f-a2d7-b31c7c4c0f73 ] Request (ServerRescueNegativeTestJSON:setUpClass): 200 GET http://10.180.1.21/compute/v2.1/servers/bdfdd685-e440-4f53-b6c4-2ee2f06acba8 0.070s
2024-11-04 15:05:28.329 63525 INFO tempest.lib.common.rest_client [req-b8ba8034-c28b-42b4-b51e-b0d11b1dcb76 req-b8ba8034-c28b-42b4-b51e-b0d11b1dcb76 ] Request (ListServerFiltersTestJSON:test_list_servers_filter_by_exceed_limit): 200 GET http://10.180.1.21/compute/v2.1/servers 0.091s
2024-11-04 15:05:28.477 63575 INFO tempest.lib.common.rest_client [req-8a85dbda-0122-4453-8961-842a6f5ec723 req-8a85dbda-0122-4453-8961-842a6f5ec723 ] Request (AttachInterfacesTestJSON:test_create_list_show_delete_interfaces_by_fixed_ip): 200 GET http://10.180.1.21/compute/v2.1/servers/9bee3e66-93b5-4c0f-bb46-8fbd78c312c0 0.203s
2024-11-04 15:05:28.589 63525 INFO tempest.lib.common.rest_client [req-c98aec5e-2c9e-40d6-860e-748ca640551c req-c98aec5e-2c9e-40d6-860e-748ca640551c ] Request (ListServerFiltersTestJSON:test_list_servers_filter_by_flavor): 200 GET http://10.180.1.21/compute/v2.1/servers?flavor=84 0.256s
2024-11-04 15:05:28.662 63577 INFO tempest.lib.common.rest_client [req-979a5056-f02d-4e23-8a43-be5198042def req-979a5056-f02d-4e23-8a43-be5198042def ] Request (ServersNegativeTestMultiTenantJSON:tearDownClass): 200 GET http://10.180.1.21/compute/v2.1/servers/b49d3ddb-5f8e-4ca8-8a3c-773c51b98f14 0.320s
2024-11-04 15:05:28.721 63535 INFO tempest.lib.common.rest_client [req-8f467bb7-65bb-4ed9-857d-791dcd960d85 req-8f467bb7-65bb-4ed9-857d-791dcd960d85 ] Request (ListImageFiltersTestJSON:setUpClass): 200 GET http://10.180.1.21/compute/v2.1/servers/cb004a19-0048-4766-af7c-0fbde867f422 0.309s
2024-11-04 15:05:28.770 63555 INFO tempest.lib.common.rest_client [req-eea2f66f-090c-4cd2-a00d-a46916b9d841 req-eea2f66f-090c-4cd2-a00d-a46916b9d841 ] Request (AttachInterfacesV270Test:test_create_get_list_interfaces): 202 POST http://10.180.1.21/compute/v2.1/servers 0.594s
2024-11-04 15:05:28.810 63525 INFO tempest.lib.common.rest_client [req-335ede20-9a7b-4a93-be18-9e2e3812cf50 req-335ede20-9a7b-4a93-be18-9e2e3812cf50 ] Request (ListServerFiltersTestJSON:test_list_servers_filter_by_limit): 200 GET http://10.180.1.21/compute/v2.1/servers?limit=1 0.215s
2024-11-04 15:05:28.881 63531 WARNING tempest.lib.common.ssh [-] Failed to establish authenticated ssh connection to cirros@10.180.180.135 ([Errno None] Unable to connect to port 22 on 10.180.180.135). Number attempts: 7. Retry after 8 seconds.: paramiko.ssh_exception.NoValidConnectionsError: [Errno None] Unable to connect to port 22 on 10.180.180.135
2024-11-04 15:05:28.924 63543 INFO tempest.lib.common.rest_client [req-7a0e2cf2-3e1a-427c-951e-e5630405b43c req-7a0e2cf2-3e1a-427c-951e-e5630405b43c ] Request (ServersAdminTestJSON:test_inject_network_info): 200 GET http://10.180.1.21/compute/v2.1/servers/8a21e6a7-c34e-4af0-b1fd-8a501694614c 0.207s
2024-11-04 15:05:28.979 63555 INFO tempest.lib.common.rest_client [req-550f23f2-12de-4a24-88bb-7fb8ffa25363 req-550f23f2-12de-4a24-88bb-7fb8ffa25363 ] Request (AttachInterfacesV270Test:test_create_get_list_interfaces): 200 GET http://10.180.1.21/compute/v2.1/servers/aeb1a40d-0c5c-4e1c-8922-4575f4a3e4ba 0.207s
2024-11-04 15:05:29.046 63571 INFO tempest.lib.common.rest_client [req-d437eb19-3d4f-44ba-be35-36aec88bdfe4 req-d437eb19-3d4f-44ba-be35-36aec88bdfe4 ] Request (ServersAdminNegativeTestJSON:tearDownClass): 200 GET http://10.180.1.21/compute/v2.1/servers/e9e2deb5-5bf9-4b57-832f-9928d3cda162 0.252s
2024-11-04 15:05:29.143 63525 INFO tempest.lib.common.rest_client [req-f09a8196-146e-4a39-b262-3464bdfab7f6 req-f09a8196-146e-4a39-b262-3464bdfab7f6 ] Request (ListServerFiltersTestJSON:test_list_servers_filter_by_server_name): 200 GET http://10.180.1.21/compute/v2.1/servers?name=tempest-ListServerFiltersTestJSON-instance-1472706833 0.327s
2024-11-04 15:05:29.215 63551 INFO tempest.lib.common.rest_client [req-48c89583-ff1e-4eed-a741-577dddf974e7 req-48c89583-ff1e-4eed-a741-577dddf974e7 ] Request (InstanceActionsTestJSON:tearDownClass): 200 GET http://10.180.1.21/compute/v2.1/servers/78b78ae7-74fe-4403-be9b-229abe6a7353 0.379s
2024-11-04 15:05:29.283 63523 INFO tempest.lib.common.rest_client [req-01f3fdc7-27ef-4d51-9ad6-8aca6eddb3f4 req-01f3fdc7-27ef-4d51-9ad6-8aca6eddb3f4 ] Request (ServersTestFqdnHostnames:test_create_server_with_fqdn_name): 200 GET http://10.180.1.21/compute/v2.1/servers/f1001633-e4e5-4de1-8a6b-cf653e43d821 0.431s
2024-11-04 15:05:29.289 63519 WARNING tempest.lib.common.ssh [-] Failed to establish authenticated ssh connection to cirros@10.180.180.210 ([Errno None] Unable to connect to port 22 on 10.180.180.210). Number attempts: 4. Retry after 5 seconds.: paramiko.ssh_exception.NoValidConnectionsError: [Errno None] Unable to connect to port 22 on 10.180.180.210
2024-11-04 15:05:29.350 63545 INFO tempest.lib.common.rest_client [req-35ffd628-1914-48fc-be58-f301023ec538 req-35ffd628-1914-48fc-be58-f301023ec538 ] Request (DeleteServersTestJSON:test_delete_server_while_in_shelved_state): 200 GET http://10.180.1.21/compute/v2.1/servers/8f609401-af09-4291-a1e7-a356fbc4aac9 0.432s
2024-11-04 15:05:29.400 63527 INFO tempest.lib.common.rest_client [req-5e41006b-6120-44af-bc70-8e4e19310904 req-5e41006b-6120-44af-bc70-8e4e19310904 ] Request (MigrationsAdminTest:test_resize_server_revert_deleted_flavor): 200 GET http://10.180.1.21/compute/v2.1/servers/f930ab49-c215-4b2e-92b1-21c0d52a70eb 0.421s
2024-11-04 15:05:29.954 63533 WARNING tempest.lib.common.ssh [-] Failed to establish authenticated ssh connection to cirros@10.180.180.194 ([Errno None] Unable to connect to port 22 on 10.180.180.194). Number attempts: 11. Retry after 12 seconds.: paramiko.ssh_exception.NoValidConnectionsError: [Errno None] Unable to connect to port 22 on 10.180.180.194
2024-11-04 15:05:30.433 63565 WARNING tempest.lib.common.ssh [-] Failed to establish authenticated ssh connection to cirros@10.180.180.149 ([Errno None] Unable to connect to port 22 on 10.180.180.149). Number attempts: 7. Retry after 8 seconds.: paramiko.ssh_exception.NoValidConnectionsError: [Errno None] Unable to connect to port 22 on 10.180.180.149
2024-11-04 15:05:31.936 63559 INFO paramiko.transport [-] Connected (version 2.0, client dropbear_2020.81)
2024-11-04 15:05:32.038 63559 INFO paramiko.transport [-] Authentication (publickey) successful!
2024-11-04 15:05:32.038 63559 INFO tempest.lib.common.ssh [-] ssh connection to cirros@10.180.180.234 successfully created
2024-11-04 15:05:32.807 63573 INFO paramiko.transport [-] Connected (version 2.0, client dropbear_2020.81)
2024-11-04 15:05:32.883 63573 INFO paramiko.transport [-] Authentication (publickey) successful!
2024-11-04 15:05:32.883 63573 INFO tempest.lib.common.ssh [-] ssh connection to cirros@10.180.180.168 successfully created
2024-11-04 15:05:33.427 63561 WARNING tempest.lib.common.ssh [-] Failed to establish authenticated ssh connection to cirros@10.180.180.202 ([Errno None] Unable to connect to port 22 on 10.180.180.202). Number attempts: 7. Retry after 8 seconds.: paramiko.ssh_exception.NoValidConnectionsError: [Errno None] Unable to connect to port 22 on 10.180.180.202
2024-11-04 15:05:34.231 63537 INFO tempest.lib.common.rest_client [req-d5d9217a-2943-4767-978f-dc3cbd045a67 req-d5d9217a-2943-4767-978f-dc3cbd045a67 ] Request (ImagesOneServerTestJSON:test_create_delete_image): 200 GET http://10.180.1.21/compute/v2.1/images/e2653038-5e10-426c-af6a-90f08b37f43d 5.748s
2024-11-04 15:05:34.237 63521 INFO tempest.lib.common.rest_client [req-043de3dc-1167-47fd-b2ca-772d559ba46b req-043de3dc-1167-47fd-b2ca-772d559ba46b ] Request (ImagesTestJSON:test_create_image_from_stopped_server): 200 GET http://10.180.1.21/compute/v2.1/images/7e38f3f1-4b65-4030-8b1a-af8f828b3d96 5.212s
2024-11-04 15:05:34.286 63569 INFO tempest.lib.common.rest_client [req-e045b271-fcd7-4019-8feb-ed1d3833574b req-e045b271-fcd7-4019-8feb-ed1d3833574b ] Request (ServerActionsTestJSON:setUpClass): 200 GET http://10.180.1.21/compute/v2.1/servers/59f32dd0-1faa-4059-9ef3-b177e8f4fa4c 5.189s
2024-11-04 15:05:34.312 63525 INFO tempest.lib.common.rest_client [req-fb5ccbef-e3a5-488b-9a48-704e85a042ee req-fb5ccbef-e3a5-488b-9a48-704e85a042ee ] Request (ListServerFiltersTestJSON:test_list_servers_filter_by_shutoff_status): 202 POST http://10.180.1.21/compute/v2.1/servers/b7fc5ee0-7671-40c7-8d12-bacdd4b57fa3/action 5.165s
2024-11-04 15:05:34.343 63557 INFO tempest.lib.common.rest_client [req-e2005a7f-1cc5-4f54-abb9-de1851caea78 req-e2005a7f-1cc5-4f54-abb9-de1851caea78 ] Request (ServerGroupTestJSON:test_create_server_with_scheduler_hint_group): 200 GET http://10.180.1.21/compute/v2.1/servers/2c1ce021-255f-454d-ba0e-c85380f3e973 5.168s
2024-11-04 15:05:34.480 63529 INFO tempest.lib.common.rest_client [req-db91f7b2-de68-444a-82c7-8d8d0f1fe559 req-db91f7b2-de68-444a-82c7-8d8d0f1fe559 ] Request (ServerRescueNegativeTestJSON:setUpClass): 200 GET http://10.180.1.21/compute/v2.1/servers/bdfdd685-e440-4f53-b6c4-2ee2f06acba8 5.233s
2024-11-04 15:05:34.488 63529 INFO tempest.common.waiters [-] State transition "BUILD/None" ==> "BUILD/spawning" after 52 second wait
2024-11-04 15:05:34.499 63577 INFO tempest.lib.common.rest_client [req-05d6817f-5254-43da-86d8-04293b5698ae req-05d6817f-5254-43da-86d8-04293b5698ae ] Request (ServersNegativeTestMultiTenantJSON:tearDownClass): 404 GET http://10.180.1.21/compute/v2.1/servers/b49d3ddb-5f8e-4ca8-8a3c-773c51b98f14 4.823s
2024-11-04 15:05:34.557 63535 INFO tempest.lib.common.rest_client [req-0308507c-b384-47b1-a604-99c623c0b413 req-0308507c-b384-47b1-a604-99c623c0b413 ] Request (ListImageFiltersTestJSON:setUpClass): 200 GET http://10.180.1.21/compute/v2.1/servers/cb004a19-0048-4766-af7c-0fbde867f422 4.828s
2024-11-04 15:05:34.798 63519 WARNING tempest.lib.common.ssh [-] Failed to establish authenticated ssh connection to cirros@10.180.180.210 ([Errno None] Unable to connect to port 22 on 10.180.180.210). Number attempts: 5. Retry after 6 seconds.: paramiko.ssh_exception.NoValidConnectionsError: [Errno None] Unable to connect to port 22 on 10.180.180.210
2024-11-04 15:05:34.825 63543 INFO tempest.lib.common.rest_client [req-fdbb0e67-6fa9-4c0d-9875-f3363c4a4ab1 req-fdbb0e67-6fa9-4c0d-9875-f3363c4a4ab1 ] Request (ServersAdminTestJSON:test_inject_network_info): 200 GET http://10.180.1.21/compute/v2.1/servers/8a21e6a7-c34e-4af0-b1fd-8a501694614c 4.892s
2024-11-04 15:05:34.831 63543 INFO tempest.common.waiters [-] State transition "BUILD/spawning" ==> "ACTIVE/None" after 59 second wait
2024-11-04 15:05:34.832 63575 INFO tempest.lib.common.rest_client [req-519438c4-ff61-43e4-8b87-84cba27bf95d req-519438c4-ff61-43e4-8b87-84cba27bf95d ] Request (AttachInterfacesTestJSON:test_create_list_show_delete_interfaces_by_fixed_ip): 200 GET http://10.180.1.21/compute/v2.1/servers/9bee3e66-93b5-4c0f-bb46-8fbd78c312c0 5.347s
2024-11-04 15:05:34.838 63575 INFO tempest.common.waiters [-] State transition "BUILD/spawning" ==> "ACTIVE/None" after 58 second wait
2024-11-04 15:05:34.891 63555 INFO tempest.lib.common.rest_client [req-41da4340-06d0-4ceb-893b-1b5459720d4d req-41da4340-06d0-4ceb-893b-1b5459720d4d ] Request (AttachInterfacesV270Test:test_create_get_list_interfaces): 200 GET http://10.180.1.21/compute/v2.1/servers/aeb1a40d-0c5c-4e1c-8922-4575f4a3e4ba 4.897s
2024-11-04 15:05:34.913 63551 INFO tempest.lib.common.rest_client [req-d49aefb4-80b8-412d-965b-73d856dc8558 req-d49aefb4-80b8-412d-965b-73d856dc8558 ] Request (InstanceActionsTestJSON:tearDownClass): 404 GET http://10.180.1.21/compute/v2.1/servers/78b78ae7-74fe-4403-be9b-229abe6a7353 4.687s
2024-11-04 15:05:34.924 63571 INFO tempest.lib.common.rest_client [req-2cb34dfa-3b32-45d2-9a00-27841b172907 req-2cb34dfa-3b32-45d2-9a00-27841b172907 ] Request (ServersAdminNegativeTestJSON:tearDownClass): 200 GET http://10.180.1.21/compute/v2.1/servers/e9e2deb5-5bf9-4b57-832f-9928d3cda162 4.864s
2024-11-04 15:05:34.975 63523 INFO tempest.lib.common.rest_client [req-d7aa1b7f-ca24-420e-80bc-34e449ab07f3 req-d7aa1b7f-ca24-420e-80bc-34e449ab07f3 ] Request (ServersTestFqdnHostnames:test_create_server_with_fqdn_name): 200 GET http://10.180.1.21/compute/v2.1/servers/f1001633-e4e5-4de1-8a6b-cf653e43d821 4.678s
2024-11-04 15:05:34.978 63545 INFO tempest.lib.common.rest_client [req-aeb8d433-d340-4343-83cc-0666802e1384 req-aeb8d433-d340-4343-83cc-0666802e1384 ] Request (DeleteServersTestJSON:test_delete_server_while_in_shelved_state): 200 GET http://10.180.1.21/compute/v2.1/servers/8f609401-af09-4291-a1e7-a356fbc4aac9 4.620s
2024-11-04 15:05:34.985 63545 INFO tempest.common.waiters [-] State transition "BUILD/scheduling" ==> "BUILD/None" after 15 second wait
2024-11-04 15:05:35.044 63527 INFO tempest.lib.common.rest_client [req-e5e59906-b494-4a9d-aacf-cc26785cc78c req-e5e59906-b494-4a9d-aacf-cc26785cc78c ] Request (MigrationsAdminTest:test_resize_server_revert_deleted_flavor): 200 GET http://10.180.1.21/compute/v2.1/servers/f930ab49-c215-4b2e-92b1-21c0d52a70eb 4.634s
2024-11-04 15:05:35.060 63559 INFO tempest.lib.common.rest_client [req-6a2b6909-7fc9-4a30-a239-e38c2e5f8a31 req-6a2b6909-7fc9-4a30-a239-e38c2e5f8a31 ] Request (ServersWithSpecificFlavorTestJSON:test_verify_created_server_ephemeral_disk): 204 DELETE http://10.180.1.21/compute/v2.1/servers/371ddf66-a39b-41c4-bbd1-2a1c1b99834e 3.015s
2024-11-04 15:05:35.096 63573 INFO tempest.lib.common.rest_client [req-b5e154e5-6f08-4a1e-9734-eb28f56a5966 req-b5e154e5-6f08-4a1e-9734-eb28f56a5966 ] Request (ServersTestBootFromVolume:test_list_servers): 200 GET http://10.180.1.21/compute/v2.1/servers 2.199s
2024-11-04 15:05:35.103 63521 INFO tempest.lib.common.rest_client [req-6816b2e5-a974-4e1f-a0e6-7a4f28731beb req-6816b2e5-a974-4e1f-a0e6-7a4f28731beb ] Request (ImagesTestJSON:test_create_image_from_stopped_server): 200 GET http://10.180.1.21/compute/v2.1/images/7e38f3f1-4b65-4030-8b1a-af8f828b3d96 0.863s
2024-11-04 15:05:35.144 63521 INFO tempest.lib.common.rest_client [req-50cb7517-f988-4552-806f-5db54e9af81a req-50cb7517-f988-4552-806f-5db54e9af81a ] Request (ImagesTestJSON:test_create_image_from_stopped_server): 200 GET http://10.180.1.21/image/v2/images/7e38f3f1-4b65-4030-8b1a-af8f828b3d96/tasks 0.037s
2024-11-04 15:05:35.160 63559 INFO tempest.lib.common.rest_client [req-640e4077-2736-4676-8311-017a66e6c21a req-640e4077-2736-4676-8311-017a66e6c21a ] Request (ServersWithSpecificFlavorTestJSON:test_verify_created_server_ephemeral_disk): 201 POST http://10.180.1.21/identity/v3/auth/tokens 0.097s
2024-11-04 15:05:35.161 63559 INFO tempest.lib.common.fixed_network [-] (ServersWithSpecificFlavorTestJSON:test_verify_created_server_ephemeral_disk) Found network {'id': 'c16671c6-39f3-456e-b159-3af6a9553564', 'name': 'tempest-ServersWithSpecificFlavorTestJSON-1089542181-network', 'tenant_id': 'add5612301884f668bbe80681629e8d5', 'admin_state_up': True, 'mtu': 8950, 'status': 'ACTIVE', 'subnets': [], 'shared': False, 'project_id': 'add5612301884f668bbe80681629e8d5', 'port_security_enabled': True, 'router:external': False, 'provider:network_type': 'vlan', 'provider:physical_network': 'default', 'provider:segmentation_id': 117, 'availability_zone_hints': [], 'availability_zones': [], 'ipv4_address_scope': None, 'ipv6_address_scope': None, 'description': '', 'tags': [], 'created_at': '2024-11-04T15:02:58Z', 'updated_at': '2024-11-04T15:02:58Z', 'revision_number': 1} available for tenant
2024-11-04 15:05:35.265 63543 INFO tempest.lib.common.rest_client [req-35d37338-0cdc-4cfa-a7c9-76b20f8c757b req-35d37338-0cdc-4cfa-a7c9-76b20f8c757b ] Request (ServersAdminTestJSON:test_inject_network_info): 202 POST http://10.180.1.21/compute/v2.1/servers/8a21e6a7-c34e-4af0-b1fd-8a501694614c/action 0.433s
