2024-11-04 15:04:59.692 63561 WARNING tempest.lib.common.ssh [-] Failed to establish authenticated ssh connection to cirros@10.180.180.202 ([Errno None] Unable to connect to port 22 on 10.180.180.202). Number attempts: 2. Retry after 3 seconds.: paramiko.ssh_exception.NoValidConnectionsError: [Errno None] Unable to connect to port 22 on 10.180.180.202
2024-11-04 15:04:59.895 63543 INFO tempest.lib.common.rest_client [req-88fd2f4a-6690-4257-9e1f-0e836aa9854e req-88fd2f4a-6690-4257-9e1f-0e836aa9854e ] Request (ServersAdminTestJSON:test_inject_network_info): 200 GET http://10.180.1.21/compute/v2.1/servers/8a21e6a7-c34e-4af0-b1fd-8a501694614c 0.260s
2024-11-04 15:04:59.902 63519 INFO tempest.lib.common.rest_client [req-63526111-57ab-4a64-bf99-56caf67f662f req-63526111-57ab-4a64-bf99-56caf67f662f ] Request (AttachVolumeTestJSON:test_attach_detach_volume): 200 GET http://10.180.1.21/compute/v2.1/servers/f3c837fb-be7e-40a6-aae4-7f213c62ab2c 0.197s
2024-11-04 15:04:59.955 63557 INFO tempest.lib.common.rest_client [req-f67fd690-af9f-4a45-a1a9-25505e31cf6e req-f67fd690-af9f-4a45-a1a9-25505e31cf6e ] Request (FloatingIPsAssociationNegativeTestJSON:tearDownClass): 200 GET http://10.180.1.21/compute/v2.1/servers/2f5b06f6-7178-4fdf-93b6-65477f020898 0.191s
2024-11-04 15:05:00.010 63521 INFO tempest.lib.common.rest_client [req-76bb994d-62df-46b9-ac98-5e0709f9a097 req-76bb994d-62df-46b9-ac98-5e0709f9a097 ] Request (ImagesTestJSON:test_create_image_from_stopped_server): 200 GET http://10.180.1.21/compute/v2.1/servers/f22e097d-f1a5-414a-82cc-ab455db876c7 0.208s
2024-11-04 15:05:00.017 63527 INFO tempest.lib.common.rest_client [req-6fcae437-ae5c-4796-932f-7475423b8f7e req-6fcae437-ae5c-4796-932f-7475423b8f7e ] Request (MigrationsAdminTest:test_list_migrations_in_flavor_resize_situation): 200 GET http://10.180.1.21/compute/v2.1/servers/b26a4784-698d-477a-8db7-58156899d231 0.274s
2024-11-04 15:05:00.060 63537 INFO tempest.lib.common.rest_client [req-7a01261d-dcc6-402f-a3df-6fc4717b52f9 req-7a01261d-dcc6-402f-a3df-6fc4717b52f9 ] Request (ImagesOneServerTestJSON:setUpClass): 200 GET http://10.180.1.21/compute/v2.1/servers/dd686727-fc33-4dc4-b386-aabec27cf215 0.232s
2024-11-04 15:05:00.067 63525 INFO tempest.lib.common.rest_client [req-e68ae6f1-e6fb-41cf-ad8e-43f69a9a165f req-e68ae6f1-e6fb-41cf-ad8e-43f69a9a165f ] Request (ListServerFiltersTestJSON:setUpClass): 200 GET http://10.180.1.21/compute/v2.1/servers/ea1c2d74-70b4-4547-a887-78e291c3082a 0.218s
2024-11-04 15:05:00.104 63523 INFO tempest.lib.common.rest_client [req-02e9a3c7-2e73-4d98-990a-c20ec05105f2 req-02e9a3c7-2e73-4d98-990a-c20ec05105f2 ] Request (ServersTestFqdnHostnames:test_create_server_with_fqdn_name): 200 GET http://10.180.1.21/compute/v2.1/servers/f1001633-e4e5-4de1-8a6b-cf653e43d821 0.182s
2024-11-04 15:05:00.118 63545 INFO tempest.lib.common.rest_client [req-12c282ea-4ca5-4bbe-ab93-9c6a07842b86 req-12c282ea-4ca5-4bbe-ab93-9c6a07842b86 ] Request (DeleteServersTestJSON:test_delete_server_while_in_attached_volume): 200 GET http://10.180.1.21/compute/v2.1/servers/76dff032-a806-4910-a48b-8850b05131c1 0.117s
2024-11-04 15:05:00.156 63563 INFO tempest.lib.common.rest_client [req-99a4cf7a-4a9f-4792-919f-7f55fc7ff873 req-99a4cf7a-4a9f-4792-919f-7f55fc7ff873 ] Request (DeleteServersAdminTestJSON:test_delete_server_while_in_error_state): 200 GET http://10.180.1.21/compute/v2.1/servers/bb0c149c-920e-47c4-a960-47b2fb443431 0.147s
2024-11-04 15:05:00.163 63575 INFO tempest.lib.common.rest_client [req-2375e0d0-cfd0-485b-b7fa-58ad089083ac req-2375e0d0-cfd0-485b-b7fa-58ad089083ac ] Request (AttachInterfacesTestJSON:test_create_list_show_delete_interfaces_by_fixed_ip): 200 GET http://10.180.1.21/compute/v2.1/servers/9bee3e66-93b5-4c0f-bb46-8fbd78c312c0 0.114s
2024-11-04 15:05:00.223 63581 INFO tempest.lib.common.rest_client [req-aa5b3c95-c03c-4189-8661-c7612eb7206c req-aa5b3c95-c03c-4189-8661-c7612eb7206c ] Request (ServerTagsTestJSON:tearDownClass): 200 GET http://10.180.1.21/compute/v2.1/servers/a4d45835-f065-445f-bcb6-d1b01d545cb0 0.114s
2024-11-04 15:05:00.225 63535 INFO tempest.lib.common.rest_client [req-19c2785f-27e7-43d8-8e6d-410181adcb44 req-19c2785f-27e7-43d8-8e6d-410181adcb44 ] Request (ImagesNegativeTestJSON:test_create_image_from_deleted_server): 200 GET http://10.180.1.21/compute/v2.1/servers/3ddf7322-5504-408f-af6c-af73fb1c4286 0.077s
2024-11-04 15:05:00.315 63569 INFO tempest.lib.common.rest_client [req-40b1bf90-36ae-42ed-81fd-4461ca929ec8 req-40b1bf90-36ae-42ed-81fd-4461ca929ec8 ] Request (ServerActionsTestJSON:setUpClass): 200 GET http://10.180.1.21/compute/v2.1/servers/59f32dd0-1faa-4059-9ef3-b177e8f4fa4c 0.048s
2024-11-04 15:05:00.395 63559 WARNING tempest.lib.common.ssh [-] Failed to establish authenticated ssh connection to cirros@10.180.180.234 ([Errno None] Unable to connect to port 22 on 10.180.180.234). Number attempts: 8. Retry after 9 seconds.: paramiko.ssh_exception.NoValidConnectionsError: [Errno None] Unable to connect to port 22 on 10.180.180.234
2024-11-04 15:05:00.438 63555 INFO tempest.lib.common.rest_client [req-28988813-5b2c-44c8-8cf9-5cd8d99345b4 req-28988813-5b2c-44c8-8cf9-5cd8d99345b4 ] Request (FloatingIPsAssociationTestJSON:tearDownClass): 200 GET http://10.180.1.21/compute/v2.1/servers/9b6b4da7-4f86-46bc-a75f-fc5e1126c53b 0.073s
2024-11-04 15:05:00.606 63577 INFO tempest.lib.common.rest_client [req-f30e4d56-1592-4cad-9ce4-8d888cedbcb3 req-f30e4d56-1592-4cad-9ce4-8d888cedbcb3 ] Request (ServersNegativeTestMultiTenantJSON:tearDownClass): 200 GET http://10.180.1.21/compute/v2.1/servers/b49d3ddb-5f8e-4ca8-8a3c-773c51b98f14 0.073s
2024-11-04 15:05:00.614 63577 INFO tempest.common.waiters [-] State transition "ACTIVE/deleting" ==> "DELETED/None" after 3 second wait
2024-11-04 15:05:00.638 63529 INFO tempest.lib.common.rest_client [req-f456dafe-7b57-4a61-b4af-ba06de96ba90 req-f456dafe-7b57-4a61-b4af-ba06de96ba90 ] Request (ServerRescueNegativeTestJSON:setUpClass): 200 GET http://10.180.1.21/compute/v2.1/servers/bdfdd685-e440-4f53-b6c4-2ee2f06acba8 0.058s
2024-11-04 15:05:00.646 63529 INFO tempest.common.waiters [-] State transition "BUILD/scheduling" ==> "BUILD/None" after 18 second wait
2024-11-04 15:05:00.735 63551 INFO tempest.lib.common.rest_client [req-fe63f27d-4f76-4c61-83b7-11ac2f094955 req-fe63f27d-4f76-4c61-83b7-11ac2f094955 ] Request (InstanceActionsTestJSON:test_list_instance_actions): 200 GET http://10.180.1.21/compute/v2.1/servers/78b78ae7-74fe-4403-be9b-229abe6a7353 0.145s
2024-11-04 15:05:00.744 63571 INFO tempest.lib.common.rest_client [req-36effc45-1f63-4dbc-8601-8b4fada86932 req-36effc45-1f63-4dbc-8601-8b4fada86932 ] Request (ServersAdminNegativeTestJSON:tearDownClass): 200 GET http://10.180.1.21/compute/v2.1/servers/d2614f71-3026-41d4-ae04-eaede9b5ead5 0.074s
2024-11-04 15:05:00.989 63543 INFO tempest.lib.common.rest_client [req-bd6b6c64-d092-49dd-82e7-97b0405618fe req-bd6b6c64-d092-49dd-82e7-97b0405618fe ] Request (ServersAdminTestJSON:test_inject_network_info): 200 GET http://10.180.1.21/compute/v2.1/servers/8a21e6a7-c34e-4af0-b1fd-8a501694614c 0.086s
2024-11-04 15:05:01.058 63557 INFO tempest.lib.common.rest_client [req-7d9c845f-e6a0-42a8-b0af-90627bd0cb5b req-7d9c845f-e6a0-42a8-b0af-90627bd0cb5b ] Request (FloatingIPsAssociationNegativeTestJSON:tearDownClass): 200 GET http://10.180.1.21/compute/v2.1/servers/2f5b06f6-7178-4fdf-93b6-65477f020898 0.096s
2024-11-04 15:05:01.130 63521 INFO tempest.lib.common.rest_client [req-3bfcdcae-5a76-4c59-af31-1e08c5351856 req-3bfcdcae-5a76-4c59-af31-1e08c5351856 ] Request (ImagesTestJSON:test_create_image_from_stopped_server): 200 GET http://10.180.1.21/compute/v2.1/servers/f22e097d-f1a5-414a-82cc-ab455db876c7 0.113s
2024-11-04 15:05:01.157 63519 INFO tempest.lib.common.rest_client [req-bf21867b-b684-4727-ab1a-a1357bf89bef req-bf21867b-b684-4727-ab1a-a1357bf89bef ] Request (AttachVolumeTestJSON:test_attach_detach_volume): 200 GET http://10.180.1.21/compute/v2.1/servers/f3c837fb-be7e-40a6-aae4-7f213c62ab2c 0.248s
2024-11-04 15:05:01.165 63519 INFO tempest.common.waiters [-] State transition "BUILD/None" ==> "BUILD/networking" after 41 second wait
2024-11-04 15:05:01.228 63537 INFO tempest.lib.common.rest_client [req-c60d732d-163c-49c0-bad5-c9de1ee20613 req-c60d732d-163c-49c0-bad5-c9de1ee20613 ] Request (ImagesOneServerTestJSON:setUpClass): 200 GET http://10.180.1.21/compute/v2.1/servers/dd686727-fc33-4dc4-b386-aabec27cf215 0.161s
2024-11-04 15:05:01.307 63525 INFO tempest.lib.common.rest_client [req-c6408936-d1ea-4186-bab6-e3d4dd7f5a55 req-c6408936-d1ea-4186-bab6-e3d4dd7f5a55 ] Request (ListServerFiltersTestJSON:setUpClass): 200 GET http://10.180.1.21/compute/v2.1/servers/ea1c2d74-70b4-4547-a887-78e291c3082a 0.233s
2024-11-04 15:05:01.346 63527 INFO tempest.lib.common.rest_client [req-fc6b434a-dc49-47fd-b166-1a7f706a831d req-fc6b434a-dc49-47fd-b166-1a7f706a831d ] Request (MigrationsAdminTest:test_list_migrations_in_flavor_resize_situation): 200 GET http://10.180.1.21/compute/v2.1/servers/b26a4784-698d-477a-8db7-58156899d231 0.322s
2024-11-04 15:05:01.362 63523 INFO tempest.lib.common.rest_client [req-fd7fa1bd-4913-40c0-b46b-6e0cf17e981b req-fd7fa1bd-4913-40c0-b46b-6e0cf17e981b ] Request (ServersTestFqdnHostnames:test_create_server_with_fqdn_name): 200 GET http://10.180.1.21/compute/v2.1/servers/f1001633-e4e5-4de1-8a6b-cf653e43d821 0.251s
2024-11-04 15:05:01.423 63545 INFO tempest.lib.common.rest_client [req-ebe7938a-5430-4c53-a149-17229a65be72 req-ebe7938a-5430-4c53-a149-17229a65be72 ] Request (DeleteServersTestJSON:test_delete_server_while_in_attached_volume): 200 GET http://10.180.1.21/compute/v2.1/servers/76dff032-a806-4910-a48b-8850b05131c1 0.298s
2024-11-04 15:05:01.429 63563 INFO tempest.lib.common.rest_client [req-528aaa47-31d3-4a9e-9d00-fece6aad2857 req-528aaa47-31d3-4a9e-9d00-fece6aad2857 ] Request (DeleteServersAdminTestJSON:test_delete_server_while_in_error_state): 200 GET http://10.180.1.21/compute/v2.1/servers/bb0c149c-920e-47c4-a960-47b2fb443431 0.265s
2024-11-04 15:05:01.472 63575 INFO tempest.lib.common.rest_client [req-e85888b8-3d3c-4a9b-bd19-53800b785859 req-e85888b8-3d3c-4a9b-bd19-53800b785859 ] Request (AttachInterfacesTestJSON:test_create_list_show_delete_interfaces_by_fixed_ip): 200 GET http://10.180.1.21/compute/v2.1/servers/9bee3e66-93b5-4c0f-bb46-8fbd78c312c0 0.300s
2024-11-04 15:05:01.485 63581 INFO tempest.lib.common.rest_client [req-5abdf7b8-69f1-4c94-b734-aa4736c2d545 req-5abdf7b8-69f1-4c94-b734-aa4736c2d545 ] Request (ServerTagsTestJSON:tearDownClass): 200 GET http://10.180.1.21/compute/v2.1/servers/a4d45835-f065-445f-bcb6-d1b01d545cb0 0.254s
2024-11-04 15:05:01.537 63569 INFO tempest.lib.common.rest_client [req-13d2a215-6903-464b-bc31-6b05f6d93d8f req-13d2a215-6903-464b-bc31-6b05f6d93d8f ] Request (ServerActionsTestJSON:setUpClass): 200 GET http://10.180.1.21/compute/v2.1/servers/59f32dd0-1faa-4059-9ef3-b177e8f4fa4c 0.215s
2024-11-04 15:05:01.537 63535 INFO tempest.lib.common.rest_client [req-892d5693-2ccc-45a5-99bd-f4faa60b3bc7 req-892d5693-2ccc-45a5-99bd-f4faa60b3bc7 ] Request (ImagesNegativeTestJSON:test_create_image_from_deleted_server): 200 GET http://10.180.1.21/compute/v2.1/servers/3ddf7322-5504-408f-af6c-af73fb1c4286 0.305s
2024-11-04 15:05:01.587 63555 INFO tempest.lib.common.rest_client [req-c4718e80-87e4-48ff-8c5d-d8c03df680c8 req-c4718e80-87e4-48ff-8c5d-d8c03df680c8 ] Request (FloatingIPsAssociationTestJSON:tearDownClass): 200 GET http://10.180.1.21/compute/v2.1/servers/9b6b4da7-4f86-46bc-a75f-fc5e1126c53b 0.142s
2024-11-04 15:05:01.667 63577 INFO tempest.lib.common.rest_client [req-474fe9dd-945c-4a1f-aab4-4f708c62ba05 req-474fe9dd-945c-4a1f-aab4-4f708c62ba05 ] Request (ServersNegativeTestMultiTenantJSON:tearDownClass): 200 GET http://10.180.1.21/compute/v2.1/servers/b49d3ddb-5f8e-4ca8-8a3c-773c51b98f14 0.052s
2024-11-04 15:05:01.695 63529 INFO tempest.lib.common.rest_client [req-2660c56d-22b9-476a-879b-feb99520f7db req-2660c56d-22b9-476a-879b-feb99520f7db ] Request (ServerRescueNegativeTestJSON:setUpClass): 200 GET http://10.180.1.21/compute/v2.1/servers/bdfdd685-e440-4f53-b6c4-2ee2f06acba8 0.045s
2024-11-04 15:05:01.739 63531 WARNING tempest.lib.common.ssh [-] Failed to establish authenticated ssh connection to cirros@10.180.180.135 ([Errno None] Unable to connect to port 22 on 10.180.180.135). Number attempts: 3. Retry after 4 seconds.: paramiko.ssh_exception.NoValidConnectionsError: [Errno None] Unable to connect to port 22 on 10.180.180.135
2024-11-04 15:05:01.810 63571 INFO tempest.lib.common.rest_client [req-86e78c65-7349-4b61-a802-fa97292e95d7 req-86e78c65-7349-4b61-a802-fa97292e95d7 ] Request (ServersAdminNegativeTestJSON:tearDownClass): 200 GET http://10.180.1.21/compute/v2.1/servers/d2614f71-3026-41d4-ae04-eaede9b5ead5 0.059s
2024-11-04 15:05:01.845 63551 INFO tempest.lib.common.rest_client [req-5799f4b8-3d04-49f2-9f21-c469e86f4125 req-5799f4b8-3d04-49f2-9f21-c469e86f4125 ] Request (InstanceActionsTestJSON:test_list_instance_actions): 200 GET http://10.180.1.21/compute/v2.1/servers/78b78ae7-74fe-4403-be9b-229abe6a7353 0.100s
2024-11-04 15:05:02.042 63543 INFO tempest.lib.common.rest_client [req-9f4e43c5-7f46-4562-b3a5-c9930641ba72 req-9f4e43c5-7f46-4562-b3a5-c9930641ba72 ] Request (ServersAdminTestJSON:test_inject_network_info): 200 GET http://10.180.1.21/compute/v2.1/servers/8a21e6a7-c34e-4af0-b1fd-8a501694614c 0.046s
2024-11-04 15:05:02.118 63557 INFO tempest.lib.common.rest_client [req-2a0f3b80-66c7-4d1a-9cf2-412209c948fe req-2a0f3b80-66c7-4d1a-9cf2-412209c948fe ] Request (FloatingIPsAssociationNegativeTestJSON:tearDownClass): 200 GET http://10.180.1.21/compute/v2.1/servers/2f5b06f6-7178-4fdf-93b6-65477f020898 0.052s
2024-11-04 15:05:02.189 63521 INFO tempest.lib.common.rest_client [req-16d58fa9-c230-464f-b886-dd5d460a460f req-16d58fa9-c230-464f-b886-dd5d460a460f ] Request (ImagesTestJSON:test_create_image_from_stopped_server): 200 GET http://10.180.1.21/compute/v2.1/servers/f22e097d-f1a5-414a-82cc-ab455db876c7 0.051s
2024-11-04 15:05:02.259 63519 INFO tempest.lib.common.rest_client [req-d383c849-299a-4d51-a862-ddc8d563543c req-d383c849-299a-4d51-a862-ddc8d563543c ] Request (AttachVolumeTestJSON:test_attach_detach_volume): 200 GET http://10.180.1.21/compute/v2.1/servers/f3c837fb-be7e-40a6-aae4-7f213c62ab2c 0.092s
2024-11-04 15:05:02.265 63519 INFO tempest.common.waiters [-] State transition "BUILD/networking" ==> "BUILD/spawning" after 42 second wait
2024-11-04 15:05:02.278 63537 INFO tempest.lib.common.rest_client [req-3365963a-74c7-40c9-b6ca-494190ff62d5 req-3365963a-74c7-40c9-b6ca-494190ff62d5 ] Request (ImagesOneServerTestJSON:setUpClass): 200 GET http://10.180.1.21/compute/v2.1/servers/dd686727-fc33-4dc4-b386-aabec27cf215 0.044s
2024-11-04 15:05:02.365 63525 INFO tempest.lib.common.rest_client [req-2968c6f9-dfee-4f83-a282-42189485fba6 req-2968c6f9-dfee-4f83-a282-42189485fba6 ] Request (ListServerFiltersTestJSON:setUpClass): 200 GET http://10.180.1.21/compute/v2.1/servers/ea1c2d74-70b4-4547-a887-78e291c3082a 0.046s
2024-11-04 15:05:02.420 63523 INFO tempest.lib.common.rest_client [req-027d015c-8697-4ac0-91a8-b9abff09dfe7 req-027d015c-8697-4ac0-91a8-b9abff09dfe7 ] Request (ServersTestFqdnHostnames:test_create_server_with_fqdn_name): 200 GET http://10.180.1.21/compute/v2.1/servers/f1001633-e4e5-4de1-8a6b-cf653e43d821 0.051s
2024-11-04 15:05:02.455 63527 INFO tempest.lib.common.rest_client [req-dba5ab69-2ae9-41cd-8e01-329ddc734a0e req-dba5ab69-2ae9-41cd-8e01-329ddc734a0e ] Request (MigrationsAdminTest:test_list_migrations_in_flavor_resize_situation): 200 GET http://10.180.1.21/compute/v2.1/servers/b26a4784-698d-477a-8db7-58156899d231 0.101s
2024-11-04 15:05:02.490 63545 INFO tempest.lib.common.rest_client [req-ca0bea48-0271-4f99-a1fe-8e89924d2f55 req-ca0bea48-0271-4f99-a1fe-8e89924d2f55 ] Request (DeleteServersTestJSON:test_delete_server_while_in_attached_volume): 200 GET http://10.180.1.21/compute/v2.1/servers/76dff032-a806-4910-a48b-8850b05131c1 0.060s
2024-11-04 15:05:02.502 63563 INFO tempest.lib.common.rest_client [req-fb2d1127-f13c-4573-a80b-4712f74f9b01 req-fb2d1127-f13c-4573-a80b-4712f74f9b01 ] Request (DeleteServersAdminTestJSON:test_delete_server_while_in_error_state): 200 GET http://10.180.1.21/compute/v2.1/servers/bb0c149c-920e-47c4-a960-47b2fb443431 0.066s
2024-11-04 15:05:02.508 63573 WARNING tempest.lib.common.ssh [-] Failed to establish authenticated ssh connection to cirros@10.180.180.168 ([Errno None] Unable to connect to port 22 on 10.180.180.168). Number attempts: 2. Retry after 3 seconds.: paramiko.ssh_exception.NoValidConnectionsError: [Errno None] Unable to connect to port 22 on 10.180.180.168
2024-11-04 15:05:02.533 63575 INFO tempest.lib.common.rest_client [req-b2adaeaa-9a70-4b39-9416-5795267f3775 req-b2adaeaa-9a70-4b39-9416-5795267f3775 ] Request (AttachInterfacesTestJSON:test_create_list_show_delete_interfaces_by_fixed_ip): 200 GET http://10.180.1.21/compute/v2.1/servers/9bee3e66-93b5-4c0f-bb46-8fbd78c312c0 0.054s
2024-11-04 15:05:02.555 63581 INFO tempest.lib.common.rest_client [req-5d356b28-0bb9-45f1-a9e8-96b93e952467 req-5d356b28-0bb9-45f1-a9e8-96b93e952467 ] Request (ServerTagsTestJSON:tearDownClass): 200 GET http://10.180.1.21/compute/v2.1/servers/a4d45835-f065-445f-bcb6-d1b01d545cb0 0.059s
2024-11-04 15:05:02.602 63569 INFO tempest.lib.common.rest_client [req-27ca3894-8a98-4ff1-a760-557480daca58 req-27ca3894-8a98-4ff1-a760-557480daca58 ] Request (ServerActionsTestJSON:setUpClass): 200 GET http://10.180.1.21/compute/v2.1/servers/59f32dd0-1faa-4059-9ef3-b177e8f4fa4c 0.057s
2024-11-04 15:05:02.621 63535 INFO tempest.lib.common.rest_client [req-593099d9-d363-4b2f-8195-6bbad9af8ccc req-593099d9-d363-4b2f-8195-6bbad9af8ccc ] Request (ImagesNegativeTestJSON:test_create_image_from_deleted_server): 200 GET http://10.180.1.21/compute/v2.1/servers/3ddf7322-5504-408f-af6c-af73fb1c4286 0.074s
2024-11-04 15:05:02.663 63555 INFO tempest.lib.common.rest_client [req-e8d1bb9c-5c3b-43f0-818f-021ccdfef6ad req-e8d1bb9c-5c3b-43f0-818f-021ccdfef6ad ] Request (FloatingIPsAssociationTestJSON:tearDownClass): 200 GET http://10.180.1.21/compute/v2.1/servers/9b6b4da7-4f86-46bc-a75f-fc5e1126c53b 0.069s
2024-11-04 15:05:02.731 63577 INFO tempest.lib.common.rest_client [req-80d95447-3518-4c4b-bf18-e780e19d7b4e req-80d95447-3518-4c4b-bf18-e780e19d7b4e ] Request (ServersNegativeTestMultiTenantJSON:tearDownClass): 200 GET http://10.180.1.21/compute/v2.1/servers/b49d3ddb-5f8e-4ca8-8a3c-773c51b98f14 0.057s
2024-11-04 15:05:02.750 63529 INFO tempest.lib.common.rest_client [req-51e53a44-6cd3-4c1d-ada6-ac14ea15f86e req-51e53a44-6cd3-4c1d-ada6-ac14ea15f86e ] Request (ServerRescueNegativeTestJSON:setUpClass): 200 GET http://10.180.1.21/compute/v2.1/servers/bdfdd685-e440-4f53-b6c4-2ee2f06acba8 0.049s
2024-11-04 15:05:02.875 63571 INFO tempest.lib.common.rest_client [req-841638c7-3ab7-4a93-b860-e4b89715823a req-841638c7-3ab7-4a93-b860-e4b89715823a ] Request (ServersAdminNegativeTestJSON:tearDownClass): 200 GET http://10.180.1.21/compute/v2.1/servers/d2614f71-3026-41d4-ae04-eaede9b5ead5 0.058s
2024-11-04 15:05:02.967 63551 INFO tempest.lib.common.rest_client [req-f8454afc-941a-4eed-9948-587b9edc670d req-f8454afc-941a-4eed-9948-587b9edc670d ] Request (InstanceActionsTestJSON:test_list_instance_actions): 200 GET http://10.180.1.21/compute/v2.1/servers/78b78ae7-74fe-4403-be9b-229abe6a7353 0.114s
2024-11-04 15:05:02.973 63551 INFO tempest.common.waiters [-] State transition "HARD_REBOOT/rebooting_hard" ==> "HARD_REBOOT/reboot_started_hard" after 3 second wait
2024-11-04 15:05:03.107 63543 INFO tempest.lib.common.rest_client [req-4e0e243c-dcb3-4959-a576-56697bba13cb req-4e0e243c-dcb3-4959-a576-56697bba13cb ] Request (ServersAdminTestJSON:test_inject_network_info): 200 GET http://10.180.1.21/compute/v2.1/servers/8a21e6a7-c34e-4af0-b1fd-8a501694614c 0.058s
2024-11-04 15:05:03.186 63557 INFO tempest.lib.common.rest_client [req-f8a6f49a-1d5f-4884-b4b3-cfd2ff3f2986 req-f8a6f49a-1d5f-4884-b4b3-cfd2ff3f2986 ] Request (FloatingIPsAssociationNegativeTestJSON:tearDownClass): 200 GET http://10.180.1.21/compute/v2.1/servers/2f5b06f6-7178-4fdf-93b6-65477f020898 0.062s
2024-11-04 15:05:03.257 63521 INFO tempest.lib.common.rest_client [req-454e9479-957e-4c9e-b4e0-83ec2df66573 req-454e9479-957e-4c9e-b4e0-83ec2df66573 ] Request (ImagesTestJSON:test_create_image_from_stopped_server): 200 GET http://10.180.1.21/compute/v2.1/servers/f22e097d-f1a5-414a-82cc-ab455db876c7 0.061s
2024-11-04 15:05:03.263 63521 INFO tempest.common.waiters [-] State transition "BUILD/None" ==> "BUILD/networking" after 40 second wait
2024-11-04 15:05:03.348 63537 INFO tempest.lib.common.rest_client [req-030875f2-0238-44bd-b7f3-38d9e8897529 req-030875f2-0238-44bd-b7f3-38d9e8897529 ] Request (ImagesOneServerTestJSON:setUpClass): 200 GET http://10.180.1.21/compute/v2.1/servers/dd686727-fc33-4dc4-b386-aabec27cf215 0.062s
2024-11-04 15:05:03.435 63519 INFO tempest.lib.common.rest_client [req-95ecf67b-1bbf-4fb5-8a8c-0e411a1fc1e5 req-95ecf67b-1bbf-4fb5-8a8c-0e411a1fc1e5 ] Request (AttachVolumeTestJSON:test_attach_detach_volume): 200 GET http://10.180.1.21/compute/v2.1/servers/f3c837fb-be7e-40a6-aae4-7f213c62ab2c 0.168s
2024-11-04 15:05:03.435 63525 INFO tempest.lib.common.rest_client [req-79d6f925-76e3-4ffc-85a4-dd534d1a46ca req-79d6f925-76e3-4ffc-85a4-dd534d1a46ca ] Request (ListServerFiltersTestJSON:setUpClass): 200 GET http://10.180.1.21/compute/v2.1/servers/ea1c2d74-70b4-4547-a887-78e291c3082a 0.063s
2024-11-04 15:05:03.486 63523 INFO tempest.lib.common.rest_client [req-b98cd758-d300-4f0b-9f3a-5a11c52ba867 req-b98cd758-d300-4f0b-9f3a-5a11c52ba867 ] Request (ServersTestFqdnHostnames:test_create_server_with_fqdn_name): 200 GET http://10.180.1.21/compute/v2.1/servers/f1001633-e4e5-4de1-8a6b-cf653e43d821 0.059s
2024-11-04 15:05:03.572 63545 INFO tempest.lib.common.rest_client [req-f43b9e60-874a-4545-a21a-e5320e6e84f5 req-f43b9e60-874a-4545-a21a-e5320e6e84f5 ] Request (DeleteServersTestJSON:test_delete_server_while_in_attached_volume): 200 GET http://10.180.1.21/compute/v2.1/servers/76dff032-a806-4910-a48b-8850b05131c1 0.073s
2024-11-04 15:05:03.598 63527 INFO tempest.lib.common.rest_client [req-35e94072-192a-40ac-84ac-55307b1aff2d req-35e94072-192a-40ac-84ac-55307b1aff2d ] Request (MigrationsAdminTest:test_list_migrations_in_flavor_resize_situation): 200 GET http://10.180.1.21/compute/v2.1/servers/b26a4784-698d-477a-8db7-58156899d231 0.136s
2024-11-04 15:05:03.631 63563 INFO tempest.lib.common.rest_client [req-e0e12e35-63d9-4fb9-a2da-901a7fd8b854 req-e0e12e35-63d9-4fb9-a2da-901a7fd8b854 ] Request (DeleteServersAdminTestJSON:test_delete_server_while_in_error_state): 200 GET http://10.180.1.21/compute/v2.1/servers/bb0c149c-920e-47c4-a960-47b2fb443431 0.118s
2024-11-04 15:05:03.649 63575 INFO tempest.lib.common.rest_client [req-8a7bd449-b969-4f74-9ff0-8a239b3bb579 req-8a7bd449-b969-4f74-9ff0-8a239b3bb579 ] Request (AttachInterfacesTestJSON:test_create_list_show_delete_interfaces_by_fixed_ip): 200 GET http://10.180.1.21/compute/v2.1/servers/9bee3e66-93b5-4c0f-bb46-8fbd78c312c0 0.108s
2024-11-04 15:05:03.697 63581 INFO tempest.lib.common.rest_client [req-949acb7a-6d10-435d-93bc-a3af513e12b7 req-949acb7a-6d10-435d-93bc-a3af513e12b7 ] Request (ServerTagsTestJSON:tearDownClass): 200 GET http://10.180.1.21/compute/v2.1/servers/a4d45835-f065-445f-bcb6-d1b01d545cb0 0.133s
2024-11-04 15:05:03.703 63569 INFO tempest.lib.common.rest_client [req-6e6dfbe3-0730-44cd-ad79-9931757ce947 req-6e6dfbe3-0730-44cd-ad79-9931757ce947 ] Request (ServerActionsTestJSON:setUpClass): 200 GET http://10.180.1.21/compute/v2.1/servers/59f32dd0-1faa-4059-9ef3-b177e8f4fa4c 0.088s
2024-11-04 15:05:03.715 63535 INFO tempest.lib.common.rest_client [req-1c25afdb-bae1-4f6b-8801-6cc5ab812cae req-1c25afdb-bae1-4f6b-8801-6cc5ab812cae ] Request (ImagesNegativeTestJSON:test_create_image_from_deleted_server): 404 GET http://10.180.1.21/compute/v2.1/servers/3ddf7322-5504-408f-af6c-af73fb1c4286 0.085s
2024-11-04 15:05:03.735 63535 INFO tempest.lib.common.rest_client [req-82b5cb5c-ff61-4d1a-bde8-d02f6a3f4fce req-82b5cb5c-ff61-4d1a-bde8-d02f6a3f4fce ] Request (ImagesNegativeTestJSON:test_create_image_from_deleted_server): 404 POST http://10.180.1.21/compute/v2.1/servers/3ddf7322-5504-408f-af6c-af73fb1c4286/action 0.019s
2024-11-04 15:05:03.743 63535 INFO tempest.lib.common.rest_client [req-59644b8e-8676-42c6-a5c4-c908d1116f0b req-59644b8e-8676-42c6-a5c4-c908d1116f0b ] Request (ImagesNegativeTestJSON:test_create_image_from_invalid_server): 404 POST http://10.180.1.21/compute/v2.1/servers/tempest-invalid-1520439679/action 0.006s
2024-11-04 15:05:03.759 63555 INFO tempest.lib.common.rest_client [req-17c6f0fb-2a70-4db4-9571-454bb6c28a5f req-17c6f0fb-2a70-4db4-9571-454bb6c28a5f ] Request (FloatingIPsAssociationTestJSON:tearDownClass): 200 GET http://10.180.1.21/compute/v2.1/servers/9b6b4da7-4f86-46bc-a75f-fc5e1126c53b 0.088s
2024-11-04 15:05:03.763 63535 INFO tempest.lib.common.rest_client [req-7a99eda3-bde0-4bec-b887-4b36d378283b req-7a99eda3-bde0-4bec-b887-4b36d378283b ] Request (ImagesNegativeTestJSON:test_create_image_specify_uuid_35_characters_or_less): 404 POST http://10.180.1.21/compute/v2.1/servers/aaaaaaaaaaaaaaaaaaaaaaaaaaaaaaaaaaa/action 0.019s
2024-11-04 15:05:03.799 63577 INFO tempest.lib.common.rest_client [req-36eb54ac-db52-46ce-9e69-ac290100ccfc req-36eb54ac-db52-46ce-9e69-ac290100ccfc ] Request (ServersNegativeTestMultiTenantJSON:tearDownClass): 200 GET http://10.180.1.21/compute/v2.1/servers/b49d3ddb-5f8e-4ca8-8a3c-773c51b98f14 0.061s
2024-11-04 15:05:03.805 63535 INFO tempest.lib.common.rest_client [req-d8a33584-6d4e-42b3-8d32-ecde0b5fc6c7 req-d8a33584-6d4e-42b3-8d32-ecde0b5fc6c7 ] Request (ImagesNegativeTestJSON:test_create_image_specify_uuid_37_characters_or_more): 404 POST http://10.180.1.21/compute/v2.1/servers/aaaaaaaaaaaaaaaaaaaaaaaaaaaaaaaaaaaaa/action 0.040s
2024-11-04 15:05:03.817 63529 INFO tempest.lib.common.rest_client [req-316adaf9-59b4-4402-8847-8d88a543bb2d req-316adaf9-59b4-4402-8847-8d88a543bb2d ] Request (ServerRescueNegativeTestJSON:setUpClass): 200 GET http://10.180.1.21/compute/v2.1/servers/bdfdd685-e440-4f53-b6c4-2ee2f06acba8 0.060s
2024-11-04 15:05:03.824 63535 INFO tempest.lib.common.rest_client [req-90d3f760-59cf-405a-b9a2-9b7ac3c79916 req-90d3f760-59cf-405a-b9a2-9b7ac3c79916 ] Request (ImagesNegativeTestJSON:tearDownClass): 404 DELETE http://10.180.1.21/compute/v2.1/servers/3ddf7322-5504-408f-af6c-af73fb1c4286 0.019s
2024-11-04 15:05:03.847 63535 INFO tempest.lib.common.rest_client [req-514d5981-3b4e-44d5-97ec-6c91d6d13796 req-514d5981-3b4e-44d5-97ec-6c91d6d13796 ] Request (ImagesNegativeTestJSON:tearDownClass): 404 GET http://10.180.1.21/compute/v2.1/servers/3ddf7322-5504-408f-af6c-af73fb1c4286 0.022s
2024-11-04 15:05:03.946 63571 INFO tempest.lib.common.rest_client [req-9512dc1c-c955-4212-863f-6f933bd55ea4 req-9512dc1c-c955-4212-863f-6f933bd55ea4 ] Request (ServersAdminNegativeTestJSON:tearDownClass): 200 GET http://10.180.1.21/compute/v2.1/servers/d2614f71-3026-41d4-ae04-eaede9b5ead5 0.064s
2024-11-04 15:05:04.094 63551 INFO tempest.lib.common.rest_client [req-34e28e7f-1b83-41fc-88eb-d32694ef79c3 req-34e28e7f-1b83-41fc-88eb-d32694ef79c3 ] Request (InstanceActionsTestJSON:test_list_instance_actions): 200 GET http://10.180.1.21/compute/v2.1/servers/78b78ae7-74fe-4403-be9b-229abe6a7353 0.119s
2024-11-04 15:05:04.100 63551 INFO tempest.common.waiters [-] State transition "HARD_REBOOT/reboot_started_hard" ==> "ACTIVE/None" after 5 second wait
2024-11-04 15:05:04.136 63551 INFO tempest.lib.common.rest_client [req-45f343cf-36fd-4b66-b120-532ac830ced9 req-45f343cf-36fd-4b66-b120-532ac830ced9 ] Request (InstanceActionsTestJSON:test_list_instance_actions): 200 GET http://10.180.1.21/compute/v2.1/servers/78b78ae7-74fe-4403-be9b-229abe6a7353/os-instance-actions 0.035s
2024-11-04 15:05:04.173 63543 INFO tempest.lib.common.rest_client [req-eb2ae987-5b6a-4a05-a102-9b0edb61e4c7 req-eb2ae987-5b6a-4a05-a102-9b0edb61e4c7 ] Request (ServersAdminTestJSON:test_inject_network_info): 200 GET http://10.180.1.21/compute/v2.1/servers/8a21e6a7-c34e-4af0-b1fd-8a501694614c 0.058s
2024-11-04 15:05:04.209 63551 INFO tempest.lib.common.rest_client [req-8d7502c6-e2ab-4a2b-9396-0fb16648f179 req-8d7502c6-e2ab-4a2b-9396-0fb16648f179 ] Request (InstanceActionsTestJSON:tearDownClass): 204 DELETE http://10.180.1.21/compute/v2.1/servers/78b78ae7-74fe-4403-be9b-229abe6a7353 0.071s
2024-11-04 15:05:04.269 63557 INFO tempest.lib.common.rest_client [req-95b26db4-bc57-40b1-93e6-d7e59fb882fd req-95b26db4-bc57-40b1-93e6-d7e59fb882fd ] Request (FloatingIPsAssociationNegativeTestJSON:tearDownClass): 200 GET http://10.180.1.21/compute/v2.1/servers/2f5b06f6-7178-4fdf-93b6-65477f020898 0.075s
2024-11-04 15:05:04.375 63551 INFO tempest.lib.common.rest_client [req-4cd5f2aa-ae85-40d5-81c3-e4451b712e1b req-4cd5f2aa-ae85-40d5-81c3-e4451b712e1b ] Request (InstanceActionsTestJSON:tearDownClass): 200 GET http://10.180.1.21/compute/v2.1/servers/78b78ae7-74fe-4403-be9b-229abe6a7353 0.165s
2024-11-04 15:05:04.424 63537 INFO tempest.lib.common.rest_client [req-995ecab1-df7d-449c-877c-f78cf302103f req-995ecab1-df7d-449c-877c-f78cf302103f ] Request (ImagesOneServerTestJSON:setUpClass): 200 GET http://10.180.1.21/compute/v2.1/servers/dd686727-fc33-4dc4-b386-aabec27cf215 0.069s
2024-11-04 15:05:04.449 63521 INFO tempest.lib.common.rest_client [req-e674dd8b-5067-45ab-945c-48ed7fd7d787 req-e674dd8b-5067-45ab-945c-48ed7fd7d787 ] Request (ImagesTestJSON:test_create_image_from_stopped_server): 200 GET http://10.180.1.21/compute/v2.1/servers/f22e097d-f1a5-414a-82cc-ab455db876c7 0.184s
2024-11-04 15:05:04.455 63521 INFO tempest.common.waiters [-] State transition "BUILD/networking" ==> "BUILD/spawning" after 41 second wait
2024-11-04 15:05:04.512 63525 INFO tempest.lib.common.rest_client [req-ef1c5ba2-f8e7-4c71-8467-d46366e21530 req-ef1c5ba2-f8e7-4c71-8467-d46366e21530 ] Request (ListServerFiltersTestJSON:setUpClass): 200 GET http://10.180.1.21/compute/v2.1/servers/ea1c2d74-70b4-4547-a887-78e291c3082a 0.070s
2024-11-04 15:05:04.580 63523 INFO tempest.lib.common.rest_client [req-8f5a4413-b500-42e1-b0fa-dd15fb57b629 req-8f5a4413-b500-42e1-b0fa-dd15fb57b629 ] Request (ServersTestFqdnHostnames:test_create_server_with_fqdn_name): 200 GET http://10.180.1.21/compute/v2.1/servers/f1001633-e4e5-4de1-8a6b-cf653e43d821 0.088s
2024-11-04 15:05:04.613 63519 INFO tempest.lib.common.rest_client [req-0e10609d-d09c-4acd-b4b1-c970922cd585 req-0e10609d-d09c-4acd-b4b1-c970922cd585 ] Request (AttachVolumeTestJSON:test_attach_detach_volume): 200 GET http://10.180.1.21/compute/v2.1/servers/f3c837fb-be7e-40a6-aae4-7f213c62ab2c 0.169s
2024-11-04 15:05:04.668 63545 INFO tempest.lib.common.rest_client [req-3681acfd-097d-48e5-8a72-1dc323d41585 req-3681acfd-097d-48e5-8a72-1dc323d41585 ] Request (DeleteServersTestJSON:test_delete_server_while_in_attached_volume): 200 GET http://10.180.1.21/compute/v2.1/servers/76dff032-a806-4910-a48b-8850b05131c1 0.083s
2024-11-04 15:05:04.740 63563 INFO tempest.lib.common.rest_client [req-b80262b9-f106-4d9a-a961-f698c8000ac0 req-b80262b9-f106-4d9a-a961-f698c8000ac0 ] Request (DeleteServersAdminTestJSON:test_delete_server_while_in_error_state): 200 GET http://10.180.1.21/compute/v2.1/servers/bb0c149c-920e-47c4-a960-47b2fb443431 0.101s
2024-11-04 15:05:04.748 63565 WARNING tempest.lib.common.ssh [-] Failed to establish authenticated ssh connection to cirros@10.180.180.149 ([Errno None] Unable to connect to port 22 on 10.180.180.149). Number attempts: 4. Retry after 5 seconds.: paramiko.ssh_exception.NoValidConnectionsError: [Errno None] Unable to connect to port 22 on 10.180.180.149
2024-11-04 15:05:04.783 63527 INFO tempest.lib.common.rest_client [req-2de69d58-8f24-499a-bb55-2b986ea18d96 req-2de69d58-8f24-499a-bb55-2b986ea18d96 ] Request (MigrationsAdminTest:test_list_migrations_in_flavor_resize_situation): 200 GET http://10.180.1.21/compute/v2.1/servers/b26a4784-698d-477a-8db7-58156899d231 0.178s
2024-11-04 15:05:04.804 63575 INFO tempest.lib.common.rest_client [req-0389bb21-bdcc-452c-9c41-719d71bab336 req-0389bb21-bdcc-452c-9c41-719d71bab336 ] Request (AttachInterfacesTestJSON:test_create_list_show_delete_interfaces_by_fixed_ip): 200 GET http://10.180.1.21/compute/v2.1/servers/9bee3e66-93b5-4c0f-bb46-8fbd78c312c0 0.147s
2024-11-04 15:05:04.876 63569 INFO tempest.lib.common.rest_client [req-13819e18-43d1-4228-8497-9b25a01faa13 req-13819e18-43d1-4228-8497-9b25a01faa13 ] Request (ServerActionsTestJSON:setUpClass): 200 GET http://10.180.1.21/compute/v2.1/servers/59f32dd0-1faa-4059-9ef3-b177e8f4fa4c 0.162s
2024-11-04 15:05:04.889 63581 INFO tempest.lib.common.rest_client [req-d18864ae-6017-4096-ade8-d42d85054e9f req-d18864ae-6017-4096-ade8-d42d85054e9f ] Request (ServerTagsTestJSON:tearDownClass): 200 GET http://10.180.1.21/compute/v2.1/servers/a4d45835-f065-445f-bcb6-d1b01d545cb0 0.184s
2024-11-04 15:05:04.906 63535 INFO tempest.lib.common.rest_client [req-bec0a99e-4b43-4c64-99ab-3b6f2af1e31a req-bec0a99e-4b43-4c64-99ab-3b6f2af1e31a ] Request (ImagesNegativeTestJSON:tearDownClass): 200 PUT http://10.180.1.21:9696/networking/v2.0/routers/9db1f922-fff1-4f25-8e77-489c3e37314f/remove_router_interface 1.058s
2024-11-04 15:05:04.952 63555 INFO tempest.lib.common.rest_client [req-7831926c-7e24-4fc6-bba3-44a9e72d017f req-7831926c-7e24-4fc6-bba3-44a9e72d017f ] Request (FloatingIPsAssociationTestJSON:tearDownClass): 200 GET http://10.180.1.21/compute/v2.1/servers/9b6b4da7-4f86-46bc-a75f-fc5e1126c53b 0.183s
2024-11-04 15:05:04.967 63577 INFO tempest.lib.common.rest_client [req-0b155b04-5d2c-4dbe-935f-36acdffe999d req-0b155b04-5d2c-4dbe-935f-36acdffe999d ] Request (ServersNegativeTestMultiTenantJSON:tearDownClass): 200 GET http://10.180.1.21/compute/v2.1/servers/b49d3ddb-5f8e-4ca8-8a3c-773c51b98f14 0.161s
2024-11-04 15:05:05.021 63529 INFO tempest.lib.common.rest_client [req-cfd773f7-8ba0-4427-8c15-8427b300b16b req-cfd773f7-8ba0-4427-8c15-8427b300b16b ] Request (ServerRescueNegativeTestJSON:setUpClass): 200 GET http://10.180.1.21/compute/v2.1/servers/bdfdd685-e440-4f53-b6c4-2ee2f06acba8 0.197s
2024-11-04 15:05:05.036 63571 INFO tempest.lib.common.rest_client [req-a88db5de-9ff0-433f-be06-5a2d1e75c814 req-a88db5de-9ff0-433f-be06-5a2d1e75c814 ] Request (ServersAdminNegativeTestJSON:tearDownClass): 200 GET http://10.180.1.21/compute/v2.1/servers/d2614f71-3026-41d4-ae04-eaede9b5ead5 0.083s
2024-11-04 15:05:05.460 63543 INFO tempest.lib.common.rest_client [req-fccf3f48-2c83-4e5f-a04d-0413e1d11dbc req-fccf3f48-2c83-4e5f-a04d-0413e1d11dbc ] Request (ServersAdminTestJSON:test_inject_network_info): 200 GET http://10.180.1.21/compute/v2.1/servers/8a21e6a7-c34e-4af0-b1fd-8a501694614c 0.280s
2024-11-04 15:05:05.460 63557 INFO tempest.lib.common.rest_client [req-53ce45fb-1e82-462a-ace9-0242363145c7 req-53ce45fb-1e82-462a-ace9-0242363145c7 ] Request (FloatingIPsAssociationNegativeTestJSON:tearDownClass): 200 GET http://10.180.1.21/compute/v2.1/servers/2f5b06f6-7178-4fdf-93b6-65477f020898 0.183s
2024-11-04 15:05:05.535 63537 INFO tempest.lib.common.rest_client [req-842c1b44-fe4a-4597-b5a8-7926055922d6 req-842c1b44-fe4a-4597-b5a8-7926055922d6 ] Request (ImagesOneServerTestJSON:setUpClass): 200 GET http://10.180.1.21/compute/v2.1/servers/dd686727-fc33-4dc4-b386-aabec27cf215 0.102s
2024-11-04 15:05:05.665 63551 INFO tempest.lib.common.rest_client [req-0e9585c1-2843-4510-90d5-db171fd567bd req-0e9585c1-2843-4510-90d5-db171fd567bd ] Request (InstanceActionsTestJSON:tearDownClass): 200 GET http://10.180.1.21/compute/v2.1/servers/78b78ae7-74fe-4403-be9b-229abe6a7353 0.283s
2024-11-04 15:05:05.735 63525 INFO tempest.lib.common.rest_client [req-7b87afb9-ddeb-4ded-ba64-8acb24152a4b req-7b87afb9-ddeb-4ded-ba64-8acb24152a4b ] Request (ListServerFiltersTestJSON:setUpClass): 200 GET http://10.180.1.21/compute/v2.1/servers/ea1c2d74-70b4-4547-a887-78e291c3082a 0.216s
2024-11-04 15:05:05.745 63521 INFO tempest.lib.common.rest_client [req-6e893617-0640-49b9-93e2-2ffe1a2d103e req-6e893617-0640-49b9-93e2-2ffe1a2d103e ] Request (ImagesTestJSON:test_create_image_from_stopped_server): 200 GET http://10.180.1.21/compute/v2.1/servers/f22e097d-f1a5-414a-82cc-ab455db876c7 0.289s
2024-11-04 15:05:05.821 63523 INFO tempest.lib.common.rest_client [req-2a12f01b-bb3f-4a4b-8c7e-ff05740cc58b req-2a12f01b-bb3f-4a4b-8c7e-ff05740cc58b ] Request (ServersTestFqdnHostnames:test_create_server_with_fqdn_name): 200 GET http://10.180.1.21/compute/v2.1/servers/f1001633-e4e5-4de1-8a6b-cf653e43d821 0.233s
2024-11-04 15:05:05.848 63535 INFO tempest.lib.common.rest_client [req-880a04d0-1d39-404c-b7d8-b24b5da3731e req-880a04d0-1d39-404c-b7d8-b24b5da3731e ] Request (ImagesNegativeTestJSON:tearDownClass): 204 DELETE http://10.180.1.21:9696/networking/v2.0/routers/9db1f922-fff1-4f25-8e77-489c3e37314f 0.941s
2024-11-04 15:05:05.882 63545 INFO tempest.lib.common.rest_client [req-bbf2bce4-b9ca-4d77-a5e1-cbcd4a10cf28 req-bbf2bce4-b9ca-4d77-a5e1-cbcd4a10cf28 ] Request (DeleteServersTestJSON:test_delete_server_while_in_attached_volume): 200 GET http://10.180.1.21/compute/v2.1/servers/76dff032-a806-4910-a48b-8850b05131c1 0.206s
2024-11-04 15:05:05.883 63519 INFO tempest.lib.common.rest_client [req-654157b5-3e8d-4014-a32b-6248de7d377e req-654157b5-3e8d-4014-a32b-6248de7d377e ] Request (AttachVolumeTestJSON:test_attach_detach_volume): 200 GET http://10.180.1.21/compute/v2.1/servers/f3c837fb-be7e-40a6-aae4-7f213c62ab2c 0.260s
2024-11-04 15:05:05.962 63535 INFO tempest.lib.common.rest_client [req-b5bd7bf1-3c49-4728-bb61-5770eea78f77 req-b5bd7bf1-3c49-4728-bb61-5770eea78f77 ] Request (ImagesNegativeTestJSON:tearDownClass): 204 DELETE http://10.180.1.21:9696/networking/v2.0/subnets/3b026041-138b-45d5-97d3-56f71622272c 0.114s
2024-11-04 15:05:05.962 63563 INFO tempest.lib.common.rest_client [req-83bd71a2-87ca-4447-914b-f1d328dc1c8b req-83bd71a2-87ca-4447-914b-f1d328dc1c8b ] Request (DeleteServersAdminTestJSON:test_delete_server_while_in_error_state): 200 GET http://10.180.1.21/compute/v2.1/servers/bb0c149c-920e-47c4-a960-47b2fb443431 0.214s
2024-11-04 15:05:06.033 63575 INFO tempest.lib.common.rest_client [req-906103a7-203e-4ca2-b52a-24ce430278f2 req-906103a7-203e-4ca2-b52a-24ce430278f2 ] Request (AttachInterfacesTestJSON:test_create_list_show_delete_interfaces_by_fixed_ip): 200 GET http://10.180.1.21/compute/v2.1/servers/9bee3e66-93b5-4c0f-bb46-8fbd78c312c0 0.219s
2024-11-04 15:05:06.063 63527 INFO tempest.lib.common.rest_client [req-7790a4c8-1c72-4b66-8508-df302e883133 req-7790a4c8-1c72-4b66-8508-df302e883133 ] Request (MigrationsAdminTest:test_list_migrations_in_flavor_resize_situation): 200 GET http://10.180.1.21/compute/v2.1/servers/b26a4784-698d-477a-8db7-58156899d231 0.271s
2024-11-04 15:05:06.070 63527 INFO tempest.common.waiters [-] State transition "VERIFY_RESIZE/None" ==> "ACTIVE/None" after 35 second wait
2024-11-04 15:05:06.085 63569 INFO tempest.lib.common.rest_client [req-078628de-490c-496e-a36d-154673c3fef5 req-078628de-490c-496e-a36d-154673c3fef5 ] Request (ServerActionsTestJSON:setUpClass): 200 GET http://10.180.1.21/compute/v2.1/servers/59f32dd0-1faa-4059-9ef3-b177e8f4fa4c 0.200s
2024-11-04 15:05:06.125 63581 INFO tempest.lib.common.rest_client [req-b08461f1-42a3-41eb-814e-35a4f08cc1b9 req-b08461f1-42a3-41eb-814e-35a4f08cc1b9 ] Request (ServerTagsTestJSON:tearDownClass): 200 GET http://10.180.1.21/compute/v2.1/servers/a4d45835-f065-445f-bcb6-d1b01d545cb0 0.227s
2024-11-04 15:05:06.147 63555 INFO tempest.lib.common.rest_client [req-bef71cb3-8679-4cef-9d47-da22beb14230 req-bef71cb3-8679-4cef-9d47-da22beb14230 ] Request (FloatingIPsAssociationTestJSON:tearDownClass): 200 GET http://10.180.1.21/compute/v2.1/servers/9b6b4da7-4f86-46bc-a75f-fc5e1126c53b 0.187s
2024-11-04 15:05:06.188 63577 INFO tempest.lib.common.rest_client [req-a96c3d18-cbd5-4021-bb3d-14a03c41b6d6 req-a96c3d18-cbd5-4021-bb3d-14a03c41b6d6 ] Request (ServersNegativeTestMultiTenantJSON:tearDownClass): 200 GET http://10.180.1.21/compute/v2.1/servers/b49d3ddb-5f8e-4ca8-8a3c-773c51b98f14 0.213s
2024-11-04 15:05:06.198 63535 INFO tempest.lib.common.rest_client [req-56d36652-80c4-458d-9f92-2ce89099ea53 req-56d36652-80c4-458d-9f92-2ce89099ea53 ] Request (ImagesNegativeTestJSON:tearDownClass): 204 DELETE http://10.180.1.21:9696/networking/v2.0/networks/15c14192-e89d-4440-b84f-a102214859df 0.235s
2024-11-04 15:05:06.221 63529 INFO tempest.lib.common.rest_client [req-7e09f6a5-2bd0-4cc4-b3ea-771d841c83cd req-7e09f6a5-2bd0-4cc4-b3ea-771d841c83cd ] Request (ServerRescueNegativeTestJSON:setUpClass): 200 GET http://10.180.1.21/compute/v2.1/servers/bdfdd685-e440-4f53-b6c4-2ee2f06acba8 0.191s
2024-11-04 15:05:06.278 63571 INFO tempest.lib.common.rest_client [req-61c8adeb-9735-4f78-b2d9-e68c108d99c9 req-61c8adeb-9735-4f78-b2d9-e68c108d99c9 ] Request (ServersAdminNegativeTestJSON:tearDownClass): 200 GET http://10.180.1.21/compute/v2.1/servers/d2614f71-3026-41d4-ae04-eaede9b5ead5 0.235s
2024-11-04 15:05:06.284 63561 WARNING tempest.lib.common.ssh [-] Failed to establish authenticated ssh connection to cirros@10.180.180.202 ([Errno None] Unable to connect to port 22 on 10.180.180.202). Number attempts: 3. Retry after 4 seconds.: paramiko.ssh_exception.NoValidConnectionsError: [Errno None] Unable to connect to port 22 on 10.180.180.202
2024-11-04 15:05:06.328 63535 INFO tempest.lib.common.rest_client [req-9c74cc78-54b0-420e-b556-2565ea715adf req-9c74cc78-54b0-420e-b556-2565ea715adf ] Request (ImagesNegativeTestJSON:tearDownClass): 204 DELETE http://10.180.1.21/identity/v3/users/e9bddae208e94dbd8b1a6b188e7f651f 0.129s
2024-11-04 15:05:06.328 63535 INFO tempest.lib.common.dynamic_creds [-] Deleting project and security group for project: 198c0b3be81b48e08fbbcd5e637eecbc
2024-11-04 15:05:06.376 63535 INFO tempest.lib.common.rest_client [req-cc4bc1e6-4d3e-4761-a1f8-00800a387fa1 req-cc4bc1e6-4d3e-4761-a1f8-00800a387fa1 ] Request (ImagesNegativeTestJSON:tearDownClass): 200 GET http://10.180.1.21:9696/networking/v2.0/security-groups?tenant_id=198c0b3be81b48e08fbbcd5e637eecbc&name=default 0.047s
2024-11-04 15:05:06.394 63527 INFO tempest.lib.common.rest_client [req-87de7626-b280-4536-98ff-2f1cabbb9869 req-87de7626-b280-4536-98ff-2f1cabbb9869 ] Request (MigrationsAdminTest:test_list_migrations_in_flavor_resize_situation): 200 GET http://10.180.1.21/compute/v2.1/servers/b26a4784-698d-477a-8db7-58156899d231 0.324s
2024-11-04 15:05:06.451 63527 INFO tempest.lib.common.rest_client [req-67925253-2907-4c4c-af76-d3d3172ef4d4 req-67925253-2907-4c4c-af76-d3d3172ef4d4 ] Request (MigrationsAdminTest:test_list_migrations_in_flavor_resize_situation): 200 POST http://10.180.1.21/compute/v2.1/os-keypairs 0.048s
2024-11-04 15:05:06.474 63535 INFO tempest.lib.common.rest_client [req-d2479073-9c9c-4416-82bd-6c049ce9537e req-d2479073-9c9c-4416-82bd-6c049ce9537e ] Request (ImagesNegativeTestJSON:tearDownClass): 204 DELETE http://10.180.1.21:9696/networking/v2.0/security-groups/3c5886d4-a449-48fc-9a01-837084438080 0.098s
2024-11-04 15:05:06.524 63543 INFO tempest.lib.common.rest_client [req-750b50f9-6f79-4b19-a115-433c145cc2d9 req-750b50f9-6f79-4b19-a115-433c145cc2d9 ] Request (ServersAdminTestJSON:test_inject_network_info): 200 GET http://10.180.1.21/compute/v2.1/servers/8a21e6a7-c34e-4af0-b1fd-8a501694614c 0.057s
2024-11-04 15:05:06.531 63557 INFO tempest.lib.common.rest_client [req-4327c11c-bb9e-49c2-b215-6c977aa71ef9 req-4327c11c-bb9e-49c2-b215-6c977aa71ef9 ] Request (FloatingIPsAssociationNegativeTestJSON:tearDownClass): 200 GET http://10.180.1.21/compute/v2.1/servers/2f5b06f6-7178-4fdf-93b6-65477f020898 0.061s
2024-11-04 15:05:06.563 63527 INFO tempest.lib.common.rest_client [req-f222aa67-aa2a-40de-b533-2ac6ebb8650c req-f222aa67-aa2a-40de-b533-2ac6ebb8650c ] Request (MigrationsAdminTest:test_list_migrations_in_flavor_resize_situation): 201 POST http://10.180.1.21:9696/networking/v2.0/security-groups 0.110s
2024-11-04 15:05:06.571 63535 INFO tempest.lib.common.rest_client [req-cba470c4-7022-4f26-9930-aaae3ab5d184 req-cba470c4-7022-4f26-9930-aaae3ab5d184 ] Request (ImagesNegativeTestJSON:tearDownClass): 204 DELETE http://10.180.1.21/identity/v3/projects/198c0b3be81b48e08fbbcd5e637eecbc 0.095s
2024-11-04 15:05:06.600 63537 INFO tempest.lib.common.rest_client [req-bc264e72-73de-4928-9371-bf060e1e3d3a req-bc264e72-73de-4928-9371-bf060e1e3d3a ] Request (ImagesOneServerTestJSON:setUpClass): 200 GET http://10.180.1.21/compute/v2.1/servers/dd686727-fc33-4dc4-b386-aabec27cf215 0.057s
2024-11-04 15:05:06.603 63547 WARNING tempest.lib.common.ssh [-] Failed to establish authenticated ssh connection to cirros@10.180.180.138 ([Errno None] Unable to connect to port 22 on 10.180.180.138). Number attempts: 7. Retry after 8 seconds.: paramiko.ssh_exception.NoValidConnectionsError: [Errno None] Unable to connect to port 22 on 10.180.180.138
2024-11-04 15:05:06.641 63535 INFO tempest.lib.common.rest_client [req-2fc77409-a57f-4377-ae85-8381fca0ae1e req-2fc77409-a57f-4377-ae85-8381fca0ae1e ] Request (ListImageFiltersTestJSON:setUpClass): 201 POST http://10.180.1.21/identity/v3/auth/tokens 0.069s
2024-11-04 15:05:06.644 63527 INFO tempest.lib.common.rest_client [req-2fd1c766-a106-4975-a20a-628911dbe83e req-2fd1c766-a106-4975-a20a-628911dbe83e ] Request (MigrationsAdminTest:test_list_migrations_in_flavor_resize_situation): 201 POST http://10.180.1.21:9696/networking/v2.0/security-group-rules 0.080s
2024-11-04 15:05:06.671 63535 INFO tempest.lib.common.rest_client [req-f4c34610-47fa-4cf4-aceb-92f5c1fe9f99 req-f4c34610-47fa-4cf4-aceb-92f5c1fe9f99 ] Request (ListImageFiltersTestJSON:setUpClass): 201 POST http://10.180.1.21/identity/v3/auth/tokens 0.027s
2024-11-04 15:05:06.693 63535 INFO tempest.lib.common.rest_client [req-cc5b9d9d-d2c8-45a7-b83b-7b95bcee6843 req-cc5b9d9d-d2c8-45a7-b83b-7b95bcee6843 ] Request (ListImageFiltersTestJSON:setUpClass): 200 GET http://10.180.1.21/identity/v3/domains?name=Default 0.022s
2024-11-04 15:05:06.722 63535 INFO tempest.lib.common.rest_client [req-25c9e3c9-54e2-4f11-8c29-cf5c061ea52e req-25c9e3c9-54e2-4f11-8c29-cf5c061ea52e ] Request (ListImageFiltersTestJSON:setUpClass): 201 POST http://10.180.1.21/identity/v3/projects 0.028s
2024-11-04 15:05:06.734 63551 INFO tempest.lib.common.rest_client [req-bb86b832-24af-483d-b641-8ef96acb6f5a req-bb86b832-24af-483d-b641-8ef96acb6f5a ] Request (InstanceActionsTestJSON:tearDownClass): 200 GET http://10.180.1.21/compute/v2.1/servers/78b78ae7-74fe-4403-be9b-229abe6a7353 0.060s
2024-11-04 15:05:06.741 63527 INFO tempest.lib.common.rest_client [req-d0abe702-bfed-4ffd-9fdc-a7cf133f1c80 req-d0abe702-bfed-4ffd-9fdc-a7cf133f1c80 ] Request (MigrationsAdminTest:test_list_migrations_in_flavor_resize_situation): 201 POST http://10.180.1.21:9696/networking/v2.0/security-group-rules 0.097s
2024-11-04 15:05:06.786 63535 INFO tempest.lib.common.rest_client [req-2553a4f4-94fe-4c3e-95cf-85dab1152878 req-2553a4f4-94fe-4c3e-95cf-85dab1152878 ] Request (ListImageFiltersTestJSON:setUpClass): 201 POST http://10.180.1.21/identity/v3/users 0.063s
2024-11-04 15:05:06.806 63535 INFO tempest.lib.common.rest_client [req-9ede32d7-cf39-4d15-ac2b-67dec563a19f req-9ede32d7-cf39-4d15-ac2b-67dec563a19f ] Request (ListImageFiltersTestJSON:setUpClass): 200 GET http://10.180.1.21/identity/v3/roles 0.020s
2024-11-04 15:05:06.807 63525 INFO tempest.lib.common.rest_client [req-56313296-2fe4-49ae-bac4-fb566961a5cb req-56313296-2fe4-49ae-bac4-fb566961a5cb ] Request (ListServerFiltersTestJSON:setUpClass): 200 GET http://10.180.1.21/compute/v2.1/servers/ea1c2d74-70b4-4547-a887-78e291c3082a 0.062s
2024-11-04 15:05:06.837 63535 INFO tempest.lib.common.rest_client [req-4ba465bb-90ed-48e2-b506-efaa794734da req-4ba465bb-90ed-48e2-b506-efaa794734da ] Request (ListImageFiltersTestJSON:setUpClass): 204 PUT http://10.180.1.21/identity/v3/projects/894db968242b469b87d1e9084d7c1dd0/users/b47b4554d1464808bc7810b31190b43a/roles/b8fc5eb45d064836adfaf48a8353a475 0.030s
2024-11-04 15:05:06.837 63535 INFO tempest.lib.common.dynamic_creds [-] Dynamic test user b47b4554d1464808bc7810b31190b43a is created with scope project and roles: ['member']
2024-11-04 15:05:06.837 63535 INFO tempest.lib.common.dynamic_creds [-] Acquired dynamic creds: credentials: Credentials: {'domain_id': 'default', 'domain_name': 'Default', 'username': 'tempest-ListImageFiltersTestJSON-230309819-project-member', 'project_domain_id': 'default', 'project_domain_name': 'Default', 'project_id': '894db968242b469b87d1e9084d7c1dd0', 'project_name': 'tempest-ListImageFiltersTestJSON-230309819', 'tenant_id': '894db968242b469b87d1e9084d7c1dd0', 'tenant_name': 'tempest-ListImageFiltersTestJSON-230309819', 'user_domain_id': 'default', 'user_domain_name': 'Default', 'user_id': 'b47b4554d1464808bc7810b31190b43a', 'system': None}, Network: None, Subnet: None, Router: None
2024-11-04 15:05:06.837 63535 INFO tempest.lib.common.dynamic_creds [-] Created isolated network resources for: credentials: Credentials: {'domain_id': 'default', 'domain_name': 'Default', 'username': 'tempest-ListImageFiltersTestJSON-230309819-project-member', 'project_domain_id': 'default', 'project_domain_name': 'Default', 'project_id': '894db968242b469b87d1e9084d7c1dd0', 'project_name': 'tempest-ListImageFiltersTestJSON-230309819', 'tenant_id': '894db968242b469b87d1e9084d7c1dd0', 'tenant_name': 'tempest-ListImageFiltersTestJSON-230309819', 'user_domain_id': 'default', 'user_domain_name': 'Default', 'user_id': 'b47b4554d1464808bc7810b31190b43a', 'system': None}, Network: None, Subnet: None, Router: None
2024-11-04 15:05:06.920 63535 INFO tempest.lib.common.rest_client [req-019d172b-627a-4965-98ec-2e5dfedbc400 req-019d172b-627a-4965-98ec-2e5dfedbc400 ] Request (ListImageFiltersTestJSON:setUpClass): 201 POST http://10.180.1.21/identity/v3/auth/tokens 0.078s
