2024-11-04 15:04:44.750 63569 INFO tempest.lib.common.rest_client [req-7dcb9de4-6288-4058-8a4d-e973b6a199cc req-7dcb9de4-6288-4058-8a4d-e973b6a199cc ] Request (ServerActionsTestJSON:setUpClass): 201 POST http://10.180.1.21/identity/v3/projects 0.045s
2024-11-04 15:04:44.776 63537 INFO tempest.lib.common.rest_client [req-f8a2e10f-e623-4c00-bd0f-38814a7f93b3 req-f8a2e10f-e623-4c00-bd0f-38814a7f93b3 ] Request (ImagesOneServerTestJSON:setUpClass): 200 GET http://10.180.1.21/compute/v2.1/servers/dd686727-fc33-4dc4-b386-aabec27cf215 0.313s
2024-11-04 15:04:44.833 63569 INFO tempest.lib.common.rest_client [req-123349eb-0ce4-461e-9a4d-3746655f4692 req-123349eb-0ce4-461e-9a4d-3746655f4692 ] Request (ServerActionsTestJSON:setUpClass): 201 POST http://10.180.1.21/identity/v3/users 0.082s
2024-11-04 15:04:44.845 63541 WARNING tempest.lib.common.ssh [-] Failed to establish authenticated ssh connection to cirros@10.180.180.254 ([Errno None] Unable to connect to port 22 on 10.180.180.254). Number attempts: 7. Retry after 8 seconds.: paramiko.ssh_exception.NoValidConnectionsError: [Errno None] Unable to connect to port 22 on 10.180.180.254
2024-11-04 15:04:44.861 63569 INFO tempest.lib.common.rest_client [req-4a33e77f-9792-4a74-9391-35230aad793b req-4a33e77f-9792-4a74-9391-35230aad793b ] Request (ServerActionsTestJSON:setUpClass): 200 GET http://10.180.1.21/identity/v3/roles 0.028s
2024-11-04 15:04:44.899 63569 INFO tempest.lib.common.rest_client [req-13b59a54-f1a0-4c20-8c0a-01d557e71d91 req-13b59a54-f1a0-4c20-8c0a-01d557e71d91 ] Request (ServerActionsTestJSON:setUpClass): 204 PUT http://10.180.1.21/identity/v3/projects/86ad52b551104a2594f1dbbc287f9efa/users/4a208cee3d9c4efb8240ad943b55e915/roles/b8fc5eb45d064836adfaf48a8353a475 0.037s
2024-11-04 15:04:44.900 63569 INFO tempest.lib.common.dynamic_creds [-] Dynamic test user 4a208cee3d9c4efb8240ad943b55e915 is created with scope project and roles: ['member']
2024-11-04 15:04:44.900 63569 INFO tempest.lib.common.dynamic_creds [-] Acquired dynamic creds: credentials: Credentials: {'domain_id': 'default', 'domain_name': 'Default', 'username': 'tempest-ServerActionsTestJSON-798658854-project-member', 'project_domain_id': 'default', 'project_domain_name': 'Default', 'project_id': '86ad52b551104a2594f1dbbc287f9efa', 'project_name': 'tempest-ServerActionsTestJSON-798658854', 'tenant_id': '86ad52b551104a2594f1dbbc287f9efa', 'tenant_name': 'tempest-ServerActionsTestJSON-798658854', 'user_domain_id': 'default', 'user_domain_name': 'Default', 'user_id': '4a208cee3d9c4efb8240ad943b55e915', 'system': None}, Network: None, Subnet: None, Router: None
2024-11-04 15:04:44.925 63531 INFO tempest.lib.common.rest_client [req-73f2bb7d-7cc4-4540-adf7-06eb22e5341d req-73f2bb7d-7cc4-4540-adf7-06eb22e5341d ] Request (ServersV294TestFqdnHostnames:setUpClass): 200 GET http://10.180.1.21/compute/v2.1/servers/ff793464-9bef-449f-8485-36d3b8fb1d69 0.521s
2024-11-04 15:04:44.964 63545 INFO tempest.lib.common.rest_client [req-d3f16745-5e35-4a4d-950a-5928d4f6f4d0 req-d3f16745-5e35-4a4d-950a-5928d4f6f4d0 ] Request (DeleteServersTestJSON:test_delete_server_while_in_attached_volume): 200 GET http://10.180.1.21/compute/v2.1/servers/76dff032-a806-4910-a48b-8850b05131c1 0.452s
2024-11-04 15:04:44.975 63569 INFO tempest.lib.common.rest_client [req-80b38506-ecb1-4764-bf69-c2e8e5a2c5e2 req-80b38506-ecb1-4764-bf69-c2e8e5a2c5e2 ] Request (ServerActionsTestJSON:setUpClass): 201 POST http://10.180.1.21/identity/v3/auth/tokens 0.075s
2024-11-04 15:04:44.998 63555 INFO tempest.lib.common.rest_client [req-6d5c3d8d-eba8-4da0-904b-afb3589b7694 req-6d5c3d8d-eba8-4da0-904b-afb3589b7694 ] Request (FloatingIPsAssociationTestJSON:tearDownClass): 200 GET http://10.180.1.21/compute/v2.1/servers/a0762952-2afd-448a-8e46-ba788a4ca131 0.457s
2024-11-04 15:04:45.112 63563 INFO tempest.lib.common.rest_client [req-9f546818-d3dd-4c79-b598-cce2a7df33a2 req-9f546818-d3dd-4c79-b598-cce2a7df33a2 ] Request (DeleteServersAdminTestJSON:test_delete_server_while_in_error_state): 200 GET http://10.180.1.21/compute/v2.1/servers/bb0c149c-920e-47c4-a960-47b2fb443431 0.082s
2024-11-04 15:04:45.120 63563 INFO tempest.common.waiters [-] State transition "ERROR/deleting" ==> "DELETED/None" after 3 second wait
2024-11-04 15:04:45.157 63573 INFO tempest.lib.common.rest_client [req-f61b2570-4bef-4fab-95ad-dc65e8b1bd3c req-f61b2570-4bef-4fab-95ad-dc65e8b1bd3c ] Request (ServersTestBootFromVolume:setUpClass): 200 GET http://10.180.1.21/compute/v2.1/servers/e30d4a9f-1d75-453c-9552-2a0fbd4aa87d 0.245s
2024-11-04 15:04:45.188 63575 INFO tempest.lib.common.rest_client [req-d6bdfbf4-e5d8-4b40-b02a-754e688dff1b req-d6bdfbf4-e5d8-4b40-b02a-754e688dff1b ] Request (AttachInterfacesTestJSON:test_create_list_show_delete_interfaces_by_fixed_ip): 200 GET http://10.180.1.21/compute/v2.1/servers/9bee3e66-93b5-4c0f-bb46-8fbd78c312c0 0.085s
2024-11-04 15:04:45.284 63523 INFO tempest.lib.common.rest_client [req-9d456c11-3fb1-481d-aa1d-13e0b0c645ae req-9d456c11-3fb1-481d-aa1d-13e0b0c645ae ] Request (ServersTestFqdnHostnames:test_create_server_with_fqdn_name): 201 POST http://10.180.1.21:9696/networking/v2.0/floatingips 0.941s
2024-11-04 15:04:45.311 63561 INFO tempest.lib.common.rest_client [req-217eb343-1504-4ba7-a206-4c21bbdfe852 req-217eb343-1504-4ba7-a206-4c21bbdfe852 ] Request (ServersTestManualDisk:setUpClass): 200 GET http://10.180.1.21/compute/v2.1/servers/32bcb974-8db9-43e2-b397-b497f3a4f30c 0.192s
2024-11-04 15:04:45.329 63581 INFO tempest.lib.common.rest_client [req-17e2ae61-1bd1-4e10-8ab6-e586dccf0b8a req-17e2ae61-1bd1-4e10-8ab6-e586dccf0b8a ] Request (ServerTagsTestJSON:tearDownClass): 200 GET http://10.180.1.21/compute/v2.1/servers/a4d45835-f065-445f-bcb6-d1b01d545cb0 0.102s
2024-11-04 15:04:45.371 63523 INFO tempest.lib.common.rest_client [req-a907bded-f28c-4385-9404-005fe70a6454 req-a907bded-f28c-4385-9404-005fe70a6454 ] Request (ServersTestFqdnHostnames:test_create_server_with_fqdn_name): 201 POST http://10.180.1.21/identity/v3/auth/tokens 0.077s
2024-11-04 15:04:45.372 63523 INFO tempest.lib.common.fixed_network [-] (ServersTestFqdnHostnames:test_create_server_with_fqdn_name) Found network {'id': '6ca2a9c9-ad13-4e1f-9a03-8a2d2f942025', 'name': 'tempest-ServersTestFqdnHostnames-354897565-network', 'tenant_id': 'f4ea5d0199a04f959e59a8e134687392', 'admin_state_up': True, 'mtu': 8950, 'status': 'ACTIVE', 'subnets': [], 'shared': False, 'project_id': 'f4ea5d0199a04f959e59a8e134687392', 'port_security_enabled': True, 'router:external': False, 'provider:network_type': 'vlan', 'provider:physical_network': 'default', 'provider:segmentation_id': 894, 'availability_zone_hints': [], 'availability_zones': [], 'ipv4_address_scope': None, 'ipv6_address_scope': None, 'description': '', 'tags': [], 'created_at': '2024-11-04T15:04:39Z', 'updated_at': '2024-11-04T15:04:39Z', 'revision_number': 1} available for tenant
2024-11-04 15:04:45.397 63569 INFO tempest.lib.common.rest_client [req-e698a2f4-68bb-4abb-a22d-d1878bc1f2dd req-e698a2f4-68bb-4abb-a22d-d1878bc1f2dd ] Request (ServerActionsTestJSON:setUpClass): 201 POST http://10.180.1.21:9696/networking/v2.0/networks 0.420s
2024-11-04 15:04:45.398 63535 INFO tempest.lib.common.rest_client [req-e63e6430-8f78-433a-8a3c-b5af6f4a7849 req-e63e6430-8f78-433a-8a3c-b5af6f4a7849 ] Request (ImagesNegativeTestJSON:test_create_image_from_deleted_server): 200 GET http://10.180.1.21/compute/v2.1/servers/3ddf7322-5504-408f-af6c-af73fb1c4286 0.075s
2024-11-04 15:04:45.460 63527 INFO tempest.lib.common.rest_client [req-30cf8fd5-5b7c-47a3-bda8-4f02d4a63aca req-30cf8fd5-5b7c-47a3-bda8-4f02d4a63aca ] Request (MigrationsAdminTest:test_list_migrations_in_flavor_resize_situation): 200 GET http://10.180.1.21/compute/v2.1/servers/b26a4784-698d-477a-8db7-58156899d231 0.130s
2024-11-04 15:04:45.657 63577 INFO tempest.lib.common.rest_client [req-56cf6a4e-e52c-4b22-b1dd-84b7419541b7 req-56cf6a4e-e52c-4b22-b1dd-84b7419541b7 ] Request (ServersNegativeTestMultiTenantJSON:setUpClass): 200 GET http://10.180.1.21/compute/v2.1/servers/b49d3ddb-5f8e-4ca8-8a3c-773c51b98f14 0.251s
2024-11-04 15:04:45.663 63577 INFO tempest.common.waiters [-] State transition "BUILD/networking" ==> "BUILD/block_device_mapping" after 28 second wait
2024-11-04 15:04:45.721 63571 INFO tempest.lib.common.rest_client [req-d80efb3f-513d-4eae-a18c-e0b6fcf68821 req-d80efb3f-513d-4eae-a18c-e0b6fcf68821 ] Request (ServersAdminNegativeTestJSON:tearDownClass): 200 GET http://10.180.1.21/compute/v2.1/servers/d2614f71-3026-41d4-ae04-eaede9b5ead5 0.299s
2024-11-04 15:04:45.784 63529 INFO tempest.lib.common.rest_client [req-4fef9e35-667f-4692-9f13-f555d2f58325 req-4fef9e35-667f-4692-9f13-f555d2f58325 ] Request (ServerRescueNegativeTestJSON:setUpClass): 200 GET http://10.180.1.21/compute/v2.1/servers/bdfdd685-e440-4f53-b6c4-2ee2f06acba8 0.300s
2024-11-04 15:04:45.794 63569 INFO tempest.lib.common.rest_client [req-b1c1bc13-9f25-43c5-a5e5-1b2fd618de49 req-b1c1bc13-9f25-43c5-a5e5-1b2fd618de49 ] Request (ServerActionsTestJSON:setUpClass): 201 POST http://10.180.1.21:9696/networking/v2.0/subnets 0.396s
2024-11-04 15:04:45.858 63557 INFO tempest.lib.common.rest_client [req-024e57ee-3ab0-4275-9f8f-fa0fdf946cc3 req-024e57ee-3ab0-4275-9f8f-fa0fdf946cc3 ] Request (FloatingIPsAssociationNegativeTestJSON:tearDownClass): 200 GET http://10.180.1.21/compute/v2.1/servers/2f5b06f6-7178-4fdf-93b6-65477f020898 0.330s
2024-11-04 15:04:45.865 63523 INFO tempest.lib.common.rest_client [req-006f19a5-6e7a-4a9f-9377-d20c4b79d565 req-006f19a5-6e7a-4a9f-9377-d20c4b79d565 ] Request (ServersTestFqdnHostnames:test_create_server_with_fqdn_name): 202 POST http://10.180.1.21/compute/v2.1/servers 0.492s
2024-11-04 15:04:45.926 63519 INFO tempest.lib.common.rest_client [req-236c4259-e2bb-4fd4-a903-4713c551a3e2 req-236c4259-e2bb-4fd4-a903-4713c551a3e2 ] Request (AttachVolumeTestJSON:test_attach_detach_volume): 200 GET http://10.180.1.21/compute/v2.1/servers/f3c837fb-be7e-40a6-aae4-7f213c62ab2c 0.359s
2024-11-04 15:04:45.940 63543 INFO tempest.lib.common.rest_client [req-830794c2-5336-4263-9a96-4e95f903ef28 req-830794c2-5336-4263-9a96-4e95f903ef28 ] Request (ServersAdminTestJSON:test_inject_network_info): 200 GET http://10.180.1.21/compute/v2.1/servers/8a21e6a7-c34e-4af0-b1fd-8a501694614c 0.340s
2024-11-04 15:04:45.985 63521 INFO tempest.lib.common.rest_client [req-ab8d32ff-ebbe-4818-9540-b4328f63c0e9 req-ab8d32ff-ebbe-4818-9540-b4328f63c0e9 ] Request (ImagesTestJSON:test_create_image_from_stopped_server): 200 GET http://10.180.1.21/compute/v2.1/servers/f22e097d-f1a5-414a-82cc-ab455db876c7 0.347s
2024-11-04 15:04:45.998 63525 INFO tempest.lib.common.rest_client [req-1d86194f-f886-4d31-a1d0-127a05053635 req-1d86194f-f886-4d31-a1d0-127a05053635 ] Request (ListServerFiltersTestJSON:setUpClass): 200 GET http://10.180.1.21/compute/v2.1/servers/ea1c2d74-70b4-4547-a887-78e291c3082a 0.341s
2024-11-04 15:04:46.044 63551 INFO tempest.lib.common.rest_client [req-3eac927a-77d3-4ec7-b6d4-affa77b5077c req-3eac927a-77d3-4ec7-b6d4-affa77b5077c ] Request (InstanceActionsTestJSON:setUpClass): 200 GET http://10.180.1.21/compute/v2.1/servers/78b78ae7-74fe-4403-be9b-229abe6a7353 0.329s
2024-11-04 15:04:46.058 63537 INFO tempest.lib.common.rest_client [req-73c912ab-73b0-4ac4-8c27-3c5742b84ec9 req-73c912ab-73b0-4ac4-8c27-3c5742b84ec9 ] Request (ImagesOneServerTestJSON:setUpClass): 200 GET http://10.180.1.21/compute/v2.1/servers/dd686727-fc33-4dc4-b386-aabec27cf215 0.271s
2024-11-04 15:04:46.088 63523 INFO tempest.lib.common.rest_client [req-4d0642b7-0888-4238-bf1a-4b41373f343c req-4d0642b7-0888-4238-bf1a-4b41373f343c ] Request (ServersTestFqdnHostnames:test_create_server_with_fqdn_name): 200 GET http://10.180.1.21/compute/v2.1/servers/f1001633-e4e5-4de1-8a6b-cf653e43d821 0.222s
2024-11-04 15:04:46.236 63531 INFO tempest.lib.common.rest_client [req-9d796a61-132c-411e-8ba2-0f1918516ac4 req-9d796a61-132c-411e-8ba2-0f1918516ac4 ] Request (ServersV294TestFqdnHostnames:setUpClass): 200 GET http://10.180.1.21/compute/v2.1/servers/ff793464-9bef-449f-8485-36d3b8fb1d69 0.299s
2024-11-04 15:04:46.248 63531 INFO tempest.common.waiters [-] State transition "BUILD/spawning" ==> "ACTIVE/None" after 42 second wait
2024-11-04 15:04:46.251 63545 INFO tempest.lib.common.rest_client [req-bbc2402e-7b55-4c06-a247-2cd47eee9844 req-bbc2402e-7b55-4c06-a247-2cd47eee9844 ] Request (DeleteServersTestJSON:test_delete_server_while_in_attached_volume): 200 GET http://10.180.1.21/compute/v2.1/servers/76dff032-a806-4910-a48b-8850b05131c1 0.280s
2024-11-04 15:04:46.303 63555 INFO tempest.lib.common.rest_client [req-0cf85a09-4f6c-464c-b747-15c7364f6e1a req-0cf85a09-4f6c-464c-b747-15c7364f6e1a ] Request (FloatingIPsAssociationTestJSON:tearDownClass): 200 GET http://10.180.1.21/compute/v2.1/servers/a0762952-2afd-448a-8e46-ba788a4ca131 0.299s
2024-11-04 15:04:46.313 63563 INFO tempest.lib.common.rest_client [req-b7021625-d0da-4f09-8e36-9615eee6c7ad req-b7021625-d0da-4f09-8e36-9615eee6c7ad ] Request (DeleteServersAdminTestJSON:test_delete_server_while_in_error_state): 200 GET http://10.180.1.21/compute/v2.1/servers/bb0c149c-920e-47c4-a960-47b2fb443431 0.192s
2024-11-04 15:04:46.443 63547 WARNING tempest.lib.common.ssh [-] Failed to establish authenticated ssh connection to cirros@10.180.180.138 ([Errno None] Unable to connect to port 22 on 10.180.180.138). Number attempts: 5. Retry after 6 seconds.: paramiko.ssh_exception.NoValidConnectionsError: [Errno None] Unable to connect to port 22 on 10.180.180.138
2024-11-04 15:04:46.573 63533 WARNING tempest.lib.common.ssh [-] Failed to establish authenticated ssh connection to cirros@10.180.180.194 ([Errno None] Unable to connect to port 22 on 10.180.180.194). Number attempts: 7. Retry after 8 seconds.: paramiko.ssh_exception.NoValidConnectionsError: [Errno None] Unable to connect to port 22 on 10.180.180.194
2024-11-04 15:04:46.589 63575 INFO tempest.lib.common.rest_client [req-11371332-917f-4a9c-8db6-e9b23a357d98 req-11371332-917f-4a9c-8db6-e9b23a357d98 ] Request (AttachInterfacesTestJSON:test_create_list_show_delete_interfaces_by_fixed_ip): 200 GET http://10.180.1.21/compute/v2.1/servers/9bee3e66-93b5-4c0f-bb46-8fbd78c312c0 0.390s
2024-11-04 15:04:46.704 63531 INFO tempest.lib.common.rest_client [req-40e9ccfa-6e68-4b06-9a40-05566931b290 req-40e9ccfa-6e68-4b06-9a40-05566931b290 ] Request (ServersV294TestFqdnHostnames:setUpClass): 200 GET http://10.180.1.21/compute/v2.1/servers/ff793464-9bef-449f-8485-36d3b8fb1d69/os-interface 0.456s
2024-11-04 15:04:46.717 63573 INFO tempest.lib.common.rest_client [req-123fa2c0-b724-487f-ae7b-9a45b28c41ae req-123fa2c0-b724-487f-ae7b-9a45b28c41ae ] Request (ServersTestBootFromVolume:setUpClass): 200 GET http://10.180.1.21/compute/v2.1/servers/e30d4a9f-1d75-453c-9552-2a0fbd4aa87d 0.545s
2024-11-04 15:04:46.816 63581 INFO tempest.lib.common.rest_client [req-3cc75d78-80c6-47d9-ac31-2287d2968e59 req-3cc75d78-80c6-47d9-ac31-2287d2968e59 ] Request (ServerTagsTestJSON:tearDownClass): 200 GET http://10.180.1.21/compute/v2.1/servers/a4d45835-f065-445f-bcb6-d1b01d545cb0 0.473s
2024-11-04 15:04:46.873 63535 INFO tempest.lib.common.rest_client [req-b079f0dc-428f-4890-80e6-a50c96ce4821 req-b079f0dc-428f-4890-80e6-a50c96ce4821 ] Request (ImagesNegativeTestJSON:test_create_image_from_deleted_server): 200 GET http://10.180.1.21/compute/v2.1/servers/3ddf7322-5504-408f-af6c-af73fb1c4286 0.467s
2024-11-04 15:04:46.952 63561 INFO tempest.lib.common.rest_client [req-6a72297f-da4d-4aa6-842f-b5708e68c6ed req-6a72297f-da4d-4aa6-842f-b5708e68c6ed ] Request (ServersTestManualDisk:setUpClass): 200 GET http://10.180.1.21/compute/v2.1/servers/32bcb974-8db9-43e2-b397-b497f3a4f30c 0.632s
2024-11-04 15:04:47.035 63527 INFO tempest.lib.common.rest_client [req-5dbdcb73-4595-4dcb-aae0-c71a3517c864 req-5dbdcb73-4595-4dcb-aae0-c71a3517c864 ] Request (MigrationsAdminTest:test_list_migrations_in_flavor_resize_situation): 200 GET http://10.180.1.21/compute/v2.1/servers/b26a4784-698d-477a-8db7-58156899d231 0.562s
2024-11-04 15:04:47.096 63577 INFO tempest.lib.common.rest_client [req-70e08fed-c4d5-45c2-8f70-8e3cfad5c1fe req-70e08fed-c4d5-45c2-8f70-8e3cfad5c1fe ] Request (ServersNegativeTestMultiTenantJSON:setUpClass): 200 GET http://10.180.1.21/compute/v2.1/servers/b49d3ddb-5f8e-4ca8-8a3c-773c51b98f14 0.431s
2024-11-04 15:04:47.110 63577 INFO tempest.common.waiters [-] State transition "BUILD/block_device_mapping" ==> "BUILD/spawning" after 30 second wait
2024-11-04 15:04:47.121 63571 INFO tempest.lib.common.rest_client [req-86be240a-5d64-439d-8ce8-c428ee268a27 req-86be240a-5d64-439d-8ce8-c428ee268a27 ] Request (ServersAdminNegativeTestJSON:tearDownClass): 200 GET http://10.180.1.21/compute/v2.1/servers/d2614f71-3026-41d4-ae04-eaede9b5ead5 0.388s
2024-11-04 15:04:47.200 63529 INFO tempest.lib.common.rest_client [req-c93c8752-c52d-415e-9a4b-80cc77e55b73 req-c93c8752-c52d-415e-9a4b-80cc77e55b73 ] Request (ServerRescueNegativeTestJSON:setUpClass): 200 GET http://10.180.1.21/compute/v2.1/servers/bdfdd685-e440-4f53-b6c4-2ee2f06acba8 0.407s
2024-11-04 15:04:47.207 63557 INFO tempest.lib.common.rest_client [req-a2b7c549-5ccb-45fe-b4fb-4ce983210936 req-a2b7c549-5ccb-45fe-b4fb-4ce983210936 ] Request (FloatingIPsAssociationNegativeTestJSON:tearDownClass): 200 GET http://10.180.1.21/compute/v2.1/servers/2f5b06f6-7178-4fdf-93b6-65477f020898 0.339s
2024-11-04 15:04:47.252 63569 INFO tempest.lib.common.rest_client [req-68f4ca70-a6ee-451b-9622-6b1e2634635c req-68f4ca70-a6ee-451b-9622-6b1e2634635c ] Request (ServerActionsTestJSON:setUpClass): 201 POST http://10.180.1.21:9696/networking/v2.0/routers 1.458s
2024-11-04 15:04:47.281 63519 INFO tempest.lib.common.rest_client [req-7a530554-14f7-41fc-9f9f-6ce0de9e8efc req-7a530554-14f7-41fc-9f9f-6ce0de9e8efc ] Request (AttachVolumeTestJSON:test_attach_detach_volume): 200 GET http://10.180.1.21/compute/v2.1/servers/f3c837fb-be7e-40a6-aae4-7f213c62ab2c 0.345s
2024-11-04 15:04:47.282 63543 INFO tempest.lib.common.rest_client [req-a7a6d5e6-5971-4086-b326-f2219799e851 req-a7a6d5e6-5971-4086-b326-f2219799e851 ] Request (ServersAdminTestJSON:test_inject_network_info): 200 GET http://10.180.1.21/compute/v2.1/servers/8a21e6a7-c34e-4af0-b1fd-8a501694614c 0.335s
2024-11-04 15:04:47.330 63525 INFO tempest.lib.common.rest_client [req-e71ace01-3b59-41bd-87ce-8346c63a7249 req-e71ace01-3b59-41bd-87ce-8346c63a7249 ] Request (ListServerFiltersTestJSON:setUpClass): 200 GET http://10.180.1.21/compute/v2.1/servers/ea1c2d74-70b4-4547-a887-78e291c3082a 0.323s
2024-11-04 15:04:47.336 63525 INFO tempest.common.waiters [-] State transition "BUILD/scheduling" ==> "BUILD/None" after 15 second wait
2024-11-04 15:04:47.351 63521 INFO tempest.lib.common.rest_client [req-ae7eaafb-cec3-4d8d-8656-b766a376160f req-ae7eaafb-cec3-4d8d-8656-b766a376160f ] Request (ImagesTestJSON:test_create_image_from_stopped_server): 200 GET http://10.180.1.21/compute/v2.1/servers/f22e097d-f1a5-414a-82cc-ab455db876c7 0.354s
2024-11-04 15:04:47.407 63537 INFO tempest.lib.common.rest_client [req-4f7166a4-656a-4e96-acd9-d27ea4c25170 req-4f7166a4-656a-4e96-acd9-d27ea4c25170 ] Request (ImagesOneServerTestJSON:setUpClass): 200 GET http://10.180.1.21/compute/v2.1/servers/dd686727-fc33-4dc4-b386-aabec27cf215 0.340s
2024-11-04 15:04:47.421 63551 INFO tempest.lib.common.rest_client [req-cfc35e05-a66f-4de3-8346-ab9a691ba62f req-cfc35e05-a66f-4de3-8346-ab9a691ba62f ] Request (InstanceActionsTestJSON:setUpClass): 200 GET http://10.180.1.21/compute/v2.1/servers/78b78ae7-74fe-4403-be9b-229abe6a7353 0.368s
2024-11-04 15:04:47.463 63523 INFO tempest.lib.common.rest_client [req-48b414ff-f474-4df8-b5b0-7f9da930c335 req-48b414ff-f474-4df8-b5b0-7f9da930c335 ] Request (ServersTestFqdnHostnames:test_create_server_with_fqdn_name): 200 GET http://10.180.1.21/compute/v2.1/servers/f1001633-e4e5-4de1-8a6b-cf653e43d821 0.366s
2024-11-04 15:04:47.471 63565 WARNING tempest.lib.common.ssh [-] Failed to establish authenticated ssh connection to cirros@10.180.180.149 ([Errno None] Unable to connect to port 22 on 10.180.180.149). Number attempts: 1. Retry after 2 seconds.: paramiko.ssh_exception.NoValidConnectionsError: [Errno None] Unable to connect to port 22 on 10.180.180.149
2024-11-04 15:04:47.477 63545 INFO tempest.lib.common.rest_client [req-b3476405-bc1c-4958-ba0e-d3218e978f0a req-b3476405-bc1c-4958-ba0e-d3218e978f0a ] Request (DeleteServersTestJSON:test_delete_server_while_in_attached_volume): 200 GET http://10.180.1.21/compute/v2.1/servers/76dff032-a806-4910-a48b-8850b05131c1 0.217s
2024-11-04 15:04:47.484 63555 INFO tempest.lib.common.rest_client [req-71932aff-5a9e-430a-915b-6520130ce395 req-71932aff-5a9e-430a-915b-6520130ce395 ] Request (FloatingIPsAssociationTestJSON:tearDownClass): 404 GET http://10.180.1.21/compute/v2.1/servers/a0762952-2afd-448a-8e46-ba788a4ca131 0.169s
2024-11-04 15:04:47.554 63563 INFO tempest.lib.common.rest_client [req-569a905e-149d-4909-9940-5679ae2a29dc req-569a905e-149d-4909-9940-5679ae2a29dc ] Request (DeleteServersAdminTestJSON:test_delete_server_while_in_error_state): 200 GET http://10.180.1.21/compute/v2.1/servers/bb0c149c-920e-47c4-a960-47b2fb443431 0.230s
2024-11-04 15:04:47.682 63575 INFO tempest.lib.common.rest_client [req-18fbc482-1345-4265-a167-c8d22c6823ce req-18fbc482-1345-4265-a167-c8d22c6823ce ] Request (AttachInterfacesTestJSON:test_create_list_show_delete_interfaces_by_fixed_ip): 200 GET http://10.180.1.21/compute/v2.1/servers/9bee3e66-93b5-4c0f-bb46-8fbd78c312c0 0.078s
2024-11-04 15:04:47.746 63531 INFO tempest.lib.common.rest_client [req-c9bc6944-c622-4c7f-9a7d-da8353c56ae8 req-c9bc6944-c622-4c7f-9a7d-da8353c56ae8 ] Request (ServersV294TestFqdnHostnames:setUpClass): 200 PUT http://10.180.1.21:9696/networking/v2.0/floatingips/c1ae3221-4b6d-44b5-82fe-ae9ec89ae142 1.039s
2024-11-04 15:04:47.871 63573 INFO tempest.lib.common.rest_client [req-83c10b67-b7b5-4661-9fe2-ebaf91cfa99c req-83c10b67-b7b5-4661-9fe2-ebaf91cfa99c ] Request (ServersTestBootFromVolume:setUpClass): 200 GET http://10.180.1.21/compute/v2.1/servers/e30d4a9f-1d75-453c-9552-2a0fbd4aa87d 0.142s
2024-11-04 15:04:47.875 63555 INFO tempest.lib.common.rest_client [req-8b82b17b-0e05-44c9-8a3f-a5551eb555f4 req-8b82b17b-0e05-44c9-8a3f-a5551eb555f4 ] Request (FloatingIPsAssociationTestJSON:tearDownClass): 202 DELETE http://10.180.1.21/compute/v2.1/os-floating-ips/c8095dc8-411e-47ee-b58f-b56f79d5712e 0.390s
2024-11-04 15:04:47.963 63581 INFO tempest.lib.common.rest_client [req-8228e9f4-342d-40f9-ba6b-ed9da45e6071 req-8228e9f4-342d-40f9-ba6b-ed9da45e6071 ] Request (ServerTagsTestJSON:tearDownClass): 200 GET http://10.180.1.21/compute/v2.1/servers/a4d45835-f065-445f-bcb6-d1b01d545cb0 0.137s
2024-11-04 15:04:47.988 63531 INFO tempest.lib.common.rest_client [req-e6a80fe0-e2b5-4de8-94b2-77fa90ceae0b req-e6a80fe0-e2b5-4de8-94b2-77fa90ceae0b ] Request (ServersV294TestFqdnHostnames:setUpClass): 200 GET http://10.180.1.21/compute/v2.1/servers/ff793464-9bef-449f-8485-36d3b8fb1d69 0.242s
2024-11-04 15:04:48.000 63531 INFO tempest.api.compute.base [-] Attempting to verify tagged devices in server ff793464-9bef-449f-8485-36d3b8fb1d69 via the metadata service: http://169.254.169.254/openstack/latest/meta_data.json
2024-11-04 15:04:48.001 63531 INFO tempest.lib.common.ssh [-] Creating ssh connection to '10.180.180.135:22' as 'cirros' with public key authentication
2024-11-04 15:04:48.046 63555 INFO tempest.lib.common.rest_client [req-2681cd75-c3df-4251-b95f-41b8a300a2ee req-2681cd75-c3df-4251-b95f-41b8a300a2ee ] Request (FloatingIPsAssociationTestJSON:tearDownClass): 204 DELETE http://10.180.1.21/compute/v2.1/servers/9b6b4da7-4f86-46bc-a75f-fc5e1126c53b 0.171s
2024-11-04 15:04:48.063 63535 INFO tempest.lib.common.rest_client [req-0e5d5d60-f556-411d-84b7-5e75830602da req-0e5d5d60-f556-411d-84b7-5e75830602da ] Request (ImagesNegativeTestJSON:test_create_image_from_deleted_server): 200 GET http://10.180.1.21/compute/v2.1/servers/3ddf7322-5504-408f-af6c-af73fb1c4286 0.183s
2024-11-04 15:04:48.217 63561 INFO tempest.lib.common.rest_client [req-ad31d4c4-44b3-48e5-903e-d0324ed23139 req-ad31d4c4-44b3-48e5-903e-d0324ed23139 ] Request (ServersTestManualDisk:setUpClass): 200 GET http://10.180.1.21/compute/v2.1/servers/32bcb974-8db9-43e2-b397-b497f3a4f30c 0.253s
2024-11-04 15:04:48.265 63555 INFO tempest.lib.common.rest_client [req-75285e50-9279-443b-bce6-179033d37ca3 req-75285e50-9279-443b-bce6-179033d37ca3 ] Request (FloatingIPsAssociationTestJSON:tearDownClass): 200 GET http://10.180.1.21/compute/v2.1/servers/9b6b4da7-4f86-46bc-a75f-fc5e1126c53b 0.219s
2024-11-04 15:04:48.383 63527 INFO tempest.lib.common.rest_client [req-baf88529-2169-40b1-ae72-1314e6ac02c2 req-baf88529-2169-40b1-ae72-1314e6ac02c2 ] Request (MigrationsAdminTest:test_list_migrations_in_flavor_resize_situation): 200 GET http://10.180.1.21/compute/v2.1/servers/b26a4784-698d-477a-8db7-58156899d231 0.336s
2024-11-04 15:04:48.399 63577 INFO tempest.lib.common.rest_client [req-2ab8de39-a181-4f9d-84be-7fda6e0bc9af req-2ab8de39-a181-4f9d-84be-7fda6e0bc9af ] Request (ServersNegativeTestMultiTenantJSON:setUpClass): 200 GET http://10.180.1.21/compute/v2.1/servers/b49d3ddb-5f8e-4ca8-8a3c-773c51b98f14 0.288s
2024-11-04 15:04:48.447 63529 INFO tempest.lib.common.rest_client [req-10f88517-d9ec-4382-9251-f57f8a19bae5 req-10f88517-d9ec-4382-9251-f57f8a19bae5 ] Request (ServerRescueNegativeTestJSON:setUpClass): 200 GET http://10.180.1.21/compute/v2.1/servers/bdfdd685-e440-4f53-b6c4-2ee2f06acba8 0.234s
2024-11-04 15:04:48.462 63571 INFO tempest.lib.common.rest_client [req-144450df-25b9-40d1-b37c-22b13c0bf7f5 req-144450df-25b9-40d1-b37c-22b13c0bf7f5 ] Request (ServersAdminNegativeTestJSON:tearDownClass): 200 GET http://10.180.1.21/compute/v2.1/servers/d2614f71-3026-41d4-ae04-eaede9b5ead5 0.324s
2024-11-04 15:04:48.524 63557 INFO tempest.lib.common.rest_client [req-8ae7b3e3-9de2-484d-9a91-43caed1d4f21 req-8ae7b3e3-9de2-484d-9a91-43caed1d4f21 ] Request (FloatingIPsAssociationNegativeTestJSON:tearDownClass): 200 GET http://10.180.1.21/compute/v2.1/servers/2f5b06f6-7178-4fdf-93b6-65477f020898 0.309s
2024-11-04 15:04:48.526 63569 INFO tempest.lib.common.rest_client [req-2740ff8c-0d4f-4e8d-ae12-c94b09bf6c70 req-2740ff8c-0d4f-4e8d-ae12-c94b09bf6c70 ] Request (ServerActionsTestJSON:setUpClass): 200 PUT http://10.180.1.21:9696/networking/v2.0/routers/8d0075ee-2eaa-4fc9-9eb1-39d7f604698a/add_router_interface 1.273s
2024-11-04 15:04:48.526 63569 INFO tempest.lib.common.dynamic_creds [-] Created isolated network resources for: credentials: Credentials: {'domain_id': 'default', 'domain_name': 'Default', 'username': 'tempest-ServerActionsTestJSON-798658854-project-member', 'project_domain_id': 'default', 'project_domain_name': 'Default', 'project_id': '86ad52b551104a2594f1dbbc287f9efa', 'project_name': 'tempest-ServerActionsTestJSON-798658854', 'tenant_id': '86ad52b551104a2594f1dbbc287f9efa', 'tenant_name': 'tempest-ServerActionsTestJSON-798658854', 'user_domain_id': 'default', 'user_domain_name': 'Default', 'user_id': '4a208cee3d9c4efb8240ad943b55e915', 'system': None}, Network: {'id': '565bf181-ca02-4990-8167-b2de7b3b7356', 'name': 'tempest-ServerActionsTestJSON-704022963-network', 'tenant_id': '86ad52b551104a2594f1dbbc287f9efa', 'admin_state_up': True, 'mtu': 8950, 'status': 'ACTIVE', 'subnets': [], 'shared': False, 'project_id': '86ad52b551104a2594f1dbbc287f9efa', 'port_security_enabled': True, 'router:external': False, 'provider:network_type': 'vlan', 'provider:physical_network': 'default', 'provider:segmentation_id': 81, 'availability_zone_hints': [], 'availability_zones': [], 'ipv4_address_scope': None, 'ipv6_address_scope': None, 'description': '', 'tags': [], 'created_at': '2024-11-04T15:04:45Z', 'updated_at': '2024-11-04T15:04:45Z', 'revision_number': 1}, Subnet: {'id': '1386b28e-64be-4d19-b070-f4d8b3390ebd', 'name': 'tempest-ServerActionsTestJSON-704022963-subnet', 'tenant_id': '86ad52b551104a2594f1dbbc287f9efa', 'network_id': '565bf181-ca02-4990-8167-b2de7b3b7356', 'ip_version': 4, 'subnetpool_id': None, 'enable_dhcp': True, 'ipv6_ra_mode': None, 'ipv6_address_mode': None, 'gateway_ip': '192.168.128.1', 'cidr': '192.168.128.0/28', 'allocation_pools': [{'start': '192.168.128.2', 'end': '192.168.128.14'}], 'host_routes': [], 'dns_nameservers': [], 'description': '', 'router:external': False, 'service_types': [], 'tags': [], 'created_at': '2024-11-04T15:04:45Z', 'updated_at': '2024-11-04T15:04:45Z', 'revision_number': 0, 'project_id': '86ad52b551104a2594f1dbbc287f9efa'}, Router: {'id': '8d0075ee-2eaa-4fc9-9eb1-39d7f604698a', 'name': 'tempest-ServerActionsTestJSON-704022963-router', 'tenant_id': '86ad52b551104a2594f1dbbc287f9efa', 'admin_state_up': True, 'status': 'ACTIVE', 'external_gateway_info': {'network_id': '264f1102-2686-47f2-8416-34ae8c5a9955', 'external_fixed_ips': [{'subnet_id': 'f7c0c894-2b65-4f6d-96e8-364aab3279e1', 'ip_address': '10.180.180.232'}], 'enable_snat': True}, 'description': '', 'availability_zones': [], 'distributed': False, 'ha': False, 'availability_zone_hints': [], 'routes': [], 'flavor_id': None, 'tags': [], 'created_at': '2024-11-04T15:04:45Z', 'updated_at': '2024-11-04T15:04:46Z', 'revision_number': 2, 'project_id': '86ad52b551104a2594f1dbbc287f9efa'}
2024-11-04 15:04:48.527 63543 INFO tempest.lib.common.rest_client [req-85617cfe-be56-4ad7-a4a6-42fea1f3d47f req-85617cfe-be56-4ad7-a4a6-42fea1f3d47f ] Request (ServersAdminTestJSON:test_inject_network_info): 200 GET http://10.180.1.21/compute/v2.1/servers/8a21e6a7-c34e-4af0-b1fd-8a501694614c 0.237s
2024-11-04 15:04:48.574 63519 INFO tempest.lib.common.rest_client [req-8e2db35f-367f-434f-bce9-5f8a4ed9bab9 req-8e2db35f-367f-434f-bce9-5f8a4ed9bab9 ] Request (AttachVolumeTestJSON:test_attach_detach_volume): 200 GET http://10.180.1.21/compute/v2.1/servers/f3c837fb-be7e-40a6-aae4-7f213c62ab2c 0.284s
2024-11-04 15:04:48.591 63525 INFO tempest.lib.common.rest_client [req-760ee36a-c152-4d2e-88c9-59e34d4d9712 req-760ee36a-c152-4d2e-88c9-59e34d4d9712 ] Request (ListServerFiltersTestJSON:setUpClass): 200 GET http://10.180.1.21/compute/v2.1/servers/ea1c2d74-70b4-4547-a887-78e291c3082a 0.254s
2024-11-04 15:04:48.637 63521 INFO tempest.lib.common.rest_client [req-44b646ad-cfec-425f-be37-61d6533b88cb req-44b646ad-cfec-425f-be37-61d6533b88cb ] Request (ImagesTestJSON:test_create_image_from_stopped_server): 200 GET http://10.180.1.21/compute/v2.1/servers/f22e097d-f1a5-414a-82cc-ab455db876c7 0.278s
2024-11-04 15:04:48.644 63569 INFO tempest.lib.common.rest_client [req-3f814b81-0ab4-4cff-9066-961156f15fa2 req-3f814b81-0ab4-4cff-9066-961156f15fa2 ] Request (ServerActionsTestJSON:setUpClass): 201 POST http://10.180.1.21/identity/v3/auth/tokens 0.113s
2024-11-04 15:04:48.653 63537 INFO tempest.lib.common.rest_client [req-7bf67988-8d01-464e-a77d-3a988906f2bb req-7bf67988-8d01-464e-a77d-3a988906f2bb ] Request (ImagesOneServerTestJSON:setUpClass): 200 GET http://10.180.1.21/compute/v2.1/servers/dd686727-fc33-4dc4-b386-aabec27cf215 0.236s
2024-11-04 15:04:48.699 63551 INFO tempest.lib.common.rest_client [req-25fb9c22-4982-4d21-9644-24143bd3ed21 req-25fb9c22-4982-4d21-9644-24143bd3ed21 ] Request (InstanceActionsTestJSON:setUpClass): 200 GET http://10.180.1.21/compute/v2.1/servers/78b78ae7-74fe-4403-be9b-229abe6a7353 0.267s
2024-11-04 15:04:48.705 63523 INFO tempest.lib.common.rest_client [req-edaa3349-5ebd-4c02-afc0-52ac3d11fe10 req-edaa3349-5ebd-4c02-afc0-52ac3d11fe10 ] Request (ServersTestFqdnHostnames:test_create_server_with_fqdn_name): 200 GET http://10.180.1.21/compute/v2.1/servers/f1001633-e4e5-4de1-8a6b-cf653e43d821 0.231s
2024-11-04 15:04:48.768 63545 INFO tempest.lib.common.rest_client [req-ff86909d-8c01-4fbd-83f4-cd342e017758 req-ff86909d-8c01-4fbd-83f4-cd342e017758 ] Request (DeleteServersTestJSON:test_delete_server_while_in_attached_volume): 200 GET http://10.180.1.21/compute/v2.1/servers/76dff032-a806-4910-a48b-8850b05131c1 0.283s
2024-11-04 15:04:48.777 63545 INFO tempest.common.waiters [-] State transition "ACTIVE/deleting" ==> "DELETED/None" after 5 second wait
2024-11-04 15:04:48.779 63563 INFO tempest.lib.common.rest_client [req-57d82c07-52e2-4ea6-b554-a3f8a2e8608c req-57d82c07-52e2-4ea6-b554-a3f8a2e8608c ] Request (DeleteServersAdminTestJSON:test_delete_server_while_in_error_state): 200 GET http://10.180.1.21/compute/v2.1/servers/bb0c149c-920e-47c4-a960-47b2fb443431 0.217s
2024-11-04 15:04:48.811 63559 WARNING tempest.lib.common.ssh [-] Failed to establish authenticated ssh connection to cirros@10.180.180.234 ([Errno None] Unable to connect to port 22 on 10.180.180.234). Number attempts: 7. Retry after 8 seconds.: paramiko.ssh_exception.NoValidConnectionsError: [Errno None] Unable to connect to port 22 on 10.180.180.234
2024-11-04 15:04:48.838 63575 INFO tempest.lib.common.rest_client [req-33bd5926-b71c-406f-b2e1-75c13796dc92 req-33bd5926-b71c-406f-b2e1-75c13796dc92 ] Request (AttachInterfacesTestJSON:test_create_list_show_delete_interfaces_by_fixed_ip): 200 GET http://10.180.1.21/compute/v2.1/servers/9bee3e66-93b5-4c0f-bb46-8fbd78c312c0 0.146s
2024-11-04 15:04:48.875 63569 INFO tempest.lib.common.rest_client [req-559e494f-065a-49a0-9aa8-fcfa6427132e req-559e494f-065a-49a0-9aa8-fcfa6427132e ] Request (ServerActionsTestJSON:setUpClass): 200 POST http://10.180.1.21/compute/v2.1/os-keypairs 0.229s
2024-11-04 15:04:49.008 63569 INFO tempest.lib.common.rest_client [req-89ca467a-cdac-4990-92b4-5cf5f500512f req-89ca467a-cdac-4990-92b4-5cf5f500512f ] Request (ServerActionsTestJSON:setUpClass): 201 POST http://10.180.1.21:9696/networking/v2.0/security-groups 0.131s
2024-11-04 15:04:49.044 63581 INFO tempest.lib.common.rest_client [req-c2442acc-f8ef-40e6-abb1-abae937e63db req-c2442acc-f8ef-40e6-abb1-abae937e63db ] Request (ServerTagsTestJSON:tearDownClass): 200 GET http://10.180.1.21/compute/v2.1/servers/a4d45835-f065-445f-bcb6-d1b01d545cb0 0.067s
2024-11-04 15:04:49.057 63573 INFO tempest.lib.common.rest_client [req-e8777c0c-5919-4874-a957-c1b42947706a req-e8777c0c-5919-4874-a957-c1b42947706a ] Request (ServersTestBootFromVolume:setUpClass): 200 GET http://10.180.1.21/compute/v2.1/servers/e30d4a9f-1d75-453c-9552-2a0fbd4aa87d 0.179s
2024-11-04 15:04:49.097 63569 INFO tempest.lib.common.rest_client [req-d763871b-c066-4624-a728-e50f53fef1df req-d763871b-c066-4624-a728-e50f53fef1df ] Request (ServerActionsTestJSON:setUpClass): 201 POST http://10.180.1.21:9696/networking/v2.0/security-group-rules 0.088s
2024-11-04 15:04:49.135 63535 INFO tempest.lib.common.rest_client [req-b069763a-6e16-41e8-be11-b90e68b08a36 req-b069763a-6e16-41e8-be11-b90e68b08a36 ] Request (ImagesNegativeTestJSON:test_create_image_from_deleted_server): 200 GET http://10.180.1.21/compute/v2.1/servers/3ddf7322-5504-408f-af6c-af73fb1c4286 0.064s
2024-11-04 15:04:49.189 63569 INFO tempest.lib.common.rest_client [req-ec1edd97-4a21-4ed6-968e-3755a4d9294b req-ec1edd97-4a21-4ed6-968e-3755a4d9294b ] Request (ServerActionsTestJSON:setUpClass): 201 POST http://10.180.1.21:9696/networking/v2.0/security-group-rules 0.092s
2024-11-04 15:04:49.372 63561 INFO tempest.lib.common.rest_client [req-d9d7b7dc-36df-400e-9f82-af322e171bf5 req-d9d7b7dc-36df-400e-9f82-af322e171bf5 ] Request (ServersTestManualDisk:setUpClass): 200 GET http://10.180.1.21/compute/v2.1/servers/32bcb974-8db9-43e2-b397-b497f3a4f30c 0.147s
2024-11-04 15:04:49.418 63555 INFO tempest.lib.common.rest_client [req-656593ab-ef3f-4570-933c-5fe045175c00 req-656593ab-ef3f-4570-933c-5fe045175c00 ] Request (FloatingIPsAssociationTestJSON:tearDownClass): 200 GET http://10.180.1.21/compute/v2.1/servers/9b6b4da7-4f86-46bc-a75f-fc5e1126c53b 0.144s
2024-11-04 15:04:49.566 63577 INFO tempest.lib.common.rest_client [req-2faa77cd-eae9-468c-a3bb-cc3c1e52d43d req-2faa77cd-eae9-468c-a3bb-cc3c1e52d43d ] Request (ServersNegativeTestMultiTenantJSON:setUpClass): 200 GET http://10.180.1.21/compute/v2.1/servers/b49d3ddb-5f8e-4ca8-8a3c-773c51b98f14 0.160s
2024-11-04 15:04:49.574 63527 INFO tempest.lib.common.rest_client [req-e8e1993b-884f-426e-b140-f25c1967046a req-e8e1993b-884f-426e-b140-f25c1967046a ] Request (MigrationsAdminTest:test_list_migrations_in_flavor_resize_situation): 200 GET http://10.180.1.21/compute/v2.1/servers/b26a4784-698d-477a-8db7-58156899d231 0.179s
2024-11-04 15:04:49.620 63529 INFO tempest.lib.common.rest_client [req-ab024133-eff1-4c79-99c3-f1e48ca080bf req-ab024133-eff1-4c79-99c3-f1e48ca080bf ] Request (ServerRescueNegativeTestJSON:setUpClass): 200 GET http://10.180.1.21/compute/v2.1/servers/bdfdd685-e440-4f53-b6c4-2ee2f06acba8 0.163s
2024-11-04 15:04:49.638 63571 INFO tempest.lib.common.rest_client [req-fd8d1de7-f45f-4c67-ae4c-fb45a850f5dc req-fd8d1de7-f45f-4c67-ae4c-fb45a850f5dc ] Request (ServersAdminNegativeTestJSON:tearDownClass): 200 GET http://10.180.1.21/compute/v2.1/servers/d2614f71-3026-41d4-ae04-eaede9b5ead5 0.169s
2024-11-04 15:04:49.642 63569 INFO tempest.lib.common.rest_client [req-8bcbba5d-e677-4712-ac80-13ad3d7530f7 req-8bcbba5d-e677-4712-ac80-13ad3d7530f7 ] Request (ServerActionsTestJSON:setUpClass): 201 POST http://10.180.1.21:9696/networking/v2.0/floatingips 0.452s
2024-11-04 15:04:49.690 63569 INFO tempest.lib.common.rest_client [req-e8294214-278d-4fad-b38c-bb9f79a997dd req-e8294214-278d-4fad-b38c-bb9f79a997dd ] Request (ServerActionsTestJSON:setUpClass): 201 POST http://10.180.1.21/identity/v3/auth/tokens 0.044s
2024-11-04 15:04:49.691 63569 INFO tempest.lib.common.fixed_network [-] (ServerActionsTestJSON:setUpClass) Found network {'id': '565bf181-ca02-4990-8167-b2de7b3b7356', 'name': 'tempest-ServerActionsTestJSON-704022963-network', 'tenant_id': '86ad52b551104a2594f1dbbc287f9efa', 'admin_state_up': True, 'mtu': 8950, 'status': 'ACTIVE', 'subnets': [], 'shared': False, 'project_id': '86ad52b551104a2594f1dbbc287f9efa', 'port_security_enabled': True, 'router:external': False, 'provider:network_type': 'vlan', 'provider:physical_network': 'default', 'provider:segmentation_id': 81, 'availability_zone_hints': [], 'availability_zones': [], 'ipv4_address_scope': None, 'ipv6_address_scope': None, 'description': '', 'tags': [], 'created_at': '2024-11-04T15:04:45Z', 'updated_at': '2024-11-04T15:04:45Z', 'revision_number': 1} available for tenant
2024-11-04 15:04:49.705 63543 INFO tempest.lib.common.rest_client [req-90f60f1e-aec6-400b-bbd0-af6813b347b4 req-90f60f1e-aec6-400b-bbd0-af6813b347b4 ] Request (ServersAdminTestJSON:test_inject_network_info): 200 GET http://10.180.1.21/compute/v2.1/servers/8a21e6a7-c34e-4af0-b1fd-8a501694614c 0.165s
2024-11-04 15:04:49.715 63557 INFO tempest.lib.common.rest_client [req-c6535482-957e-4b36-ae70-95a3727078c8 req-c6535482-957e-4b36-ae70-95a3727078c8 ] Request (FloatingIPsAssociationNegativeTestJSON:tearDownClass): 200 GET http://10.180.1.21/compute/v2.1/servers/2f5b06f6-7178-4fdf-93b6-65477f020898 0.181s
2024-11-04 15:04:49.757 63519 INFO tempest.lib.common.rest_client [req-f62d16d6-80ae-49a3-aee6-a009d0778977 req-f62d16d6-80ae-49a3-aee6-a009d0778977 ] Request (AttachVolumeTestJSON:test_attach_detach_volume): 200 GET http://10.180.1.21/compute/v2.1/servers/f3c837fb-be7e-40a6-aae4-7f213c62ab2c 0.176s
2024-11-04 15:04:49.777 63525 INFO tempest.lib.common.rest_client [req-89c83bd5-1431-40be-8552-389c536d3123 req-89c83bd5-1431-40be-8552-389c536d3123 ] Request (ListServerFiltersTestJSON:setUpClass): 200 GET http://10.180.1.21/compute/v2.1/servers/ea1c2d74-70b4-4547-a887-78e291c3082a 0.175s
2024-11-04 15:04:49.818 63521 INFO tempest.lib.common.rest_client [req-8d870136-c0e6-49d3-9620-5ead8fd7c579 req-8d870136-c0e6-49d3-9620-5ead8fd7c579 ] Request (ImagesTestJSON:test_create_image_from_stopped_server): 200 GET http://10.180.1.21/compute/v2.1/servers/f22e097d-f1a5-414a-82cc-ab455db876c7 0.171s
2024-11-04 15:04:49.833 63537 INFO tempest.lib.common.rest_client [req-10b8b1e1-6bf8-4eb4-9aa6-617279e9b0b8 req-10b8b1e1-6bf8-4eb4-9aa6-617279e9b0b8 ] Request (ImagesOneServerTestJSON:setUpClass): 200 GET http://10.180.1.21/compute/v2.1/servers/dd686727-fc33-4dc4-b386-aabec27cf215 0.170s
2024-11-04 15:04:49.901 63551 INFO tempest.lib.common.rest_client [req-7f12b2ab-8678-4432-b1d7-d478f97f7de2 req-7f12b2ab-8678-4432-b1d7-d478f97f7de2 ] Request (InstanceActionsTestJSON:setUpClass): 200 GET http://10.180.1.21/compute/v2.1/servers/78b78ae7-74fe-4403-be9b-229abe6a7353 0.192s
2024-11-04 15:04:49.909 63551 INFO tempest.common.waiters [-] State transition "BUILD/None" ==> "BUILD/networking" after 30 second wait
2024-11-04 15:04:49.976 63523 INFO tempest.lib.common.rest_client [req-2f74cba7-8d7d-4868-9b62-20ae74306a12 req-2f74cba7-8d7d-4868-9b62-20ae74306a12 ] Request (ServersTestFqdnHostnames:test_create_server_with_fqdn_name): 200 GET http://10.180.1.21/compute/v2.1/servers/f1001633-e4e5-4de1-8a6b-cf653e43d821 0.263s
2024-11-04 15:04:50.049 63545 INFO tempest.lib.common.rest_client [req-aa171fb9-01d9-4d65-a285-f8b241149803 req-aa171fb9-01d9-4d65-a285-f8b241149803 ] Request (DeleteServersTestJSON:test_delete_server_while_in_attached_volume): 200 GET http://10.180.1.21/compute/v2.1/servers/76dff032-a806-4910-a48b-8850b05131c1 0.271s
2024-11-04 15:04:50.121 63563 INFO tempest.lib.common.rest_client [req-442c128b-faa3-43b5-a17c-bc765e630ef4 req-442c128b-faa3-43b5-a17c-bc765e630ef4 ] Request (DeleteServersAdminTestJSON:test_delete_server_while_in_error_state): 200 GET http://10.180.1.21/compute/v2.1/servers/bb0c149c-920e-47c4-a960-47b2fb443431 0.331s
2024-11-04 15:04:50.176 63575 INFO tempest.lib.common.rest_client [req-bcf925e0-0319-47d3-bd2a-3a5b1bac8204 req-bcf925e0-0319-47d3-bd2a-3a5b1bac8204 ] Request (AttachInterfacesTestJSON:test_create_list_show_delete_interfaces_by_fixed_ip): 200 GET http://10.180.1.21/compute/v2.1/servers/9bee3e66-93b5-4c0f-bb46-8fbd78c312c0 0.331s
2024-11-04 15:04:50.259 63581 INFO tempest.lib.common.rest_client [req-69e1fe86-8264-4007-b989-22df64345b04 req-69e1fe86-8264-4007-b989-22df64345b04 ] Request (ServerTagsTestJSON:tearDownClass): 200 GET http://10.180.1.21/compute/v2.1/servers/a4d45835-f065-445f-bcb6-d1b01d545cb0 0.205s
2024-11-04 15:04:50.296 63569 INFO tempest.lib.common.rest_client [req-c4b44980-8931-4f3a-a400-c2ba99449b85 req-c4b44980-8931-4f3a-a400-c2ba99449b85 ] Request (ServerActionsTestJSON:setUpClass): 202 POST http://10.180.1.21/compute/v2.1/servers 0.604s
2024-11-04 15:04:50.379 63535 INFO tempest.lib.common.rest_client [req-54e678a1-fc4a-41f8-ad98-aec69a02f28f req-54e678a1-fc4a-41f8-ad98-aec69a02f28f ] Request (ImagesNegativeTestJSON:test_create_image_from_deleted_server): 200 GET http://10.180.1.21/compute/v2.1/servers/3ddf7322-5504-408f-af6c-af73fb1c4286 0.237s
2024-11-04 15:04:50.449 63569 INFO tempest.lib.common.rest_client [req-b49a8f65-8363-41cd-8caf-c5ed92834562 req-b49a8f65-8363-41cd-8caf-c5ed92834562 ] Request (ServerActionsTestJSON:setUpClass): 200 GET http://10.180.1.21/compute/v2.1/servers/59f32dd0-1faa-4059-9ef3-b177e8f4fa4c 0.152s
2024-11-04 15:04:50.463 63573 INFO tempest.lib.common.rest_client [req-4b825886-9390-4428-81b8-73fdb14f9073 req-4b825886-9390-4428-81b8-73fdb14f9073 ] Request (ServersTestBootFromVolume:setUpClass): 200 GET http://10.180.1.21/compute/v2.1/servers/e30d4a9f-1d75-453c-9552-2a0fbd4aa87d 0.399s
2024-11-04 15:04:50.539 63565 WARNING tempest.lib.common.ssh [-] Failed to establish authenticated ssh connection to cirros@10.180.180.149 ([Errno None] Unable to connect to port 22 on 10.180.180.149). Number attempts: 2. Retry after 3 seconds.: paramiko.ssh_exception.NoValidConnectionsError: [Errno None] Unable to connect to port 22 on 10.180.180.149
2024-11-04 15:04:50.639 63561 INFO tempest.lib.common.rest_client [req-6fd0b3a1-d0e9-486e-9de1-5559232b8515 req-6fd0b3a1-d0e9-486e-9de1-5559232b8515 ] Request (ServersTestManualDisk:setUpClass): 200 GET http://10.180.1.21/compute/v2.1/servers/32bcb974-8db9-43e2-b397-b497f3a4f30c 0.255s
2024-11-04 15:04:50.642 63555 INFO tempest.lib.common.rest_client [req-9587ea39-9d96-4f06-abef-3a22673505a0 req-9587ea39-9d96-4f06-abef-3a22673505a0 ] Request (FloatingIPsAssociationTestJSON:tearDownClass): 200 GET http://10.180.1.21/compute/v2.1/servers/9b6b4da7-4f86-46bc-a75f-fc5e1126c53b 0.215s
2024-11-04 15:04:50.649 63561 INFO tempest.common.waiters [-] State transition "BUILD/spawning" ==> "ACTIVE/None" after 37 second wait
2024-11-04 15:04:50.768 63527 INFO tempest.lib.common.rest_client [req-5e9196fe-c2d3-4854-a230-69acb763ab28 req-5e9196fe-c2d3-4854-a230-69acb763ab28 ] Request (MigrationsAdminTest:test_list_migrations_in_flavor_resize_situation): 200 GET http://10.180.1.21/compute/v2.1/servers/b26a4784-698d-477a-8db7-58156899d231 0.185s
2024-11-04 15:04:50.816 63577 INFO tempest.lib.common.rest_client [req-b2502814-1827-435e-9b01-573e057e0a48 req-b2502814-1827-435e-9b01-573e057e0a48 ] Request (ServersNegativeTestMultiTenantJSON:setUpClass): 200 GET http://10.180.1.21/compute/v2.1/servers/b49d3ddb-5f8e-4ca8-8a3c-773c51b98f14 0.241s
2024-11-04 15:04:50.846 63529 INFO tempest.lib.common.rest_client [req-ff036a81-8af9-4fdc-b009-bde0d1b2ed29 req-ff036a81-8af9-4fdc-b009-bde0d1b2ed29 ] Request (ServerRescueNegativeTestJSON:setUpClass): 200 GET http://10.180.1.21/compute/v2.1/servers/bdfdd685-e440-4f53-b6c4-2ee2f06acba8 0.210s
2024-11-04 15:04:50.886 63571 INFO tempest.lib.common.rest_client [req-66e79e66-f9c8-458f-a2b3-a40665c38e4b req-66e79e66-f9c8-458f-a2b3-a40665c38e4b ] Request (ServersAdminNegativeTestJSON:tearDownClass): 200 GET http://10.180.1.21/compute/v2.1/servers/d2614f71-3026-41d4-ae04-eaede9b5ead5 0.239s
2024-11-04 15:04:50.907 63561 INFO tempest.lib.common.rest_client [req-a40df9f6-a360-47ef-9819-e03ecdef9304 req-a40df9f6-a360-47ef-9819-e03ecdef9304 ] Request (ServersTestManualDisk:setUpClass): 200 GET http://10.180.1.21/compute/v2.1/servers/32bcb974-8db9-43e2-b397-b497f3a4f30c/os-interface 0.257s
2024-11-04 15:04:50.945 63543 INFO tempest.lib.common.rest_client [req-be4bb0aa-23a4-4c51-a397-bbbc424610fa req-be4bb0aa-23a4-4c51-a397-bbbc424610fa ] Request (ServersAdminTestJSON:test_inject_network_info): 200 GET http://10.180.1.21/compute/v2.1/servers/8a21e6a7-c34e-4af0-b1fd-8a501694614c 0.229s
2024-11-04 15:04:50.978 63557 INFO tempest.lib.common.rest_client [req-8858aac1-811a-4446-b92d-8069e7a38122 req-8858aac1-811a-4446-b92d-8069e7a38122 ] Request (FloatingIPsAssociationNegativeTestJSON:tearDownClass): 200 GET http://10.180.1.21/compute/v2.1/servers/2f5b06f6-7178-4fdf-93b6-65477f020898 0.252s
2024-11-04 15:04:50.992 63519 INFO tempest.lib.common.rest_client [req-baed9d15-6f4c-4b94-acb6-d4df310b7136 req-baed9d15-6f4c-4b94-acb6-d4df310b7136 ] Request (AttachVolumeTestJSON:test_attach_detach_volume): 200 GET http://10.180.1.21/compute/v2.1/servers/f3c837fb-be7e-40a6-aae4-7f213c62ab2c 0.228s
2024-11-04 15:04:51.030 63525 INFO tempest.lib.common.rest_client [req-d09ec811-79c6-425b-a906-2d60db1a5dbe req-d09ec811-79c6-425b-a906-2d60db1a5dbe ] Request (ListServerFiltersTestJSON:setUpClass): 200 GET http://10.180.1.21/compute/v2.1/servers/ea1c2d74-70b4-4547-a887-78e291c3082a 0.244s
2024-11-04 15:04:51.048 63521 INFO tempest.lib.common.rest_client [req-3136f9d4-e464-4b94-abcd-ee48e0fb68e7 req-3136f9d4-e464-4b94-abcd-ee48e0fb68e7 ] Request (ImagesTestJSON:test_create_image_from_stopped_server): 200 GET http://10.180.1.21/compute/v2.1/servers/f22e097d-f1a5-414a-82cc-ab455db876c7 0.221s
2024-11-04 15:04:51.080 63537 INFO tempest.lib.common.rest_client [req-1b247e64-9193-4b17-900d-0baa3d238272 req-1b247e64-9193-4b17-900d-0baa3d238272 ] Request (ImagesOneServerTestJSON:setUpClass): 200 GET http://10.180.1.21/compute/v2.1/servers/dd686727-fc33-4dc4-b386-aabec27cf215 0.240s
2024-11-04 15:04:51.142 63523 INFO tempest.lib.common.rest_client [req-509afea2-8080-48e3-839e-ffcf8830f6ca req-509afea2-8080-48e3-839e-ffcf8830f6ca ] Request (ServersTestFqdnHostnames:test_create_server_with_fqdn_name): 200 GET http://10.180.1.21/compute/v2.1/servers/f1001633-e4e5-4de1-8a6b-cf653e43d821 0.157s
2024-11-04 15:04:51.216 63545 INFO tempest.lib.common.rest_client [req-8f0d04bc-caa9-4d43-a7ab-c33a5f4373c1 req-8f0d04bc-caa9-4d43-a7ab-c33a5f4373c1 ] Request (DeleteServersTestJSON:test_delete_server_while_in_attached_volume): 200 GET http://10.180.1.21/compute/v2.1/servers/76dff032-a806-4910-a48b-8850b05131c1 0.155s
2024-11-04 15:04:51.299 63551 INFO tempest.lib.common.rest_client [req-4dc35378-c5f0-403e-8190-a05fc882b797 req-4dc35378-c5f0-403e-8190-a05fc882b797 ] Request (InstanceActionsTestJSON:setUpClass): 200 GET http://10.180.1.21/compute/v2.1/servers/78b78ae7-74fe-4403-be9b-229abe6a7353 0.389s
2024-11-04 15:04:51.302 63563 INFO tempest.lib.common.rest_client [req-d2787a04-2899-4300-8e7d-cf9de045f912 req-d2787a04-2899-4300-8e7d-cf9de045f912 ] Request (DeleteServersAdminTestJSON:test_delete_server_while_in_error_state): 200 GET http://10.180.1.21/compute/v2.1/servers/bb0c149c-920e-47c4-a960-47b2fb443431 0.172s
2024-11-04 15:04:51.305 63551 INFO tempest.common.waiters [-] State transition "BUILD/networking" ==> "BUILD/spawning" after 32 second wait
2024-11-04 15:04:51.373 63575 INFO tempest.lib.common.rest_client [req-9bea54d1-267a-43f5-bd5c-7af867f4a887 req-9bea54d1-267a-43f5-bd5c-7af867f4a887 ] Request (AttachInterfacesTestJSON:test_create_list_show_delete_interfaces_by_fixed_ip): 200 GET http://10.180.1.21/compute/v2.1/servers/9bee3e66-93b5-4c0f-bb46-8fbd78c312c0 0.178s
2024-11-04 15:04:51.384 63581 INFO tempest.lib.common.rest_client [req-42863b7a-fd36-45a1-9a4f-c1b47e28843c req-42863b7a-fd36-45a1-9a4f-c1b47e28843c ] Request (ServerTagsTestJSON:tearDownClass): 200 GET http://10.180.1.21/compute/v2.1/servers/a4d45835-f065-445f-bcb6-d1b01d545cb0 0.107s
2024-11-04 15:04:51.481 63535 INFO tempest.lib.common.rest_client [req-fe76c0b7-05dd-4b1e-913c-0c24c237d91a req-fe76c0b7-05dd-4b1e-913c-0c24c237d91a ] Request (ImagesNegativeTestJSON:test_create_image_from_deleted_server): 200 GET http://10.180.1.21/compute/v2.1/servers/3ddf7322-5504-408f-af6c-af73fb1c4286 0.090s
2024-11-04 15:04:51.531 63569 INFO tempest.lib.common.rest_client [req-e86ee581-6956-4862-a6c3-eb695d87e566 req-e86ee581-6956-4862-a6c3-eb695d87e566 ] Request (ServerActionsTestJSON:setUpClass): 200 GET http://10.180.1.21/compute/v2.1/servers/59f32dd0-1faa-4059-9ef3-b177e8f4fa4c 0.074s
