2024-11-04 15:04:01.634 63549 INFO tempest.lib.common.dynamic_creds [-] Acquired dynamic creds: credentials: Credentials: {'domain_id': 'default', 'domain_name': 'Default', 'username': 'tempest-ComputeTenantNetworksTest-1723728208-project-member', 'project_domain_id': 'default', 'project_domain_name': 'Default', 'project_id': '75c0b489f2eb45bcb6ea502194022133', 'project_name': 'tempest-ComputeTenantNetworksTest-1723728208', 'tenant_id': '75c0b489f2eb45bcb6ea502194022133', 'tenant_name': 'tempest-ComputeTenantNetworksTest-1723728208', 'user_domain_id': 'default', 'user_domain_name': 'Default', 'user_id': '5ce957537d2845a486e756cde11c883c', 'system': None}, Network: None, Subnet: None, Router: None
2024-11-04 15:04:01.694 63549 INFO tempest.lib.common.rest_client [req-1efd5228-075c-4dfa-97de-1be6a419aae4 req-1efd5228-075c-4dfa-97de-1be6a419aae4 ] Request (ComputeTenantNetworksTest:setUpClass): 201 POST http://10.180.1.21/identity/v3/auth/tokens 0.060s
2024-11-04 15:04:01.816 63553 INFO tempest.lib.common.rest_client [req-e320dca9-3d49-4315-901f-1631fb7496dd req-e320dca9-3d49-4315-901f-1631fb7496dd ] Request (AZV2TestJSON:tearDownClass): 204 DELETE http://10.180.1.21:9696/networking/v2.0/security-groups/d03cf75b-488e-4421-b066-cacd2957b126 0.439s
2024-11-04 15:04:01.849 63577 INFO tempest.lib.common.rest_client [req-c77fc970-332c-43cd-9912-f76cff1d3a04 req-c77fc970-332c-43cd-9912-f76cff1d3a04 ] Request (ServerGroup264TestJSON:tearDownClass): 204 DELETE http://10.180.1.21:9696/networking/v2.0/security-groups/ae8bf1f3-b89f-47b0-8f3a-0ef4240f15c8 0.330s
2024-11-04 15:04:01.899 63541 WARNING tempest.lib.common.ssh [-] Failed to establish authenticated ssh connection to cirros@10.180.180.254 ([Errno None] Unable to connect to port 22 on 10.180.180.254). Number attempts: 2. Retry after 3 seconds.: paramiko.ssh_exception.NoValidConnectionsError: [Errno None] Unable to connect to port 22 on 10.180.180.254
2024-11-04 15:04:01.903 63553 INFO tempest.lib.common.rest_client [req-28368713-6685-4db5-a4fe-33e1ee18bcdc req-28368713-6685-4db5-a4fe-33e1ee18bcdc ] Request (AZV2TestJSON:tearDownClass): 204 DELETE http://10.180.1.21/identity/v3/projects/5f0b3f80b2ed4b7193385c261c89703b 0.086s
2024-11-04 15:04:01.933 63577 INFO tempest.lib.common.rest_client [req-26ddafa2-4550-43dc-ac1e-4eb0847c2904 req-26ddafa2-4550-43dc-ac1e-4eb0847c2904 ] Request (ServerGroup264TestJSON:tearDownClass): 204 DELETE http://10.180.1.21/identity/v3/projects/dd056227f17846f38786ea3d2ec83903 0.082s
2024-11-04 15:04:01.956 63565 INFO tempest.lib.common.rest_client [req-2a55e5c0-a9c2-461e-93c5-fc5a95b0cf0c req-2a55e5c0-a9c2-461e-93c5-fc5a95b0cf0c ] Request (ServerActionsTestOtherB:setUpClass): 202 POST http://10.180.1.21/compute/v2.1/servers 2.610s
2024-11-04 15:04:02.003 63531 INFO tempest.lib.common.rest_client [req-d79d72e8-d0ac-4aec-8979-d3b4c7fa0218 req-d79d72e8-d0ac-4aec-8979-d3b4c7fa0218 ] Request (ServersV294TestFqdnHostnames:setUpClass): 202 POST http://10.180.1.21/compute/v2.1/servers 2.654s
2024-11-04 15:04:02.056 63577 INFO tempest.lib.common.rest_client [req-407767f9-2fb4-4a93-87ab-a737ebd7f86c req-407767f9-2fb4-4a93-87ab-a737ebd7f86c ] Request (ServersNegativeTestMultiTenantJSON:setUpClass): 201 POST http://10.180.1.21/identity/v3/auth/tokens 0.120s
2024-11-04 15:04:02.105 63523 INFO tempest.lib.common.rest_client [req-1381da8b-bc20-4b1b-bd4f-ff091ab86870 req-1381da8b-bc20-4b1b-bd4f-ff091ab86870 ] Request (ServersAdmin275Test:tearDownClass): 204 DELETE http://10.180.1.21/compute/v2.1/servers/96a38ed0-c880-4f21-9389-99f039279072 2.280s
2024-11-04 15:04:02.107 63539 INFO tempest.lib.common.rest_client [req-8e656a4d-7beb-4d68-ad2d-96c8846447fd req-8e656a4d-7beb-4d68-ad2d-96c8846447fd ] Request (TestVersions:test_get_version_details): 200 GET http://10.180.1.21/compute/v2/ 1.877s
2024-11-04 15:04:02.119 63577 INFO tempest.lib.common.rest_client [req-2d675afa-e752-4b69-9568-cb77be6d9dbe req-2d675afa-e752-4b69-9568-cb77be6d9dbe ] Request (ServersNegativeTestMultiTenantJSON:setUpClass): 201 POST http://10.180.1.21/identity/v3/auth/tokens 0.061s
2024-11-04 15:04:02.153 63529 INFO tempest.lib.common.rest_client [req-5fd15896-fb50-4c46-a858-422461aff52a req-5fd15896-fb50-4c46-a858-422461aff52a ] Request (FloatingIPsTestJSON:setUpClass): 201 POST http://10.180.1.21:9696/networking/v2.0/routers 1.755s
2024-11-04 15:04:02.164 63577 INFO tempest.lib.common.rest_client [req-378e61bb-5810-4c69-9789-6067417cc93d req-378e61bb-5810-4c69-9789-6067417cc93d ] Request (ServersNegativeTestMultiTenantJSON:setUpClass): 200 GET http://10.180.1.21/identity/v3/domains?name=Default 0.044s
2024-11-04 15:04:02.198 63577 INFO tempest.lib.common.rest_client [req-155ff917-59e9-48a5-9eb6-15a1898b6936 req-155ff917-59e9-48a5-9eb6-15a1898b6936 ] Request (ServersNegativeTestMultiTenantJSON:setUpClass): 201 POST http://10.180.1.21/identity/v3/projects 0.034s
2024-11-04 15:04:02.226 63571 INFO tempest.lib.common.rest_client [req-00c1d752-173e-46ad-b8dd-02c57b3da0b2 req-00c1d752-173e-46ad-b8dd-02c57b3da0b2 ] Request (ServersAdminNegativeTestJSON:test_migrate_server_invalid_state): 200 GET http://10.180.1.21/compute/v2.1/servers/d2614f71-3026-41d4-ae04-eaede9b5ead5 2.395s
2024-11-04 15:04:02.255 63521 INFO tempest.lib.common.rest_client [req-af106f7d-20ec-41ce-b9f1-38ecc8e339e3 req-af106f7d-20ec-41ce-b9f1-38ecc8e339e3 ] Request (AggregatesAdminNegativeTestJSON:test_aggregate_remove_nonexistent_host): 404 POST http://10.180.1.21/compute/v2.1/os-aggregates/8/action 1.884s
2024-11-04 15:04:02.305 63577 INFO tempest.lib.common.rest_client [req-f9fde7d3-c1ac-4b5b-a048-c95ba766e157 req-f9fde7d3-c1ac-4b5b-a048-c95ba766e157 ] Request (ServersNegativeTestMultiTenantJSON:setUpClass): 201 POST http://10.180.1.21/identity/v3/users 0.106s
2024-11-04 15:04:02.334 63577 INFO tempest.lib.common.rest_client [req-08857b17-f373-49b0-b13b-8b20af26cfb5 req-08857b17-f373-49b0-b13b-8b20af26cfb5 ] Request (ServersNegativeTestMultiTenantJSON:setUpClass): 200 GET http://10.180.1.21/identity/v3/roles 0.028s
2024-11-04 15:04:02.375 63577 INFO tempest.lib.common.rest_client [req-8d6a8588-a03a-4e69-8d1a-43336f025ebc req-8d6a8588-a03a-4e69-8d1a-43336f025ebc ] Request (ServersNegativeTestMultiTenantJSON:setUpClass): 204 PUT http://10.180.1.21/identity/v3/projects/ff197aac855441de95476c15480603cf/users/56a2daa2961146cfaffd864fdd5380d3/roles/b8fc5eb45d064836adfaf48a8353a475 0.040s
2024-11-04 15:04:02.375 63577 INFO tempest.lib.common.dynamic_creds [-] Dynamic test user 56a2daa2961146cfaffd864fdd5380d3 is created with scope project and roles: ['member']
2024-11-04 15:04:02.376 63577 INFO tempest.lib.common.dynamic_creds [-] Acquired dynamic creds: credentials: Credentials: {'domain_id': 'default', 'domain_name': 'Default', 'username': 'tempest-ServersNegativeTestMultiTenantJSON-2084340310-project-member', 'project_domain_id': 'default', 'project_domain_name': 'Default', 'project_id': 'ff197aac855441de95476c15480603cf', 'project_name': 'tempest-ServersNegativeTestMultiTenantJSON-2084340310', 'tenant_id': 'ff197aac855441de95476c15480603cf', 'tenant_name': 'tempest-ServersNegativeTestMultiTenantJSON-2084340310', 'user_domain_id': 'default', 'user_domain_name': 'Default', 'user_id': '56a2daa2961146cfaffd864fdd5380d3', 'system': None}, Network: None, Subnet: None, Router: None
2024-11-04 15:04:02.380 63549 INFO tempest.lib.common.rest_client [req-731d8e9d-d545-403f-b3a2-33d456200d16 req-731d8e9d-d545-403f-b3a2-33d456200d16 ] Request (ComputeTenantNetworksTest:setUpClass): 201 POST http://10.180.1.21:9696/networking/v2.0/networks 0.685s
2024-11-04 15:04:02.380 63549 INFO tempest.lib.common.dynamic_creds [-] Created isolated network resources for: credentials: Credentials: {'domain_id': 'default', 'domain_name': 'Default', 'username': 'tempest-ComputeTenantNetworksTest-1723728208-project-member', 'project_domain_id': 'default', 'project_domain_name': 'Default', 'project_id': '75c0b489f2eb45bcb6ea502194022133', 'project_name': 'tempest-ComputeTenantNetworksTest-1723728208', 'tenant_id': '75c0b489f2eb45bcb6ea502194022133', 'tenant_name': 'tempest-ComputeTenantNetworksTest-1723728208', 'user_domain_id': 'default', 'user_domain_name': 'Default', 'user_id': '5ce957537d2845a486e756cde11c883c', 'system': None}, Network: {'id': '0eab5c03-946f-4aa2-9f28-6c6714b13284', 'name': 'tempest-ComputeTenantNetworksTest-1843926024-network', 'tenant_id': '75c0b489f2eb45bcb6ea502194022133', 'admin_state_up': True, 'mtu': 8950, 'status': 'ACTIVE', 'subnets': [], 'shared': False, 'project_id': '75c0b489f2eb45bcb6ea502194022133', 'port_security_enabled': True, 'router:external': False, 'provider:network_type': 'vlan', 'provider:physical_network': 'default', 'provider:segmentation_id': 454, 'availability_zone_hints': [], 'availability_zones': [], 'ipv4_address_scope': None, 'ipv6_address_scope': None, 'description': '', 'tags': [], 'created_at': '2024-11-04T15:04:02Z', 'updated_at': '2024-11-04T15:04:02Z', 'revision_number': 1}, Subnet: None, Router: None
2024-11-04 15:04:02.438 63577 INFO tempest.lib.common.rest_client [req-41fc48c6-e495-4a20-a8d6-ba32bad1cedb req-41fc48c6-e495-4a20-a8d6-ba32bad1cedb ] Request (ServersNegativeTestMultiTenantJSON:setUpClass): 201 POST http://10.180.1.21/identity/v3/auth/tokens 0.062s
2024-11-04 15:04:02.457 63573 INFO tempest.lib.common.rest_client [req-676c996d-964a-48fa-9648-f81085a1679c req-676c996d-964a-48fa-9648-f81085a1679c ] Request (ServersTestBootFromVolume:setUpClass): 200 GET http://10.180.1.21/volume/v3/volumes/8895fd52-1e47-4be8-bc86-5cb974e51fe1 0.043s
2024-11-04 15:04:02.462 63549 INFO tempest.lib.common.rest_client [req-2aab2300-c557-4177-b6a5-ca75a84e35f8 req-2aab2300-c557-4177-b6a5-ca75a84e35f8 ] Request (ComputeTenantNetworksTest:setUpClass): 201 POST http://10.180.1.21/identity/v3/auth/tokens 0.077s
2024-11-04 15:04:02.500 63549 INFO tempest.lib.common.rest_client [req-d466bb19-58f0-4b7c-ad12-8fe45a2b68d2 req-d466bb19-58f0-4b7c-ad12-8fe45a2b68d2 ] Request (ComputeTenantNetworksTest:setUpClass): 201 POST http://10.180.1.21/identity/v3/auth/tokens 0.034s
2024-11-04 15:04:02.500 63549 INFO tempest.lib.common.fixed_network [-] (ComputeTenantNetworksTest:setUpClass) Found network {'id': '0eab5c03-946f-4aa2-9f28-6c6714b13284', 'name': 'tempest-ComputeTenantNetworksTest-1843926024-network', 'tenant_id': '75c0b489f2eb45bcb6ea502194022133', 'admin_state_up': True, 'mtu': 8950, 'status': 'ACTIVE', 'subnets': [], 'shared': False, 'project_id': '75c0b489f2eb45bcb6ea502194022133', 'port_security_enabled': True, 'router:external': False, 'provider:network_type': 'vlan', 'provider:physical_network': 'default', 'provider:segmentation_id': 454, 'availability_zone_hints': [], 'availability_zones': [], 'ipv4_address_scope': None, 'ipv6_address_scope': None, 'description': '', 'tags': [], 'created_at': '2024-11-04T15:04:02Z', 'updated_at': '2024-11-04T15:04:02Z', 'revision_number': 1} available for tenant
2024-11-04 15:04:02.509 63551 INFO tempest.lib.common.rest_client [req-1a875da6-d0bb-4b5f-9ce8-ea44754b9fe3 req-1a875da6-d0bb-4b5f-9ce8-ea44754b9fe3 ] Request (KeyPairsV22TestJSON:test_keypairsv22_create_list_show_with_type): 201 POST http://10.180.1.21/compute/v2.1/os-keypairs 2.119s
2024-11-04 15:04:02.797 63559 WARNING tempest.lib.common.ssh [-] Failed to establish authenticated ssh connection to cirros@10.180.180.234 ([Errno None] Unable to connect to port 22 on 10.180.180.234). Number attempts: 1. Retry after 2 seconds.: paramiko.ssh_exception.NoValidConnectionsError: [Errno None] Unable to connect to port 22 on 10.180.180.234
2024-11-04 15:04:02.807 63569 INFO tempest.lib.common.rest_client [req-a2971d9a-af7d-4188-a85d-842071383c9a req-a2971d9a-af7d-4188-a85d-842071383c9a ] Request (TenantUsagesTestJSON:setUpClass): 200 GET http://10.180.1.21/compute/v2.1/servers/081339d7-6d9b-4b66-a816-467d23196c9a 2.342s
2024-11-04 15:04:02.823 63569 INFO tempest.common.waiters [-] State transition "BUILD/spawning" ==> "ACTIVE/None" after 32 second wait
2024-11-04 15:04:02.979 63519 INFO tempest.lib.common.rest_client [req-435d90d6-19b5-4213-8789-7701af942188 req-435d90d6-19b5-4213-8789-7701af942188 ] Request (QuotasTestJSON:test_get_quotas): 200 GET http://10.180.1.21/compute/v2.1/os-quota-sets/af9f7988354842e8a2d21003c1bef426 2.356s
2024-11-04 15:04:03.279 63563 INFO tempest.lib.common.rest_client [req-10a89d8b-9c96-4c9f-9ac6-0da8f2b00ffe req-10a89d8b-9c96-4c9f-9ac6-0da8f2b00ffe ] Request (DeleteServersAdminTestJSON:test_delete_server_while_in_error_state): 200 GET http://10.180.1.21/compute/v2.1/servers/bb0c149c-920e-47c4-a960-47b2fb443431 2.390s
2024-11-04 15:04:03.424 63577 INFO tempest.lib.common.rest_client [req-5c91dee8-a746-41b4-8677-d9027b66bd83 req-5c91dee8-a746-41b4-8677-d9027b66bd83 ] Request (ServersNegativeTestMultiTenantJSON:setUpClass): 201 POST http://10.180.1.21:9696/networking/v2.0/networks 0.985s
2024-11-04 15:04:03.511 63573 INFO tempest.lib.common.rest_client [req-8172cc88-d315-4309-b56e-5b0c403d59d1 req-8172cc88-d315-4309-b56e-5b0c403d59d1 ] Request (ServersTestBootFromVolume:setUpClass): 200 GET http://10.180.1.21/volume/v3/volumes/8895fd52-1e47-4be8-bc86-5cb974e51fe1 0.040s
2024-11-04 15:04:03.564 63533 WARNING tempest.lib.common.ssh [-] Failed to establish authenticated ssh connection to cirros@10.180.180.194 ([Errno None] Unable to connect to port 22 on 10.180.180.194). Number attempts: 2. Retry after 3 seconds.: paramiko.ssh_exception.NoValidConnectionsError: [Errno None] Unable to connect to port 22 on 10.180.180.194
2024-11-04 15:04:03.596 63547 INFO tempest.lib.common.rest_client [req-176518fb-5c43-4d27-9c07-b2e36e6b7251 req-176518fb-5c43-4d27-9c07-b2e36e6b7251 ] Request (VolumesAdminNegativeTest:test_update_attached_volume_with_nonexistent_volume_in_body): 200 GET http://10.180.1.21/compute/v2.1/servers/96bef3f3-a45c-43ba-a86a-66c1d5686ea6 2.645s
2024-11-04 15:04:03.602 63547 INFO tempest.common.waiters [-] State transition "BUILD/networking" ==> "BUILD/spawning" after 26 second wait
2024-11-04 15:04:03.634 63561 INFO tempest.lib.common.rest_client [req-6ffa92d0-b2b8-40df-9eba-04997eee75bf req-6ffa92d0-b2b8-40df-9eba-04997eee75bf ] Request (ServersTestManualDisk:setUpClass): 200 PUT http://10.180.1.21:9696/networking/v2.0/routers/0cfc56d1-5b4c-44d0-bfaf-939b429409b5/add_router_interface 2.327s
2024-11-04 15:04:03.634 63561 INFO tempest.lib.common.dynamic_creds [-] Created isolated network resources for: credentials: Credentials: {'domain_id': 'default', 'domain_name': 'Default', 'username': 'tempest-ServersTestManualDisk-269369081-project-member', 'project_domain_id': 'default', 'project_domain_name': 'Default', 'project_id': '4d5745ee1ed64809a93b1e0b1dea11bf', 'project_name': 'tempest-ServersTestManualDisk-269369081', 'tenant_id': '4d5745ee1ed64809a93b1e0b1dea11bf', 'tenant_name': 'tempest-ServersTestManualDisk-269369081', 'user_domain_id': 'default', 'user_domain_name': 'Default', 'user_id': '8fea7938a2234dc4bf329bd30475192d', 'system': None}, Network: {'id': '263e1420-6a47-473d-a527-fa8b27d6c538', 'name': 'tempest-ServersTestManualDisk-912409184-network', 'tenant_id': '4d5745ee1ed64809a93b1e0b1dea11bf', 'admin_state_up': True, 'mtu': 8950, 'status': 'ACTIVE', 'subnets': [], 'shared': False, 'project_id': '4d5745ee1ed64809a93b1e0b1dea11bf', 'port_security_enabled': True, 'router:external': False, 'provider:network_type': 'vlan', 'provider:physical_network': 'default', 'provider:segmentation_id': 616, 'availability_zone_hints': [], 'availability_zones': [], 'ipv4_address_scope': None, 'ipv6_address_scope': None, 'description': '', 'tags': [], 'created_at': '2024-11-04T15:03:59Z', 'updated_at': '2024-11-04T15:03:59Z', 'revision_number': 1}, Subnet: {'id': '26fb5a28-5f46-4925-8338-829397269373', 'name': 'tempest-ServersTestManualDisk-912409184-subnet', 'tenant_id': '4d5745ee1ed64809a93b1e0b1dea11bf', 'network_id': '263e1420-6a47-473d-a527-fa8b27d6c538', 'ip_version': 4, 'subnetpool_id': None, 'enable_dhcp': True, 'ipv6_ra_mode': None, 'ipv6_address_mode': None, 'gateway_ip': '192.168.128.1', 'cidr': '192.168.128.0/28', 'allocation_pools': [{'start': '192.168.128.2', 'end': '192.168.128.14'}], 'host_routes': [], 'dns_nameservers': [], 'description': '', 'router:external': False, 'service_types': [], 'tags': [], 'created_at': '2024-11-04T15:03:59Z', 'updated_at': '2024-11-04T15:03:59Z', 'revision_number': 0, 'project_id': '4d5745ee1ed64809a93b1e0b1dea11bf'}, Router: {'id': '0cfc56d1-5b4c-44d0-bfaf-939b429409b5', 'name': 'tempest-ServersTestManualDisk-912409184-router', 'tenant_id': '4d5745ee1ed64809a93b1e0b1dea11bf', 'admin_state_up': True, 'status': 'ACTIVE', 'external_gateway_info': {'network_id': '264f1102-2686-47f2-8416-34ae8c5a9955', 'external_fixed_ips': [{'subnet_id': 'f7c0c894-2b65-4f6d-96e8-364aab3279e1', 'ip_address': '10.180.180.179'}], 'enable_snat': True}, 'description': '', 'availability_zones': [], 'distributed': False, 'ha': False, 'availability_zone_hints': [], 'routes': [], 'flavor_id': None, 'tags': [], 'created_at': '2024-11-04T15:03:59Z', 'updated_at': '2024-11-04T15:04:00Z', 'revision_number': 2, 'project_id': '4d5745ee1ed64809a93b1e0b1dea11bf'}
2024-11-04 15:04:03.674 63525 INFO tempest.lib.common.rest_client [req-e06d178c-d7ba-455a-8fe7-bd4fbf19ad6c req-e06d178c-d7ba-455a-8fe7-bd4fbf19ad6c ] Request (SecurityGroupRulesTestJSON:test_security_group_rules_list): 200 GET http://10.180.1.21/compute/v2.1/os-security-groups/d8613330-1695-4382-bba2-a632cd12e719 2.603s
2024-11-04 15:04:03.755 63543 INFO tempest.lib.common.rest_client [req-916e4180-f399-46c7-8c8d-899b7b201107 req-916e4180-f399-46c7-8c8d-899b7b201107 ] Request (ServersAdminTestJSON:test_create_server_with_scheduling_hint): 200 GET http://10.180.1.21/compute/v2.1/servers/50788030-4dc2-4215-bf2c-acba5dd33ce4 2.523s
2024-11-04 15:04:03.757 63561 INFO tempest.lib.common.rest_client [req-6e50ddb1-e9b0-4ab1-b965-16e2f45bfe1e req-6e50ddb1-e9b0-4ab1-b965-16e2f45bfe1e ] Request (ServersTestManualDisk:setUpClass): 201 POST http://10.180.1.21/identity/v3/auth/tokens 0.117s
2024-11-04 15:04:03.825 63577 INFO tempest.lib.common.rest_client [req-2cfa1699-149d-4ea0-99b3-128f6485ba75 req-2cfa1699-149d-4ea0-99b3-128f6485ba75 ] Request (ServersNegativeTestMultiTenantJSON:setUpClass): 201 POST http://10.180.1.21:9696/networking/v2.0/subnets 0.400s
2024-11-04 15:04:03.829 63537 INFO tempest.lib.common.rest_client [req-77c25b4b-6a92-4765-b6cc-c124380e3554 req-77c25b4b-6a92-4765-b6cc-c124380e3554 ] Request (ServerDiagnosticsNegativeTest:tearDownClass): 200 GET http://10.180.1.21/compute/v2.1/servers/2084a365-b662-4564-b899-ab4c4a63f2b9 2.449s
2024-11-04 15:04:03.898 63581 INFO tempest.lib.common.rest_client [req-3a1625bc-d250-428f-8101-6d9f647fa753 req-3a1625bc-d250-428f-8101-6d9f647fa753 ] Request (ServerTagsTestJSON:setUpClass): 200 GET http://10.180.1.21/compute/v2.1/servers/a4d45835-f065-445f-bcb6-d1b01d545cb0 2.434s
2024-11-04 15:04:03.976 63535 INFO tempest.lib.common.rest_client [req-78d6c4ae-22cb-4a92-868b-ed626b069aec req-78d6c4ae-22cb-4a92-868b-ed626b069aec ] Request (ImagesNegativeTestJSON:test_create_image_from_deleted_server): 200 GET http://10.180.1.21/compute/v2.1/servers/3ddf7322-5504-408f-af6c-af73fb1c4286 2.493s
2024-11-04 15:04:04.217 63529 INFO tempest.lib.common.rest_client [req-b820dd1a-bb6f-441c-a04c-f3f619ff0e07 req-b820dd1a-bb6f-441c-a04c-f3f619ff0e07 ] Request (FloatingIPsTestJSON:setUpClass): 200 PUT http://10.180.1.21:9696/networking/v2.0/routers/f2cdaf88-9049-4cf3-8c2e-5a45e3133e8c/add_router_interface 2.063s
2024-11-04 15:04:04.218 63529 INFO tempest.lib.common.dynamic_creds [-] Created isolated network resources for: credentials: Credentials: {'domain_id': 'default', 'domain_name': 'Default', 'username': 'tempest-FloatingIPsTestJSON-1233925646-project-member', 'project_domain_id': 'default', 'project_domain_name': 'Default', 'project_id': 'f220e55b560846f2af70df5b2e4284a5', 'project_name': 'tempest-FloatingIPsTestJSON-1233925646', 'tenant_id': 'f220e55b560846f2af70df5b2e4284a5', 'tenant_name': 'tempest-FloatingIPsTestJSON-1233925646', 'user_domain_id': 'default', 'user_domain_name': 'Default', 'user_id': '1f230a9f7f644c63b8ab8d445df35194', 'system': None}, Network: {'id': '3294ff30-a279-40b1-8df5-e7f189a39e7f', 'name': 'tempest-FloatingIPsTestJSON-1170366908-network', 'tenant_id': 'f220e55b560846f2af70df5b2e4284a5', 'admin_state_up': True, 'mtu': 8950, 'status': 'ACTIVE', 'subnets': [], 'shared': False, 'project_id': 'f220e55b560846f2af70df5b2e4284a5', 'port_security_enabled': True, 'router:external': False, 'provider:network_type': 'vlan', 'provider:physical_network': 'default', 'provider:segmentation_id': 518, 'availability_zone_hints': [], 'availability_zones': [], 'ipv4_address_scope': None, 'ipv6_address_scope': None, 'description': '', 'tags': [], 'created_at': '2024-11-04T15:03:59Z', 'updated_at': '2024-11-04T15:03:59Z', 'revision_number': 1}, Subnet: {'id': 'a23d15e2-d306-49e5-9705-1884c0b5ccf7', 'name': 'tempest-FloatingIPsTestJSON-1170366908-subnet', 'tenant_id': 'f220e55b560846f2af70df5b2e4284a5', 'network_id': '3294ff30-a279-40b1-8df5-e7f189a39e7f', 'ip_version': 4, 'subnetpool_id': None, 'enable_dhcp': True, 'ipv6_ra_mode': None, 'ipv6_address_mode': None, 'gateway_ip': '192.168.128.1', 'cidr': '192.168.128.0/28', 'allocation_pools': [{'start': '192.168.128.2', 'end': '192.168.128.14'}], 'host_routes': [], 'dns_nameservers': [], 'description': '', 'router:external': False, 'service_types': [], 'tags': [], 'created_at': '2024-11-04T15:03:59Z', 'updated_at': '2024-11-04T15:03:59Z', 'revision_number': 0, 'project_id': 'f220e55b560846f2af70df5b2e4284a5'}, Router: {'id': 'f2cdaf88-9049-4cf3-8c2e-5a45e3133e8c', 'name': 'tempest-FloatingIPsTestJSON-1170366908-router', 'tenant_id': 'f220e55b560846f2af70df5b2e4284a5', 'admin_state_up': True, 'status': 'ACTIVE', 'external_gateway_info': {'network_id': '264f1102-2686-47f2-8416-34ae8c5a9955', 'external_fixed_ips': [{'subnet_id': 'f7c0c894-2b65-4f6d-96e8-364aab3279e1', 'ip_address': '10.180.180.166'}], 'enable_snat': True}, 'description': '', 'availability_zones': [], 'distributed': False, 'ha': False, 'availability_zone_hints': [], 'routes': [], 'flavor_id': None, 'tags': [], 'created_at': '2024-11-04T15:04:00Z', 'updated_at': '2024-11-04T15:04:01Z', 'revision_number': 2, 'project_id': 'f220e55b560846f2af70df5b2e4284a5'}
2024-11-04 15:04:04.245 63557 INFO tempest.lib.common.rest_client [req-b51c1252-5ede-4ce0-9cf9-b7707f72fcbc req-b51c1252-5ede-4ce0-9cf9-b7707f72fcbc ] Request (FloatingIPsAssociationNegativeTestJSON:setUpClass): 200 GET http://10.180.1.21/compute/v2.1/servers/2f5b06f6-7178-4fdf-93b6-65477f020898 2.675s
2024-11-04 15:04:04.260 63557 INFO tempest.common.waiters [-] State transition "BUILD/None" ==> "BUILD/spawning" after 26 second wait
2024-11-04 15:04:04.340 63529 INFO tempest.lib.common.rest_client [req-126528ae-004e-475a-bd8f-457c1fdcb81d req-126528ae-004e-475a-bd8f-457c1fdcb81d ] Request (FloatingIPsTestJSON:setUpClass): 201 POST http://10.180.1.21/identity/v3/auth/tokens 0.119s
2024-11-04 15:04:04.344 63545 INFO tempest.lib.common.rest_client [req-44079714-30ec-4b53-95c9-0365135e8861 req-44079714-30ec-4b53-95c9-0365135e8861 ] Request (DeleteServersTestJSON:test_delete_server_while_in_attached_volume): 200 GET http://10.180.1.21/compute/v2.1/servers/76dff032-a806-4910-a48b-8850b05131c1 2.628s
2024-11-04 15:04:04.414 63575 INFO tempest.lib.common.rest_client [req-b2537e6f-6dbb-44ef-8f55-42fa71a98514 req-b2537e6f-6dbb-44ef-8f55-42fa71a98514 ] Request (ServerDiagnosticsTest:tearDownClass): 200 GET http://10.180.1.21/compute/v2.1/servers/5d48e854-45fd-4767-91b7-100f84bdca55 2.646s
2024-11-04 15:04:04.497 63565 INFO tempest.lib.common.rest_client [req-2e8e9f14-e35b-421d-8ee2-303416ae70f0 req-2e8e9f14-e35b-421d-8ee2-303416ae70f0 ] Request (ServerActionsTestOtherB:setUpClass): 200 GET http://10.180.1.21/compute/v2.1/servers/c17c986e-c008-4414-8dd1-4ea836458048 2.539s
2024-11-04 15:04:04.549 63573 INFO tempest.lib.common.rest_client [req-214ae200-6d27-4b12-a3a4-352bd5a22a43 req-214ae200-6d27-4b12-a3a4-352bd5a22a43 ] Request (ServersTestBootFromVolume:setUpClass): 200 GET http://10.180.1.21/volume/v3/volumes/8895fd52-1e47-4be8-bc86-5cb974e51fe1 0.030s
2024-11-04 15:04:04.582 63531 INFO tempest.lib.common.rest_client [req-c487a49c-d9a9-460f-a264-27276b91d7d8 req-c487a49c-d9a9-460f-a264-27276b91d7d8 ] Request (ServersV294TestFqdnHostnames:setUpClass): 200 GET http://10.180.1.21/compute/v2.1/servers/ff793464-9bef-449f-8485-36d3b8fb1d69 2.576s
2024-11-04 15:04:04.657 63523 INFO tempest.lib.common.rest_client [req-b3ded589-e2c3-4edf-b7f1-79f096f97d34 req-b3ded589-e2c3-4edf-b7f1-79f096f97d34 ] Request (ServersAdmin275Test:tearDownClass): 200 GET http://10.180.1.21/compute/v2.1/servers/96a38ed0-c880-4f21-9389-99f039279072 2.551s
2024-11-04 15:04:04.845 63527 INFO tempest.lib.common.rest_client [req-ffeddabc-3dd0-4d05-9a93-d663e42ead7f req-ffeddabc-3dd0-4d05-9a93-d663e42ead7f ] Request (MigrationsAdminTest:test_list_migrations_in_flavor_resize_situation): 200 GET http://10.180.1.21/compute/v2.1/servers/b26a4784-698d-477a-8db7-58156899d231 2.735s
2024-11-04 15:04:04.848 63539 INFO tempest.lib.common.rest_client [req-39eb7f5b-b181-4dc2-993a-bb8e7da11146 req-39eb7f5b-b181-4dc2-993a-bb8e7da11146 ] Request (TestVersions:test_get_version_details): 200 GET http://10.180.1.21/compute/v2.1/ 2.737s
2024-11-04 15:04:04.869 63521 INFO tempest.lib.common.rest_client [req-8765acd7-ccde-4e1a-8293-9488c459d28a req-8765acd7-ccde-4e1a-8293-9488c459d28a ] Request (AggregatesAdminNegativeTestJSON:_run_cleanups): 200 DELETE http://10.180.1.21/compute/v2.1/os-aggregates/8 2.613s
2024-11-04 15:04:04.970 63521 INFO tempest.lib.common.rest_client [req-65da616d-1f73-4a26-9bf0-52903a8de81b req-65da616d-1f73-4a26-9bf0-52903a8de81b ] Request (AggregatesAdminNegativeTestJSON:tearDownClass): 204 DELETE http://10.180.1.21/identity/v3/users/b6ec32a91cbe434e901a492ec1ed5b92 0.099s
2024-11-04 15:04:05.074 63549 INFO tempest.lib.common.rest_client [req-17973b94-75c5-461a-9c01-fc4338391d30 req-17973b94-75c5-461a-9c01-fc4338391d30 ] Request (ComputeTenantNetworksTest:test_list_show_tenant_networks): 200 GET http://10.180.1.21/compute/v2.1/os-tenant-networks 2.573s
2024-11-04 15:04:05.085 63521 INFO tempest.lib.common.rest_client [req-1024021a-1efe-438c-9363-72c4f3fe7a6c req-1024021a-1efe-438c-9363-72c4f3fe7a6c ] Request (AggregatesAdminNegativeTestJSON:tearDownClass): 204 DELETE http://10.180.1.21/identity/v3/users/4a7f58347e6a4bca9d7c4b7a2ca610f8 0.114s
2024-11-04 15:04:05.085 63521 INFO tempest.lib.common.dynamic_creds [-] Deleting project and security group for project: 8ce38ff2f66a44e998d6453e0ede3a95
2024-11-04 15:04:05.087 63551 INFO tempest.lib.common.rest_client [req-bfea8a3e-33b9-471d-ad15-b732ace0efe1 req-bfea8a3e-33b9-471d-ad15-b732ace0efe1 ] Request (KeyPairsV22TestJSON:test_keypairsv22_create_list_show_with_type): 200 GET http://10.180.1.21/compute/v2.1/os-keypairs/tempest-keypair-327603732 2.576s
2024-11-04 15:04:05.161 63521 INFO tempest.lib.common.rest_client [req-5dcf64e7-e04e-44ce-883f-0ebb7605c2be req-5dcf64e7-e04e-44ce-883f-0ebb7605c2be ] Request (AggregatesAdminNegativeTestJSON:tearDownClass): 201 POST http://10.180.1.21/identity/v3/auth/tokens 0.075s
2024-11-04 15:04:05.245 63569 INFO tempest.lib.common.rest_client [req-1935422b-11e3-4370-b0e3-20d6bbc02fad req-1935422b-11e3-4370-b0e3-20d6bbc02fad ] Request (TenantUsagesTestJSON:test_get_usage_tenant): 200 GET http://10.180.1.21/compute/v2.1/os-simple-tenant-usage/5c777a4c08854c61beda5832aa015a8d?start=2024-11-03T15%3A04%3A02.823967&end=2024-11-05T15%3A04%3A02.823967 2.421s
2024-11-04 15:04:05.352 63519 INFO tempest.lib.common.rest_client [req-ecef1e90-c66b-4cef-ad93-7248ae864fc7 req-ecef1e90-c66b-4cef-ad93-7248ae864fc7 ] Request (QuotasTestJSON:test_get_quotas): 200 GET http://10.180.1.21/compute/v2.1/os-quota-sets/af9f7988354842e8a2d21003c1bef426?user_id=a92f222ab108417a9fc1da3d1092e24a 2.370s
2024-11-04 15:04:05.459 63519 INFO tempest.lib.common.rest_client [req-3af550ee-19f4-4844-985c-4761dd736f33 req-3af550ee-19f4-4844-985c-4761dd736f33 ] Request (QuotasTestJSON:tearDownClass): 204 DELETE http://10.180.1.21/identity/v3/users/a92f222ab108417a9fc1da3d1092e24a 0.103s
2024-11-04 15:04:05.459 63519 INFO tempest.lib.common.dynamic_creds [-] Deleting project and security group for project: af9f7988354842e8a2d21003c1bef426
2024-11-04 15:04:05.532 63519 INFO tempest.lib.common.rest_client [req-5ef46776-b8d0-4285-9000-9dfa7b1757af req-5ef46776-b8d0-4285-9000-9dfa7b1757af ] Request (QuotasTestJSON:tearDownClass): 201 POST http://10.180.1.21/identity/v3/auth/tokens 0.073s
2024-11-04 15:04:05.588 63573 INFO tempest.lib.common.rest_client [req-0d42aee0-68b4-4f28-bf41-9f4ce032e20e req-0d42aee0-68b4-4f28-bf41-9f4ce032e20e ] Request (ServersTestBootFromVolume:setUpClass): 200 GET http://10.180.1.21/volume/v3/volumes/8895fd52-1e47-4be8-bc86-5cb974e51fe1 0.030s
2024-11-04 15:04:05.799 63577 INFO tempest.lib.common.rest_client [req-132a34c7-a01c-47b5-82a7-a12f67bb95a2 req-132a34c7-a01c-47b5-82a7-a12f67bb95a2 ] Request (ServersNegativeTestMultiTenantJSON:setUpClass): 201 POST http://10.180.1.21:9696/networking/v2.0/routers 1.972s
2024-11-04 15:04:05.837 63571 INFO tempest.lib.common.rest_client [req-649d834b-5f35-46be-b921-7ff8b8de9f37 req-649d834b-5f35-46be-b921-7ff8b8de9f37 ] Request (ServersAdminNegativeTestJSON:test_migrate_server_invalid_state): 200 GET http://10.180.1.21/compute/v2.1/servers/d2614f71-3026-41d4-ae04-eaede9b5ead5 2.603s
2024-11-04 15:04:05.842 63521 INFO tempest.lib.common.rest_client [req-ec881d1f-599c-4194-a365-97cc838f8674 req-ec881d1f-599c-4194-a365-97cc838f8674 ] Request (AggregatesAdminNegativeTestJSON:tearDownClass): 200 GET http://10.180.1.21:9696/networking/v2.0/security-groups?tenant_id=8ce38ff2f66a44e998d6453e0ede3a95&name=default 0.681s
2024-11-04 15:04:05.864 63519 INFO tempest.lib.common.rest_client [req-76330403-620e-4ac0-976f-9a8720b72e48 req-76330403-620e-4ac0-976f-9a8720b72e48 ] Request (QuotasTestJSON:tearDownClass): 200 GET http://10.180.1.21:9696/networking/v2.0/security-groups?tenant_id=af9f7988354842e8a2d21003c1bef426&name=default 0.331s
2024-11-04 15:04:05.867 63559 WARNING tempest.lib.common.ssh [-] Failed to establish authenticated ssh connection to cirros@10.180.180.234 ([Errno None] Unable to connect to port 22 on 10.180.180.234). Number attempts: 2. Retry after 3 seconds.: paramiko.ssh_exception.NoValidConnectionsError: [Errno None] Unable to connect to port 22 on 10.180.180.234
2024-11-04 15:04:05.896 63555 INFO tempest.lib.common.rest_client [req-e4b09d1e-1bf6-49f8-aab5-d8ee544cd59e req-e4b09d1e-1bf6-49f8-aab5-d8ee544cd59e ] Request (FloatingIPsAssociationTestJSON:test_associate_already_associated_floating_ip): 202 POST http://10.180.1.21/compute/v2.1/servers/a0762952-2afd-448a-8e46-ba788a4ca131/action 5.553s
2024-11-04 15:04:06.020 63519 INFO tempest.lib.common.rest_client [req-0319e1c8-1ae8-49c2-8cfd-4bc18a8ade31 req-0319e1c8-1ae8-49c2-8cfd-4bc18a8ade31 ] Request (QuotasTestJSON:tearDownClass): 204 DELETE http://10.180.1.21:9696/networking/v2.0/security-groups/a1826e33-dd8c-4779-ae10-613d63961072 0.156s
2024-11-04 15:04:06.058 63561 INFO tempest.lib.common.rest_client [req-55999cf4-144c-43e5-ae42-c0c62aaf1a8e req-55999cf4-144c-43e5-ae42-c0c62aaf1a8e ] Request (ServersTestManualDisk:setUpClass): 200 POST http://10.180.1.21/compute/v2.1/os-keypairs 2.300s
2024-11-04 15:04:06.082 63521 INFO tempest.lib.common.rest_client [req-a129c63c-e9de-4909-8ee2-18548ff3cceb req-a129c63c-e9de-4909-8ee2-18548ff3cceb ] Request (AggregatesAdminNegativeTestJSON:tearDownClass): 204 DELETE http://10.180.1.21:9696/networking/v2.0/security-groups/ad604ade-9bec-4d34-acff-e1efbb3712ab 0.239s
2024-11-04 15:04:06.110 63525 INFO tempest.lib.common.rest_client [req-d3194e5d-0a80-429d-a46a-4394dda7658b req-d3194e5d-0a80-429d-a46a-4394dda7658b ] Request (SecurityGroupRulesTestJSON:_run_cleanups): 202 DELETE http://10.180.1.21/compute/v2.1/os-security-group-rules/10c981a5-c62d-450e-86f7-fbad7b58b5c4 2.434s
2024-11-04 15:04:06.157 63519 INFO tempest.lib.common.rest_client [req-88e6cdc0-27b3-4f90-b824-b6baf9b35104 req-88e6cdc0-27b3-4f90-b824-b6baf9b35104 ] Request (QuotasTestJSON:tearDownClass): 204 DELETE http://10.180.1.21/identity/v3/projects/af9f7988354842e8a2d21003c1bef426 0.136s
2024-11-04 15:04:06.191 63563 INFO tempest.lib.common.rest_client [req-d752262e-1d32-4cdd-b591-2424ea735abd req-d752262e-1d32-4cdd-b591-2424ea735abd ] Request (DeleteServersAdminTestJSON:test_delete_server_while_in_error_state): 200 GET http://10.180.1.21/compute/v2.1/servers/bb0c149c-920e-47c4-a960-47b2fb443431 1.900s
2024-11-04 15:04:06.264 63521 INFO tempest.lib.common.rest_client [req-7b490bce-52a9-46cb-b072-3bc81f2c5d14 req-7b490bce-52a9-46cb-b072-3bc81f2c5d14 ] Request (AggregatesAdminNegativeTestJSON:tearDownClass): 204 DELETE http://10.180.1.21/identity/v3/projects/8ce38ff2f66a44e998d6453e0ede3a95 0.181s
2024-11-04 15:04:06.264 63521 INFO tempest.lib.common.dynamic_creds [-] Deleting project and security group for project: 5e2ee8903a214e5097dd5cd5a827815d
2024-11-04 15:04:06.330 63519 INFO tempest.lib.common.rest_client [req-d94fd731-8146-4ef3-b04f-8994ab843db2 req-d94fd731-8146-4ef3-b04f-8994ab843db2 ] Request (AttachVolumeTestJSON:setUpClass): 201 POST http://10.180.1.21/identity/v3/auth/tokens 0.171s
2024-11-04 15:04:06.336 63561 INFO tempest.lib.common.rest_client [req-cf7b1005-c237-40c3-a95b-3c04b4696e26 req-cf7b1005-c237-40c3-a95b-3c04b4696e26 ] Request (ServersTestManualDisk:setUpClass): 201 POST http://10.180.1.21:9696/networking/v2.0/security-groups 0.274s
2024-11-04 15:04:06.363 63519 INFO tempest.lib.common.rest_client [req-1a5a3e31-76cd-4f90-8f0a-861b96d04dc2 req-1a5a3e31-76cd-4f90-8f0a-861b96d04dc2 ] Request (AttachVolumeTestJSON:setUpClass): 201 POST http://10.180.1.21/identity/v3/auth/tokens 0.030s
2024-11-04 15:04:06.386 63519 INFO tempest.lib.common.rest_client [req-1cec00e7-3b32-4e79-8c74-d948d07ba3c8 req-1cec00e7-3b32-4e79-8c74-d948d07ba3c8 ] Request (AttachVolumeTestJSON:setUpClass): 200 GET http://10.180.1.21/identity/v3/domains?name=Default 0.022s
2024-11-04 15:04:06.396 63547 INFO tempest.lib.common.rest_client [req-992faaa0-af47-4ef0-a9a5-bafe1d23ade8 req-992faaa0-af47-4ef0-a9a5-bafe1d23ade8 ] Request (VolumesAdminNegativeTest:test_update_attached_volume_with_nonexistent_volume_in_body): 200 GET http://10.180.1.21/compute/v2.1/servers/96bef3f3-a45c-43ba-a86a-66c1d5686ea6 1.792s
2024-11-04 15:04:06.426 63519 INFO tempest.lib.common.rest_client [req-7cf29fbe-73e6-46c0-aadd-0036d70eebee req-7cf29fbe-73e6-46c0-aadd-0036d70eebee ] Request (AttachVolumeTestJSON:setUpClass): 201 POST http://10.180.1.21/identity/v3/projects 0.040s
2024-11-04 15:04:06.477 63543 INFO tempest.lib.common.rest_client [req-ecf49309-5e94-4901-8dc0-e34267b18e94 req-ecf49309-5e94-4901-8dc0-e34267b18e94 ] Request (ServersAdminTestJSON:test_create_server_with_scheduling_hint): 200 GET http://10.180.1.21/compute/v2.1/servers/50788030-4dc2-4215-bf2c-acba5dd33ce4 1.715s
2024-11-04 15:04:06.508 63561 INFO tempest.lib.common.rest_client [req-190517d6-f866-4587-ad18-3a7da0418913 req-190517d6-f866-4587-ad18-3a7da0418913 ] Request (ServersTestManualDisk:setUpClass): 201 POST http://10.180.1.21:9696/networking/v2.0/security-group-rules 0.171s
2024-11-04 15:04:06.538 63519 INFO tempest.lib.common.rest_client [req-22bf1fae-f856-454d-958e-9e7b6b5fa2f5 req-22bf1fae-f856-454d-958e-9e7b6b5fa2f5 ] Request (AttachVolumeTestJSON:setUpClass): 201 POST http://10.180.1.21/identity/v3/users 0.111s
2024-11-04 15:04:06.566 63519 INFO tempest.lib.common.rest_client [req-c60d396e-1cde-45fa-a401-18f976d39978 req-c60d396e-1cde-45fa-a401-18f976d39978 ] Request (AttachVolumeTestJSON:setUpClass): 200 GET http://10.180.1.21/identity/v3/roles 0.027s
2024-11-04 15:04:06.576 63537 INFO tempest.lib.common.rest_client [req-1b020080-56f6-4d6e-9808-ed2d43e14f8b req-1b020080-56f6-4d6e-9808-ed2d43e14f8b ] Request (ServerDiagnosticsNegativeTest:tearDownClass): 200 GET http://10.180.1.21/compute/v2.1/servers/2084a365-b662-4564-b899-ab4c4a63f2b9 1.735s
2024-11-04 15:04:06.580 63539 INFO tempest.lib.common.rest_client [-] Request (TestVersions:test_list_api_versions): 200 GET http://10.180.1.21/compute/ 1.727s
2024-11-04 15:04:06.588 63521 INFO tempest.lib.common.rest_client [req-6a1497c9-99ee-437c-b498-b55291644db9 req-6a1497c9-99ee-437c-b498-b55291644db9 ] Request (AggregatesAdminNegativeTestJSON:tearDownClass): 200 GET http://10.180.1.21:9696/networking/v2.0/security-groups?tenant_id=5e2ee8903a214e5097dd5cd5a827815d&name=default 0.323s
2024-11-04 15:04:06.601 63519 INFO tempest.lib.common.rest_client [req-72816b3b-2d4b-4fac-a02c-89dcc99b1dc7 req-72816b3b-2d4b-4fac-a02c-89dcc99b1dc7 ] Request (AttachVolumeTestJSON:setUpClass): 204 PUT http://10.180.1.21/identity/v3/projects/df79d3305e464a6b83f18497a2464140/users/65cc77a6782d42dd80d174df20fee70a/roles/b8fc5eb45d064836adfaf48a8353a475 0.035s
2024-11-04 15:04:06.602 63519 INFO tempest.lib.common.dynamic_creds [-] Dynamic test user 65cc77a6782d42dd80d174df20fee70a is created with scope project and roles: ['member']
2024-11-04 15:04:06.602 63519 INFO tempest.lib.common.dynamic_creds [-] Acquired dynamic creds: credentials: Credentials: {'domain_id': 'default', 'domain_name': 'Default', 'username': 'tempest-AttachVolumeTestJSON-1446053004-project-member', 'project_domain_id': 'default', 'project_domain_name': 'Default', 'project_id': 'df79d3305e464a6b83f18497a2464140', 'project_name': 'tempest-AttachVolumeTestJSON-1446053004', 'tenant_id': 'df79d3305e464a6b83f18497a2464140', 'tenant_name': 'tempest-AttachVolumeTestJSON-1446053004', 'user_domain_id': 'default', 'user_domain_name': 'Default', 'user_id': '65cc77a6782d42dd80d174df20fee70a', 'system': None}, Network: None, Subnet: None, Router: None
2024-11-04 15:04:06.633 63573 INFO tempest.lib.common.rest_client [req-dc59f5b3-6a4c-43d9-a515-35e50e77e921 req-dc59f5b3-6a4c-43d9-a515-35e50e77e921 ] Request (ServersTestBootFromVolume:setUpClass): 200 GET http://10.180.1.21/volume/v3/volumes/8895fd52-1e47-4be8-bc86-5cb974e51fe1 0.040s
2024-11-04 15:04:06.666 63519 INFO tempest.lib.common.rest_client [req-bda5f434-f106-48bb-b51d-39f5c2fcf95d req-bda5f434-f106-48bb-b51d-39f5c2fcf95d ] Request (AttachVolumeTestJSON:setUpClass): 201 POST http://10.180.1.21/identity/v3/auth/tokens 0.064s
2024-11-04 15:04:06.699 63539 INFO tempest.lib.common.rest_client [req-0ecb8a97-ae80-4bd0-98f1-9db51673e899 req-0ecb8a97-ae80-4bd0-98f1-9db51673e899 ] Request (TestVersions:tearDownClass): 204 DELETE http://10.180.1.21/identity/v3/users/636f943283e546ea98b0ad3b5027c92f 0.110s
2024-11-04 15:04:06.700 63539 INFO tempest.lib.common.dynamic_creds [-] Deleting project and security group for project: 7c6e73c05ade4487849d5bedf79bbfb8
2024-11-04 15:04:06.746 63561 INFO tempest.lib.common.rest_client [req-841baf60-9da9-436d-afb8-741dfb532a56 req-841baf60-9da9-436d-afb8-741dfb532a56 ] Request (ServersTestManualDisk:setUpClass): 201 POST http://10.180.1.21:9696/networking/v2.0/security-group-rules 0.238s
2024-11-04 15:04:06.771 63539 INFO tempest.lib.common.rest_client [req-d1607baf-b62d-45ff-911e-e5acb28b77bd req-d1607baf-b62d-45ff-911e-e5acb28b77bd ] Request (TestVersions:tearDownClass): 201 POST http://10.180.1.21/identity/v3/auth/tokens 0.071s
2024-11-04 15:04:06.866 63581 INFO tempest.lib.common.rest_client [req-2eed6a0d-7f0a-458c-bfaf-72ff052f4c0d req-2eed6a0d-7f0a-458c-bfaf-72ff052f4c0d ] Request (ServerTagsTestJSON:setUpClass): 200 GET http://10.180.1.21/compute/v2.1/servers/a4d45835-f065-445f-bcb6-d1b01d545cb0 1.956s
2024-11-04 15:04:06.877 63581 INFO tempest.common.waiters [-] State transition "BUILD/None" ==> "BUILD/spawning" after 24 second wait
2024-11-04 15:04:06.935 63521 INFO tempest.lib.common.rest_client [req-aecf356a-c33e-4cba-87ee-746932d08962 req-aecf356a-c33e-4cba-87ee-746932d08962 ] Request (AggregatesAdminNegativeTestJSON:tearDownClass): 204 DELETE http://10.180.1.21:9696/networking/v2.0/security-groups/90018040-9f52-40e5-b04f-b46f0956b166 0.344s
2024-11-04 15:04:06.984 63535 INFO tempest.lib.common.rest_client [req-f90699e1-ff4d-4538-855b-aaa2cb8db41a req-f90699e1-ff4d-4538-855b-aaa2cb8db41a ] Request (ImagesNegativeTestJSON:test_create_image_from_deleted_server): 200 GET http://10.180.1.21/compute/v2.1/servers/3ddf7322-5504-408f-af6c-af73fb1c4286 2.001s
2024-11-04 15:04:07.011 63521 INFO tempest.lib.common.rest_client [req-6974c2a8-f45e-455b-a5cb-87b4e1a170fe req-6974c2a8-f45e-455b-a5cb-87b4e1a170fe ] Request (AggregatesAdminNegativeTestJSON:tearDownClass): 204 DELETE http://10.180.1.21/identity/v3/projects/5e2ee8903a214e5097dd5cd5a827815d 0.076s
2024-11-04 15:04:07.080 63521 INFO tempest.lib.common.rest_client [req-e60ba49d-5a95-4afd-9a8b-5906fd939133 req-e60ba49d-5a95-4afd-9a8b-5906fd939133 ] Request (InstanceUsageAuditLogNegativeTestJSON:setUpClass): 201 POST http://10.180.1.21/identity/v3/auth/tokens 0.066s
2024-11-04 15:04:07.105 63549 INFO tempest.lib.common.rest_client [req-fdc89ba6-4a35-49ca-b27f-5ac16de8e5c9 req-fdc89ba6-4a35-49ca-b27f-5ac16de8e5c9 ] Request (ComputeTenantNetworksTest:test_list_show_tenant_networks): 200 GET http://10.180.1.21/compute/v2.1/os-tenant-networks/0eab5c03-946f-4aa2-9f28-6c6714b13284 2.029s
2024-11-04 15:04:07.119 63551 INFO tempest.lib.common.rest_client [req-6d3cefce-dedd-4600-a94b-d8ecb4e7a422 req-6d3cefce-dedd-4600-a94b-d8ecb4e7a422 ] Request (KeyPairsV22TestJSON:test_keypairsv22_create_list_show_with_type): 200 GET http://10.180.1.21/compute/v2.1/os-keypairs 2.030s
2024-11-04 15:04:07.127 63521 INFO tempest.lib.common.rest_client [req-24dd1850-29aa-4d27-8a71-550ecd45b4a9 req-24dd1850-29aa-4d27-8a71-550ecd45b4a9 ] Request (InstanceUsageAuditLogNegativeTestJSON:setUpClass): 201 POST http://10.180.1.21/identity/v3/auth/tokens 0.044s
2024-11-04 15:04:07.156 63521 INFO tempest.lib.common.rest_client [req-5147303c-f0aa-423b-829f-67e715bb6ea0 req-5147303c-f0aa-423b-829f-67e715bb6ea0 ] Request (InstanceUsageAuditLogNegativeTestJSON:setUpClass): 200 GET http://10.180.1.21/identity/v3/domains?name=Default 0.028s
2024-11-04 15:04:07.172 63569 INFO tempest.lib.common.rest_client [req-9dec7ada-7e83-496a-b507-9391fb65227e req-9dec7ada-7e83-496a-b507-9391fb65227e ] Request (TenantUsagesTestJSON:test_get_usage_tenant_with_non_admin_user): 200 GET http://10.180.1.21/compute/v2.1/os-simple-tenant-usage/5c777a4c08854c61beda5832aa015a8d?start=2024-11-03T15%3A04%3A02.823967&end=2024-11-05T15%3A04%3A02.823967 1.923s
2024-11-04 15:04:07.195 63521 INFO tempest.lib.common.rest_client [req-ede25cd9-69eb-49af-9484-f34c1aa35ae3 req-ede25cd9-69eb-49af-9484-f34c1aa35ae3 ] Request (InstanceUsageAuditLogNegativeTestJSON:setUpClass): 201 POST http://10.180.1.21/identity/v3/projects 0.038s
2024-11-04 15:04:07.208 63539 INFO tempest.lib.common.rest_client [req-f1860995-1354-4f06-9545-fa8ad3472718 req-f1860995-1354-4f06-9545-fa8ad3472718 ] Request (TestVersions:tearDownClass): 200 GET http://10.180.1.21:9696/networking/v2.0/security-groups?tenant_id=7c6e73c05ade4487849d5bedf79bbfb8&name=default 0.437s
2024-11-04 15:04:07.275 63521 INFO tempest.lib.common.rest_client [req-3c019e2e-1010-44fb-9934-fc22bbdd6f5c req-3c019e2e-1010-44fb-9934-fc22bbdd6f5c ] Request (InstanceUsageAuditLogNegativeTestJSON:setUpClass): 201 POST http://10.180.1.21/identity/v3/users 0.079s
2024-11-04 15:04:07.304 63521 INFO tempest.lib.common.rest_client [req-33c5773d-9856-491c-8c40-5136f28e6095 req-33c5773d-9856-491c-8c40-5136f28e6095 ] Request (InstanceUsageAuditLogNegativeTestJSON:setUpClass): 200 GET http://10.180.1.21/identity/v3/roles 0.028s
2024-11-04 15:04:07.348 63521 INFO tempest.lib.common.rest_client [req-2b7a365b-e975-4642-81cf-32368ece004d req-2b7a365b-e975-4642-81cf-32368ece004d ] Request (InstanceUsageAuditLogNegativeTestJSON:setUpClass): 204 PUT http://10.180.1.21/identity/v3/projects/7d446ad241444732abfcac3d1fbe4e75/users/913b18ffb6b94593b86371f124ddad24/roles/b8fc5eb45d064836adfaf48a8353a475 0.044s
2024-11-04 15:04:07.349 63521 INFO tempest.lib.common.dynamic_creds [-] Dynamic test user 913b18ffb6b94593b86371f124ddad24 is created with scope project and roles: ['member']
2024-11-04 15:04:07.349 63521 INFO tempest.lib.common.dynamic_creds [-] Acquired dynamic creds: credentials: Credentials: {'domain_id': 'default', 'domain_name': 'Default', 'username': 'tempest-InstanceUsageAuditLogNegativeTestJSON-369052211-project-member', 'project_domain_id': 'default', 'project_domain_name': 'Default', 'project_id': '7d446ad241444732abfcac3d1fbe4e75', 'project_name': 'tempest-InstanceUsageAuditLogNegativeTestJSON-369052211', 'tenant_id': '7d446ad241444732abfcac3d1fbe4e75', 'tenant_name': 'tempest-InstanceUsageAuditLogNegativeTestJSON-369052211', 'user_domain_id': 'default', 'user_domain_name': 'Default', 'user_id': '913b18ffb6b94593b86371f124ddad24', 'system': None}, Network: None, Subnet: None, Router: None
2024-11-04 15:04:07.349 63521 INFO tempest.lib.common.dynamic_creds [-] Created isolated network resources for: credentials: Credentials: {'domain_id': 'default', 'domain_name': 'Default', 'username': 'tempest-InstanceUsageAuditLogNegativeTestJSON-369052211-project-member', 'project_domain_id': 'default', 'project_domain_name': 'Default', 'project_id': '7d446ad241444732abfcac3d1fbe4e75', 'project_name': 'tempest-InstanceUsageAuditLogNegativeTestJSON-369052211', 'tenant_id': '7d446ad241444732abfcac3d1fbe4e75', 'tenant_name': 'tempest-InstanceUsageAuditLogNegativeTestJSON-369052211', 'user_domain_id': 'default', 'user_domain_name': 'Default', 'user_id': '913b18ffb6b94593b86371f124ddad24', 'system': None}, Network: None, Subnet: None, Router: None
2024-11-04 15:04:07.370 63549 INFO tempest.lib.common.rest_client [req-f33a96c6-bf96-4758-a1b2-c35e4c4fa066 req-f33a96c6-bf96-4758-a1b2-c35e4c4fa066 ] Request (ComputeTenantNetworksTest:tearDownClass): 204 DELETE http://10.180.1.21:9696/networking/v2.0/networks/0eab5c03-946f-4aa2-9f28-6c6714b13284 0.263s
2024-11-04 15:04:07.461 63521 INFO tempest.lib.common.rest_client [req-22f8cf1e-211b-412e-888a-45d00cedc69f req-22f8cf1e-211b-412e-888a-45d00cedc69f ] Request (InstanceUsageAuditLogNegativeTestJSON:setUpClass): 201 POST http://10.180.1.21/identity/v3/auth/tokens 0.108s
2024-11-04 15:04:07.464 63557 INFO tempest.lib.common.rest_client [req-f61d9540-12eb-4395-944f-f38788323e19 req-f61d9540-12eb-4395-944f-f38788323e19 ] Request (FloatingIPsAssociationNegativeTestJSON:setUpClass): 200 GET http://10.180.1.21/compute/v2.1/servers/2f5b06f6-7178-4fdf-93b6-65477f020898 2.204s
2024-11-04 15:04:07.519 63539 INFO tempest.lib.common.rest_client [req-030bcbe1-3c85-424b-8eef-233637d4bc75 req-030bcbe1-3c85-424b-8eef-233637d4bc75 ] Request (TestVersions:tearDownClass): 204 DELETE http://10.180.1.21:9696/networking/v2.0/security-groups/acb19af2-0396-46a1-8141-717ca601f364 0.310s
2024-11-04 15:04:07.519 63521 INFO tempest.lib.common.rest_client [req-8ee11d7b-7368-4258-94d2-abe722e08720 req-8ee11d7b-7368-4258-94d2-abe722e08720 ] Request (InstanceUsageAuditLogNegativeTestJSON:setUpClass): 201 POST http://10.180.1.21/identity/v3/projects 0.057s
2024-11-04 15:04:07.527 63519 INFO tempest.lib.common.rest_client [req-8e048fa0-d8fc-4537-b892-0cd092d1711a req-8e048fa0-d8fc-4537-b892-0cd092d1711a ] Request (AttachVolumeTestJSON:setUpClass): 201 POST http://10.180.1.21:9696/networking/v2.0/networks 0.861s
2024-11-04 15:04:07.537 63577 INFO tempest.lib.common.rest_client [req-24f08ea2-c797-4f1e-9f26-86624948710f req-24f08ea2-c797-4f1e-9f26-86624948710f ] Request (ServersNegativeTestMultiTenantJSON:setUpClass): 200 PUT http://10.180.1.21:9696/networking/v2.0/routers/806cc3fd-ed4f-4764-a124-1a26505c6a24/add_router_interface 1.738s
